217.95.129.21 - - [05/Sep/2014:15:10:25 +0200] "GET /images/quapos-zertifikat.jpg HTTP/1.1" 200 3804 "http://www.vita-apotheke.com/" "Mozilla/4.0 (compatible; MSIE 7.0; Windows NT 6.1; WOW64; Trident/7.0; SLCC2; .NET CLR 2.0.50727; .NET CLR 3.5.30729; .NET CLR 3.0.30729; Media Center PC 6.0; .NET4.0C; .NET4.0E)"
217.95.129.21 - - [05/Sep/2014:15:10:25 +0200] "GET /images/AKB_QMS_Liskow_2006.png HTTP/1.1" 200 6005 "http://www.vita-apotheke.com/" "Mozilla/4.0 (compatible; MSIE 7.0; Windows NT 6.1; WOW64; Trident/7.0; SLCC2; .NET CLR 2.0.50727; .NET CLR 3.5.30729; .NET CLR 3.0.30729; Media Center PC 6.0; .NET4.0C; .NET4.0E)"
217.95.129.21 - - [05/Sep/2014:15:10:25 +0200] "GET /images/MA_MonikaLorenz.jpg HTTP/1.1" 200 46854 "http://www.vita-apotheke.com/" "Mozilla/4.0 (compatible; MSIE 7.0; Windows NT 6.1; WOW64; Trident/7.0; SLCC2; .NET CLR 2.0.50727; .NET CLR 3.5.30729; .NET CLR 3.0.30729; Media Center PC 6.0; .NET4.0C; .NET4.0E)"
217.95.129.21 - - [05/Sep/2014:15:10:25 +0200] "GET /images/grafik_navi_mittelgruen.jpg HTTP/1.1" 200 13783 "http://www.vita-apotheke.com/" "Mozilla/4.0 (compatible; MSIE 7.0; Windows NT 6.1; WOW64; Trident/7.0; SLCC2; .NET CLR 2.0.50727; .NET CLR 3.5.30729; .NET CLR 3.0.30729; Media Center PC 6.0; .NET4.0C; .NET4.0E)"
217.95.129.21 - - [05/Sep/2014:15:10:25 +0200] "GET /images/vita-logo-dunkelgruen.jpg HTTP/1.1" 200 7021 "http://www.vita-apotheke.com/" "Mozilla/4.0 (compatible; MSIE 7.0; Windows NT 6.1; WOW64; Trident/7.0; SLCC2; .NET CLR 2.0.50727; .NET CLR 3.5.30729; .NET CLR 3.0.30729; Media Center PC 6.0; .NET4.0C; .NET4.0E)"
217.95.129.21 - - [05/Sep/2014:15:10:26 +0200] "GET /js/fancybox/blank.gif HTTP/1.1" 200 43 "http://www.vita-apotheke.com/" "Mozilla/4.0 (compatible; MSIE 7.0; Windows NT 6.1; WOW64; Trident/7.0; SLCC2; .NET CLR 2.0.50727; .NET CLR 3.5.30729; .NET CLR 3.0.30729; Media Center PC 6.0; .NET4.0C; .NET4.0E)"
217.95.129.21 - - [05/Sep/2014:15:10:26 +0200] "GET /js/fancybox/fancybox.png HTTP/1.1" 200 15287 "http://www.vita-apotheke.com/" "Mozilla/4.0 (compatible; MSIE 7.0; Windows NT 6.1; WOW64; Trident/7.0; SLCC2; .NET CLR 2.0.50727; .NET CLR 3.5.30729; .NET CLR 3.0.30729; Media Center PC 6.0; .NET4.0C; .NET4.0E)"
217.95.129.21 - - [05/Sep/2014:15:10:28 +0200] "GET / HTTP/1.1" 200 4439 "-" "Mozilla/4.0 (compatible; MSIE 7.0; Windows NT 6.1; WOW64; Trident/7.0; SLCC2; .NET CLR 2.0.50727; .NET CLR 3.5.30729; .NET CLR 3.0.30729; Media Center PC 6.0; .NET4.0C; .NET4.0E)"
66.249.78.28 - - [05/Sep/2014:15:26:25 +0200] "GET /robots.txt HTTP/1.1" 404 1256 "-" "Mozilla/5.0 (compatible; Googlebot/2.1; +http://www.google.com/bot.html)"
66.249.78.35 - - [05/Sep/2014:15:26:25 +0200] "GET /images/MA_MonikaLorenz_gross.jpg HTTP/1.1" 304 - "-" "Googlebot-Image/1.0"
66.249.78.49 - - [05/Sep/2014:15:55:10 +0200] "GET / HTTP/1.1" 200 4439 "-" "Mozilla/5.0 (compatible; Googlebot/2.1; +http://www.google.com/bot.html)"
157.55.39.54 - - [05/Sep/2014:16:33:14 +0200] "GET / HTTP/1.1" 200 4439 "-" "Mozilla/5.0 (compatible; bingbot/2.0; +http://www.bing.com/bingbot.htm)"
157.55.39.54 - - [05/Sep/2014:18:42:38 +0200] "GET /aerzteadressen.php HTTP/1.1" 200 5232 "-" "Mozilla/5.0 (compatible; bingbot/2.0; +http://www.bing.com/bingbot.htm)"
207.46.13.16 - - [05/Sep/2014:18:42:58 +0200] "GET /robots.txt HTTP/1.1" 404 1256 "-" "Mozilla/5.0 (compatible; bingbot/2.0; +http://www.bing.com/bingbot.htm)"
207.46.13.16 - - [05/Sep/2014:18:42:59 +0200] "GET /js/fancybox/jquery.fancybox-1.3.4.pack.js HTTP/1.1" 200 15624 "-" "Mozilla/5.0 (compatible; bingbot/2.0; +http://www.bing.com/bingbot.htm)"
207.46.13.16 - - [05/Sep/2014:18:43:00 +0200] "GET /css/vita.css HTTP/1.1" 200 5485 "-" "Mozilla/5.0 (compatible; bingbot/2.0; +http://www.bing.com/bingbot.htm)"
157.55.39.152 - - [05/Sep/2014:18:43:03 +0200] "GET /js/jquery.cross-slide.js HTTP/1.1" 200 6780 "-" "Mozilla/5.0 (compatible; bingbot/2.0; +http://www.bing.com/bingbot.htm)"
157.55.39.152 - - [05/Sep/2014:18:43:04 +0200] "GET /js/jquery-1.5.1.min.js HTTP/1.1" 200 85260 "-" "Mozilla/5.0 (compatible; bingbot/2.0; +http://www.bing.com/bingbot.htm)"
157.55.39.141 - - [05/Sep/2014:18:43:30 +0200] "GET /js/fancybox/jquery.fancybox-1.3.4.css HTTP/1.1" 200 8494 "-" "Mozilla/5.0 (compatible; bingbot/2.0; +http://www.bing.com/bingbot.htm)"
66.249.78.21 - - [05/Sep/2014:20:06:50 +0200] "GET /mitarbeiter.php HTTP/1.1" 200 6462 "-" "Mozilla/5.0 (compatible; Googlebot/2.1; +http://www.google.com/bot.html)"
79.116.31.242 - - [05/Sep/2014:20:25:09 +0200] "GET / HTTP/1.1" 200 4439 "-" "Java/1.6.0_04"
79.116.31.242 - - [05/Sep/2014:20:25:10 +0200] "GET /aerzteadressen.php HTTP/1.1" 200 5232 "-" "Java/1.6.0_04"
79.116.31.242 - - [05/Sep/2014:20:25:10 +0200] "GET /historie.php HTTP/1.1" 200 5086 "-" "Java/1.6.0_04"
79.116.31.242 - - [05/Sep/2014:20:25:10 +0200] "GET /impressum.php HTTP/1.1" 200 4710 "-" "Java/1.6.0_04"
79.116.31.242 - - [05/Sep/2014:20:25:10 +0200] "GET /index.php HTTP/1.1" 200 4439 "-" "Java/1.6.0_04"
79.116.31.242 - - [05/Sep/2014:20:25:11 +0200] "GET /kontakt.php HTTP/1.1" 200 5102 "-" "Java/1.6.0_04"
79.116.31.242 - - [05/Sep/2014:20:25:11 +0200] "GET /rundgang_start.php HTTP/1.1" 200 4652 "-" "Java/1.6.0_04"
79.116.31.242 - - [05/Sep/2014:20:25:12 +0200] "GET /service.php HTTP/1.1" 200 5642 "-" "Java/1.6.0_04"
79.116.31.242 - - [05/Sep/2014:20:25:13 +0200] "GET /sterillabor.php HTTP/1.1" 200 4330 "-" "Java/1.6.0_04"
79.116.31.242 - - [05/Sep/2014:20:25:13 +0200] "GET /mitarbeiter.php HTTP/1.1" 200 6462 "-" "Java/1.6.0_04"
79.116.31.242 - - [05/Sep/2014:20:25:15 +0200] "GET /zertifizierungen.php HTTP/1.1" 200 4722 "-" "Java/1.6.0_04"
79.116.31.242 - - [05/Sep/2014:20:25:15 +0200] "GET /ueberuns.php HTTP/1.1" 302 - "-" "Java/1.6.0_04"
79.116.31.242 - - [05/Sep/2014:20:25:15 +0200] "GET /historie.php HTTP/1.1" 200 5086 "-" "Java/1.6.0_04"
79.116.31.242 - - [05/Sep/2014:20:25:16 +0200] "GET /rundgang_beratungsraum.php HTTP/1.1" 200 5025 "-" "Java/1.6.0_04"
79.116.31.242 - - [05/Sep/2014:20:25:16 +0200] "GET /rundgang_hv.php HTTP/1.1" 200 4652 "-" "Java/1.6.0_04"
79.116.31.242 - - [05/Sep/2014:20:25:16 +0200] "GET /rundgang_regie.php HTTP/1.1" 200 5058 "-" "Java/1.6.0_04"
79.116.31.242 - - [05/Sep/2014:20:25:17 +0200] "GET /rundgang_warenlager.php HTTP/1.1" 200 4789 "-" "Java/1.6.0_04"
79.116.31.242 - - [05/Sep/2014:20:25:17 +0200] "GET /rundgang_sterilabteilung.php HTTP/1.1" 200 4571 "-" "Java/1.6.0_04"
79.116.31.242 - - [05/Sep/2014:20:25:17 +0200] "GET /images/AKB_QMS_Liskow_2006.png HTTP/1.1" 200 6005 "-" "Java/1.6.0_04"
79.116.31.242 - - [05/Sep/2014:20:25:17 +0200] "GET /images/AKB_QMS_Liskow_2006_mittel.png HTTP/1.1" 200 36959 "-" "Java/1.6.0_04"
79.116.31.242 - - [05/Sep/2014:20:25:18 +0200] "GET /./js/jquery-1.5.1.min.js HTTP/1.1" 200 85260 "-" "Java/1.6.0_04"
79.116.31.242 - - [05/Sep/2014:20:25:19 +0200] "GET /./js/jquery.cross-slide.js HTTP/1.1" 200 6780 "-" "Java/1.6.0_04"
79.116.31.242 - - [05/Sep/2014:20:25:19 +0200] "GET /./js/,data:c,complete:function(a,b,c){c=a.responseText,a.isResolved()&&(a.done(function(a){c=a}),i.html(g?d( HTTP/1.1" 404 1256 "-" "Java/1.6.0_04"
79.116.31.242 - - [05/Sep/2014:20:25:19 +0200] "GET /./js/])[1].toLowerCase()])d.isFunction(a)?this.each(function(b){var c=d(this);c.html(a.call(this,b,c.html()))}):this.empty().append(a);else{a=a.replace(R, HTTP/1.1" 404 1256 "-" "Java/1.6.0_04"
79.116.31.242 - - [05/Sep/2014:20:25:19 +0200] "GET /./js/]};X.optgroup=X.option,X.tbody=X.tfoot=X.colgroup=X.caption=X.thead,X.th=X.td,d.support.htmlSerialize||(X._default=[1, HTTP/1.1" 404 1256 "-" "Java/1.6.0_04"
79.116.31.242 - - [05/Sep/2014:20:25:19 +0200] "GET /./js/fancybox/jquery.fancybox-1.3.4.pack.js HTTP/1.1" 200 15624 "-" "Java/1.6.0_04"
79.116.31.242 - - [05/Sep/2014:20:25:20 +0200] "GET /./js/{0} HTTP/1.1" 404 1256 "-" "Java/1.6.0_04"
79.116.31.242 - - [05/Sep/2014:20:25:20 +0200] "GET /./js/fancybox/'+d.href+' HTTP/1.1" 404 1256 "-" "Java/1.6.0_04"
79.116.31.242 - - [05/Sep/2014:20:25:20 +0200] "GET /./js/fancybox/)x=w}m.html(x);F()}}}));break;case HTTP/1.1" 404 1256 "-" "Java/1.6.0_04"
79.116.31.242 - - [05/Sep/2014:20:25:20 +0200] "GET /./js/fancybox/+d.titlePosition).html(s).appendTo( HTTP/1.1" 404 1256 "-" "Java/1.6.0_04"
79.116.31.242 - - [05/Sep/2014:20:25:20 +0200] "GET /./js/fancybox/:m.html(e.content);F();break;case HTTP/1.1" 404 1256 "-" "Java/1.6.0_04"
79.116.31.242 - - [05/Sep/2014:20:25:20 +0200] "GET /./js/fancybox/;m.html( HTTP/1.1" 404 1256 "-" "Java/1.6.0_04"
79.116.31.242 - - [05/Sep/2014:20:25:20 +0200] "GET /./js/fancybox/;m.html(C);F();break;case HTTP/1.1" 404 1256 "-" "Java/1.6.0_04"
79.116.31.242 - - [05/Sep/2014:20:25:21 +0200] "GET /./js/fancybox/'+c+' HTTP/1.1" 404 1256 "-" "Java/1.6.0_04"
79.116.31.242 - - [05/Sep/2014:20:25:21 +0200] "GET /./js/fancybox/'+(/^https/i.test(window.location.href|| HTTP/1.1" 404 1256 "-" "Java/1.6.0_04"
66.249.78.21 - - [05/Sep/2014:21:06:25 +0200] "GET /js/fancybox/jquery.fancybox-1.3.4.css HTTP/1.1" 200 8494 "-" "Mozilla/5.0 (compatible; Googlebot/2.1; +http://www.google.com/bot.html)"
66.249.78.35 - - [05/Sep/2014:21:07:00 +0200] "GET / HTTP/1.1" 200 4439 "-" "Mozilla/5.0 (compatible; Googlebot/2.1; +http://www.google.com/bot.html)"
66.249.78.28 - - [05/Sep/2014:21:07:17 +0200] "GET /css/vita.css HTTP/1.1" 200 5485 "-" "Mozilla/5.0 (compatible; Googlebot/2.1; +http://www.google.com/bot.html)"
66.249.78.35 - - [05/Sep/2014:22:21:13 +0200] "GET /rundgang_sterilabteilung.php HTTP/1.1" 200 4571 "-" "Mozilla/5.0 (compatible; Googlebot/2.1; +http://www.google.com/bot.html)"
66.249.78.35 - - [05/Sep/2014:22:36:55 +0200] "GET /rundgang_warenlager.php HTTP/1.1" 200 4789 "-" "Mozilla/5.0 (compatible; Googlebot/2.1; +http://www.google.com/bot.html)"
66.249.78.21 - - [05/Sep/2014:22:55:12 +0200] "GET /images/Sterilabteilung03_gross.jpg HTTP/1.1" 304 - "-" "Googlebot-Image/1.0"
157.55.39.54 - - [06/Sep/2014:00:08:54 +0200] "GET / HTTP/1.1" 200 4439 "-" "Mozilla/5.0 (compatible; bingbot/2.0; +http://www.bing.com/bingbot.htm)"
66.249.78.21 - - [06/Sep/2014:01:00:10 +0200] "GET /mitarbeiter.php HTTP/1.1" 200 6462 "-" "Mozilla/5.0 (compatible; Googlebot/2.1; +http://www.google.com/bot.html)"
141.8.147.12 - - [06/Sep/2014:01:40:50 +0200] "GET /robots.txt HTTP/1.1" 404 1256 "-" "Mozilla/5.0 (compatible; YandexBot/3.0; +http://yandex.com/bots)"
66.249.67.106 - - [06/Sep/2014:01:43:47 +0200] "GET /images/MA_Team_Zyto_gross.jpg HTTP/1.1" 304 - "-" "Googlebot-Image/1.0"
66.249.78.28 - - [06/Sep/2014:02:12:58 +0200] "GET / HTTP/1.1" 200 4439 "-" "Mozilla/5.0 (compatible; Googlebot/2.1; +http://www.google.com/bot.html)"
220.181.125.16 - - [06/Sep/2014:03:46:03 +0200] "GET /robots.txt HTTP/1.1" 404 1256 "-" "Sogou web spider/4.0(+http://www.sogou.com/docs/help/webmasters.htm#07)"
220.181.125.16 - - [06/Sep/2014:03:46:07 +0200] "GET / HTTP/1.1" 200 4439 "-" "Sogou web spider/4.0(+http://www.sogou.com/docs/help/webmasters.htm#07)"
66.249.78.28 - - [06/Sep/2014:03:50:18 +0200] "GET /robots.txt HTTP/1.1" 404 1256 "-" "Mozilla/5.0 (compatible; Googlebot/2.1; +http://www.google.com/bot.html)"
66.249.78.35 - - [06/Sep/2014:03:50:19 +0200] "GET /rundgang_sterilabteilung.php HTTP/1.1" 200 4571 "-" "Mozilla/5.0 (compatible; Googlebot/2.1; +http://www.google.com/bot.html)"
141.8.147.12 - - [06/Sep/2014:03:57:28 +0200] "GET /images/pfeil_zurueck.gif HTTP/1.1" 304 - "-" "Mozilla/5.0 (compatible; YandexImages/3.0; +http://yandex.com/bots)"
66.249.78.28 - - [06/Sep/2014:04:14:20 +0200] "GET /mitarbeiter.php HTTP/1.1" 200 6462 "-" "Mozilla/5.0 (compatible; Googlebot/2.1; +http://www.google.com/bot.html)"
157.55.39.54 - - [06/Sep/2014:04:56:53 +0200] "GET /robots.txt HTTP/1.1" 404 1256 "-" "Mozilla/5.0 (compatible; bingbot/2.0; +http://www.bing.com/bingbot.htm)"
157.55.39.53 - - [06/Sep/2014:04:57:17 +0200] "GET / HTTP/1.1" 200 4439 "-" "Mozilla/5.0 (compatible; bingbot/2.0; +http://www.bing.com/bingbot.htm)"
66.249.78.21 - - [06/Sep/2014:05:05:42 +0200] "GET /impressum.php HTTP/1.1" 200 4710 "-" "Mozilla/5.0 (compatible; Googlebot/2.1; +http://www.google.com/bot.html)"
141.8.147.12 - - [06/Sep/2014:05:11:09 +0200] "GET /images/Sterilabteilung04.jpg HTTP/1.1" 304 - "-" "Mozilla/5.0 (compatible; YandexImages/3.0; +http://yandex.com/bots)"
217.69.133.2 - - [06/Sep/2014:05:50:48 +0200] "GET /robots.txt HTTP/1.1" 404 1256 "-" "Mozilla/5.0 (compatible; Linux x86_64; Mail.RU_Bot/2.0; +http://go.mail.ru/help/robots)"
217.69.133.9 - - [06/Sep/2014:05:50:49 +0200] "GET /kontakt.php HTTP/1.1" 200 5102 "-" "Mozilla/5.0 (compatible; Linux x86_64; Mail.RU_Bot/2.0; +http://go.mail.ru/help/robots)"
68.180.225.39 - - [06/Sep/2014:05:56:47 +0200] "GET /robots.txt HTTP/1.1" 404 1256 "-" "Mozilla/5.0 (compatible; Yahoo! Slurp; http://help.yahoo.com/help/us/ysearch/slurp)"
68.180.225.39 - - [06/Sep/2014:05:56:48 +0200] "GET / HTTP/1.1" 200 4439 "-" "Mozilla/5.0 (compatible; Yahoo! Slurp; http://help.yahoo.com/help/us/ysearch/slurp)"
68.180.225.39 - - [06/Sep/2014:05:58:17 +0200] "GET /impressum.php HTTP/1.1" 200 4710 "-" "Mozilla/5.0 (compatible; Yahoo! Slurp; http://help.yahoo.com/help/us/ysearch/slurp)"
68.180.225.39 - - [06/Sep/2014:05:58:28 +0200] "GET /service.php HTTP/1.1" 200 5642 "-" "Mozilla/5.0 (compatible; Yahoo! Slurp; http://help.yahoo.com/help/us/ysearch/slurp)"
68.180.225.39 - - [06/Sep/2014:05:58:33 +0200] "GET /aerzteadressen.php HTTP/1.1" 200 5232 "-" "Mozilla/5.0 (compatible; Yahoo! Slurp; http://help.yahoo.com/help/us/ysearch/slurp)"
68.180.225.39 - - [06/Sep/2014:05:58:49 +0200] "GET /index.php HTTP/1.1" 200 4439 "-" "Mozilla/5.0 (compatible; Yahoo! Slurp; http://help.yahoo.com/help/us/ysearch/slurp)"
68.180.225.39 - - [06/Sep/2014:06:00:05 +0200] "GET /kontakt.php HTTP/1.1" 200 5102 "-" "Mozilla/5.0 (compatible; Yahoo! Slurp; http://help.yahoo.com/help/us/ysearch/slurp)"
68.180.225.39 - - [06/Sep/2014:06:00:24 +0200] "GET /rundgang_start.php HTTP/1.1" 200 4652 "-" "Mozilla/5.0 (compatible; Yahoo! Slurp; http://help.yahoo.com/help/us/ysearch/slurp)"
68.180.225.39 - - [06/Sep/2014:06:01:37 +0200] "GET /sterillabor.php HTTP/1.1" 200 4330 "-" "Mozilla/5.0 (compatible; Yahoo! Slurp; http://help.yahoo.com/help/us/ysearch/slurp)"
68.180.225.39 - - [06/Sep/2014:06:03:18 +0200] "GET /zertifizierungen.php HTTP/1.1" 200 4722 "-" "Mozilla/5.0 (compatible; Yahoo! Slurp; http://help.yahoo.com/help/us/ysearch/slurp)"
68.180.225.39 - - [06/Sep/2014:06:03:31 +0200] "GET /ueberuns.php HTTP/1.1" 302 - "-" "Mozilla/5.0 (compatible; Yahoo! Slurp; http://help.yahoo.com/help/us/ysearch/slurp)"
68.180.225.39 - - [06/Sep/2014:06:03:32 +0200] "GET /historie.php HTTP/1.1" 200 5086 "-" "Mozilla/5.0 (compatible; Yahoo! Slurp; http://help.yahoo.com/help/us/ysearch/slurp)"
141.8.147.12 - - [06/Sep/2014:06:44:19 +0200] "GET /images/Historie.jpg HTTP/1.1" 304 - "-" "Mozilla/5.0 (compatible; YandexImages/3.0; +http://yandex.com/bots)"
157.55.39.53 - - [06/Sep/2014:06:45:13 +0200] "GET / HTTP/1.1" 200 4439 "-" "Mozilla/5.0 (compatible; bingbot/2.0; +http://www.bing.com/bingbot.htm)"
66.249.78.35 - - [06/Sep/2014:07:43:59 +0200] "GET / HTTP/1.1" 200 4439 "-" "Mozilla/5.0 (compatible; Googlebot/2.1; +http://www.google.com/bot.html)"
66.249.78.35 - - [06/Sep/2014:07:59:51 +0200] "GET /images/AKB_QMS_Liskow_2006_gross.jpg HTTP/1.1" 304 - "-" "Googlebot-Image/1.0"
141.8.147.12 - - [06/Sep/2014:09:19:46 +0200] "GET /images/MA_Team_Zyto.jpg HTTP/1.1" 304 - "-" "Mozilla/5.0 (compatible; YandexImages/3.0; +http://yandex.com/bots)"
148.251.11.146 - - [06/Sep/2014:11:09:28 +0200] "GET /robots.txt HTTP/1.1" 404 1256 "-" "Apache-HttpClient/4.3 (java 1.5)"
148.251.11.146 - - [06/Sep/2014:11:09:28 +0200] "GET / HTTP/1.1" 200 4439 "-" "Apache-HttpClient/4.3 (java 1.5)"
141.8.147.12 - - [06/Sep/2014:12:03:36 +0200] "GET /images/Warenlager01_gross.jpg HTTP/1.1" 304 - "-" "Mozilla/5.0 (compatible; YandexImages/3.0; +http://yandex.com/bots)"
92.229.57.139 - - [06/Sep/2014:13:06:24 +0200] "GET / HTTP/1.1" 200 4439 "-" "Mozilla/5.0 (Windows NT 5.1; rv:14.0) Gecko/20100101 Firefox/14.0.1"
92.229.57.139 - - [06/Sep/2014:13:06:24 +0200] "GET /css/vita.css HTTP/1.1" 200 5485 "http://www.vita-apotheke.com/" "Mozilla/5.0 (Windows NT 5.1; rv:14.0) Gecko/20100101 Firefox/14.0.1"
92.229.57.139 - - [06/Sep/2014:13:06:24 +0200] "GET /js/fancybox/jquery.fancybox-1.3.4.css HTTP/1.1" 200 8494 "http://www.vita-apotheke.com/" "Mozilla/5.0 (Windows NT 5.1; rv:14.0) Gecko/20100101 Firefox/14.0.1"
92.229.57.139 - - [06/Sep/2014:13:06:24 +0200] "GET /images/AKB_QMS_Liskow_2006.png HTTP/1.1" 200 6005 "http://www.vita-apotheke.com/" "Mozilla/5.0 (Windows NT 5.1; rv:14.0) Gecko/20100101 Firefox/14.0.1"
92.229.57.139 - - [06/Sep/2014:13:06:24 +0200] "GET /images/quapos-zertifikat.jpg HTTP/1.1" 200 3804 "http://www.vita-apotheke.com/" "Mozilla/5.0 (Windows NT 5.1; rv:14.0) Gecko/20100101 Firefox/14.0.1"
92.229.57.139 - - [06/Sep/2014:13:06:24 +0200] "GET /images/MA_MonikaLorenz.jpg HTTP/1.1" 200 46854 "http://www.vita-apotheke.com/" "Mozilla/5.0 (Windows NT 5.1; rv:14.0) Gecko/20100101 Firefox/14.0.1"
92.229.57.139 - - [06/Sep/2014:13:06:25 +0200] "GET /images/vita-logo-dunkelgruen.jpg HTTP/1.1" 200 7021 "http://www.vita-apotheke.com/css/vita.css" "Mozilla/5.0 (Windows NT 5.1; rv:14.0) Gecko/20100101 Firefox/14.0.1"
92.229.57.139 - - [06/Sep/2014:13:06:25 +0200] "GET /images/grafik_navi_mittelgruen.jpg HTTP/1.1" 200 13783 "http://www.vita-apotheke.com/css/vita.css" "Mozilla/5.0 (Windows NT 5.1; rv:14.0) Gecko/20100101 Firefox/14.0.1"
92.229.57.139 - - [06/Sep/2014:13:06:25 +0200] "GET /favicon.ico HTTP/1.1" 404 1256 "-" "Mozilla/5.0 (Windows NT 5.1; rv:14.0) Gecko/20100101 Firefox/14.0.1"
92.229.57.139 - - [06/Sep/2014:13:06:25 +0200] "GET /favicon.ico HTTP/1.1" 404 1256 "-" "Mozilla/5.0 (Windows NT 5.1; rv:14.0) Gecko/20100101 Firefox/14.0.1"
92.229.57.139 - - [06/Sep/2014:13:06:34 +0200] "GET /index.php HTTP/1.1" 200 4439 "http://www.vita-apotheke.com/" "Mozilla/5.0 (Windows NT 5.1; rv:14.0) Gecko/20100101 Firefox/14.0.1"
92.229.57.139 - - [06/Sep/2014:13:06:43 +0200] "GET /js/jquery.cross-slide.js HTTP/1.1" 200 6780 "http://www.vita-apotheke.com/index.php" "Mozilla/5.0 (Windows NT 5.1; rv:14.0) Gecko/20100101 Firefox/14.0.1"
92.229.57.139 - - [06/Sep/2014:13:06:43 +0200] "GET /js/fancybox/jquery.fancybox-1.3.4.pack.js HTTP/1.1" 200 15624 "http://www.vita-apotheke.com/index.php" "Mozilla/5.0 (Windows NT 5.1; rv:14.0) Gecko/20100101 Firefox/14.0.1"
92.229.57.139 - - [06/Sep/2014:13:06:43 +0200] "GET /js/jquery-1.5.1.min.js HTTP/1.1" 200 85260 "http://www.vita-apotheke.com/index.php" "Mozilla/5.0 (Windows NT 5.1; rv:14.0) Gecko/20100101 Firefox/14.0.1"
92.229.57.139 - - [06/Sep/2014:13:06:47 +0200] "GET /index.php HTTP/1.1" 200 4439 "http://www.vita-apotheke.com/index.php" "Mozilla/5.0 (Windows NT 5.1; rv:14.0) Gecko/20100101 Firefox/14.0.1"
92.229.57.139 - - [06/Sep/2014:13:06:48 +0200] "GET /service.php HTTP/1.1" 200 5642 "http://www.vita-apotheke.com/index.php" "Mozilla/5.0 (Windows NT 5.1; rv:14.0) Gecko/20100101 Firefox/14.0.1"
92.229.57.139 - - [06/Sep/2014:13:06:48 +0200] "GET /images/Beratungsraum.jpg HTTP/1.1" 200 40383 "http://www.vita-apotheke.com/service.php" "Mozilla/5.0 (Windows NT 5.1; rv:14.0) Gecko/20100101 Firefox/14.0.1"
92.229.57.139 - - [06/Sep/2014:13:06:48 +0200] "GET /images/vita-not-karte.jpg HTTP/1.1" 200 66171 "http://www.vita-apotheke.com/service.php" "Mozilla/5.0 (Windows NT 5.1; rv:14.0) Gecko/20100101 Firefox/14.0.1"
92.229.57.139 - - [06/Sep/2014:13:06:57 +0200] "GET /historie.php HTTP/1.1" 200 5086 "http://www.vita-apotheke.com/service.php" "Mozilla/5.0 (Windows NT 5.1; rv:14.0) Gecko/20100101 Firefox/14.0.1"
92.229.57.139 - - [06/Sep/2014:13:06:57 +0200] "GET /images/Historie01.jpg HTTP/1.1" 200 17762 "http://www.vita-apotheke.com/historie.php" "Mozilla/5.0 (Windows NT 5.1; rv:14.0) Gecko/20100101 Firefox/14.0.1"
92.229.57.139 - - [06/Sep/2014:13:06:57 +0200] "GET /images/Historie.jpg HTTP/1.1" 200 22682 "http://www.vita-apotheke.com/historie.php" "Mozilla/5.0 (Windows NT 5.1; rv:14.0) Gecko/20100101 Firefox/14.0.1"
92.229.57.139 - - [06/Sep/2014:13:07:01 +0200] "GET /aerzteadressen.php HTTP/1.1" 200 5232 "http://www.vita-apotheke.com/historie.php" "Mozilla/5.0 (Windows NT 5.1; rv:14.0) Gecko/20100101 Firefox/14.0.1"
92.229.57.139 - - [06/Sep/2014:13:07:28 +0200] "GET / HTTP/1.1" 200 4439 "-" "Mozilla/5.0 (Windows NT 5.1; rv:14.0) Gecko/20100101 Firefox/14.0.1"
92.229.57.139 - - [06/Sep/2014:13:38:08 +0200] "GET /rundgang_start.php HTTP/1.1" 200 4652 "http://www.vita-apotheke.com/" "Mozilla/5.0 (Windows NT 5.1; rv:14.0) Gecko/20100101 Firefox/14.0.1"
92.229.57.139 - - [06/Sep/2014:13:38:08 +0200] "GET /images/pfeil_weiter.gif HTTP/1.1" 200 343 "http://www.vita-apotheke.com/rundgang_start.php" "Mozilla/5.0 (Windows NT 5.1; rv:14.0) Gecko/20100101 Firefox/14.0.1"
92.229.57.139 - - [06/Sep/2014:13:38:09 +0200] "GET /images/Handverkauf02.jpg HTTP/1.1" 200 48233 "http://www.vita-apotheke.com/rundgang_start.php" "Mozilla/5.0 (Windows NT 5.1; rv:14.0) Gecko/20100101 Firefox/14.0.1"
92.229.57.139 - - [06/Sep/2014:13:38:09 +0200] "GET /images/Handverkauf01.jpg HTTP/1.1" 200 46866 "http://www.vita-apotheke.com/rundgang_start.php" "Mozilla/5.0 (Windows NT 5.1; rv:14.0) Gecko/20100101 Firefox/14.0.1"
68.180.225.39 - - [06/Sep/2014:13:39:47 +0200] "GET /mitarbeiter.php HTTP/1.1" 200 6462 "-" "Mozilla/5.0 (compatible; Yahoo! Slurp; http://help.yahoo.com/help/us/ysearch/slurp)"
217.69.133.5 - - [06/Sep/2014:13:41:35 +0200] "GET /robots.txt HTTP/1.1" 404 1256 "-" "Mozilla/5.0 (compatible; Linux x86_64; Mail.RU_Bot/2.0; +http://go.mail.ru/help/robots)"
217.69.133.9 - - [06/Sep/2014:13:41:36 +0200] "GET /aerzteadressen.php HTTP/1.1" 200 5232 "-" "Mozilla/5.0 (compatible; Linux x86_64; Mail.RU_Bot/2.0; +http://go.mail.ru/help/robots)"
141.8.147.12 - - [06/Sep/2014:15:11:38 +0200] "GET /robots.txt HTTP/1.1" 404 1256 "-" "Mozilla/5.0 (compatible; YandexBot/3.0; +http://yandex.com/bots)"
93.186.202.241 - - [06/Sep/2014:15:29:38 +0200] "GET /mitarbeiter.php HTTP/1.1" 200 6462 "-" "Mozilla/5.0 (Macintosh; Intel Mac OS X 10_8) AppleWebKit/536.25 (KHTML, like Gecko) Version/6.0 Safari/536.25"
141.8.147.12 - - [06/Sep/2014:15:54:57 +0200] "GET /images/Handverkauf01_gross.jpg HTTP/1.1" 304 - "-" "Mozilla/5.0 (compatible; YandexImages/3.0; +http://yandex.com/bots)"
141.8.147.12 - - [06/Sep/2014:16:00:23 +0200] "GET /images/Regie02.jpg HTTP/1.1" 304 - "-" "Mozilla/5.0 (compatible; YandexImages/3.0; +http://yandex.com/bots)"
141.8.147.12 - - [06/Sep/2014:16:00:26 +0200] "GET /images/Warenlager01.jpg HTTP/1.1" 304 - "-" "Mozilla/5.0 (compatible; YandexImages/3.0; +http://yandex.com/bots)"
141.8.147.12 - - [06/Sep/2014:16:00:28 +0200] "GET /images/MA_Arnim_Apotheke.jpg HTTP/1.1" 304 - "-" "Mozilla/5.0 (compatible; YandexImages/3.0; +http://yandex.com/bots)"
141.8.147.12 - - [06/Sep/2014:16:00:30 +0200] "GET /images/mitarbeiter_gross.jpg HTTP/1.1" 304 - "-" "Mozilla/5.0 (compatible; YandexImages/3.0; +http://yandex.com/bots)"
141.8.147.12 - - [06/Sep/2014:16:00:32 +0200] "GET /images/MA_MonikaLorenz.jpg HTTP/1.1" 304 - "-" "Mozilla/5.0 (compatible; YandexImages/3.0; +http://yandex.com/bots)"
141.8.147.12 - - [06/Sep/2014:16:00:34 +0200] "GET /images/MA_MonikaLorenz_gross.jpg HTTP/1.1" 304 - "-" "Mozilla/5.0 (compatible; YandexImages/3.0; +http://yandex.com/bots)"
66.249.78.21 - - [06/Sep/2014:16:11:52 +0200] "GET /robots.txt HTTP/1.1" 404 1256 "-" "Mozilla/5.0 (compatible; Googlebot/2.1; +http://www.google.com/bot.html)"
66.249.67.98 - - [06/Sep/2014:16:11:52 +0200] "GET / HTTP/1.1" 200 4439 "-" "DoCoMo/2.0 N905i(c100;TB;W24H16) (compatible; Googlebot-Mobile/2.1; +http://www.google.com/bot.html)"
80.187.113.182 - - [06/Sep/2014:16:16:19 +0200] "GET / HTTP/1.1" 200 4439 "https://www.google.de/" "Mozilla/5.0 (iPhone; CPU iPhone OS 7_1_2 like Mac OS X) AppleWebKit/537.51.2 (KHTML, like Gecko) Version/7.0 Mobile/11D257 Safari/9537.53"
80.187.113.182 - - [06/Sep/2014:16:16:19 +0200] "GET /css/vita.css HTTP/1.1" 200 5485 "http://www.vita-apotheke.com/" "Mozilla/5.0 (iPhone; CPU iPhone OS 7_1_2 like Mac OS X) AppleWebKit/537.51.2 (KHTML, like Gecko) Version/7.0 Mobile/11D257 Safari/9537.53"
80.187.113.182 - - [06/Sep/2014:16:16:19 +0200] "GET /js/fancybox/jquery.fancybox-1.3.4.css HTTP/1.1" 200 8494 "http://www.vita-apotheke.com/" "Mozilla/5.0 (iPhone; CPU iPhone OS 7_1_2 like Mac OS X) AppleWebKit/537.51.2 (KHTML, like Gecko) Version/7.0 Mobile/11D257 Safari/9537.53"
80.187.113.182 - - [06/Sep/2014:16:16:19 +0200] "GET /js/fancybox/jquery.fancybox-1.3.4.pack.js HTTP/1.1" 200 15624 "http://www.vita-apotheke.com/" "Mozilla/5.0 (iPhone; CPU iPhone OS 7_1_2 like Mac OS X) AppleWebKit/537.51.2 (KHTML, like Gecko) Version/7.0 Mobile/11D257 Safari/9537.53"
80.187.113.182 - - [06/Sep/2014:16:16:19 +0200] "GET /js/jquery-1.5.1.min.js HTTP/1.1" 200 85260 "http://www.vita-apotheke.com/" "Mozilla/5.0 (iPhone; CPU iPhone OS 7_1_2 like Mac OS X) AppleWebKit/537.51.2 (KHTML, like Gecko) Version/7.0 Mobile/11D257 Safari/9537.53"
80.187.113.182 - - [06/Sep/2014:16:16:19 +0200] "GET /js/jquery.cross-slide.js HTTP/1.1" 200 6780 "http://www.vita-apotheke.com/" "Mozilla/5.0 (iPhone; CPU iPhone OS 7_1_2 like Mac OS X) AppleWebKit/537.51.2 (KHTML, like Gecko) Version/7.0 Mobile/11D257 Safari/9537.53"
80.187.113.182 - - [06/Sep/2014:16:16:19 +0200] "GET /images/AKB_QMS_Liskow_2006.png HTTP/1.1" 200 6005 "http://www.vita-apotheke.com/" "Mozilla/5.0 (iPhone; CPU iPhone OS 7_1_2 like Mac OS X) AppleWebKit/537.51.2 (KHTML, like Gecko) Version/7.0 Mobile/11D257 Safari/9537.53"
80.187.113.182 - - [06/Sep/2014:16:16:19 +0200] "GET /images/quapos-zertifikat.jpg HTTP/1.1" 200 3804 "http://www.vita-apotheke.com/" "Mozilla/5.0 (iPhone; CPU iPhone OS 7_1_2 like Mac OS X) AppleWebKit/537.51.2 (KHTML, like Gecko) Version/7.0 Mobile/11D257 Safari/9537.53"
80.187.113.182 - - [06/Sep/2014:16:16:19 +0200] "GET /images/MA_MonikaLorenz.jpg HTTP/1.1" 200 46854 "http://www.vita-apotheke.com/" "Mozilla/5.0 (iPhone; CPU iPhone OS 7_1_2 like Mac OS X) AppleWebKit/537.51.2 (KHTML, like Gecko) Version/7.0 Mobile/11D257 Safari/9537.53"
80.187.113.182 - - [06/Sep/2014:16:16:19 +0200] "GET /images/vita-logo-dunkelgruen.jpg HTTP/1.1" 200 7021 "http://www.vita-apotheke.com/" "Mozilla/5.0 (iPhone; CPU iPhone OS 7_1_2 like Mac OS X) AppleWebKit/537.51.2 (KHTML, like Gecko) Version/7.0 Mobile/11D257 Safari/9537.53"
80.187.113.182 - - [06/Sep/2014:16:16:19 +0200] "GET /images/grafik_navi_mittelgruen.jpg HTTP/1.1" 200 13783 "http://www.vita-apotheke.com/" "Mozilla/5.0 (iPhone; CPU iPhone OS 7_1_2 like Mac OS X) AppleWebKit/537.51.2 (KHTML, like Gecko) Version/7.0 Mobile/11D257 Safari/9537.53"
80.187.113.182 - - [06/Sep/2014:16:16:25 +0200] "GET /sterillabor.php HTTP/1.1" 200 4330 "http://www.vita-apotheke.com/" "Mozilla/5.0 (iPhone; CPU iPhone OS 7_1_2 like Mac OS X) AppleWebKit/537.51.2 (KHTML, like Gecko) Version/7.0 Mobile/11D257 Safari/9537.53"
80.187.113.182 - - [06/Sep/2014:16:16:25 +0200] "GET /images/MA_Team_Zyto.jpg HTTP/1.1" 200 10684 "http://www.vita-apotheke.com/sterillabor.php" "Mozilla/5.0 (iPhone; CPU iPhone OS 7_1_2 like Mac OS X) AppleWebKit/537.51.2 (KHTML, like Gecko) Version/7.0 Mobile/11D257 Safari/9537.53"
80.187.113.182 - - [06/Sep/2014:16:16:25 +0200] "GET /images/Sterilabteilung03.jpg HTTP/1.1" 200 34797 "http://www.vita-apotheke.com/sterillabor.php" "Mozilla/5.0 (iPhone; CPU iPhone OS 7_1_2 like Mac OS X) AppleWebKit/537.51.2 (KHTML, like Gecko) Version/7.0 Mobile/11D257 Safari/9537.53"
80.187.113.182 - - [06/Sep/2014:16:16:31 +0200] "GET /historie.php HTTP/1.1" 200 5086 "http://www.vita-apotheke.com/sterillabor.php" "Mozilla/5.0 (iPhone; CPU iPhone OS 7_1_2 like Mac OS X) AppleWebKit/537.51.2 (KHTML, like Gecko) Version/7.0 Mobile/11D257 Safari/9537.53"
80.187.113.182 - - [06/Sep/2014:16:16:31 +0200] "GET /images/Historie01.jpg HTTP/1.1" 200 17762 "http://www.vita-apotheke.com/historie.php" "Mozilla/5.0 (iPhone; CPU iPhone OS 7_1_2 like Mac OS X) AppleWebKit/537.51.2 (KHTML, like Gecko) Version/7.0 Mobile/11D257 Safari/9537.53"
80.187.113.182 - - [06/Sep/2014:16:16:31 +0200] "GET /images/Historie.jpg HTTP/1.1" 200 22682 "http://www.vita-apotheke.com/historie.php" "Mozilla/5.0 (iPhone; CPU iPhone OS 7_1_2 like Mac OS X) AppleWebKit/537.51.2 (KHTML, like Gecko) Version/7.0 Mobile/11D257 Safari/9537.53"
80.187.113.182 - - [06/Sep/2014:16:16:35 +0200] "GET /mitarbeiter.php HTTP/1.1" 200 6462 "http://www.vita-apotheke.com/historie.php" "Mozilla/5.0 (iPhone; CPU iPhone OS 7_1_2 like Mac OS X) AppleWebKit/537.51.2 (KHTML, like Gecko) Version/7.0 Mobile/11D257 Safari/9537.53"
80.187.113.182 - - [06/Sep/2014:16:16:35 +0200] "GET /images/MA_Arnim_Apotheke.jpg HTTP/1.1" 200 43855 "http://www.vita-apotheke.com/mitarbeiter.php" "Mozilla/5.0 (iPhone; CPU iPhone OS 7_1_2 like Mac OS X) AppleWebKit/537.51.2 (KHTML, like Gecko) Version/7.0 Mobile/11D257 Safari/9537.53"
80.187.113.182 - - [06/Sep/2014:16:16:35 +0200] "GET /images/MA_MarianneRuhnke.jpg HTTP/1.1" 200 39674 "http://www.vita-apotheke.com/mitarbeiter.php" "Mozilla/5.0 (iPhone; CPU iPhone OS 7_1_2 like Mac OS X) AppleWebKit/537.51.2 (KHTML, like Gecko) Version/7.0 Mobile/11D257 Safari/9537.53"
80.187.113.182 - - [06/Sep/2014:16:16:35 +0200] "GET /images/MA_Marion_Lemke.jpg HTTP/1.1" 200 8394 "http://www.vita-apotheke.com/mitarbeiter.php" "Mozilla/5.0 (iPhone; CPU iPhone OS 7_1_2 like Mac OS X) AppleWebKit/537.51.2 (KHTML, like Gecko) Version/7.0 Mobile/11D257 Safari/9537.53"
80.187.113.182 - - [06/Sep/2014:16:16:35 +0200] "GET /images/MA_MonikaLorenz1.jpg HTTP/1.1" 200 48000 "http://www.vita-apotheke.com/mitarbeiter.php" "Mozilla/5.0 (iPhone; CPU iPhone OS 7_1_2 like Mac OS X) AppleWebKit/537.51.2 (KHTML, like Gecko) Version/7.0 Mobile/11D257 Safari/9537.53"
80.187.113.182 - - [06/Sep/2014:16:16:35 +0200] "GET /images/MA_AndreasHidde.jpg HTTP/1.1" 200 42347 "http://www.vita-apotheke.com/mitarbeiter.php" "Mozilla/5.0 (iPhone; CPU iPhone OS 7_1_2 like Mac OS X) AppleWebKit/537.51.2 (KHTML, like Gecko) Version/7.0 Mobile/11D257 Safari/9537.53"
80.187.113.182 - - [06/Sep/2014:16:16:35 +0200] "GET /images/MA_JuttaLangbein.jpg HTTP/1.1" 200 47891 "http://www.vita-apotheke.com/mitarbeiter.php" "Mozilla/5.0 (iPhone; CPU iPhone OS 7_1_2 like Mac OS X) AppleWebKit/537.51.2 (KHTML, like Gecko) Version/7.0 Mobile/11D257 Safari/9537.53"
80.187.113.182 - - [06/Sep/2014:16:16:35 +0200] "GET /images/MA_DoerteMeinsen.jpg HTTP/1.1" 200 48925 "http://www.vita-apotheke.com/mitarbeiter.php" "Mozilla/5.0 (iPhone; CPU iPhone OS 7_1_2 like Mac OS X) AppleWebKit/537.51.2 (KHTML, like Gecko) Version/7.0 Mobile/11D257 Safari/9537.53"
80.187.113.182 - - [06/Sep/2014:16:16:35 +0200] "GET /images/MA_Dieter_Wrusch.jpg HTTP/1.1" 200 11791 "http://www.vita-apotheke.com/mitarbeiter.php" "Mozilla/5.0 (iPhone; CPU iPhone OS 7_1_2 like Mac OS X) AppleWebKit/537.51.2 (KHTML, like Gecko) Version/7.0 Mobile/11D257 Safari/9537.53"
80.187.113.182 - - [06/Sep/2014:16:16:35 +0200] "GET /images/MA_Bode.jpg HTTP/1.1" 200 8375 "http://www.vita-apotheke.com/mitarbeiter.php" "Mozilla/5.0 (iPhone; CPU iPhone OS 7_1_2 like Mac OS X) AppleWebKit/537.51.2 (KHTML, like Gecko) Version/7.0 Mobile/11D257 Safari/9537.53"
80.187.113.182 - - [06/Sep/2014:16:16:35 +0200] "GET /images/MA_MagittPilgrim.jpg HTTP/1.1" 200 9139 "http://www.vita-apotheke.com/mitarbeiter.php" "Mozilla/5.0 (iPhone; CPU iPhone OS 7_1_2 like Mac OS X) AppleWebKit/537.51.2 (KHTML, like Gecko) Version/7.0 Mobile/11D257 Safari/9537.53"
80.187.113.182 - - [06/Sep/2014:16:16:35 +0200] "GET /images/MA_HeikeGudereit.jpg HTTP/1.1" 200 33826 "http://www.vita-apotheke.com/mitarbeiter.php" "Mozilla/5.0 (iPhone; CPU iPhone OS 7_1_2 like Mac OS X) AppleWebKit/537.51.2 (KHTML, like Gecko) Version/7.0 Mobile/11D257 Safari/9537.53"
80.187.113.182 - - [06/Sep/2014:16:16:35 +0200] "GET /images/MA_AnjaJacob.jpg HTTP/1.1" 200 42072 "http://www.vita-apotheke.com/mitarbeiter.php" "Mozilla/5.0 (iPhone; CPU iPhone OS 7_1_2 like Mac OS X) AppleWebKit/537.51.2 (KHTML, like Gecko) Version/7.0 Mobile/11D257 Safari/9537.53"
80.187.113.182 - - [06/Sep/2014:16:16:35 +0200] "GET /images/MA_ArnoBarz.jpg HTTP/1.1" 200 10186 "http://www.vita-apotheke.com/mitarbeiter.php" "Mozilla/5.0 (iPhone; CPU iPhone OS 7_1_2 like Mac OS X) AppleWebKit/537.51.2 (KHTML, like Gecko) Version/7.0 Mobile/11D257 Safari/9537.53"
80.187.113.182 - - [06/Sep/2014:16:16:44 +0200] "GET /sterillabor.php HTTP/1.1" 200 4330 "http://www.vita-apotheke.com/mitarbeiter.php" "Mozilla/5.0 (iPhone; CPU iPhone OS 7_1_2 like Mac OS X) AppleWebKit/537.51.2 (KHTML, like Gecko) Version/7.0 Mobile/11D257 Safari/9537.53"
78.49.223.148 - - [06/Sep/2014:18:00:47 +0200] "GET / HTTP/1.1" 200 4439 "-" "Mozilla/5.0 (iPad; CPU OS 7_1_1 like Mac OS X) AppleWebKit/537.51.2 (KHTML, like Gecko) Version/7.0 Mobile/11D201 Safari/9537.53"
141.8.189.109 - - [06/Sep/2014:18:03:39 +0200] "GET /robots.txt HTTP/1.1" 404 1256 "-" "Mozilla/5.0 (compatible; YandexBot/3.0; +http://yandex.com/bots)"
141.8.189.109 - - [06/Sep/2014:18:03:46 +0200] "GET /images/MA_Team_Zyto_gross.jpg HTTP/1.1" 200 229841 "-" "Mozilla/5.0 (compatible; YandexImages/3.0; +http://yandex.com/bots)"
85.178.47.45 - - [06/Sep/2014:18:11:42 +0200] "GET /historie.php HTTP/1.1" 200 5086 "http://www.google.de/url?sa=t&rct=j&q=&esrc=s&source=web&cd=1&ved=0CCMQFjAA&url=http%3A%2F%2Fwww.vita-apotheke.com%2Fhistorie.php&ei=6TELVM2uIMXgyQOokIGYAw&usg=AFQjCNHMIwG5dSvox_VxdT3nvu1AxFVdEA&bvm=bv.74649129,d.bGQ" "Mozilla/5.0 (Macintosh; Intel Mac OS X 10_9_4) AppleWebKit/537.78.2 (KHTML, like Gecko) Version/7.0.6 Safari/537.78.2"
85.178.47.45 - - [06/Sep/2014:18:11:42 +0200] "GET /js/jquery.cross-slide.js HTTP/1.1" 200 6780 "http://www.vita-apotheke.com/historie.php" "Mozilla/5.0 (Macintosh; Intel Mac OS X 10_9_4) AppleWebKit/537.78.2 (KHTML, like Gecko) Version/7.0.6 Safari/537.78.2"
85.178.47.45 - - [06/Sep/2014:18:11:42 +0200] "GET /css/vita.css HTTP/1.1" 200 5485 "http://www.vita-apotheke.com/historie.php" "Mozilla/5.0 (Macintosh; Intel Mac OS X 10_9_4) AppleWebKit/537.78.2 (KHTML, like Gecko) Version/7.0.6 Safari/537.78.2"
85.178.47.45 - - [06/Sep/2014:18:11:42 +0200] "GET /js/fancybox/jquery.fancybox-1.3.4.pack.js HTTP/1.1" 200 15624 "http://www.vita-apotheke.com/historie.php" "Mozilla/5.0 (Macintosh; Intel Mac OS X 10_9_4) AppleWebKit/537.78.2 (KHTML, like Gecko) Version/7.0.6 Safari/537.78.2"
85.178.47.45 - - [06/Sep/2014:18:11:42 +0200] "GET /js/fancybox/jquery.fancybox-1.3.4.css HTTP/1.1" 200 8494 "http://www.vita-apotheke.com/historie.php" "Mozilla/5.0 (Macintosh; Intel Mac OS X 10_9_4) AppleWebKit/537.78.2 (KHTML, like Gecko) Version/7.0.6 Safari/537.78.2"
85.178.47.45 - - [06/Sep/2014:18:11:42 +0200] "GET /js/jquery-1.5.1.min.js HTTP/1.1" 200 85260 "http://www.vita-apotheke.com/historie.php" "Mozilla/5.0 (Macintosh; Intel Mac OS X 10_9_4) AppleWebKit/537.78.2 (KHTML, like Gecko) Version/7.0.6 Safari/537.78.2"
85.178.47.45 - - [06/Sep/2014:18:11:42 +0200] "GET /images/vita-logo-dunkelgruen.jpg HTTP/1.1" 200 7021 "http://www.vita-apotheke.com/historie.php" "Mozilla/5.0 (Macintosh; Intel Mac OS X 10_9_4) AppleWebKit/537.78.2 (KHTML, like Gecko) Version/7.0.6 Safari/537.78.2"
85.178.47.45 - - [06/Sep/2014:18:11:42 +0200] "GET /images/grafik_navi_mittelgruen.jpg HTTP/1.1" 200 13783 "http://www.vita-apotheke.com/historie.php" "Mozilla/5.0 (Macintosh; Intel Mac OS X 10_9_4) AppleWebKit/537.78.2 (KHTML, like Gecko) Version/7.0.6 Safari/537.78.2"
85.178.47.45 - - [06/Sep/2014:18:11:42 +0200] "GET /images/AKB_QMS_Liskow_2006.png HTTP/1.1" 200 6005 "http://www.vita-apotheke.com/historie.php" "Mozilla/5.0 (Macintosh; Intel Mac OS X 10_9_4) AppleWebKit/537.78.2 (KHTML, like Gecko) Version/7.0.6 Safari/537.78.2"
85.178.47.45 - - [06/Sep/2014:18:11:42 +0200] "GET /images/Historie01.jpg HTTP/1.1" 200 17762 "http://www.vita-apotheke.com/historie.php" "Mozilla/5.0 (Macintosh; Intel Mac OS X 10_9_4) AppleWebKit/537.78.2 (KHTML, like Gecko) Version/7.0.6 Safari/537.78.2"
85.178.47.45 - - [06/Sep/2014:18:11:42 +0200] "GET /images/quapos-zertifikat.jpg HTTP/1.1" 200 3804 "http://www.vita-apotheke.com/historie.php" "Mozilla/5.0 (Macintosh; Intel Mac OS X 10_9_4) AppleWebKit/537.78.2 (KHTML, like Gecko) Version/7.0.6 Safari/537.78.2"
85.178.47.45 - - [06/Sep/2014:18:11:42 +0200] "GET /images/Historie.jpg HTTP/1.1" 200 22682 "http://www.vita-apotheke.com/historie.php" "Mozilla/5.0 (Macintosh; Intel Mac OS X 10_9_4) AppleWebKit/537.78.2 (KHTML, like Gecko) Version/7.0.6 Safari/537.78.2"
85.178.47.45 - - [06/Sep/2014:18:11:42 +0200] "GET /favicon.ico HTTP/1.1" 404 1256 "http://www.vita-apotheke.com/historie.php" "Mozilla/5.0 (Macintosh; Intel Mac OS X 10_9_4) AppleWebKit/537.78.2 (KHTML, like Gecko) Version/7.0.6 Safari/537.78.2"
157.55.39.53 - - [06/Sep/2014:18:24:19 +0200] "GET /robots.txt HTTP/1.1" 404 1256 "-" "Mozilla/5.0 (compatible; bingbot/2.0; +http://www.bing.com/bingbot.htm)"
157.55.39.53 - - [06/Sep/2014:18:24:34 +0200] "GET / HTTP/1.1" 200 4439 "-" "Mozilla/5.0 (compatible; bingbot/2.0; +http://www.bing.com/bingbot.htm)"
66.249.78.35 - - [06/Sep/2014:19:11:13 +0200] "GET / HTTP/1.1" 200 4439 "-" "Mozilla/5.0 (compatible; Googlebot/2.1; +http://www.google.com/bot.html)"
141.8.147.12 - - [06/Sep/2014:21:00:59 +0200] "GET /images/MA_Team_Zyto_gross.jpg HTTP/1.1" 304 - "-" "Mozilla/5.0 (compatible; YandexImages/3.0; +http://yandex.com/bots)"
141.8.147.12 - - [06/Sep/2014:21:01:04 +0200] "GET /images/quapos-zertifikat-gross.jpg HTTP/1.1" 304 - "-" "Mozilla/5.0 (compatible; YandexImages/3.0; +http://yandex.com/bots)"
141.8.147.12 - - [06/Sep/2014:21:01:06 +0200] "GET /images/Regie.jpg HTTP/1.1" 404 1256 "-" "Mozilla/5.0 (compatible; YandexImages/3.0; +http://yandex.com/bots)"
141.8.147.12 - - [06/Sep/2014:21:09:08 +0200] "GET /images/quapos-zertifikat-mittel.jpg HTTP/1.1" 304 - "-" "Mozilla/5.0 (compatible; YandexImages/3.0; +http://yandex.com/bots)"
62.156.172.89 - - [06/Sep/2014:21:10:01 +0200] "GET / HTTP/1.1" 200 4439 "-" "Lynx/2.8.8dev.9 libwww-FM/2.14 SSL-MM/1.4.1 GNUTLS/2.12.14"
66.249.78.28 - - [06/Sep/2014:21:10:31 +0200] "GET /mitarbeiter.php HTTP/1.1" 200 6462 "-" "Mozilla/5.0 (compatible; Googlebot/2.1; +http://www.google.com/bot.html)"
157.55.39.141 - - [06/Sep/2014:22:33:44 +0200] "GET /service.php HTTP/1.1" 200 5642 "-" "Mozilla/5.0 (compatible; bingbot/2.0; +http://www.bing.com/bingbot.htm)"
157.55.39.151 - - [06/Sep/2014:22:33:55 +0200] "GET /js/jquery.cross-slide.js HTTP/1.1" 200 6780 "-" "Mozilla/5.0 (compatible; bingbot/2.0; +http://www.bing.com/bingbot.htm)"
157.55.39.151 - - [06/Sep/2014:22:33:56 +0200] "GET /js/jquery-1.5.1.min.js HTTP/1.1" 200 85260 "-" "Mozilla/5.0 (compatible; bingbot/2.0; +http://www.bing.com/bingbot.htm)"
157.55.39.141 - - [06/Sep/2014:22:33:59 +0200] "GET /js/fancybox/jquery.fancybox-1.3.4.css HTTP/1.1" 200 8494 "-" "Mozilla/5.0 (compatible; bingbot/2.0; +http://www.bing.com/bingbot.htm)"
207.46.13.16 - - [06/Sep/2014:22:34:23 +0200] "GET /robots.txt HTTP/1.1" 404 1256 "-" "Mozilla/5.0 (compatible; bingbot/2.0; +http://www.bing.com/bingbot.htm)"
207.46.13.16 - - [06/Sep/2014:22:34:23 +0200] "GET /js/fancybox/jquery.fancybox-1.3.4.pack.js HTTP/1.1" 200 15624 "-" "Mozilla/5.0 (compatible; bingbot/2.0; +http://www.bing.com/bingbot.htm)"
207.46.13.16 - - [06/Sep/2014:22:34:24 +0200] "GET /css/vita.css HTTP/1.1" 200 5485 "-" "Mozilla/5.0 (compatible; bingbot/2.0; +http://www.bing.com/bingbot.htm)"
66.249.78.21 - - [06/Sep/2014:22:43:13 +0200] "GET /images/Warenlager01_gross.jpg HTTP/1.1" 304 - "-" "Googlebot-Image/1.0"
141.8.147.12 - - [06/Sep/2014:23:00:52 +0200] "GET /images/mitarbeiter.jpg HTTP/1.1" 304 - "-" "Mozilla/5.0 (compatible; YandexImages/3.0; +http://yandex.com/bots)"
162.243.8.201 - - [07/Sep/2014:00:16:27 +0200] "GET /robots.txt HTTP/1.1" 404 1256 "-" "Mozilla/5.0 (compatible; spbot/4.1.0; +http://OpenLinkProfiler.org/bot )"
162.243.8.201 - - [07/Sep/2014:00:16:29 +0200] "GET / HTTP/1.1" 200 4439 "-" "Mozilla/5.0 (compatible; spbot/4.1.0; +http://OpenLinkProfiler.org/bot )"
162.243.8.201 - - [07/Sep/2014:00:16:30 +0200] "GET /index.php HTTP/1.1" 200 4439 "http://www.vita-apotheke.com/" "Mozilla/5.0 (compatible; spbot/4.1.0; +http://OpenLinkProfiler.org/bot )"
162.243.8.201 - - [07/Sep/2014:00:16:35 +0200] "GET /service.php HTTP/1.1" 200 5642 "http://www.vita-apotheke.com/" "Mozilla/5.0 (compatible; spbot/4.1.0; +http://OpenLinkProfiler.org/bot )"
162.243.8.201 - - [07/Sep/2014:00:16:39 +0200] "GET /kontakt.php HTTP/1.1" 200 5102 "http://www.vita-apotheke.com/" "Mozilla/5.0 (compatible; spbot/4.1.0; +http://OpenLinkProfiler.org/bot )"
162.243.8.201 - - [07/Sep/2014:00:16:45 +0200] "GET /historie.php HTTP/1.1" 200 5086 "http://www.vita-apotheke.com/" "Mozilla/5.0 (compatible; spbot/4.1.0; +http://OpenLinkProfiler.org/bot )"
162.243.8.201 - - [07/Sep/2014:00:16:49 +0200] "GET /ueberuns.php HTTP/1.1" 302 - "http://www.vita-apotheke.com/kontakt.php" "Mozilla/5.0 (compatible; spbot/4.1.0; +http://OpenLinkProfiler.org/bot )"
162.243.8.201 - - [07/Sep/2014:00:16:54 +0200] "GET /impressum.php HTTP/1.1" 200 4710 "http://www.vita-apotheke.com/" "Mozilla/5.0 (compatible; spbot/4.1.0; +http://OpenLinkProfiler.org/bot )"
162.243.8.201 - - [07/Sep/2014:00:16:59 +0200] "GET /sterillabor.php HTTP/1.1" 200 4330 "http://www.vita-apotheke.com/" "Mozilla/5.0 (compatible; spbot/4.1.0; +http://OpenLinkProfiler.org/bot )"
162.243.8.201 - - [07/Sep/2014:00:17:04 +0200] "GET /mitarbeiter.php HTTP/1.1" 200 6462 "http://www.vita-apotheke.com/historie.php" "Mozilla/5.0 (compatible; spbot/4.1.0; +http://OpenLinkProfiler.org/bot )"
162.243.8.201 - - [07/Sep/2014:00:17:09 +0200] "GET /aerzteadressen.php HTTP/1.1" 200 5232 "http://www.vita-apotheke.com/" "Mozilla/5.0 (compatible; spbot/4.1.0; +http://OpenLinkProfiler.org/bot )"
162.243.8.201 - - [07/Sep/2014:00:17:15 +0200] "GET /rundgang_start.php HTTP/1.1" 200 4652 "http://www.vita-apotheke.com/" "Mozilla/5.0 (compatible; spbot/4.1.0; +http://OpenLinkProfiler.org/bot )"
162.243.8.201 - - [07/Sep/2014:00:17:20 +0200] "GET /zertifizierungen.php HTTP/1.1" 200 4722 "http://www.vita-apotheke.com/historie.php" "Mozilla/5.0 (compatible; spbot/4.1.0; +http://OpenLinkProfiler.org/bot )"
162.243.8.201 - - [07/Sep/2014:00:17:24 +0200] "GET /rundgang_beratungsraum.php HTTP/1.1" 200 5025 "http://www.vita-apotheke.com/rundgang_start.php" "Mozilla/5.0 (compatible; spbot/4.1.0; +http://OpenLinkProfiler.org/bot )"
162.243.8.201 - - [07/Sep/2014:00:17:30 +0200] "GET /rundgang_hv.php HTTP/1.1" 200 4652 "http://www.vita-apotheke.com/rundgang_beratungsraum.php" "Mozilla/5.0 (compatible; spbot/4.1.0; +http://OpenLinkProfiler.org/bot )"
162.243.8.201 - - [07/Sep/2014:00:17:34 +0200] "GET /rundgang_regie.php HTTP/1.1" 200 5058 "http://www.vita-apotheke.com/rundgang_beratungsraum.php" "Mozilla/5.0 (compatible; spbot/4.1.0; +http://OpenLinkProfiler.org/bot )"
162.243.8.201 - - [07/Sep/2014:00:17:40 +0200] "GET /rundgang_warenlager.php HTTP/1.1" 200 4789 "http://www.vita-apotheke.com/rundgang_regie.php" "Mozilla/5.0 (compatible; spbot/4.1.0; +http://OpenLinkProfiler.org/bot )"
162.243.8.201 - - [07/Sep/2014:00:17:44 +0200] "GET /rundgang_sterilabteilung.php HTTP/1.1" 200 4571 "http://www.vita-apotheke.com/rundgang_warenlager.php" "Mozilla/5.0 (compatible; spbot/4.1.0; +http://OpenLinkProfiler.org/bot )"
88.198.160.60 - - [07/Sep/2014:01:50:43 +0200] "GET /mitarbeiter.php HTTP/1.1" 200 6462 "-" "Mozilla/5.0 (compatible; XoviBot/2.0; +http://www.xovibot.net/)"
66.249.78.35 - - [07/Sep/2014:02:31:05 +0200] "GET /historie.php HTTP/1.1" 200 5086 "-" "Mozilla/5.0 (compatible; Googlebot/2.1; +http://www.google.com/bot.html)"
141.8.147.12 - - [07/Sep/2014:02:38:00 +0200] "GET /robots.txt HTTP/1.1" 404 1256 "-" "Mozilla/5.0 (compatible; YandexBot/3.0; +http://yandex.com/bots)"
88.198.241.59 - - [07/Sep/2014:02:43:52 +0200] "GET / HTTP/1.1" 200 4439 "-" "Python-urllib/2.7"
66.249.78.21 - - [07/Sep/2014:02:43:56 +0200] "GET /aerzteadressen.php HTTP/1.1" 200 5232 "-" "Mozilla/5.0 (compatible; Googlebot/2.1; +http://www.google.com/bot.html)"
141.8.147.12 - - [07/Sep/2014:02:56:48 +0200] "GET /images/arnim2.gif HTTP/1.1" 304 - "-" "Mozilla/5.0 (compatible; YandexImages/3.0; +http://yandex.com/bots)"
157.55.39.54 - - [07/Sep/2014:03:26:11 +0200] "GET / HTTP/1.1" 200 4439 "-" "Mozilla/5.0 (compatible; bingbot/2.0; +http://www.bing.com/bingbot.htm)"
66.249.78.21 - - [07/Sep/2014:04:09:38 +0200] "GET / HTTP/1.1" 200 4439 "-" "Mozilla/5.0 (compatible; Googlebot/2.1; +http://www.google.com/bot.html)"
141.8.147.12 - - [07/Sep/2014:04:55:28 +0200] "GET /images/Historie01.jpg HTTP/1.1" 304 - "-" "Mozilla/5.0 (compatible; YandexImages/3.0; +http://yandex.com/bots)"
141.8.147.12 - - [07/Sep/2014:05:37:53 +0200] "GET /images/Sterilabteilung03.jpg HTTP/1.1" 304 - "-" "Mozilla/5.0 (compatible; YandexImages/3.0; +http://yandex.com/bots)"
157.55.39.53 - - [07/Sep/2014:06:16:32 +0200] "GET / HTTP/1.1" 200 4439 "-" "Mozilla/5.0 (compatible; bingbot/2.0; +http://www.bing.com/bingbot.htm)"
66.249.78.28 - - [07/Sep/2014:06:51:10 +0200] "GET /robots.txt HTTP/1.1" 404 1256 "-" "Mozilla/5.0 (compatible; Googlebot/2.1; +http://www.google.com/bot.html)"
66.249.78.35 - - [07/Sep/2014:06:51:10 +0200] "GET /rundgang_start.php HTTP/1.1" 200 4652 "-" "Mozilla/5.0 (compatible; Googlebot/2.1; +http://www.google.com/bot.html)"
88.198.241.59 - - [07/Sep/2014:07:17:14 +0200] "GET / HTTP/1.1" 200 4439 "-" "Python-urllib/2.7"
217.69.133.194 - - [07/Sep/2014:07:24:20 +0200] "GET /robots.txt HTTP/1.1" 404 1256 "-" "Mozilla/5.0 (compatible; Linux x86_64; Mail.RU_Bot/2.0; +http://go.mail.ru/help/robots)"
217.69.133.203 - - [07/Sep/2014:07:24:21 +0200] "GET /ueberuns.php HTTP/1.1" 302 - "-" "Mozilla/5.0 (compatible; Linux x86_64; Mail.RU_Bot/2.0; +http://go.mail.ru/help/robots)"
217.69.133.4 - - [07/Sep/2014:07:24:22 +0200] "GET /historie.php HTTP/1.1" 200 5086 "-" "Mozilla/5.0 (compatible; Linux x86_64; Mail.RU_Bot/2.0; +http://go.mail.ru/help/robots)"
37.58.100.136 - - [07/Sep/2014:07:48:16 +0200] "GET /service.php HTTP/1.1" 200 5642 "-" "Mozilla/5.0 (compatible; AhrefsBot/5.0; +http://ahrefs.com/robot/)"
66.249.78.35 - - [07/Sep/2014:08:19:06 +0200] "GET /images/MA_MonikaLorenz.jpg HTTP/1.1" 304 - "-" "Googlebot-Image/1.0"
66.249.67.98 - - [07/Sep/2014:08:25:07 +0200] "GET /mitarbeiter.php HTTP/1.1" 200 6462 "-" "Mozilla/5.0 (compatible; Googlebot/2.1; +http://www.google.com/bot.html)"
66.249.78.28 - - [07/Sep/2014:08:45:39 +0200] "GET /historie.php HTTP/1.1" 200 5086 "-" "Mozilla/5.0 (compatible; Googlebot/2.1; +http://www.google.com/bot.html)"
66.249.78.21 - - [07/Sep/2014:08:49:08 +0200] "GET /js/jquery.cross-slide.js HTTP/1.1" 200 6780 "-" "Mozilla/5.0 (compatible; Googlebot/2.1; +http://www.google.com/bot.html)"
178.255.215.86 - - [07/Sep/2014:09:25:39 +0200] "GET /robots.txt HTTP/1.1" 404 1256 "-" "Mozilla/5.0 (compatible; Exabot/3.0 (BiggerBetter); +http://www.exabot.com/go/robot)"
178.255.215.86 - - [07/Sep/2014:09:25:39 +0200] "GET /sterillabor.php HTTP/1.1" 200 4330 "-" "Mozilla/5.0 (compatible; Exabot/3.0 (BiggerBetter); +http://www.exabot.com/go/robot)"
66.249.78.28 - - [07/Sep/2014:09:29:05 +0200] "GET / HTTP/1.1" 200 4439 "-" "Mozilla/5.0 (iPhone; U; CPU iPhone OS 4_1 like Mac OS X; en-us) AppleWebKit/532.9 (KHTML, like Gecko) Version/4.0.5 Mobile/8B117 Safari/6531.22.7 (compatible; Mediapartners-Google/2.1; +http://www.google.com/bot.html)"
66.249.78.28 - - [07/Sep/2014:10:01:35 +0200] "GET / HTTP/1.1" 200 4439 "-" "Mediapartners-Google"
66.249.78.21 - - [07/Sep/2014:10:55:37 +0200] "GET /images/Warenlager_gross.jpg HTTP/1.1" 404 1256 "-" "Googlebot-Image/1.0"
66.249.78.21 - - [07/Sep/2014:11:26:04 +0200] "GET /images/Sterilabteilung04_gross.jpg HTTP/1.1" 304 - "-" "Googlebot-Image/1.0"
66.249.78.21 - - [07/Sep/2014:11:50:56 +0200] "GET /kontakt.php HTTP/1.1" 200 5102 "-" "Mozilla/5.0 (compatible; Googlebot/2.1; +http://www.google.com/bot.html)"
65.55.215.40 - - [07/Sep/2014:13:30:55 +0200] "GET /robots.txt HTTP/1.1" 404 1256 "-" "msnbot-media/1.1 (+http://search.msn.com/msnbot.htm)"
65.55.215.40 - - [07/Sep/2014:13:30:56 +0200] "GET /images/AKB_QMS_Liskow_2006_gross.jpg HTTP/1.1" 200 644084 "-" "msnbot-media/1.1 (+http://search.msn.com/msnbot.htm)"
157.55.39.53 - - [07/Sep/2014:14:47:54 +0200] "GET / HTTP/1.1" 200 4439 "-" "Mozilla/5.0 (compatible; bingbot/2.0; +http://www.bing.com/bingbot.htm)"
157.55.39.54 - - [07/Sep/2014:14:53:19 +0200] "GET /mitarbeiter.php HTTP/1.1" 200 6462 "-" "Mozilla/5.0 (compatible; bingbot/2.0; +http://www.bing.com/bingbot.htm)"
92.209.176.190 - - [07/Sep/2014:16:16:48 +0200] "GET /zertifizierungen.php HTTP/1.1" 200 4722 "https://www.google.de/" "Mozilla/5.0 (Windows NT 6.3; WOW64) AppleWebKit/537.36 (KHTML, like Gecko) Chrome/37.0.2062.103 Safari/537.36"
92.209.176.190 - - [07/Sep/2014:16:16:48 +0200] "GET /css/vita.css HTTP/1.1" 200 5485 "http://www.vita-apotheke.com/zertifizierungen.php" "Mozilla/5.0 (Windows NT 6.3; WOW64) AppleWebKit/537.36 (KHTML, like Gecko) Chrome/37.0.2062.103 Safari/537.36"
92.209.176.190 - - [07/Sep/2014:16:16:48 +0200] "GET /js/fancybox/jquery.fancybox-1.3.4.pack.js HTTP/1.1" 200 15624 "http://www.vita-apotheke.com/zertifizierungen.php" "Mozilla/5.0 (Windows NT 6.3; WOW64) AppleWebKit/537.36 (KHTML, like Gecko) Chrome/37.0.2062.103 Safari/537.36"
92.209.176.190 - - [07/Sep/2014:16:16:48 +0200] "GET /js/fancybox/jquery.fancybox-1.3.4.css HTTP/1.1" 200 8494 "http://www.vita-apotheke.com/zertifizierungen.php" "Mozilla/5.0 (Windows NT 6.3; WOW64) AppleWebKit/537.36 (KHTML, like Gecko) Chrome/37.0.2062.103 Safari/537.36"
92.209.176.190 - - [07/Sep/2014:16:16:48 +0200] "GET /js/jquery.cross-slide.js HTTP/1.1" 200 6780 "http://www.vita-apotheke.com/zertifizierungen.php" "Mozilla/5.0 (Windows NT 6.3; WOW64) AppleWebKit/537.36 (KHTML, like Gecko) Chrome/37.0.2062.103 Safari/537.36"
92.209.176.190 - - [07/Sep/2014:16:16:48 +0200] "GET /images/AKB_QMS_Liskow_2006.png HTTP/1.1" 200 6005 "http://www.vita-apotheke.com/zertifizierungen.php" "Mozilla/5.0 (Windows NT 6.3; WOW64) AppleWebKit/537.36 (KHTML, like Gecko) Chrome/37.0.2062.103 Safari/537.36"
