178.12.226.191 - - [24/Aug/2013:21:50:24 +0200] "GET / HTTP/1.1" 200 4539 "http://maps.google.de/local_url?dq=nachtapotheke+10439+berlin&q=http://www.vita-apotheke.com/&oi=miw&sa=X&ct=miw_link&cd=1&cad=homepage,cid:1555438214381144648&ei=Gw4ZUrfFGsqiiAaohoGYBg&s=ANYYN7lOUOGVb4-gMMIiNM91u-tsmxrK3A" "Mozilla/5.0 (Macintosh; Intel Mac OS X 10_8_4) AppleWebKit/536.30.1 (KHTML, like Gecko) Version/6.0.5 Safari/536.30.1"
178.12.226.191 - - [24/Aug/2013:21:50:24 +0200] "GET /js/fancybox/jquery.fancybox-1.3.4.css HTTP/1.1" 200 8494 "http://www.vita-apotheke.com/" "Mozilla/5.0 (Macintosh; Intel Mac OS X 10_8_4) AppleWebKit/536.30.1 (KHTML, like Gecko) Version/6.0.5 Safari/536.30.1"
178.12.226.191 - - [24/Aug/2013:21:50:24 +0200] "GET /css/vita.css HTTP/1.1" 200 5485 "http://www.vita-apotheke.com/" "Mozilla/5.0 (Macintosh; Intel Mac OS X 10_8_4) AppleWebKit/536.30.1 (KHTML, like Gecko) Version/6.0.5 Safari/536.30.1"
178.12.226.191 - - [24/Aug/2013:21:50:24 +0200] "GET /js/jquery.cross-slide.js HTTP/1.1" 200 6780 "http://www.vita-apotheke.com/" "Mozilla/5.0 (Macintosh; Intel Mac OS X 10_8_4) AppleWebKit/536.30.1 (KHTML, like Gecko) Version/6.0.5 Safari/536.30.1"
178.12.226.191 - - [24/Aug/2013:21:50:24 +0200] "GET /js/fancybox/jquery.fancybox-1.3.4.pack.js HTTP/1.1" 200 15624 "http://www.vita-apotheke.com/" "Mozilla/5.0 (Macintosh; Intel Mac OS X 10_8_4) AppleWebKit/536.30.1 (KHTML, like Gecko) Version/6.0.5 Safari/536.30.1"
178.12.226.191 - - [24/Aug/2013:21:50:24 +0200] "GET /js/jquery-1.5.1.min.js HTTP/1.1" 200 85260 "http://www.vita-apotheke.com/" "Mozilla/5.0 (Macintosh; Intel Mac OS X 10_8_4) AppleWebKit/536.30.1 (KHTML, like Gecko) Version/6.0.5 Safari/536.30.1"
178.12.226.191 - - [24/Aug/2013:21:50:24 +0200] "GET /images/grafik_navi_mittelgruen.jpg HTTP/1.1" 200 13783 "http://www.vita-apotheke.com/" "Mozilla/5.0 (Macintosh; Intel Mac OS X 10_8_4) AppleWebKit/536.30.1 (KHTML, like Gecko) Version/6.0.5 Safari/536.30.1"
178.12.226.191 - - [24/Aug/2013:21:50:25 +0200] "GET /images/AKB_QMS_Liskow_2006.png HTTP/1.1" 200 6005 "http://www.vita-apotheke.com/" "Mozilla/5.0 (Macintosh; Intel Mac OS X 10_8_4) AppleWebKit/536.30.1 (KHTML, like Gecko) Version/6.0.5 Safari/536.30.1"
178.12.226.191 - - [24/Aug/2013:21:50:25 +0200] "GET /images/quapos-zertifikat.jpg HTTP/1.1" 200 3804 "http://www.vita-apotheke.com/" "Mozilla/5.0 (Macintosh; Intel Mac OS X 10_8_4) AppleWebKit/536.30.1 (KHTML, like Gecko) Version/6.0.5 Safari/536.30.1"
178.12.226.191 - - [24/Aug/2013:21:50:25 +0200] "GET /images/MA_MonikaLorenz.jpg HTTP/1.1" 200 46854 "http://www.vita-apotheke.com/" "Mozilla/5.0 (Macintosh; Intel Mac OS X 10_8_4) AppleWebKit/536.30.1 (KHTML, like Gecko) Version/6.0.5 Safari/536.30.1"
178.12.226.191 - - [24/Aug/2013:21:50:25 +0200] "GET /images/vita-logo-dunkelgruen.jpg HTTP/1.1" 200 7021 "http://www.vita-apotheke.com/" "Mozilla/5.0 (Macintosh; Intel Mac OS X 10_8_4) AppleWebKit/536.30.1 (KHTML, like Gecko) Version/6.0.5 Safari/536.30.1"
178.12.226.191 - - [24/Aug/2013:21:50:25 +0200] "GET /favicon.ico HTTP/1.1" 404 1256 "http://www.vita-apotheke.com/" "Mozilla/5.0 (Macintosh; Intel Mac OS X 10_8_4) AppleWebKit/536.30.1 (KHTML, like Gecko) Version/6.0.5 Safari/536.30.1"
5.10.83.2 - - [25/Aug/2013:00:14:50 +0200] "GET /zertifizierungen.php HTTP/1.1" 200 4722 "-" "Mozilla/5.0 (compatible; AhrefsBot/5.0; +http://ahrefs.com/robot/)"
88.198.210.14 - - [25/Aug/2013:00:15:21 +0200] "GET / HTTP/1.1" 200 4539 "-" "Mozilla/5.0 (Macintosh; Intel Mac OS X 10.6; rv:22.0) Gecko/20100101 Firefox/22.0"
5.10.83.2 - - [25/Aug/2013:00:30:02 +0200] "GET /images/quapos-zertifikat-gross.jpg HTTP/1.1" 200 44345 "-" "Mozilla/5.0 (compatible; AhrefsBot/5.0; +http://ahrefs.com/robot/)"
66.249.78.103 - - [25/Aug/2013:00:31:20 +0200] "GET /robots.txt HTTP/1.1" 404 1256 "-" "Mozilla/5.0 (compatible; Googlebot/2.1; +http://www.google.com/bot.html)"
66.249.72.77 - - [25/Aug/2013:00:31:20 +0200] "GET /service.php HTTP/1.1" 200 5642 "-" "Mozilla/5.0 (iPhone; U; CPU iPhone OS 4_1 like Mac OS X; en-us) AppleWebKit/532.9 (KHTML, like Gecko) Version/4.0.5 Mobile/8B117 Safari/6531.22.7 (compatible; Googlebot-Mobile/2.1; +http://www.google.com/bot.html)"
5.10.83.2 - - [25/Aug/2013:00:50:12 +0200] "GET /rundgang_sterilabteilung.php HTTP/1.1" 200 4571 "-" "Mozilla/5.0 (compatible; AhrefsBot/5.0; +http://ahrefs.com/robot/)"
5.10.83.2 - - [25/Aug/2013:01:09:50 +0200] "GET /images/Handverkauf03_gross.jpg HTTP/1.1" 200 2081670 "-" "Mozilla/5.0 (compatible; AhrefsBot/5.0; +http://ahrefs.com/robot/)"
5.10.83.2 - - [25/Aug/2013:01:14:25 +0200] "GET /aerzteadressen.php HTTP/1.1" 200 5232 "-" "Mozilla/5.0 (compatible; AhrefsBot/5.0; +http://ahrefs.com/robot/)"
5.10.83.2 - - [25/Aug/2013:02:18:59 +0200] "GET /rundgang_regie.php HTTP/1.1" 200 5041 "-" "Mozilla/5.0 (compatible; AhrefsBot/5.0; +http://ahrefs.com/robot/)"
46.229.164.100 - - [25/Aug/2013:03:43:13 +0200] "GET /robots.txt HTTP/1.1" 404 1256 "-" "Mozilla/5.0 (compatible; SemrushBot/0.96.4; +http://www.semrush.com/bot.html)"
5.10.83.2 - - [25/Aug/2013:03:53:19 +0200] "GET /impressum.php HTTP/1.1" 200 4696 "-" "Mozilla/5.0 (compatible; AhrefsBot/5.0; +http://ahrefs.com/robot/)"
5.10.83.2 - - [25/Aug/2013:04:54:57 +0200] "GET /images/Warenlager01_gross.jpg HTTP/1.1" 200 1983623 "-" "Mozilla/5.0 (compatible; AhrefsBot/5.0; +http://ahrefs.com/robot/)"
5.10.83.2 - - [25/Aug/2013:05:06:46 +0200] "GET /index.php HTTP/1.1" 200 4539 "-" "Mozilla/5.0 (compatible; AhrefsBot/5.0; +http://ahrefs.com/robot/)"
5.10.83.2 - - [25/Aug/2013:05:46:04 +0200] "GET /rundgang_hv.php HTTP/1.1" 200 4652 "-" "Mozilla/5.0 (compatible; AhrefsBot/5.0; +http://ahrefs.com/robot/)"
5.10.83.2 - - [25/Aug/2013:06:12:52 +0200] "GET /images/Handverkauf01_gross.jpg HTTP/1.1" 200 2137010 "-" "Mozilla/5.0 (compatible; AhrefsBot/5.0; +http://ahrefs.com/robot/)"
157.55.34.166 - - [25/Aug/2013:07:13:49 +0200] "GET /robots.txt HTTP/1.1" 404 1256 "-" "Mozilla/5.0 (compatible; bingbot/2.0; +http://www.bing.com/bingbot.htm)"
157.55.34.166 - - [25/Aug/2013:07:18:39 +0200] "GET /rundgang_beratungsraum.php HTTP/1.1" 200 5025 "-" "Mozilla/5.0 (compatible; bingbot/2.0; +http://www.bing.com/bingbot.htm)"
5.10.83.2 - - [25/Aug/2013:07:53:32 +0200] "GET /images/Sterilabteilung03_gross.jpg HTTP/1.1" 200 1498324 "-" "Mozilla/5.0 (compatible; AhrefsBot/5.0; +http://ahrefs.com/robot/)"
5.10.83.2 - - [25/Aug/2013:10:47:16 +0200] "GET / HTTP/1.1" 200 4539 "-" "Mozilla/5.0 (compatible; AhrefsBot/5.0; +http://ahrefs.com/robot/)"
5.10.83.2 - - [25/Aug/2013:11:51:45 +0200] "GET /images/Historie.jpg HTTP/1.1" 200 22682 "-" "Mozilla/5.0 (compatible; AhrefsBot/5.0; +http://ahrefs.com/robot/)"
141.8.147.12 - - [25/Aug/2013:12:14:06 +0200] "GET /robots.txt HTTP/1.1" 404 1256 "-" "Mozilla/5.0 (compatible; YandexBot/3.0; +http://yandex.com/bots)"
66.249.78.103 - - [25/Aug/2013:12:35:07 +0200] "GET /robots.txt HTTP/1.1" 404 1256 "-" "Mozilla/5.0 (compatible; Googlebot/2.1; +http://www.google.com/bot.html)"
66.249.72.77 - - [25/Aug/2013:12:35:07 +0200] "GET / HTTP/1.1" 200 4539 "-" "DoCoMo/2.0 N905i(c100;TB;W24H16) (compatible; Googlebot-Mobile/2.1; +http://www.google.com/bot.html)"
141.8.147.12 - - [25/Aug/2013:12:35:50 +0200] "GET /images/pfeil_weiter.gif HTTP/1.1" 304 - "-" "Mozilla/5.0 (compatible; YandexImages/3.0; +http://yandex.com/bots)"
157.55.33.78 - - [25/Aug/2013:13:18:52 +0200] "GET /robots.txt HTTP/1.1" 404 1256 "-" "Mozilla/5.0 (compatible; bingbot/2.0; +http://www.bing.com/bingbot.htm)"
157.55.33.78 - - [25/Aug/2013:13:20:43 +0200] "GET /mitarbeiter.php HTTP/1.1" 200 6811 "-" "Mozilla/5.0 (compatible; bingbot/2.0; +http://www.bing.com/bingbot.htm)"
150.70.97.124 - - [25/Aug/2013:14:05:41 +0200] "GET / HTTP/1.1" 200 4539 "-" "Mozilla/4.0 (compatible; MSIE 8.0; Windows NT 5.1; Trident/4.0)"
150.70.75.30 - - [25/Aug/2013:14:07:39 +0200] "GET / HTTP/1.0" 200 4539 "-" "Mozilla/4.0 (compatible; MSIE 6.0; Windows NT 5.1)"
5.10.83.2 - - [25/Aug/2013:14:54:52 +0200] "GET /images/Regie02_gross.jpg HTTP/1.1" 200 1978619 "-" "Mozilla/5.0 (compatible; AhrefsBot/5.0; +http://ahrefs.com/robot/)"
66.249.78.103 - - [25/Aug/2013:15:05:51 +0200] "GET /robots.txt HTTP/1.1" 404 1256 "-" "Mozilla/5.0 (compatible; Googlebot/2.1; +http://www.google.com/bot.html)"
66.249.78.103 - - [25/Aug/2013:15:05:51 +0200] "GET /apple-touch-icon-precomposed.png HTTP/1.1" 404 1256 "-" "Googlebot-Image/1.0"
5.10.83.2 - - [25/Aug/2013:15:33:41 +0200] "GET /historie.php HTTP/1.1" 200 5111 "-" "Mozilla/5.0 (compatible; AhrefsBot/5.0; +http://ahrefs.com/robot/)"
5.10.83.2 - - [25/Aug/2013:16:32:55 +0200] "GET /images/AKB_QMS_Liskow_2006_gross.jpg HTTP/1.1" 200 644084 "-" "Mozilla/5.0 (compatible; AhrefsBot/5.0; +http://ahrefs.com/robot/)"
5.10.83.2 - - [25/Aug/2013:16:36:31 +0200] "GET /images/Apotheke_au%C3%9Fen_ohne.Rand_4_gross.jpg HTTP/1.1" 404 1256 "-" "Mozilla/5.0 (compatible; AhrefsBot/5.0; +http://ahrefs.com/robot/)"
66.249.75.77 - - [25/Aug/2013:17:26:56 +0200] "GET / HTTP/1.1" 200 4539 "-" "Mozilla/5.0 (compatible; Googlebot/2.1; +http://www.google.com/bot.html)"
66.249.78.103 - - [25/Aug/2013:17:55:39 +0200] "GET /index.php HTTP/1.1" 200 4539 "-" "Mozilla/5.0 (compatible; Googlebot/2.1; +http://www.google.com/bot.html)"
66.249.78.103 - - [25/Aug/2013:18:04:29 +0200] "GET /rundgang_hv.php HTTP/1.1" 200 4652 "-" "Mozilla/5.0 (compatible; Googlebot/2.1; +http://www.google.com/bot.html)"
141.8.147.12 - - [25/Aug/2013:18:25:39 +0200] "GET /images/Sterilabteilung04.jpg HTTP/1.1" 304 - "-" "Mozilla/5.0 (compatible; YandexImages/3.0; +http://yandex.com/bots)"
157.55.35.108 - - [25/Aug/2013:18:37:18 +0200] "GET /robots.txt HTTP/1.1" 404 1256 "-" "Mozilla/5.0 (compatible; bingbot/2.0; +http://www.bing.com/bingbot.htm)"
157.55.35.108 - - [25/Aug/2013:18:37:56 +0200] "GET /service.php HTTP/1.1" 200 5642 "-" "Mozilla/5.0 (compatible; bingbot/2.0; +http://www.bing.com/bingbot.htm)"
66.249.78.103 - - [25/Aug/2013:21:08:33 +0200] "GET /css/vita.css HTTP/1.1" 200 5485 "-" "Mozilla/5.0 (compatible; Googlebot/2.1; +http://www.google.com/bot.html)"
66.249.78.103 - - [25/Aug/2013:21:08:34 +0200] "GET /js/fancybox/jquery.fancybox-1.3.4.css HTTP/1.1" 200 8494 "-" "Mozilla/5.0 (compatible; Googlebot/2.1; +http://www.google.com/bot.html)"
5.10.83.2 - - [25/Aug/2013:21:15:06 +0200] "GET /images/Beratungsraum01_gross.jpg HTTP/1.1" 200 7889163 "-" "Mozilla/5.0 (compatible; AhrefsBot/5.0; +http://ahrefs.com/robot/)"
5.10.83.2 - - [25/Aug/2013:22:33:23 +0200] "GET /images/Historie01.jpg HTTP/1.1" 200 17762 "-" "Mozilla/5.0 (compatible; AhrefsBot/5.0; +http://ahrefs.com/robot/)"
141.8.147.12 - - [25/Aug/2013:22:45:17 +0200] "GET /images/Regie02.jpg HTTP/1.1" 304 - "-" "Mozilla/5.0 (compatible; YandexImages/3.0; +http://yandex.com/bots)"
141.8.147.12 - - [25/Aug/2013:22:49:31 +0200] "GET /images/pfeil_weiter.gif HTTP/1.1" 304 - "-" "Mozilla/5.0 (compatible; YandexImages/3.0; +http://yandex.com/bots)"
66.249.78.103 - - [25/Aug/2013:23:20:47 +0200] "GET /sterillabor.php HTTP/1.1" 200 4330 "-" "SAMSUNG-SGH-E250/1.0 Profile/MIDP-2.0 Configuration/CLDC-1.1 UP.Browser/6.2.3.3.c.1.101 (GUI) MMP/2.0 (compatible; Googlebot-Mobile/2.1; +http://www.google.com/bot.html)"
5.10.83.2 - - [25/Aug/2013:23:40:19 +0200] "GET /rundgang_warenlager.php HTTP/1.1" 200 4776 "-" "Mozilla/5.0 (compatible; AhrefsBot/5.0; +http://ahrefs.com/robot/)"
66.249.78.103 - - [26/Aug/2013:00:01:44 +0200] "GET /mitarbeiter.php HTTP/1.1" 200 6811 "-" "Mozilla/5.0 (compatible; Googlebot/2.1; +http://www.google.com/bot.html)"
66.249.78.103 - - [26/Aug/2013:02:24:19 +0200] "GET / HTTP/1.1" 200 4539 "-" "Mozilla/5.0 (iPhone; U; CPU iPhone OS 4_1 like Mac OS X; en-us) AppleWebKit/532.9 (KHTML, like Gecko) Version/4.0.5 Mobile/8B117 Safari/6531.22.7 (compatible; Googlebot-Mobile/2.1; +http://www.google.com/bot.html)"
66.249.78.103 - - [26/Aug/2013:02:29:16 +0200] "GET /historie.php HTTP/1.1" 200 5111 "-" "Mozilla/5.0 (compatible; Googlebot/2.1; +http://www.google.com/bot.html)"
157.55.35.108 - - [26/Aug/2013:02:36:50 +0200] "GET /robots.txt HTTP/1.1" 404 1256 "-" "Mozilla/5.0 (compatible; bingbot/2.0; +http://www.bing.com/bingbot.htm)"
157.55.35.108 - - [26/Aug/2013:02:37:21 +0200] "GET /service.php HTTP/1.1" 200 5642 "-" "Mozilla/5.0 (compatible; bingbot/2.0; +http://www.bing.com/bingbot.htm)"
157.55.35.108 - - [26/Aug/2013:02:37:34 +0200] "GET /js/fancybox/jquery.fancybox-1.3.4.css HTTP/1.1" 200 8494 "-" "Mozilla/5.0 (compatible; bingbot/2.0; +http://www.bing.com/bingbot.htm)"
157.55.35.52 - - [26/Aug/2013:02:38:01 +0200] "GET /images/AKB_QMS_Liskow_2006.png HTTP/1.1" 200 6005 "-" "Mozilla/5.0 (compatible; bingbot/2.0; +http://www.bing.com/bingbot.htm)"
157.55.35.52 - - [26/Aug/2013:02:38:02 +0200] "GET /js/jquery.cross-slide.js HTTP/1.1" 200 6780 "-" "Mozilla/5.0 (compatible; bingbot/2.0; +http://www.bing.com/bingbot.htm)"
157.55.35.52 - - [26/Aug/2013:02:38:03 +0200] "GET /js/jquery-1.5.1.min.js HTTP/1.1" 200 85260 "-" "Mozilla/5.0 (compatible; bingbot/2.0; +http://www.bing.com/bingbot.htm)"
5.10.83.2 - - [26/Aug/2013:02:45:16 +0200] "GET /images/MA_Team_Zyto_gross.jpg HTTP/1.1" 200 229841 "-" "Mozilla/5.0 (compatible; AhrefsBot/5.0; +http://ahrefs.com/robot/)"
199.30.24.127 - - [26/Aug/2013:03:38:40 +0200] "GET /css/vita.css HTTP/1.1" 200 5485 "http://www.vita-apotheke.com/service.php" "Mozilla/5.0 (Windows NT 6.1; WOW64) AppleWebKit/534+ (KHTML, like Gecko) BingPreview/1.0b"
199.30.24.127 - - [26/Aug/2013:03:38:40 +0200] "GET /js/fancybox/jquery.fancybox-1.3.4.css HTTP/1.1" 200 8494 "http://www.vita-apotheke.com/service.php" "Mozilla/5.0 (Windows NT 6.1; WOW64) AppleWebKit/534+ (KHTML, like Gecko) BingPreview/1.0b"
199.30.24.127 - - [26/Aug/2013:03:38:40 +0200] "GET /js/fancybox/jquery.fancybox-1.3.4.pack.js HTTP/1.1" 200 15624 "http://www.vita-apotheke.com/service.php" "Mozilla/5.0 (Windows NT 6.1; WOW64) AppleWebKit/534+ (KHTML, like Gecko) BingPreview/1.0b"
199.30.24.127 - - [26/Aug/2013:03:38:42 +0200] "GET /images/quapos-zertifikat.jpg HTTP/1.1" 200 3804 "http://www.vita-apotheke.com/service.php" "Mozilla/5.0 (Windows NT 6.1; WOW64) AppleWebKit/534+ (KHTML, like Gecko) BingPreview/1.0b"
199.30.24.127 - - [26/Aug/2013:03:38:42 +0200] "GET /images/vita-logo-dunkelgruen.jpg HTTP/1.1" 200 7021 "http://www.vita-apotheke.com/service.php" "Mozilla/5.0 (Windows NT 6.1; WOW64) AppleWebKit/534+ (KHTML, like Gecko) BingPreview/1.0b"
199.30.24.127 - - [26/Aug/2013:03:38:42 +0200] "GET /images/grafik_navi_mittelgruen.jpg HTTP/1.1" 200 13783 "http://www.vita-apotheke.com/service.php" "Mozilla/5.0 (Windows NT 6.1; WOW64) AppleWebKit/534+ (KHTML, like Gecko) BingPreview/1.0b"
66.249.78.103 - - [26/Aug/2013:04:05:40 +0200] "GET /robots.txt HTTP/1.1" 404 1256 "-" "Mozilla/5.0 (compatible; Googlebot/2.1; +http://www.google.com/bot.html)"
66.249.78.103 - - [26/Aug/2013:04:05:40 +0200] "GET /impressum.php HTTP/1.1" 200 4696 "-" "Mozilla/5.0 (compatible; Googlebot/2.1; +http://www.google.com/bot.html)"
5.10.83.2 - - [26/Aug/2013:04:09:35 +0200] "GET /images/Regie_gross.jpg HTTP/1.1" 200 931645 "-" "Mozilla/5.0 (compatible; AhrefsBot/5.0; +http://ahrefs.com/robot/)"
141.8.147.12 - - [26/Aug/2013:04:40:34 +0200] "GET /robots.txt HTTP/1.1" 404 1256 "-" "Mozilla/5.0 (compatible; YandexBot/3.0; +http://yandex.com/bots)"
141.8.147.12 - - [26/Aug/2013:05:05:32 +0200] "GET /images/Regie02.jpg HTTP/1.1" 304 - "-" "Mozilla/5.0 (compatible; YandexImages/3.0; +http://yandex.com/bots)"
66.249.78.103 - - [26/Aug/2013:05:27:57 +0200] "GET /sterillabor.php HTTP/1.1" 200 4330 "-" "Mozilla/5.0 (iPhone; U; CPU iPhone OS 4_1 like Mac OS X; en-us) AppleWebKit/532.9 (KHTML, like Gecko) Version/4.0.5 Mobile/8B117 Safari/6531.22.7 (compatible; Googlebot-Mobile/2.1; +http://www.google.com/bot.html)"
141.8.147.12 - - [26/Aug/2013:05:32:49 +0200] "GET /images/Sterilabteilung04.jpg HTTP/1.1" 304 - "-" "Mozilla/5.0 (compatible; YandexImages/3.0; +http://yandex.com/bots)"
66.249.78.103 - - [26/Aug/2013:05:39:39 +0200] "GET /aerzteadressen.php HTTP/1.1" 200 5232 "-" "Mozilla/5.0 (compatible; Googlebot/2.1; +http://www.google.com/bot.html)"
157.55.35.108 - - [26/Aug/2013:05:57:10 +0200] "GET /robots.txt HTTP/1.1" 404 1256 "-" "Mozilla/5.0 (compatible; bingbot/2.0; +http://www.bing.com/bingbot.htm)"
157.55.35.108 - - [26/Aug/2013:05:57:35 +0200] "GET /service.php HTTP/1.1" 200 5642 "-" "Mozilla/5.0 (compatible; bingbot/2.0; +http://www.bing.com/bingbot.htm)"
157.55.35.108 - - [26/Aug/2013:05:57:53 +0200] "GET /js/fancybox/jquery.fancybox-1.3.4.css HTTP/1.1" 200 8494 "-" "Mozilla/5.0 (compatible; bingbot/2.0; +http://www.bing.com/bingbot.htm)"
218.30.103.147 - - [26/Aug/2013:05:58:11 +0200] "GET / HTTP/1.1" 200 4539 "-" "Sogou web spider/4.0(+http://www.sogou.com/docs/help/webmasters.htm#07)"
157.55.34.166 - - [26/Aug/2013:05:58:15 +0200] "GET /css/vita.css HTTP/1.1" 200 5485 "-" "Mozilla/5.0 (compatible; bingbot/2.0; +http://www.bing.com/bingbot.htm)"
218.30.103.147 - - [26/Aug/2013:05:59:15 +0200] "GET /robots.txt HTTP/1.1" 404 1256 "-" "Sogou web spider/4.0"
218.30.103.147 - - [26/Aug/2013:06:28:33 +0200] "GET / HTTP/1.1" 200 4539 "-" "Sogou web spider/4.0(+http://www.sogou.com/docs/help/webmasters.htm#07)"
5.10.83.2 - - [26/Aug/2013:06:43:47 +0200] "GET /rundgang_start.php HTTP/1.1" 200 4652 "-" "Mozilla/5.0 (compatible; AhrefsBot/5.0; +http://ahrefs.com/robot/)"
157.55.35.108 - - [26/Aug/2013:06:59:18 +0200] "GET /robots.txt HTTP/1.1" 404 1256 "-" "Mozilla/5.0 (compatible; bingbot/2.0; +http://www.bing.com/bingbot.htm)"
157.55.35.108 - - [26/Aug/2013:06:59:41 +0200] "GET /js/fancybox/jquery.fancybox-1.3.4.css HTTP/1.1" 200 8494 "-" "Mozilla/5.0 (compatible; bingbot/2.0; +http://www.bing.com/bingbot.htm)"
5.10.83.2 - - [26/Aug/2013:07:18:45 +0200] "GET /ueberuns.php HTTP/1.1" 302 - "-" "Mozilla/5.0 (compatible; AhrefsBot/5.0; +http://ahrefs.com/robot/)"
66.249.78.103 - - [26/Aug/2013:07:45:32 +0200] "GET /service.php HTTP/1.1" 200 5642 "-" "Mozilla/5.0 (compatible; Googlebot/2.1; +http://www.google.com/bot.html)"
5.10.83.2 - - [26/Aug/2013:08:13:16 +0200] "GET /mitarbeiter.php HTTP/1.1" 200 6811 "-" "Mozilla/5.0 (compatible; AhrefsBot/5.0; +http://ahrefs.com/robot/)"
85.179.144.112 - - [26/Aug/2013:08:18:00 +0200] "GET / HTTP/1.1" 200 4539 "http://www.bing.com/search/?q=apotheke+am+arnimplatz&a=results&MID=2500" "Mozilla/5.0 (iPhone; CPU iPhone OS 6_0 like Mac OS X) AppleWebKit/536.26 (KHTML, like Gecko) Version/6.0 Mobile/10A405 Safari/8536.25"
85.179.144.112 - - [26/Aug/2013:08:18:00 +0200] "GET /css/vita.css HTTP/1.1" 200 5485 "http://www.vita-apotheke.com/" "Mozilla/5.0 (iPhone; CPU iPhone OS 6_0 like Mac OS X) AppleWebKit/536.26 (KHTML, like Gecko) Version/6.0 Mobile/10A405 Safari/8536.25"
85.179.144.112 - - [26/Aug/2013:08:18:00 +0200] "GET /js/fancybox/jquery.fancybox-1.3.4.css HTTP/1.1" 200 8494 "http://www.vita-apotheke.com/" "Mozilla/5.0 (iPhone; CPU iPhone OS 6_0 like Mac OS X) AppleWebKit/536.26 (KHTML, like Gecko) Version/6.0 Mobile/10A405 Safari/8536.25"
85.179.144.112 - - [26/Aug/2013:08:18:00 +0200] "GET /js/jquery.cross-slide.js HTTP/1.1" 200 6780 "http://www.vita-apotheke.com/" "Mozilla/5.0 (iPhone; CPU iPhone OS 6_0 like Mac OS X) AppleWebKit/536.26 (KHTML, like Gecko) Version/6.0 Mobile/10A405 Safari/8536.25"
85.179.144.112 - - [26/Aug/2013:08:18:00 +0200] "GET /js/fancybox/jquery.fancybox-1.3.4.pack.js HTTP/1.1" 200 15624 "http://www.vita-apotheke.com/" "Mozilla/5.0 (iPhone; CPU iPhone OS 6_0 like Mac OS X) AppleWebKit/536.26 (KHTML, like Gecko) Version/6.0 Mobile/10A405 Safari/8536.25"
85.179.144.112 - - [26/Aug/2013:08:18:00 +0200] "GET /js/jquery-1.5.1.min.js HTTP/1.1" 200 85260 "http://www.vita-apotheke.com/" "Mozilla/5.0 (iPhone; CPU iPhone OS 6_0 like Mac OS X) AppleWebKit/536.26 (KHTML, like Gecko) Version/6.0 Mobile/10A405 Safari/8536.25"
85.179.144.112 - - [26/Aug/2013:08:18:00 +0200] "GET /images/AKB_QMS_Liskow_2006.png HTTP/1.1" 200 6005 "http://www.vita-apotheke.com/" "Mozilla/5.0 (iPhone; CPU iPhone OS 6_0 like Mac OS X) AppleWebKit/536.26 (KHTML, like Gecko) Version/6.0 Mobile/10A405 Safari/8536.25"
85.179.144.112 - - [26/Aug/2013:08:18:00 +0200] "GET /images/quapos-zertifikat.jpg HTTP/1.1" 200 3804 "http://www.vita-apotheke.com/" "Mozilla/5.0 (iPhone; CPU iPhone OS 6_0 like Mac OS X) AppleWebKit/536.26 (KHTML, like Gecko) Version/6.0 Mobile/10A405 Safari/8536.25"
85.179.144.112 - - [26/Aug/2013:08:18:00 +0200] "GET /images/MA_MonikaLorenz.jpg HTTP/1.1" 200 46854 "http://www.vita-apotheke.com/" "Mozilla/5.0 (iPhone; CPU iPhone OS 6_0 like Mac OS X) AppleWebKit/536.26 (KHTML, like Gecko) Version/6.0 Mobile/10A405 Safari/8536.25"
85.179.144.112 - - [26/Aug/2013:08:18:01 +0200] "GET /images/vita-logo-dunkelgruen.jpg HTTP/1.1" 200 7021 "http://www.vita-apotheke.com/" "Mozilla/5.0 (iPhone; CPU iPhone OS 6_0 like Mac OS X) AppleWebKit/536.26 (KHTML, like Gecko) Version/6.0 Mobile/10A405 Safari/8536.25"
85.179.144.112 - - [26/Aug/2013:08:18:01 +0200] "GET /images/grafik_navi_mittelgruen.jpg HTTP/1.1" 200 13783 "http://www.vita-apotheke.com/" "Mozilla/5.0 (iPhone; CPU iPhone OS 6_0 like Mac OS X) AppleWebKit/536.26 (KHTML, like Gecko) Version/6.0 Mobile/10A405 Safari/8536.25"
85.179.144.112 - - [26/Aug/2013:08:18:09 +0200] "GET /kontakt.php HTTP/1.1" 200 5102 "http://www.vita-apotheke.com/" "Mozilla/5.0 (iPhone; CPU iPhone OS 6_0 like Mac OS X) AppleWebKit/536.26 (KHTML, like Gecko) Version/6.0 Mobile/10A405 Safari/8536.25"
91.194.254.79 - - [26/Aug/2013:09:19:31 +0200] "GET / HTTP/1.1" 200 4539 "http://www.vita-apotheke.com/" "Mozilla/5.0 (Windows NT 5.1; rv:11.0) Gecko Firefox/11.0"
91.194.254.79 - - [26/Aug/2013:09:19:32 +0200] "GET /wp-login.php HTTP/1.1" 404 1256 "http://www.vita-apotheke.com/" "Mozilla/5.0 (Windows NT 5.1; rv:11.0) Gecko Firefox/11.0"
66.249.78.103 - - [26/Aug/2013:09:23:44 +0200] "GET /zertifizierungen.php HTTP/1.1" 200 4722 "-" "Mozilla/5.0 (compatible; Googlebot/2.1; +http://www.google.com/bot.html)"
66.249.78.103 - - [26/Aug/2013:09:56:28 +0200] "GET /rundgang_start.php HTTP/1.1" 200 4652 "-" "Mozilla/5.0 (compatible; Googlebot/2.1; +http://www.google.com/bot.html)"
176.9.146.19 - - [26/Aug/2013:10:03:48 +0200] "GET /robots.txt HTTP/1.1" 404 1256 "-" "Mozilla/5.0 (compatible; SISTRIX Crawler; http://crawler.sistrix.net/)"
176.9.146.19 - - [26/Aug/2013:10:03:48 +0200] "GET / HTTP/1.1" 200 4539 "-" "Mozilla/5.0 (compatible; SISTRIX Crawler; http://crawler.sistrix.net/)"
176.9.146.19 - - [26/Aug/2013:10:03:48 +0200] "GET /kontakt.php HTTP/1.1" 200 5102 "-" "Mozilla/5.0 (compatible; SISTRIX Crawler; http://crawler.sistrix.net/)"
176.9.146.19 - - [26/Aug/2013:10:03:49 +0200] "GET /historie.php HTTP/1.1" 200 5111 "-" "Mozilla/5.0 (compatible; SISTRIX Crawler; http://crawler.sistrix.net/)"
176.9.146.19 - - [26/Aug/2013:10:03:49 +0200] "GET /aerzteadressen.php HTTP/1.1" 200 5232 "-" "Mozilla/5.0 (compatible; SISTRIX Crawler; http://crawler.sistrix.net/)"
176.9.146.19 - - [26/Aug/2013:10:03:49 +0200] "GET /index.php HTTP/1.1" 200 4539 "-" "Mozilla/5.0 (compatible; SISTRIX Crawler; http://crawler.sistrix.net/)"
176.9.146.19 - - [26/Aug/2013:10:03:49 +0200] "GET /impressum.php HTTP/1.1" 200 4696 "-" "Mozilla/5.0 (compatible; SISTRIX Crawler; http://crawler.sistrix.net/)"
176.9.146.19 - - [26/Aug/2013:10:03:49 +0200] "GET /service.php HTTP/1.1" 200 5642 "-" "Mozilla/5.0 (compatible; SISTRIX Crawler; http://crawler.sistrix.net/)"
176.9.146.19 - - [26/Aug/2013:10:03:49 +0200] "GET /rundgang_start.php HTTP/1.1" 200 4652 "-" "Mozilla/5.0 (compatible; SISTRIX Crawler; http://crawler.sistrix.net/)"
176.9.146.19 - - [26/Aug/2013:10:03:49 +0200] "GET /sterillabor.php HTTP/1.1" 200 4330 "-" "Mozilla/5.0 (compatible; SISTRIX Crawler; http://crawler.sistrix.net/)"
176.9.146.19 - - [26/Aug/2013:10:03:50 +0200] "GET /rundgang_beratungsraum.php HTTP/1.1" 200 5025 "-" "Mozilla/5.0 (compatible; SISTRIX Crawler; http://crawler.sistrix.net/)"
176.9.146.19 - - [26/Aug/2013:10:03:50 +0200] "GET /mitarbeiter.php HTTP/1.1" 200 6811 "-" "Mozilla/5.0 (compatible; SISTRIX Crawler; http://crawler.sistrix.net/)"
176.9.146.19 - - [26/Aug/2013:10:03:50 +0200] "GET /zertifizierungen.php HTTP/1.1" 200 4722 "-" "Mozilla/5.0 (compatible; SISTRIX Crawler; http://crawler.sistrix.net/)"
176.9.146.19 - - [26/Aug/2013:10:03:50 +0200] "GET /rundgang_regie.php HTTP/1.1" 200 5041 "-" "Mozilla/5.0 (compatible; SISTRIX Crawler; http://crawler.sistrix.net/)"
176.9.146.19 - - [26/Aug/2013:10:03:50 +0200] "GET /rundgang_hv.php HTTP/1.1" 200 4652 "-" "Mozilla/5.0 (compatible; SISTRIX Crawler; http://crawler.sistrix.net/)"
66.249.78.103 - - [26/Aug/2013:10:42:18 +0200] "GET /kontakt.php HTTP/1.1" 200 5102 "-" "Mozilla/5.0 (compatible; Googlebot/2.1; +http://www.google.com/bot.html)"
176.57.143.39 - - [26/Aug/2013:11:39:49 +0200] "GET /aerzteadressen.php HTTP/1.1" 200 5232 "-" "Mozilla/5.0 (X11; Linux i686; rv:6.0) Gecko/20100101 Firefox/6.0"
5.10.83.2 - - [26/Aug/2013:11:47:39 +0200] "GET /images/Sterilabteilung04_gross.jpg HTTP/1.1" 200 1284469 "-" "Mozilla/5.0 (compatible; AhrefsBot/5.0; +http://ahrefs.com/robot/)"
66.249.78.103 - - [26/Aug/2013:12:25:11 +0200] "GET / HTTP/1.1" 200 4539 "-" "SAMSUNG-SGH-E250/1.0 Profile/MIDP-2.0 Configuration/CLDC-1.1 UP.Browser/6.2.3.3.c.1.101 (GUI) MMP/2.0 (compatible; Googlebot-Mobile/2.1; +http://www.google.com/bot.html)"
141.8.147.12 - - [26/Aug/2013:12:26:42 +0200] "GET /images/Beratungsraum.jpg HTTP/1.1" 304 - "-" "Mozilla/5.0 (compatible; YandexImages/3.0; +http://yandex.com/bots)"
5.10.83.2 - - [26/Aug/2013:13:11:06 +0200] "GET /images/Beratungsraum_gross.jpg HTTP/1.1" 200 1847485 "-" "Mozilla/5.0 (compatible; AhrefsBot/5.0; +http://ahrefs.com/robot/)"
66.249.78.103 - - [26/Aug/2013:14:13:48 +0200] "GET /favicon.ico HTTP/1.1" 404 1256 "-" "Googlebot-Image/1.0"
81.7.59.102 - - [26/Aug/2013:14:38:42 +0200] "GET / HTTP/1.1" 200 4539 "-" "Mozilla/5.0 (X11; Linux i686; rv:6.0) Gecko/20100101 Firefox/6.0"
5.10.83.2 - - [26/Aug/2013:16:10:46 +0200] "GET /rundgang_beratungsraum.php HTTP/1.1" 200 5025 "-" "Mozilla/5.0 (compatible; AhrefsBot/5.0; +http://ahrefs.com/robot/)"
157.55.32.114 - - [26/Aug/2013:16:49:58 +0200] "GET /robots.txt HTTP/1.1" 404 1256 "-" "Mozilla/5.0 (compatible; bingbot/2.0; +http://www.bing.com/bingbot.htm)"
157.55.32.114 - - [26/Aug/2013:16:54:48 +0200] "GET /index.php HTTP/1.1" 200 4539 "-" "Mozilla/5.0 (compatible; bingbot/2.0; +http://www.bing.com/bingbot.htm)"
199.19.249.196 - - [26/Aug/2013:16:55:05 +0200] "GET / HTTP/1.1" 200 4539 "-" "Mozilla/4.0 (compatible; MSIE 7.0; Windows NT 5.1; InfoPath.1; .NET CLR 2.0.50727; .NET CLR 1.1.4322; MS-RTC LM 8; .NET CLR 3.0.4506.2152; .NET CLR 3.5.30729)"
193.169.196.201 - - [26/Aug/2013:16:55:05 +0200] "GET / HTTP/1.1" 200 4539 "http://www.google.com/url?sa=t&rct=j&q=&esrc=s&frm=1&source=web&cd=1&ved=0CDMQFjAA&url=http%3A%2F%2Fwww.vita-apotheke.com%2F&ei=2WsbUvmnDcnMsgbqrICICw&usg=AFQjCNGHscoO06lKwKfUZWpPexrvGv3sxg&bvm=bv.51156542,d.Yms" "Mozilla/4.0 (compatible; MSIE 8.0; Windows NT 5.1; Trident/4.0; .NET4.0C; .NET4.0E; .NET CLR 2.0.50727; .NET CLR 3.0.4506.2152; .NET CLR 3.5.30729)"
193.169.196.201 - - [26/Aug/2013:16:55:05 +0200] "GET /js/jquery.cross-slide.js HTTP/1.1" 200 6780 "http://www.vita-apotheke.com/" "Mozilla/4.0 (compatible; MSIE 8.0; Windows NT 5.1; Trident/4.0; .NET4.0C; .NET4.0E; .NET CLR 2.0.50727; .NET CLR 3.0.4506.2152; .NET CLR 3.5.30729)"
193.169.196.201 - - [26/Aug/2013:16:55:05 +0200] "GET /js/fancybox/jquery.fancybox-1.3.4.pack.js HTTP/1.1" 200 15624 "http://www.vita-apotheke.com/" "Mozilla/4.0 (compatible; MSIE 8.0; Windows NT 5.1; Trident/4.0; .NET4.0C; .NET4.0E; .NET CLR 2.0.50727; .NET CLR 3.0.4506.2152; .NET CLR 3.5.30729)"
193.169.196.201 - - [26/Aug/2013:16:55:05 +0200] "GET /js/fancybox/jquery.fancybox-1.3.4.css HTTP/1.1" 200 8494 "http://www.vita-apotheke.com/" "Mozilla/4.0 (compatible; MSIE 8.0; Windows NT 5.1; Trident/4.0; .NET4.0C; .NET4.0E; .NET CLR 2.0.50727; .NET CLR 3.0.4506.2152; .NET CLR 3.5.30729)"
193.169.196.201 - - [26/Aug/2013:16:55:05 +0200] "GET /images/AKB_QMS_Liskow_2006.png HTTP/1.1" 200 6005 "http://www.vita-apotheke.com/" "Mozilla/4.0 (compatible; MSIE 8.0; Windows NT 5.1; Trident/4.0; .NET4.0C; .NET4.0E; .NET CLR 2.0.50727; .NET CLR 3.0.4506.2152; .NET CLR 3.5.30729)"
193.169.196.201 - - [26/Aug/2013:16:55:05 +0200] "GET /css/vita.css HTTP/1.1" 200 5485 "http://www.vita-apotheke.com/" "Mozilla/4.0 (compatible; MSIE 8.0; Windows NT 5.1; Trident/4.0; .NET4.0C; .NET4.0E; .NET CLR 2.0.50727; .NET CLR 3.0.4506.2152; .NET CLR 3.5.30729)"
193.169.196.201 - - [26/Aug/2013:16:55:05 +0200] "GET /images/quapos-zertifikat.jpg HTTP/1.1" 200 3804 "http://www.vita-apotheke.com/" "Mozilla/4.0 (compatible; MSIE 8.0; Windows NT 5.1; Trident/4.0; .NET4.0C; .NET4.0E; .NET CLR 2.0.50727; .NET CLR 3.0.4506.2152; .NET CLR 3.5.30729)"
193.169.196.201 - - [26/Aug/2013:16:55:05 +0200] "GET /images/MA_MonikaLorenz.jpg HTTP/1.1" 200 46854 "http://www.vita-apotheke.com/" "Mozilla/4.0 (compatible; MSIE 8.0; Windows NT 5.1; Trident/4.0; .NET4.0C; .NET4.0E; .NET CLR 2.0.50727; .NET CLR 3.0.4506.2152; .NET CLR 3.5.30729)"
193.169.196.201 - - [26/Aug/2013:16:55:05 +0200] "GET /js/jquery-1.5.1.min.js HTTP/1.1" 200 85260 "http://www.vita-apotheke.com/" "Mozilla/4.0 (compatible; MSIE 8.0; Windows NT 5.1; Trident/4.0; .NET4.0C; .NET4.0E; .NET CLR 2.0.50727; .NET CLR 3.0.4506.2152; .NET CLR 3.5.30729)"
193.169.196.201 - - [26/Aug/2013:16:55:06 +0200] "GET /images/vita-logo-dunkelgruen.jpg HTTP/1.1" 200 7021 "http://www.vita-apotheke.com/" "Mozilla/4.0 (compatible; MSIE 8.0; Windows NT 5.1; Trident/4.0; .NET4.0C; .NET4.0E; .NET CLR 2.0.50727; .NET CLR 3.0.4506.2152; .NET CLR 3.5.30729)"
193.169.196.201 - - [26/Aug/2013:16:55:06 +0200] "GET /images/grafik_navi_mittelgruen.jpg HTTP/1.1" 200 13783 "http://www.vita-apotheke.com/" "Mozilla/4.0 (compatible; MSIE 8.0; Windows NT 5.1; Trident/4.0; .NET4.0C; .NET4.0E; .NET CLR 2.0.50727; .NET CLR 3.0.4506.2152; .NET CLR 3.5.30729)"
193.169.196.201 - - [26/Aug/2013:16:55:06 +0200] "GET /js/fancybox/fancybox.png HTTP/1.1" 200 15287 "http://www.vita-apotheke.com/" "Mozilla/4.0 (compatible; MSIE 8.0; Windows NT 5.1; Trident/4.0; .NET4.0C; .NET4.0E; .NET CLR 2.0.50727; .NET CLR 3.0.4506.2152; .NET CLR 3.5.30729)"
193.169.196.201 - - [26/Aug/2013:16:55:06 +0200] "GET /js/fancybox/blank.gif HTTP/1.1" 200 43 "http://www.vita-apotheke.com/" "Mozilla/4.0 (compatible; MSIE 8.0; Windows NT 5.1; Trident/4.0; .NET4.0C; .NET4.0E; .NET CLR 2.0.50727; .NET CLR 3.0.4506.2152; .NET CLR 3.5.30729)"
193.169.196.201 - - [26/Aug/2013:16:55:06 +0200] "GET /favicon.ico HTTP/1.1" 404 1256 "-" "Mozilla/4.0 (compatible; MSIE 8.0; Windows NT 5.1; Trident/4.0; .NET4.0C; .NET4.0E; .NET CLR 2.0.50727; .NET CLR 3.0.4506.2152; .NET CLR 3.5.30729)"
193.169.196.201 - - [26/Aug/2013:16:55:06 +0200] "GET /fancybox/fancy_shadow_n.png HTTP/1.1" 404 1256 "-" "Mozilla/4.0 (compatible; MSIE 8.0; Windows NT 5.1; Trident/4.0; .NET4.0C; .NET4.0E; .NET CLR 2.0.50727; .NET CLR 3.0.4506.2152; .NET CLR 3.5.30729)"
193.169.196.201 - - [26/Aug/2013:16:55:06 +0200] "GET /fancybox/fancy_shadow_ne.png HTTP/1.1" 404 1256 "-" "Mozilla/4.0 (compatible; MSIE 8.0; Windows NT 5.1; Trident/4.0; .NET4.0C; .NET4.0E; .NET CLR 2.0.50727; .NET CLR 3.0.4506.2152; .NET CLR 3.5.30729)"
193.169.196.201 - - [26/Aug/2013:16:55:06 +0200] "GET /fancybox/fancy_shadow_e.png HTTP/1.1" 404 1256 "-" "Mozilla/4.0 (compatible; MSIE 8.0; Windows NT 5.1; Trident/4.0; .NET4.0C; .NET4.0E; .NET CLR 2.0.50727; .NET CLR 3.0.4506.2152; .NET CLR 3.5.30729)"
193.169.196.201 - - [26/Aug/2013:16:55:06 +0200] "GET /fancybox/fancy_shadow_se.png HTTP/1.1" 404 1256 "-" "Mozilla/4.0 (compatible; MSIE 8.0; Windows NT 5.1; Trident/4.0; .NET4.0C; .NET4.0E; .NET CLR 2.0.50727; .NET CLR 3.0.4506.2152; .NET CLR 3.5.30729)"
193.169.196.201 - - [26/Aug/2013:16:55:07 +0200] "GET /fancybox/fancy_shadow_s.png HTTP/1.1" 404 1256 "-" "Mozilla/4.0 (compatible; MSIE 8.0; Windows NT 5.1; Trident/4.0; .NET4.0C; .NET4.0E; .NET CLR 2.0.50727; .NET CLR 3.0.4506.2152; .NET CLR 3.5.30729)"
193.169.196.201 - - [26/Aug/2013:16:55:07 +0200] "GET /fancybox/fancy_shadow_sw.png HTTP/1.1" 404 1256 "-" "Mozilla/4.0 (compatible; MSIE 8.0; Windows NT 5.1; Trident/4.0; .NET4.0C; .NET4.0E; .NET CLR 2.0.50727; .NET CLR 3.0.4506.2152; .NET CLR 3.5.30729)"
193.169.196.201 - - [26/Aug/2013:16:55:07 +0200] "GET /fancybox/fancy_shadow_w.png HTTP/1.1" 404 1256 "-" "Mozilla/4.0 (compatible; MSIE 8.0; Windows NT 5.1; Trident/4.0; .NET4.0C; .NET4.0E; .NET CLR 2.0.50727; .NET CLR 3.0.4506.2152; .NET CLR 3.5.30729)"
193.169.196.201 - - [26/Aug/2013:16:55:07 +0200] "GET /fancybox/fancy_shadow_nw.png HTTP/1.1" 404 1256 "-" "Mozilla/4.0 (compatible; MSIE 8.0; Windows NT 5.1; Trident/4.0; .NET4.0C; .NET4.0E; .NET CLR 2.0.50727; .NET CLR 3.0.4506.2152; .NET CLR 3.5.30729)"
199.19.249.196 - - [26/Aug/2013:16:55:07 +0200] "GET /historie.php HTTP/1.1" 200 5111 "-" "Mozilla/4.0 (compatible; MSIE 7.0; Windows NT 5.1; InfoPath.1; .NET CLR 2.0.50727; .NET CLR 1.1.4322; MS-RTC LM 8; .NET CLR 3.0.4506.2152; .NET CLR 3.5.30729)"
193.169.196.201 - - [26/Aug/2013:16:55:07 +0200] "GET /historie.php HTTP/1.1" 200 5111 "http://www.vita-apotheke.com/" "Mozilla/4.0 (compatible; MSIE 8.0; Windows NT 5.1; Trident/4.0; .NET4.0C; .NET4.0E; .NET CLR 2.0.50727; .NET CLR 3.0.4506.2152; .NET CLR 3.5.30729)"
193.169.196.201 - - [26/Aug/2013:16:55:07 +0200] "GET /images/Historie01.jpg HTTP/1.1" 200 17762 "http://www.vita-apotheke.com/historie.php" "Mozilla/4.0 (compatible; MSIE 8.0; Windows NT 5.1; Trident/4.0; .NET4.0C; .NET4.0E; .NET CLR 2.0.50727; .NET CLR 3.0.4506.2152; .NET CLR 3.5.30729)"
193.169.196.201 - - [26/Aug/2013:16:55:07 +0200] "GET /images/Historie.jpg HTTP/1.1" 200 22682 "http://www.vita-apotheke.com/historie.php" "Mozilla/4.0 (compatible; MSIE 8.0; Windows NT 5.1; Trident/4.0; .NET4.0C; .NET4.0E; .NET CLR 2.0.50727; .NET CLR 3.0.4506.2152; .NET CLR 3.5.30729)"
193.169.196.201 - - [26/Aug/2013:16:55:08 +0200] "GET /favicon.ico HTTP/1.1" 404 1256 "-" "Mozilla/4.0 (compatible; MSIE 8.0; Windows NT 5.1; Trident/4.0; .NET4.0C; .NET4.0E; .NET CLR 2.0.50727; .NET CLR 3.0.4506.2152; .NET CLR 3.5.30729)"
193.169.196.201 - - [26/Aug/2013:16:55:08 +0200] "GET /fancybox/fancy_shadow_n.png HTTP/1.1" 404 1256 "-" "Mozilla/4.0 (compatible; MSIE 8.0; Windows NT 5.1; Trident/4.0; .NET4.0C; .NET4.0E; .NET CLR 2.0.50727; .NET CLR 3.0.4506.2152; .NET CLR 3.5.30729)"
193.169.196.201 - - [26/Aug/2013:16:55:08 +0200] "GET /fancybox/fancy_shadow_ne.png HTTP/1.1" 404 1256 "-" "Mozilla/4.0 (compatible; MSIE 8.0; Windows NT 5.1; Trident/4.0; .NET4.0C; .NET4.0E; .NET CLR 2.0.50727; .NET CLR 3.0.4506.2152; .NET CLR 3.5.30729)"
193.169.196.201 - - [26/Aug/2013:16:55:08 +0200] "GET /fancybox/fancy_shadow_e.png HTTP/1.1" 404 1256 "-" "Mozilla/4.0 (compatible; MSIE 8.0; Windows NT 5.1; Trident/4.0; .NET4.0C; .NET4.0E; .NET CLR 2.0.50727; .NET CLR 3.0.4506.2152; .NET CLR 3.5.30729)"
193.169.196.201 - - [26/Aug/2013:16:55:08 +0200] "GET /fancybox/fancy_shadow_se.png HTTP/1.1" 404 1256 "-" "Mozilla/4.0 (compatible; MSIE 8.0; Windows NT 5.1; Trident/4.0; .NET4.0C; .NET4.0E; .NET CLR 2.0.50727; .NET CLR 3.0.4506.2152; .NET CLR 3.5.30729)"
193.169.196.201 - - [26/Aug/2013:16:55:08 +0200] "GET /fancybox/fancy_shadow_s.png HTTP/1.1" 404 1256 "-" "Mozilla/4.0 (compatible; MSIE 8.0; Windows NT 5.1; Trident/4.0; .NET4.0C; .NET4.0E; .NET CLR 2.0.50727; .NET CLR 3.0.4506.2152; .NET CLR 3.5.30729)"
193.169.196.201 - - [26/Aug/2013:16:55:08 +0200] "GET /fancybox/fancy_shadow_sw.png HTTP/1.1" 404 1256 "-" "Mozilla/4.0 (compatible; MSIE 8.0; Windows NT 5.1; Trident/4.0; .NET4.0C; .NET4.0E; .NET CLR 2.0.50727; .NET CLR 3.0.4506.2152; .NET CLR 3.5.30729)"
193.169.196.201 - - [26/Aug/2013:16:55:08 +0200] "GET /fancybox/fancy_shadow_w.png HTTP/1.1" 404 1256 "-" "Mozilla/4.0 (compatible; MSIE 8.0; Windows NT 5.1; Trident/4.0; .NET4.0C; .NET4.0E; .NET CLR 2.0.50727; .NET CLR 3.0.4506.2152; .NET CLR 3.5.30729)"
193.169.196.201 - - [26/Aug/2013:16:55:08 +0200] "GET /fancybox/fancy_shadow_nw.png HTTP/1.1" 404 1256 "-" "Mozilla/4.0 (compatible; MSIE 8.0; Windows NT 5.1; Trident/4.0; .NET4.0C; .NET4.0E; .NET CLR 2.0.50727; .NET CLR 3.0.4506.2152; .NET CLR 3.5.30729)"
199.19.249.196 - - [26/Aug/2013:16:55:16 +0200] "GET /mitarbeiter.php HTTP/1.1" 200 6811 "-" "Mozilla/4.0 (compatible; MSIE 7.0; Windows NT 5.1; InfoPath.1; .NET CLR 2.0.50727; .NET CLR 1.1.4322; MS-RTC LM 8; .NET CLR 3.0.4506.2152; .NET CLR 3.5.30729)"
193.169.196.201 - - [26/Aug/2013:16:55:16 +0200] "GET /mitarbeiter.php HTTP/1.1" 200 6811 "http://www.vita-apotheke.com/historie.php" "Mozilla/4.0 (compatible; MSIE 8.0; Windows NT 5.1; Trident/4.0; .NET4.0C; .NET4.0E; .NET CLR 2.0.50727; .NET CLR 3.0.4506.2152; .NET CLR 3.5.30729)"
193.169.196.201 - - [26/Aug/2013:16:55:16 +0200] "GET /images/MA_MonikaLorenz1.jpg HTTP/1.1" 200 48000 "http://www.vita-apotheke.com/mitarbeiter.php" "Mozilla/4.0 (compatible; MSIE 8.0; Windows NT 5.1; Trident/4.0; .NET4.0C; .NET4.0E; .NET CLR 2.0.50727; .NET CLR 3.0.4506.2152; .NET CLR 3.5.30729)"
193.169.196.201 - - [26/Aug/2013:16:55:16 +0200] "GET /images/MA_Arnim_Apotheke.jpg HTTP/1.1" 200 43855 "http://www.vita-apotheke.com/mitarbeiter.php" "Mozilla/4.0 (compatible; MSIE 8.0; Windows NT 5.1; Trident/4.0; .NET4.0C; .NET4.0E; .NET CLR 2.0.50727; .NET CLR 3.0.4506.2152; .NET CLR 3.5.30729)"
193.169.196.201 - - [26/Aug/2013:16:55:17 +0200] "GET /fancybox/fancy_shadow_n.png HTTP/1.1" 404 1256 "-" "Mozilla/4.0 (compatible; MSIE 8.0; Windows NT 5.1; Trident/4.0; .NET4.0C; .NET4.0E; .NET CLR 2.0.50727; .NET CLR 3.0.4506.2152; .NET CLR 3.5.30729)"
193.169.196.201 - - [26/Aug/2013:16:55:17 +0200] "GET /images/MA_Vita_Apotheke_Startseite.jpg HTTP/1.1" 200 45767 "http://www.vita-apotheke.com/mitarbeiter.php" "Mozilla/4.0 (compatible; MSIE 8.0; Windows NT 5.1; Trident/4.0; .NET4.0C; .NET4.0E; .NET CLR 2.0.50727; .NET CLR 3.0.4506.2152; .NET CLR 3.5.30729)"
193.169.196.201 - - [26/Aug/2013:16:55:17 +0200] "GET /fancybox/fancy_shadow_ne.png HTTP/1.1" 404 1256 "-" "Mozilla/4.0 (compatible; MSIE 8.0; Windows NT 5.1; Trident/4.0; .NET4.0C; .NET4.0E; .NET CLR 2.0.50727; .NET CLR 3.0.4506.2152; .NET CLR 3.5.30729)"
193.169.196.201 - - [26/Aug/2013:16:55:17 +0200] "GET /images/MA_AndreasHidde.jpg HTTP/1.1" 200 42347 "http://www.vita-apotheke.com/mitarbeiter.php" "Mozilla/4.0 (compatible; MSIE 8.0; Windows NT 5.1; Trident/4.0; .NET4.0C; .NET4.0E; .NET CLR 2.0.50727; .NET CLR 3.0.4506.2152; .NET CLR 3.5.30729)"
193.169.196.201 - - [26/Aug/2013:16:55:17 +0200] "GET /fancybox/fancy_shadow_e.png HTTP/1.1" 404 1256 "-" "Mozilla/4.0 (compatible; MSIE 8.0; Windows NT 5.1; Trident/4.0; .NET4.0C; .NET4.0E; .NET CLR 2.0.50727; .NET CLR 3.0.4506.2152; .NET CLR 3.5.30729)"
193.169.196.201 - - [26/Aug/2013:16:55:17 +0200] "GET /images/MA_BirgitBurkhardt.jpg HTTP/1.1" 200 39949 "http://www.vita-apotheke.com/mitarbeiter.php" "Mozilla/4.0 (compatible; MSIE 8.0; Windows NT 5.1; Trident/4.0; .NET4.0C; .NET4.0E; .NET CLR 2.0.50727; .NET CLR 3.0.4506.2152; .NET CLR 3.5.30729)"
193.169.196.201 - - [26/Aug/2013:16:55:17 +0200] "GET /images/MA_DoerteMeinsen.jpg HTTP/1.1" 200 48925 "http://www.vita-apotheke.com/mitarbeiter.php" "Mozilla/4.0 (compatible; MSIE 8.0; Windows NT 5.1; Trident/4.0; .NET4.0C; .NET4.0E; .NET CLR 2.0.50727; .NET CLR 3.0.4506.2152; .NET CLR 3.5.30729)"
193.169.196.201 - - [26/Aug/2013:16:55:17 +0200] "GET /fancybox/fancy_shadow_se.png HTTP/1.1" 404 1256 "-" "Mozilla/4.0 (compatible; MSIE 8.0; Windows NT 5.1; Trident/4.0; .NET4.0C; .NET4.0E; .NET CLR 2.0.50727; .NET CLR 3.0.4506.2152; .NET CLR 3.5.30729)"
193.169.196.201 - - [26/Aug/2013:16:55:17 +0200] "GET /images/MA_JuttaLangbein.jpg HTTP/1.1" 200 47891 "http://www.vita-apotheke.com/mitarbeiter.php" "Mozilla/4.0 (compatible; MSIE 8.0; Windows NT 5.1; Trident/4.0; .NET4.0C; .NET4.0E; .NET CLR 2.0.50727; .NET CLR 3.0.4506.2152; .NET CLR 3.5.30729)"
193.169.196.201 - - [26/Aug/2013:16:55:17 +0200] "GET /fancybox/fancy_shadow_s.png HTTP/1.1" 404 1256 "-" "Mozilla/4.0 (compatible; MSIE 8.0; Windows NT 5.1; Trident/4.0; .NET4.0C; .NET4.0E; .NET CLR 2.0.50727; .NET CLR 3.0.4506.2152; .NET CLR 3.5.30729)"
193.169.196.201 - - [26/Aug/2013:16:55:17 +0200] "GET /fancybox/fancy_shadow_sw.png HTTP/1.1" 404 1256 "-" "Mozilla/4.0 (compatible; MSIE 8.0; Windows NT 5.1; Trident/4.0; .NET4.0C; .NET4.0E; .NET CLR 2.0.50727; .NET CLR 3.0.4506.2152; .NET CLR 3.5.30729)"
193.169.196.201 - - [26/Aug/2013:16:55:17 +0200] "GET /images/MA_MarianneRuhnke.jpg HTTP/1.1" 200 39674 "http://www.vita-apotheke.com/mitarbeiter.php" "Mozilla/4.0 (compatible; MSIE 8.0; Windows NT 5.1; Trident/4.0; .NET4.0C; .NET4.0E; .NET CLR 2.0.50727; .NET CLR 3.0.4506.2152; .NET CLR 3.5.30729)"
193.169.196.201 - - [26/Aug/2013:16:55:17 +0200] "GET /images/MA_Bode.jpg HTTP/1.1" 200 8375 "http://www.vita-apotheke.com/mitarbeiter.php" "Mozilla/4.0 (compatible; MSIE 8.0; Windows NT 5.1; Trident/4.0; .NET4.0C; .NET4.0E; .NET CLR 2.0.50727; .NET CLR 3.0.4506.2152; .NET CLR 3.5.30729)"
193.169.196.201 - - [26/Aug/2013:16:55:18 +0200] "GET /fancybox/fancy_shadow_w.png HTTP/1.1" 404 1256 "-" "Mozilla/4.0 (compatible; MSIE 8.0; Windows NT 5.1; Trident/4.0; .NET4.0C; .NET4.0E; .NET CLR 2.0.50727; .NET CLR 3.0.4506.2152; .NET CLR 3.5.30729)"
193.169.196.201 - - [26/Aug/2013:16:55:18 +0200] "GET /images/MA_MichaelLeihs.jpg HTTP/1.1" 200 41017 "http://www.vita-apotheke.com/mitarbeiter.php" "Mozilla/4.0 (compatible; MSIE 8.0; Windows NT 5.1; Trident/4.0; .NET4.0C; .NET4.0E; .NET CLR 2.0.50727; .NET CLR 3.0.4506.2152; .NET CLR 3.5.30729)"
193.169.196.201 - - [26/Aug/2013:16:55:18 +0200] "GET /images/MA_Dieter_Wrusch.jpg HTTP/1.1" 200 11791 "http://www.vita-apotheke.com/mitarbeiter.php" "Mozilla/4.0 (compatible; MSIE 8.0; Windows NT 5.1; Trident/4.0; .NET4.0C; .NET4.0E; .NET CLR 2.0.50727; .NET CLR 3.0.4506.2152; .NET CLR 3.5.30729)"
193.169.196.201 - - [26/Aug/2013:16:55:18 +0200] "GET /fancybox/fancy_shadow_nw.png HTTP/1.1" 404 1256 "-" "Mozilla/4.0 (compatible; MSIE 8.0; Windows NT 5.1; Trident/4.0; .NET4.0C; .NET4.0E; .NET CLR 2.0.50727; .NET CLR 3.0.4506.2152; .NET CLR 3.5.30729)"
193.169.196.201 - - [26/Aug/2013:16:55:18 +0200] "GET /images/MA_AnjaJacob.jpg HTTP/1.1" 200 42072 "http://www.vita-apotheke.com/mitarbeiter.php" "Mozilla/4.0 (compatible; MSIE 8.0; Windows NT 5.1; Trident/4.0; .NET4.0C; .NET4.0E; .NET CLR 2.0.50727; .NET CLR 3.0.4506.2152; .NET CLR 3.5.30729)"
193.169.196.201 - - [26/Aug/2013:16:55:18 +0200] "GET /images/MA_HeikeGudereit.jpg HTTP/1.1" 200 33826 "http://www.vita-apotheke.com/mitarbeiter.php" "Mozilla/4.0 (compatible; MSIE 8.0; Windows NT 5.1; Trident/4.0; .NET4.0C; .NET4.0E; .NET CLR 2.0.50727; .NET CLR 3.0.4506.2152; .NET CLR 3.5.30729)"
193.169.196.201 - - [26/Aug/2013:16:55:18 +0200] "GET /images/MA_ChristineSchrade.jpg HTTP/1.1" 200 38398 "http://www.vita-apotheke.com/mitarbeiter.php" "Mozilla/4.0 (compatible; MSIE 8.0; Windows NT 5.1; Trident/4.0; .NET4.0C; .NET4.0E; .NET CLR 2.0.50727; .NET CLR 3.0.4506.2152; .NET CLR 3.5.30729)"
193.169.196.201 - - [26/Aug/2013:16:55:18 +0200] "GET /images/MA_KarinGroeschner.jpg HTTP/1.1" 200 33459 "http://www.vita-apotheke.com/mitarbeiter.php" "Mozilla/4.0 (compatible; MSIE 8.0; Windows NT 5.1; Trident/4.0; .NET4.0C; .NET4.0E; .NET CLR 2.0.50727; .NET CLR 3.0.4506.2152; .NET CLR 3.5.30729)"
193.169.196.201 - - [26/Aug/2013:16:55:18 +0200] "GET /images/MA_Marion_Lemke.jpg HTTP/1.1" 200 8394 "http://www.vita-apotheke.com/mitarbeiter.php" "Mozilla/4.0 (compatible; MSIE 8.0; Windows NT 5.1; Trident/4.0; .NET4.0C; .NET4.0E; .NET CLR 2.0.50727; .NET CLR 3.0.4506.2152; .NET CLR 3.5.30729)"
193.169.196.201 - - [26/Aug/2013:16:55:18 +0200] "GET /images/MA_MagittPilgrim.jpg HTTP/1.1" 200 9139 "http://www.vita-apotheke.com/mitarbeiter.php" "Mozilla/4.0 (compatible; MSIE 8.0; Windows NT 5.1; Trident/4.0; .NET4.0C; .NET4.0E; .NET CLR 2.0.50727; .NET CLR 3.0.4506.2152; .NET CLR 3.5.30729)"
193.169.196.201 - - [26/Aug/2013:16:55:18 +0200] "GET /images/MA_Ajmic.jpg HTTP/1.1" 200 8577 "http://www.vita-apotheke.com/mitarbeiter.php" "Mozilla/4.0 (compatible; MSIE 8.0; Windows NT 5.1; Trident/4.0; .NET4.0C; .NET4.0E; .NET CLR 2.0.50727; .NET CLR 3.0.4506.2152; .NET CLR 3.5.30729)"
193.169.196.201 - - [26/Aug/2013:16:55:18 +0200] "GET /images/MA_ArnoBarz.jpg HTTP/1.1" 200 10186 "http://www.vita-apotheke.com/mitarbeiter.php" "Mozilla/4.0 (compatible; MSIE 8.0; Windows NT 5.1; Trident/4.0; .NET4.0C; .NET4.0E; .NET CLR 2.0.50727; .NET CLR 3.0.4506.2152; .NET CLR 3.5.30729)"
199.19.249.196 - - [26/Aug/2013:16:55:27 +0200] "GET /kontakt.php HTTP/1.1" 200 5102 "-" "Mozilla/4.0 (compatible; MSIE 7.0; Windows NT 5.1; InfoPath.1; .NET CLR 2.0.50727; .NET CLR 1.1.4322; MS-RTC LM 8; .NET CLR 3.0.4506.2152; .NET CLR 3.5.30729)"
193.169.196.201 - - [26/Aug/2013:16:55:27 +0200] "GET /kontakt.php HTTP/1.1" 200 5102 "http://www.vita-apotheke.com/mitarbeiter.php" "Mozilla/4.0 (compatible; MSIE 8.0; Windows NT 5.1; Trident/4.0; .NET4.0C; .NET4.0E; .NET CLR 2.0.50727; .NET CLR 3.0.4506.2152; .NET CLR 3.5.30729)"
193.169.196.201 - - [26/Aug/2013:16:55:27 +0200] "GET /fancybox/fancy_shadow_n.png HTTP/1.1" 404 1256 "-" "Mozilla/4.0 (compatible; MSIE 8.0; Windows NT 5.1; Trident/4.0; .NET4.0C; .NET4.0E; .NET CLR 2.0.50727; .NET CLR 3.0.4506.2152; .NET CLR 3.5.30729)"
193.169.196.201 - - [26/Aug/2013:16:55:28 +0200] "GET /fancybox/fancy_shadow_ne.png HTTP/1.1" 404 1256 "-" "Mozilla/4.0 (compatible; MSIE 8.0; Windows NT 5.1; Trident/4.0; .NET4.0C; .NET4.0E; .NET CLR 2.0.50727; .NET CLR 3.0.4506.2152; .NET CLR 3.5.30729)"
193.169.196.201 - - [26/Aug/2013:16:55:28 +0200] "GET /fancybox/fancy_shadow_e.png HTTP/1.1" 404 1256 "-" "Mozilla/4.0 (compatible; MSIE 8.0; Windows NT 5.1; Trident/4.0; .NET4.0C; .NET4.0E; .NET CLR 2.0.50727; .NET CLR 3.0.4506.2152; .NET CLR 3.5.30729)"
193.169.196.201 - - [26/Aug/2013:16:55:28 +0200] "GET /fancybox/fancy_shadow_se.png HTTP/1.1" 404 1256 "-" "Mozilla/4.0 (compatible; MSIE 8.0; Windows NT 5.1; Trident/4.0; .NET4.0C; .NET4.0E; .NET CLR 2.0.50727; .NET CLR 3.0.4506.2152; .NET CLR 3.5.30729)"
193.169.196.201 - - [26/Aug/2013:16:55:28 +0200] "GET /fancybox/fancy_shadow_s.png HTTP/1.1" 404 1256 "-" "Mozilla/4.0 (compatible; MSIE 8.0; Windows NT 5.1; Trident/4.0; .NET4.0C; .NET4.0E; .NET CLR 2.0.50727; .NET CLR 3.0.4506.2152; .NET CLR 3.5.30729)"
193.169.196.201 - - [26/Aug/2013:16:55:28 +0200] "GET /fancybox/fancy_shadow_sw.png HTTP/1.1" 404 1256 "-" "Mozilla/4.0 (compatible; MSIE 8.0; Windows NT 5.1; Trident/4.0; .NET4.0C; .NET4.0E; .NET CLR 2.0.50727; .NET CLR 3.0.4506.2152; .NET CLR 3.5.30729)"
193.169.196.201 - - [26/Aug/2013:16:55:28 +0200] "GET /fancybox/fancy_shadow_w.png HTTP/1.1" 404 1256 "-" "Mozilla/4.0 (compatible; MSIE 8.0; Windows NT 5.1; Trident/4.0; .NET4.0C; .NET4.0E; .NET CLR 2.0.50727; .NET CLR 3.0.4506.2152; .NET CLR 3.5.30729)"
193.169.196.201 - - [26/Aug/2013:16:55:28 +0200] "GET /fancybox/fancy_shadow_nw.png HTTP/1.1" 404 1256 "-" "Mozilla/4.0 (compatible; MSIE 8.0; Windows NT 5.1; Trident/4.0; .NET4.0C; .NET4.0E; .NET CLR 2.0.50727; .NET CLR 3.0.4506.2152; .NET CLR 3.5.30729)"
5.10.83.2 - - [26/Aug/2013:17:10:03 +0200] "GET /kontakt.php HTTP/1.1" 200 5102 "-" "Mozilla/5.0 (compatible; AhrefsBot/5.0; +http://ahrefs.com/robot/)"
66.249.78.103 - - [26/Aug/2013:17:13:54 +0200] "GET /robots.txt HTTP/1.1" 404 1256 "-" "Mozilla/5.0 (compatible; Googlebot/2.1; +http://www.google.com/bot.html)"
66.249.78.103 - - [26/Aug/2013:17:13:54 +0200] "GET /rundgang_warenlager.php HTTP/1.1" 200 4776 "-" "Mozilla/5.0 (iPhone; U; CPU iPhone OS 4_1 like Mac OS X; en-us) AppleWebKit/532.9 (KHTML, like Gecko) Version/4.0.5 Mobile/8B117 Safari/6531.22.7 (compatible; Googlebot-Mobile/2.1; +http://www.google.com/bot.html)"
212.121.157.11 - - [26/Aug/2013:17:22:01 +0200] "GET /historie.php HTTP/1.1" 200 5111 "http://www.google.de/url?sa=t&rct=j&q=&esrc=s&source=web&cd=2&ved=0CDcQFjAB&url=http%3A%2F%2Fwww.vita-apotheke.com%2Fhistorie.php&ei=K3IbUsjBBoiO7Ab-1YDACQ&usg=AFQjCNHMIwG5dSvox_VxdT3nvu1AxFVdEA&sig2=hUAcl3raQu7P9dtf9yC5bQ&bvm=bv.51156542,d.ZGU" "Mozilla/5.0 (Windows NT 6.1; rv:22.0) Gecko/20100101 Firefox/22.0"
212.121.157.11 - - [26/Aug/2013:17:22:01 +0200] "GET /js/jquery.cross-slide.js HTTP/1.1" 200 6780 "http://www.vita-apotheke.com/historie.php" "Mozilla/5.0 (Windows NT 6.1; rv:22.0) Gecko/20100101 Firefox/22.0"
212.121.157.11 - - [26/Aug/2013:17:22:01 +0200] "GET /js/fancybox/jquery.fancybox-1.3.4.pack.js HTTP/1.1" 200 15624 "http://www.vita-apotheke.com/historie.php" "Mozilla/5.0 (Windows NT 6.1; rv:22.0) Gecko/20100101 Firefox/22.0"
212.121.157.11 - - [26/Aug/2013:17:22:01 +0200] "GET /css/vita.css HTTP/1.1" 200 5485 "http://www.vita-apotheke.com/historie.php" "Mozilla/5.0 (Windows NT 6.1; rv:22.0) Gecko/20100101 Firefox/22.0"
212.121.157.11 - - [26/Aug/2013:17:22:01 +0200] "GET /js/fancybox/jquery.fancybox-1.3.4.css HTTP/1.1" 200 8494 "http://www.vita-apotheke.com/historie.php" "Mozilla/5.0 (Windows NT 6.1; rv:22.0) Gecko/20100101 Firefox/22.0"
212.121.157.11 - - [26/Aug/2013:17:22:01 +0200] "GET /js/jquery-1.5.1.min.js HTTP/1.1" 200 85260 "http://www.vita-apotheke.com/historie.php" "Mozilla/5.0 (Windows NT 6.1; rv:22.0) Gecko/20100101 Firefox/22.0"
212.121.157.11 - - [26/Aug/2013:17:22:02 +0200] "GET /images/quapos-zertifikat.jpg HTTP/1.1" 200 3804 "http://www.vita-apotheke.com/historie.php" "Mozilla/5.0 (Windows NT 6.1; rv:22.0) Gecko/20100101 Firefox/22.0"
212.121.157.11 - - [26/Aug/2013:17:22:02 +0200] "GET /images/AKB_QMS_Liskow_2006.png HTTP/1.1" 200 6005 "http://www.vita-apotheke.com/historie.php" "Mozilla/5.0 (Windows NT 6.1; rv:22.0) Gecko/20100101 Firefox/22.0"
212.121.157.11 - - [26/Aug/2013:17:22:02 +0200] "GET /images/Historie01.jpg HTTP/1.1" 200 17762 "http://www.vita-apotheke.com/historie.php" "Mozilla/5.0 (Windows NT 6.1; rv:22.0) Gecko/20100101 Firefox/22.0"
212.121.157.11 - - [26/Aug/2013:17:22:02 +0200] "GET /images/Historie.jpg HTTP/1.1" 200 22682 "http://www.vita-apotheke.com/historie.php" "Mozilla/5.0 (Windows NT 6.1; rv:22.0) Gecko/20100101 Firefox/22.0"
