141.8.147.12 - - [04/Aug/2013:18:52:27 +0200] "GET /images/MA_Team_Zyto_gross.jpg HTTP/1.1" 304 - "-" "Mozilla/5.0 (compatible; YandexImages/3.0; +http://yandex.com/bots)"
87.170.225.62 - - [04/Aug/2013:18:53:42 +0200] "GET / HTTP/1.1" 200 4539 "-" "Mozilla/5.0 (Linux; Android 4.1.2; LG-P760 Build/JZO54K) AppleWebKit/535.19 (KHTML, like Gecko) Chrome/18.0.1025.166 Mobile Safari/535.19"
87.170.225.62 - - [04/Aug/2013:18:53:43 +0200] "GET /css/vita.css HTTP/1.1" 200 5485 "http://www.vita-apotheke.com/" "Mozilla/5.0 (Linux; Android 4.1.2; LG-P760 Build/JZO54K) AppleWebKit/535.19 (KHTML, like Gecko) Chrome/18.0.1025.166 Mobile Safari/535.19"
87.170.225.62 - - [04/Aug/2013:18:53:43 +0200] "GET /js/jquery.cross-slide.js HTTP/1.1" 200 6780 "http://www.vita-apotheke.com/" "Mozilla/5.0 (Linux; Android 4.1.2; LG-P760 Build/JZO54K) AppleWebKit/535.19 (KHTML, like Gecko) Chrome/18.0.1025.166 Mobile Safari/535.19"
87.170.225.62 - - [04/Aug/2013:18:53:43 +0200] "GET /js/fancybox/jquery.fancybox-1.3.4.pack.js HTTP/1.1" 200 15624 "http://www.vita-apotheke.com/" "Mozilla/5.0 (Linux; Android 4.1.2; LG-P760 Build/JZO54K) AppleWebKit/535.19 (KHTML, like Gecko) Chrome/18.0.1025.166 Mobile Safari/535.19"
87.170.225.62 - - [04/Aug/2013:18:53:43 +0200] "GET /js/fancybox/jquery.fancybox-1.3.4.css HTTP/1.1" 200 8494 "http://www.vita-apotheke.com/" "Mozilla/5.0 (Linux; Android 4.1.2; LG-P760 Build/JZO54K) AppleWebKit/535.19 (KHTML, like Gecko) Chrome/18.0.1025.166 Mobile Safari/535.19"
87.170.225.62 - - [04/Aug/2013:18:53:44 +0200] "GET /js/jquery-1.5.1.min.js HTTP/1.1" 200 85260 "http://www.vita-apotheke.com/" "Mozilla/5.0 (Linux; Android 4.1.2; LG-P760 Build/JZO54K) AppleWebKit/535.19 (KHTML, like Gecko) Chrome/18.0.1025.166 Mobile Safari/535.19"
87.170.225.62 - - [04/Aug/2013:18:54:53 +0200] "GET /index.php HTTP/1.1" 200 4539 "http://www.vita-apotheke.com/" "Mozilla/5.0 (Linux; Android 4.1.2; LG-P760 Build/JZO54K) AppleWebKit/535.19 (KHTML, like Gecko) Chrome/18.0.1025.166 Mobile Safari/535.19"
87.170.225.62 - - [04/Aug/2013:18:54:54 +0200] "GET /js/jquery-1.5.1.min.js HTTP/1.1" 206 1 "http://www.vita-apotheke.com/index.php" "Mozilla/5.0 (Linux; Android 4.1.2; LG-P760 Build/JZO54K) AppleWebKit/535.19 (KHTML, like Gecko) Chrome/18.0.1025.166 Mobile Safari/535.19"
87.170.225.62 - - [04/Aug/2013:18:54:54 +0200] "GET /js/jquery-1.5.1.min.js HTTP/1.1" 206 8595 "http://www.vita-apotheke.com/index.php" "Mozilla/5.0 (Linux; Android 4.1.2; LG-P760 Build/JZO54K) AppleWebKit/535.19 (KHTML, like Gecko) Chrome/18.0.1025.166 Mobile Safari/535.19"
87.170.225.62 - - [04/Aug/2013:18:54:54 +0200] "GET /images/vita-logo-dunkelgruen.jpg HTTP/1.1" 200 7021 "http://www.vita-apotheke.com/index.php" "Mozilla/5.0 (Linux; Android 4.1.2; LG-P760 Build/JZO54K) AppleWebKit/535.19 (KHTML, like Gecko) Chrome/18.0.1025.166 Mobile Safari/535.19"
87.170.225.62 - - [04/Aug/2013:18:54:54 +0200] "GET /images/grafik_navi_mittelgruen.jpg HTTP/1.1" 200 13783 "http://www.vita-apotheke.com/index.php" "Mozilla/5.0 (Linux; Android 4.1.2; LG-P760 Build/JZO54K) AppleWebKit/535.19 (KHTML, like Gecko) Chrome/18.0.1025.166 Mobile Safari/535.19"
87.170.225.62 - - [04/Aug/2013:18:54:54 +0200] "GET /images/AKB_QMS_Liskow_2006.png HTTP/1.1" 200 6005 "http://www.vita-apotheke.com/index.php" "Mozilla/5.0 (Linux; Android 4.1.2; LG-P760 Build/JZO54K) AppleWebKit/535.19 (KHTML, like Gecko) Chrome/18.0.1025.166 Mobile Safari/535.19"
87.170.225.62 - - [04/Aug/2013:18:54:54 +0200] "GET /images/quapos-zertifikat.jpg HTTP/1.1" 200 3804 "http://www.vita-apotheke.com/index.php" "Mozilla/5.0 (Linux; Android 4.1.2; LG-P760 Build/JZO54K) AppleWebKit/535.19 (KHTML, like Gecko) Chrome/18.0.1025.166 Mobile Safari/535.19"
87.170.225.62 - - [04/Aug/2013:18:54:54 +0200] "GET /images/MA_MonikaLorenz.jpg HTTP/1.1" 200 46854 "http://www.vita-apotheke.com/index.php" "Mozilla/5.0 (Linux; Android 4.1.2; LG-P760 Build/JZO54K) AppleWebKit/535.19 (KHTML, like Gecko) Chrome/18.0.1025.166 Mobile Safari/535.19"
87.170.225.62 - - [04/Aug/2013:18:54:55 +0200] "GET /favicon.ico HTTP/1.1" 404 1256 "-" "Mozilla/5.0 (Linux; Android 4.1.2; LG-P760 Build/JZO54K) AppleWebKit/535.19 (KHTML, like Gecko) Chrome/18.0.1025.166 Mobile Safari/535.19"
87.170.225.62 - - [04/Aug/2013:18:54:55 +0200] "GET /apple-touch-icon-precomposed.png HTTP/1.1" 404 1256 "-" "Mozilla/5.0 (Linux; Android 4.1.2; LG-P760 Build/JZO54K) AppleWebKit/535.19 (KHTML, like Gecko) Chrome/18.0.1025.166 Mobile Safari/535.19"
87.170.225.62 - - [04/Aug/2013:18:54:55 +0200] "GET /apple-touch-icon.png HTTP/1.1" 404 1256 "-" "Mozilla/5.0 (Linux; Android 4.1.2; LG-P760 Build/JZO54K) AppleWebKit/535.19 (KHTML, like Gecko) Chrome/18.0.1025.166 Mobile Safari/535.19"
141.8.147.12 - - [04/Aug/2013:19:04:00 +0200] "GET /images/Beratungsraum.jpg HTTP/1.1" 304 - "-" "Mozilla/5.0 (compatible; YandexImages/3.0; +http://yandex.com/bots)"
141.8.147.12 - - [04/Aug/2013:19:04:39 +0200] "GET /images/Beratungsraum_gross.jpg HTTP/1.1" 304 - "-" "Mozilla/5.0 (compatible; YandexImages/3.0; +http://yandex.com/bots)"
37.24.145.226 - - [04/Aug/2013:19:44:56 +0200] "GET / HTTP/1.1" 200 4539 "https://www.google.de/" "Mozilla/5.0 (Macintosh; Intel Mac OS X 10_6_8) AppleWebKit/537.36 (KHTML, like Gecko) Chrome/28.0.1500.95 Safari/537.36"
37.24.145.226 - - [04/Aug/2013:19:44:57 +0200] "GET /css/vita.css HTTP/1.1" 200 5485 "http://www.vita-apotheke.com/" "Mozilla/5.0 (Macintosh; Intel Mac OS X 10_6_8) AppleWebKit/537.36 (KHTML, like Gecko) Chrome/28.0.1500.95 Safari/537.36"
37.24.145.226 - - [04/Aug/2013:19:44:57 +0200] "GET /js/jquery.cross-slide.js HTTP/1.1" 200 6780 "http://www.vita-apotheke.com/" "Mozilla/5.0 (Macintosh; Intel Mac OS X 10_6_8) AppleWebKit/537.36 (KHTML, like Gecko) Chrome/28.0.1500.95 Safari/537.36"
37.24.145.226 - - [04/Aug/2013:19:44:57 +0200] "GET /js/fancybox/jquery.fancybox-1.3.4.css HTTP/1.1" 200 8494 "http://www.vita-apotheke.com/" "Mozilla/5.0 (Macintosh; Intel Mac OS X 10_6_8) AppleWebKit/537.36 (KHTML, like Gecko) Chrome/28.0.1500.95 Safari/537.36"
37.24.145.226 - - [04/Aug/2013:19:44:57 +0200] "GET /js/fancybox/jquery.fancybox-1.3.4.pack.js HTTP/1.1" 200 15624 "http://www.vita-apotheke.com/" "Mozilla/5.0 (Macintosh; Intel Mac OS X 10_6_8) AppleWebKit/537.36 (KHTML, like Gecko) Chrome/28.0.1500.95 Safari/537.36"
37.24.145.226 - - [04/Aug/2013:19:44:57 +0200] "GET /js/jquery-1.5.1.min.js HTTP/1.1" 200 85260 "http://www.vita-apotheke.com/" "Mozilla/5.0 (Macintosh; Intel Mac OS X 10_6_8) AppleWebKit/537.36 (KHTML, like Gecko) Chrome/28.0.1500.95 Safari/537.36"
37.24.145.226 - - [04/Aug/2013:19:44:57 +0200] "GET /images/MA_MonikaLorenz.jpg HTTP/1.1" 200 46854 "http://www.vita-apotheke.com/" "Mozilla/5.0 (Macintosh; Intel Mac OS X 10_6_8) AppleWebKit/537.36 (KHTML, like Gecko) Chrome/28.0.1500.95 Safari/537.36"
37.24.145.226 - - [04/Aug/2013:19:44:57 +0200] "GET /images/AKB_QMS_Liskow_2006.png HTTP/1.1" 200 6005 "http://www.vita-apotheke.com/" "Mozilla/5.0 (Macintosh; Intel Mac OS X 10_6_8) AppleWebKit/537.36 (KHTML, like Gecko) Chrome/28.0.1500.95 Safari/537.36"
37.24.145.226 - - [04/Aug/2013:19:44:57 +0200] "GET /images/quapos-zertifikat.jpg HTTP/1.1" 200 3804 "http://www.vita-apotheke.com/" "Mozilla/5.0 (Macintosh; Intel Mac OS X 10_6_8) AppleWebKit/537.36 (KHTML, like Gecko) Chrome/28.0.1500.95 Safari/537.36"
37.24.145.226 - - [04/Aug/2013:19:44:57 +0200] "GET /images/grafik_navi_mittelgruen.jpg HTTP/1.1" 200 13783 "http://www.vita-apotheke.com/" "Mozilla/5.0 (Macintosh; Intel Mac OS X 10_6_8) AppleWebKit/537.36 (KHTML, like Gecko) Chrome/28.0.1500.95 Safari/537.36"
37.24.145.226 - - [04/Aug/2013:19:44:57 +0200] "GET /images/vita-logo-dunkelgruen.jpg HTTP/1.1" 200 7021 "http://www.vita-apotheke.com/" "Mozilla/5.0 (Macintosh; Intel Mac OS X 10_6_8) AppleWebKit/537.36 (KHTML, like Gecko) Chrome/28.0.1500.95 Safari/537.36"
37.24.145.226 - - [04/Aug/2013:19:44:57 +0200] "GET /favicon.ico HTTP/1.1" 404 1256 "-" "Mozilla/5.0 (Macintosh; Intel Mac OS X 10_6_8) AppleWebKit/537.36 (KHTML, like Gecko) Chrome/28.0.1500.95 Safari/537.36"
141.8.147.12 - - [04/Aug/2013:19:46:07 +0200] "GET /images/Regie_gross.jpg HTTP/1.1" 304 - "-" "Mozilla/5.0 (compatible; YandexImages/3.0; +http://yandex.com/bots)"
87.170.225.62 - - [04/Aug/2013:19:59:08 +0200] "GET /favicon.ico HTTP/1.1" 404 1256 "-" "Mozilla/5.0 (Linux; Android 4.1.2; LG-P760 Build/JZO54K) AppleWebKit/535.19 (KHTML, like Gecko) Chrome/18.0.1025.166 Mobile Safari/535.19"
87.170.225.62 - - [04/Aug/2013:19:59:08 +0200] "GET /apple-touch-icon-precomposed.png HTTP/1.1" 404 1256 "-" "Mozilla/5.0 (Linux; Android 4.1.2; LG-P760 Build/JZO54K) AppleWebKit/535.19 (KHTML, like Gecko) Chrome/18.0.1025.166 Mobile Safari/535.19"
66.249.75.77 - - [04/Aug/2013:20:05:31 +0200] "GET /historie.php HTTP/1.1" 200 5111 "-" "Mozilla/5.0 (compatible; Googlebot/2.1; +http://www.google.com/bot.html)"
141.8.147.12 - - [04/Aug/2013:20:20:11 +0200] "GET /images/Warenlager01.jpg HTTP/1.1" 304 - "-" "Mozilla/5.0 (compatible; YandexImages/3.0; +http://yandex.com/bots)"
141.8.147.12 - - [04/Aug/2013:20:21:51 +0200] "GET /images/pfeil_zurueck.gif HTTP/1.1" 304 - "-" "Mozilla/5.0 (compatible; YandexImages/3.0; +http://yandex.com/bots)"
66.249.75.77 - - [04/Aug/2013:20:30:10 +0200] "GET /mitarbeiter.php HTTP/1.1" 200 6811 "-" "Mozilla/5.0 (compatible; Googlebot/2.1; +http://www.google.com/bot.html)"
141.8.147.12 - - [04/Aug/2013:20:43:25 +0200] "GET /images/Beratungsraum01_gross.jpg HTTP/1.1" 304 - "-" "Mozilla/5.0 (compatible; YandexImages/3.0; +http://yandex.com/bots)"
141.8.147.12 - - [04/Aug/2013:21:22:13 +0200] "GET /images/Apotheke_au%DFen_ohne.Rand_4_gross.jpg HTTP/1.1" 304 - "-" "Mozilla/5.0 (compatible; YandexImages/3.0; +http://yandex.com/bots)"
141.8.147.12 - - [04/Aug/2013:21:23:41 +0200] "GET /images/Regie02_gross.jpg HTTP/1.1" 304 - "-" "Mozilla/5.0 (compatible; YandexImages/3.0; +http://yandex.com/bots)"
141.8.147.12 - - [04/Aug/2013:22:10:14 +0200] "GET /images/Sterilabteilung03_gross.jpg HTTP/1.1" 304 - "-" "Mozilla/5.0 (compatible; YandexImages/3.0; +http://yandex.com/bots)"
66.249.75.77 - - [04/Aug/2013:22:31:01 +0200] "GET /impressum.php HTTP/1.1" 200 4696 "-" "Mozilla/5.0 (compatible; Googlebot/2.1; +http://www.google.com/bot.html)"
66.249.75.77 - - [04/Aug/2013:22:31:43 +0200] "GET /images/Apotheke_au%C3%9Fen_ohne.Rand_4_gross.jpg HTTP/1.1" 404 1256 "-" "Googlebot-Image/1.0"
141.8.147.12 - - [04/Aug/2013:22:45:08 +0200] "GET /robots.txt HTTP/1.1" 404 1256 "-" "Mozilla/5.0 (compatible; YandexBot/3.0; +http://yandex.com/bots)"
141.8.147.12 - - [04/Aug/2013:22:45:11 +0200] "GET /images/Warenlager.jpg HTTP/1.1" 304 - "-" "Mozilla/5.0 (compatible; YandexImages/3.0; +http://yandex.com/bots)"
66.249.75.77 - - [04/Aug/2013:22:53:42 +0200] "GET /css/vita.css HTTP/1.1" 200 5485 "-" "Mozilla/5.0 (compatible; Googlebot/2.1; +http://www.google.com/bot.html)"
66.249.75.77 - - [04/Aug/2013:22:53:42 +0200] "GET /js/fancybox/jquery.fancybox-1.3.4.css HTTP/1.1" 200 8494 "-" "Mozilla/5.0 (compatible; Googlebot/2.1; +http://www.google.com/bot.html)"
66.249.75.77 - - [04/Aug/2013:23:20:20 +0200] "GET /aerzteadressen.php HTTP/1.1" 200 5232 "-" "Mozilla/5.0 (compatible; Googlebot/2.1; +http://www.google.com/bot.html)"
141.8.147.12 - - [04/Aug/2013:23:20:56 +0200] "GET /images/quapos-zertifikat.jpg HTTP/1.1" 304 - "-" "Mozilla/5.0 (compatible; YandexImages/3.0; +http://yandex.com/bots)"
141.8.147.12 - - [04/Aug/2013:23:31:48 +0200] "GET /images/AKB_QMS_Liskow_2006.png HTTP/1.1" 304 - "-" "Mozilla/5.0 (compatible; YandexImages/3.0; +http://yandex.com/bots)"
66.249.75.77 - - [04/Aug/2013:23:37:36 +0200] "GET /zertifizierungen.php HTTP/1.1" 200 4722 "-" "Mozilla/5.0 (compatible; Googlebot/2.1; +http://www.google.com/bot.html)"
141.8.147.12 - - [04/Aug/2013:23:37:53 +0200] "GET /images/mitarbeiter.jpg HTTP/1.1" 304 - "-" "Mozilla/5.0 (compatible; YandexImages/3.0; +http://yandex.com/bots)"
141.8.147.12 - - [04/Aug/2013:23:44:09 +0200] "GET /images/MA_Team_Zyto.jpg HTTP/1.1" 304 - "-" "Mozilla/5.0 (compatible; YandexImages/3.0; +http://yandex.com/bots)"
66.249.75.77 - - [04/Aug/2013:23:46:34 +0200] "GET /zertifizierungen.php HTTP/1.1" 200 4722 "-" "Mozilla/5.0 (iPhone; U; CPU iPhone OS 4_1 like Mac OS X; en-us) AppleWebKit/532.9 (KHTML, like Gecko) Version/4.0.5 Mobile/8B117 Safari/6531.22.7 (compatible; Googlebot-Mobile/2.1; +http://www.google.com/bot.html)"
141.8.147.12 - - [05/Aug/2013:00:10:40 +0200] "GET /images/pfeil_top.gif HTTP/1.1" 304 - "-" "Mozilla/5.0 (compatible; YandexImages/3.0; +http://yandex.com/bots)"
141.8.147.12 - - [05/Aug/2013:00:25:40 +0200] "GET /images/Regie.jpg HTTP/1.1" 304 - "-" "Mozilla/5.0 (compatible; YandexImages/3.0; +http://yandex.com/bots)"
157.55.32.116 - - [05/Aug/2013:00:35:40 +0200] "GET /robots.txt HTTP/1.1" 404 1256 "-" "Mozilla/5.0 (compatible; bingbot/2.0; +http://www.bing.com/bingbot.htm)"
141.8.147.12 - - [05/Aug/2013:00:40:09 +0200] "GET /images/Warenlager01_gross.jpg HTTP/1.1" 304 - "-" "Mozilla/5.0 (compatible; YandexImages/3.0; +http://yandex.com/bots)"
157.55.32.116 - - [05/Aug/2013:00:47:52 +0200] "GET /rundgang_sterilabteilung.php HTTP/1.1" 200 4571 "-" "Mozilla/5.0 (compatible; bingbot/2.0; +http://www.bing.com/bingbot.htm)"
188.190.98.18 - - [05/Aug/2013:01:08:38 +0200] "POST /?%2D%64+%61%6C%6C%6F%77%5F%75%72%6C%5F%69%6E%63%6C%75%64%65%3D%6F%6E+%2D%64+%73%61%66%65%5F%6D%6F%64%65%3D%6F%66%66+%2D%64+%73%75%68%6F%73%69%6E%2E%73%69%6D%75%6C%61%74%69%6F%6E%3D%6F%6E+%2D%64+%64%69%73%61%62%6C%65%5F%66%75%6E%63%74%69%6F%6E%73%3D%22%22+%2D%64+%6F%70%65%6E%5F%62%61%73%65%64%69%72%3D%6E%6F%6E%65+%2D%64+%61%75%74%6F%5F%70%72%65%70%65%6E%64%5F%66%69%6C%65%3D%70%68%70%3A%2F%2F%69%6E%70%75%74+%2D%6E HTTP/1.1" 200 4539 "-" "Python-urllib/2.6"
141.8.147.12 - - [05/Aug/2013:01:09:22 +0200] "GET /images/Beratungsraum01.jpg HTTP/1.1" 304 - "-" "Mozilla/5.0 (compatible; YandexImages/3.0; +http://yandex.com/bots)"
69.58.178.58 - - [05/Aug/2013:01:09:44 +0200] "GET /robots.txt HTTP/1.1" 404 1256 "-" "Mozilla/5.0 (X11; Ubuntu; Linux i686; rv:14.0; ips-agent) Gecko/20100101 Firefox/14.0.1"
69.58.178.58 - - [05/Aug/2013:01:09:46 +0200] "GET / HTTP/1.1" 200 4539 "-" "Mozilla/5.0 (X11; Ubuntu; Linux i686; rv:14.0; ips-agent) Gecko/20100101 Firefox/14.0.1"
69.58.178.58 - - [05/Aug/2013:01:09:47 +0200] "GET / HTTP/1.1" 200 4539 "-" "Mozilla/5.0 (X11; Ubuntu; Linux i686; rv:14.0; ips-agent) Gecko/20100101 Firefox/14.0.1"
69.58.178.58 - - [05/Aug/2013:01:09:48 +0200] "GET /index.php HTTP/1.1" 200 4539 "-" "Mozilla/5.0 (X11; Ubuntu; Linux i686; rv:14.0; ips-agent) Gecko/20100101 Firefox/14.0.1"
69.58.178.58 - - [05/Aug/2013:01:09:50 +0200] "GET /service.php HTTP/1.1" 200 5642 "-" "Mozilla/5.0 (X11; Ubuntu; Linux i686; rv:14.0; ips-agent) Gecko/20100101 Firefox/14.0.1"
69.58.178.58 - - [05/Aug/2013:01:09:51 +0200] "GET /historie.php HTTP/1.1" 200 5111 "-" "Mozilla/5.0 (X11; Ubuntu; Linux i686; rv:14.0; ips-agent) Gecko/20100101 Firefox/14.0.1"
69.58.178.58 - - [05/Aug/2013:01:09:52 +0200] "GET /sterillabor.php HTTP/1.1" 200 4330 "-" "Mozilla/5.0 (X11; Ubuntu; Linux i686; rv:14.0; ips-agent) Gecko/20100101 Firefox/14.0.1"
69.58.178.58 - - [05/Aug/2013:01:09:53 +0200] "GET /aerzteadressen.php HTTP/1.1" 200 5232 "-" "BlackBerry9000/4.6.0.167 Profile/MIDP-2.0 Configuration/CLDC-1.1 VendorID/102 ips-agent"
69.58.178.58 - - [05/Aug/2013:01:09:55 +0200] "GET /kontakt.php HTTP/1.1" 200 5102 "-" "Mozilla/5.0 (X11; Ubuntu; Linux i686; rv:14.0; ips-agent) Gecko/20100101 Firefox/14.0.1"
69.58.178.58 - - [05/Aug/2013:01:09:56 +0200] "GET /impressum.php HTTP/1.1" 200 4696 "-" "Mozilla/5.0 (X11; Ubuntu; Linux i686; rv:14.0; ips-agent) Gecko/20100101 Firefox/14.0.1"
69.58.178.58 - - [05/Aug/2013:01:09:57 +0200] "GET /rundgang_start.php HTTP/1.1" 200 4652 "-" "Mozilla/5.0 (X11; Ubuntu; Linux i686; rv:14.0; ips-agent) Gecko/20100101 Firefox/14.0.1"
69.58.178.58 - - [05/Aug/2013:01:09:59 +0200] "GET /mitarbeiter.php HTTP/1.1" 200 6811 "-" "Mozilla/5.0 (X11; Ubuntu; Linux i686; rv:14.0; ips-agent) Gecko/20100101 Firefox/14.0.1"
141.8.147.12 - - [05/Aug/2013:01:30:03 +0200] "GET /images/Sterilabteilung03.jpg HTTP/1.1" 304 - "-" "Mozilla/5.0 (compatible; YandexImages/3.0; +http://yandex.com/bots)"
141.8.147.12 - - [05/Aug/2013:01:50:59 +0200] "GET /images/quapos-zertifikat-mittel.jpg HTTP/1.1" 304 - "-" "Mozilla/5.0 (compatible; YandexImages/3.0; +http://yandex.com/bots)"
141.8.147.12 - - [05/Aug/2013:01:53:25 +0200] "GET /images/Sterilabteilung04_gross.jpg HTTP/1.1" 304 - "-" "Mozilla/5.0 (compatible; YandexImages/3.0; +http://yandex.com/bots)"
66.249.75.77 - - [05/Aug/2013:02:04:05 +0200] "GET /rundgang_regie.php HTTP/1.1" 200 5041 "-" "Mozilla/5.0 (compatible; Googlebot/2.1; +http://www.google.com/bot.html)"
141.8.147.12 - - [05/Aug/2013:03:40:46 +0200] "GET /images/Apotheke_au%DFen_ohne.Rand_4_gross.jpg HTTP/1.1" 304 - "-" "Mozilla/5.0 (compatible; YandexImages/3.0; +http://yandex.com/bots)"
141.8.147.12 - - [05/Aug/2013:03:54:43 +0200] "GET /images/Regie_gross.jpg HTTP/1.1" 304 - "-" "Mozilla/5.0 (compatible; YandexImages/3.0; +http://yandex.com/bots)"
141.8.147.12 - - [05/Aug/2013:04:00:23 +0200] "GET /images/vita-not-karte.jpg HTTP/1.1" 304 - "-" "Mozilla/5.0 (compatible; YandexImages/3.0; +http://yandex.com/bots)"
141.8.147.12 - - [05/Aug/2013:04:02:29 +0200] "GET /images/AKB_QMS_Liskow_2006.png HTTP/1.1" 304 - "-" "Mozilla/5.0 (compatible; YandexImages/3.0; +http://yandex.com/bots)"
141.8.147.12 - - [05/Aug/2013:04:05:47 +0200] "GET /images/Sterilabteilung03.jpg HTTP/1.1" 304 - "-" "Mozilla/5.0 (compatible; YandexImages/3.0; +http://yandex.com/bots)"
141.8.147.12 - - [05/Aug/2013:04:22:16 +0200] "GET /images/AKB_QMS_Liskow_2006_mittel.png HTTP/1.1" 304 - "-" "Mozilla/5.0 (compatible; YandexImages/3.0; +http://yandex.com/bots)"
141.8.147.12 - - [05/Aug/2013:04:31:04 +0200] "GET /images/Warenlager.jpg HTTP/1.1" 304 - "-" "Mozilla/5.0 (compatible; YandexImages/3.0; +http://yandex.com/bots)"
141.8.147.12 - - [05/Aug/2013:04:44:21 +0200] "GET /images/arnim2.gif HTTP/1.1" 304 - "-" "Mozilla/5.0 (compatible; YandexImages/3.0; +http://yandex.com/bots)"
141.8.147.12 - - [05/Aug/2013:05:09:44 +0200] "GET /images/Warenlager01.jpg HTTP/1.1" 304 - "-" "Mozilla/5.0 (compatible; YandexImages/3.0; +http://yandex.com/bots)"
141.8.147.12 - - [05/Aug/2013:05:33:41 +0200] "GET /images/Regie.jpg HTTP/1.1" 304 - "-" "Mozilla/5.0 (compatible; YandexImages/3.0; +http://yandex.com/bots)"
46.229.164.97 - - [05/Aug/2013:06:11:55 +0200] "GET /robots.txt HTTP/1.1" 404 1256 "-" "Mozilla/5.0 (compatible; SemrushBot/0.96.4; +http://www.semrush.com/bot.html)"
141.8.147.12 - - [05/Aug/2013:06:13:00 +0200] "GET / HTTP/1.1" 200 4539 "-" "Mozilla/5.0 (compatible; YandexBot/3.0; +http://yandex.com/bots)"
141.8.147.12 - - [05/Aug/2013:06:13:19 +0200] "GET /images/MA_MonikaLorenz_gross.jpg HTTP/1.1" 304 - "-" "Mozilla/5.0 (compatible; YandexImages/3.0; +http://yandex.com/bots)"
92.225.136.230 - - [05/Aug/2013:06:31:46 +0200] "GET / HTTP/1.1" 200 4539 "http://www.google.de/url?sa=t&rct=j&q=apotheke%20neuk%C3%B6lln%20arcaden&source=web&cd=1&ved=0CC8QFjAA&url=http%3A%2F%2Fwww.vita-apotheke.com%2F&ei=SSr_UdG_IsTBtAa97YAI&usg=AFQjCNGHscoO06lKwKfUZWpPexrvGv3sxg&sig2=tVgndT9_FY7eGKr3VlYenA&bvm=bv.50165853,d.Yms" "Mozilla/5.0 (Macintosh; Intel Mac OS X 10_6_8) AppleWebKit/534.59.8 (KHTML, like Gecko) Version/5.1.9 Safari/534.59.8"
92.225.136.230 - - [05/Aug/2013:06:31:47 +0200] "GET /css/vita.css HTTP/1.1" 200 5485 "http://www.vita-apotheke.com/" "Mozilla/5.0 (Macintosh; Intel Mac OS X 10_6_8) AppleWebKit/534.59.8 (KHTML, like Gecko) Version/5.1.9 Safari/534.59.8"
92.225.136.230 - - [05/Aug/2013:06:31:47 +0200] "GET /js/fancybox/jquery.fancybox-1.3.4.pack.js HTTP/1.1" 200 15624 "http://www.vita-apotheke.com/" "Mozilla/5.0 (Macintosh; Intel Mac OS X 10_6_8) AppleWebKit/534.59.8 (KHTML, like Gecko) Version/5.1.9 Safari/534.59.8"
92.225.136.230 - - [05/Aug/2013:06:31:47 +0200] "GET /js/jquery.cross-slide.js HTTP/1.1" 200 6780 "http://www.vita-apotheke.com/" "Mozilla/5.0 (Macintosh; Intel Mac OS X 10_6_8) AppleWebKit/534.59.8 (KHTML, like Gecko) Version/5.1.9 Safari/534.59.8"
92.225.136.230 - - [05/Aug/2013:06:31:47 +0200] "GET /js/fancybox/jquery.fancybox-1.3.4.css HTTP/1.1" 200 8494 "http://www.vita-apotheke.com/" "Mozilla/5.0 (Macintosh; Intel Mac OS X 10_6_8) AppleWebKit/534.59.8 (KHTML, like Gecko) Version/5.1.9 Safari/534.59.8"
92.225.136.230 - - [05/Aug/2013:06:31:47 +0200] "GET /js/jquery-1.5.1.min.js HTTP/1.1" 200 85260 "http://www.vita-apotheke.com/" "Mozilla/5.0 (Macintosh; Intel Mac OS X 10_6_8) AppleWebKit/534.59.8 (KHTML, like Gecko) Version/5.1.9 Safari/534.59.8"
92.225.136.230 - - [05/Aug/2013:06:31:47 +0200] "GET /images/AKB_QMS_Liskow_2006.png HTTP/1.1" 200 6005 "http://www.vita-apotheke.com/" "Mozilla/5.0 (Macintosh; Intel Mac OS X 10_6_8) AppleWebKit/534.59.8 (KHTML, like Gecko) Version/5.1.9 Safari/534.59.8"
92.225.136.230 - - [05/Aug/2013:06:31:47 +0200] "GET /images/quapos-zertifikat.jpg HTTP/1.1" 200 3804 "http://www.vita-apotheke.com/" "Mozilla/5.0 (Macintosh; Intel Mac OS X 10_6_8) AppleWebKit/534.59.8 (KHTML, like Gecko) Version/5.1.9 Safari/534.59.8"
92.225.136.230 - - [05/Aug/2013:06:31:47 +0200] "GET /images/grafik_navi_mittelgruen.jpg HTTP/1.1" 200 13783 "http://www.vita-apotheke.com/" "Mozilla/5.0 (Macintosh; Intel Mac OS X 10_6_8) AppleWebKit/534.59.8 (KHTML, like Gecko) Version/5.1.9 Safari/534.59.8"
92.225.136.230 - - [05/Aug/2013:06:31:47 +0200] "GET /images/vita-logo-dunkelgruen.jpg HTTP/1.1" 200 7021 "http://www.vita-apotheke.com/" "Mozilla/5.0 (Macintosh; Intel Mac OS X 10_6_8) AppleWebKit/534.59.8 (KHTML, like Gecko) Version/5.1.9 Safari/534.59.8"
92.225.136.230 - - [05/Aug/2013:06:31:47 +0200] "GET /images/MA_MonikaLorenz.jpg HTTP/1.1" 200 46854 "http://www.vita-apotheke.com/" "Mozilla/5.0 (Macintosh; Intel Mac OS X 10_6_8) AppleWebKit/534.59.8 (KHTML, like Gecko) Version/5.1.9 Safari/534.59.8"
92.225.136.230 - - [05/Aug/2013:06:31:47 +0200] "GET /favicon.ico HTTP/1.1" 404 1256 "http://www.vita-apotheke.com/" "Mozilla/5.0 (Macintosh; Intel Mac OS X 10_6_8) AppleWebKit/534.59.8 (KHTML, like Gecko) Version/5.1.9 Safari/534.59.8"
92.225.136.230 - - [05/Aug/2013:06:31:55 +0200] "GET /service.php HTTP/1.1" 200 5642 "http://www.vita-apotheke.com/" "Mozilla/5.0 (Macintosh; Intel Mac OS X 10_6_8) AppleWebKit/534.59.8 (KHTML, like Gecko) Version/5.1.9 Safari/534.59.8"
92.225.136.230 - - [05/Aug/2013:06:31:56 +0200] "GET /images/Beratungsraum.jpg HTTP/1.1" 200 40383 "http://www.vita-apotheke.com/service.php" "Mozilla/5.0 (Macintosh; Intel Mac OS X 10_6_8) AppleWebKit/534.59.8 (KHTML, like Gecko) Version/5.1.9 Safari/534.59.8"
92.225.136.230 - - [05/Aug/2013:06:31:56 +0200] "GET /images/vita-not-karte.jpg HTTP/1.1" 200 66171 "http://www.vita-apotheke.com/service.php" "Mozilla/5.0 (Macintosh; Intel Mac OS X 10_6_8) AppleWebKit/534.59.8 (KHTML, like Gecko) Version/5.1.9 Safari/534.59.8"
85.214.102.20 - - [05/Aug/2013:06:35:37 +0200] "GET / HTTP/1.1" 200 4539 "-" "i-market-bot"
85.214.102.20 - - [05/Aug/2013:06:35:37 +0200] "GET /robots.txt HTTP/1.1" 404 1256 "-" "i-market-bot"
141.8.147.12 - - [05/Aug/2013:06:38:16 +0200] "GET /images/mitarbeiter.jpg HTTP/1.1" 304 - "-" "Mozilla/5.0 (compatible; YandexImages/3.0; +http://yandex.com/bots)"
157.55.35.85 - - [05/Aug/2013:07:00:46 +0200] "GET /robots.txt HTTP/1.1" 404 1256 "-" "Mozilla/5.0 (compatible; bingbot/2.0; +http://www.bing.com/bingbot.htm)"
157.55.35.85 - - [05/Aug/2013:07:02:41 +0200] "GET / HTTP/1.1" 200 4539 "-" "Mozilla/5.0 (compatible; bingbot/2.0; +http://www.bing.com/bingbot.htm)"
141.8.147.12 - - [05/Aug/2013:07:09:47 +0200] "GET /images/Warenlager01_gross.jpg HTTP/1.1" 304 - "-" "Mozilla/5.0 (compatible; YandexImages/3.0; +http://yandex.com/bots)"
141.8.147.12 - - [05/Aug/2013:07:18:28 +0200] "GET /images/Warenlager_gross.jpg HTTP/1.1" 304 - "-" "Mozilla/5.0 (compatible; YandexImages/3.0; +http://yandex.com/bots)"
141.8.147.12 - - [05/Aug/2013:07:22:13 +0200] "GET /images/Beratungsraum01_gross.jpg HTTP/1.1" 304 - "-" "Mozilla/5.0 (compatible; YandexImages/3.0; +http://yandex.com/bots)"
141.8.147.12 - - [05/Aug/2013:07:45:55 +0200] "GET /images/pfeil_top.gif HTTP/1.1" 304 - "-" "Mozilla/5.0 (compatible; YandexImages/3.0; +http://yandex.com/bots)"
141.8.147.12 - - [05/Aug/2013:07:47:50 +0200] "GET /images/AKB_QMS_Liskow_2006_gross.jpg HTTP/1.1" 304 - "-" "Mozilla/5.0 (compatible; YandexImages/3.0; +http://yandex.com/bots)"
141.8.147.12 - - [05/Aug/2013:08:23:07 +0200] "GET /images/Sterilabteilung04_gross.jpg HTTP/1.1" 304 - "-" "Mozilla/5.0 (compatible; YandexImages/3.0; +http://yandex.com/bots)"
141.8.147.12 - - [05/Aug/2013:08:45:39 +0200] "GET /images/Regie02_gross.jpg HTTP/1.1" 304 - "-" "Mozilla/5.0 (compatible; YandexImages/3.0; +http://yandex.com/bots)"
85.90.73.26 - - [05/Aug/2013:08:45:57 +0200] "GET /robots.txt HTTP/1.1" 404 1256 "-" "Mozilla/5.0 (compatible; heritrix/3.1.1 +http://places.tomtom.com)"
85.90.73.26 - - [05/Aug/2013:08:46:02 +0200] "GET / HTTP/1.1" 200 4539 "-" "Mozilla/5.0 (compatible; heritrix/3.1.1 +http://places.tomtom.com)"
85.90.73.26 - - [05/Aug/2013:08:46:07 +0200] "GET /sterillabor.php HTTP/1.1" 200 4330 "http://www.vita-apotheke.com/" "Mozilla/5.0 (compatible; heritrix/3.1.1 +http://places.tomtom.com)"
85.90.73.26 - - [05/Aug/2013:08:46:12 +0200] "GET /service.php HTTP/1.1" 200 5642 "http://www.vita-apotheke.com/" "Mozilla/5.0 (compatible; heritrix/3.1.1 +http://places.tomtom.com)"
85.90.73.26 - - [05/Aug/2013:08:46:16 +0200] "GET /index.php HTTP/1.1" 200 4539 "http://www.vita-apotheke.com/" "Mozilla/5.0 (compatible; heritrix/3.1.1 +http://places.tomtom.com)"
85.90.73.26 - - [05/Aug/2013:08:46:19 +0200] "GET /aerzteadressen.php HTTP/1.1" 200 5232 "http://www.vita-apotheke.com/" "Mozilla/5.0 (compatible; heritrix/3.1.1 +http://places.tomtom.com)"
85.90.73.26 - - [05/Aug/2013:08:46:23 +0200] "GET /impressum.php HTTP/1.1" 200 4696 "http://www.vita-apotheke.com/" "Mozilla/5.0 (compatible; heritrix/3.1.1 +http://places.tomtom.com)"
85.90.73.26 - - [05/Aug/2013:08:46:27 +0200] "GET /rundgang_start.php HTTP/1.1" 200 4652 "http://www.vita-apotheke.com/" "Mozilla/5.0 (compatible; heritrix/3.1.1 +http://places.tomtom.com)"
85.90.73.26 - - [05/Aug/2013:08:46:31 +0200] "GET /historie.php HTTP/1.1" 200 5111 "http://www.vita-apotheke.com/" "Mozilla/5.0 (compatible; heritrix/3.1.1 +http://places.tomtom.com)"
85.90.73.26 - - [05/Aug/2013:08:46:34 +0200] "GET /kontakt.php HTTP/1.1" 200 5102 "http://www.vita-apotheke.com/" "Mozilla/5.0 (compatible; heritrix/3.1.1 +http://places.tomtom.com)"
85.90.73.26 - - [05/Aug/2013:08:46:38 +0200] "GET /rundgang_beratungsraum.php HTTP/1.1" 200 5025 "http://www.vita-apotheke.com/rundgang_start.php" "Mozilla/5.0 (compatible; heritrix/3.1.1 +http://places.tomtom.com)"
85.90.73.26 - - [05/Aug/2013:08:46:41 +0200] "GET /mitarbeiter.php HTTP/1.1" 200 6811 "http://www.vita-apotheke.com/rundgang_start.php" "Mozilla/5.0 (compatible; heritrix/3.1.1 +http://places.tomtom.com)"
85.90.73.26 - - [05/Aug/2013:08:46:45 +0200] "GET /zertifizierungen.php HTTP/1.1" 200 4722 "http://www.vita-apotheke.com/rundgang_start.php" "Mozilla/5.0 (compatible; heritrix/3.1.1 +http://places.tomtom.com)"
85.90.73.26 - - [05/Aug/2013:08:46:49 +0200] "GET /ueberuns.php HTTP/1.1" 302 - "http://www.vita-apotheke.com/kontakt.php" "Mozilla/5.0 (compatible; heritrix/3.1.1 +http://places.tomtom.com)"
85.90.73.26 - - [05/Aug/2013:08:46:53 +0200] "GET /rundgang_hv.php HTTP/1.1" 200 4652 "http://www.vita-apotheke.com/rundgang_beratungsraum.php" "Mozilla/5.0 (compatible; heritrix/3.1.1 +http://places.tomtom.com)"
85.90.73.26 - - [05/Aug/2013:08:46:57 +0200] "GET /rundgang_regie.php HTTP/1.1" 200 5041 "http://www.vita-apotheke.com/rundgang_beratungsraum.php" "Mozilla/5.0 (compatible; heritrix/3.1.1 +http://places.tomtom.com)"
141.8.147.12 - - [05/Aug/2013:08:51:44 +0200] "GET /images/MA_Team_Zyto.jpg HTTP/1.1" 304 - "-" "Mozilla/5.0 (compatible; YandexImages/3.0; +http://yandex.com/bots)"
141.8.147.12 - - [05/Aug/2013:08:56:35 +0200] "GET /images/Sterilabteilung03_gross.jpg HTTP/1.1" 304 - "-" "Mozilla/5.0 (compatible; YandexImages/3.0; +http://yandex.com/bots)"
141.8.147.12 - - [05/Aug/2013:09:00:39 +0200] "GET /images/MA_MonikaLorenz.jpg HTTP/1.1" 304 - "-" "Mozilla/5.0 (compatible; YandexImages/3.0; +http://yandex.com/bots)"
218.30.103.147 - - [05/Aug/2013:09:15:41 +0200] "GET / HTTP/1.1" 200 4539 "-" "Sogou web spider/4.0(+http://www.sogou.com/docs/help/webmasters.htm#07)"
218.30.103.147 - - [05/Aug/2013:09:15:53 +0200] "GET /robots.txt HTTP/1.1" 404 1256 "-" "Sogou web spider/4.0"
217.17.25.50 - - [05/Aug/2013:09:32:30 +0200] "GET / HTTP/1.1" 200 4539 "-" "Mozilla/5.0 (Windows NT 6.1; WOW64; rv:15.0) Gecko/20100101 Firefox/15.0.1"
217.17.25.50 - - [05/Aug/2013:09:32:30 +0200] "GET /css/vita.css HTTP/1.1" 200 5485 "http://www.vita-apotheke.com/" "Mozilla/5.0 (Windows NT 6.1; WOW64; rv:15.0) Gecko/20100101 Firefox/15.0.1"
217.17.25.50 - - [05/Aug/2013:09:32:30 +0200] "GET /js/jquery.cross-slide.js HTTP/1.1" 200 6780 "http://www.vita-apotheke.com/" "Mozilla/5.0 (Windows NT 6.1; WOW64; rv:15.0) Gecko/20100101 Firefox/15.0.1"
217.17.25.50 - - [05/Aug/2013:09:32:30 +0200] "GET /images/AKB_QMS_Liskow_2006.png HTTP/1.1" 200 6005 "http://www.vita-apotheke.com/" "Mozilla/5.0 (Windows NT 6.1; WOW64; rv:15.0) Gecko/20100101 Firefox/15.0.1"
217.17.25.50 - - [05/Aug/2013:09:32:30 +0200] "GET /js/fancybox/jquery.fancybox-1.3.4.pack.js HTTP/1.1" 200 15624 "http://www.vita-apotheke.com/" "Mozilla/5.0 (Windows NT 6.1; WOW64; rv:15.0) Gecko/20100101 Firefox/15.0.1"
217.17.25.50 - - [05/Aug/2013:09:32:30 +0200] "GET /js/fancybox/jquery.fancybox-1.3.4.css HTTP/1.1" 200 8494 "http://www.vita-apotheke.com/" "Mozilla/5.0 (Windows NT 6.1; WOW64; rv:15.0) Gecko/20100101 Firefox/15.0.1"
217.17.25.50 - - [05/Aug/2013:09:32:30 +0200] "GET /images/quapos-zertifikat.jpg HTTP/1.1" 200 3804 "http://www.vita-apotheke.com/" "Mozilla/5.0 (Windows NT 6.1; WOW64; rv:15.0) Gecko/20100101 Firefox/15.0.1"
217.17.25.50 - - [05/Aug/2013:09:32:30 +0200] "GET /images/MA_MonikaLorenz.jpg HTTP/1.1" 200 46854 "http://www.vita-apotheke.com/" "Mozilla/5.0 (Windows NT 6.1; WOW64; rv:15.0) Gecko/20100101 Firefox/15.0.1"
217.17.25.50 - - [05/Aug/2013:09:32:30 +0200] "GET /js/jquery-1.5.1.min.js HTTP/1.1" 200 85260 "http://www.vita-apotheke.com/" "Mozilla/5.0 (Windows NT 6.1; WOW64; rv:15.0) Gecko/20100101 Firefox/15.0.1"
217.17.25.50 - - [05/Aug/2013:09:32:30 +0200] "GET /images/grafik_navi_mittelgruen.jpg HTTP/1.1" 200 13783 "http://www.vita-apotheke.com/css/vita.css" "Mozilla/5.0 (Windows NT 6.1; WOW64; rv:15.0) Gecko/20100101 Firefox/15.0.1"
217.17.25.50 - - [05/Aug/2013:09:32:30 +0200] "GET /images/vita-logo-dunkelgruen.jpg HTTP/1.1" 200 7021 "http://www.vita-apotheke.com/css/vita.css" "Mozilla/5.0 (Windows NT 6.1; WOW64; rv:15.0) Gecko/20100101 Firefox/15.0.1"
217.17.25.50 - - [05/Aug/2013:09:32:31 +0200] "GET /favicon.ico HTTP/1.1" 404 1256 "-" "Mozilla/5.0 (Windows NT 6.1; WOW64; rv:15.0) Gecko/20100101 Firefox/15.0.1"
217.17.25.50 - - [05/Aug/2013:09:32:31 +0200] "GET /favicon.ico HTTP/1.1" 404 1256 "-" "Mozilla/5.0 (Windows NT 6.1; WOW64; rv:15.0) Gecko/20100101 Firefox/15.0.1"
217.17.25.50 - - [05/Aug/2013:09:32:48 +0200] "GET /impressum.php HTTP/1.1" 200 4696 "http://www.vita-apotheke.com/" "Mozilla/5.0 (Windows NT 6.1; WOW64; rv:15.0) Gecko/20100101 Firefox/15.0.1"
217.17.25.50 - - [05/Aug/2013:09:32:48 +0200] "GET /images/Apotheke_aussen_ohne.Rand_4.jpg HTTP/1.1" 200 49642 "http://www.vita-apotheke.com/impressum.php" "Mozilla/5.0 (Windows NT 6.1; WOW64; rv:15.0) Gecko/20100101 Firefox/15.0.1"
217.17.25.50 - - [05/Aug/2013:09:32:48 +0200] "GET /images/mitarbeiter.jpg HTTP/1.1" 200 44826 "http://www.vita-apotheke.com/impressum.php" "Mozilla/5.0 (Windows NT 6.1; WOW64; rv:15.0) Gecko/20100101 Firefox/15.0.1"
141.8.147.12 - - [05/Aug/2013:09:47:00 +0200] "GET /images/Beratungsraum_gross.jpg HTTP/1.1" 304 - "-" "Mozilla/5.0 (compatible; YandexImages/3.0; +http://yandex.com/bots)"
218.30.103.147 - - [05/Aug/2013:09:56:34 +0200] "GET / HTTP/1.1" 200 4539 "-" "Sogou web spider/4.0(+http://www.sogou.com/docs/help/webmasters.htm#07)"
92.229.52.70 - - [05/Aug/2013:10:05:12 +0200] "GET / HTTP/1.1" 200 4539 "http://www.google.de/url?sa=f&rct=j&url=http://www.vita-apotheke.com/&q=apotheke+kors%C3%B6rerstra%C3%9Fe+11&ei=TVz_UYniBcS1tAbiiIDYDA&usg=AFQjCNHOlCDzkm6e4BwM8zmClPueA7lQ8w" "Mozilla/5.0 (Windows NT 6.1; WOW64) AppleWebKit/537.36 (KHTML, like Gecko) Chrome/28.0.1500.95 Safari/537.36"
92.229.52.70 - - [05/Aug/2013:10:05:12 +0200] "GET /css/vita.css HTTP/1.1" 200 5485 "http://www.vita-apotheke.com/" "Mozilla/5.0 (Windows NT 6.1; WOW64) AppleWebKit/537.36 (KHTML, like Gecko) Chrome/28.0.1500.95 Safari/537.36"
92.229.52.70 - - [05/Aug/2013:10:05:12 +0200] "GET /js/jquery.cross-slide.js HTTP/1.1" 200 6780 "http://www.vita-apotheke.com/" "Mozilla/5.0 (Windows NT 6.1; WOW64) AppleWebKit/537.36 (KHTML, like Gecko) Chrome/28.0.1500.95 Safari/537.36"
92.229.52.70 - - [05/Aug/2013:10:05:12 +0200] "GET /js/fancybox/jquery.fancybox-1.3.4.pack.js HTTP/1.1" 200 15624 "http://www.vita-apotheke.com/" "Mozilla/5.0 (Windows NT 6.1; WOW64) AppleWebKit/537.36 (KHTML, like Gecko) Chrome/28.0.1500.95 Safari/537.36"
92.229.52.70 - - [05/Aug/2013:10:05:12 +0200] "GET /js/fancybox/jquery.fancybox-1.3.4.css HTTP/1.1" 200 8494 "http://www.vita-apotheke.com/" "Mozilla/5.0 (Windows NT 6.1; WOW64) AppleWebKit/537.36 (KHTML, like Gecko) Chrome/28.0.1500.95 Safari/537.36"
92.229.52.70 - - [05/Aug/2013:10:05:12 +0200] "GET /images/AKB_QMS_Liskow_2006.png HTTP/1.1" 200 6005 "http://www.vita-apotheke.com/" "Mozilla/5.0 (Windows NT 6.1; WOW64) AppleWebKit/537.36 (KHTML, like Gecko) Chrome/28.0.1500.95 Safari/537.36"
92.229.52.70 - - [05/Aug/2013:10:05:12 +0200] "GET /images/quapos-zertifikat.jpg HTTP/1.1" 200 3804 "http://www.vita-apotheke.com/" "Mozilla/5.0 (Windows NT 6.1; WOW64) AppleWebKit/537.36 (KHTML, like Gecko) Chrome/28.0.1500.95 Safari/537.36"
92.229.52.70 - - [05/Aug/2013:10:05:12 +0200] "GET /images/MA_MonikaLorenz.jpg HTTP/1.1" 200 46854 "http://www.vita-apotheke.com/" "Mozilla/5.0 (Windows NT 6.1; WOW64) AppleWebKit/537.36 (KHTML, like Gecko) Chrome/28.0.1500.95 Safari/537.36"
92.229.52.70 - - [05/Aug/2013:10:05:12 +0200] "GET /js/jquery-1.5.1.min.js HTTP/1.1" 200 85260 "http://www.vita-apotheke.com/" "Mozilla/5.0 (Windows NT 6.1; WOW64) AppleWebKit/537.36 (KHTML, like Gecko) Chrome/28.0.1500.95 Safari/537.36"
92.229.52.70 - - [05/Aug/2013:10:05:13 +0200] "GET /images/vita-logo-dunkelgruen.jpg HTTP/1.1" 200 7021 "http://www.vita-apotheke.com/" "Mozilla/5.0 (Windows NT 6.1; WOW64) AppleWebKit/537.36 (KHTML, like Gecko) Chrome/28.0.1500.95 Safari/537.36"
92.229.52.70 - - [05/Aug/2013:10:05:13 +0200] "GET /images/grafik_navi_mittelgruen.jpg HTTP/1.1" 200 13783 "http://www.vita-apotheke.com/" "Mozilla/5.0 (Windows NT 6.1; WOW64) AppleWebKit/537.36 (KHTML, like Gecko) Chrome/28.0.1500.95 Safari/537.36"
92.229.52.70 - - [05/Aug/2013:10:05:13 +0200] "GET /favicon.ico HTTP/1.1" 404 1256 "-" "Mozilla/5.0 (Windows NT 6.1; WOW64) AppleWebKit/537.36 (KHTML, like Gecko) Chrome/28.0.1500.95 Safari/537.36"
141.8.147.12 - - [05/Aug/2013:10:12:25 +0200] "GET /images/quapos-zertifikat-mittel.jpg HTTP/1.1" 304 - "-" "Mozilla/5.0 (compatible; YandexImages/3.0; +http://yandex.com/bots)"
141.8.147.12 - - [05/Aug/2013:10:17:02 +0200] "GET /images/pfeil_zurueck.gif HTTP/1.1" 304 - "-" "Mozilla/5.0 (compatible; YandexImages/3.0; +http://yandex.com/bots)"
66.249.75.77 - - [05/Aug/2013:10:20:06 +0200] "GET /robots.txt HTTP/1.1" 404 1256 "-" "Mozilla/5.0 (compatible; Googlebot/2.1; +http://www.google.com/bot.html)"
66.249.75.77 - - [05/Aug/2013:10:20:06 +0200] "GET / HTTP/1.1" 200 4539 "-" "Mozilla/5.0 (iPhone; U; CPU iPhone OS 4_1 like Mac OS X; en-us) AppleWebKit/532.9 (KHTML, like Gecko) Version/4.0.5 Mobile/8B117 Safari/6531.22.7 (compatible; Googlebot-Mobile/2.1; +http://www.google.com/bot.html)"
87.169.237.52 - - [05/Aug/2013:10:20:29 +0200] "GET / HTTP/1.1" 200 4539 "http://www.google.de/url?sa=t&rct=j&q=&esrc=s&source=web&cd=2&ved=0CEQQFjAB&url=http%3A%2F%2Fwww.vita-apotheke.com%2F&ei=2V__Ua7jA4XAPLfpgDg&usg=AFQjCNGHscoO06lKwKfUZWpPexrvGv3sxg&sig2=EfwrRv8Sm3Gh5vu0eiLmwA&bvm=bv.50165853,d.ZWU" "Mozilla/5.0 (Windows NT 6.1; WOW64; rv:22.0) Gecko/20100101 Firefox/22.0"
87.169.237.52 - - [05/Aug/2013:10:20:29 +0200] "GET /css/vita.css HTTP/1.1" 200 5485 "http://www.vita-apotheke.com/" "Mozilla/5.0 (Windows NT 6.1; WOW64; rv:22.0) Gecko/20100101 Firefox/22.0"
87.169.237.52 - - [05/Aug/2013:10:20:29 +0200] "GET /js/jquery.cross-slide.js HTTP/1.1" 200 6780 "http://www.vita-apotheke.com/" "Mozilla/5.0 (Windows NT 6.1; WOW64; rv:22.0) Gecko/20100101 Firefox/22.0"
87.169.237.52 - - [05/Aug/2013:10:20:29 +0200] "GET /js/fancybox/jquery.fancybox-1.3.4.pack.js HTTP/1.1" 200 15624 "http://www.vita-apotheke.com/" "Mozilla/5.0 (Windows NT 6.1; WOW64; rv:22.0) Gecko/20100101 Firefox/22.0"
87.169.237.52 - - [05/Aug/2013:10:20:29 +0200] "GET /js/fancybox/jquery.fancybox-1.3.4.css HTTP/1.1" 200 8494 "http://www.vita-apotheke.com/" "Mozilla/5.0 (Windows NT 6.1; WOW64; rv:22.0) Gecko/20100101 Firefox/22.0"
87.169.237.52 - - [05/Aug/2013:10:20:29 +0200] "GET /js/jquery-1.5.1.min.js HTTP/1.1" 200 85260 "http://www.vita-apotheke.com/" "Mozilla/5.0 (Windows NT 6.1; WOW64; rv:22.0) Gecko/20100101 Firefox/22.0"
87.169.237.52 - - [05/Aug/2013:10:20:30 +0200] "GET /images/quapos-zertifikat.jpg HTTP/1.1" 200 3804 "http://www.vita-apotheke.com/" "Mozilla/5.0 (Windows NT 6.1; WOW64; rv:22.0) Gecko/20100101 Firefox/22.0"
87.169.237.52 - - [05/Aug/2013:10:20:30 +0200] "GET /images/AKB_QMS_Liskow_2006.png HTTP/1.1" 200 6005 "http://www.vita-apotheke.com/" "Mozilla/5.0 (Windows NT 6.1; WOW64; rv:22.0) Gecko/20100101 Firefox/22.0"
87.169.237.52 - - [05/Aug/2013:10:20:30 +0200] "GET /images/grafik_navi_mittelgruen.jpg HTTP/1.1" 200 13783 "http://www.vita-apotheke.com/css/vita.css" "Mozilla/5.0 (Windows NT 6.1; WOW64; rv:22.0) Gecko/20100101 Firefox/22.0"
87.169.237.52 - - [05/Aug/2013:10:20:30 +0200] "GET /images/vita-logo-dunkelgruen.jpg HTTP/1.1" 200 7021 "http://www.vita-apotheke.com/css/vita.css" "Mozilla/5.0 (Windows NT 6.1; WOW64; rv:22.0) Gecko/20100101 Firefox/22.0"
87.169.237.52 - - [05/Aug/2013:10:20:30 +0200] "GET /images/MA_MonikaLorenz.jpg HTTP/1.1" 200 46854 "http://www.vita-apotheke.com/" "Mozilla/5.0 (Windows NT 6.1; WOW64; rv:22.0) Gecko/20100101 Firefox/22.0"
87.169.237.52 - - [05/Aug/2013:10:20:30 +0200] "GET /favicon.ico HTTP/1.1" 404 1256 "-" "Mozilla/5.0 (Windows NT 6.1; WOW64; rv:22.0) Gecko/20100101 Firefox/22.0"
87.169.237.52 - - [05/Aug/2013:10:20:30 +0200] "GET /favicon.ico HTTP/1.1" 404 1256 "-" "Mozilla/5.0 (Windows NT 6.1; WOW64; rv:22.0) Gecko/20100101 Firefox/22.0"
87.169.237.52 - - [05/Aug/2013:10:20:34 +0200] "GET /impressum.php HTTP/1.1" 200 4696 "http://www.vita-apotheke.com/" "Mozilla/5.0 (Windows NT 6.1; WOW64; rv:22.0) Gecko/20100101 Firefox/22.0"
87.169.237.52 - - [05/Aug/2013:10:20:34 +0200] "GET /images/Apotheke_aussen_ohne.Rand_4.jpg HTTP/1.1" 200 49642 "http://www.vita-apotheke.com/impressum.php" "Mozilla/5.0 (Windows NT 6.1; WOW64; rv:22.0) Gecko/20100101 Firefox/22.0"
87.169.237.52 - - [05/Aug/2013:10:20:34 +0200] "GET /images/mitarbeiter.jpg HTTP/1.1" 200 44826 "http://www.vita-apotheke.com/impressum.php" "Mozilla/5.0 (Windows NT 6.1; WOW64; rv:22.0) Gecko/20100101 Firefox/22.0"
87.169.237.52 - - [05/Aug/2013:10:20:41 +0200] "GET /js/fancybox/fancybox.png HTTP/1.1" 200 15287 "http://www.vita-apotheke.com/js/fancybox/jquery.fancybox-1.3.4.css" "Mozilla/5.0 (Windows NT 6.1; WOW64; rv:22.0) Gecko/20100101 Firefox/22.0"
87.169.237.52 - - [05/Aug/2013:10:20:41 +0200] "GET /images/mitarbeiter_gross.jpg HTTP/1.1" 200 3284835 "http://www.vita-apotheke.com/impressum.php" "Mozilla/5.0 (Windows NT 6.1; WOW64; rv:22.0) Gecko/20100101 Firefox/22.0"
87.169.237.52 - - [05/Aug/2013:10:20:42 +0200] "GET /js/fancybox/fancybox-x.png HTTP/1.1" 200 203 "http://www.vita-apotheke.com/js/fancybox/jquery.fancybox-1.3.4.css" "Mozilla/5.0 (Windows NT 6.1; WOW64; rv:22.0) Gecko/20100101 Firefox/22.0"
87.169.237.52 - - [05/Aug/2013:10:20:42 +0200] "GET /js/fancybox/fancybox-y.png HTTP/1.1" 200 176 "http://www.vita-apotheke.com/js/fancybox/jquery.fancybox-1.3.4.css" "Mozilla/5.0 (Windows NT 6.1; WOW64; rv:22.0) Gecko/20100101 Firefox/22.0"
176.57.141.254 - - [05/Aug/2013:10:34:32 +0200] "GET /aerzteadressen.php HTTP/1.1" 200 5232 "-" "Mozilla/5.0 (X11; Linux i686; rv:6.0) Gecko/20100101 Firefox/6.0"
141.8.147.12 - - [05/Aug/2013:10:41:49 +0200] "GET /images/mitarbeiter_gross.jpg HTTP/1.1" 304 - "-" "Mozilla/5.0 (compatible; YandexImages/3.0; +http://yandex.com/bots)"
85.178.33.125 - - [05/Aug/2013:10:45:26 +0200] "GET /images/MA_KarinGroeschner.jpg HTTP/1.1" 200 33459 "http://www.google.com/blank.html" "Mozilla/5.0 (Macintosh; Intel Mac OS X 10_6_8) AppleWebKit/537.36 (KHTML, like Gecko) Chrome/28.0.1500.95 Safari/537.36"
85.178.33.125 - - [05/Aug/2013:10:45:31 +0200] "GET /mitarbeiter.php HTTP/1.1" 200 6811 "http://www.google.com/imgres?sa=X&biw=1279&bih=679&tbm=isch&tbnid=6Ujptk1myPuEYM:&imgrefurl=http://www.vita-apotheke.com/mitarbeiter.php&docid=oSu615i7WhDYVM&imgurl=http://www.vita-apotheke.com/images/MA_KarinGroeschner.jpg&w=240&h=160&ei=tWX_UZOIGomHtQboxIAY&zoom=1&ved=1t:3588,r:0,s:0,i:79&iact=rc&page=1&tbnh=128&tbnw=192&start=0&ndsp=20&tx=146&ty=44" "Mozilla/5.0 (Macintosh; Intel Mac OS X 10_6_8) AppleWebKit/537.36 (KHTML, like Gecko) Chrome/28.0.1500.95 Safari/537.36"
85.178.33.125 - - [05/Aug/2013:10:45:31 +0200] "GET /css/vita.css HTTP/1.1" 200 5485 "http://www.vita-apotheke.com/mitarbeiter.php" "Mozilla/5.0 (Macintosh; Intel Mac OS X 10_6_8) AppleWebKit/537.36 (KHTML, like Gecko) Chrome/28.0.1500.95 Safari/537.36"
85.178.33.125 - - [05/Aug/2013:10:45:31 +0200] "GET /js/jquery.cross-slide.js HTTP/1.1" 200 6780 "http://www.vita-apotheke.com/mitarbeiter.php" "Mozilla/5.0 (Macintosh; Intel Mac OS X 10_6_8) AppleWebKit/537.36 (KHTML, like Gecko) Chrome/28.0.1500.95 Safari/537.36"
85.178.33.125 - - [05/Aug/2013:10:45:31 +0200] "GET /js/fancybox/jquery.fancybox-1.3.4.pack.js HTTP/1.1" 200 15624 "http://www.vita-apotheke.com/mitarbeiter.php" "Mozilla/5.0 (Macintosh; Intel Mac OS X 10_6_8) AppleWebKit/537.36 (KHTML, like Gecko) Chrome/28.0.1500.95 Safari/537.36"
85.178.33.125 - - [05/Aug/2013:10:45:31 +0200] "GET /js/fancybox/jquery.fancybox-1.3.4.css HTTP/1.1" 200 8494 "http://www.vita-apotheke.com/mitarbeiter.php" "Mozilla/5.0 (Macintosh; Intel Mac OS X 10_6_8) AppleWebKit/537.36 (KHTML, like Gecko) Chrome/28.0.1500.95 Safari/537.36"
85.178.33.125 - - [05/Aug/2013:10:45:31 +0200] "GET /js/jquery-1.5.1.min.js HTTP/1.1" 200 85260 "http://www.vita-apotheke.com/mitarbeiter.php" "Mozilla/5.0 (Macintosh; Intel Mac OS X 10_6_8) AppleWebKit/537.36 (KHTML, like Gecko) Chrome/28.0.1500.95 Safari/537.36"
85.178.33.125 - - [05/Aug/2013:10:45:31 +0200] "GET /images/AKB_QMS_Liskow_2006.png HTTP/1.1" 200 6005 "http://www.vita-apotheke.com/mitarbeiter.php" "Mozilla/5.0 (Macintosh; Intel Mac OS X 10_6_8) AppleWebKit/537.36 (KHTML, like Gecko) Chrome/28.0.1500.95 Safari/537.36"
85.178.33.125 - - [05/Aug/2013:10:45:31 +0200] "GET /images/quapos-zertifikat.jpg HTTP/1.1" 200 3804 "http://www.vita-apotheke.com/mitarbeiter.php" "Mozilla/5.0 (Macintosh; Intel Mac OS X 10_6_8) AppleWebKit/537.36 (KHTML, like Gecko) Chrome/28.0.1500.95 Safari/537.36"
85.178.33.125 - - [05/Aug/2013:10:45:31 +0200] "GET /images/MA_Arnim_Apotheke.jpg HTTP/1.1" 200 43855 "http://www.vita-apotheke.com/mitarbeiter.php" "Mozilla/5.0 (Macintosh; Intel Mac OS X 10_6_8) AppleWebKit/537.36 (KHTML, like Gecko) Chrome/28.0.1500.95 Safari/537.36"
85.178.33.125 - - [05/Aug/2013:10:45:31 +0200] "GET /images/MA_MonikaLorenz1.jpg HTTP/1.1" 200 48000 "http://www.vita-apotheke.com/mitarbeiter.php" "Mozilla/5.0 (Macintosh; Intel Mac OS X 10_6_8) AppleWebKit/537.36 (KHTML, like Gecko) Chrome/28.0.1500.95 Safari/537.36"
85.178.33.125 - - [05/Aug/2013:10:45:32 +0200] "GET /images/vita-logo-dunkelgruen.jpg HTTP/1.1" 200 7021 "http://www.vita-apotheke.com/mitarbeiter.php" "Mozilla/5.0 (Macintosh; Intel Mac OS X 10_6_8) AppleWebKit/537.36 (KHTML, like Gecko) Chrome/28.0.1500.95 Safari/537.36"
85.178.33.125 - - [05/Aug/2013:10:45:32 +0200] "GET /images/grafik_navi_mittelgruen.jpg HTTP/1.1" 200 13783 "http://www.vita-apotheke.com/mitarbeiter.php" "Mozilla/5.0 (Macintosh; Intel Mac OS X 10_6_8) AppleWebKit/537.36 (KHTML, like Gecko) Chrome/28.0.1500.95 Safari/537.36"
85.178.33.125 - - [05/Aug/2013:10:45:33 +0200] "GET /images/MA_Vita_Apotheke_Startseite.jpg HTTP/1.1" 200 45767 "http://www.vita-apotheke.com/mitarbeiter.php" "Mozilla/5.0 (Macintosh; Intel Mac OS X 10_6_8) AppleWebKit/537.36 (KHTML, like Gecko) Chrome/28.0.1500.95 Safari/537.36"
85.178.33.125 - - [05/Aug/2013:10:45:33 +0200] "GET /images/MA_AndreasHidde.jpg HTTP/1.1" 200 42347 "http://www.vita-apotheke.com/mitarbeiter.php" "Mozilla/5.0 (Macintosh; Intel Mac OS X 10_6_8) AppleWebKit/537.36 (KHTML, like Gecko) Chrome/28.0.1500.95 Safari/537.36"
85.178.33.125 - - [05/Aug/2013:10:45:33 +0200] "GET /images/MA_BirgitBurkhardt.jpg HTTP/1.1" 200 39949 "http://www.vita-apotheke.com/mitarbeiter.php" "Mozilla/5.0 (Macintosh; Intel Mac OS X 10_6_8) AppleWebKit/537.36 (KHTML, like Gecko) Chrome/28.0.1500.95 Safari/537.36"
85.178.33.125 - - [05/Aug/2013:10:45:33 +0200] "GET /images/MA_DoerteMeinsen.jpg HTTP/1.1" 200 48925 "http://www.vita-apotheke.com/mitarbeiter.php" "Mozilla/5.0 (Macintosh; Intel Mac OS X 10_6_8) AppleWebKit/537.36 (KHTML, like Gecko) Chrome/28.0.1500.95 Safari/537.36"
85.178.33.125 - - [05/Aug/2013:10:45:33 +0200] "GET /images/MA_JuttaLangbein.jpg HTTP/1.1" 200 47891 "http://www.vita-apotheke.com/mitarbeiter.php" "Mozilla/5.0 (Macintosh; Intel Mac OS X 10_6_8) AppleWebKit/537.36 (KHTML, like Gecko) Chrome/28.0.1500.95 Safari/537.36"
85.178.33.125 - - [05/Aug/2013:10:45:33 +0200] "GET /images/MA_MarianneRuhnke.jpg HTTP/1.1" 200 39674 "http://www.vita-apotheke.com/mitarbeiter.php" "Mozilla/5.0 (Macintosh; Intel Mac OS X 10_6_8) AppleWebKit/537.36 (KHTML, like Gecko) Chrome/28.0.1500.95 Safari/537.36"
85.178.33.125 - - [05/Aug/2013:10:45:33 +0200] "GET /images/MA_Bode.jpg HTTP/1.1" 200 8375 "http://www.vita-apotheke.com/mitarbeiter.php" "Mozilla/5.0 (Macintosh; Intel Mac OS X 10_6_8) AppleWebKit/537.36 (KHTML, like Gecko) Chrome/28.0.1500.95 Safari/537.36"
85.178.33.125 - - [05/Aug/2013:10:45:33 +0200] "GET /images/MA_MichaelLeihs.jpg HTTP/1.1" 200 41017 "http://www.vita-apotheke.com/mitarbeiter.php" "Mozilla/5.0 (Macintosh; Intel Mac OS X 10_6_8) AppleWebKit/537.36 (KHTML, like Gecko) Chrome/28.0.1500.95 Safari/537.36"
85.178.33.125 - - [05/Aug/2013:10:45:33 +0200] "GET /images/MA_Dieter_Wrusch.jpg HTTP/1.1" 200 11791 "http://www.vita-apotheke.com/mitarbeiter.php" "Mozilla/5.0 (Macintosh; Intel Mac OS X 10_6_8) AppleWebKit/537.36 (KHTML, like Gecko) Chrome/28.0.1500.95 Safari/537.36"
85.178.33.125 - - [05/Aug/2013:10:45:33 +0200] "GET /images/MA_AnjaJacob.jpg HTTP/1.1" 200 42072 "http://www.vita-apotheke.com/mitarbeiter.php" "Mozilla/5.0 (Macintosh; Intel Mac OS X 10_6_8) AppleWebKit/537.36 (KHTML, like Gecko) Chrome/28.0.1500.95 Safari/537.36"
85.178.33.125 - - [05/Aug/2013:10:45:33 +0200] "GET /images/MA_ChristineSchrade.jpg HTTP/1.1" 200 38398 "http://www.vita-apotheke.com/mitarbeiter.php" "Mozilla/5.0 (Macintosh; Intel Mac OS X 10_6_8) AppleWebKit/537.36 (KHTML, like Gecko) Chrome/28.0.1500.95 Safari/537.36"
85.178.33.125 - - [05/Aug/2013:10:45:33 +0200] "GET /images/MA_HeikeGudereit.jpg HTTP/1.1" 200 33826 "http://www.vita-apotheke.com/mitarbeiter.php" "Mozilla/5.0 (Macintosh; Intel Mac OS X 10_6_8) AppleWebKit/537.36 (KHTML, like Gecko) Chrome/28.0.1500.95 Safari/537.36"
85.178.33.125 - - [05/Aug/2013:10:45:33 +0200] "GET /images/MA_Marion_Lemke.jpg HTTP/1.1" 200 8394 "http://www.vita-apotheke.com/mitarbeiter.php" "Mozilla/5.0 (Macintosh; Intel Mac OS X 10_6_8) AppleWebKit/537.36 (KHTML, like Gecko) Chrome/28.0.1500.95 Safari/537.36"
85.178.33.125 - - [05/Aug/2013:10:45:33 +0200] "GET /images/MA_MagittPilgrim.jpg HTTP/1.1" 200 9139 "http://www.vita-apotheke.com/mitarbeiter.php" "Mozilla/5.0 (Macintosh; Intel Mac OS X 10_6_8) AppleWebKit/537.36 (KHTML, like Gecko) Chrome/28.0.1500.95 Safari/537.36"
85.178.33.125 - - [05/Aug/2013:10:45:33 +0200] "GET /images/MA_Ajmic.jpg HTTP/1.1" 200 8577 "http://www.vita-apotheke.com/mitarbeiter.php" "Mozilla/5.0 (Macintosh; Intel Mac OS X 10_6_8) AppleWebKit/537.36 (KHTML, like Gecko) Chrome/28.0.1500.95 Safari/537.36"
85.178.33.125 - - [05/Aug/2013:10:45:33 +0200] "GET /images/MA_ArnoBarz.jpg HTTP/1.1" 200 10186 "http://www.vita-apotheke.com/mitarbeiter.php" "Mozilla/5.0 (Macintosh; Intel Mac OS X 10_6_8) AppleWebKit/537.36 (KHTML, like Gecko) Chrome/28.0.1500.95 Safari/537.36"
85.178.33.125 - - [05/Aug/2013:10:45:33 +0200] "GET /favicon.ico HTTP/1.1" 404 1256 "-" "Mozilla/5.0 (Macintosh; Intel Mac OS X 10_6_8) AppleWebKit/537.36 (KHTML, like Gecko) Chrome/28.0.1500.95 Safari/537.36"
85.178.33.125 - - [05/Aug/2013:10:45:45 +0200] "GET /kontakt.php HTTP/1.1" 200 5102 "http://www.vita-apotheke.com/mitarbeiter.php" "Mozilla/5.0 (Macintosh; Intel Mac OS X 10_6_8) AppleWebKit/537.36 (KHTML, like Gecko) Chrome/28.0.1500.95 Safari/537.36"
85.178.33.125 - - [05/Aug/2013:10:45:49 +0200] "GET /favicon.ico HTTP/1.1" 404 1256 "-" "Mozilla/5.0 (Macintosh; Intel Mac OS X 10_6_8) AppleWebKit/537.36 (KHTML, like Gecko) Chrome/28.0.1500.95 Safari/537.36"
85.178.33.125 - - [05/Aug/2013:10:49:01 +0200] "GET /favicon.ico HTTP/1.1" 404 1256 "-" "Mozilla/5.0 (Macintosh; Intel Mac OS X 10_6_8) AppleWebKit/537.36 (KHTML, like Gecko) Chrome/28.0.1500.95 Safari/537.36"
85.178.33.125 - - [05/Aug/2013:10:49:01 +0200] "GET /favicon.ico HTTP/1.1" 404 1256 "-" "Mozilla/5.0 (Macintosh; Intel Mac OS X 10_6_8) AppleWebKit/537.36 (KHTML, like Gecko) Chrome/28.0.1500.95 Safari/537.36"
