87.138.101.161 - - [01/Oct/2013:12:19:39 +0200] "GET /templates/gk_penguinmail/js/domready_fix.js HTTP/1.0" 304 - "http://www.straman.de/" "Mozilla/5.0 (Windows NT 6.1; WOW64; rv:24.0) Gecko/20100101 Firefox/24.0"
87.138.101.161 - - [01/Oct/2013:12:19:39 +0200] "GET /templates/gk_penguinmail/js/gk.script.js HTTP/1.0" 304 - "http://www.straman.de/" "Mozilla/5.0 (Windows NT 6.1; WOW64; rv:24.0) Gecko/20100101 Firefox/24.0"
87.138.101.161 - - [01/Oct/2013:12:19:39 +0200] "GET /templates/gk_penguinmail/css/menu/mega.css HTTP/1.0" 304 - "http://www.straman.de/" "Mozilla/5.0 (Windows NT 6.1; WOW64; rv:24.0) Gecko/20100101 Firefox/24.0"
87.138.101.161 - - [01/Oct/2013:12:19:39 +0200] "GET /templates/gk_penguinmail/js/menu/mega.js HTTP/1.0" 304 - "http://www.straman.de/" "Mozilla/5.0 (Windows NT 6.1; WOW64; rv:24.0) Gecko/20100101 Firefox/24.0"
87.138.101.161 - - [01/Oct/2013:12:19:39 +0200] "GET /templates/gk_penguinmail/fonts/PT-Seans/stylesheet.css HTTP/1.0" 304 - "http://www.straman.de/" "Mozilla/5.0 (Windows NT 6.1; WOW64; rv:24.0) Gecko/20100101 Firefox/24.0"
87.138.101.161 - - [01/Oct/2013:12:19:39 +0200] "GET /images/kontaktformular.jpg HTTP/1.0" 304 - "http://www.straman.de/" "Mozilla/5.0 (Windows NT 6.1; WOW64; rv:24.0) Gecko/20100101 Firefox/24.0"
87.138.101.161 - - [01/Oct/2013:12:19:39 +0200] "GET /templates/gk_penguinmail/images/style3/glow.jpg HTTP/1.0" 304 - "http://www.straman.de/templates/gk_penguinmail/css/style3.css" "Mozilla/5.0 (Windows NT 6.1; WOW64; rv:24.0) Gecko/20100101 Firefox/24.0"
87.138.101.161 - - [01/Oct/2013:12:19:39 +0200] "GET /templates/gk_penguinmail/images/style3/menu_sprite.png HTTP/1.0" 304 - "http://www.straman.de/templates/gk_penguinmail/css/override.css" "Mozilla/5.0 (Windows NT 6.1; WOW64; rv:24.0) Gecko/20100101 Firefox/24.0"
87.138.101.161 - - [01/Oct/2013:12:19:39 +0200] "GET /templates/gk_penguinmail/images/menu_sprite.png HTTP/1.0" 404 2467 "http://www.straman.de/templates/gk_penguinmail/css/override.css" "Mozilla/5.0 (Windows NT 6.1; WOW64; rv:24.0) Gecko/20100101 Firefox/24.0"
87.138.101.161 - - [01/Oct/2013:12:19:56 +0200] "GET /servicebereiche/gruenanlagenpflege.html HTTP/1.0" 200 22308 "http://www.straman.de/" "Mozilla/5.0 (Windows NT 6.1; WOW64; rv:24.0) Gecko/20100101 Firefox/24.0"
87.138.101.161 - - [01/Oct/2013:12:19:56 +0200] "GET /templates/gk_penguinmail/css/template.css HTTP/1.0" 304 - "http://www.straman.de/servicebereiche/gruenanlagenpflege.html" "Mozilla/5.0 (Windows NT 6.1; WOW64; rv:24.0) Gecko/20100101 Firefox/24.0"
87.138.101.161 - - [01/Oct/2013:12:19:56 +0200] "GET /templates/gk_penguinmail/css/css3_style3.css HTTP/1.0" 304 - "http://www.straman.de/servicebereiche/gruenanlagenpflege.html" "Mozilla/5.0 (Windows NT 6.1; WOW64; rv:24.0) Gecko/20100101 Firefox/24.0"
87.138.101.161 - - [01/Oct/2013:12:19:56 +0200] "GET /templates/gk_penguinmail/css/override.css HTTP/1.0" 304 - "http://www.straman.de/servicebereiche/gruenanlagenpflege.html" "Mozilla/5.0 (Windows NT 6.1; WOW64; rv:24.0) Gecko/20100101 Firefox/24.0"
87.138.101.161 - - [01/Oct/2013:12:19:57 +0200] "GET /templates/gk_penguinmail/images/toolsFont.png HTTP/1.0" 304 - "http://www.straman.de/templates/gk_penguinmail/css/template.css" "Mozilla/5.0 (Windows NT 6.1; WOW64; rv:24.0) Gecko/20100101 Firefox/24.0"
87.138.101.161 - - [01/Oct/2013:12:19:57 +0200] "GET /templates/gk_penguinmail/images/menu_sprite.png HTTP/1.0" 404 2467 "http://www.straman.de/templates/gk_penguinmail/css/override.css" "Mozilla/5.0 (Windows NT 6.1; WOW64; rv:24.0) Gecko/20100101 Firefox/24.0"
87.138.101.161 - - [01/Oct/2013:12:20:01 +0200] "GET /component/content/article/34-garten-und-landschaftsbau/73-privatgartenpflege.html HTTP/1.0" 200 20018 "http://www.straman.de/servicebereiche/gruenanlagenpflege.html" "Mozilla/5.0 (Windows NT 6.1; WOW64; rv:24.0) Gecko/20100101 Firefox/24.0"
87.138.101.161 - - [01/Oct/2013:12:20:01 +0200] "GET /templates/gk_penguinmail/images/menu_sprite.png HTTP/1.0" 404 2467 "http://www.straman.de/templates/gk_penguinmail/css/override.css" "Mozilla/5.0 (Windows NT 6.1; WOW64; rv:24.0) Gecko/20100101 Firefox/24.0"
87.138.101.161 - - [01/Oct/2013:12:20:03 +0200] "GET /templates/gk_penguinmail/images/menu_sprite.png HTTP/1.0" 404 2467 "http://www.straman.de/templates/gk_penguinmail/css/override.css" "Mozilla/5.0 (Windows NT 6.1; WOW64; rv:24.0) Gecko/20100101 Firefox/24.0"
87.138.101.161 - - [01/Oct/2013:12:20:04 +0200] "GET /component/content/article/34-garten-und-landschaftsbau/74-gewerbegruenpflege.html HTTP/1.0" 200 20287 "http://www.straman.de/servicebereiche/gruenanlagenpflege.html" "Mozilla/5.0 (Windows NT 6.1; WOW64; rv:24.0) Gecko/20100101 Firefox/24.0"
87.138.101.161 - - [01/Oct/2013:12:20:05 +0200] "GET /templates/gk_penguinmail/images/menu_sprite.png HTTP/1.0" 404 2467 "http://www.straman.de/templates/gk_penguinmail/css/override.css" "Mozilla/5.0 (Windows NT 6.1; WOW64; rv:24.0) Gecko/20100101 Firefox/24.0"
87.138.101.161 - - [01/Oct/2013:12:20:09 +0200] "GET / HTTP/1.0" 200 18119 "http://www.straman.de/component/content/article/34-garten-und-landschaftsbau/74-gewerbegruenpflege.html" "Mozilla/5.0 (Windows NT 6.1; WOW64; rv:24.0) Gecko/20100101 Firefox/24.0"
87.138.101.161 - - [01/Oct/2013:12:20:09 +0200] "GET /images/kontaktformular.jpg HTTP/1.0" 304 - "http://www.straman.de/" "Mozilla/5.0 (Windows NT 6.1; WOW64; rv:24.0) Gecko/20100101 Firefox/24.0"
87.138.101.161 - - [01/Oct/2013:12:20:09 +0200] "GET /templates/gk_penguinmail/images/menu_sprite.png HTTP/1.0" 404 2467 "http://www.straman.de/templates/gk_penguinmail/css/override.css" "Mozilla/5.0 (Windows NT 6.1; WOW64; rv:24.0) Gecko/20100101 Firefox/24.0"
87.138.101.161 - - [01/Oct/2013:12:20:10 +0200] "GET /news.html HTTP/1.0" 200 31368 "http://www.straman.de/" "Mozilla/5.0 (Windows NT 6.1; WOW64; rv:24.0) Gecko/20100101 Firefox/24.0"
87.138.101.161 - - [01/Oct/2013:12:20:11 +0200] "GET /templates/gk_penguinmail/css/template_unterseiten.css HTTP/1.0" 304 - "http://www.straman.de/news.html" "Mozilla/5.0 (Windows NT 6.1; WOW64; rv:24.0) Gecko/20100101 Firefox/24.0"
87.138.101.161 - - [01/Oct/2013:12:20:11 +0200] "GET /images/header3.png HTTP/1.0" 304 - "http://www.straman.de/news.html" "Mozilla/5.0 (Windows NT 6.1; WOW64; rv:24.0) Gecko/20100101 Firefox/24.0"
87.138.101.161 - - [01/Oct/2013:12:20:11 +0200] "GET /templates/gk_penguinmail/images/button.png HTTP/1.0" 304 - "http://www.straman.de/templates/gk_penguinmail/css/joomla.css" "Mozilla/5.0 (Windows NT 6.1; WOW64; rv:24.0) Gecko/20100101 Firefox/24.0"
87.138.101.161 - - [01/Oct/2013:12:20:11 +0200] "GET /templates/gk_penguinmail/images/menu_sprite.png HTTP/1.0" 404 2467 "http://www.straman.de/templates/gk_penguinmail/css/override.css" "Mozilla/5.0 (Windows NT 6.1; WOW64; rv:24.0) Gecko/20100101 Firefox/24.0"
87.138.101.161 - - [01/Oct/2013:12:20:19 +0200] "GET /templates/gk_penguinmail/images/menu_sprite.png HTTP/1.0" 404 2467 "http://www.straman.de/templates/gk_penguinmail/css/override.css" "Mozilla/5.0 (Windows NT 6.1; WOW64; rv:24.0) Gecko/20100101 Firefox/24.0"
217.86.205.174 - - [01/Oct/2013:12:20:54 +0200] "GET / HTTP/1.1" 200 18089 "-" "Mozilla/5.0 (compatible; MSIE 10.0; Windows NT 6.1; WOW64; Trident/6.0)"
217.86.205.174 - - [01/Oct/2013:12:20:55 +0200] "GET /templates/gk_penguinmail/images/menu_sprite.png HTTP/1.1" 404 2467 "http://www.straman.de/" "Mozilla/5.0 (compatible; MSIE 10.0; Windows NT 6.1; WOW64; Trident/6.0)"
217.86.205.174 - - [01/Oct/2013:12:20:57 +0200] "GET /templates/gk_penguinmail/favicon.ico HTTP/1.1" 200 5686 "-" "Mozilla/5.0 (compatible; MSIE 10.0; Windows NT 6.1; WOW64; Trident/6.0)"
87.138.101.161 - - [01/Oct/2013:12:21:10 +0200] "GET /servicebereiche/winterdienst.html HTTP/1.0" 200 20593 "http://www.straman.de/" "Mozilla/5.0 (Windows NT 6.1; WOW64; rv:24.0) Gecko/20100101 Firefox/24.0"
87.138.101.161 - - [01/Oct/2013:12:21:10 +0200] "GET /templates/gk_penguinmail/css/template_winterdienst.css HTTP/1.0" 200 109 "http://www.straman.de/servicebereiche/winterdienst.html" "Mozilla/5.0 (Windows NT 6.1; WOW64; rv:24.0) Gecko/20100101 Firefox/24.0"
87.138.101.161 - - [01/Oct/2013:12:21:10 +0200] "GET /templates/gk_penguinmail/images/grau2.jpg HTTP/1.0" 200 25139 "http://www.straman.de/templates/gk_penguinmail/css/template_winterdienst.css" "Mozilla/5.0 (Windows NT 6.1; WOW64; rv:24.0) Gecko/20100101 Firefox/24.0"
87.138.101.161 - - [01/Oct/2013:12:21:10 +0200] "GET /images/winterdienst_001.jpg HTTP/1.0" 200 107331 "http://www.straman.de/servicebereiche/winterdienst.html" "Mozilla/5.0 (Windows NT 6.1; WOW64; rv:24.0) Gecko/20100101 Firefox/24.0"
87.138.101.161 - - [01/Oct/2013:12:21:10 +0200] "GET /templates/gk_penguinmail/images/menu_sprite.png HTTP/1.0" 404 2467 "http://www.straman.de/templates/gk_penguinmail/css/override.css" "Mozilla/5.0 (Windows NT 6.1; WOW64; rv:24.0) Gecko/20100101 Firefox/24.0"
217.86.205.174 - - [01/Oct/2013:12:21:21 +0200] "GET /servicebereiche/uebersichtgebaeudemanagement.html HTTP/1.1" 200 19733 "http://www.straman.de/" "Mozilla/5.0 (compatible; MSIE 10.0; Windows NT 6.1; WOW64; Trident/6.0)"
217.86.205.174 - - [01/Oct/2013:12:21:21 +0200] "GET /templates/gk_penguinmail/images/pdf_button.png HTTP/1.1" 200 500 "http://www.straman.de/servicebereiche/uebersichtgebaeudemanagement.html" "Mozilla/5.0 (compatible; MSIE 10.0; Windows NT 6.1; WOW64; Trident/6.0)"
217.86.205.174 - - [01/Oct/2013:12:21:21 +0200] "GET /templates/gk_penguinmail/images/menu_sprite.png HTTP/1.1" 404 2467 "http://www.straman.de/servicebereiche/uebersichtgebaeudemanagement.html" "Mozilla/5.0 (compatible; MSIE 10.0; Windows NT 6.1; WOW64; Trident/6.0)"
217.86.205.174 - - [01/Oct/2013:12:21:30 +0200] "GET / HTTP/1.1" 200 18089 "http://www.straman.de/servicebereiche/uebersichtgebaeudemanagement.html" "Mozilla/5.0 (compatible; MSIE 10.0; Windows NT 6.1; WOW64; Trident/6.0)"
217.86.205.174 - - [01/Oct/2013:12:21:30 +0200] "GET /templates/gk_penguinmail/images/menu_sprite.png HTTP/1.1" 404 2467 "http://www.straman.de/" "Mozilla/5.0 (compatible; MSIE 10.0; Windows NT 6.1; WOW64; Trident/6.0)"
87.138.101.161 - - [01/Oct/2013:12:21:46 +0200] "GET / HTTP/1.0" 200 18119 "http://www.straman.de/servicebereiche/winterdienst.html" "Mozilla/5.0 (Windows NT 6.1; WOW64; rv:24.0) Gecko/20100101 Firefox/24.0"
87.138.101.161 - - [01/Oct/2013:12:21:47 +0200] "GET /templates/gk_penguinmail/images/menu_sprite.png HTTP/1.0" 404 2467 "http://www.straman.de/templates/gk_penguinmail/css/override.css" "Mozilla/5.0 (Windows NT 6.1; WOW64; rv:24.0) Gecko/20100101 Firefox/24.0"
217.86.205.174 - - [01/Oct/2013:12:22:14 +0200] "GET /news.html HTTP/1.1" 200 31338 "http://www.straman.de/" "Mozilla/5.0 (compatible; MSIE 10.0; Windows NT 6.1; WOW64; Trident/6.0)"
217.86.205.174 - - [01/Oct/2013:12:22:14 +0200] "GET /images/stories/taking_notes.jpg HTTP/1.1" 200 3273 "http://www.straman.de/news.html" "Mozilla/5.0 (compatible; MSIE 10.0; Windows NT 6.1; WOW64; Trident/6.0)"
217.86.205.174 - - [01/Oct/2013:12:22:14 +0200] "GET /templates/gk_penguinmail/images/menu_sprite.png HTTP/1.1" 404 2467 "http://www.straman.de/news.html" "Mozilla/5.0 (compatible; MSIE 10.0; Windows NT 6.1; WOW64; Trident/6.0)"
217.86.205.174 - - [01/Oct/2013:12:22:15 +0200] "GET /templates/gk_penguinmail/images/button.png HTTP/1.1" 200 87 "http://www.straman.de/news.html" "Mozilla/5.0 (compatible; MSIE 10.0; Windows NT 6.1; WOW64; Trident/6.0)"
217.86.205.174 - - [01/Oct/2013:12:22:14 +0200] "GET /images/karte-standorte.png HTTP/1.1" 200 62546 "http://www.straman.de/news.html" "Mozilla/5.0 (compatible; MSIE 10.0; Windows NT 6.1; WOW64; Trident/6.0)"
217.86.205.174 - - [01/Oct/2013:12:22:14 +0200] "GET /images/igm_002.jpg HTTP/1.1" 200 84663 "http://www.straman.de/news.html" "Mozilla/5.0 (compatible; MSIE 10.0; Windows NT 6.1; WOW64; Trident/6.0)"
217.86.205.174 - - [01/Oct/2013:12:22:14 +0200] "GET /images/foerderlogo%202010-2011.jpg HTTP/1.1" 200 439432 "http://www.straman.de/news.html" "Mozilla/5.0 (compatible; MSIE 10.0; Windows NT 6.1; WOW64; Trident/6.0)"
217.86.205.174 - - [01/Oct/2013:12:22:14 +0200] "GET /images/igm_003.jpg HTTP/1.1" 200 136311 "http://www.straman.de/news.html" "Mozilla/5.0 (compatible; MSIE 10.0; Windows NT 6.1; WOW64; Trident/6.0)"
217.86.205.174 - - [01/Oct/2013:12:22:14 +0200] "GET /images/igm_001.jpg HTTP/1.1" 200 206663 "http://www.straman.de/news.html" "Mozilla/5.0 (compatible; MSIE 10.0; Windows NT 6.1; WOW64; Trident/6.0)"
217.86.205.174 - - [01/Oct/2013:12:22:20 +0200] "GET /servicebereiche/gruenanlagenpflege.html HTTP/1.1" 200 22278 "http://www.straman.de/news.html" "Mozilla/5.0 (compatible; MSIE 10.0; Windows NT 6.1; WOW64; Trident/6.0)"
217.86.205.174 - - [01/Oct/2013:12:22:20 +0200] "GET /templates/gk_penguinmail/css/template_gruenanlage.css HTTP/1.1" 200 114 "http://www.straman.de/servicebereiche/gruenanlagenpflege.html" "Mozilla/5.0 (compatible; MSIE 10.0; Windows NT 6.1; WOW64; Trident/6.0)"
217.86.205.174 - - [01/Oct/2013:12:22:20 +0200] "GET /images/header_orange.png HTTP/1.1" 200 36919 "http://www.straman.de/servicebereiche/gruenanlagenpflege.html" "Mozilla/5.0 (compatible; MSIE 10.0; Windows NT 6.1; WOW64; Trident/6.0)"
217.86.205.174 - - [01/Oct/2013:12:22:20 +0200] "GET /templates/gk_penguinmail/images/gruen1.png HTTP/1.1" 200 65374 "http://www.straman.de/servicebereiche/gruenanlagenpflege.html" "Mozilla/5.0 (compatible; MSIE 10.0; Windows NT 6.1; WOW64; Trident/6.0)"
217.86.205.174 - - [01/Oct/2013:12:22:20 +0200] "GET /templates/gk_penguinmail/images/menu_sprite.png HTTP/1.1" 404 2467 "http://www.straman.de/servicebereiche/gruenanlagenpflege.html" "Mozilla/5.0 (compatible; MSIE 10.0; Windows NT 6.1; WOW64; Trident/6.0)"
217.86.205.174 - - [01/Oct/2013:12:22:20 +0200] "GET /images/galabau_001.jpg HTTP/1.1" 200 110927 "http://www.straman.de/servicebereiche/gruenanlagenpflege.html" "Mozilla/5.0 (compatible; MSIE 10.0; Windows NT 6.1; WOW64; Trident/6.0)"
217.86.205.174 - - [01/Oct/2013:12:22:20 +0200] "GET /images/banner_besch_728x90.jpg HTTP/1.1" 200 634555 "http://www.straman.de/servicebereiche/gruenanlagenpflege.html" "Mozilla/5.0 (compatible; MSIE 10.0; Windows NT 6.1; WOW64; Trident/6.0)"
217.86.205.174 - - [01/Oct/2013:12:22:24 +0200] "GET /component/content/article/34-garten-und-landschaftsbau/73-privatgartenpflege.html HTTP/1.1" 200 19988 "http://www.straman.de/servicebereiche/gruenanlagenpflege.html" "Mozilla/5.0 (compatible; MSIE 10.0; Windows NT 6.1; WOW64; Trident/6.0)"
217.86.205.174 - - [01/Oct/2013:12:22:24 +0200] "GET /templates/gk_penguinmail/images/menu_sprite.png HTTP/1.1" 404 2467 "http://www.straman.de/component/content/article/34-garten-und-landschaftsbau/73-privatgartenpflege.html" "Mozilla/5.0 (compatible; MSIE 10.0; Windows NT 6.1; WOW64; Trident/6.0)"
87.138.101.161 - - [01/Oct/2013:12:22:37 +0200] "GET /news.html HTTP/1.0" 200 31368 "http://www.straman.de/" "Mozilla/5.0 (Windows NT 6.1; WOW64; rv:24.0) Gecko/20100101 Firefox/24.0"
87.138.101.161 - - [01/Oct/2013:12:22:38 +0200] "GET /templates/gk_penguinmail/images/menu_sprite.png HTTP/1.0" 404 2467 "http://www.straman.de/templates/gk_penguinmail/css/override.css" "Mozilla/5.0 (Windows NT 6.1; WOW64; rv:24.0) Gecko/20100101 Firefox/24.0"
217.86.205.174 - - [01/Oct/2013:12:22:39 +0200] "GET / HTTP/1.1" 200 18089 "http://www.straman.de/component/content/article/34-garten-und-landschaftsbau/73-privatgartenpflege.html" "Mozilla/5.0 (compatible; MSIE 10.0; Windows NT 6.1; WOW64; Trident/6.0)"
217.86.205.174 - - [01/Oct/2013:12:22:39 +0200] "GET /templates/gk_penguinmail/images/menu_sprite.png HTTP/1.1" 404 2467 "http://www.straman.de/" "Mozilla/5.0 (compatible; MSIE 10.0; Windows NT 6.1; WOW64; Trident/6.0)"
87.138.101.161 - - [01/Oct/2013:12:23:24 +0200] "GET / HTTP/1.0" 200 18119 "http://www.straman.de/news.html" "Mozilla/5.0 (Windows NT 6.1; WOW64; rv:24.0) Gecko/20100101 Firefox/24.0"
87.138.101.161 - - [01/Oct/2013:12:23:24 +0200] "GET /templates/gk_penguinmail/images/menu_sprite.png HTTP/1.0" 404 2467 "http://www.straman.de/templates/gk_penguinmail/css/override.css" "Mozilla/5.0 (Windows NT 6.1; WOW64; rv:24.0) Gecko/20100101 Firefox/24.0"
87.138.101.161 - - [01/Oct/2013:12:23:26 +0200] "GET /news.html HTTP/1.0" 200 31368 "http://www.straman.de/" "Mozilla/5.0 (Windows NT 6.1; WOW64; rv:24.0) Gecko/20100101 Firefox/24.0"
87.138.101.161 - - [01/Oct/2013:12:23:26 +0200] "GET /templates/gk_penguinmail/images/menu_sprite.png HTTP/1.0" 404 2467 "http://www.straman.de/templates/gk_penguinmail/css/override.css" "Mozilla/5.0 (Windows NT 6.1; WOW64; rv:24.0) Gecko/20100101 Firefox/24.0"
217.86.205.174 - - [01/Oct/2013:12:23:27 +0200] "GET /servicebereiche/gruenanlagenpflege.html HTTP/1.1" 200 22278 "http://www.straman.de/" "Mozilla/5.0 (compatible; MSIE 10.0; Windows NT 6.1; WOW64; Trident/6.0)"
217.86.205.174 - - [01/Oct/2013:12:23:28 +0200] "GET /templates/gk_penguinmail/images/menu_sprite.png HTTP/1.1" 404 2467 "http://www.straman.de/servicebereiche/gruenanlagenpflege.html" "Mozilla/5.0 (compatible; MSIE 10.0; Windows NT 6.1; WOW64; Trident/6.0)"
217.86.205.174 - - [01/Oct/2013:12:23:30 +0200] "GET /servicebereiche/strassenreinigung.html HTTP/1.1" 200 21231 "http://www.straman.de/servicebereiche/gruenanlagenpflege.html" "Mozilla/5.0 (compatible; MSIE 10.0; Windows NT 6.1; WOW64; Trident/6.0)"
217.86.205.174 - - [01/Oct/2013:12:23:31 +0200] "GET /templates/gk_penguinmail/images/style3/typography/bullet_squ1_color.png HTTP/1.1" 200 149 "http://www.straman.de/servicebereiche/strassenreinigung.html" "Mozilla/5.0 (compatible; MSIE 10.0; Windows NT 6.1; WOW64; Trident/6.0)"
217.86.205.174 - - [01/Oct/2013:12:23:31 +0200] "GET /templates/gk_penguinmail/images/menu_sprite.png HTTP/1.1" 404 2467 "http://www.straman.de/servicebereiche/strassenreinigung.html" "Mozilla/5.0 (compatible; MSIE 10.0; Windows NT 6.1; WOW64; Trident/6.0)"
87.138.101.161 - - [01/Oct/2013:12:23:31 +0200] "GET / HTTP/1.0" 200 18119 "http://www.straman.de/news.html" "Mozilla/5.0 (Windows NT 6.1; WOW64; rv:24.0) Gecko/20100101 Firefox/24.0"
217.86.205.174 - - [01/Oct/2013:12:23:31 +0200] "GET /images/strarein_002.jpg HTTP/1.1" 200 195679 "http://www.straman.de/servicebereiche/strassenreinigung.html" "Mozilla/5.0 (compatible; MSIE 10.0; Windows NT 6.1; WOW64; Trident/6.0)"
87.138.101.161 - - [01/Oct/2013:12:23:31 +0200] "GET /templates/gk_penguinmail/images/menu_sprite.png HTTP/1.0" 404 2467 "http://www.straman.de/templates/gk_penguinmail/css/override.css" "Mozilla/5.0 (Windows NT 6.1; WOW64; rv:24.0) Gecko/20100101 Firefox/24.0"
217.86.205.174 - - [01/Oct/2013:12:23:31 +0200] "GET /images/strarein_001.jpg HTTP/1.1" 200 180942 "http://www.straman.de/servicebereiche/strassenreinigung.html" "Mozilla/5.0 (compatible; MSIE 10.0; Windows NT 6.1; WOW64; Trident/6.0)"
217.86.205.174 - - [01/Oct/2013:12:23:34 +0200] "GET / HTTP/1.1" 200 18089 "http://www.straman.de/servicebereiche/strassenreinigung.html" "Mozilla/5.0 (compatible; MSIE 10.0; Windows NT 6.1; WOW64; Trident/6.0)"
217.86.205.174 - - [01/Oct/2013:12:23:34 +0200] "GET /templates/gk_penguinmail/images/menu_sprite.png HTTP/1.1" 404 2467 "http://www.straman.de/" "Mozilla/5.0 (compatible; MSIE 10.0; Windows NT 6.1; WOW64; Trident/6.0)"
217.86.205.174 - - [01/Oct/2013:12:23:39 +0200] "GET /servicebereiche/gruenanlagenpflege.html HTTP/1.1" 200 22278 "http://www.straman.de/" "Mozilla/5.0 (compatible; MSIE 10.0; Windows NT 6.1; WOW64; Trident/6.0)"
217.86.205.174 - - [01/Oct/2013:12:23:39 +0200] "GET /templates/gk_penguinmail/images/menu_sprite.png HTTP/1.1" 404 2467 "http://www.straman.de/servicebereiche/gruenanlagenpflege.html" "Mozilla/5.0 (compatible; MSIE 10.0; Windows NT 6.1; WOW64; Trident/6.0)"
87.138.101.161 - - [01/Oct/2013:12:23:39 +0200] "GET /news.html HTTP/1.0" 200 31368 "http://www.straman.de/" "Mozilla/5.0 (Windows NT 6.1; WOW64; rv:24.0) Gecko/20100101 Firefox/24.0"
87.138.101.161 - - [01/Oct/2013:12:23:40 +0200] "GET /templates/gk_penguinmail/images/menu_sprite.png HTTP/1.0" 404 2467 "http://www.straman.de/templates/gk_penguinmail/css/override.css" "Mozilla/5.0 (Windows NT 6.1; WOW64; rv:24.0) Gecko/20100101 Firefox/24.0"
87.138.101.161 - - [01/Oct/2013:12:23:42 +0200] "GET /servicebereiche/gruenanlagenpflege.html HTTP/1.0" 200 22308 "http://www.straman.de/news.html" "Mozilla/5.0 (Windows NT 6.1; WOW64; rv:24.0) Gecko/20100101 Firefox/24.0"
87.138.101.161 - - [01/Oct/2013:12:23:43 +0200] "GET /templates/gk_penguinmail/images/menu_sprite.png HTTP/1.0" 404 2467 "http://www.straman.de/templates/gk_penguinmail/css/override.css" "Mozilla/5.0 (Windows NT 6.1; WOW64; rv:24.0) Gecko/20100101 Firefox/24.0"
87.138.101.161 - - [01/Oct/2013:12:23:45 +0200] "GET /referenzen.html HTTP/1.0" 200 352339 "http://www.straman.de/servicebereiche/gruenanlagenpflege.html" "Mozilla/5.0 (Windows NT 6.1; WOW64; rv:24.0) Gecko/20100101 Firefox/24.0"
87.138.101.161 - - [01/Oct/2013:12:23:45 +0200] "GET /templates/gk_penguinmail/images/menu_sprite.png HTTP/1.0" 404 2467 "http://www.straman.de/templates/gk_penguinmail/css/override.css" "Mozilla/5.0 (Windows NT 6.1; WOW64; rv:24.0) Gecko/20100101 Firefox/24.0"
217.86.205.174 - - [01/Oct/2013:12:23:48 +0200] "GET /servicebereiche/strassenreinigung.html HTTP/1.1" 200 21231 "http://www.straman.de/servicebereiche/gruenanlagenpflege.html" "Mozilla/5.0 (compatible; MSIE 10.0; Windows NT 6.1; WOW64; Trident/6.0)"
217.86.205.174 - - [01/Oct/2013:12:23:49 +0200] "GET /templates/gk_penguinmail/images/menu_sprite.png HTTP/1.1" 404 2467 "http://www.straman.de/servicebereiche/strassenreinigung.html" "Mozilla/5.0 (compatible; MSIE 10.0; Windows NT 6.1; WOW64; Trident/6.0)"
217.86.205.174 - - [01/Oct/2013:12:23:51 +0200] "GET /servicebereiche/uebersichtgebaeudemanagement.html HTTP/1.1" 200 19733 "http://www.straman.de/servicebereiche/strassenreinigung.html" "Mozilla/5.0 (compatible; MSIE 10.0; Windows NT 6.1; WOW64; Trident/6.0)"
217.86.205.174 - - [01/Oct/2013:12:23:52 +0200] "GET /templates/gk_penguinmail/images/menu_sprite.png HTTP/1.1" 404 2467 "http://www.straman.de/servicebereiche/uebersichtgebaeudemanagement.html" "Mozilla/5.0 (compatible; MSIE 10.0; Windows NT 6.1; WOW64; Trident/6.0)"
217.86.205.174 - - [01/Oct/2013:12:23:54 +0200] "GET /servicebereiche/gruenanlagenpflege.html HTTP/1.1" 200 22278 "http://www.straman.de/servicebereiche/uebersichtgebaeudemanagement.html" "Mozilla/5.0 (compatible; MSIE 10.0; Windows NT 6.1; WOW64; Trident/6.0)"
217.86.205.174 - - [01/Oct/2013:12:23:55 +0200] "GET /templates/gk_penguinmail/images/menu_sprite.png HTTP/1.1" 404 2467 "http://www.straman.de/servicebereiche/gruenanlagenpflege.html" "Mozilla/5.0 (compatible; MSIE 10.0; Windows NT 6.1; WOW64; Trident/6.0)"
217.86.205.174 - - [01/Oct/2013:12:23:57 +0200] "GET /servicebereiche/strassenreinigung.html HTTP/1.1" 200 21231 "http://www.straman.de/servicebereiche/gruenanlagenpflege.html" "Mozilla/5.0 (compatible; MSIE 10.0; Windows NT 6.1; WOW64; Trident/6.0)"
217.86.205.174 - - [01/Oct/2013:12:23:58 +0200] "GET /templates/gk_penguinmail/images/menu_sprite.png HTTP/1.1" 404 2467 "http://www.straman.de/servicebereiche/strassenreinigung.html" "Mozilla/5.0 (compatible; MSIE 10.0; Windows NT 6.1; WOW64; Trident/6.0)"
87.138.101.161 - - [01/Oct/2013:12:23:58 +0200] "GET /servicebereiche/gruenanlagenpflege.html HTTP/1.0" 200 22308 "http://www.straman.de/referenzen.html" "Mozilla/5.0 (Windows NT 6.1; WOW64; rv:24.0) Gecko/20100101 Firefox/24.0"
87.138.101.161 - - [01/Oct/2013:12:23:59 +0200] "GET /templates/gk_penguinmail/images/menu_sprite.png HTTP/1.0" 404 2467 "http://www.straman.de/templates/gk_penguinmail/css/override.css" "Mozilla/5.0 (Windows NT 6.1; WOW64; rv:24.0) Gecko/20100101 Firefox/24.0"
87.138.101.161 - - [01/Oct/2013:12:24:01 +0200] "GET /servicebereiche/strassenreinigung.html HTTP/1.0" 200 21261 "http://www.straman.de/servicebereiche/gruenanlagenpflege.html" "Mozilla/5.0 (Windows NT 6.1; WOW64; rv:24.0) Gecko/20100101 Firefox/24.0"
87.138.101.161 - - [01/Oct/2013:12:24:01 +0200] "GET /templates/gk_penguinmail/images/style3/typography/bullet_squ1_color.png HTTP/1.0" 200 149 "http://www.straman.de/templates/gk_penguinmail/css/style3.css" "Mozilla/5.0 (Windows NT 6.1; WOW64; rv:24.0) Gecko/20100101 Firefox/24.0"
87.138.101.161 - - [01/Oct/2013:12:24:01 +0200] "GET /templates/gk_penguinmail/images/menu_sprite.png HTTP/1.0" 404 2467 "http://www.straman.de/templates/gk_penguinmail/css/override.css" "Mozilla/5.0 (Windows NT 6.1; WOW64; rv:24.0) Gecko/20100101 Firefox/24.0"
87.138.101.161 - - [01/Oct/2013:12:24:01 +0200] "GET /images/strarein_001.jpg HTTP/1.0" 200 180942 "http://www.straman.de/servicebereiche/strassenreinigung.html" "Mozilla/5.0 (Windows NT 6.1; WOW64; rv:24.0) Gecko/20100101 Firefox/24.0"
87.138.101.161 - - [01/Oct/2013:12:24:01 +0200] "GET /images/strarein_002.jpg HTTP/1.0" 200 195679 "http://www.straman.de/servicebereiche/strassenreinigung.html" "Mozilla/5.0 (Windows NT 6.1; WOW64; rv:24.0) Gecko/20100101 Firefox/24.0"
217.86.205.174 - - [01/Oct/2013:12:24:02 +0200] "GET /servicebereiche/uebersichtgebaeudemanagement.html HTTP/1.1" 200 19733 "http://www.straman.de/servicebereiche/strassenreinigung.html" "Mozilla/5.0 (compatible; MSIE 10.0; Windows NT 6.1; WOW64; Trident/6.0)"
217.86.205.174 - - [01/Oct/2013:12:24:02 +0200] "GET /templates/gk_penguinmail/images/menu_sprite.png HTTP/1.1" 404 2467 "http://www.straman.de/servicebereiche/uebersichtgebaeudemanagement.html" "Mozilla/5.0 (compatible; MSIE 10.0; Windows NT 6.1; WOW64; Trident/6.0)"
217.86.205.174 - - [01/Oct/2013:12:24:05 +0200] "GET /servicebereiche/uebersichtgebaeudemanagement/infrastr-gebaeudemanagement.html HTTP/1.1" 200 19829 "http://www.straman.de/servicebereiche/uebersichtgebaeudemanagement.html" "Mozilla/5.0 (compatible; MSIE 10.0; Windows NT 6.1; WOW64; Trident/6.0)"
217.86.205.174 - - [01/Oct/2013:12:24:05 +0200] "GET /templates/gk_penguinmail/css/template_igm.css HTTP/1.1" 200 110 "http://www.straman.de/servicebereiche/uebersichtgebaeudemanagement/infrastr-gebaeudemanagement.html" "Mozilla/5.0 (compatible; MSIE 10.0; Windows NT 6.1; WOW64; Trident/6.0)"
217.86.205.174 - - [01/Oct/2013:12:24:05 +0200] "GET /images/glastour_arcelormittal.jpg HTTP/1.1" 200 53588 "http://www.straman.de/servicebereiche/uebersichtgebaeudemanagement/infrastr-gebaeudemanagement.html" "Mozilla/5.0 (compatible; MSIE 10.0; Windows NT 6.1; WOW64; Trident/6.0)"
217.86.205.174 - - [01/Oct/2013:12:24:05 +0200] "GET /templates/gk_penguinmail/images/menu_sprite.png HTTP/1.1" 404 2467 "http://www.straman.de/servicebereiche/uebersichtgebaeudemanagement/infrastr-gebaeudemanagement.html" "Mozilla/5.0 (compatible; MSIE 10.0; Windows NT 6.1; WOW64; Trident/6.0)"
217.86.205.174 - - [01/Oct/2013:12:24:05 +0200] "GET /images/ihz_dresdener_str.jpg HTTP/1.1" 200 60898 "http://www.straman.de/servicebereiche/uebersichtgebaeudemanagement/infrastr-gebaeudemanagement.html" "Mozilla/5.0 (compatible; MSIE 10.0; Windows NT 6.1; WOW64; Trident/6.0)"
217.86.205.174 - - [01/Oct/2013:12:24:09 +0200] "GET /servicebereiche/uebersichtgebaeudemanagement/gebaeudemanagement.html HTTP/1.1" 200 19479 "http://www.straman.de/servicebereiche/uebersichtgebaeudemanagement/infrastr-gebaeudemanagement.html" "Mozilla/5.0 (compatible; MSIE 10.0; Windows NT 6.1; WOW64; Trident/6.0)"
217.86.205.174 - - [01/Oct/2013:12:24:09 +0200] "GET /templates/gk_penguinmail/css/template_tgm.css HTTP/1.1" 200 109 "http://www.straman.de/servicebereiche/uebersichtgebaeudemanagement/gebaeudemanagement.html" "Mozilla/5.0 (compatible; MSIE 10.0; Windows NT 6.1; WOW64; Trident/6.0)"
217.86.205.174 - - [01/Oct/2013:12:24:10 +0200] "GET /templates/gk_penguinmail/images/grau1.jpg HTTP/1.1" 200 32162 "http://www.straman.de/servicebereiche/uebersichtgebaeudemanagement/gebaeudemanagement.html" "Mozilla/5.0 (compatible; MSIE 10.0; Windows NT 6.1; WOW64; Trident/6.0)"
217.86.205.174 - - [01/Oct/2013:12:24:10 +0200] "GET /templates/gk_penguinmail/images/menu_sprite.png HTTP/1.1" 404 2467 "http://www.straman.de/servicebereiche/uebersichtgebaeudemanagement/gebaeudemanagement.html" "Mozilla/5.0 (compatible; MSIE 10.0; Windows NT 6.1; WOW64; Trident/6.0)"
217.86.205.174 - - [01/Oct/2013:12:24:10 +0200] "GET /images/tgm_001.jpg HTTP/1.1" 200 73001 "http://www.straman.de/servicebereiche/uebersichtgebaeudemanagement/gebaeudemanagement.html" "Mozilla/5.0 (compatible; MSIE 10.0; Windows NT 6.1; WOW64; Trident/6.0)"
217.86.205.174 - - [01/Oct/2013:12:24:19 +0200] "GET /servicebereiche/uebersichtgebaeudemanagement/infrastr-gebaeudemanagement.html HTTP/1.1" 200 19829 "http://www.straman.de/servicebereiche/uebersichtgebaeudemanagement/gebaeudemanagement.html" "Mozilla/5.0 (compatible; MSIE 10.0; Windows NT 6.1; WOW64; Trident/6.0)"
217.86.205.174 - - [01/Oct/2013:12:24:19 +0200] "GET /templates/gk_penguinmail/images/menu_sprite.png HTTP/1.1" 404 2467 "http://www.straman.de/servicebereiche/uebersichtgebaeudemanagement/infrastr-gebaeudemanagement.html" "Mozilla/5.0 (compatible; MSIE 10.0; Windows NT 6.1; WOW64; Trident/6.0)"
87.138.101.161 - - [01/Oct/2013:12:24:19 +0200] "GET /servicebereiche/uebersichtgebaeudemanagement.html HTTP/1.0" 200 19763 "http://www.straman.de/servicebereiche/strassenreinigung.html" "Mozilla/5.0 (Windows NT 6.1; WOW64; rv:24.0) Gecko/20100101 Firefox/24.0"
87.138.101.161 - - [01/Oct/2013:12:24:20 +0200] "GET /templates/gk_penguinmail/images/menu_sprite.png HTTP/1.0" 404 2467 "http://www.straman.de/templates/gk_penguinmail/css/override.css" "Mozilla/5.0 (Windows NT 6.1; WOW64; rv:24.0) Gecko/20100101 Firefox/24.0"
87.138.101.161 - - [01/Oct/2013:12:24:24 +0200] "GET /servicebereiche/winterdienst.html HTTP/1.0" 200 20593 "http://www.straman.de/servicebereiche/uebersichtgebaeudemanagement.html" "Mozilla/5.0 (Windows NT 6.1; WOW64; rv:24.0) Gecko/20100101 Firefox/24.0"
87.138.101.161 - - [01/Oct/2013:12:24:24 +0200] "GET /templates/gk_penguinmail/images/menu_sprite.png HTTP/1.0" 404 2467 "http://www.straman.de/templates/gk_penguinmail/css/override.css" "Mozilla/5.0 (Windows NT 6.1; WOW64; rv:24.0) Gecko/20100101 Firefox/24.0"
87.138.101.161 - - [01/Oct/2013:12:24:30 +0200] "GET /servicebereiche/gruenanlagenpflege.html HTTP/1.0" 200 22308 "http://www.straman.de/servicebereiche/winterdienst.html" "Mozilla/5.0 (Windows NT 6.1; WOW64; rv:24.0) Gecko/20100101 Firefox/24.0"
87.138.101.161 - - [01/Oct/2013:12:24:30 +0200] "GET /templates/gk_penguinmail/images/menu_sprite.png HTTP/1.0" 404 2467 "http://www.straman.de/templates/gk_penguinmail/css/override.css" "Mozilla/5.0 (Windows NT 6.1; WOW64; rv:24.0) Gecko/20100101 Firefox/24.0"
87.138.101.161 - - [01/Oct/2013:12:24:35 +0200] "GET /servicebereiche/strassenreinigung.html HTTP/1.0" 200 21261 "http://www.straman.de/servicebereiche/gruenanlagenpflege.html" "Mozilla/5.0 (Windows NT 6.1; WOW64; rv:24.0) Gecko/20100101 Firefox/24.0"
87.138.101.161 - - [01/Oct/2013:12:24:36 +0200] "GET /templates/gk_penguinmail/images/menu_sprite.png HTTP/1.0" 404 2467 "http://www.straman.de/templates/gk_penguinmail/css/override.css" "Mozilla/5.0 (Windows NT 6.1; WOW64; rv:24.0) Gecko/20100101 Firefox/24.0"
87.138.101.161 - - [01/Oct/2013:12:24:41 +0200] "GET /servicebereiche/gruenanlagenpflege/privatgartenpflege.html HTTP/1.0" 200 21113 "http://www.straman.de/servicebereiche/strassenreinigung.html" "Mozilla/5.0 (Windows NT 6.1; WOW64; rv:24.0) Gecko/20100101 Firefox/24.0"
87.138.101.161 - - [01/Oct/2013:12:24:41 +0200] "GET /templates/gk_penguinmail/images/menu_sprite.png HTTP/1.0" 404 2467 "http://www.straman.de/templates/gk_penguinmail/css/override.css" "Mozilla/5.0 (Windows NT 6.1; WOW64; rv:24.0) Gecko/20100101 Firefox/24.0"
217.86.205.174 - - [01/Oct/2013:12:24:42 +0200] "GET / HTTP/1.1" 200 18089 "http://www.straman.de/servicebereiche/uebersichtgebaeudemanagement/infrastr-gebaeudemanagement.html" "Mozilla/5.0 (compatible; MSIE 10.0; Windows NT 6.1; WOW64; Trident/6.0)"
217.86.205.174 - - [01/Oct/2013:12:24:42 +0200] "GET /templates/gk_penguinmail/images/menu_sprite.png HTTP/1.1" 404 2467 "http://www.straman.de/" "Mozilla/5.0 (compatible; MSIE 10.0; Windows NT 6.1; WOW64; Trident/6.0)"
87.138.101.161 - - [01/Oct/2013:12:24:51 +0200] "GET /servicebereiche/gruenanlagenpflege/gewerbegruenpflege.html HTTP/1.0" 200 21799 "http://www.straman.de/servicebereiche/gruenanlagenpflege/privatgartenpflege.html" "Mozilla/5.0 (Windows NT 6.1; WOW64; rv:24.0) Gecko/20100101 Firefox/24.0"
87.138.101.161 - - [01/Oct/2013:12:24:52 +0200] "GET /templates/gk_penguinmail/images/menu_sprite.png HTTP/1.0" 404 2467 "http://www.straman.de/templates/gk_penguinmail/css/override.css" "Mozilla/5.0 (Windows NT 6.1; WOW64; rv:24.0) Gecko/20100101 Firefox/24.0"
87.138.101.161 - - [01/Oct/2013:12:24:58 +0200] "GET /servicebereiche/gruenanlagenpflege.html HTTP/1.0" 200 22308 "http://www.straman.de/servicebereiche/gruenanlagenpflege/gewerbegruenpflege.html" "Mozilla/5.0 (Windows NT 6.1; WOW64; rv:24.0) Gecko/20100101 Firefox/24.0"
87.138.101.161 - - [01/Oct/2013:12:24:58 +0200] "GET /templates/gk_penguinmail/images/menu_sprite.png HTTP/1.0" 404 2467 "http://www.straman.de/templates/gk_penguinmail/css/override.css" "Mozilla/5.0 (Windows NT 6.1; WOW64; rv:24.0) Gecko/20100101 Firefox/24.0"
87.138.101.161 - - [01/Oct/2013:12:25:02 +0200] "GET /servicebereiche/winterdienst.html HTTP/1.0" 200 20593 "http://www.straman.de/servicebereiche/gruenanlagenpflege.html" "Mozilla/5.0 (Windows NT 6.1; WOW64; rv:24.0) Gecko/20100101 Firefox/24.0"
217.86.205.174 - - [01/Oct/2013:12:25:02 +0200] "GET /servicebereiche/winterdienst.html HTTP/1.1" 200 20563 "http://www.straman.de/" "Mozilla/5.0 (compatible; MSIE 10.0; Windows NT 6.1; WOW64; Trident/6.0)"
217.86.205.174 - - [01/Oct/2013:12:25:03 +0200] "GET /templates/gk_penguinmail/css/template_winterdienst.css HTTP/1.1" 200 109 "http://www.straman.de/servicebereiche/winterdienst.html" "Mozilla/5.0 (compatible; MSIE 10.0; Windows NT 6.1; WOW64; Trident/6.0)"
217.86.205.174 - - [01/Oct/2013:12:25:03 +0200] "GET /templates/gk_penguinmail/images/grau2.jpg HTTP/1.1" 200 25139 "http://www.straman.de/servicebereiche/winterdienst.html" "Mozilla/5.0 (compatible; MSIE 10.0; Windows NT 6.1; WOW64; Trident/6.0)"
87.138.101.161 - - [01/Oct/2013:12:25:03 +0200] "GET /templates/gk_penguinmail/images/menu_sprite.png HTTP/1.0" 404 2467 "http://www.straman.de/templates/gk_penguinmail/css/override.css" "Mozilla/5.0 (Windows NT 6.1; WOW64; rv:24.0) Gecko/20100101 Firefox/24.0"
217.86.205.174 - - [01/Oct/2013:12:25:03 +0200] "GET /templates/gk_penguinmail/images/menu_sprite.png HTTP/1.1" 404 2467 "http://www.straman.de/servicebereiche/winterdienst.html" "Mozilla/5.0 (compatible; MSIE 10.0; Windows NT 6.1; WOW64; Trident/6.0)"
217.86.205.174 - - [01/Oct/2013:12:25:03 +0200] "GET /images/winterdienst_001.jpg HTTP/1.1" 200 107331 "http://www.straman.de/servicebereiche/winterdienst.html" "Mozilla/5.0 (compatible; MSIE 10.0; Windows NT 6.1; WOW64; Trident/6.0)"
87.138.101.161 - - [01/Oct/2013:12:25:15 +0200] "GET /referenzen.html HTTP/1.0" 200 352339 "http://www.straman.de/servicebereiche/winterdienst.html" "Mozilla/5.0 (Windows NT 6.1; WOW64; rv:24.0) Gecko/20100101 Firefox/24.0"
87.138.101.161 - - [01/Oct/2013:12:25:16 +0200] "GET /templates/gk_penguinmail/images/menu_sprite.png HTTP/1.0" 404 2467 "http://www.straman.de/templates/gk_penguinmail/css/override.css" "Mozilla/5.0 (Windows NT 6.1; WOW64; rv:24.0) Gecko/20100101 Firefox/24.0"
87.138.101.161 - - [01/Oct/2013:12:25:23 +0200] "GET /downloadbereich.html HTTP/1.0" 200 17883 "http://www.straman.de/referenzen.html" "Mozilla/5.0 (Windows NT 6.1; WOW64; rv:24.0) Gecko/20100101 Firefox/24.0"
87.138.101.161 - - [01/Oct/2013:12:25:24 +0200] "GET /templates/gk_penguinmail/css/template_download.css HTTP/1.0" 200 107 "http://www.straman.de/downloadbereich.html" "Mozilla/5.0 (Windows NT 6.1; WOW64; rv:24.0) Gecko/20100101 Firefox/24.0"
87.138.101.161 - - [01/Oct/2013:12:25:24 +0200] "GET /images/M_images/pdf_button.png HTTP/1.0" 200 582 "http://www.straman.de/downloadbereich.html" "Mozilla/5.0 (Windows NT 6.1; WOW64; rv:24.0) Gecko/20100101 Firefox/24.0"
87.138.101.161 - - [01/Oct/2013:12:25:24 +0200] "GET /templates/gk_penguinmail/images/red1.jpg HTTP/1.0" 200 34987 "http://www.straman.de/templates/gk_penguinmail/css/template_download.css" "Mozilla/5.0 (Windows NT 6.1; WOW64; rv:24.0) Gecko/20100101 Firefox/24.0"
87.138.101.161 - - [01/Oct/2013:12:25:24 +0200] "GET /templates/gk_penguinmail/images/menu_sprite.png HTTP/1.0" 404 2467 "http://www.straman.de/templates/gk_penguinmail/css/override.css" "Mozilla/5.0 (Windows NT 6.1; WOW64; rv:24.0) Gecko/20100101 Firefox/24.0"
87.138.101.161 - - [01/Oct/2013:12:25:26 +0200] "GET /unternehmen/standorte.html HTTP/1.0" 200 19104 "http://www.straman.de/downloadbereich.html" "Mozilla/5.0 (Windows NT 6.1; WOW64; rv:24.0) Gecko/20100101 Firefox/24.0"
87.138.101.161 - - [01/Oct/2013:12:25:27 +0200] "GET /templates/gk_penguinmail/images/menu_sprite.png HTTP/1.0" 404 2467 "http://www.straman.de/templates/gk_penguinmail/css/override.css" "Mozilla/5.0 (Windows NT 6.1; WOW64; rv:24.0) Gecko/20100101 Firefox/24.0"
217.86.205.174 - - [01/Oct/2013:12:25:29 +0200] "GET /unternehmen/partner.html HTTP/1.1" 200 19199 "http://www.straman.de/servicebereiche/winterdienst.html" "Mozilla/5.0 (compatible; MSIE 10.0; Windows NT 6.1; WOW64; Trident/6.0)"
87.138.101.161 - - [01/Oct/2013:12:25:29 +0200] "GET /index.php?option=com_forme&fid=2&Itemid=65 HTTP/1.0" 200 21117 "http://www.straman.de/unternehmen/standorte.html" "Mozilla/5.0 (Windows NT 6.1; WOW64; rv:24.0) Gecko/20100101 Firefox/24.0"
217.86.205.174 - - [01/Oct/2013:12:25:30 +0200] "GET /templates/gk_penguinmail/images/menu_sprite.png HTTP/1.1" 404 2467 "http://www.straman.de/unternehmen/partner.html" "Mozilla/5.0 (compatible; MSIE 10.0; Windows NT 6.1; WOW64; Trident/6.0)"
217.86.205.174 - - [01/Oct/2013:12:25:30 +0200] "GET /images/partnerhandwerker_deutschla.jpg HTTP/1.1" 200 24102 "http://www.straman.de/unternehmen/partner.html" "Mozilla/5.0 (compatible; MSIE 10.0; Windows NT 6.1; WOW64; Trident/6.0)"
217.86.205.174 - - [01/Oct/2013:12:25:30 +0200] "GET /images/firmentv_deutschland.jpg HTTP/1.1" 200 22832 "http://www.straman.de/unternehmen/partner.html" "Mozilla/5.0 (compatible; MSIE 10.0; Windows NT 6.1; WOW64; Trident/6.0)"
217.86.205.174 - - [01/Oct/2013:12:25:30 +0200] "GET /images/firmentv_deutschland_banner.jpg HTTP/1.1" 200 57458 "http://www.straman.de/unternehmen/partner.html" "Mozilla/5.0 (compatible; MSIE 10.0; Windows NT 6.1; WOW64; Trident/6.0)"
87.138.101.161 - - [01/Oct/2013:12:25:30 +0200] "GET /index.php?option=com_forme&func=captcha HTTP/1.0" 200 1366 "http://www.straman.de/index.php?option=com_forme&fid=2&Itemid=65" "Mozilla/5.0 (Windows NT 6.1; WOW64; rv:24.0) Gecko/20100101 Firefox/24.0"
87.138.101.161 - - [01/Oct/2013:12:25:30 +0200] "GET /templates/gk_penguinmail/images/menu_sprite.png HTTP/1.0" 404 2467 "http://www.straman.de/templates/gk_penguinmail/css/override.css" "Mozilla/5.0 (Windows NT 6.1; WOW64; rv:24.0) Gecko/20100101 Firefox/24.0"
217.86.205.174 - - [01/Oct/2013:12:25:30 +0200] "GET /images/eisbaeren_juniors_berlin.png HTTP/1.1" 200 142868 "http://www.straman.de/unternehmen/partner.html" "Mozilla/5.0 (compatible; MSIE 10.0; Windows NT 6.1; WOW64; Trident/6.0)"
87.138.101.161 - - [01/Oct/2013:12:25:33 +0200] "GET /referenzen.html HTTP/1.0" 200 352339 "http://www.straman.de/index.php?option=com_forme&fid=2&Itemid=65" "Mozilla/5.0 (Windows NT 6.1; WOW64; rv:24.0) Gecko/20100101 Firefox/24.0"
87.138.101.161 - - [01/Oct/2013:12:25:34 +0200] "GET /templates/gk_penguinmail/images/menu_sprite.png HTTP/1.0" 404 2467 "http://www.straman.de/templates/gk_penguinmail/css/override.css" "Mozilla/5.0 (Windows NT 6.1; WOW64; rv:24.0) Gecko/20100101 Firefox/24.0"
87.138.101.161 - - [01/Oct/2013:12:25:40 +0200] "GET /kontakt.html HTTP/1.0" 200 18526 "http://www.straman.de/referenzen.html" "Mozilla/5.0 (Windows NT 6.1; WOW64; rv:24.0) Gecko/20100101 Firefox/24.0"
87.138.101.161 - - [01/Oct/2013:12:25:41 +0200] "GET /templates/gk_penguinmail/images/menu_sprite.png HTTP/1.0" 404 2467 "http://www.straman.de/templates/gk_penguinmail/css/override.css" "Mozilla/5.0 (Windows NT 6.1; WOW64; rv:24.0) Gecko/20100101 Firefox/24.0"
87.138.101.161 - - [01/Oct/2013:12:25:43 +0200] "GET /unternehmen/partner.html HTTP/1.0" 200 19229 "http://www.straman.de/kontakt.html" "Mozilla/5.0 (Windows NT 6.1; WOW64; rv:24.0) Gecko/20100101 Firefox/24.0"
87.138.101.161 - - [01/Oct/2013:12:25:43 +0200] "GET /images/firmentv_deutschland.jpg HTTP/1.0" 200 22832 "http://www.straman.de/unternehmen/partner.html" "Mozilla/5.0 (Windows NT 6.1; WOW64; rv:24.0) Gecko/20100101 Firefox/24.0"
87.138.101.161 - - [01/Oct/2013:12:25:43 +0200] "GET /images/partnerhandwerker_deutschla.jpg HTTP/1.0" 200 24102 "http://www.straman.de/unternehmen/partner.html" "Mozilla/5.0 (Windows NT 6.1; WOW64; rv:24.0) Gecko/20100101 Firefox/24.0"
87.138.101.161 - - [01/Oct/2013:12:25:43 +0200] "GET /images/firmentv_deutschland_banner.jpg HTTP/1.0" 200 57458 "http://www.straman.de/unternehmen/partner.html" "Mozilla/5.0 (Windows NT 6.1; WOW64; rv:24.0) Gecko/20100101 Firefox/24.0"
87.138.101.161 - - [01/Oct/2013:12:25:43 +0200] "GET /templates/gk_penguinmail/images/menu_sprite.png HTTP/1.0" 404 2467 "http://www.straman.de/templates/gk_penguinmail/css/override.css" "Mozilla/5.0 (Windows NT 6.1; WOW64; rv:24.0) Gecko/20100101 Firefox/24.0"
87.138.101.161 - - [01/Oct/2013:12:25:43 +0200] "GET /images/eisbaeren_juniors_berlin.png HTTP/1.0" 200 142868 "http://www.straman.de/unternehmen/partner.html" "Mozilla/5.0 (Windows NT 6.1; WOW64; rv:24.0) Gecko/20100101 Firefox/24.0"
87.138.101.161 - - [01/Oct/2013:12:25:59 +0200] "GET /administrator/ HTTP/1.0" 200 4162 "-" "Mozilla/5.0 (Windows NT 6.1; WOW64; rv:24.0) Gecko/20100101 Firefox/24.0"
87.138.101.161 - - [01/Oct/2013:12:26:02 +0200] "POST /administrator/index.php HTTP/1.0" 303 - "http://www.straman.de/administrator/" "Mozilla/5.0 (Windows NT 6.1; WOW64; rv:24.0) Gecko/20100101 Firefox/24.0"
217.86.205.174 - - [01/Oct/2013:12:26:10 +0200] "GET / HTTP/1.1" 200 18089 "http://www.straman.de/unternehmen/partner.html" "Mozilla/5.0 (compatible; MSIE 10.0; Windows NT 6.1; WOW64; Trident/6.0)"
217.86.205.174 - - [01/Oct/2013:12:26:10 +0200] "GET /templates/gk_penguinmail/images/menu_sprite.png HTTP/1.1" 404 2467 "http://www.straman.de/" "Mozilla/5.0 (compatible; MSIE 10.0; Windows NT 6.1; WOW64; Trident/6.0)"
87.138.101.161 - - [01/Oct/2013:12:26:02 +0200] "GET /administrator/index.php HTTP/1.0" 200 24905 "http://www.straman.de/administrator/" "Mozilla/5.0 (Windows NT 6.1; WOW64; rv:24.0) Gecko/20100101 Firefox/24.0"
87.138.101.161 - - [01/Oct/2013:12:26:32 +0200] "GET /administrator/index.php?option=com_modules HTTP/1.0" 200 48716 "http://www.straman.de/administrator/index.php" "Mozilla/5.0 (Windows NT 6.1; WOW64; rv:24.0) Gecko/20100101 Firefox/24.0"
87.138.101.161 - - [01/Oct/2013:12:26:36 +0200] "GET /administrator/index.php?option=com_modules&client=0&task=edit&cid[]=52 HTTP/1.0" 200 20884 "http://www.straman.de/administrator/index.php?option=com_modules" "Mozilla/5.0 (Windows NT 6.1; WOW64; rv:24.0) Gecko/20100101 Firefox/24.0"
217.86.205.174 - - [01/Oct/2013:12:26:37 +0200] "GET /kontakt.html HTTP/1.1" 200 18496 "http://www.straman.de/" "Mozilla/5.0 (compatible; MSIE 10.0; Windows NT 6.1; WOW64; Trident/6.0)"
217.86.205.174 - - [01/Oct/2013:12:26:37 +0200] "GET /templates/gk_penguinmail/images/menu_sprite.png HTTP/1.1" 404 2467 "http://www.straman.de/kontakt.html" "Mozilla/5.0 (compatible; MSIE 10.0; Windows NT 6.1; WOW64; Trident/6.0)"
87.138.101.161 - - [01/Oct/2013:12:26:46 +0200] "POST /administrator/index.php HTTP/1.0" 303 - "http://www.straman.de/administrator/index.php?option=com_modules&client=0&task=edit&cid[]=52" "Mozilla/5.0 (Windows NT 6.1; WOW64; rv:24.0) Gecko/20100101 Firefox/24.0"
87.138.101.161 - - [01/Oct/2013:12:26:47 +0200] "GET /administrator/index.php?option=com_modules&client=0 HTTP/1.0" 200 48716 "http://www.straman.de/administrator/index.php?option=com_modules&client=0&task=edit&cid[]=52" "Mozilla/5.0 (Windows NT 6.1; WOW64; rv:24.0) Gecko/20100101 Firefox/24.0"
87.138.101.161 - - [01/Oct/2013:12:26:57 +0200] "GET /administrator/index.php?option=com_banners HTTP/1.0" 200 26877 "http://www.straman.de/administrator/index.php?option=com_modules&client=0" "Mozilla/5.0 (Windows NT 6.1; WOW64; rv:24.0) Gecko/20100101 Firefox/24.0"
217.86.205.174 - - [01/Oct/2013:12:26:57 +0200] "GET / HTTP/1.1" 200 18089 "http://www.straman.de/kontakt.html" "Mozilla/5.0 (compatible; MSIE 10.0; Windows NT 6.1; WOW64; Trident/6.0)"
87.138.101.161 - - [01/Oct/2013:12:26:57 +0200] "GET /administrator/templates/khepri/images/header/icon-48-generic.png HTTP/1.0" 200 1410 "http://www.straman.de/administrator/templates/khepri/css/icon.css" "Mozilla/5.0 (Windows NT 6.1; WOW64; rv:24.0) Gecko/20100101 Firefox/24.0"
217.86.205.174 - - [01/Oct/2013:12:26:57 +0200] "GET /templates/gk_penguinmail/images/menu_sprite.png HTTP/1.1" 404 2467 "http://www.straman.de/" "Mozilla/5.0 (compatible; MSIE 10.0; Windows NT 6.1; WOW64; Trident/6.0)"
87.138.101.161 - - [01/Oct/2013:12:27:01 +0200] "GET /administrator/index.php?option=com_content HTTP/1.0" 200 64912 "http://www.straman.de/administrator/index.php?option=com_banners" "Mozilla/5.0 (Windows NT 6.1; WOW64; rv:24.0) Gecko/20100101 Firefox/24.0"
87.138.101.161 - - [01/Oct/2013:12:27:09 +0200] "GET /administrator/index.php?option=com_content§ionid=-1&task=edit&cid[]=51 HTTP/1.0" 200 37914 "http://www.straman.de/administrator/index.php?option=com_content" "Mozilla/5.0 (Windows NT 6.1; WOW64; rv:24.0) Gecko/20100101 Firefox/24.0"
87.138.101.161 - - [01/Oct/2013:12:27:10 +0200] "GET /media/system/js/calendar-setup.js HTTP/1.0" 200 4919 "http://www.straman.de/administrator/index.php?option=com_content§ionid=-1&task=edit&cid[]=51" "Mozilla/5.0 (Windows NT 6.1; WOW64; rv:24.0) Gecko/20100101 Firefox/24.0"
87.138.101.161 - - [01/Oct/2013:12:27:10 +0200] "GET /media/system/css/calendar-jos.css HTTP/1.0" 200 3929 "http://www.straman.de/administrator/index.php?option=com_content§ionid=-1&task=edit&cid[]=51" "Mozilla/5.0 (Windows NT 6.1; WOW64; rv:24.0) Gecko/20100101 Firefox/24.0"
87.138.101.161 - - [01/Oct/2013:12:27:10 +0200] "GET /media/system/js/calendar.js HTTP/1.0" 200 34315 "http://www.straman.de/administrator/index.php?option=com_content§ionid=-1&task=edit&cid[]=51" "Mozilla/5.0 (Windows NT 6.1; WOW64; rv:24.0) Gecko/20100101 Firefox/24.0"
87.138.101.161 - - [01/Oct/2013:12:27:10 +0200] "GET /templates/system/images/calendar.png HTTP/1.0" 200 675 "http://www.straman.de/administrator/index.php?option=com_content§ionid=-1&task=edit&cid[]=51" "Mozilla/5.0 (Windows NT 6.1; WOW64; rv:24.0) Gecko/20100101 Firefox/24.0"
217.86.205.174 - - [01/Oct/2013:12:27:19 +0200] "GET /news.html HTTP/1.1" 200 31338 "http://www.straman.de/" "Mozilla/5.0 (compatible; MSIE 10.0; Windows NT 6.1; WOW64; Trident/6.0)"
217.86.205.174 - - [01/Oct/2013:12:27:19 +0200] "GET /templates/gk_penguinmail/images/menu_sprite.png HTTP/1.1" 404 2467 "http://www.straman.de/news.html" "Mozilla/5.0 (compatible; MSIE 10.0; Windows NT 6.1; WOW64; Trident/6.0)"
87.138.101.161 - - [01/Oct/2013:12:27:26 +0200] "POST /administrator/index.php HTTP/1.0" 303 - "http://www.straman.de/administrator/index.php?option=com_content§ionid=-1&task=edit&cid[]=51" "Mozilla/5.0 (Windows NT 6.1; WOW64; rv:24.0) Gecko/20100101 Firefox/24.0"
87.138.101.161 - - [01/Oct/2013:12:27:26 +0200] "GET /administrator/index.php?option=com_content HTTP/1.0" 200 64912 "http://www.straman.de/administrator/index.php?option=com_content§ionid=-1&task=edit&cid[]=51" "Mozilla/5.0 (Windows NT 6.1; WOW64; rv:24.0) Gecko/20100101 Firefox/24.0"
87.138.101.161 - - [01/Oct/2013:12:27:33 +0200] "GET /administrator/index.php?option=com_modules HTTP/1.0" 200 48716 "http://www.straman.de/administrator/index.php?option=com_content" "Mozilla/5.0 (Windows NT 6.1; WOW64; rv:24.0) Gecko/20100101 Firefox/24.0"
87.138.101.161 - - [01/Oct/2013:12:27:37 +0200] "POST /administrator/index.php?option=com_modules HTTP/1.0" 200 78031 "http://www.straman.de/administrator/index.php?option=com_modules" "Mozilla/5.0 (Windows NT 6.1; WOW64; rv:24.0) Gecko/20100101 Firefox/24.0"
87.138.101.161 - - [01/Oct/2013:12:27:45 +0200] "GET /administrator/index.php?option=com_modules&client=0&task=edit&cid[]=52 HTTP/1.0" 200 20884 "http://www.straman.de/administrator/index.php?option=com_modules" "Mozilla/5.0 (Windows NT 6.1; WOW64; rv:24.0) Gecko/20100101 Firefox/24.0"
217.86.205.174 - - [01/Oct/2013:12:27:55 +0200] "GET /servicebereiche/strassenreinigung.html HTTP/1.1" 200 21231 "http://www.straman.de/news.html" "Mozilla/5.0 (compatible; MSIE 10.0; Windows NT 6.1; WOW64; Trident/6.0)"
217.86.205.174 - - [01/Oct/2013:12:27:55 +0200] "GET /templates/gk_penguinmail/images/menu_sprite.png HTTP/1.1" 404 2467 "http://www.straman.de/servicebereiche/strassenreinigung.html" "Mozilla/5.0 (compatible; MSIE 10.0; Windows NT 6.1; WOW64; Trident/6.0)"
87.138.101.161 - - [01/Oct/2013:12:27:59 +0200] "POST /administrator/index.php HTTP/1.0" 303 - "http://www.straman.de/administrator/index.php?option=com_modules&client=0&task=edit&cid[]=52" "Mozilla/5.0 (Windows NT 6.1; WOW64; rv:24.0) Gecko/20100101 Firefox/24.0"
87.138.101.161 - - [01/Oct/2013:12:28:00 +0200] "GET /administrator/index.php?option=com_modules&client=0 HTTP/1.0" 200 78031 "http://www.straman.de/administrator/index.php?option=com_modules&client=0&task=edit&cid[]=52" "Mozilla/5.0 (Windows NT 6.1; WOW64; rv:24.0) Gecko/20100101 Firefox/24.0"
87.138.101.161 - - [01/Oct/2013:12:28:03 +0200] "GET /administrator/index.php?option=com_modules&client=0&task=edit&cid[]=53 HTTP/1.0" 200 21505 "http://www.straman.de/administrator/index.php?option=com_modules&client=0" "Mozilla/5.0 (Windows NT 6.1; WOW64; rv:24.0) Gecko/20100101 Firefox/24.0"
87.138.101.161 - - [01/Oct/2013:12:28:12 +0200] "POST /administrator/index.php HTTP/1.0" 303 - "http://www.straman.de/administrator/index.php?option=com_modules&client=0&task=edit&cid[]=53" "Mozilla/5.0 (Windows NT 6.1; WOW64; rv:24.0) Gecko/20100101 Firefox/24.0"
