87.138.101.161 - - [01/Oct/2013:12:28:13 +0200] "GET /administrator/index.php?option=com_modules&client=0 HTTP/1.0" 200 78031 "http://www.straman.de/administrator/index.php?option=com_modules&client=0&task=edit&cid[]=53" "Mozilla/5.0 (Windows NT 6.1; WOW64; rv:24.0) Gecko/20100101 Firefox/24.0"
87.138.101.161 - - [01/Oct/2013:12:28:20 +0200] "GET /administrator/index.php?option=com_modules&client=0&task=edit&cid[]=54 HTTP/1.0" 200 21254 "http://www.straman.de/administrator/index.php?option=com_modules&client=0" "Mozilla/5.0 (Windows NT 6.1; WOW64; rv:24.0) Gecko/20100101 Firefox/24.0"
217.86.205.174 - - [01/Oct/2013:12:28:22 +0200] "GET /templates/gk_penguinmail/images/menu_sprite.png HTTP/1.1" 404 2467 "http://www.straman.de/referenzen.html" "Mozilla/5.0 (compatible; MSIE 10.0; Windows NT 6.1; WOW64; Trident/6.0)"
217.86.205.174 - - [01/Oct/2013:12:28:21 +0200] "GET /referenzen.html HTTP/1.1" 200 352309 "http://www.straman.de/servicebereiche/strassenreinigung.html" "Mozilla/5.0 (compatible; MSIE 10.0; Windows NT 6.1; WOW64; Trident/6.0)"
87.138.101.161 - - [01/Oct/2013:12:28:26 +0200] "POST /administrator/index.php HTTP/1.0" 303 - "http://www.straman.de/administrator/index.php?option=com_modules&client=0&task=edit&cid[]=54" "Mozilla/5.0 (Windows NT 6.1; WOW64; rv:24.0) Gecko/20100101 Firefox/24.0"
87.138.101.161 - - [01/Oct/2013:12:28:26 +0200] "GET /administrator/index.php?option=com_modules&client=0 HTTP/1.0" 200 78031 "http://www.straman.de/administrator/index.php?option=com_modules&client=0&task=edit&cid[]=54" "Mozilla/5.0 (Windows NT 6.1; WOW64; rv:24.0) Gecko/20100101 Firefox/24.0"
87.138.101.161 - - [01/Oct/2013:12:28:28 +0200] "GET /administrator/index.php?option=com_modules&client=0&task=edit&cid[]=53 HTTP/1.0" 200 21505 "http://www.straman.de/administrator/index.php?option=com_modules&client=0" "Mozilla/5.0 (Windows NT 6.1; WOW64; rv:24.0) Gecko/20100101 Firefox/24.0"
87.138.101.161 - - [01/Oct/2013:12:28:45 +0200] "POST /administrator/index.php HTTP/1.0" 303 - "http://www.straman.de/administrator/index.php?option=com_modules&client=0&task=edit&cid[]=53" "Mozilla/5.0 (Windows NT 6.1; WOW64; rv:24.0) Gecko/20100101 Firefox/24.0"
87.138.101.161 - - [01/Oct/2013:12:28:46 +0200] "GET /administrator/index.php?option=com_modules&client=0&task=edit&id=53 HTTP/1.0" 200 21576 "http://www.straman.de/administrator/index.php?option=com_modules&client=0&task=edit&cid[]=53" "Mozilla/5.0 (Windows NT 6.1; WOW64; rv:24.0) Gecko/20100101 Firefox/24.0"
87.138.101.161 - - [01/Oct/2013:12:28:48 +0200] "GET /servicebereiche/gruenanlagenpflege.html HTTP/1.0" 200 21891 "http://www.straman.de/unternehmen/partner.html" "Mozilla/5.0 (Windows NT 6.1; WOW64; rv:24.0) Gecko/20100101 Firefox/24.0"
87.138.101.161 - - [01/Oct/2013:12:28:49 +0200] "GET /templates/gk_penguinmail/images/menu_sprite.png HTTP/1.0" 404 2467 "http://www.straman.de/templates/gk_penguinmail/css/override.css" "Mozilla/5.0 (Windows NT 6.1; WOW64; rv:24.0) Gecko/20100101 Firefox/24.0"
87.138.101.161 - - [01/Oct/2013:12:28:51 +0200] "GET /servicebereiche/gruenanlagenpflege/privatgartenpflege.html HTTP/1.0" 200 21113 "http://www.straman.de/servicebereiche/gruenanlagenpflege.html" "Mozilla/5.0 (Windows NT 6.1; WOW64; rv:24.0) Gecko/20100101 Firefox/24.0"
87.138.101.161 - - [01/Oct/2013:12:28:52 +0200] "GET /templates/gk_penguinmail/images/menu_sprite.png HTTP/1.0" 404 2467 "http://www.straman.de/templates/gk_penguinmail/css/override.css" "Mozilla/5.0 (Windows NT 6.1; WOW64; rv:24.0) Gecko/20100101 Firefox/24.0"
87.138.101.161 - - [01/Oct/2013:12:28:54 +0200] "GET /servicebereiche/gruenanlagenpflege/gewerbegruenpflege.html HTTP/1.0" 200 21382 "http://www.straman.de/servicebereiche/gruenanlagenpflege/privatgartenpflege.html" "Mozilla/5.0 (Windows NT 6.1; WOW64; rv:24.0) Gecko/20100101 Firefox/24.0"
87.138.101.161 - - [01/Oct/2013:12:28:54 +0200] "GET /templates/gk_penguinmail/images/menu_sprite.png HTTP/1.0" 404 2467 "http://www.straman.de/templates/gk_penguinmail/css/override.css" "Mozilla/5.0 (Windows NT 6.1; WOW64; rv:24.0) Gecko/20100101 Firefox/24.0"
87.138.101.161 - - [01/Oct/2013:12:28:58 +0200] "GET /unternehmen/partner.html HTTP/1.0" 200 19646 "http://www.straman.de/servicebereiche/gruenanlagenpflege/gewerbegruenpflege.html" "Mozilla/5.0 (Windows NT 6.1; WOW64; rv:24.0) Gecko/20100101 Firefox/24.0"
87.138.101.161 - - [01/Oct/2013:12:28:58 +0200] "GET /templates/gk_penguinmail/images/menu_sprite.png HTTP/1.0" 404 2467 "http://www.straman.de/templates/gk_penguinmail/css/override.css" "Mozilla/5.0 (Windows NT 6.1; WOW64; rv:24.0) Gecko/20100101 Firefox/24.0"
87.138.101.161 - - [01/Oct/2013:12:29:03 +0200] "GET /referenzen.html HTTP/1.0" 200 352339 "http://www.straman.de/unternehmen/partner.html" "Mozilla/5.0 (Windows NT 6.1; WOW64; rv:24.0) Gecko/20100101 Firefox/24.0"
87.138.101.161 - - [01/Oct/2013:12:29:03 +0200] "GET /templates/gk_penguinmail/images/menu_sprite.png HTTP/1.0" 404 2467 "http://www.straman.de/templates/gk_penguinmail/css/override.css" "Mozilla/5.0 (Windows NT 6.1; WOW64; rv:24.0) Gecko/20100101 Firefox/24.0"
217.86.205.174 - - [01/Oct/2013:12:29:12 +0200] "GET /unternehmen/standorte.html HTTP/1.1" 200 19074 "http://www.straman.de/referenzen.html" "Mozilla/5.0 (compatible; MSIE 10.0; Windows NT 6.1; WOW64; Trident/6.0)"
217.86.205.174 - - [01/Oct/2013:12:29:12 +0200] "GET /templates/gk_penguinmail/images/menu_sprite.png HTTP/1.1" 404 2467 "http://www.straman.de/unternehmen/standorte.html" "Mozilla/5.0 (compatible; MSIE 10.0; Windows NT 6.1; WOW64; Trident/6.0)"
217.86.205.174 - - [01/Oct/2013:12:29:41 +0200] "GET /favicon.ico HTTP/1.1" 404 2467 "-" "Mozilla/5.0 (compatible; MSIE 10.0; Windows NT 6.1; WOW64; Trident/6.0)"
87.138.101.161 - - [01/Oct/2013:12:29:47 +0200] "POST /administrator/index.php HTTP/1.0" 303 - "http://www.straman.de/administrator/index.php?option=com_modules&client=0&task=edit&id=53" "Mozilla/5.0 (Windows NT 6.1; WOW64; rv:24.0) Gecko/20100101 Firefox/24.0"
87.138.101.161 - - [01/Oct/2013:12:29:47 +0200] "GET /administrator/index.php?option=com_modules&client=0&task=edit&id=53 HTTP/1.0" 200 21556 "http://www.straman.de/administrator/index.php?option=com_modules&client=0&task=edit&id=53" "Mozilla/5.0 (Windows NT 6.1; WOW64; rv:24.0) Gecko/20100101 Firefox/24.0"
87.138.101.161 - - [01/Oct/2013:12:29:50 +0200] "POST /administrator/index.php HTTP/1.0" 303 - "http://www.straman.de/administrator/index.php?option=com_modules&client=0&task=edit&id=53" "Mozilla/5.0 (Windows NT 6.1; WOW64; rv:24.0) Gecko/20100101 Firefox/24.0"
87.138.101.161 - - [01/Oct/2013:12:29:50 +0200] "GET /administrator/index.php?option=com_modules&client=0 HTTP/1.0" 200 78204 "http://www.straman.de/administrator/index.php?option=com_modules&client=0&task=edit&id=53" "Mozilla/5.0 (Windows NT 6.1; WOW64; rv:24.0) Gecko/20100101 Firefox/24.0"
87.138.101.161 - - [01/Oct/2013:12:29:54 +0200] "GET /administrator/index.php?option=com_content HTTP/1.0" 200 75168 "http://www.straman.de/administrator/index.php?option=com_modules&client=0" "Mozilla/5.0 (Windows NT 6.1; WOW64; rv:24.0) Gecko/20100101 Firefox/24.0"
87.138.101.161 - - [01/Oct/2013:12:29:58 +0200] "GET /administrator/index.php?option=com_users&task=view HTTP/1.0" 200 21916 "http://www.straman.de/administrator/index.php?option=com_content" "Mozilla/5.0 (Windows NT 6.1; WOW64; rv:24.0) Gecko/20100101 Firefox/24.0"
217.86.205.174 - - [01/Oct/2013:12:30:06 +0200] "GET /unternehmen/historie.html HTTP/1.1" 200 17577 "http://www.straman.de/unternehmen/standorte.html" "Mozilla/5.0 (compatible; MSIE 10.0; Windows NT 6.1; WOW64; Trident/6.0)"
217.86.205.174 - - [01/Oct/2013:12:30:06 +0200] "GET /templates/gk_penguinmail/images/menu_sprite.png HTTP/1.1" 404 2467 "http://www.straman.de/unternehmen/historie.html" "Mozilla/5.0 (compatible; MSIE 10.0; Windows NT 6.1; WOW64; Trident/6.0)"
87.138.101.161 - - [01/Oct/2013:12:30:10 +0200] "GET /administrator/index.php?option=com_users&view=user&task=edit&cid[]=63 HTTP/1.0" 200 16834 "http://www.straman.de/administrator/index.php?option=com_users&task=view" "Mozilla/5.0 (Windows NT 6.1; WOW64; rv:24.0) Gecko/20100101 Firefox/24.0"
87.138.101.161 - - [01/Oct/2013:12:30:14 +0200] "POST /administrator/index.php HTTP/1.0" 303 - "http://www.straman.de/administrator/index.php?option=com_users&view=user&task=edit&cid[]=63" "Mozilla/5.0 (Windows NT 6.1; WOW64; rv:24.0) Gecko/20100101 Firefox/24.0"
87.138.101.161 - - [01/Oct/2013:12:30:14 +0200] "GET /administrator/index.php?option=com_users&view=user&task=edit&cid[]=63 HTTP/1.0" 200 17048 "http://www.straman.de/administrator/index.php?option=com_users&view=user&task=edit&cid[]=63" "Mozilla/5.0 (Windows NT 6.1; WOW64; rv:24.0) Gecko/20100101 Firefox/24.0"
217.86.205.174 - - [01/Oct/2013:12:30:16 +0200] "GET /unternehmen/jobs.html HTTP/1.1" 200 22544 "http://www.straman.de/unternehmen/historie.html" "Mozilla/5.0 (compatible; MSIE 10.0; Windows NT 6.1; WOW64; Trident/6.0)"
217.86.205.174 - - [01/Oct/2013:12:30:16 +0200] "GET /templates/gk_penguinmail/images/menu_sprite.png HTTP/1.1" 404 2467 "http://www.straman.de/unternehmen/jobs.html" "Mozilla/5.0 (compatible; MSIE 10.0; Windows NT 6.1; WOW64; Trident/6.0)"
87.138.101.161 - - [01/Oct/2013:12:30:19 +0200] "POST /administrator/index.php HTTP/1.0" 303 - "http://www.straman.de/administrator/index.php?option=com_users&view=user&task=edit&cid[]=63" "Mozilla/5.0 (Windows NT 6.1; WOW64; rv:24.0) Gecko/20100101 Firefox/24.0"
87.138.101.161 - - [01/Oct/2013:12:30:19 +0200] "GET /administrator/index.php?option=com_users HTTP/1.0" 200 22114 "http://www.straman.de/administrator/index.php?option=com_users&view=user&task=edit&cid[]=63" "Mozilla/5.0 (Windows NT 6.1; WOW64; rv:24.0) Gecko/20100101 Firefox/24.0"
87.138.101.161 - - [01/Oct/2013:12:30:20 +0200] "GET /administrator/index.php?option=com_content HTTP/1.0" 200 75168 "http://www.straman.de/administrator/index.php?option=com_users" "Mozilla/5.0 (Windows NT 6.1; WOW64; rv:24.0) Gecko/20100101 Firefox/24.0"
217.86.205.174 - - [01/Oct/2013:12:30:22 +0200] "GET /component/forme/?fid=2 HTTP/1.1" 200 21094 "http://www.straman.de/unternehmen/jobs.html" "Mozilla/5.0 (compatible; MSIE 10.0; Windows NT 6.1; WOW64; Trident/6.0)"
217.86.205.174 - - [01/Oct/2013:12:30:22 +0200] "GET /templates/gk_penguinmail/images/menu_sprite.png HTTP/1.1" 404 2467 "http://www.straman.de/component/forme/?fid=2" "Mozilla/5.0 (compatible; MSIE 10.0; Windows NT 6.1; WOW64; Trident/6.0)"
217.86.205.174 - - [01/Oct/2013:12:30:22 +0200] "GET /index.php?option=com_forme&func=captcha HTTP/1.1" 200 1375 "http://www.straman.de/component/forme/?fid=2" "Mozilla/5.0 (compatible; MSIE 10.0; Windows NT 6.1; WOW64; Trident/6.0)"
87.138.101.161 - - [01/Oct/2013:12:30:31 +0200] "GET /administrator/index.php?option=com_content§ionid=-1&task=edit&cid[]=65 HTTP/1.0" 200 37854 "http://www.straman.de/administrator/index.php?option=com_content" "Mozilla/5.0 (Windows NT 6.1; WOW64; rv:24.0) Gecko/20100101 Firefox/24.0"
87.138.101.161 - - [01/Oct/2013:12:30:31 +0200] "GET /plugins/editors/tinymce/jscripts/tiny_mce/tiny_mce.js HTTP/1.0" 200 177523 "http://www.straman.de/administrator/index.php?option=com_content§ionid=-1&task=edit&cid[]=65" "Mozilla/5.0 (Windows NT 6.1; WOW64; rv:24.0) Gecko/20100101 Firefox/24.0"
87.138.101.161 - - [01/Oct/2013:12:30:32 +0200] "GET /plugins/editors/tinymce/jscripts/tiny_mce/langs/de.js HTTP/1.0" 200 4649 "http://www.straman.de/administrator/index.php?option=com_content§ionid=-1&task=edit&cid[]=65" "Mozilla/5.0 (Windows NT 6.1; WOW64; rv:24.0) Gecko/20100101 Firefox/24.0"
87.138.101.161 - - [01/Oct/2013:12:30:32 +0200] "GET /plugins/editors/tinymce/jscripts/tiny_mce/themes/advanced/editor_template.js HTTP/1.0" 200 22770 "http://www.straman.de/administrator/index.php?option=com_content§ionid=-1&task=edit&cid[]=65" "Mozilla/5.0 (Windows NT 6.1; WOW64; rv:24.0) Gecko/20100101 Firefox/24.0"
87.138.101.161 - - [01/Oct/2013:12:30:32 +0200] "GET /plugins/editors/tinymce/jscripts/tiny_mce/plugins/paste/editor_plugin.js HTTP/1.0" 200 7260 "http://www.straman.de/administrator/index.php?option=com_content§ionid=-1&task=edit&cid[]=65" "Mozilla/5.0 (Windows NT 6.1; WOW64; rv:24.0) Gecko/20100101 Firefox/24.0"
87.138.101.161 - - [01/Oct/2013:12:30:32 +0200] "GET /plugins/editors/tinymce/jscripts/tiny_mce/plugins/searchreplace/editor_plugin.js HTTP/1.0" 200 1031 "http://www.straman.de/administrator/index.php?option=com_content§ionid=-1&task=edit&cid[]=65" "Mozilla/5.0 (Windows NT 6.1; WOW64; rv:24.0) Gecko/20100101 Firefox/24.0"
87.138.101.161 - - [01/Oct/2013:12:30:32 +0200] "GET /plugins/editors/tinymce/jscripts/tiny_mce/plugins/insertdatetime/editor_plugin.js HTTP/1.0" 200 1931 "http://www.straman.de/administrator/index.php?option=com_content§ionid=-1&task=edit&cid[]=65" "Mozilla/5.0 (Windows NT 6.1; WOW64; rv:24.0) Gecko/20100101 Firefox/24.0"
87.138.101.161 - - [01/Oct/2013:12:30:32 +0200] "GET /plugins/editors/tinymce/jscripts/tiny_mce/plugins/table/editor_plugin.js HTTP/1.0" 200 17434 "http://www.straman.de/administrator/index.php?option=com_content§ionid=-1&task=edit&cid[]=65" "Mozilla/5.0 (Windows NT 6.1; WOW64; rv:24.0) Gecko/20100101 Firefox/24.0"
87.138.101.161 - - [01/Oct/2013:12:30:32 +0200] "GET /plugins/editors/tinymce/jscripts/tiny_mce/plugins/emotions/editor_plugin.js HTTP/1.0" 200 698 "http://www.straman.de/administrator/index.php?option=com_content§ionid=-1&task=edit&cid[]=65" "Mozilla/5.0 (Windows NT 6.1; WOW64; rv:24.0) Gecko/20100101 Firefox/24.0"
87.138.101.161 - - [01/Oct/2013:12:30:32 +0200] "GET /plugins/editors/tinymce/jscripts/tiny_mce/plugins/media/editor_plugin.js HTTP/1.0" 200 8088 "http://www.straman.de/administrator/index.php?option=com_content§ionid=-1&task=edit&cid[]=65" "Mozilla/5.0 (Windows NT 6.1; WOW64; rv:24.0) Gecko/20100101 Firefox/24.0"
87.138.101.161 - - [01/Oct/2013:12:30:32 +0200] "GET /plugins/editors/tinymce/jscripts/tiny_mce/plugins/advhr/editor_plugin.js HTTP/1.0" 200 847 "http://www.straman.de/administrator/index.php?option=com_content§ionid=-1&task=edit&cid[]=65" "Mozilla/5.0 (Windows NT 6.1; WOW64; rv:24.0) Gecko/20100101 Firefox/24.0"
87.138.101.161 - - [01/Oct/2013:12:30:32 +0200] "GET /plugins/editors/tinymce/jscripts/tiny_mce/plugins/directionality/editor_plugin.js HTTP/1.0" 200 1333 "http://www.straman.de/administrator/index.php?option=com_content§ionid=-1&task=edit&cid[]=65" "Mozilla/5.0 (Windows NT 6.1; WOW64; rv:24.0) Gecko/20100101 Firefox/24.0"
87.138.101.161 - - [01/Oct/2013:12:30:32 +0200] "GET /plugins/editors/tinymce/jscripts/tiny_mce/plugins/fullscreen/editor_plugin.js HTTP/1.0" 200 3519 "http://www.straman.de/administrator/index.php?option=com_content§ionid=-1&task=edit&cid[]=65" "Mozilla/5.0 (Windows NT 6.1; WOW64; rv:24.0) Gecko/20100101 Firefox/24.0"
87.138.101.161 - - [01/Oct/2013:12:30:32 +0200] "GET /plugins/editors/tinymce/jscripts/tiny_mce/plugins/style/editor_plugin.js HTTP/1.0" 200 938 "http://www.straman.de/administrator/index.php?option=com_content§ionid=-1&task=edit&cid[]=65" "Mozilla/5.0 (Windows NT 6.1; WOW64; rv:24.0) Gecko/20100101 Firefox/24.0"
87.138.101.161 - - [01/Oct/2013:12:30:32 +0200] "GET /plugins/editors/tinymce/jscripts/tiny_mce/plugins/xhtmlxtras/editor_plugin.js HTTP/1.0" 200 2811 "http://www.straman.de/administrator/index.php?option=com_content§ionid=-1&task=edit&cid[]=65" "Mozilla/5.0 (Windows NT 6.1; WOW64; rv:24.0) Gecko/20100101 Firefox/24.0"
87.138.101.161 - - [01/Oct/2013:12:30:32 +0200] "GET /plugins/editors/tinymce/jscripts/tiny_mce/plugins/layer/editor_plugin.js HTTP/1.0" 200 3432 "http://www.straman.de/administrator/index.php?option=com_content§ionid=-1&task=edit&cid[]=65" "Mozilla/5.0 (Windows NT 6.1; WOW64; rv:24.0) Gecko/20100101 Firefox/24.0"
87.138.101.161 - - [01/Oct/2013:12:30:32 +0200] "GET /plugins/editors/tinymce/jscripts/tiny_mce/plugins/advimage/editor_plugin.js HTTP/1.0" 200 788 "http://www.straman.de/administrator/index.php?option=com_content§ionid=-1&task=edit&cid[]=65" "Mozilla/5.0 (Windows NT 6.1; WOW64; rv:24.0) Gecko/20100101 Firefox/24.0"
87.138.101.161 - - [01/Oct/2013:12:30:32 +0200] "GET /plugins/editors/tinymce/jscripts/tiny_mce/plugins/nonbreaking/editor_plugin.js HTTP/1.0" 200 952 "http://www.straman.de/administrator/index.php?option=com_content§ionid=-1&task=edit&cid[]=65" "Mozilla/5.0 (Windows NT 6.1; WOW64; rv:24.0) Gecko/20100101 Firefox/24.0"
87.138.101.161 - - [01/Oct/2013:12:30:32 +0200] "GET /plugins/editors/tinymce/jscripts/tiny_mce/plugins/visualchars/editor_plugin.js HTTP/1.0" 200 1345 "http://www.straman.de/administrator/index.php?option=com_content§ionid=-1&task=edit&cid[]=65" "Mozilla/5.0 (Windows NT 6.1; WOW64; rv:24.0) Gecko/20100101 Firefox/24.0"
87.138.101.161 - - [01/Oct/2013:12:30:32 +0200] "GET /plugins/editors/tinymce/jscripts/tiny_mce/plugins/advlink/editor_plugin.js HTTP/1.0" 200 973 "http://www.straman.de/administrator/index.php?option=com_content§ionid=-1&task=edit&cid[]=65" "Mozilla/5.0 (Windows NT 6.1; WOW64; rv:24.0) Gecko/20100101 Firefox/24.0"
87.138.101.161 - - [01/Oct/2013:12:30:32 +0200] "GET /plugins/editors/tinymce/jscripts/tiny_mce/plugins/autosave/editor_plugin.js HTTP/1.0" 200 711 "http://www.straman.de/administrator/index.php?option=com_content§ionid=-1&task=edit&cid[]=65" "Mozilla/5.0 (Windows NT 6.1; WOW64; rv:24.0) Gecko/20100101 Firefox/24.0"
87.138.101.161 - - [01/Oct/2013:12:30:32 +0200] "GET /plugins/editors/tinymce/jscripts/tiny_mce/plugins/contextmenu/editor_plugin.js HTTP/1.0" 200 2140 "http://www.straman.de/administrator/index.php?option=com_content§ionid=-1&task=edit&cid[]=65" "Mozilla/5.0 (Windows NT 6.1; WOW64; rv:24.0) Gecko/20100101 Firefox/24.0"
87.138.101.161 - - [01/Oct/2013:12:30:32 +0200] "GET /plugins/editors/tinymce/jscripts/tiny_mce/plugins/inlinepopups/editor_plugin.js HTTP/1.0" 200 10677 "http://www.straman.de/administrator/index.php?option=com_content§ionid=-1&task=edit&cid[]=65" "Mozilla/5.0 (Windows NT 6.1; WOW64; rv:24.0) Gecko/20100101 Firefox/24.0"
87.138.101.161 - - [01/Oct/2013:12:30:32 +0200] "GET /plugins/editors/tinymce/jscripts/tiny_mce/plugins/blockquote/editor_plugin.js HTTP/1.0" 404 2467 "http://www.straman.de/administrator/index.php?option=com_content§ionid=-1&task=edit&cid[]=65" "Mozilla/5.0 (Windows NT 6.1; WOW64; rv:24.0) Gecko/20100101 Firefox/24.0"
87.138.101.161 - - [01/Oct/2013:12:30:32 +0200] "GET /plugins/editors/tinymce/jscripts/tiny_mce/themes/advanced/langs/de.js HTTP/1.0" 200 2242 "http://www.straman.de/administrator/index.php?option=com_content§ionid=-1&task=edit&cid[]=65" "Mozilla/5.0 (Windows NT 6.1; WOW64; rv:24.0) Gecko/20100101 Firefox/24.0"
87.138.101.161 - - [01/Oct/2013:12:30:32 +0200] "GET /plugins/editors/tinymce/jscripts/tiny_mce/plugins/blockquote/editor_plugin.js HTTP/1.0" 404 2467 "http://www.straman.de/administrator/index.php?option=com_content§ionid=-1&task=edit&cid[]=65" "Mozilla/5.0 (Windows NT 6.1; WOW64; rv:24.0) Gecko/20100101 Firefox/24.0"
87.138.101.161 - - [01/Oct/2013:12:30:33 +0200] "GET /administrator/templates/khepri/images/j_button2_blank.png HTTP/1.0" 200 398 "http://www.straman.de/administrator/templates/khepri/css/general.css" "Mozilla/5.0 (Windows NT 6.1; WOW64; rv:24.0) Gecko/20100101 Firefox/24.0"
87.138.101.161 - - [01/Oct/2013:12:30:33 +0200] "GET /plugins/editors/tinymce/jscripts/tiny_mce/plugins/inlinepopups/skins/clearlooks2/window.css HTTP/1.0" 200 6625 "http://www.straman.de/administrator/index.php?option=com_content§ionid=-1&task=edit&cid[]=65" "Mozilla/5.0 (Windows NT 6.1; WOW64; rv:24.0) Gecko/20100101 Firefox/24.0"
87.138.101.161 - - [01/Oct/2013:12:30:33 +0200] "GET /plugins/editors/tinymce/jscripts/tiny_mce/themes/advanced/skins/default/ui.css HTTP/1.0" 200 15432 "http://www.straman.de/administrator/index.php?option=com_content§ionid=-1&task=edit&cid[]=65" "Mozilla/5.0 (Windows NT 6.1; WOW64; rv:24.0) Gecko/20100101 Firefox/24.0"
87.138.101.161 - - [01/Oct/2013:12:30:33 +0200] "GET /plugins/editors/tinymce/jscripts/tiny_mce/plugins/media/css/content.css HTTP/1.0" 200 524 "http://www.straman.de/administrator/index.php?option=com_content§ionid=-1&task=edit&cid[]=65" "Mozilla/5.0 (Windows NT 6.1; WOW64; rv:24.0) Gecko/20100101 Firefox/24.0"
87.138.101.161 - - [01/Oct/2013:12:30:33 +0200] "GET /plugins/editors/tinymce/jscripts/tiny_mce/themes/advanced/skins/default/content.css HTTP/1.0" 200 1275 "http://www.straman.de/administrator/index.php?option=com_content§ionid=-1&task=edit&cid[]=65" "Mozilla/5.0 (Windows NT 6.1; WOW64; rv:24.0) Gecko/20100101 Firefox/24.0"
87.138.101.161 - - [01/Oct/2013:12:30:33 +0200] "GET /templates/system/css/editor.css HTTP/1.0" 200 1014 "http://www.straman.de/administrator/index.php?option=com_content§ionid=-1&task=edit&cid[]=65" "Mozilla/5.0 (Windows NT 6.1; WOW64; rv:24.0) Gecko/20100101 Firefox/24.0"
87.138.101.161 - - [01/Oct/2013:12:30:33 +0200] "GET /plugins/editors/tinymce/jscripts/tiny_mce/themes/advanced/img/icons.gif HTTP/1.0" 200 11505 "http://www.straman.de/plugins/editors/tinymce/jscripts/tiny_mce/themes/advanced/skins/default/ui.css" "Mozilla/5.0 (Windows NT 6.1; WOW64; rv:24.0) Gecko/20100101 Firefox/24.0"
87.138.101.161 - - [01/Oct/2013:12:30:34 +0200] "GET /plugins/editors/tinymce/jscripts/tiny_mce/themes/advanced/skins/default/img/menu_arrow.gif HTTP/1.0" 200 68 "http://www.straman.de/plugins/editors/tinymce/jscripts/tiny_mce/themes/advanced/skins/default/ui.css" "Mozilla/5.0 (Windows NT 6.1; WOW64; rv:24.0) Gecko/20100101 Firefox/24.0"
87.138.101.161 - - [01/Oct/2013:12:30:36 +0200] "GET /plugins/editors/tinymce/jscripts/tiny_mce/plugins/inlinepopups/skins/clearlooks2/img/corners.gif HTTP/1.0" 200 911 "http://www.straman.de/plugins/editors/tinymce/jscripts/tiny_mce/plugins/inlinepopups/skins/clearlooks2/window.css" "Mozilla/5.0 (Windows NT 6.1; WOW64; rv:24.0) Gecko/20100101 Firefox/24.0"
87.138.101.161 - - [01/Oct/2013:12:30:36 +0200] "GET /plugins/editors/tinymce/jscripts/tiny_mce/plugins/inlinepopups/skins/clearlooks2/img/horizontal.gif HTTP/1.0" 200 769 "http://www.straman.de/plugins/editors/tinymce/jscripts/tiny_mce/plugins/inlinepopups/skins/clearlooks2/window.css" "Mozilla/5.0 (Windows NT 6.1; WOW64; rv:24.0) Gecko/20100101 Firefox/24.0"
87.138.101.161 - - [01/Oct/2013:12:30:36 +0200] "GET /plugins/editors/tinymce/jscripts/tiny_mce/plugins/inlinepopups/skins/clearlooks2/img/vertical.gif HTTP/1.0" 200 92 "http://www.straman.de/plugins/editors/tinymce/jscripts/tiny_mce/plugins/inlinepopups/skins/clearlooks2/window.css" "Mozilla/5.0 (Windows NT 6.1; WOW64; rv:24.0) Gecko/20100101 Firefox/24.0"
87.138.101.161 - - [01/Oct/2013:12:30:36 +0200] "GET /plugins/editors/tinymce/jscripts/tiny_mce/plugins/inlinepopups/skins/clearlooks2/img/buttons.gif HTTP/1.0" 200 1195 "http://www.straman.de/plugins/editors/tinymce/jscripts/tiny_mce/plugins/inlinepopups/skins/clearlooks2/window.css" "Mozilla/5.0 (Windows NT 6.1; WOW64; rv:24.0) Gecko/20100101 Firefox/24.0"
87.138.101.161 - - [01/Oct/2013:12:30:36 +0200] "GET /plugins/editors/tinymce/jscripts/tiny_mce/plugins/advimage/image.htm HTTP/1.0" 200 11201 "http://www.straman.de/administrator/index.php?option=com_content§ionid=-1&task=edit&cid[]=65" "Mozilla/5.0 (Windows NT 6.1; WOW64; rv:24.0) Gecko/20100101 Firefox/24.0"
87.138.101.161 - - [01/Oct/2013:12:30:36 +0200] "GET /plugins/editors/tinymce/jscripts/tiny_mce/tiny_mce_popup.js HTTP/1.0" 200 5223 "http://www.straman.de/plugins/editors/tinymce/jscripts/tiny_mce/plugins/advimage/image.htm" "Mozilla/5.0 (Windows NT 6.1; WOW64; rv:24.0) Gecko/20100101 Firefox/24.0"
87.138.101.161 - - [01/Oct/2013:12:30:36 +0200] "GET /plugins/editors/tinymce/jscripts/tiny_mce/utils/mctabs.js HTTP/1.0" 200 1786 "http://www.straman.de/plugins/editors/tinymce/jscripts/tiny_mce/plugins/advimage/image.htm" "Mozilla/5.0 (Windows NT 6.1; WOW64; rv:24.0) Gecko/20100101 Firefox/24.0"
87.138.101.161 - - [01/Oct/2013:12:30:36 +0200] "GET /plugins/editors/tinymce/jscripts/tiny_mce/utils/form_utils.js HTTP/1.0" 200 5303 "http://www.straman.de/plugins/editors/tinymce/jscripts/tiny_mce/plugins/advimage/image.htm" "Mozilla/5.0 (Windows NT 6.1; WOW64; rv:24.0) Gecko/20100101 Firefox/24.0"
87.138.101.161 - - [01/Oct/2013:12:30:36 +0200] "GET /plugins/editors/tinymce/jscripts/tiny_mce/utils/validate.js HTTP/1.0" 200 4764 "http://www.straman.de/plugins/editors/tinymce/jscripts/tiny_mce/plugins/advimage/image.htm" "Mozilla/5.0 (Windows NT 6.1; WOW64; rv:24.0) Gecko/20100101 Firefox/24.0"
87.138.101.161 - - [01/Oct/2013:12:30:36 +0200] "GET /plugins/editors/tinymce/jscripts/tiny_mce/utils/editable_selects.js HTTP/1.0" 200 1939 "http://www.straman.de/plugins/editors/tinymce/jscripts/tiny_mce/plugins/advimage/image.htm" "Mozilla/5.0 (Windows NT 6.1; WOW64; rv:24.0) Gecko/20100101 Firefox/24.0"
87.138.101.161 - - [01/Oct/2013:12:30:36 +0200] "GET /plugins/editors/tinymce/jscripts/tiny_mce/plugins/advimage/js/image.js HTTP/1.0" 200 11603 "http://www.straman.de/plugins/editors/tinymce/jscripts/tiny_mce/plugins/advimage/image.htm" "Mozilla/5.0 (Windows NT 6.1; WOW64; rv:24.0) Gecko/20100101 Firefox/24.0"
87.138.101.161 - - [01/Oct/2013:12:30:36 +0200] "GET /plugins/editors/tinymce/jscripts/tiny_mce/plugins/advimage/css/advimage.css HTTP/1.0" 200 659 "http://www.straman.de/plugins/editors/tinymce/jscripts/tiny_mce/plugins/advimage/image.htm" "Mozilla/5.0 (Windows NT 6.1; WOW64; rv:24.0) Gecko/20100101 Firefox/24.0"
87.138.101.161 - - [01/Oct/2013:12:30:37 +0200] "GET /plugins/editors/tinymce/jscripts/tiny_mce/themes/advanced/skins/default/dialog.css HTTP/1.0" 200 5475 "http://www.straman.de/plugins/editors/tinymce/jscripts/tiny_mce/plugins/advimage/image.htm" "Mozilla/5.0 (Windows NT 6.1; WOW64; rv:24.0) Gecko/20100101 Firefox/24.0"
87.138.101.161 - - [01/Oct/2013:12:30:37 +0200] "GET /plugins/editors/tinymce/jscripts/tiny_mce/plugins/advimage/langs/de_dlg.js HTTP/1.0" 200 1370 "http://www.straman.de/plugins/editors/tinymce/jscripts/tiny_mce/plugins/advimage/image.htm" "Mozilla/5.0 (Windows NT 6.1; WOW64; rv:24.0) Gecko/20100101 Firefox/24.0"
87.138.101.161 - - [01/Oct/2013:12:30:37 +0200] "GET /plugins/editors/tinymce/jscripts/tiny_mce/plugins/advimage/img/sample.gif HTTP/1.0" 200 1624 "http://www.straman.de/plugins/editors/tinymce/jscripts/tiny_mce/plugins/advimage/image.htm" "Mozilla/5.0 (Windows NT 6.1; WOW64; rv:24.0) Gecko/20100101 Firefox/24.0"
87.138.101.161 - - [01/Oct/2013:12:30:37 +0200] "GET /plugins/editors/tinymce/jscripts/tiny_mce/themes/advanced/skins/default/img/tabs.gif HTTP/1.0" 200 1326 "http://www.straman.de/plugins/editors/tinymce/jscripts/tiny_mce/themes/advanced/skins/default/dialog.css" "Mozilla/5.0 (Windows NT 6.1; WOW64; rv:24.0) Gecko/20100101 Firefox/24.0"
87.138.101.161 - - [01/Oct/2013:12:30:37 +0200] "GET /plugins/editors/tinymce/jscripts/tiny_mce/themes/advanced/skins/default/img/buttons.png HTTP/1.0" 200 3274 "http://www.straman.de/plugins/editors/tinymce/jscripts/tiny_mce/themes/advanced/skins/default/dialog.css" "Mozilla/5.0 (Windows NT 6.1; WOW64; rv:24.0) Gecko/20100101 Firefox/24.0"
87.138.101.161 - - [01/Oct/2013:12:31:31 +0200] "GET /plugins/editors/tinymce/jscripts/tiny_mce/plugins/advlink/link.htm HTTP/1.0" 200 14742 "http://www.straman.de/administrator/index.php?option=com_content§ionid=-1&task=edit&cid[]=65" "Mozilla/5.0 (Windows NT 6.1; WOW64; rv:24.0) Gecko/20100101 Firefox/24.0"
87.138.101.161 - - [01/Oct/2013:12:31:31 +0200] "GET /plugins/editors/tinymce/jscripts/tiny_mce/plugins/advlink/js/advlink.js HTTP/1.0" 200 16701 "http://www.straman.de/plugins/editors/tinymce/jscripts/tiny_mce/plugins/advlink/link.htm" "Mozilla/5.0 (Windows NT 6.1; WOW64; rv:24.0) Gecko/20100101 Firefox/24.0"
87.138.101.161 - - [01/Oct/2013:12:31:31 +0200] "GET /plugins/editors/tinymce/jscripts/tiny_mce/plugins/advlink/css/advlink.css HTTP/1.0" 200 472 "http://www.straman.de/plugins/editors/tinymce/jscripts/tiny_mce/plugins/advlink/link.htm" "Mozilla/5.0 (Windows NT 6.1; WOW64; rv:24.0) Gecko/20100101 Firefox/24.0"
87.138.101.161 - - [01/Oct/2013:12:31:31 +0200] "GET /plugins/editors/tinymce/jscripts/tiny_mce/plugins/advlink/langs/de_dlg.js HTTP/1.0" 200 1964 "http://www.straman.de/plugins/editors/tinymce/jscripts/tiny_mce/plugins/advlink/link.htm" "Mozilla/5.0 (Windows NT 6.1; WOW64; rv:24.0) Gecko/20100101 Firefox/24.0"
87.138.101.161 - - [01/Oct/2013:12:31:36 +0200] "POST /administrator/index.php HTTP/1.0" 303 - "http://www.straman.de/administrator/index.php?option=com_content§ionid=-1&task=edit&cid[]=65" "Mozilla/5.0 (Windows NT 6.1; WOW64; rv:24.0) Gecko/20100101 Firefox/24.0"
87.138.101.161 - - [01/Oct/2013:12:31:36 +0200] "GET /administrator/index.php?option=com_content§ionid=0 HTTP/1.0" 200 75315 "http://www.straman.de/administrator/index.php?option=com_content§ionid=-1&task=edit&cid[]=65" "Mozilla/5.0 (Windows NT 6.1; WOW64; rv:24.0) Gecko/20100101 Firefox/24.0"
87.138.101.161 - - [01/Oct/2013:12:31:40 +0200] "GET /templates/gk_penguinmail/images/menu_sprite.png HTTP/1.0" 404 2467 "http://www.straman.de/templates/gk_penguinmail/css/override.css" "Mozilla/5.0 (Windows NT 6.1; WOW64; rv:24.0) Gecko/20100101 Firefox/24.0"
87.138.101.161 - - [01/Oct/2013:12:31:43 +0200] "GET /unternehmen/partner.html HTTP/1.0" 200 19262 "http://www.straman.de/referenzen.html" "Mozilla/5.0 (Windows NT 6.1; WOW64; rv:24.0) Gecko/20100101 Firefox/24.0"
87.138.101.161 - - [01/Oct/2013:12:31:43 +0200] "GET /templates/gk_penguinmail/images/menu_sprite.png HTTP/1.0" 404 2467 "http://www.straman.de/templates/gk_penguinmail/css/override.css" "Mozilla/5.0 (Windows NT 6.1; WOW64; rv:24.0) Gecko/20100101 Firefox/24.0"
217.86.205.174 - - [01/Oct/2013:12:31:46 +0200] "POST /component/forme/?fid=2 HTTP/1.1" 303 - "http://www.straman.de/component/forme/?fid=2" "Mozilla/5.0 (compatible; MSIE 10.0; Windows NT 6.1; WOW64; Trident/6.0)"
217.86.205.174 - - [01/Oct/2013:12:31:47 +0200] "GET /component/forme/?func=thankyou&did=c0648ee871abd92b01ee257c6a8581a7 HTTP/1.1" 200 15096 "http://www.straman.de/component/forme/?fid=2" "Mozilla/5.0 (compatible; MSIE 10.0; Windows NT 6.1; WOW64; Trident/6.0)"
217.86.205.174 - - [01/Oct/2013:12:31:47 +0200] "GET /templates/gk_penguinmail/images/menu_sprite.png HTTP/1.1" 404 2467 "http://www.straman.de/component/forme/?func=thankyou&did=c0648ee871abd92b01ee257c6a8581a7" "Mozilla/5.0 (compatible; MSIE 10.0; Windows NT 6.1; WOW64; Trident/6.0)"
87.138.101.161 - - [01/Oct/2013:12:31:50 +0200] "GET /administrator/index.php?option=com_modules HTTP/1.0" 200 78031 "http://www.straman.de/administrator/index.php?option=com_content§ionid=0" "Mozilla/5.0 (Windows NT 6.1; WOW64; rv:24.0) Gecko/20100101 Firefox/24.0"
217.86.205.174 - - [01/Oct/2013:12:31:50 +0200] "GET /component/forme/?fid=2 HTTP/1.1" 200 21094 "http://www.straman.de/component/forme/?func=thankyou&did=c0648ee871abd92b01ee257c6a8581a7" "Mozilla/5.0 (compatible; MSIE 10.0; Windows NT 6.1; WOW64; Trident/6.0)"
217.86.205.174 - - [01/Oct/2013:12:31:51 +0200] "GET /index.php?option=com_forme&func=captcha HTTP/1.1" 200 1295 "http://www.straman.de/component/forme/?fid=2" "Mozilla/5.0 (compatible; MSIE 10.0; Windows NT 6.1; WOW64; Trident/6.0)"
217.86.205.174 - - [01/Oct/2013:12:31:51 +0200] "GET /templates/gk_penguinmail/images/menu_sprite.png HTTP/1.1" 404 2467 "http://www.straman.de/component/forme/?fid=2" "Mozilla/5.0 (compatible; MSIE 10.0; Windows NT 6.1; WOW64; Trident/6.0)"
87.138.101.161 - - [01/Oct/2013:12:31:52 +0200] "GET /administrator/index.php?option=com_modules&client=0&task=edit&cid[]=53 HTTP/1.0" 200 24262 "http://www.straman.de/administrator/index.php?option=com_modules" "Mozilla/5.0 (Windows NT 6.1; WOW64; rv:24.0) Gecko/20100101 Firefox/24.0"
87.138.101.161 - - [01/Oct/2013:12:31:53 +0200] "GET /plugins/editors/tinymce/jscripts/tiny_mce/plugins/blockquote/editor_plugin.js HTTP/1.0" 404 2467 "http://www.straman.de/administrator/index.php?option=com_modules&client=0&task=edit&cid[]=53" "Mozilla/5.0 (Windows NT 6.1; WOW64; rv:24.0) Gecko/20100101 Firefox/24.0"
87.138.101.161 - - [01/Oct/2013:12:32:12 +0200] "POST /administrator/index.php HTTP/1.0" 303 - "http://www.straman.de/administrator/index.php?option=com_modules&client=0&task=edit&cid[]=53" "Mozilla/5.0 (Windows NT 6.1; WOW64; rv:24.0) Gecko/20100101 Firefox/24.0"
87.138.101.161 - - [01/Oct/2013:12:32:12 +0200] "GET /administrator/index.php?option=com_modules&client=0 HTTP/1.0" 200 78204 "http://www.straman.de/administrator/index.php?option=com_modules&client=0&task=edit&cid[]=53" "Mozilla/5.0 (Windows NT 6.1; WOW64; rv:24.0) Gecko/20100101 Firefox/24.0"
217.86.205.174 - - [01/Oct/2013:12:32:13 +0200] "GET /kontakt.html HTTP/1.1" 200 18496 "http://www.straman.de/component/forme/?fid=2" "Mozilla/5.0 (compatible; MSIE 10.0; Windows NT 6.1; WOW64; Trident/6.0)"
217.86.205.174 - - [01/Oct/2013:12:32:13 +0200] "GET /templates/gk_penguinmail/images/menu_sprite.png HTTP/1.1" 404 2467 "http://www.straman.de/kontakt.html" "Mozilla/5.0 (compatible; MSIE 10.0; Windows NT 6.1; WOW64; Trident/6.0)"
87.138.101.161 - - [01/Oct/2013:12:32:20 +0200] "GET /templates/gk_penguinmail/images/menu_sprite.png HTTP/1.0" 404 2467 "http://www.straman.de/templates/gk_penguinmail/css/override.css" "Mozilla/5.0 (Windows NT 6.1; WOW64; rv:24.0) Gecko/20100101 Firefox/24.0"
87.138.101.161 - - [01/Oct/2013:12:32:19 +0200] "GET /referenzen.html HTTP/1.0" 200 352395 "http://www.straman.de/unternehmen/partner.html" "Mozilla/5.0 (Windows NT 6.1; WOW64; rv:24.0) Gecko/20100101 Firefox/24.0"
217.86.205.174 - - [01/Oct/2013:12:32:24 +0200] "POST /kontakt.html?fid=1 HTTP/1.1" 303 - "http://www.straman.de/kontakt.html" "Mozilla/5.0 (compatible; MSIE 10.0; Windows NT 6.1; WOW64; Trident/6.0)"
217.86.205.174 - - [01/Oct/2013:12:32:25 +0200] "GET /kontakt.html?fid=1 HTTP/1.1" 200 18913 "http://www.straman.de/kontakt.html" "Mozilla/5.0 (compatible; MSIE 10.0; Windows NT 6.1; WOW64; Trident/6.0)"
217.86.205.174 - - [01/Oct/2013:12:32:25 +0200] "GET /templates/gk_penguinmail/images/menu_sprite.png HTTP/1.1" 404 2467 "http://www.straman.de/kontakt.html?fid=1" "Mozilla/5.0 (compatible; MSIE 10.0; Windows NT 6.1; WOW64; Trident/6.0)"
87.138.101.161 - - [01/Oct/2013:12:32:27 +0200] "GET /administrator/index.php?option=com_modules&client=0&task=edit&cid[]=53 HTTP/1.0" 200 24350 "http://www.straman.de/administrator/index.php?option=com_modules&client=0" "Mozilla/5.0 (Windows NT 6.1; WOW64; rv:24.0) Gecko/20100101 Firefox/24.0"
87.138.101.161 - - [01/Oct/2013:12:32:27 +0200] "GET /plugins/editors/tinymce/jscripts/tiny_mce/plugins/blockquote/editor_plugin.js HTTP/1.0" 404 2467 "http://www.straman.de/administrator/index.php?option=com_modules&client=0&task=edit&cid[]=53" "Mozilla/5.0 (Windows NT 6.1; WOW64; rv:24.0) Gecko/20100101 Firefox/24.0"
87.138.101.161 - - [01/Oct/2013:12:32:42 +0200] "POST /administrator/index.php HTTP/1.0" 303 - "http://www.straman.de/administrator/index.php?option=com_modules&client=0&task=edit&cid[]=53" "Mozilla/5.0 (Windows NT 6.1; WOW64; rv:24.0) Gecko/20100101 Firefox/24.0"
87.138.101.161 - - [01/Oct/2013:12:32:42 +0200] "GET /administrator/index.php?option=com_modules&client=0 HTTP/1.0" 200 78031 "http://www.straman.de/administrator/index.php?option=com_modules&client=0&task=edit&cid[]=53" "Mozilla/5.0 (Windows NT 6.1; WOW64; rv:24.0) Gecko/20100101 Firefox/24.0"
87.138.101.161 - - [01/Oct/2013:12:32:53 +0200] "GET /templates/gk_penguinmail/images/menu_sprite.png HTTP/1.0" 404 2467 "http://www.straman.de/templates/gk_penguinmail/css/override.css" "Mozilla/5.0 (Windows NT 6.1; WOW64; rv:24.0) Gecko/20100101 Firefox/24.0"
87.138.101.161 - - [01/Oct/2013:12:32:53 +0200] "GET /referenzen.html HTTP/1.0" 200 352395 "http://www.straman.de/referenzen.html" "Mozilla/5.0 (Windows NT 6.1; WOW64; rv:24.0) Gecko/20100101 Firefox/24.0"
87.138.101.161 - - [01/Oct/2013:12:32:59 +0200] "GET /unternehmen/partner.html HTTP/1.0" 200 19262 "http://www.straman.de/referenzen.html" "Mozilla/5.0 (Windows NT 6.1; WOW64; rv:24.0) Gecko/20100101 Firefox/24.0"
87.138.101.161 - - [01/Oct/2013:12:32:59 +0200] "GET /templates/gk_penguinmail/images/menu_sprite.png HTTP/1.0" 404 2467 "http://www.straman.de/templates/gk_penguinmail/css/override.css" "Mozilla/5.0 (Windows NT 6.1; WOW64; rv:24.0) Gecko/20100101 Firefox/24.0"
87.138.101.161 - - [01/Oct/2013:12:33:04 +0200] "GET /templates/gk_penguinmail/images/menu_sprite.png HTTP/1.0" 404 2467 "http://www.straman.de/templates/gk_penguinmail/css/override.css" "Mozilla/5.0 (Windows NT 6.1; WOW64; rv:24.0) Gecko/20100101 Firefox/24.0"
87.138.101.161 - - [01/Oct/2013:12:33:03 +0200] "GET /referenzen.html HTTP/1.0" 200 352395 "http://www.straman.de/unternehmen/partner.html" "Mozilla/5.0 (Windows NT 6.1; WOW64; rv:24.0) Gecko/20100101 Firefox/24.0"
217.86.205.174 - - [01/Oct/2013:12:33:08 +0200] "POST /kontakt.html?fid=1 HTTP/1.1" 303 - "http://www.straman.de/kontakt.html?fid=1" "Mozilla/5.0 (compatible; MSIE 10.0; Windows NT 6.1; WOW64; Trident/6.0)"
87.138.101.161 - - [01/Oct/2013:12:33:09 +0200] "GET /administrator/index.php?option=com_modules&client=0&task=edit&cid[]=53 HTTP/1.0" 200 24350 "http://www.straman.de/administrator/index.php?option=com_modules&client=0" "Mozilla/5.0 (Windows NT 6.1; WOW64; rv:24.0) Gecko/20100101 Firefox/24.0"
217.86.205.174 - - [01/Oct/2013:12:33:09 +0200] "GET /kontakt.html?func=thankyou&did=ef3e0af8db36be1f5ad1789343df0fff HTTP/1.1" 200 16366 "http://www.straman.de/kontakt.html?fid=1" "Mozilla/5.0 (compatible; MSIE 10.0; Windows NT 6.1; WOW64; Trident/6.0)"
87.138.101.161 - - [01/Oct/2013:12:33:09 +0200] "GET /plugins/editors/tinymce/jscripts/tiny_mce/plugins/blockquote/editor_plugin.js HTTP/1.0" 404 2467 "http://www.straman.de/administrator/index.php?option=com_modules&client=0&task=edit&cid[]=53" "Mozilla/5.0 (Windows NT 6.1; WOW64; rv:24.0) Gecko/20100101 Firefox/24.0"
217.86.205.174 - - [01/Oct/2013:12:33:09 +0200] "GET /templates/gk_penguinmail/images/menu_sprite.png HTTP/1.1" 404 2467 "http://www.straman.de/kontakt.html?func=thankyou&did=ef3e0af8db36be1f5ad1789343df0fff" "Mozilla/5.0 (compatible; MSIE 10.0; Windows NT 6.1; WOW64; Trident/6.0)"
87.138.101.161 - - [01/Oct/2013:12:33:23 +0200] "POST /administrator/index.php HTTP/1.0" 303 - "http://www.straman.de/administrator/index.php?option=com_modules&client=0&task=edit&cid[]=53" "Mozilla/5.0 (Windows NT 6.1; WOW64; rv:24.0) Gecko/20100101 Firefox/24.0"
87.138.101.161 - - [01/Oct/2013:12:33:23 +0200] "GET /administrator/index.php?option=com_modules&client=0&task=edit&id=53 HTTP/1.0" 200 24518 "http://www.straman.de/administrator/index.php?option=com_modules&client=0&task=edit&cid[]=53" "Mozilla/5.0 (Windows NT 6.1; WOW64; rv:24.0) Gecko/20100101 Firefox/24.0"
87.138.101.161 - - [01/Oct/2013:12:33:24 +0200] "GET /plugins/editors/tinymce/jscripts/tiny_mce/plugins/blockquote/editor_plugin.js HTTP/1.0" 404 2467 "http://www.straman.de/administrator/index.php?option=com_modules&client=0&task=edit&id=53" "Mozilla/5.0 (Windows NT 6.1; WOW64; rv:24.0) Gecko/20100101 Firefox/24.0"
87.138.101.161 - - [01/Oct/2013:12:33:27 +0200] "GET /templates/system/css/system.css HTTP/1.0" 304 - "http://www.straman.de/referenzen.html" "Mozilla/5.0 (Windows NT 6.1; WOW64; rv:24.0) Gecko/20100101 Firefox/24.0"
87.138.101.161 - - [01/Oct/2013:12:33:27 +0200] "GET /templates/system/css/general.css HTTP/1.0" 304 - "http://www.straman.de/referenzen.html" "Mozilla/5.0 (Windows NT 6.1; WOW64; rv:24.0) Gecko/20100101 Firefox/24.0"
87.138.101.161 - - [01/Oct/2013:12:33:27 +0200] "GET /templates/gk_penguinmail/css/addons.css HTTP/1.0" 304 - "http://www.straman.de/referenzen.html" "Mozilla/5.0 (Windows NT 6.1; WOW64; rv:24.0) Gecko/20100101 Firefox/24.0"
87.138.101.161 - - [01/Oct/2013:12:33:27 +0200] "GET /templates/gk_penguinmail/css/layout.css HTTP/1.0" 304 - "http://www.straman.de/referenzen.html" "Mozilla/5.0 (Windows NT 6.1; WOW64; rv:24.0) Gecko/20100101 Firefox/24.0"
87.138.101.161 - - [01/Oct/2013:12:33:27 +0200] "GET /templates/gk_penguinmail/css/template.css HTTP/1.0" 304 - "http://www.straman.de/referenzen.html" "Mozilla/5.0 (Windows NT 6.1; WOW64; rv:24.0) Gecko/20100101 Firefox/24.0"
87.138.101.161 - - [01/Oct/2013:12:33:27 +0200] "GET /templates/gk_penguinmail/css/joomla.css HTTP/1.0" 304 - "http://www.straman.de/referenzen.html" "Mozilla/5.0 (Windows NT 6.1; WOW64; rv:24.0) Gecko/20100101 Firefox/24.0"
87.138.101.161 - - [01/Oct/2013:12:33:27 +0200] "GET /templates/gk_penguinmail/css/gk_stuff.css HTTP/1.0" 304 - "http://www.straman.de/referenzen.html" "Mozilla/5.0 (Windows NT 6.1; WOW64; rv:24.0) Gecko/20100101 Firefox/24.0"
87.138.101.161 - - [01/Oct/2013:12:33:27 +0200] "GET /templates/gk_penguinmail/css/typo.css HTTP/1.0" 304 - "http://www.straman.de/referenzen.html" "Mozilla/5.0 (Windows NT 6.1; WOW64; rv:24.0) Gecko/20100101 Firefox/24.0"
87.138.101.161 - - [01/Oct/2013:12:33:27 +0200] "GET /templates/gk_penguinmail/css/css3_style3.css HTTP/1.0" 304 - "http://www.straman.de/referenzen.html" "Mozilla/5.0 (Windows NT 6.1; WOW64; rv:24.0) Gecko/20100101 Firefox/24.0"
87.138.101.161 - - [01/Oct/2013:12:33:27 +0200] "GET /templates/gk_penguinmail/css/style3.css HTTP/1.0" 304 - "http://www.straman.de/referenzen.html" "Mozilla/5.0 (Windows NT 6.1; WOW64; rv:24.0) Gecko/20100101 Firefox/24.0"
87.138.101.161 - - [01/Oct/2013:12:33:27 +0200] "GET /templates/gk_penguinmail/css/override.css HTTP/1.0" 304 - "http://www.straman.de/referenzen.html" "Mozilla/5.0 (Windows NT 6.1; WOW64; rv:24.0) Gecko/20100101 Firefox/24.0"
87.138.101.161 - - [01/Oct/2013:12:33:27 +0200] "GET /media/system/js/mootools.js HTTP/1.0" 304 - "http://www.straman.de/referenzen.html" "Mozilla/5.0 (Windows NT 6.1; WOW64; rv:24.0) Gecko/20100101 Firefox/24.0"
87.138.101.161 - - [01/Oct/2013:12:33:27 +0200] "GET /templates/gk_penguinmail/js/domready_fix.js HTTP/1.0" 304 - "http://www.straman.de/referenzen.html" "Mozilla/5.0 (Windows NT 6.1; WOW64; rv:24.0) Gecko/20100101 Firefox/24.0"
87.138.101.161 - - [01/Oct/2013:12:33:27 +0200] "GET /media/system/js/caption.js HTTP/1.0" 304 - "http://www.straman.de/referenzen.html" "Mozilla/5.0 (Windows NT 6.1; WOW64; rv:24.0) Gecko/20100101 Firefox/24.0"
87.138.101.161 - - [01/Oct/2013:12:33:27 +0200] "GET /templates/gk_penguinmail/js/gk.script.js HTTP/1.0" 304 - "http://www.straman.de/referenzen.html" "Mozilla/5.0 (Windows NT 6.1; WOW64; rv:24.0) Gecko/20100101 Firefox/24.0"
87.138.101.161 - - [01/Oct/2013:12:33:27 +0200] "GET /templates/gk_penguinmail/css/menu/mega.css HTTP/1.0" 304 - "http://www.straman.de/referenzen.html" "Mozilla/5.0 (Windows NT 6.1; WOW64; rv:24.0) Gecko/20100101 Firefox/24.0"
87.138.101.161 - - [01/Oct/2013:12:33:27 +0200] "GET /templates/gk_penguinmail/js/menu/mega.js HTTP/1.0" 304 - "http://www.straman.de/referenzen.html" "Mozilla/5.0 (Windows NT 6.1; WOW64; rv:24.0) Gecko/20100101 Firefox/24.0"
87.138.101.161 - - [01/Oct/2013:12:33:28 +0200] "GET /templates/gk_penguinmail/fonts/PT-Seans/stylesheet.css HTTP/1.0" 304 - "http://www.straman.de/referenzen.html" "Mozilla/5.0 (Windows NT 6.1; WOW64; rv:24.0) Gecko/20100101 Firefox/24.0"
87.138.101.161 - - [01/Oct/2013:12:33:28 +0200] "GET /templates/gk_penguinmail/css/template_unterseiten.css HTTP/1.0" 304 - "http://www.straman.de/referenzen.html" "Mozilla/5.0 (Windows NT 6.1; WOW64; rv:24.0) Gecko/20100101 Firefox/24.0"
87.138.101.161 - - [01/Oct/2013:12:33:28 +0200] "GET /templates/gk_penguinmail/images/style3/glow.jpg HTTP/1.0" 304 - "http://www.straman.de/templates/gk_penguinmail/css/template_unterseiten.css" "Mozilla/5.0 (Windows NT 6.1; WOW64; rv:24.0) Gecko/20100101 Firefox/24.0"
87.138.101.161 - - [01/Oct/2013:12:33:28 +0200] "GET /templates/gk_penguinmail/images/style3/menu_sprite.png HTTP/1.0" 304 - "http://www.straman.de/templates/gk_penguinmail/css/override.css" "Mozilla/5.0 (Windows NT 6.1; WOW64; rv:24.0) Gecko/20100101 Firefox/24.0"
87.138.101.161 - - [01/Oct/2013:12:33:28 +0200] "GET /images/header3.png HTTP/1.0" 304 - "http://www.straman.de/referenzen.html" "Mozilla/5.0 (Windows NT 6.1; WOW64; rv:24.0) Gecko/20100101 Firefox/24.0"
87.138.101.161 - - [01/Oct/2013:12:33:28 +0200] "GET /templates/gk_penguinmail/images/emailButton.png HTTP/1.0" 304 - "http://www.straman.de/referenzen.html" "Mozilla/5.0 (Windows NT 6.1; WOW64; rv:24.0) Gecko/20100101 Firefox/24.0"
87.138.101.161 - - [01/Oct/2013:12:33:28 +0200] "GET /templates/gk_penguinmail/images/printButton.png HTTP/1.0" 304 - "http://www.straman.de/referenzen.html" "Mozilla/5.0 (Windows NT 6.1; WOW64; rv:24.0) Gecko/20100101 Firefox/24.0"
87.138.101.161 - - [01/Oct/2013:12:33:28 +0200] "GET /templates/gk_penguinmail/images/toolsFont.png HTTP/1.0" 304 - "http://www.straman.de/templates/gk_penguinmail/css/template.css" "Mozilla/5.0 (Windows NT 6.1; WOW64; rv:24.0) Gecko/20100101 Firefox/24.0"
87.138.101.161 - - [01/Oct/2013:12:33:28 +0200] "GET /templates/gk_penguinmail/images/menu_sprite.png HTTP/1.0" 404 2467 "http://www.straman.de/templates/gk_penguinmail/css/override.css" "Mozilla/5.0 (Windows NT 6.1; WOW64; rv:24.0) Gecko/20100101 Firefox/24.0"
87.138.101.161 - - [01/Oct/2013:12:33:27 +0200] "GET /referenzen.html HTTP/1.0" 200 352465 "http://www.straman.de/unternehmen/partner.html" "Mozilla/5.0 (Windows NT 6.1; WOW64; rv:24.0) Gecko/20100101 Firefox/24.0"
87.138.101.161 - - [01/Oct/2013:12:33:28 +0200] "GET /images/banner_besch_728x90.jpg HTTP/1.0" 304 - "http://www.straman.de/referenzen.html" "Mozilla/5.0 (Windows NT 6.1; WOW64; rv:24.0) Gecko/20100101 Firefox/24.0"
87.138.101.161 - - [01/Oct/2013:12:33:38 +0200] "GET /servicebereiche/winterdienst.html HTTP/1.0" 200 20593 "http://www.straman.de/referenzen.html" "Mozilla/5.0 (Windows NT 6.1; WOW64; rv:24.0) Gecko/20100101 Firefox/24.0"
87.138.101.161 - - [01/Oct/2013:12:33:39 +0200] "GET /templates/gk_penguinmail/images/menu_sprite.png HTTP/1.0" 404 2467 "http://www.straman.de/templates/gk_penguinmail/css/override.css" "Mozilla/5.0 (Windows NT 6.1; WOW64; rv:24.0) Gecko/20100101 Firefox/24.0"
87.138.101.161 - - [01/Oct/2013:12:33:42 +0200] "POST /administrator/index.php HTTP/1.0" 303 - "http://www.straman.de/administrator/index.php?option=com_modules&client=0&task=edit&id=53" "Mozilla/5.0 (Windows NT 6.1; WOW64; rv:24.0) Gecko/20100101 Firefox/24.0"
87.138.101.161 - - [01/Oct/2013:12:33:42 +0200] "GET /administrator/index.php?option=com_modules&client=0 HTTP/1.0" 200 78203 "http://www.straman.de/administrator/index.php?option=com_modules&client=0&task=edit&id=53" "Mozilla/5.0 (Windows NT 6.1; WOW64; rv:24.0) Gecko/20100101 Firefox/24.0"
87.138.101.161 - - [01/Oct/2013:12:33:44 +0200] "GET /administrator/index.php?option=com_modules&client=0&task=edit&cid[]=52 HTTP/1.0" 200 23760 "http://www.straman.de/administrator/index.php?option=com_modules&client=0" "Mozilla/5.0 (Windows NT 6.1; WOW64; rv:24.0) Gecko/20100101 Firefox/24.0"
87.138.101.161 - - [01/Oct/2013:12:33:45 +0200] "GET /plugins/editors/tinymce/jscripts/tiny_mce/plugins/blockquote/editor_plugin.js HTTP/1.0" 404 2467 "http://www.straman.de/administrator/index.php?option=com_modules&client=0&task=edit&cid[]=52" "Mozilla/5.0 (Windows NT 6.1; WOW64; rv:24.0) Gecko/20100101 Firefox/24.0"
217.86.205.174 - - [01/Oct/2013:12:33:52 +0200] "GET /downloadbereich.html HTTP/1.1" 200 17853 "http://www.straman.de/kontakt.html?func=thankyou&did=ef3e0af8db36be1f5ad1789343df0fff" "Mozilla/5.0 (compatible; MSIE 10.0; Windows NT 6.1; WOW64; Trident/6.0)"
217.86.205.174 - - [01/Oct/2013:12:33:52 +0200] "GET /templates/gk_penguinmail/css/template_download.css HTTP/1.1" 200 107 "http://www.straman.de/downloadbereich.html" "Mozilla/5.0 (compatible; MSIE 10.0; Windows NT 6.1; WOW64; Trident/6.0)"
217.86.205.174 - - [01/Oct/2013:12:33:52 +0200] "GET /images/M_images/pdf_button.png HTTP/1.1" 200 582 "http://www.straman.de/downloadbereich.html" "Mozilla/5.0 (compatible; MSIE 10.0; Windows NT 6.1; WOW64; Trident/6.0)"
217.86.205.174 - - [01/Oct/2013:12:33:52 +0200] "GET /templates/gk_penguinmail/images/red1.jpg HTTP/1.1" 200 34987 "http://www.straman.de/downloadbereich.html" "Mozilla/5.0 (compatible; MSIE 10.0; Windows NT 6.1; WOW64; Trident/6.0)"
217.86.205.174 - - [01/Oct/2013:12:33:52 +0200] "GET /templates/gk_penguinmail/images/menu_sprite.png HTTP/1.1" 404 2467 "http://www.straman.de/downloadbereich.html" "Mozilla/5.0 (compatible; MSIE 10.0; Windows NT 6.1; WOW64; Trident/6.0)"
87.138.101.161 - - [01/Oct/2013:12:33:56 +0200] "POST /administrator/index.php HTTP/1.0" 303 - "http://www.straman.de/administrator/index.php?option=com_modules&client=0&task=edit&cid[]=52" "Mozilla/5.0 (Windows NT 6.1; WOW64; rv:24.0) Gecko/20100101 Firefox/24.0"
87.138.101.161 - - [01/Oct/2013:12:33:56 +0200] "GET /administrator/index.php?option=com_modules&client=0 HTTP/1.0" 200 78202 "http://www.straman.de/administrator/index.php?option=com_modules&client=0&task=edit&cid[]=52" "Mozilla/5.0 (Windows NT 6.1; WOW64; rv:24.0) Gecko/20100101 Firefox/24.0"
217.86.205.174 - - [01/Oct/2013:12:34:01 +0200] "GET /images/a4_seite_download.pdf HTTP/1.1" 200 2152465 "http://www.straman.de/downloadbereich.html" "Mozilla/5.0 (compatible; MSIE 10.0; Windows NT 6.1; WOW64; Trident/6.0)"
87.138.101.161 - - [01/Oct/2013:12:34:02 +0200] "GET /administrator/index.php?option=com_modules&client=0&task=edit&cid[]=35 HTTP/1.0" 200 21645 "http://www.straman.de/administrator/index.php?option=com_modules&client=0" "Mozilla/5.0 (Windows NT 6.1; WOW64; rv:24.0) Gecko/20100101 Firefox/24.0"
217.86.205.174 - - [01/Oct/2013:12:34:03 +0200] "GET /images/a4_seite_download.pdf HTTP/1.1" 206 2149914 "-" "Mozilla/5.0 (compatible; MSIE 10.0; Windows NT 6.1; WOW64; Trident/6.0)"
87.138.101.161 - - [01/Oct/2013:12:34:07 +0200] "POST /administrator/index.php HTTP/1.0" 303 - "http://www.straman.de/administrator/index.php?option=com_modules&client=0&task=edit&cid[]=35" "Mozilla/5.0 (Windows NT 6.1; WOW64; rv:24.0) Gecko/20100101 Firefox/24.0"
87.138.101.161 - - [01/Oct/2013:12:34:07 +0200] "GET /administrator/index.php?option=com_modules&client=0 HTTP/1.0" 200 78029 "http://www.straman.de/administrator/index.php?option=com_modules&client=0&task=edit&cid[]=35" "Mozilla/5.0 (Windows NT 6.1; WOW64; rv:24.0) Gecko/20100101 Firefox/24.0"
