91.64.124.31 - - [03/Oct/2013:11:07:27 +0200] "GET /templates/gk_penguinmail/images/style3/menu_sprite.png HTTP/1.1" 200 450 "http://www.straman.de/" "Mozilla/5.0 (iPad; CPU OS 7_0 like Mac OS X) AppleWebKit/537.51.1 (KHTML, like Gecko) Version/7.0 Mobile/11A465 Safari/9537.53"
91.64.124.31 - - [03/Oct/2013:11:07:27 +0200] "GET /templates/gk_penguinmail/images/logo.png HTTP/1.1" 200 6608 "http://www.straman.de/" "Mozilla/5.0 (iPad; CPU OS 7_0 like Mac OS X) AppleWebKit/537.51.1 (KHTML, like Gecko) Version/7.0 Mobile/11A465 Safari/9537.53"
91.64.124.31 - - [03/Oct/2013:11:07:27 +0200] "GET /templates/gk_penguinmail/images/menu_sprite.png HTTP/1.1" 404 2467 "http://www.straman.de/" "Mozilla/5.0 (iPad; CPU OS 7_0 like Mac OS X) AppleWebKit/537.51.1 (KHTML, like Gecko) Version/7.0 Mobile/11A465 Safari/9537.53"
91.64.124.31 - - [03/Oct/2013:11:07:26 +0200] "GET /images/header_index_980x185.png HTTP/1.1" 200 211631 "http://www.straman.de/" "Mozilla/5.0 (iPad; CPU OS 7_0 like Mac OS X) AppleWebKit/537.51.1 (KHTML, like Gecko) Version/7.0 Mobile/11A465 Safari/9537.53"
144.76.95.231 - - [03/Oct/2013:11:09:54 +0200] "GET /robots.txt HTTP/1.0" 200 304 "-" "Mozilla/5.0 (compatible; MJ12bot/v1.4.4; http://www.majestic12.co.uk/bot.php?+)"
144.76.95.231 - - [03/Oct/2013:11:09:55 +0200] "GET /servicebereiche/strassenreinigung/58-sitemap.html HTTP/1.0" 200 19141 "-" "Mozilla/5.0 (compatible; MJ12bot/v1.4.4; http://www.majestic12.co.uk/bot.php?+)"
144.76.95.231 - - [03/Oct/2013:11:09:58 +0200] "GET /servicebereiche/strassenreinigung/58-sitemap.html?tmpl=component&print=1&page= HTTP/1.0" 200 3423 "-" "Mozilla/5.0 (compatible; MJ12bot/v1.4.4; http://www.majestic12.co.uk/bot.php?+)"
144.76.95.231 - - [03/Oct/2013:11:10:00 +0200] "GET /servicebereiche/winterdienst/58-sitemap.html HTTP/1.0" 200 19079 "-" "Mozilla/5.0 (compatible; MJ12bot/v1.4.4; http://www.majestic12.co.uk/bot.php?+)"
144.76.95.231 - - [03/Oct/2013:11:10:01 +0200] "GET /servicebereiche/winterdienst/58-sitemap.html?tmpl=component&print=1&page= HTTP/1.0" 200 3381 "-" "Mozilla/5.0 (compatible; MJ12bot/v1.4.4; http://www.majestic12.co.uk/bot.php?+)"
144.76.95.231 - - [03/Oct/2013:11:10:03 +0200] "GET /unternehmen/historie/58-sitemap.html HTTP/1.0" 200 19081 "-" "Mozilla/5.0 (compatible; MJ12bot/v1.4.4; http://www.majestic12.co.uk/bot.php?+)"
144.76.95.231 - - [03/Oct/2013:11:10:06 +0200] "GET /unternehmen/historie/58-sitemap.html?tmpl=component&print=1&page= HTTP/1.0" 200 3410 "-" "Mozilla/5.0 (compatible; MJ12bot/v1.4.4; http://www.majestic12.co.uk/bot.php?+)"
144.76.95.231 - - [03/Oct/2013:11:10:07 +0200] "GET /unternehmen/jobs/58-sitemap.html HTTP/1.0" 200 19061 "-" "Mozilla/5.0 (compatible; MJ12bot/v1.4.4; http://www.majestic12.co.uk/bot.php?+)"
144.76.95.231 - - [03/Oct/2013:11:10:09 +0200] "GET /unternehmen/jobs/58-sitemap.html?tmpl=component&print=1&page= HTTP/1.0" 200 3406 "-" "Mozilla/5.0 (compatible; MJ12bot/v1.4.4; http://www.majestic12.co.uk/bot.php?+)"
144.76.95.231 - - [03/Oct/2013:11:10:12 +0200] "GET /unternehmen/partner/58-sitemap.html HTTP/1.0" 200 19076 "-" "Mozilla/5.0 (compatible; MJ12bot/v1.4.4; http://www.majestic12.co.uk/bot.php?+)"
144.76.95.231 - - [03/Oct/2013:11:10:13 +0200] "GET /unternehmen/partner/58-sitemap.html?tmpl=component&print=1&page= HTTP/1.0" 200 3409 "-" "Mozilla/5.0 (compatible; MJ12bot/v1.4.4; http://www.majestic12.co.uk/bot.php?+)"
144.76.95.231 - - [03/Oct/2013:11:10:15 +0200] "GET /unternehmen/standorte/58-sitemap.html HTTP/1.0" 200 19086 "-" "Mozilla/5.0 (compatible; MJ12bot/v1.4.4; http://www.majestic12.co.uk/bot.php?+)"
144.76.95.231 - - [03/Oct/2013:11:10:17 +0200] "GET /unternehmen/standorte/58-sitemap.html?tmpl=component&print=1&page= HTTP/1.0" 200 3411 "-" "Mozilla/5.0 (compatible; MJ12bot/v1.4.4; http://www.majestic12.co.uk/bot.php?+)"
65.55.52.96 - - [03/Oct/2013:12:25:01 +0200] "GET /robots.txt HTTP/1.1" 200 304 "-" "Mozilla/5.0 (compatible; bingbot/2.0; +http://www.bing.com/bingbot.htm)"
65.55.52.96 - - [03/Oct/2013:12:25:30 +0200] "GET /servicebereiche/gruenanlagenpflege.html HTTP/1.1" 200 21902 "-" "Mozilla/5.0 (compatible; bingbot/2.0; +http://www.bing.com/bingbot.htm)"
93.219.173.1 - - [03/Oct/2013:12:27:05 +0200] "GET / HTTP/1.1" 200 18407 "-" "Mozilla/5.0 (Windows; U; Windows NT 6.0; de; rv:1.9.2.3) Gecko/20100401 Firefox/3.6.3 ( .NET CLR 3.5.30729)"
5.10.83.31 - - [03/Oct/2013:12:29:19 +0200] "GET /news/61-wir-begruessen-sie-auf-den-seiten-von-straman-ihren-komplettdienstleister-rund-um-die-immobilie.html HTTP/1.1" 200 24057 "-" "Mozilla/5.0 (compatible; AhrefsBot/5.0; +http://ahrefs.com/robot/)"
5.10.83.62 - - [03/Oct/2013:12:29:34 +0200] "GET /component/user/login.html HTTP/1.1" 200 19683 "-" "Mozilla/5.0 (compatible; AhrefsBot/5.0; +http://ahrefs.com/robot/)"
77.75.77.36 - - [03/Oct/2013:12:46:59 +0200] "GET /robots.txt HTTP/1.1" 200 304 "-" "SeznamBot/3.0 (+http://fulltext.sblog.cz/)"
77.75.77.36 - - [03/Oct/2013:12:47:02 +0200] "GET /news.html HTTP/1.1" 200 31504 "-" "SeznamBot/3.0 (+http://fulltext.sblog.cz/)"
5.10.83.35 - - [03/Oct/2013:12:54:30 +0200] "GET /robots.txt HTTP/1.1" 200 304 "-" "Mozilla/5.0 (compatible; AhrefsBot/5.0; +http://ahrefs.com/robot/)"
199.30.24.33 - - [03/Oct/2013:13:26:52 +0200] "GET /templates/gk_penguinmail/css/template_gruenanlage.css HTTP/1.1" 200 114 "http://www.straman.de/servicebereiche/gruenanlagenpflege.html" "Mozilla/5.0 (Windows NT 6.1; WOW64) AppleWebKit/534+ (KHTML, like Gecko) BingPreview/1.0b"
199.30.24.33 - - [03/Oct/2013:13:26:53 +0200] "GET /templates/gk_penguinmail/images/gruen1.png HTTP/1.1" 200 65374 "http://www.straman.de/servicebereiche/gruenanlagenpflege.html" "Mozilla/5.0 (Windows NT 6.1; WOW64) AppleWebKit/534+ (KHTML, like Gecko) BingPreview/1.0b"
199.30.24.33 - - [03/Oct/2013:13:26:53 +0200] "GET /images/galabau_001.jpg HTTP/1.1" 200 110927 "http://www.straman.de/servicebereiche/gruenanlagenpflege.html" "Mozilla/5.0 (Windows NT 6.1; WOW64) AppleWebKit/534+ (KHTML, like Gecko) BingPreview/1.0b"
93.219.173.1 - - [03/Oct/2013:13:35:34 +0200] "GET /servicebereiche/gruenanlagenpflege/privatgartenpflege.html HTTP/1.1" 200 21120 "-" "Mozilla/5.0 (Windows; U; Windows NT 6.0; de; rv:1.9.2.3) Gecko/20100401 Firefox/3.6.3 ( .NET CLR 3.5.30729)"
93.219.173.1 - - [03/Oct/2013:13:50:27 +0200] "GET /servicebereiche/winterdienst.html HTTP/1.1" 200 20520 "-" "Mozilla/5.0 (Windows; U; Windows NT 6.0; de; rv:1.9.2.3) Gecko/20100401 Firefox/3.6.3 ( .NET CLR 3.5.30729)"
93.219.173.1 - - [03/Oct/2013:13:56:55 +0200] "GET /unternehmen/partner.html HTTP/1.1" 200 19258 "-" "Mozilla/5.0 (Windows; U; Windows NT 6.0; de; rv:1.9.2.3) Gecko/20100401 Firefox/3.6.3 ( .NET CLR 3.5.30729)"
5.10.83.57 - - [03/Oct/2013:13:59:12 +0200] "GET /servicebereiche/uebersichtgebaeudemanagement/gebaeudemanagement.html HTTP/1.1" 200 19520 "-" "Mozilla/5.0 (compatible; AhrefsBot/5.0; +http://ahrefs.com/robot/)"
93.219.173.1 - - [03/Oct/2013:14:06:07 +0200] "GET /unternehmen/impressum.html HTTP/1.1" 200 22647 "-" "Mozilla/5.0 (Windows; U; Windows NT 6.0; de; rv:1.9.2.3) Gecko/20100401 Firefox/3.6.3 ( .NET CLR 3.5.30729)"
31.212.49.186 - - [03/Oct/2013:14:10:35 +0200] "GET / HTTP/1.1" 200 18407 "http://www.stellenwerk-berlin.de/jobs-finden/jobsuche/anzeige/b-2013-09-30-02.html?tx_exinitjobexchange_pi1%5Bsubmit%5D=Suchen" "Mozilla/5.0 (Windows NT 6.1; WOW64; rv:16.0) Gecko/20100101 Firefox/16.0"
31.212.49.186 - - [03/Oct/2013:14:10:36 +0200] "GET /templates/system/css/system.css HTTP/1.1" 200 1385 "http://www.straman.de/" "Mozilla/5.0 (Windows NT 6.1; WOW64; rv:16.0) Gecko/20100101 Firefox/16.0"
31.212.49.186 - - [03/Oct/2013:14:10:36 +0200] "GET /templates/gk_penguinmail/css/addons.css HTTP/1.1" 200 2644 "http://www.straman.de/" "Mozilla/5.0 (Windows NT 6.1; WOW64; rv:16.0) Gecko/20100101 Firefox/16.0"
31.212.49.186 - - [03/Oct/2013:14:10:36 +0200] "GET /templates/system/css/general.css HTTP/1.1" 200 2777 "http://www.straman.de/" "Mozilla/5.0 (Windows NT 6.1; WOW64; rv:16.0) Gecko/20100101 Firefox/16.0"
31.212.49.186 - - [03/Oct/2013:14:10:36 +0200] "GET /templates/gk_penguinmail/css/layout.css HTTP/1.1" 200 1684 "http://www.straman.de/" "Mozilla/5.0 (Windows NT 6.1; WOW64; rv:16.0) Gecko/20100101 Firefox/16.0"
31.212.49.186 - - [03/Oct/2013:14:10:36 +0200] "GET /templates/gk_penguinmail/css/template.css HTTP/1.1" 200 9192 "http://www.straman.de/" "Mozilla/5.0 (Windows NT 6.1; WOW64; rv:16.0) Gecko/20100101 Firefox/16.0"
31.212.49.186 - - [03/Oct/2013:14:10:36 +0200] "GET /templates/gk_penguinmail/css/joomla.css HTTP/1.1" 200 14242 "http://www.straman.de/" "Mozilla/5.0 (Windows NT 6.1; WOW64; rv:16.0) Gecko/20100101 Firefox/16.0"
31.212.49.186 - - [03/Oct/2013:14:10:36 +0200] "GET /templates/gk_penguinmail/css/gk_stuff.css HTTP/1.1" 200 12799 "http://www.straman.de/" "Mozilla/5.0 (Windows NT 6.1; WOW64; rv:16.0) Gecko/20100101 Firefox/16.0"
31.212.49.186 - - [03/Oct/2013:14:10:36 +0200] "GET /templates/gk_penguinmail/css/typo.css HTTP/1.1" 200 15356 "http://www.straman.de/" "Mozilla/5.0 (Windows NT 6.1; WOW64; rv:16.0) Gecko/20100101 Firefox/16.0"
31.212.49.186 - - [03/Oct/2013:14:10:36 +0200] "GET /templates/gk_penguinmail/css/style3.css HTTP/1.1" 200 13892 "http://www.straman.de/" "Mozilla/5.0 (Windows NT 6.1; WOW64; rv:16.0) Gecko/20100101 Firefox/16.0"
31.212.49.186 - - [03/Oct/2013:14:10:36 +0200] "GET /templates/gk_penguinmail/css/css3_style3.css HTTP/1.1" 200 2980 "http://www.straman.de/" "Mozilla/5.0 (Windows NT 6.1; WOW64; rv:16.0) Gecko/20100101 Firefox/16.0"
31.212.49.186 - - [03/Oct/2013:14:10:36 +0200] "GET /templates/gk_penguinmail/css/override.css HTTP/1.1" 200 3916 "http://www.straman.de/" "Mozilla/5.0 (Windows NT 6.1; WOW64; rv:16.0) Gecko/20100101 Firefox/16.0"
31.212.49.186 - - [03/Oct/2013:14:10:36 +0200] "GET /templates/gk_penguinmail/css/menu/mega.css HTTP/1.1" 200 4575 "http://www.straman.de/" "Mozilla/5.0 (Windows NT 6.1; WOW64; rv:16.0) Gecko/20100101 Firefox/16.0"
31.212.49.186 - - [03/Oct/2013:14:10:36 +0200] "GET /templates/gk_penguinmail/fonts/PT-Seans/stylesheet.css HTTP/1.1" 200 2445 "http://www.straman.de/" "Mozilla/5.0 (Windows NT 6.1; WOW64; rv:16.0) Gecko/20100101 Firefox/16.0"
31.212.49.186 - - [03/Oct/2013:14:10:36 +0200] "GET /templates/gk_penguinmail/favicon.ico HTTP/1.1" 200 5686 "-" "Mozilla/5.0 (Windows NT 6.1; WOW64; rv:16.0) Gecko/20100101 Firefox/16.0"
31.212.49.186 - - [03/Oct/2013:14:10:37 +0200] "GET /templates/gk_penguinmail/images/style3/glow.jpg HTTP/1.1" 200 18301 "http://www.straman.de/templates/gk_penguinmail/css/style3.css" "Mozilla/5.0 (Windows NT 6.1; WOW64; rv:16.0) Gecko/20100101 Firefox/16.0"
31.212.49.186 - - [03/Oct/2013:14:10:37 +0200] "GET /templates/gk_penguinmail/images/style3/menu_sprite.png HTTP/1.1" 200 450 "http://www.straman.de/templates/gk_penguinmail/css/override.css" "Mozilla/5.0 (Windows NT 6.1; WOW64; rv:16.0) Gecko/20100101 Firefox/16.0"
31.212.49.186 - - [03/Oct/2013:14:10:37 +0200] "GET /templates/gk_penguinmail/images/menu_sprite.png HTTP/1.1" 404 2467 "http://www.straman.de/templates/gk_penguinmail/css/override.css" "Mozilla/5.0 (Windows NT 6.1; WOW64; rv:16.0) Gecko/20100101 Firefox/16.0"
31.212.49.186 - - [03/Oct/2013:14:10:36 +0200] "GET /images/kontaktformular.jpg HTTP/1.1" 200 42791 "http://www.straman.de/" "Mozilla/5.0 (Windows NT 6.1; WOW64; rv:16.0) Gecko/20100101 Firefox/16.0"
31.212.49.186 - - [03/Oct/2013:14:10:36 +0200] "GET /images/header_index_980x185.png HTTP/1.1" 200 211631 "http://www.straman.de/" "Mozilla/5.0 (Windows NT 6.1; WOW64; rv:16.0) Gecko/20100101 Firefox/16.0"
93.219.173.1 - - [03/Oct/2013:14:16:21 +0200] "GET /servicebereiche/strassenreinigung.html HTTP/1.1" 200 20851 "-" "Mozilla/5.0 (Windows; U; Windows NT 6.0; de; rv:1.9.2.3) Gecko/20100401 Firefox/3.6.3 ( .NET CLR 3.5.30729)"
93.219.173.1 - - [03/Oct/2013:14:18:53 +0200] "GET /index.php?option=com_forme&fid=2&Itemid=65 HTTP/1.1" 200 21124 "-" "Mozilla/5.0 (Windows; U; Windows NT 6.0; de; rv:1.9.2.3) Gecko/20100401 Firefox/3.6.3 ( .NET CLR 3.5.30729)"
65.55.215.247 - - [03/Oct/2013:14:37:46 +0200] "GET / HTTP/1.1" 200 18377 "-" "Mozilla/4.0 (compatible; MSIE 7.0; Windows NT 5.1; SLCC1; .NET CLR 1.1.4325; .NET CLR 2.0.50727; .NET CLR 3.0.30729; .NET CLR 3.5.30729; MS-RTC LM 8)"
65.55.215.247 - - [03/Oct/2013:14:37:48 +0200] "GET /templates/system/css/system.css HTTP/1.1" 200 1385 "http://www.straman.de/" "Mozilla/4.0 (compatible; MSIE 7.0; Windows NT 5.1; SLCC1; .NET CLR 1.1.4325; .NET CLR 2.0.50727; .NET CLR 3.0.30729; .NET CLR 3.5.30729; MS-RTC LM 8)"
65.55.215.247 - - [03/Oct/2013:14:37:48 +0200] "GET /templates/gk_penguinmail/css/addons.css HTTP/1.1" 200 2644 "http://www.straman.de/" "Mozilla/4.0 (compatible; MSIE 7.0; Windows NT 5.1; SLCC1; .NET CLR 1.1.4325; .NET CLR 2.0.50727; .NET CLR 3.0.30729; .NET CLR 3.5.30729; MS-RTC LM 8)"
65.55.215.247 - - [03/Oct/2013:14:37:48 +0200] "GET /templates/system/css/general.css HTTP/1.1" 200 2777 "http://www.straman.de/" "Mozilla/4.0 (compatible; MSIE 7.0; Windows NT 5.1; SLCC1; .NET CLR 1.1.4325; .NET CLR 2.0.50727; .NET CLR 3.0.30729; .NET CLR 3.5.30729; MS-RTC LM 8)"
65.55.215.247 - - [03/Oct/2013:14:37:48 +0200] "GET /templates/gk_penguinmail/css/layout.css HTTP/1.1" 200 1684 "http://www.straman.de/" "Mozilla/4.0 (compatible; MSIE 7.0; Windows NT 5.1; SLCC1; .NET CLR 1.1.4325; .NET CLR 2.0.50727; .NET CLR 3.0.30729; .NET CLR 3.5.30729; MS-RTC LM 8)"
65.55.215.247 - - [03/Oct/2013:14:37:48 +0200] "GET /templates/gk_penguinmail/css/template.css HTTP/1.1" 200 9192 "http://www.straman.de/" "Mozilla/4.0 (compatible; MSIE 7.0; Windows NT 5.1; SLCC1; .NET CLR 1.1.4325; .NET CLR 2.0.50727; .NET CLR 3.0.30729; .NET CLR 3.5.30729; MS-RTC LM 8)"
65.55.215.247 - - [03/Oct/2013:14:37:48 +0200] "GET /templates/gk_penguinmail/css/joomla.css HTTP/1.1" 200 14242 "http://www.straman.de/" "Mozilla/4.0 (compatible; MSIE 7.0; Windows NT 5.1; SLCC1; .NET CLR 1.1.4325; .NET CLR 2.0.50727; .NET CLR 3.0.30729; .NET CLR 3.5.30729; MS-RTC LM 8)"
65.55.215.247 - - [03/Oct/2013:14:37:49 +0200] "GET /templates/gk_penguinmail/css/gk_stuff.css HTTP/1.1" 200 12799 "http://www.straman.de/" "Mozilla/4.0 (compatible; MSIE 7.0; Windows NT 5.1; SLCC1; .NET CLR 1.1.4325; .NET CLR 2.0.50727; .NET CLR 3.0.30729; .NET CLR 3.5.30729; MS-RTC LM 8)"
65.55.215.247 - - [03/Oct/2013:14:37:49 +0200] "GET /templates/gk_penguinmail/css/typo.css HTTP/1.1" 200 15356 "http://www.straman.de/" "Mozilla/4.0 (compatible; MSIE 7.0; Windows NT 5.1; SLCC1; .NET CLR 1.1.4325; .NET CLR 2.0.50727; .NET CLR 3.0.30729; .NET CLR 3.5.30729; MS-RTC LM 8)"
65.55.215.247 - - [03/Oct/2013:14:37:49 +0200] "GET /templates/gk_penguinmail/css/css3_style3.css HTTP/1.1" 200 2980 "http://www.straman.de/" "Mozilla/4.0 (compatible; MSIE 7.0; Windows NT 5.1; SLCC1; .NET CLR 1.1.4325; .NET CLR 2.0.50727; .NET CLR 3.0.30729; .NET CLR 3.5.30729; MS-RTC LM 8)"
65.55.215.247 - - [03/Oct/2013:14:37:49 +0200] "GET /templates/gk_penguinmail/css/style3.css HTTP/1.1" 200 13892 "http://www.straman.de/" "Mozilla/4.0 (compatible; MSIE 7.0; Windows NT 5.1; SLCC1; .NET CLR 1.1.4325; .NET CLR 2.0.50727; .NET CLR 3.0.30729; .NET CLR 3.5.30729; MS-RTC LM 8)"
65.55.215.247 - - [03/Oct/2013:14:37:49 +0200] "GET /templates/gk_penguinmail/css/override.css HTTP/1.1" 200 3916 "http://www.straman.de/" "Mozilla/4.0 (compatible; MSIE 7.0; Windows NT 5.1; SLCC1; .NET CLR 1.1.4325; .NET CLR 2.0.50727; .NET CLR 3.0.30729; .NET CLR 3.5.30729; MS-RTC LM 8)"
65.55.215.247 - - [03/Oct/2013:14:37:49 +0200] "GET /media/system/js/mootools.js HTTP/1.1" 200 74434 "http://www.straman.de/" "Mozilla/4.0 (compatible; MSIE 7.0; Windows NT 5.1; SLCC1; .NET CLR 1.1.4325; .NET CLR 2.0.50727; .NET CLR 3.0.30729; .NET CLR 3.5.30729; MS-RTC LM 8)"
65.55.215.247 - - [03/Oct/2013:14:37:50 +0200] "GET /templates/gk_penguinmail/js/domready_fix.js HTTP/1.1" 200 1340 "http://www.straman.de/" "Mozilla/4.0 (compatible; MSIE 7.0; Windows NT 5.1; SLCC1; .NET CLR 1.1.4325; .NET CLR 2.0.50727; .NET CLR 3.0.30729; .NET CLR 3.5.30729; MS-RTC LM 8)"
65.55.215.247 - - [03/Oct/2013:14:37:51 +0200] "GET /media/system/js/caption.js HTTP/1.1" 200 1963 "http://www.straman.de/" "Mozilla/4.0 (compatible; MSIE 7.0; Windows NT 5.1; SLCC1; .NET CLR 1.1.4325; .NET CLR 2.0.50727; .NET CLR 3.0.30729; .NET CLR 3.5.30729; MS-RTC LM 8)"
65.55.215.247 - - [03/Oct/2013:14:37:51 +0200] "GET /templates/gk_penguinmail/js/gk.script.js HTTP/1.1" 200 4585 "http://www.straman.de/" "Mozilla/4.0 (compatible; MSIE 7.0; Windows NT 5.1; SLCC1; .NET CLR 1.1.4325; .NET CLR 2.0.50727; .NET CLR 3.0.30729; .NET CLR 3.5.30729; MS-RTC LM 8)"
65.55.215.247 - - [03/Oct/2013:14:37:52 +0200] "GET /templates/gk_penguinmail/css/ie.css HTTP/1.1" 200 1973 "http://www.straman.de/" "Mozilla/4.0 (compatible; MSIE 7.0; Windows NT 5.1; SLCC1; .NET CLR 1.1.4325; .NET CLR 2.0.50727; .NET CLR 3.0.30729; .NET CLR 3.5.30729; MS-RTC LM 8)"
65.55.215.247 - - [03/Oct/2013:14:37:52 +0200] "GET /templates/gk_penguinmail/css/menu/mega.css HTTP/1.1" 200 4575 "http://www.straman.de/" "Mozilla/4.0 (compatible; MSIE 7.0; Windows NT 5.1; SLCC1; .NET CLR 1.1.4325; .NET CLR 2.0.50727; .NET CLR 3.0.30729; .NET CLR 3.5.30729; MS-RTC LM 8)"
65.55.215.247 - - [03/Oct/2013:14:37:52 +0200] "GET /templates/gk_penguinmail/js/menu/mega.js HTTP/1.1" 200 12974 "http://www.straman.de/" "Mozilla/4.0 (compatible; MSIE 7.0; Windows NT 5.1; SLCC1; .NET CLR 1.1.4325; .NET CLR 2.0.50727; .NET CLR 3.0.30729; .NET CLR 3.5.30729; MS-RTC LM 8)"
65.55.215.247 - - [03/Oct/2013:14:37:53 +0200] "GET /templates/gk_penguinmail/fonts/PT-Seans/stylesheet.css HTTP/1.1" 200 2445 "http://www.straman.de/" "Mozilla/4.0 (compatible; MSIE 7.0; Windows NT 5.1; SLCC1; .NET CLR 1.1.4325; .NET CLR 2.0.50727; .NET CLR 3.0.30729; .NET CLR 3.5.30729; MS-RTC LM 8)"
65.55.215.247 - - [03/Oct/2013:14:37:53 +0200] "GET /templates/gk_penguinmail/css/template.css HTTP/1.1" 304 - "http://www.straman.de/" "Mozilla/4.0 (compatible; MSIE 7.0; Windows NT 5.1; SLCC1; .NET CLR 1.1.4325; .NET CLR 2.0.50727; .NET CLR 3.0.30729; .NET CLR 3.5.30729; MS-RTC LM 8)"
157.55.35.88 - - [03/Oct/2013:14:42:11 +0200] "GET /robots.txt HTTP/1.1" 200 304 "-" "Mozilla/5.0 (compatible; bingbot/2.0; +http://www.bing.com/bingbot.htm)"
157.55.35.88 - - [03/Oct/2013:14:44:45 +0200] "GET /unternehmen/partner/58.html HTTP/1.1" 200 19060 "-" "Mozilla/5.0 (compatible; bingbot/2.0; +http://www.bing.com/bingbot.htm)"
93.219.173.1 - - [03/Oct/2013:14:44:50 +0200] "GET /servicebereiche/uebersichtgebaeudemanagement/infrastr-gebaeudemanagement.html HTTP/1.1" 200 19449 "-" "Mozilla/5.0 (Windows; U; Windows NT 6.0; de; rv:1.9.2.3) Gecko/20100401 Firefox/3.6.3 ( .NET CLR 3.5.30729)"
93.219.173.1 - - [03/Oct/2013:15:18:45 +0200] "GET /kontakt.html HTTP/1.1" 200 18533 "-" "Mozilla/5.0 (Windows; U; Windows NT 6.0; de; rv:1.9.2.3) Gecko/20100401 Firefox/3.6.3 ( .NET CLR 3.5.30729)"
93.219.173.1 - - [03/Oct/2013:15:30:33 +0200] "GET /servicebereiche/winterdienst/privatkunden.html HTTP/1.1" 200 23304 "-" "Mozilla/5.0 (Windows; U; Windows NT 6.0; de; rv:1.9.2.3) Gecko/20100401 Firefox/3.6.3 ( .NET CLR 3.5.30729)"
93.219.173.1 - - [03/Oct/2013:15:47:07 +0200] "GET /servicebereiche/gruenanlagenpflege.html HTTP/1.1" 200 21898 "-" "Mozilla/5.0 (Windows; U; Windows NT 6.0; de; rv:1.9.2.3) Gecko/20100401 Firefox/3.6.3 ( .NET CLR 3.5.30729)"
66.249.78.60 - - [03/Oct/2013:15:59:07 +0200] "GET /servicebereiche/gebaeudemanagement.html HTTP/1.1" 404 2467 "-" "Mozilla/5.0 (compatible; Googlebot/2.1; +http://www.google.com/bot.html)"
93.219.173.1 - - [03/Oct/2013:16:03:02 +0200] "GET /servicebereiche/uebersichtgebaeudemanagement/gebaeudemanagement.html HTTP/1.1" 200 19516 "-" "Mozilla/5.0 (Windows; U; Windows NT 6.0; de; rv:1.9.2.3) Gecko/20100401 Firefox/3.6.3 ( .NET CLR 3.5.30729)"
93.219.173.1 - - [03/Oct/2013:16:07:32 +0200] "GET /referenzen.html HTTP/1.1" 200 352472 "-" "Mozilla/5.0 (Windows; U; Windows NT 6.0; de; rv:1.9.2.3) Gecko/20100401 Firefox/3.6.3 ( .NET CLR 3.5.30729)"
77.185.234.128 - - [03/Oct/2013:16:20:16 +0200] "GET / HTTP/1.1" 200 18407 "http://www.google.de/url?sa=t&rct=j&q=&esrc=s&source=web&cd=2&ved=0CFIQFjAB&url=http%3A%2F%2Fwww.straman.de%2F&ei=9HxNUs3LNcTNtAaL7IC4CQ&usg=AFQjCNEpeUQQKOp_93iUUo8XSnpqrpjMzA&bvm=bv.53537100,d.d2k" "Mozilla/5.0 (Windows NT 5.1; rv:23.0) Gecko/20100101 Firefox/23.0"
77.185.234.128 - - [03/Oct/2013:16:20:18 +0200] "GET /templates/system/css/system.css HTTP/1.1" 200 1385 "http://www.straman.de/" "Mozilla/5.0 (Windows NT 5.1; rv:23.0) Gecko/20100101 Firefox/23.0"
77.185.234.128 - - [03/Oct/2013:16:20:18 +0200] "GET /templates/gk_penguinmail/css/addons.css HTTP/1.1" 200 2644 "http://www.straman.de/" "Mozilla/5.0 (Windows NT 5.1; rv:23.0) Gecko/20100101 Firefox/23.0"
77.185.234.128 - - [03/Oct/2013:16:20:18 +0200] "GET /templates/system/css/general.css HTTP/1.1" 200 2777 "http://www.straman.de/" "Mozilla/5.0 (Windows NT 5.1; rv:23.0) Gecko/20100101 Firefox/23.0"
77.185.234.128 - - [03/Oct/2013:16:20:18 +0200] "GET /templates/gk_penguinmail/css/layout.css HTTP/1.1" 200 1684 "http://www.straman.de/" "Mozilla/5.0 (Windows NT 5.1; rv:23.0) Gecko/20100101 Firefox/23.0"
77.185.234.128 - - [03/Oct/2013:16:20:18 +0200] "GET /templates/gk_penguinmail/css/gk_stuff.css HTTP/1.1" 200 12799 "http://www.straman.de/" "Mozilla/5.0 (Windows NT 5.1; rv:23.0) Gecko/20100101 Firefox/23.0"
77.185.234.128 - - [03/Oct/2013:16:20:18 +0200] "GET /templates/gk_penguinmail/css/template.css HTTP/1.1" 200 9192 "http://www.straman.de/" "Mozilla/5.0 (Windows NT 5.1; rv:23.0) Gecko/20100101 Firefox/23.0"
77.185.234.128 - - [03/Oct/2013:16:20:18 +0200] "GET /templates/gk_penguinmail/css/joomla.css HTTP/1.1" 200 14242 "http://www.straman.de/" "Mozilla/5.0 (Windows NT 5.1; rv:23.0) Gecko/20100101 Firefox/23.0"
77.185.234.128 - - [03/Oct/2013:16:20:18 +0200] "GET /templates/gk_penguinmail/css/typo.css HTTP/1.1" 200 15356 "http://www.straman.de/" "Mozilla/5.0 (Windows NT 5.1; rv:23.0) Gecko/20100101 Firefox/23.0"
77.185.234.128 - - [03/Oct/2013:16:20:18 +0200] "GET /templates/gk_penguinmail/css/css3_style3.css HTTP/1.1" 200 2980 "http://www.straman.de/" "Mozilla/5.0 (Windows NT 5.1; rv:23.0) Gecko/20100101 Firefox/23.0"
77.185.234.128 - - [03/Oct/2013:16:20:18 +0200] "GET /templates/gk_penguinmail/css/style3.css HTTP/1.1" 200 13892 "http://www.straman.de/" "Mozilla/5.0 (Windows NT 5.1; rv:23.0) Gecko/20100101 Firefox/23.0"
77.185.234.128 - - [03/Oct/2013:16:20:18 +0200] "GET /templates/gk_penguinmail/css/override.css HTTP/1.1" 200 3916 "http://www.straman.de/" "Mozilla/5.0 (Windows NT 5.1; rv:23.0) Gecko/20100101 Firefox/23.0"
77.185.234.128 - - [03/Oct/2013:16:20:19 +0200] "GET /templates/gk_penguinmail/js/domready_fix.js HTTP/1.1" 200 1340 "http://www.straman.de/" "Mozilla/5.0 (Windows NT 5.1; rv:23.0) Gecko/20100101 Firefox/23.0"
77.185.234.128 - - [03/Oct/2013:16:20:19 +0200] "GET /media/system/js/caption.js HTTP/1.1" 200 1963 "http://www.straman.de/" "Mozilla/5.0 (Windows NT 5.1; rv:23.0) Gecko/20100101 Firefox/23.0"
77.185.234.128 - - [03/Oct/2013:16:20:19 +0200] "GET /templates/gk_penguinmail/js/gk.script.js HTTP/1.1" 200 4585 "http://www.straman.de/" "Mozilla/5.0 (Windows NT 5.1; rv:23.0) Gecko/20100101 Firefox/23.0"
77.185.234.128 - - [03/Oct/2013:16:20:19 +0200] "GET /templates/gk_penguinmail/css/menu/mega.css HTTP/1.1" 200 4575 "http://www.straman.de/" "Mozilla/5.0 (Windows NT 5.1; rv:23.0) Gecko/20100101 Firefox/23.0"
77.185.234.128 - - [03/Oct/2013:16:20:19 +0200] "GET /templates/gk_penguinmail/js/menu/mega.js HTTP/1.1" 200 12974 "http://www.straman.de/" "Mozilla/5.0 (Windows NT 5.1; rv:23.0) Gecko/20100101 Firefox/23.0"
77.185.234.128 - - [03/Oct/2013:16:20:19 +0200] "GET /templates/gk_penguinmail/fonts/PT-Seans/stylesheet.css HTTP/1.1" 200 2445 "http://www.straman.de/" "Mozilla/5.0 (Windows NT 5.1; rv:23.0) Gecko/20100101 Firefox/23.0"
77.185.234.128 - - [03/Oct/2013:16:20:20 +0200] "GET /templates/gk_penguinmail/favicon.ico HTTP/1.1" 200 5686 "-" "Mozilla/5.0 (Windows NT 5.1; rv:23.0) Gecko/20100101 Firefox/23.0"
77.185.234.128 - - [03/Oct/2013:16:20:19 +0200] "GET /media/system/js/mootools.js HTTP/1.1" 200 74434 "http://www.straman.de/" "Mozilla/5.0 (Windows NT 5.1; rv:23.0) Gecko/20100101 Firefox/23.0"
77.185.234.128 - - [03/Oct/2013:16:20:21 +0200] "GET /templates/gk_penguinmail/images/style3/glow.jpg HTTP/1.1" 200 18301 "http://www.straman.de/templates/gk_penguinmail/css/style3.css" "Mozilla/5.0 (Windows NT 5.1; rv:23.0) Gecko/20100101 Firefox/23.0"
77.185.234.128 - - [03/Oct/2013:16:20:21 +0200] "GET /templates/gk_penguinmail/images/style3/menu_sprite.png HTTP/1.1" 200 450 "http://www.straman.de/templates/gk_penguinmail/css/override.css" "Mozilla/5.0 (Windows NT 5.1; rv:23.0) Gecko/20100101 Firefox/23.0"
77.185.234.128 - - [03/Oct/2013:16:20:21 +0200] "GET /templates/gk_penguinmail/images/menu_sprite.png HTTP/1.1" 404 2467 "http://www.straman.de/templates/gk_penguinmail/css/override.css" "Mozilla/5.0 (Windows NT 5.1; rv:23.0) Gecko/20100101 Firefox/23.0"
77.185.234.128 - - [03/Oct/2013:16:20:20 +0200] "GET /images/kontaktformular.jpg HTTP/1.1" 200 42791 "http://www.straman.de/" "Mozilla/5.0 (Windows NT 5.1; rv:23.0) Gecko/20100101 Firefox/23.0"
77.185.234.128 - - [03/Oct/2013:16:20:20 +0200] "GET /images/header_index_980x185.png HTTP/1.1" 200 211631 "http://www.straman.de/" "Mozilla/5.0 (Windows NT 5.1; rv:23.0) Gecko/20100101 Firefox/23.0"
77.185.234.128 - - [03/Oct/2013:16:20:48 +0200] "GET /servicebereiche/gruenanlagenpflege.html HTTP/1.1" 200 21898 "http://www.straman.de/" "Mozilla/5.0 (Windows NT 5.1; rv:23.0) Gecko/20100101 Firefox/23.0"
77.185.234.128 - - [03/Oct/2013:16:20:49 +0200] "GET /templates/gk_penguinmail/css/template_gruenanlage.css HTTP/1.1" 200 114 "http://www.straman.de/servicebereiche/gruenanlagenpflege.html" "Mozilla/5.0 (Windows NT 5.1; rv:23.0) Gecko/20100101 Firefox/23.0"
77.185.234.128 - - [03/Oct/2013:16:20:49 +0200] "GET /templates/gk_penguinmail/images/emailButton.png HTTP/1.1" 200 365 "http://www.straman.de/servicebereiche/gruenanlagenpflege.html" "Mozilla/5.0 (Windows NT 5.1; rv:23.0) Gecko/20100101 Firefox/23.0"
77.185.234.128 - - [03/Oct/2013:16:20:49 +0200] "GET /templates/gk_penguinmail/images/printButton.png HTTP/1.1" 200 442 "http://www.straman.de/servicebereiche/gruenanlagenpflege.html" "Mozilla/5.0 (Windows NT 5.1; rv:23.0) Gecko/20100101 Firefox/23.0"
77.185.234.128 - - [03/Oct/2013:16:20:50 +0200] "GET /templates/gk_penguinmail/images/toolsFont.png HTTP/1.1" 200 467 "http://www.straman.de/templates/gk_penguinmail/css/template.css" "Mozilla/5.0 (Windows NT 5.1; rv:23.0) Gecko/20100101 Firefox/23.0"
77.185.234.128 - - [03/Oct/2013:16:20:49 +0200] "GET /images/header_orange.png HTTP/1.1" 200 36919 "http://www.straman.de/servicebereiche/gruenanlagenpflege.html" "Mozilla/5.0 (Windows NT 5.1; rv:23.0) Gecko/20100101 Firefox/23.0"
77.185.234.128 - - [03/Oct/2013:16:20:50 +0200] "GET /templates/gk_penguinmail/images/menu_sprite.png HTTP/1.1" 404 2467 "http://www.straman.de/templates/gk_penguinmail/css/override.css" "Mozilla/5.0 (Windows NT 5.1; rv:23.0) Gecko/20100101 Firefox/23.0"
77.185.234.128 - - [03/Oct/2013:16:20:49 +0200] "GET /templates/gk_penguinmail/images/gruen1.png HTTP/1.1" 200 65374 "http://www.straman.de/templates/gk_penguinmail/css/template_gruenanlage.css" "Mozilla/5.0 (Windows NT 5.1; rv:23.0) Gecko/20100101 Firefox/23.0"
77.185.234.128 - - [03/Oct/2013:16:20:49 +0200] "GET /images/galabau_001.jpg HTTP/1.1" 200 110927 "http://www.straman.de/servicebereiche/gruenanlagenpflege.html" "Mozilla/5.0 (Windows NT 5.1; rv:23.0) Gecko/20100101 Firefox/23.0"
77.185.234.128 - - [03/Oct/2013:16:21:21 +0200] "GET /news.html HTTP/1.1" 200 31500 "http://www.straman.de/servicebereiche/gruenanlagenpflege.html" "Mozilla/5.0 (Windows NT 5.1; rv:23.0) Gecko/20100101 Firefox/23.0"
77.185.234.128 - - [03/Oct/2013:16:21:22 +0200] "GET /templates/gk_penguinmail/css/template_unterseiten.css HTTP/1.1" 200 115 "http://www.straman.de/news.html" "Mozilla/5.0 (Windows NT 5.1; rv:23.0) Gecko/20100101 Firefox/23.0"
77.185.234.128 - - [03/Oct/2013:16:21:22 +0200] "GET /images/stories/taking_notes.jpg HTTP/1.1" 200 3273 "http://www.straman.de/news.html" "Mozilla/5.0 (Windows NT 5.1; rv:23.0) Gecko/20100101 Firefox/23.0"
77.185.234.128 - - [03/Oct/2013:16:21:22 +0200] "GET /templates/gk_penguinmail/images/pdf_button.png HTTP/1.1" 200 500 "http://www.straman.de/news.html" "Mozilla/5.0 (Windows NT 5.1; rv:23.0) Gecko/20100101 Firefox/23.0"
77.185.234.128 - - [03/Oct/2013:16:21:22 +0200] "GET /images/header3.png HTTP/1.1" 200 29760 "http://www.straman.de/news.html" "Mozilla/5.0 (Windows NT 5.1; rv:23.0) Gecko/20100101 Firefox/23.0"
77.185.234.128 - - [03/Oct/2013:16:21:24 +0200] "GET /templates/gk_penguinmail/images/button.png HTTP/1.1" 200 87 "http://www.straman.de/templates/gk_penguinmail/css/joomla.css" "Mozilla/5.0 (Windows NT 5.1; rv:23.0) Gecko/20100101 Firefox/23.0"
77.185.234.128 - - [03/Oct/2013:16:21:24 +0200] "GET /templates/gk_penguinmail/images/menu_sprite.png HTTP/1.1" 404 2467 "http://www.straman.de/templates/gk_penguinmail/css/override.css" "Mozilla/5.0 (Windows NT 5.1; rv:23.0) Gecko/20100101 Firefox/23.0"
77.185.234.128 - - [03/Oct/2013:16:21:22 +0200] "GET /images/karte-standorte.png HTTP/1.1" 200 62546 "http://www.straman.de/news.html" "Mozilla/5.0 (Windows NT 5.1; rv:23.0) Gecko/20100101 Firefox/23.0"
77.185.234.128 - - [03/Oct/2013:16:21:23 +0200] "GET /images/igm_003.jpg HTTP/1.1" 200 136311 "http://www.straman.de/news.html" "Mozilla/5.0 (Windows NT 5.1; rv:23.0) Gecko/20100101 Firefox/23.0"
77.185.234.128 - - [03/Oct/2013:16:21:23 +0200] "GET /images/igm_002.jpg HTTP/1.1" 200 84663 "http://www.straman.de/news.html" "Mozilla/5.0 (Windows NT 5.1; rv:23.0) Gecko/20100101 Firefox/23.0"
77.185.234.128 - - [03/Oct/2013:16:21:22 +0200] "GET /images/igm_001.jpg HTTP/1.1" 200 206663 "http://www.straman.de/news.html" "Mozilla/5.0 (Windows NT 5.1; rv:23.0) Gecko/20100101 Firefox/23.0"
77.185.234.128 - - [03/Oct/2013:16:21:22 +0200] "GET /images/foerderlogo%202010-2011.jpg HTTP/1.1" 200 439432 "http://www.straman.de/news.html" "Mozilla/5.0 (Windows NT 5.1; rv:23.0) Gecko/20100101 Firefox/23.0"
77.185.234.128 - - [03/Oct/2013:16:21:47 +0200] "GET /unternehmen/jobs.html HTTP/1.1" 200 22581 "http://www.straman.de/news.html" "Mozilla/5.0 (Windows NT 5.1; rv:23.0) Gecko/20100101 Firefox/23.0"
77.185.234.128 - - [03/Oct/2013:16:21:48 +0200] "GET /templates/gk_penguinmail/images/menu_sprite.png HTTP/1.1" 404 2467 "http://www.straman.de/templates/gk_penguinmail/css/override.css" "Mozilla/5.0 (Windows NT 5.1; rv:23.0) Gecko/20100101 Firefox/23.0"
93.219.173.1 - - [03/Oct/2013:16:37:18 +0200] "GET /index.php HTTP/1.1" 200 18425 "-" "Mozilla/5.0 (Windows; U; Windows NT 6.0; de; rv:1.9.2.3) Gecko/20100401 Firefox/3.6.3 ( .NET CLR 3.5.30729)"
93.219.173.1 - - [03/Oct/2013:16:46:26 +0200] "GET /downloadbereich.html HTTP/1.1" 200 17890 "-" "Mozilla/5.0 (Windows; U; Windows NT 6.0; de; rv:1.9.2.3) Gecko/20100401 Firefox/3.6.3 ( .NET CLR 3.5.30729)"
66.249.78.60 - - [03/Oct/2013:16:59:26 +0200] "GET /servicebereiche/infrastr-gebaeudemanagement.html HTTP/1.1" 404 2467 "-" "Mozilla/5.0 (compatible; Googlebot/2.1; +http://www.google.com/bot.html)"
93.219.173.1 - - [03/Oct/2013:17:00:51 +0200] "GET /servicebereiche/uebersichtgebaeudemanagement.html HTTP/1.1" 200 19770 "-" "Mozilla/5.0 (Windows; U; Windows NT 6.0; de; rv:1.9.2.3) Gecko/20100401 Firefox/3.6.3 ( .NET CLR 3.5.30729)"
5.10.83.57 - - [03/Oct/2013:17:02:26 +0200] "GET /servicebereiche/winterdienst/58.html HTTP/1.1" 200 19063 "-" "Mozilla/5.0 (compatible; AhrefsBot/5.0; +http://ahrefs.com/robot/)"
93.219.173.1 - - [03/Oct/2013:17:10:30 +0200] "GET /index.php?option=com_user&view=login HTTP/1.1" 200 19663 "-" "Mozilla/5.0 (Windows; U; Windows NT 6.0; de; rv:1.9.2.3) Gecko/20100401 Firefox/3.6.3 ( .NET CLR 3.5.30729)"
93.219.173.1 - - [03/Oct/2013:17:13:38 +0200] "GET /servicebereiche/winterdienst/gewerbliche-kunden.html HTTP/1.1" 200 23143 "-" "Mozilla/5.0 (Windows; U; Windows NT 6.0; de; rv:1.9.2.3) Gecko/20100401 Firefox/3.6.3 ( .NET CLR 3.5.30729)"
93.219.173.1 - - [03/Oct/2013:17:16:49 +0200] "GET /unternehmen/imagevideo-straman.html HTTP/1.1" 200 17521 "-" "Mozilla/5.0 (Windows; U; Windows NT 6.0; de; rv:1.9.2.3) Gecko/20100401 Firefox/3.6.3 ( .NET CLR 3.5.30729)"
93.219.173.1 - - [03/Oct/2013:17:19:03 +0200] "GET /unternehmen/standorte.html HTTP/1.1" 200 19111 "-" "Mozilla/5.0 (Windows; U; Windows NT 6.0; de; rv:1.9.2.3) Gecko/20100401 Firefox/3.6.3 ( .NET CLR 3.5.30729)"
5.10.83.102 - - [03/Oct/2013:17:28:08 +0200] "GET /news/60-ihr-komplettdienstleister-rund-um-die-immobilie.html HTTP/1.1" 200 19975 "-" "Mozilla/5.0 (compatible; AhrefsBot/5.0; +http://ahrefs.com/robot/)"
66.249.78.60 - - [03/Oct/2013:17:49:50 +0200] "GET /news/61-wir-begruessen-sie-auf-den-seiten-von-straman-ihren-komplettdienstleister-rund-um-die-immobilie.html HTTP/1.1" 200 14953 "-" "Mozilla/5.0 (iPhone; U; CPU iPhone OS 4_1 like Mac OS X; en-us) AppleWebKit/532.9 (KHTML, like Gecko) Version/4.0.5 Mobile/8B117 Safari/6531.22.7 (compatible; Googlebot-Mobile/2.1; +http://www.google.com/bot.html)"
5.10.83.66 - - [03/Oct/2013:17:54:02 +0200] "GET /servicebereiche/infrastr-gebaeudemanagement.html HTTP/1.1" 404 2467 "-" "Mozilla/5.0 (compatible; AhrefsBot/5.0; +http://ahrefs.com/robot/)"
93.219.173.1 - - [03/Oct/2013:17:54:07 +0200] "GET /unternehmen/historie.html HTTP/1.1" 200 17614 "-" "Mozilla/5.0 (Windows; U; Windows NT 6.0; de; rv:1.9.2.3) Gecko/20100401 Firefox/3.6.3 ( .NET CLR 3.5.30729)"
5.10.83.62 - - [03/Oct/2013:18:01:35 +0200] "GET /component/content/article/34-garten-und-landschaftsbau/73-privatgartenpflege.html HTTP/1.1" 200 20029 "-" "Mozilla/5.0 (compatible; AhrefsBot/5.0; +http://ahrefs.com/robot/)"
93.219.173.1 - - [03/Oct/2013:18:01:46 +0200] "GET /component/content/article/58.html HTTP/1.1" 200 17982 "-" "Mozilla/5.0 (Windows; U; Windows NT 6.0; de; rv:1.9.2.3) Gecko/20100401 Firefox/3.6.3 ( .NET CLR 3.5.30729)"
5.10.83.66 - - [03/Oct/2013:18:06:31 +0200] "GET /servicebereiche/gruenanlagenpflege/gewerbegruenpflege/58.html HTTP/1.1" 200 19219 "-" "Mozilla/5.0 (compatible; AhrefsBot/5.0; +http://ahrefs.com/robot/)"
5.10.83.66 - - [03/Oct/2013:18:12:33 +0200] "GET /servicebereiche/uebersichtgebaeudemanagement.html HTTP/1.1" 200 19774 "-" "Mozilla/5.0 (compatible; AhrefsBot/5.0; +http://ahrefs.com/robot/)"
93.219.173.1 - - [03/Oct/2013:18:13:24 +0200] "GET /news.html HTTP/1.1" 200 31500 "-" "Mozilla/5.0 (Windows; U; Windows NT 6.0; de; rv:1.9.2.3) Gecko/20100401 Firefox/3.6.3 ( .NET CLR 3.5.30729)"
93.219.173.1 - - [03/Oct/2013:18:16:16 +0200] "GET /unternehmen/jobs.html HTTP/1.1" 200 22581 "-" "Mozilla/5.0 (Windows; U; Windows NT 6.0; de; rv:1.9.2.3) Gecko/20100401 Firefox/3.6.3 ( .NET CLR 3.5.30729)"
5.10.83.57 - - [03/Oct/2013:18:17:48 +0200] "GET /Privatkunden HTTP/1.1" 404 2467 "-" "Mozilla/5.0 (compatible; AhrefsBot/5.0; +http://ahrefs.com/robot/)"
93.219.173.1 - - [03/Oct/2013:18:26:32 +0200] "GET /servicebereiche/gruenanlagenpflege/gewerbegruenpflege.html HTTP/1.1" 200 21389 "-" "Mozilla/5.0 (Windows; U; Windows NT 6.0; de; rv:1.9.2.3) Gecko/20100401 Firefox/3.6.3 ( .NET CLR 3.5.30729)"
93.219.173.1 - - [03/Oct/2013:18:52:04 +0200] "GET /servicebereiche/uebersichtgebaeudemanagement/infrastr-gebaeudemanagement/58.html HTTP/1.1" 200 19495 "-" "Mozilla/5.0 (Windows; U; Windows NT 6.0; de; rv:1.9.2.3) Gecko/20100401 Firefox/3.6.3 ( .NET CLR 3.5.30729)"
182.118.20.236 - - [03/Oct/2013:18:57:57 +0200] "GET /robots.txt HTTP/1.1" 200 304 "http://www.straman.de/robots.txt" "Mozilla/5.0 (Windows; U; Windows NT 5.1; zh-CN; rv:1.8.0.11) Firefox/1.5.0.11; 360Spider"
93.219.173.1 - - [03/Oct/2013:18:59:53 +0200] "GET /unternehmen/partner/58.html HTTP/1.1" 200 19056 "-" "Mozilla/5.0 (Windows; U; Windows NT 6.0; de; rv:1.9.2.3) Gecko/20100401 Firefox/3.6.3 ( .NET CLR 3.5.30729)"
217.230.181.254 - - [03/Oct/2013:19:09:08 +0200] "GET / HTTP/1.1" 200 18377 "http://www.bigfinder.de/online-11.html" "Mozilla/4.0 (compatible; MSIE 8.0; Windows NT 5.1; Trident/4.0; FBSMTWB; ATC/1.0; .NET CLR 1.1.4322; ATC/1.0; .NET CLR 2.0.50727; .NET CLR 3.0.4506.2152; .NET CLR 3.5.30729)"
93.219.173.1 - - [03/Oct/2013:19:09:18 +0200] "GET /servicebereiche/gruenanlagenpflege/58.html HTTP/1.1" 200 19136 "-" "Mozilla/5.0 (Windows; U; Windows NT 6.0; de; rv:1.9.2.3) Gecko/20100401 Firefox/3.6.3 ( .NET CLR 3.5.30729)"
5.10.83.19 - - [03/Oct/2013:19:09:33 +0200] "GET /unternehmen/standorte/58.html HTTP/1.1" 200 19070 "-" "Mozilla/5.0 (compatible; AhrefsBot/5.0; +http://ahrefs.com/robot/)"
93.219.173.1 - - [03/Oct/2013:19:14:58 +0200] "GET /component/mailto/?tmpl=component&link=97f89dec8d3a90a06eaee75083ae45b303687cff HTTP/1.1" 200 2687 "-" "Mozilla/5.0 (Windows; U; Windows NT 6.0; de; rv:1.9.2.3) Gecko/20100401 Firefox/3.6.3 ( .NET CLR 3.5.30729)"
5.10.83.102 - - [03/Oct/2013:19:30:04 +0200] "GET /component/content/article/34-garten-und-landschaftsbau/74-gewerbegruenpflege.html HTTP/1.1" 200 20298 "-" "Mozilla/5.0 (compatible; AhrefsBot/5.0; +http://ahrefs.com/robot/)"
93.219.173.1 - - [03/Oct/2013:19:31:46 +0200] "GET /servicebereiche/winterdienst/gewerbliche-kunden/58.html HTTP/1.1" 200 19169 "-" "Mozilla/5.0 (Windows; U; Windows NT 6.0; de; rv:1.9.2.3) Gecko/20100401 Firefox/3.6.3 ( .NET CLR 3.5.30729)"
176.9.138.27 - - [03/Oct/2013:19:43:22 +0200] "GET /robots.txt HTTP/1.1" 200 304 "-" "Mozilla/5.0 (compatible; Spiderlytics/1.0; +spider@spiderlytics.com)"
176.9.138.27 - - [03/Oct/2013:19:43:23 +0200] "GET /servicebereiche/uebersichtgebaeudemanagement.html HTTP/1.1" 200 19774 "-" "Mozilla/5.0 (compatible; Spiderlytics/1.0; +spider@spiderlytics.com)"
93.219.173.1 - - [03/Oct/2013:19:43:57 +0200] "GET /servicebereiche/uebersichtgebaeudemanagement/gebaeudemanagement/58.html HTTP/1.1" 200 19456 "-" "Mozilla/5.0 (Windows; U; Windows NT 6.0; de; rv:1.9.2.3) Gecko/20100401 Firefox/3.6.3 ( .NET CLR 3.5.30729)"
93.219.173.1 - - [03/Oct/2013:19:49:38 +0200] "GET /servicebereiche/winterdienst/privatkunden/58.html HTTP/1.1" 200 19139 "-" "Mozilla/5.0 (Windows; U; Windows NT 6.0; de; rv:1.9.2.3) Gecko/20100401 Firefox/3.6.3 ( .NET CLR 3.5.30729)"
93.219.173.1 - - [03/Oct/2013:19:51:03 +0200] "GET /servicebereiche/gruenanlagenpflege/privatgartenpflege/58.html HTTP/1.1" 200 19215 "-" "Mozilla/5.0 (Windows; U; Windows NT 6.0; de; rv:1.9.2.3) Gecko/20100401 Firefox/3.6.3 ( .NET CLR 3.5.30729)"
5.10.83.62 - - [03/Oct/2013:19:54:04 +0200] "GET /downloadbereich/58.html HTTP/1.1" 200 18860 "-" "Mozilla/5.0 (compatible; AhrefsBot/5.0; +http://ahrefs.com/robot/)"
93.219.173.1 - - [03/Oct/2013:19:56:00 +0200] "GET /downloadbereich/58.html HTTP/1.1" 200 18856 "-" "Mozilla/5.0 (Windows; U; Windows NT 6.0; de; rv:1.9.2.3) Gecko/20100401 Firefox/3.6.3 ( .NET CLR 3.5.30729)"
93.219.173.1 - - [03/Oct/2013:20:03:42 +0200] "GET /component/forme/?fid=2 HTTP/1.1" 200 21131 "-" "Mozilla/5.0 (Windows; U; Windows NT 6.0; de; rv:1.9.2.3) Gecko/20100401 Firefox/3.6.3 ( .NET CLR 3.5.30729)"
93.219.173.1 - - [03/Oct/2013:20:04:52 +0200] "GET /servicebereiche/winterdienst/58.html HTTP/1.1" 200 19059 "-" "Mozilla/5.0 (Windows; U; Windows NT 6.0; de; rv:1.9.2.3) Gecko/20100401 Firefox/3.6.3 ( .NET CLR 3.5.30729)"
93.219.173.1 - - [03/Oct/2013:20:07:52 +0200] "GET /unternehmen/jobs/58.html HTTP/1.1" 200 19041 "-" "Mozilla/5.0 (Windows; U; Windows NT 6.0; de; rv:1.9.2.3) Gecko/20100401 Firefox/3.6.3 ( .NET CLR 3.5.30729)"
66.249.78.60 - - [03/Oct/2013:20:08:58 +0200] "GET /servicebereiche/uebersichtgebaeudemanagement.html HTTP/1.1" 200 11105 "-" "Mozilla/5.0 (iPhone; U; CPU iPhone OS 4_1 like Mac OS X; en-us) AppleWebKit/532.9 (KHTML, like Gecko) Version/4.0.5 Mobile/8B117 Safari/6531.22.7 (compatible; Googlebot-Mobile/2.1; +http://www.google.com/bot.html)"
93.219.173.1 - - [03/Oct/2013:20:11:25 +0200] "GET /servicebereiche/strassenreinigung/58.html HTTP/1.1" 200 19121 "-" "Mozilla/5.0 (Windows; U; Windows NT 6.0; de; rv:1.9.2.3) Gecko/20100401 Firefox/3.6.3 ( .NET CLR 3.5.30729)"
93.219.173.1 - - [03/Oct/2013:20:15:56 +0200] "GET /unternehmen/standorte/58.html HTTP/1.1" 200 19066 "-" "Mozilla/5.0 (Windows; U; Windows NT 6.0; de; rv:1.9.2.3) Gecko/20100401 Firefox/3.6.3 ( .NET CLR 3.5.30729)"
5.10.83.12 - - [03/Oct/2013:20:17:07 +0200] "GET /unternehmen/impressum/58.html HTTP/1.1" 200 19070 "-" "Mozilla/5.0 (compatible; AhrefsBot/5.0; +http://ahrefs.com/robot/)"
93.219.173.1 - - [03/Oct/2013:20:28:28 +0200] "GET /unternehmen/impressum/58.html HTTP/1.1" 200 19066 "-" "Mozilla/5.0 (Windows; U; Windows NT 6.0; de; rv:1.9.2.3) Gecko/20100401 Firefox/3.6.3 ( .NET CLR 3.5.30729)"
66.249.78.60 - - [03/Oct/2013:20:30:42 +0200] "GET /referenzen.html HTTP/1.1" 200 342823 "-" "Mozilla/5.0 (iPhone; U; CPU iPhone OS 4_1 like Mac OS X; en-us) AppleWebKit/532.9 (KHTML, like Gecko) Version/4.0.5 Mobile/8B117 Safari/6531.22.7 (compatible; Googlebot-Mobile/2.1; +http://www.google.com/bot.html)"
93.219.173.1 - - [03/Oct/2013:20:38:49 +0200] "GET /kontakt.html?fid=1 HTTP/1.1" 200 18539 "-" "Mozilla/5.0 (Windows; U; Windows NT 6.0; de; rv:1.9.2.3) Gecko/20100401 Firefox/3.6.3 ( .NET CLR 3.5.30729)"
66.249.66.137 - - [03/Oct/2013:20:44:39 +0200] "GET /referenzen.html HTTP/1.1" 200 341184 "-" "DoCoMo/2.0 N905i(c100;TB;W24H16) (compatible; Googlebot-Mobile/2.1; +http://www.google.com/bot.html)"
93.219.173.1 - - [03/Oct/2013:20:53:27 +0200] "GET /servicebereiche/uebersichtgebaeudemanagement/58.html HTTP/1.1" 200 18969 "-" "Mozilla/5.0 (Windows; U; Windows NT 6.0; de; rv:1.9.2.3) Gecko/20100401 Firefox/3.6.3 ( .NET CLR 3.5.30729)"
93.219.173.1 - - [03/Oct/2013:21:06:22 +0200] "GET /news/58.html HTTP/1.1" 200 19309 "-" "Mozilla/5.0 (Windows; U; Windows NT 6.0; de; rv:1.9.2.3) Gecko/20100401 Firefox/3.6.3 ( .NET CLR 3.5.30729)"
93.219.173.1 - - [03/Oct/2013:21:15:13 +0200] "GET /component/mailto/?tmpl=component&link=4d090a7d0dad0ed1b40abd9c35a75b7faac292cb HTTP/1.1" 200 2687 "-" "Mozilla/5.0 (Windows; U; Windows NT 6.0; de; rv:1.9.2.3) Gecko/20100401 Firefox/3.6.3 ( .NET CLR 3.5.30729)"
66.249.84.108 - - [03/Oct/2013:21:18:05 +0200] "GET / HTTP/1.1" 200 18377 "http://www.google.de/url?sa=t&rct=j&q=www.straman.de&source=web&cd=3&ved=0CFwQFjAF&url=http%3A%2F%2Fwww.straman.de%2F&ei=o8JNUs6mA6mAyQXcmwE&usg=AFQjCNEpeUQQKOp_93iUUo8XSnpqrpjMzA" "Mozilla/4.0 (compatible; MSIE 7.0; Windows NT 5.1)"
66.249.84.108 - - [03/Oct/2013:21:18:07 +0200] "GET /templates/system/css/system.css HTTP/1.1" 200 1385 "http://www.straman.de/" "Mozilla/4.0 (compatible; MSIE 7.0; Windows NT 5.1)"
66.249.84.108 - - [03/Oct/2013:21:18:07 +0200] "GET /templates/gk_penguinmail/css/addons.css HTTP/1.1" 200 2644 "http://www.straman.de/" "Mozilla/4.0 (compatible; MSIE 7.0; Windows NT 5.1)"
66.249.84.108 - - [03/Oct/2013:21:18:08 +0200] "GET /templates/system/css/general.css HTTP/1.1" 200 2777 "http://www.straman.de/" "Mozilla/4.0 (compatible; MSIE 7.0; Windows NT 5.1)"
66.249.84.108 - - [03/Oct/2013:21:18:08 +0200] "GET /templates/gk_penguinmail/css/layout.css HTTP/1.1" 200 1684 "http://www.straman.de/" "Mozilla/4.0 (compatible; MSIE 7.0; Windows NT 5.1)"
66.249.84.108 - - [03/Oct/2013:21:18:08 +0200] "GET /templates/gk_penguinmail/css/template.css HTTP/1.1" 200 9192 "http://www.straman.de/" "Mozilla/4.0 (compatible; MSIE 7.0; Windows NT 5.1)"
66.249.84.108 - - [03/Oct/2013:21:18:08 +0200] "GET /templates/gk_penguinmail/css/joomla.css HTTP/1.1" 200 14242 "http://www.straman.de/" "Mozilla/4.0 (compatible; MSIE 7.0; Windows NT 5.1)"
66.249.84.108 - - [03/Oct/2013:21:18:09 +0200] "GET /templates/gk_penguinmail/css/gk_stuff.css HTTP/1.1" 200 12799 "http://www.straman.de/" "Mozilla/4.0 (compatible; MSIE 7.0; Windows NT 5.1)"
66.249.84.108 - - [03/Oct/2013:21:18:09 +0200] "GET /templates/gk_penguinmail/css/typo.css HTTP/1.1" 200 15356 "http://www.straman.de/" "Mozilla/4.0 (compatible; MSIE 7.0; Windows NT 5.1)"
66.249.84.108 - - [03/Oct/2013:21:18:09 +0200] "GET /templates/gk_penguinmail/css/css3_style3.css HTTP/1.1" 200 2980 "http://www.straman.de/" "Mozilla/4.0 (compatible; MSIE 7.0; Windows NT 5.1)"
66.249.84.108 - - [03/Oct/2013:21:18:10 +0200] "GET /templates/gk_penguinmail/css/style3.css HTTP/1.1" 200 13892 "http://www.straman.de/" "Mozilla/4.0 (compatible; MSIE 7.0; Windows NT 5.1)"
66.249.84.108 - - [03/Oct/2013:21:18:10 +0200] "GET /templates/gk_penguinmail/css/override.css HTTP/1.1" 200 3916 "http://www.straman.de/" "Mozilla/4.0 (compatible; MSIE 7.0; Windows NT 5.1)"
66.249.84.108 - - [03/Oct/2013:21:18:10 +0200] "GET /media/system/js/mootools.js HTTP/1.1" 200 74434 "http://www.straman.de/" "Mozilla/4.0 (compatible; MSIE 7.0; Windows NT 5.1)"
66.249.84.108 - - [03/Oct/2013:21:18:12 +0200] "GET /templates/gk_penguinmail/js/domready_fix.js HTTP/1.1" 200 1340 "http://www.straman.de/" "Mozilla/4.0 (compatible; MSIE 7.0; Windows NT 5.1)"
66.249.84.108 - - [03/Oct/2013:21:18:12 +0200] "GET /media/system/js/caption.js HTTP/1.1" 200 1963 "http://www.straman.de/" "Mozilla/4.0 (compatible; MSIE 7.0; Windows NT 5.1)"
66.249.84.108 - - [03/Oct/2013:21:18:12 +0200] "GET /templates/gk_penguinmail/js/gk.script.js HTTP/1.1" 200 4585 "http://www.straman.de/" "Mozilla/4.0 (compatible; MSIE 7.0; Windows NT 5.1)"
66.249.84.108 - - [03/Oct/2013:21:18:13 +0200] "GET /templates/gk_penguinmail/css/ie.css HTTP/1.1" 200 1973 "http://www.straman.de/" "Mozilla/4.0 (compatible; MSIE 7.0; Windows NT 5.1)"
66.249.84.108 - - [03/Oct/2013:21:18:13 +0200] "GET /templates/gk_penguinmail/css/menu/mega.css HTTP/1.1" 200 4575 "http://www.straman.de/" "Mozilla/4.0 (compatible; MSIE 7.0; Windows NT 5.1)"
66.249.84.108 - - [03/Oct/2013:21:18:13 +0200] "GET /templates/gk_penguinmail/js/menu/mega.js HTTP/1.1" 200 12974 "http://www.straman.de/" "Mozilla/4.0 (compatible; MSIE 7.0; Windows NT 5.1)"
66.249.84.108 - - [03/Oct/2013:21:18:14 +0200] "GET /templates/gk_penguinmail/fonts/PT-Seans/stylesheet.css HTTP/1.1" 200 2445 "http://www.straman.de/" "Mozilla/4.0 (compatible; MSIE 7.0; Windows NT 5.1)"
66.249.84.108 - - [03/Oct/2013:21:18:14 +0200] "GET /templates/gk_penguinmail/images/style3/glow.jpg HTTP/1.1" 200 18301 "http://www.straman.de/" "Mozilla/4.0 (compatible; MSIE 7.0; Windows NT 5.1)"
66.249.84.108 - - [03/Oct/2013:21:18:14 +0200] "GET /templates/gk_penguinmail/images/style3/menu_sprite.png HTTP/1.1" 200 450 "http://www.straman.de/" "Mozilla/4.0 (compatible; MSIE 7.0; Windows NT 5.1)"
66.249.84.108 - - [03/Oct/2013:21:18:24 +0200] "GET /images/header_index_980x185.png HTTP/1.1" 200 211631 "http://www.straman.de/" "Mozilla/4.0 (compatible; MSIE 7.0; Windows NT 5.1)"
66.249.84.108 - - [03/Oct/2013:21:18:31 +0200] "GET /templates/gk_penguinmail/images/menu_sprite.png HTTP/1.1" 404 2467 "http://www.straman.de/" "Mozilla/4.0 (compatible; MSIE 7.0; Windows NT 5.1)"
66.249.84.108 - - [03/Oct/2013:21:18:32 +0200] "GET /templates/gk_penguinmail/images/logo.png HTTP/1.1" 200 6608 "http://www.straman.de/" "Mozilla/4.0 (compatible; MSIE 7.0; Windows NT 5.1)"
66.249.84.108 - - [03/Oct/2013:21:18:32 +0200] "GET /images/kontaktformular.jpg HTTP/1.1" 200 42791 "http://www.straman.de/" "Mozilla/4.0 (compatible; MSIE 7.0; Windows NT 5.1)"
66.249.84.108 - - [03/Oct/2013:21:18:37 +0200] "GET /templates/gk_penguinmail/favicon.ico HTTP/1.1" 200 5686 "-" "Mozilla/4.0 (compatible; MSIE 7.0; Windows NT 5.1)"
65.55.52.96 - - [03/Oct/2013:21:20:12 +0200] "GET /robots.txt HTTP/1.1" 200 304 "-" "Mozilla/5.0 (compatible; bingbot/2.0; +http://www.bing.com/bingbot.htm)"
65.55.52.96 - - [03/Oct/2013:21:20:36 +0200] "GET /servicebereiche/gebaeudemanagement.html HTTP/1.1" 404 2467 "-" "Mozilla/5.0 (compatible; bingbot/2.0; +http://www.bing.com/bingbot.htm)"
87.162.45.27 - - [03/Oct/2013:21:28:38 +0200] "GET /servicebereiche/gruenanlagenpflege.html HTTP/1.1" 200 21898 "http://www.straman.de/" "Mozilla/5.0 (Windows NT 6.1; WOW64; rv:23.0) Gecko/20100101 Firefox/23.0"
87.162.45.27 - - [03/Oct/2013:21:28:39 +0200] "GET /media/system/js/mootools.js HTTP/1.1" 200 74434 "http://www.straman.de/servicebereiche/gruenanlagenpflege.html" "Mozilla/5.0 (Windows NT 6.1; WOW64; rv:23.0) Gecko/20100101 Firefox/23.0"
87.162.45.27 - - [03/Oct/2013:21:28:39 +0200] "GET /images/header_orange.png HTTP/1.1" 200 36919 "http://www.straman.de/servicebereiche/gruenanlagenpflege.html" "Mozilla/5.0 (Windows NT 6.1; WOW64; rv:23.0) Gecko/20100101 Firefox/23.0"
87.162.45.27 - - [03/Oct/2013:21:28:39 +0200] "GET /templates/gk_penguinmail/images/gruen1.png HTTP/1.1" 200 65374 "http://www.straman.de/templates/gk_penguinmail/css/template_gruenanlage.css" "Mozilla/5.0 (Windows NT 6.1; WOW64; rv:23.0) Gecko/20100101 Firefox/23.0"
87.162.45.27 - - [03/Oct/2013:21:28:39 +0200] "GET /images/galabau_001.jpg HTTP/1.1" 200 110927 "http://www.straman.de/servicebereiche/gruenanlagenpflege.html" "Mozilla/5.0 (Windows NT 6.1; WOW64; rv:23.0) Gecko/20100101 Firefox/23.0"
87.162.45.27 - - [03/Oct/2013:21:28:39 +0200] "GET /templates/gk_penguinmail/images/menu_sprite.png HTTP/1.1" 404 2467 "http://www.straman.de/templates/gk_penguinmail/css/override.css" "Mozilla/5.0 (Windows NT 6.1; WOW64; rv:23.0) Gecko/20100101 Firefox/23.0"
66.249.78.60 - - [03/Oct/2013:21:35:49 +0200] "GET /component/content/article/34-garten-und-landschaftsbau/74-gewerbegruenpflege.html HTTP/1.1" 200 12018 "-" "Mozilla/5.0 (iPhone; U; CPU iPhone OS 4_1 like Mac OS X; en-us) AppleWebKit/532.9 (KHTML, like Gecko) Version/4.0.5 Mobile/8B117 Safari/6531.22.7 (compatible; Googlebot-Mobile/2.1; +http://www.google.com/bot.html)"
5.10.83.12 - - [03/Oct/2013:21:47:23 +0200] "GET /servicebereiche/gebaeudemanagement.html HTTP/1.1" 404 2467 "-" "Mozilla/5.0 (compatible; AhrefsBot/5.0; +http://ahrefs.com/robot/)"
93.219.173.1 - - [03/Oct/2013:21:50:30 +0200] "GET /referenzen/58.html HTTP/1.1" 200 19388 "-" "Mozilla/5.0 (Windows; U; Windows NT 6.0; de; rv:1.9.2.3) Gecko/20100401 Firefox/3.6.3 ( .NET CLR 3.5.30729)"
157.56.93.62 - - [03/Oct/2013:21:54:58 +0200] "GET / HTTP/1.1" 200 18411 "-" "Mozilla/5.0 (compatible; bingbot/2.0; +http://www.bing.com/bingbot.htm)"
