72.14.199.237 - - [01/Oct/2013:22:46:30 +0200] "GET /templates/gk_penguinmail/css/handheld/iphone.css HTTP/1.1" 200 5360 "-" "AdsBot-Google-Mobile (+http://www.google.com/mobile/adsbot.html) Mozilla (iPhone; U; CPU iPhone OS 3 0 like Mac OS X) AppleWebKit (KHTML, like Gecko) Mobile Safari"
72.14.199.237 - - [01/Oct/2013:22:46:31 +0200] "GET /templates/gk_penguinmail/css/gk_stuff.css HTTP/1.1" 200 12799 "-" "AdsBot-Google (+http://www.google.com/adsbot.html)"
72.14.199.237 - - [01/Oct/2013:22:46:32 +0200] "GET /templates/gk_penguinmail/css/addons.css HTTP/1.1" 200 2644 "-" "AdsBot-Google (+http://www.google.com/adsbot.html)"
72.14.199.237 - - [01/Oct/2013:22:46:33 +0200] "GET /templates/gk_penguinmail/css/layout.css HTTP/1.1" 200 1684 "-" "AdsBot-Google (+http://www.google.com/adsbot.html)"
72.14.199.237 - - [01/Oct/2013:22:46:34 +0200] "GET /templates/system/css/general.css HTTP/1.1" 200 2777 "-" "AdsBot-Google (+http://www.google.com/adsbot.html)"
72.14.199.237 - - [01/Oct/2013:22:46:35 +0200] "GET /templates/gk_penguinmail/css/style3.css HTTP/1.1" 200 13892 "-" "AdsBot-Google (+http://www.google.com/adsbot.html)"
72.14.199.237 - - [01/Oct/2013:22:46:36 +0200] "GET /media/system/js/caption.js HTTP/1.1" 200 1963 "-" "AdsBot-Google-Mobile (+http://www.google.com/mobile/adsbot.html) Mozilla (iPhone; U; CPU iPhone OS 3 0 like Mac OS X) AppleWebKit (KHTML, like Gecko) Mobile Safari"
72.14.199.237 - - [01/Oct/2013:22:46:37 +0200] "GET /media/system/js/mootools.js HTTP/1.1" 200 74434 "-" "AdsBot-Google (+http://www.google.com/adsbot.html)"
72.14.199.237 - - [01/Oct/2013:22:46:38 +0200] "GET /media/system/js/mootools.js HTTP/1.1" 200 74434 "-" "AdsBot-Google-Mobile (+http://www.google.com/mobile/adsbot.html) Mozilla (iPhone; U; CPU iPhone OS 3 0 like Mac OS X) AppleWebKit (KHTML, like Gecko) Mobile Safari"
72.14.199.237 - - [01/Oct/2013:22:46:39 +0200] "GET /templates/system/css/system.css HTTP/1.1" 200 1385 "-" "AdsBot-Google (+http://www.google.com/adsbot.html)"
72.14.199.237 - - [01/Oct/2013:22:46:40 +0200] "GET /templates/gk_penguinmail/css/override.css HTTP/1.1" 200 3916 "-" "AdsBot-Google (+http://www.google.com/adsbot.html)"
72.14.199.237 - - [01/Oct/2013:22:46:41 +0200] "GET /templates/gk_penguinmail/js/menu/mega.js HTTP/1.1" 200 12974 "-" "AdsBot-Google (+http://www.google.com/adsbot.html)"
72.14.199.237 - - [01/Oct/2013:22:46:42 +0200] "GET /templates/gk_penguinmail/css/template.css HTTP/1.1" 200 9192 "-" "AdsBot-Google (+http://www.google.com/adsbot.html)"
72.14.199.237 - - [01/Oct/2013:22:46:43 +0200] "GET /templates/gk_penguinmail/js/domready_fix.js HTTP/1.1" 200 1340 "-" "AdsBot-Google (+http://www.google.com/adsbot.html)"
72.14.199.237 - - [01/Oct/2013:22:46:44 +0200] "GET /templates/gk_penguinmail/css/typo.css HTTP/1.1" 200 15356 "-" "AdsBot-Google (+http://www.google.com/adsbot.html)"
72.14.199.237 - - [01/Oct/2013:22:46:45 +0200] "GET /images/header_neu.png HTTP/1.1" 200 340608 "-" "AdsBot-Google (+http://www.google.com/adsbot.html)"
72.14.199.237 - - [01/Oct/2013:22:46:46 +0200] "GET /templates/gk_penguinmail/css/template.css HTTP/1.1" 200 9192 "-" "AdsBot-Google-Mobile (+http://www.google.com/mobile/adsbot.html) Mozilla (iPhone; U; CPU iPhone OS 3 0 like Mac OS X) AppleWebKit (KHTML, like Gecko) Mobile Safari"
72.14.199.237 - - [01/Oct/2013:22:46:47 +0200] "GET /templates/gk_penguinmail/js/iphone.js HTTP/1.1" 200 5379 "-" "AdsBot-Google-Mobile (+http://www.google.com/mobile/adsbot.html) Mozilla (iPhone; U; CPU iPhone OS 3 0 like Mac OS X) AppleWebKit (KHTML, like Gecko) Mobile Safari"
72.14.199.237 - - [01/Oct/2013:22:46:47 +0200] "GET /templates/gk_penguinmail/css/css3_style3.css HTTP/1.1" 200 2980 "-" "AdsBot-Google (+http://www.google.com/adsbot.html)"
72.14.199.237 - - [01/Oct/2013:22:46:48 +0200] "GET /templates/gk_penguinmail/css/joomla.css HTTP/1.1" 200 14242 "-" "AdsBot-Google (+http://www.google.com/adsbot.html)"
72.14.199.237 - - [01/Oct/2013:22:46:49 +0200] "GET /images/kontaktformular.jpg HTTP/1.1" 200 42791 "-" "AdsBot-Google (+http://www.google.com/adsbot.html)"
72.14.199.237 - - [01/Oct/2013:22:46:50 +0200] "GET /templates/gk_penguinmail/js/gk.script.js HTTP/1.1" 200 4585 "-" "AdsBot-Google (+http://www.google.com/adsbot.html)"
72.14.199.237 - - [01/Oct/2013:22:46:51 +0200] "GET /templates/gk_penguinmail/fonts/PT-Seans/stylesheet.css HTTP/1.1" 200 2445 "-" "AdsBot-Google (+http://www.google.com/adsbot.html)"
72.14.199.237 - - [01/Oct/2013:22:46:52 +0200] "GET /templates/gk_penguinmail/css/menu/mega.css HTTP/1.1" 200 4575 "-" "AdsBot-Google (+http://www.google.com/adsbot.html)"
157.55.35.98 - - [01/Oct/2013:22:58:38 +0200] "GET /robots.txt HTTP/1.1" 200 304 "-" "Mozilla/5.0 (compatible; bingbot/2.0; +http://www.bing.com/bingbot.htm)"
93.219.156.153 - - [01/Oct/2013:22:59:11 +0200] "GET /kontakt.html HTTP/1.1" 200 18526 "-" "Mozilla/5.0 (Windows; U; Windows NT 6.0; de; rv:1.9.2.3) Gecko/20100401 Firefox/3.6.3 ( .NET CLR 3.5.30729)"
157.55.35.98 - - [01/Oct/2013:23:01:17 +0200] "GET /news/60-ihr-komplettdienstleister-rund-um-die-immobilie.html HTTP/1.1" 200 19968 "-" "Mozilla/5.0 (compatible; bingbot/2.0; +http://www.bing.com/bingbot.htm)"
208.115.113.87 - - [01/Oct/2013:23:05:42 +0200] "GET /news/62-alles-neu-macht-der-mai.html HTTP/1.1" 200 19668 "-" "Mozilla/5.0 (compatible; Ezooms/1.0; ezooms.bot@gmail.com)"
141.8.147.12 - - [01/Oct/2013:23:10:30 +0200] "GET /robots.txt HTTP/1.1" 200 304 "-" "Mozilla/5.0 (compatible; YandexBot/3.0; +http://yandex.com/bots)"
93.219.156.153 - - [01/Oct/2013:23:10:41 +0200] "GET /servicebereiche/winterdienst/privatkunden.html HTTP/1.1" 200 23297 "-" "Mozilla/5.0 (Windows; U; Windows NT 6.0; de; rv:1.9.2.3) Gecko/20100401 Firefox/3.6.3 ( .NET CLR 3.5.30729)"
141.8.147.12 - - [01/Oct/2013:23:13:21 +0200] "GET /imagevideo-straman.html HTTP/1.1" 200 17266 "-" "Mozilla/5.0 (compatible; YandexBot/3.0; +http://yandex.com/bots)"
93.219.156.153 - - [01/Oct/2013:23:27:27 +0200] "GET /servicebereiche/gruenanlagenpflege.html HTTP/1.1" 200 21891 "-" "Mozilla/5.0 (Windows; U; Windows NT 6.0; de; rv:1.9.2.3) Gecko/20100401 Firefox/3.6.3 ( .NET CLR 3.5.30729)"
93.219.156.153 - - [01/Oct/2013:23:43:18 +0200] "GET /servicebereiche/uebersichtgebaeudemanagement/gebaeudemanagement.html HTTP/1.1" 200 19509 "-" "Mozilla/5.0 (Windows; U; Windows NT 6.0; de; rv:1.9.2.3) Gecko/20100401 Firefox/3.6.3 ( .NET CLR 3.5.30729)"
93.219.156.153 - - [01/Oct/2013:23:47:54 +0200] "GET /referenzen.html HTTP/1.1" 200 352465 "-" "Mozilla/5.0 (Windows; U; Windows NT 6.0; de; rv:1.9.2.3) Gecko/20100401 Firefox/3.6.3 ( .NET CLR 3.5.30729)"
141.8.147.12 - - [01/Oct/2013:23:53:11 +0200] "GET /servicebereiche/gruenanlagenpflege/gewerbegruenpflege/58.html HTTP/1.1" 200 19212 "-" "Mozilla/5.0 (compatible; YandexBot/3.0; +http://yandex.com/bots)"
141.8.147.12 - - [01/Oct/2013:23:53:14 +0200] "GET /servicebereiche/winterdienst/privatkunden/58.html HTTP/1.1" 200 19136 "-" "Mozilla/5.0 (compatible; YandexBot/3.0; +http://yandex.com/bots)"
141.8.147.12 - - [01/Oct/2013:23:53:34 +0200] "GET /servicebereiche/winterdienst/gewerbliche-kunden/58.html HTTP/1.1" 200 19166 "-" "Mozilla/5.0 (compatible; YandexBot/3.0; +http://yandex.com/bots)"
157.55.32.56 - - [01/Oct/2013:23:56:03 +0200] "GET /robots.txt HTTP/1.1" 200 304 "-" "Mozilla/5.0 (compatible; bingbot/2.0; +http://www.bing.com/bingbot.htm)"
141.8.147.12 - - [01/Oct/2013:23:56:58 +0200] "GET /servicebereiche/gruenanlagenpflege/privatgartenpflege/58.html HTTP/1.1" 200 19212 "-" "Mozilla/5.0 (compatible; YandexBot/3.0; +http://yandex.com/bots)"
194.31.225.222 - - [02/Oct/2013:00:02:06 +0200] "GET /templates/gk_penguinmail/css/template_unterseiten.css HTTP/1.1" 304 - "-" "Mozilla/4.0 (compatible;)"
88.75.82.19 - - [02/Oct/2013:00:11:10 +0200] "GET / HTTP/1.1" 200 5608 "http://www.google.de/aclk?sa=L&ai=CH6I0YEhLUtPfKJKs0gWF-YGADumv--cFmdy5goMBqsDgBggAEAEghsH5H1Dz5ISI-_____8BYJX68IGMB8gBAakCge56Cc-0tj6qBCVP0HJRN4ESY0ot-8WIb2XrYL0sGOY4xCUvg6C0rGgKUkKr8EaugAWz-P4Y2AYEgAeZjfNB&sig=AOD64_2BBiLkNckYfAFQN_d_uLGy_bkWqg&rct=j&q=schuhmarke+mit+baum&ved=0CC8Q0Qw&adurl=http://www.straman.de" "Mozilla/5.0 (Linux; Android 4.3; Nexus 7 Build/JWR66Y) AppleWebKit/537.36 (KHTML, like Gecko) Chrome/29.0.1547.72 Safari/537.36"
88.75.82.19 - - [02/Oct/2013:00:11:11 +0200] "GET /templates/gk_penguinmail/css/handheld/handheld.css HTTP/1.1" 200 3827 "http://www.straman.de/" "Mozilla/5.0 (Linux; Android 4.3; Nexus 7 Build/JWR66Y) AppleWebKit/537.36 (KHTML, like Gecko) Chrome/29.0.1547.72 Safari/537.36"
88.75.82.19 - - [02/Oct/2013:00:11:11 +0200] "GET /templates/gk_penguinmail/css/template.css HTTP/1.1" 200 9192 "http://www.straman.de/" "Mozilla/5.0 (Linux; Android 4.3; Nexus 7 Build/JWR66Y) AppleWebKit/537.36 (KHTML, like Gecko) Chrome/29.0.1547.72 Safari/537.36"
88.75.82.19 - - [02/Oct/2013:00:11:11 +0200] "GET /media/system/js/caption.js HTTP/1.1" 200 1963 "http://www.straman.de/" "Mozilla/5.0 (Linux; Android 4.3; Nexus 7 Build/JWR66Y) AppleWebKit/537.36 (KHTML, like Gecko) Chrome/29.0.1547.72 Safari/537.36"
88.75.82.19 - - [02/Oct/2013:00:11:11 +0200] "GET /media/system/js/mootools.js HTTP/1.1" 200 74434 "http://www.straman.de/" "Mozilla/5.0 (Linux; Android 4.3; Nexus 7 Build/JWR66Y) AppleWebKit/537.36 (KHTML, like Gecko) Chrome/29.0.1547.72 Safari/537.36"
88.75.82.19 - - [02/Oct/2013:00:11:11 +0200] "GET /templates/gk_penguinmail/images/logo.png HTTP/1.1" 200 6608 "http://www.straman.de/" "Mozilla/5.0 (Linux; Android 4.3; Nexus 7 Build/JWR66Y) AppleWebKit/537.36 (KHTML, like Gecko) Chrome/29.0.1547.72 Safari/537.36"
88.75.82.19 - - [02/Oct/2013:00:11:12 +0200] "GET /templates/gk_penguinmail/favicon.ico HTTP/1.1" 200 5686 "-" "Mozilla/5.0 (Linux; Android 4.3; Nexus 7 Build/JWR66Y) AppleWebKit/537.36 (KHTML, like Gecko) Chrome/29.0.1547.72 Safari/537.36"
88.75.82.19 - - [02/Oct/2013:00:11:12 +0200] "GET /apple-touch-icon-precomposed.png HTTP/1.1" 404 2467 "-" "Mozilla/5.0 (Linux; Android 4.3; Nexus 7 Build/JWR66Y) AppleWebKit/537.36 (KHTML, like Gecko) Chrome/29.0.1547.72 Safari/537.36"
88.75.82.19 - - [02/Oct/2013:00:11:12 +0200] "GET /apple-touch-icon.png HTTP/1.1" 404 2467 "-" "Mozilla/5.0 (Linux; Android 4.3; Nexus 7 Build/JWR66Y) AppleWebKit/537.36 (KHTML, like Gecko) Chrome/29.0.1547.72 Safari/537.36"
93.219.156.153 - - [02/Oct/2013:00:17:42 +0200] "GET /index.php HTTP/1.1" 200 18125 "-" "Mozilla/5.0 (Windows; U; Windows NT 6.0; de; rv:1.9.2.3) Gecko/20100401 Firefox/3.6.3 ( .NET CLR 3.5.30729)"
178.77.122.11 - - [02/Oct/2013:00:17:58 +0200] "GET / HTTP/1.1" 200 18077 "http://www.google.de/search?hl=de&q=Immobilien" "Mozilla/4.0 (compatible; MSIE 8.0; Windows NT 5.0; NIELSEN)"
178.77.122.11 - - [02/Oct/2013:00:17:59 +0200] "GET /media/system/js/mootools.js HTTP/1.1" 200 74434 "http://www.straman.de/" "Mozilla/4.0 (compatible; MSIE 8.0; Windows NT 5.0; NIELSEN)"
178.77.122.11 - - [02/Oct/2013:00:18:01 +0200] "GET /templates/gk_penguinmail/js/domready_fix.js HTTP/1.1" 200 1340 "http://www.straman.de/" "Mozilla/4.0 (compatible; MSIE 8.0; Windows NT 5.0; NIELSEN)"
178.77.122.11 - - [02/Oct/2013:00:18:01 +0200] "GET /media/system/js/caption.js HTTP/1.1" 200 1963 "http://www.straman.de/" "Mozilla/4.0 (compatible; MSIE 8.0; Windows NT 5.0; NIELSEN)"
178.77.122.11 - - [02/Oct/2013:00:18:01 +0200] "GET /templates/gk_penguinmail/js/gk.script.js HTTP/1.1" 200 4585 "http://www.straman.de/" "Mozilla/4.0 (compatible; MSIE 8.0; Windows NT 5.0; NIELSEN)"
178.77.122.11 - - [02/Oct/2013:00:18:02 +0200] "GET /templates/gk_penguinmail/js/menu/mega.js HTTP/1.1" 200 12974 "http://www.straman.de/" "Mozilla/4.0 (compatible; MSIE 8.0; Windows NT 5.0; NIELSEN)"
66.249.78.60 - - [02/Oct/2013:00:23:31 +0200] "GET /unternehmen/impressum.html HTTP/1.1" 200 13504 "-" "Mozilla/5.0 (iPhone; U; CPU iPhone OS 4_1 like Mac OS X; en-us) AppleWebKit/532.9 (KHTML, like Gecko) Version/4.0.5 Mobile/8B117 Safari/6531.22.7 (compatible; Googlebot-Mobile/2.1; +http://www.google.com/bot.html)"
93.219.156.153 - - [02/Oct/2013:00:26:55 +0200] "GET /downloadbereich.html HTTP/1.1" 200 17883 "-" "Mozilla/5.0 (Windows; U; Windows NT 6.0; de; rv:1.9.2.3) Gecko/20100401 Firefox/3.6.3 ( .NET CLR 3.5.30729)"
157.55.32.93 - - [02/Oct/2013:00:31:22 +0200] "GET /downloadbereich.html HTTP/1.1" 200 17887 "-" "Mozilla/5.0 (compatible; bingbot/2.0; +http://www.bing.com/bingbot.htm)"
93.219.156.153 - - [02/Oct/2013:00:41:23 +0200] "GET /servicebereiche/uebersichtgebaeudemanagement.html HTTP/1.1" 200 19763 "-" "Mozilla/5.0 (Windows; U; Windows NT 6.0; de; rv:1.9.2.3) Gecko/20100401 Firefox/3.6.3 ( .NET CLR 3.5.30729)"
65.55.52.96 - - [02/Oct/2013:00:48:03 +0200] "GET /servicebereiche/gruenanlagenpflege/privatgartenpflege.html HTTP/1.1" 200 21117 "-" "Mozilla/5.0 (compatible; bingbot/2.0; +http://www.bing.com/bingbot.htm)"
93.219.156.153 - - [02/Oct/2013:00:50:56 +0200] "GET /index.php?option=com_user&view=login HTTP/1.1" 200 19656 "-" "Mozilla/5.0 (Windows; U; Windows NT 6.0; de; rv:1.9.2.3) Gecko/20100401 Firefox/3.6.3 ( .NET CLR 3.5.30729)"
141.8.147.12 - - [02/Oct/2013:00:52:35 +0200] "GET /servicebereiche/uebersichtgebaeudemanagement/infrastr-gebaeudemanagement/58.html HTTP/1.1" 200 19492 "-" "Mozilla/5.0 (compatible; YandexBot/3.0; +http://yandex.com/bots)"
157.55.32.56 - - [02/Oct/2013:00:54:00 +0200] "GET / HTTP/1.1" 200 18111 "-" "Mozilla/5.0 (compatible; bingbot/2.0; +http://www.bing.com/bingbot.htm)"
93.219.156.153 - - [02/Oct/2013:00:54:04 +0200] "GET /servicebereiche/winterdienst/gewerbliche-kunden.html HTTP/1.1" 200 23136 "-" "Mozilla/5.0 (Windows; U; Windows NT 6.0; de; rv:1.9.2.3) Gecko/20100401 Firefox/3.6.3 ( .NET CLR 3.5.30729)"
93.219.156.153 - - [02/Oct/2013:00:57:16 +0200] "GET /unternehmen/imagevideo-straman.html HTTP/1.1" 200 17514 "-" "Mozilla/5.0 (Windows; U; Windows NT 6.0; de; rv:1.9.2.3) Gecko/20100401 Firefox/3.6.3 ( .NET CLR 3.5.30729)"
157.55.32.93 - - [02/Oct/2013:00:59:03 +0200] "GET /servicebereiche/winterdienst/gewerbliche-kunden.html HTTP/1.1" 200 23140 "-" "Mozilla/5.0 (compatible; bingbot/2.0; +http://www.bing.com/bingbot.htm)"
93.219.156.153 - - [02/Oct/2013:00:59:27 +0200] "GET /unternehmen/standorte.html HTTP/1.1" 200 19104 "-" "Mozilla/5.0 (Windows; U; Windows NT 6.0; de; rv:1.9.2.3) Gecko/20100401 Firefox/3.6.3 ( .NET CLR 3.5.30729)"
141.8.147.12 - - [02/Oct/2013:01:01:51 +0200] "GET /servicebereiche/uebersichtgebaeudemanagement/gebaeudemanagement/58.html HTTP/1.1" 200 19453 "-" "Mozilla/5.0 (compatible; YandexBot/3.0; +http://yandex.com/bots)"
158.181.94.111 - - [02/Oct/2013:01:02:12 +0200] "GET / HTTP/1.1" 200 18108 "http://www.google.de/aclk?sa=L&ai=C00xS_U5LUqTlOY6s0gWGhYGQDumv--cFmdy5goMBtq3KBQgDEAEgl9TLBigCUPPkhIj7_____wFglfrwgYwHyAEBqQIGUX07F7O2PqoEJE_QCSaje7QsKNRSHsnkJHwrNFduVSJ0QI70Yl0VU41JlewwF4AFkE6AB5mN80E&sig=AOD64_0MJI_iSOQ3-ZK7KOka4Yp3YrPGwQ&rct=j&q=ordnung+in+lauben+garten&ved=0CIMBENEM&adurl=http://www.straman.de" "Mozilla/5.0 (Windows NT 6.1; WOW64) AppleWebKit/537.36 (KHTML, like Gecko) Chrome/29.0.1547.76 Safari/537.36"
158.181.94.111 - - [02/Oct/2013:01:02:12 +0200] "GET /templates/gk_penguinmail/css/template.css HTTP/1.1" 200 9192 "http://www.straman.de/" "Mozilla/5.0 (Windows NT 6.1; WOW64) AppleWebKit/537.36 (KHTML, like Gecko) Chrome/29.0.1547.76 Safari/537.36"
158.181.94.111 - - [02/Oct/2013:01:02:12 +0200] "GET /templates/gk_penguinmail/css/addons.css HTTP/1.1" 200 2644 "http://www.straman.de/" "Mozilla/5.0 (Windows NT 6.1; WOW64) AppleWebKit/537.36 (KHTML, like Gecko) Chrome/29.0.1547.76 Safari/537.36"
158.181.94.111 - - [02/Oct/2013:01:02:12 +0200] "GET /templates/gk_penguinmail/css/layout.css HTTP/1.1" 200 1684 "http://www.straman.de/" "Mozilla/5.0 (Windows NT 6.1; WOW64) AppleWebKit/537.36 (KHTML, like Gecko) Chrome/29.0.1547.76 Safari/537.36"
158.181.94.111 - - [02/Oct/2013:01:02:12 +0200] "GET /templates/system/css/general.css HTTP/1.1" 200 2777 "http://www.straman.de/" "Mozilla/5.0 (Windows NT 6.1; WOW64) AppleWebKit/537.36 (KHTML, like Gecko) Chrome/29.0.1547.76 Safari/537.36"
158.181.94.111 - - [02/Oct/2013:01:02:12 +0200] "GET /templates/system/css/system.css HTTP/1.1" 200 1385 "http://www.straman.de/" "Mozilla/5.0 (Windows NT 6.1; WOW64) AppleWebKit/537.36 (KHTML, like Gecko) Chrome/29.0.1547.76 Safari/537.36"
158.181.94.111 - - [02/Oct/2013:01:02:12 +0200] "GET /templates/gk_penguinmail/css/joomla.css HTTP/1.1" 200 14242 "http://www.straman.de/" "Mozilla/5.0 (Windows NT 6.1; WOW64) AppleWebKit/537.36 (KHTML, like Gecko) Chrome/29.0.1547.76 Safari/537.36"
158.181.94.111 - - [02/Oct/2013:01:02:12 +0200] "GET /templates/gk_penguinmail/css/typo.css HTTP/1.1" 200 15356 "http://www.straman.de/" "Mozilla/5.0 (Windows NT 6.1; WOW64) AppleWebKit/537.36 (KHTML, like Gecko) Chrome/29.0.1547.76 Safari/537.36"
158.181.94.111 - - [02/Oct/2013:01:02:12 +0200] "GET /templates/gk_penguinmail/css/gk_stuff.css HTTP/1.1" 200 12799 "http://www.straman.de/" "Mozilla/5.0 (Windows NT 6.1; WOW64) AppleWebKit/537.36 (KHTML, like Gecko) Chrome/29.0.1547.76 Safari/537.36"
158.181.94.111 - - [02/Oct/2013:01:02:12 +0200] "GET /templates/gk_penguinmail/css/css3_style3.css HTTP/1.1" 200 2980 "http://www.straman.de/" "Mozilla/5.0 (Windows NT 6.1; WOW64) AppleWebKit/537.36 (KHTML, like Gecko) Chrome/29.0.1547.76 Safari/537.36"
158.181.94.111 - - [02/Oct/2013:01:02:12 +0200] "GET /templates/gk_penguinmail/css/override.css HTTP/1.1" 200 3916 "http://www.straman.de/" "Mozilla/5.0 (Windows NT 6.1; WOW64) AppleWebKit/537.36 (KHTML, like Gecko) Chrome/29.0.1547.76 Safari/537.36"
158.181.94.111 - - [02/Oct/2013:01:02:12 +0200] "GET /templates/gk_penguinmail/css/style3.css HTTP/1.1" 200 13892 "http://www.straman.de/" "Mozilla/5.0 (Windows NT 6.1; WOW64) AppleWebKit/537.36 (KHTML, like Gecko) Chrome/29.0.1547.76 Safari/537.36"
158.181.94.111 - - [02/Oct/2013:01:02:12 +0200] "GET /templates/gk_penguinmail/css/menu/mega.css HTTP/1.1" 200 4575 "http://www.straman.de/" "Mozilla/5.0 (Windows NT 6.1; WOW64) AppleWebKit/537.36 (KHTML, like Gecko) Chrome/29.0.1547.76 Safari/537.36"
158.181.94.111 - - [02/Oct/2013:01:02:12 +0200] "GET /media/system/js/caption.js HTTP/1.1" 200 1963 "http://www.straman.de/" "Mozilla/5.0 (Windows NT 6.1; WOW64) AppleWebKit/537.36 (KHTML, like Gecko) Chrome/29.0.1547.76 Safari/537.36"
158.181.94.111 - - [02/Oct/2013:01:02:12 +0200] "GET /templates/gk_penguinmail/js/domready_fix.js HTTP/1.1" 200 1340 "http://www.straman.de/" "Mozilla/5.0 (Windows NT 6.1; WOW64) AppleWebKit/537.36 (KHTML, like Gecko) Chrome/29.0.1547.76 Safari/537.36"
158.181.94.111 - - [02/Oct/2013:01:02:12 +0200] "GET /templates/gk_penguinmail/js/gk.script.js HTTP/1.1" 200 4585 "http://www.straman.de/" "Mozilla/5.0 (Windows NT 6.1; WOW64) AppleWebKit/537.36 (KHTML, like Gecko) Chrome/29.0.1547.76 Safari/537.36"
158.181.94.111 - - [02/Oct/2013:01:02:12 +0200] "GET /templates/gk_penguinmail/js/menu/mega.js HTTP/1.1" 200 12974 "http://www.straman.de/" "Mozilla/5.0 (Windows NT 6.1; WOW64) AppleWebKit/537.36 (KHTML, like Gecko) Chrome/29.0.1547.76 Safari/537.36"
158.181.94.111 - - [02/Oct/2013:01:02:12 +0200] "GET /templates/gk_penguinmail/fonts/PT-Seans/stylesheet.css HTTP/1.1" 200 2445 "http://www.straman.de/" "Mozilla/5.0 (Windows NT 6.1; WOW64) AppleWebKit/537.36 (KHTML, like Gecko) Chrome/29.0.1547.76 Safari/537.36"
158.181.94.111 - - [02/Oct/2013:01:02:12 +0200] "GET /media/system/js/mootools.js HTTP/1.1" 200 74434 "http://www.straman.de/" "Mozilla/5.0 (Windows NT 6.1; WOW64) AppleWebKit/537.36 (KHTML, like Gecko) Chrome/29.0.1547.76 Safari/537.36"
158.181.94.111 - - [02/Oct/2013:01:02:12 +0200] "GET /templates/gk_penguinmail/images/style3/menu_sprite.png HTTP/1.1" 200 450 "http://www.straman.de/" "Mozilla/5.0 (Windows NT 6.1; WOW64) AppleWebKit/537.36 (KHTML, like Gecko) Chrome/29.0.1547.76 Safari/537.36"
158.181.94.111 - - [02/Oct/2013:01:02:12 +0200] "GET /images/kontaktformular.jpg HTTP/1.1" 200 42791 "http://www.straman.de/" "Mozilla/5.0 (Windows NT 6.1; WOW64) AppleWebKit/537.36 (KHTML, like Gecko) Chrome/29.0.1547.76 Safari/537.36"
158.181.94.111 - - [02/Oct/2013:01:02:12 +0200] "GET /templates/gk_penguinmail/images/logo.png HTTP/1.1" 200 6608 "http://www.straman.de/" "Mozilla/5.0 (Windows NT 6.1; WOW64) AppleWebKit/537.36 (KHTML, like Gecko) Chrome/29.0.1547.76 Safari/537.36"
158.181.94.111 - - [02/Oct/2013:01:02:12 +0200] "GET /templates/gk_penguinmail/images/style3/glow.jpg HTTP/1.1" 200 18301 "http://www.straman.de/" "Mozilla/5.0 (Windows NT 6.1; WOW64) AppleWebKit/537.36 (KHTML, like Gecko) Chrome/29.0.1547.76 Safari/537.36"
158.181.94.111 - - [02/Oct/2013:01:02:12 +0200] "GET /templates/gk_penguinmail/images/menu_sprite.png HTTP/1.1" 404 2467 "http://www.straman.de/" "Mozilla/5.0 (Windows NT 6.1; WOW64) AppleWebKit/537.36 (KHTML, like Gecko) Chrome/29.0.1547.76 Safari/537.36"
158.181.94.111 - - [02/Oct/2013:01:02:12 +0200] "GET /images/header_neu.png HTTP/1.1" 200 340608 "http://www.straman.de/" "Mozilla/5.0 (Windows NT 6.1; WOW64) AppleWebKit/537.36 (KHTML, like Gecko) Chrome/29.0.1547.76 Safari/537.36"
158.181.94.111 - - [02/Oct/2013:01:02:13 +0200] "GET /templates/gk_penguinmail/favicon.ico HTTP/1.1" 200 5686 "-" "Mozilla/5.0 (Windows NT 6.1; WOW64) AppleWebKit/537.36 (KHTML, like Gecko) Chrome/29.0.1547.76 Safari/537.36"
93.219.156.153 - - [02/Oct/2013:01:34:33 +0200] "GET /unternehmen/historie.html HTTP/1.1" 200 17607 "-" "Mozilla/5.0 (Windows; U; Windows NT 6.0; de; rv:1.9.2.3) Gecko/20100401 Firefox/3.6.3 ( .NET CLR 3.5.30729)"
93.219.156.153 - - [02/Oct/2013:01:42:05 +0200] "GET /component/content/article/58.html HTTP/1.1" 200 17975 "-" "Mozilla/5.0 (Windows; U; Windows NT 6.0; de; rv:1.9.2.3) Gecko/20100401 Firefox/3.6.3 ( .NET CLR 3.5.30729)"
93.219.156.153 - - [02/Oct/2013:01:42:16 +0200] "GET /component/content/46.html HTTP/1.1" 500 2511 "-" "Mozilla/5.0 (Windows; U; Windows NT 6.0; de; rv:1.9.2.3) Gecko/20100401 Firefox/3.6.3 ( .NET CLR 3.5.30729)"
93.219.156.153 - - [02/Oct/2013:01:53:49 +0200] "GET /news.html HTTP/1.1" 200 31493 "-" "Mozilla/5.0 (Windows; U; Windows NT 6.0; de; rv:1.9.2.3) Gecko/20100401 Firefox/3.6.3 ( .NET CLR 3.5.30729)"
141.8.147.12 - - [02/Oct/2013:01:53:58 +0200] "GET /servicebereiche/uebersichtgebaeudemanagement/58.html HTTP/1.1" 200 18966 "-" "Mozilla/5.0 (compatible; YandexBot/3.0; +http://yandex.com/bots)"
93.219.156.153 - - [02/Oct/2013:01:56:41 +0200] "GET /unternehmen/jobs.html HTTP/1.1" 200 22574 "-" "Mozilla/5.0 (Windows; U; Windows NT 6.0; de; rv:1.9.2.3) Gecko/20100401 Firefox/3.6.3 ( .NET CLR 3.5.30729)"
93.219.156.153 - - [02/Oct/2013:02:06:53 +0200] "GET /servicebereiche/gruenanlagenpflege/gewerbegruenpflege.html HTTP/1.1" 200 21382 "-" "Mozilla/5.0 (Windows; U; Windows NT 6.0; de; rv:1.9.2.3) Gecko/20100401 Firefox/3.6.3 ( .NET CLR 3.5.30729)"
66.249.78.60 - - [02/Oct/2013:02:08:13 +0200] "GET /unternehmen/standorte.html HTTP/1.1" 200 9973 "-" "Mozilla/5.0 (iPhone; U; CPU iPhone OS 4_1 like Mac OS X; en-us) AppleWebKit/532.9 (KHTML, like Gecko) Version/4.0.5 Mobile/8B117 Safari/6531.22.7 (compatible; Googlebot-Mobile/2.1; +http://www.google.com/bot.html)"
93.219.156.153 - - [02/Oct/2013:02:32:30 +0200] "GET /servicebereiche/uebersichtgebaeudemanagement/infrastr-gebaeudemanagement/58.html HTTP/1.1" 200 19488 "-" "Mozilla/5.0 (Windows; U; Windows NT 6.0; de; rv:1.9.2.3) Gecko/20100401 Firefox/3.6.3 ( .NET CLR 3.5.30729)"
93.219.156.153 - - [02/Oct/2013:02:40:17 +0200] "GET /unternehmen/partner/58.html HTTP/1.1" 200 19049 "-" "Mozilla/5.0 (Windows; U; Windows NT 6.0; de; rv:1.9.2.3) Gecko/20100401 Firefox/3.6.3 ( .NET CLR 3.5.30729)"
93.219.156.153 - - [02/Oct/2013:02:49:44 +0200] "GET /servicebereiche/gruenanlagenpflege/58.html HTTP/1.1" 200 19129 "-" "Mozilla/5.0 (Windows; U; Windows NT 6.0; de; rv:1.9.2.3) Gecko/20100401 Firefox/3.6.3 ( .NET CLR 3.5.30729)"
93.219.156.153 - - [02/Oct/2013:02:55:24 +0200] "GET /component/mailto/?tmpl=component&link=97f89dec8d3a90a06eaee75083ae45b303687cff HTTP/1.1" 200 2687 "-" "Mozilla/5.0 (Windows; U; Windows NT 6.0; de; rv:1.9.2.3) Gecko/20100401 Firefox/3.6.3 ( .NET CLR 3.5.30729)"
88.198.47.57 - - [02/Oct/2013:04:09:48 +0200] "GET /robots.txt HTTP/1.1" 200 304 "-" "Mozilla/5.0 (compatible; Spiderlytics/1.0; +spider@spiderlytics.com)"
88.198.47.57 - - [02/Oct/2013:04:09:48 +0200] "GET /servicebereiche/winterdienst/privatkunden.html HTTP/1.1" 200 23301 "-" "Mozilla/5.0 (compatible; Spiderlytics/1.0; +spider@spiderlytics.com)"
178.77.122.11 - - [02/Oct/2013:04:11:53 +0200] "GET / HTTP/1.1" 200 18077 "http://www.google.de/search?hl=de&q=Immobilien" "Mozilla/4.0 (compatible; MSIE 8.0; Windows NT 5.0; NIELSEN)"
178.77.122.11 - - [02/Oct/2013:04:11:57 +0200] "GET /media/system/js/mootools.js HTTP/1.1" 200 74434 "http://www.straman.de/" "Mozilla/4.0 (compatible; MSIE 8.0; Windows NT 5.0; NIELSEN)"
178.77.122.11 - - [02/Oct/2013:04:11:59 +0200] "GET /templates/gk_penguinmail/js/domready_fix.js HTTP/1.1" 200 1340 "http://www.straman.de/" "Mozilla/4.0 (compatible; MSIE 8.0; Windows NT 5.0; NIELSEN)"
178.77.122.11 - - [02/Oct/2013:04:12:00 +0200] "GET /media/system/js/caption.js HTTP/1.1" 200 1963 "http://www.straman.de/" "Mozilla/4.0 (compatible; MSIE 8.0; Windows NT 5.0; NIELSEN)"
178.77.122.11 - - [02/Oct/2013:04:12:01 +0200] "GET /templates/gk_penguinmail/js/gk.script.js HTTP/1.1" 200 4585 "http://www.straman.de/" "Mozilla/4.0 (compatible; MSIE 8.0; Windows NT 5.0; NIELSEN)"
178.77.122.11 - - [02/Oct/2013:04:12:02 +0200] "GET /templates/gk_penguinmail/js/menu/mega.js HTTP/1.1" 200 12974 "http://www.straman.de/" "Mozilla/4.0 (compatible; MSIE 8.0; Windows NT 5.0; NIELSEN)"
182.118.20.253 - - [02/Oct/2013:04:13:52 +0200] "GET /robots.txt HTTP/1.1" 200 304 "http://www.straman.de/robots.txt" "Mozilla/5.0 (Windows; U; Windows NT 5.1; zh-CN; rv:1.8.0.11) Firefox/1.5.0.11; 360Spider"
93.219.156.153 - - [02/Oct/2013:04:45:07 +0200] "GET /servicebereiche/winterdienst/gewerbliche-kunden/58.html HTTP/1.1" 200 19162 "-" "Mozilla/5.0 (Windows; U; Windows NT 6.0; de; rv:1.9.2.3) Gecko/20100401 Firefox/3.6.3 ( .NET CLR 3.5.30729)"
164.61.223.12 - - [02/Oct/2013:04:48:25 +0200] "GET /media/system/js/caption.js HTTP/1.1" 304 - "-" "Mozilla/4.0 (compatible;)"
93.219.156.153 - - [02/Oct/2013:04:53:27 +0200] "GET /servicebereiche/uebersichtgebaeudemanagement/gebaeudemanagement/58.html HTTP/1.1" 200 19449 "-" "Mozilla/5.0 (Windows; U; Windows NT 6.0; de; rv:1.9.2.3) Gecko/20100401 Firefox/3.6.3 ( .NET CLR 3.5.30729)"
93.219.156.153 - - [02/Oct/2013:04:57:04 +0200] "GET /servicebereiche/winterdienst/privatkunden/58.html HTTP/1.1" 200 19132 "-" "Mozilla/5.0 (Windows; U; Windows NT 6.0; de; rv:1.9.2.3) Gecko/20100401 Firefox/3.6.3 ( .NET CLR 3.5.30729)"
93.219.156.153 - - [02/Oct/2013:04:58:00 +0200] "GET /servicebereiche/gruenanlagenpflege/privatgartenpflege/58.html HTTP/1.1" 200 19208 "-" "Mozilla/5.0 (Windows; U; Windows NT 6.0; de; rv:1.9.2.3) Gecko/20100401 Firefox/3.6.3 ( .NET CLR 3.5.30729)"
93.219.156.153 - - [02/Oct/2013:05:01:08 +0200] "GET /downloadbereich/58.html HTTP/1.1" 200 18849 "-" "Mozilla/5.0 (Windows; U; Windows NT 6.0; de; rv:1.9.2.3) Gecko/20100401 Firefox/3.6.3 ( .NET CLR 3.5.30729)"
199.19.249.196 - - [02/Oct/2013:05:04:49 +0200] "GET /templates/gk_penguinmail/fonts/PT-Seans/PTN57F-webfont.eot HTTP/1.1" 200 25908 "-" "Mozilla/4.0 (compatible; MSIE 7.0; Windows NT 5.1; InfoPath.1; .NET CLR 2.0.50727; .NET CLR 1.1.4322; MS-RTC LM 8; .NET CLR 3.0.4506.2152; .NET CLR 3.5.30729)"
164.61.223.12 - - [02/Oct/2013:05:04:50 +0200] "GET /templates/gk_penguinmail/fonts/PT-Seans/PTN57F-webfont.eot HTTP/1.1" 304 - "-" "Mozilla/4.0 (compatible;)"
93.219.156.153 - - [02/Oct/2013:05:06:12 +0200] "GET /component/forme/?fid=2 HTTP/1.1" 200 21124 "-" "Mozilla/5.0 (Windows; U; Windows NT 6.0; de; rv:1.9.2.3) Gecko/20100401 Firefox/3.6.3 ( .NET CLR 3.5.30729)"
93.219.156.153 - - [02/Oct/2013:05:07:07 +0200] "GET /servicebereiche/winterdienst/58.html HTTP/1.1" 200 19052 "-" "Mozilla/5.0 (Windows; U; Windows NT 6.0; de; rv:1.9.2.3) Gecko/20100401 Firefox/3.6.3 ( .NET CLR 3.5.30729)"
93.219.156.153 - - [02/Oct/2013:05:09:09 +0200] "GET /unternehmen/jobs/58.html HTTP/1.1" 200 19034 "-" "Mozilla/5.0 (Windows; U; Windows NT 6.0; de; rv:1.9.2.3) Gecko/20100401 Firefox/3.6.3 ( .NET CLR 3.5.30729)"
93.219.156.153 - - [02/Oct/2013:05:11:34 +0200] "GET /servicebereiche/strassenreinigung/58.html HTTP/1.1" 200 19114 "-" "Mozilla/5.0 (Windows; U; Windows NT 6.0; de; rv:1.9.2.3) Gecko/20100401 Firefox/3.6.3 ( .NET CLR 3.5.30729)"
93.219.156.153 - - [02/Oct/2013:05:14:24 +0200] "GET /unternehmen/standorte/58.html HTTP/1.1" 200 19059 "-" "Mozilla/5.0 (Windows; U; Windows NT 6.0; de; rv:1.9.2.3) Gecko/20100401 Firefox/3.6.3 ( .NET CLR 3.5.30729)"
93.219.156.153 - - [02/Oct/2013:05:23:04 +0200] "GET /unternehmen/impressum/58.html HTTP/1.1" 200 19059 "-" "Mozilla/5.0 (Windows; U; Windows NT 6.0; de; rv:1.9.2.3) Gecko/20100401 Firefox/3.6.3 ( .NET CLR 3.5.30729)"
66.249.78.60 - - [02/Oct/2013:05:25:03 +0200] "GET /unternehmen/jobs.html HTTP/1.1" 200 13448 "-" "Mozilla/5.0 (iPhone; U; CPU iPhone OS 4_1 like Mac OS X; en-us) AppleWebKit/532.9 (KHTML, like Gecko) Version/4.0.5 Mobile/8B117 Safari/6531.22.7 (compatible; Googlebot-Mobile/2.1; +http://www.google.com/bot.html)"
93.219.156.153 - - [02/Oct/2013:05:30:34 +0200] "GET /kontakt.html?fid=1 HTTP/1.1" 200 18532 "-" "Mozilla/5.0 (Windows; U; Windows NT 6.0; de; rv:1.9.2.3) Gecko/20100401 Firefox/3.6.3 ( .NET CLR 3.5.30729)"
93.219.156.153 - - [02/Oct/2013:05:41:38 +0200] "GET /servicebereiche/uebersichtgebaeudemanagement/58.html HTTP/1.1" 200 18962 "-" "Mozilla/5.0 (Windows; U; Windows NT 6.0; de; rv:1.9.2.3) Gecko/20100401 Firefox/3.6.3 ( .NET CLR 3.5.30729)"
93.219.156.153 - - [02/Oct/2013:05:51:40 +0200] "GET /news/58.html HTTP/1.1" 200 19302 "-" "Mozilla/5.0 (Windows; U; Windows NT 6.0; de; rv:1.9.2.3) Gecko/20100401 Firefox/3.6.3 ( .NET CLR 3.5.30729)"
93.219.156.153 - - [02/Oct/2013:05:58:06 +0200] "GET /component/mailto/?tmpl=component&link=4d090a7d0dad0ed1b40abd9c35a75b7faac292cb HTTP/1.1" 200 2687 "-" "Mozilla/5.0 (Windows; U; Windows NT 6.0; de; rv:1.9.2.3) Gecko/20100401 Firefox/3.6.3 ( .NET CLR 3.5.30729)"
217.80.119.230 - - [02/Oct/2013:06:08:20 +0200] "GET /index.php?option=com_forme&fid=2&Itemid=65 HTTP/1.1" 200 21117 "http://www.google.de/aclk?sa=L&ai=CNzP3GZxLUoPwDoSt0gXV1oCICemv--cFoZrc9pAByJOoEggAEAEoA1Dt1pCO-v____8BYJX68IGMB5ABCcgBAakCUEeDuMuutj6qBCRP0Oy_bCVhBV2BsPuD-cCkLjQ9RVt6-tgeTDmO2FtNcXS2Xh6AB5mN80E&sig=AOD64_2WzJsnD3Td7bkfl4fITUWgjGdMzA&rct=j&q=altlandsberg+g%C3%A4rtnerei&ved=0CDEQ0Qw4UA&adurl=http://www.straman.de/index.php%3Foption%3Dcom_forme%26fid%3D2%26amp%3BItemid%3D65" "Mozilla/5.0 (Windows NT 6.0; rv:22.0) Gecko/20100101 Firefox/22.0"
217.80.119.230 - - [02/Oct/2013:06:08:20 +0200] "GET /templates/system/css/system.css HTTP/1.1" 200 1385 "http://www.straman.de/index.php?option=com_forme&fid=2&Itemid=65" "Mozilla/5.0 (Windows NT 6.0; rv:22.0) Gecko/20100101 Firefox/22.0"
217.80.119.230 - - [02/Oct/2013:06:08:20 +0200] "GET /templates/system/css/general.css HTTP/1.1" 200 2777 "http://www.straman.de/index.php?option=com_forme&fid=2&Itemid=65" "Mozilla/5.0 (Windows NT 6.0; rv:22.0) Gecko/20100101 Firefox/22.0"
217.80.119.230 - - [02/Oct/2013:06:08:20 +0200] "GET /templates/gk_penguinmail/css/addons.css HTTP/1.1" 200 2644 "http://www.straman.de/index.php?option=com_forme&fid=2&Itemid=65" "Mozilla/5.0 (Windows NT 6.0; rv:22.0) Gecko/20100101 Firefox/22.0"
217.80.119.230 - - [02/Oct/2013:06:08:20 +0200] "GET /templates/gk_penguinmail/css/layout.css HTTP/1.1" 200 1684 "http://www.straman.de/index.php?option=com_forme&fid=2&Itemid=65" "Mozilla/5.0 (Windows NT 6.0; rv:22.0) Gecko/20100101 Firefox/22.0"
217.80.119.230 - - [02/Oct/2013:06:08:20 +0200] "GET /templates/gk_penguinmail/css/template.css HTTP/1.1" 200 9192 "http://www.straman.de/index.php?option=com_forme&fid=2&Itemid=65" "Mozilla/5.0 (Windows NT 6.0; rv:22.0) Gecko/20100101 Firefox/22.0"
217.80.119.230 - - [02/Oct/2013:06:08:20 +0200] "GET /templates/gk_penguinmail/css/joomla.css HTTP/1.1" 200 14242 "http://www.straman.de/index.php?option=com_forme&fid=2&Itemid=65" "Mozilla/5.0 (Windows NT 6.0; rv:22.0) Gecko/20100101 Firefox/22.0"
217.80.119.230 - - [02/Oct/2013:06:08:20 +0200] "GET /templates/gk_penguinmail/css/gk_stuff.css HTTP/1.1" 200 12799 "http://www.straman.de/index.php?option=com_forme&fid=2&Itemid=65" "Mozilla/5.0 (Windows NT 6.0; rv:22.0) Gecko/20100101 Firefox/22.0"
217.80.119.230 - - [02/Oct/2013:06:08:21 +0200] "GET /templates/gk_penguinmail/css/typo.css HTTP/1.1" 200 15356 "http://www.straman.de/index.php?option=com_forme&fid=2&Itemid=65" "Mozilla/5.0 (Windows NT 6.0; rv:22.0) Gecko/20100101 Firefox/22.0"
217.80.119.230 - - [02/Oct/2013:06:08:21 +0200] "GET /templates/gk_penguinmail/css/css3_style3.css HTTP/1.1" 200 2980 "http://www.straman.de/index.php?option=com_forme&fid=2&Itemid=65" "Mozilla/5.0 (Windows NT 6.0; rv:22.0) Gecko/20100101 Firefox/22.0"
217.80.119.230 - - [02/Oct/2013:06:08:21 +0200] "GET /templates/gk_penguinmail/css/style3.css HTTP/1.1" 200 13892 "http://www.straman.de/index.php?option=com_forme&fid=2&Itemid=65" "Mozilla/5.0 (Windows NT 6.0; rv:22.0) Gecko/20100101 Firefox/22.0"
217.80.119.230 - - [02/Oct/2013:06:08:21 +0200] "GET /templates/gk_penguinmail/css/override.css HTTP/1.1" 200 3916 "http://www.straman.de/index.php?option=com_forme&fid=2&Itemid=65" "Mozilla/5.0 (Windows NT 6.0; rv:22.0) Gecko/20100101 Firefox/22.0"
217.80.119.230 - - [02/Oct/2013:06:08:21 +0200] "GET /templates/gk_penguinmail/js/domready_fix.js HTTP/1.1" 200 1340 "http://www.straman.de/index.php?option=com_forme&fid=2&Itemid=65" "Mozilla/5.0 (Windows NT 6.0; rv:22.0) Gecko/20100101 Firefox/22.0"
217.80.119.230 - - [02/Oct/2013:06:08:21 +0200] "GET /templates/gk_penguinmail/js/gk.script.js HTTP/1.1" 200 4585 "http://www.straman.de/index.php?option=com_forme&fid=2&Itemid=65" "Mozilla/5.0 (Windows NT 6.0; rv:22.0) Gecko/20100101 Firefox/22.0"
217.80.119.230 - - [02/Oct/2013:06:08:21 +0200] "GET /templates/gk_penguinmail/css/menu/mega.css HTTP/1.1" 200 4575 "http://www.straman.de/index.php?option=com_forme&fid=2&Itemid=65" "Mozilla/5.0 (Windows NT 6.0; rv:22.0) Gecko/20100101 Firefox/22.0"
217.80.119.230 - - [02/Oct/2013:06:08:21 +0200] "GET /templates/gk_penguinmail/js/menu/mega.js HTTP/1.1" 200 12974 "http://www.straman.de/index.php?option=com_forme&fid=2&Itemid=65" "Mozilla/5.0 (Windows NT 6.0; rv:22.0) Gecko/20100101 Firefox/22.0"
217.80.119.230 - - [02/Oct/2013:06:08:21 +0200] "GET /templates/gk_penguinmail/fonts/PT-Seans/stylesheet.css HTTP/1.1" 200 2445 "http://www.straman.de/index.php?option=com_forme&fid=2&Itemid=65" "Mozilla/5.0 (Windows NT 6.0; rv:22.0) Gecko/20100101 Firefox/22.0"
217.80.119.230 - - [02/Oct/2013:06:08:21 +0200] "GET /templates/gk_penguinmail/favicon.ico HTTP/1.1" 200 5686 "-" "Mozilla/5.0 (Windows NT 6.0; rv:22.0) Gecko/20100101 Firefox/22.0"
217.80.119.230 - - [02/Oct/2013:06:08:21 +0200] "GET /media/system/js/mootools.js HTTP/1.1" 200 74434 "http://www.straman.de/index.php?option=com_forme&fid=2&Itemid=65" "Mozilla/5.0 (Windows NT 6.0; rv:22.0) Gecko/20100101 Firefox/22.0"
217.80.119.230 - - [02/Oct/2013:06:08:22 +0200] "GET /templates/gk_penguinmail/images/style3/glow.jpg HTTP/1.1" 200 18301 "http://www.straman.de/templates/gk_penguinmail/css/style3.css" "Mozilla/5.0 (Windows NT 6.0; rv:22.0) Gecko/20100101 Firefox/22.0"
217.80.119.230 - - [02/Oct/2013:06:08:22 +0200] "GET /index.php?option=com_forme&func=captcha HTTP/1.1" 200 1311 "http://www.straman.de/index.php?option=com_forme&fid=2&Itemid=65" "Mozilla/5.0 (Windows NT 6.0; rv:22.0) Gecko/20100101 Firefox/22.0"
217.80.119.230 - - [02/Oct/2013:06:08:22 +0200] "GET /templates/gk_penguinmail/images/style3/menu_sprite.png HTTP/1.1" 200 450 "http://www.straman.de/templates/gk_penguinmail/css/override.css" "Mozilla/5.0 (Windows NT 6.0; rv:22.0) Gecko/20100101 Firefox/22.0"
217.80.119.230 - - [02/Oct/2013:06:08:22 +0200] "GET /templates/gk_penguinmail/images/toolsFont.png HTTP/1.1" 200 467 "http://www.straman.de/templates/gk_penguinmail/css/template.css" "Mozilla/5.0 (Windows NT 6.0; rv:22.0) Gecko/20100101 Firefox/22.0"
217.80.119.230 - - [02/Oct/2013:06:08:22 +0200] "GET /templates/gk_penguinmail/images/button.png HTTP/1.1" 200 87 "http://www.straman.de/templates/gk_penguinmail/css/joomla.css" "Mozilla/5.0 (Windows NT 6.0; rv:22.0) Gecko/20100101 Firefox/22.0"
217.80.119.230 - - [02/Oct/2013:06:08:22 +0200] "GET /templates/gk_penguinmail/images/menu_sprite.png HTTP/1.1" 404 2467 "http://www.straman.de/templates/gk_penguinmail/css/override.css" "Mozilla/5.0 (Windows NT 6.0; rv:22.0) Gecko/20100101 Firefox/22.0"
93.219.156.153 - - [02/Oct/2013:06:24:23 +0200] "GET /referenzen/58.html HTTP/1.1" 200 19381 "-" "Mozilla/5.0 (Windows; U; Windows NT 6.0; de; rv:1.9.2.3) Gecko/20100401 Firefox/3.6.3 ( .NET CLR 3.5.30729)"
93.219.156.153 - - [02/Oct/2013:06:30:08 +0200] "GET /component/mailto/?tmpl=component&link=fcdbae1f04f84c0b90da1200899b1a5c8c97ead8 HTTP/1.1" 200 2687 "-" "Mozilla/5.0 (Windows; U; Windows NT 6.0; de; rv:1.9.2.3) Gecko/20100401 Firefox/3.6.3 ( .NET CLR 3.5.30729)"
93.219.156.153 - - [02/Oct/2013:06:39:14 +0200] "GET /servicebereiche/gruenanlagenpflege/gewerbegruenpflege/58.html HTTP/1.1" 200 19208 "-" "Mozilla/5.0 (Windows; U; Windows NT 6.0; de; rv:1.9.2.3) Gecko/20100401 Firefox/3.6.3 ( .NET CLR 3.5.30729)"
93.219.156.153 - - [02/Oct/2013:06:47:02 +0200] "GET /unternehmen/imagevideo-straman/58.html HTTP/1.1" 200 18572 "-" "Mozilla/5.0 (Windows; U; Windows NT 6.0; de; rv:1.9.2.3) Gecko/20100401 Firefox/3.6.3 ( .NET CLR 3.5.30729)"
93.219.156.153 - - [02/Oct/2013:06:49:35 +0200] "GET /unternehmen/historie/58.html HTTP/1.1" 200 19054 "-" "Mozilla/5.0 (Windows; U; Windows NT 6.0; de; rv:1.9.2.3) Gecko/20100401 Firefox/3.6.3 ( .NET CLR 3.5.30729)"
208.115.111.71 - - [02/Oct/2013:07:06:04 +0200] "GET /robots.txt HTTP/1.1" 200 304 "-" "Mozilla/5.0 (compatible; Ezooms/1.0; ezooms.bot@gmail.com)"
93.220.29.8 - - [02/Oct/2013:07:12:19 +0200] "GET / HTTP/1.1" 200 18108 "http://www.google.de/aclk?sa=L&ai=CCCWuBKtLUv-6BJO60AWko4DYCemv--cFmdy5goMBtq3KBQgDEAIgpobwFygCUPPkhIj7_____wFglfrwgYwHyAEBqQKaPYk1gKq2PqoEJE_QYgYRLWC75mob4N-Ivhqr6IPh-kjab-ToyELxCdGGruV4soAFs_j-GNgGBIAHmY3zQQ&sig=AOD64_0lzq4BV0EoI-ka3wVemFV7oy_Zjw&rct=j&q=franzis+gartenpower&ved=0CFUQ0Qw&adurl=http://www.straman.de" "Mozilla/5.0 (iPad; CPU OS 6_1_3 like Mac OS X) AppleWebKit/536.26 (KHTML, like Gecko) Version/6.0 Mobile/10B329 Safari/8536.25"
93.220.29.8 - - [02/Oct/2013:07:12:19 +0200] "GET /templates/system/css/system.css HTTP/1.1" 200 1385 "http://www.straman.de/" "Mozilla/5.0 (iPad; CPU OS 6_1_3 like Mac OS X) AppleWebKit/536.26 (KHTML, like Gecko) Version/6.0 Mobile/10B329 Safari/8536.25"
93.220.29.8 - - [02/Oct/2013:07:12:19 +0200] "GET /templates/system/css/general.css HTTP/1.1" 200 2777 "http://www.straman.de/" "Mozilla/5.0 (iPad; CPU OS 6_1_3 like Mac OS X) AppleWebKit/536.26 (KHTML, like Gecko) Version/6.0 Mobile/10B329 Safari/8536.25"
93.220.29.8 - - [02/Oct/2013:07:12:19 +0200] "GET /templates/gk_penguinmail/css/addons.css HTTP/1.1" 200 2644 "http://www.straman.de/" "Mozilla/5.0 (iPad; CPU OS 6_1_3 like Mac OS X) AppleWebKit/536.26 (KHTML, like Gecko) Version/6.0 Mobile/10B329 Safari/8536.25"
93.220.29.8 - - [02/Oct/2013:07:12:19 +0200] "GET /templates/gk_penguinmail/css/template.css HTTP/1.1" 200 9192 "http://www.straman.de/" "Mozilla/5.0 (iPad; CPU OS 6_1_3 like Mac OS X) AppleWebKit/536.26 (KHTML, like Gecko) Version/6.0 Mobile/10B329 Safari/8536.25"
93.220.29.8 - - [02/Oct/2013:07:12:19 +0200] "GET /templates/gk_penguinmail/css/layout.css HTTP/1.1" 200 1684 "http://www.straman.de/" "Mozilla/5.0 (iPad; CPU OS 6_1_3 like Mac OS X) AppleWebKit/536.26 (KHTML, like Gecko) Version/6.0 Mobile/10B329 Safari/8536.25"
93.220.29.8 - - [02/Oct/2013:07:12:19 +0200] "GET /templates/gk_penguinmail/css/joomla.css HTTP/1.1" 200 14242 "http://www.straman.de/" "Mozilla/5.0 (iPad; CPU OS 6_1_3 like Mac OS X) AppleWebKit/536.26 (KHTML, like Gecko) Version/6.0 Mobile/10B329 Safari/8536.25"
93.220.29.8 - - [02/Oct/2013:07:12:19 +0200] "GET /templates/gk_penguinmail/css/gk_stuff.css HTTP/1.1" 200 12799 "http://www.straman.de/" "Mozilla/5.0 (iPad; CPU OS 6_1_3 like Mac OS X) AppleWebKit/536.26 (KHTML, like Gecko) Version/6.0 Mobile/10B329 Safari/8536.25"
93.220.29.8 - - [02/Oct/2013:07:12:19 +0200] "GET /templates/gk_penguinmail/css/typo.css HTTP/1.1" 200 15356 "http://www.straman.de/" "Mozilla/5.0 (iPad; CPU OS 6_1_3 like Mac OS X) AppleWebKit/536.26 (KHTML, like Gecko) Version/6.0 Mobile/10B329 Safari/8536.25"
93.220.29.8 - - [02/Oct/2013:07:12:19 +0200] "GET /templates/gk_penguinmail/css/css3_style3.css HTTP/1.1" 200 2980 "http://www.straman.de/" "Mozilla/5.0 (iPad; CPU OS 6_1_3 like Mac OS X) AppleWebKit/536.26 (KHTML, like Gecko) Version/6.0 Mobile/10B329 Safari/8536.25"
93.220.29.8 - - [02/Oct/2013:07:12:19 +0200] "GET /templates/gk_penguinmail/css/style3.css HTTP/1.1" 200 13892 "http://www.straman.de/" "Mozilla/5.0 (iPad; CPU OS 6_1_3 like Mac OS X) AppleWebKit/536.26 (KHTML, like Gecko) Version/6.0 Mobile/10B329 Safari/8536.25"
93.220.29.8 - - [02/Oct/2013:07:12:19 +0200] "GET /templates/gk_penguinmail/css/override.css HTTP/1.1" 200 3916 "http://www.straman.de/" "Mozilla/5.0 (iPad; CPU OS 6_1_3 like Mac OS X) AppleWebKit/536.26 (KHTML, like Gecko) Version/6.0 Mobile/10B329 Safari/8536.25"
93.220.29.8 - - [02/Oct/2013:07:12:19 +0200] "GET /templates/gk_penguinmail/css/menu/mega.css HTTP/1.1" 200 4575 "http://www.straman.de/" "Mozilla/5.0 (iPad; CPU OS 6_1_3 like Mac OS X) AppleWebKit/536.26 (KHTML, like Gecko) Version/6.0 Mobile/10B329 Safari/8536.25"
93.220.29.8 - - [02/Oct/2013:07:12:19 +0200] "GET /templates/gk_penguinmail/fonts/PT-Seans/stylesheet.css HTTP/1.1" 200 2445 "http://www.straman.de/" "Mozilla/5.0 (iPad; CPU OS 6_1_3 like Mac OS X) AppleWebKit/536.26 (KHTML, like Gecko) Version/6.0 Mobile/10B329 Safari/8536.25"
93.220.29.8 - - [02/Oct/2013:07:12:19 +0200] "GET /media/system/js/mootools.js HTTP/1.1" 200 74434 "http://www.straman.de/" "Mozilla/5.0 (iPad; CPU OS 6_1_3 like Mac OS X) AppleWebKit/536.26 (KHTML, like Gecko) Version/6.0 Mobile/10B329 Safari/8536.25"
93.220.29.8 - - [02/Oct/2013:07:12:19 +0200] "GET /templates/gk_penguinmail/js/domready_fix.js HTTP/1.1" 200 1340 "http://www.straman.de/" "Mozilla/5.0 (iPad; CPU OS 6_1_3 like Mac OS X) AppleWebKit/536.26 (KHTML, like Gecko) Version/6.0 Mobile/10B329 Safari/8536.25"
93.220.29.8 - - [02/Oct/2013:07:12:19 +0200] "GET /media/system/js/caption.js HTTP/1.1" 200 1963 "http://www.straman.de/" "Mozilla/5.0 (iPad; CPU OS 6_1_3 like Mac OS X) AppleWebKit/536.26 (KHTML, like Gecko) Version/6.0 Mobile/10B329 Safari/8536.25"
93.220.29.8 - - [02/Oct/2013:07:12:19 +0200] "GET /templates/gk_penguinmail/js/gk.script.js HTTP/1.1" 200 4585 "http://www.straman.de/" "Mozilla/5.0 (iPad; CPU OS 6_1_3 like Mac OS X) AppleWebKit/536.26 (KHTML, like Gecko) Version/6.0 Mobile/10B329 Safari/8536.25"
93.220.29.8 - - [02/Oct/2013:07:12:19 +0200] "GET /templates/gk_penguinmail/js/menu/mega.js HTTP/1.1" 200 12974 "http://www.straman.de/" "Mozilla/5.0 (iPad; CPU OS 6_1_3 like Mac OS X) AppleWebKit/536.26 (KHTML, like Gecko) Version/6.0 Mobile/10B329 Safari/8536.25"
93.220.29.8 - - [02/Oct/2013:07:12:20 +0200] "GET /images/kontaktformular.jpg HTTP/1.1" 200 42791 "http://www.straman.de/" "Mozilla/5.0 (iPad; CPU OS 6_1_3 like Mac OS X) AppleWebKit/536.26 (KHTML, like Gecko) Version/6.0 Mobile/10B329 Safari/8536.25"
93.220.29.8 - - [02/Oct/2013:07:12:20 +0200] "GET /templates/gk_penguinmail/images/style3/glow.jpg HTTP/1.1" 200 18301 "http://www.straman.de/" "Mozilla/5.0 (iPad; CPU OS 6_1_3 like Mac OS X) AppleWebKit/536.26 (KHTML, like Gecko) Version/6.0 Mobile/10B329 Safari/8536.25"
93.220.29.8 - - [02/Oct/2013:07:12:20 +0200] "GET /templates/gk_penguinmail/images/style3/menu_sprite.png HTTP/1.1" 200 450 "http://www.straman.de/" "Mozilla/5.0 (iPad; CPU OS 6_1_3 like Mac OS X) AppleWebKit/536.26 (KHTML, like Gecko) Version/6.0 Mobile/10B329 Safari/8536.25"
93.220.29.8 - - [02/Oct/2013:07:12:20 +0200] "GET /images/header_neu.png HTTP/1.1" 200 340608 "http://www.straman.de/" "Mozilla/5.0 (iPad; CPU OS 6_1_3 like Mac OS X) AppleWebKit/536.26 (KHTML, like Gecko) Version/6.0 Mobile/10B329 Safari/8536.25"
93.220.29.8 - - [02/Oct/2013:07:12:20 +0200] "GET /templates/gk_penguinmail/images/logo.png HTTP/1.1" 200 6608 "http://www.straman.de/" "Mozilla/5.0 (iPad; CPU OS 6_1_3 like Mac OS X) AppleWebKit/536.26 (KHTML, like Gecko) Version/6.0 Mobile/10B329 Safari/8536.25"
93.220.29.8 - - [02/Oct/2013:07:12:20 +0200] "GET /templates/gk_penguinmail/images/menu_sprite.png HTTP/1.1" 404 2467 "http://www.straman.de/" "Mozilla/5.0 (iPad; CPU OS 6_1_3 like Mac OS X) AppleWebKit/536.26 (KHTML, like Gecko) Version/6.0 Mobile/10B329 Safari/8536.25"
65.55.52.96 - - [02/Oct/2013:07:13:31 +0200] "GET /robots.txt HTTP/1.1" 200 304 "-" "Mozilla/5.0 (compatible; bingbot/2.0; +http://www.bing.com/bingbot.htm)"
65.55.52.96 - - [02/Oct/2013:07:13:59 +0200] "GET /servicebereiche/uebersichtgebaeudemanagement/gebaeudemanagement.html HTTP/1.1" 200 19513 "-" "Mozilla/5.0 (compatible; bingbot/2.0; +http://www.bing.com/bingbot.htm)"
180.76.6.16 - - [02/Oct/2013:07:15:24 +0200] "GET /robots.txt HTTP/1.1" 200 304 "-" "Mozilla/5.0 (Windows NT 5.1; rv:6.0.2) Gecko/20100101 Firefox/6.0.2"
88.75.178.120 - - [02/Oct/2013:07:42:36 +0200] "GET / HTTP/1.1" 200 18077 "http://www.google.de/aclk?sa=L&ai=Cc_xoBbJLUviIN--T0wXCnoCAD-mv--cF8Ya5goMBrfXCCBACKAhQ8-SEiPv_____AWCV-vCBjAeQAQLIAQGpAlBHg7jLrrY-qgQmT9DknHGscezPfOcnGw0Auvrikn1KkIcZ9bRUVttSPpB6qaJghhCAB5mN80E&num=5&sig=AOD64_2p_LyHsQBIyo-N5YxBb-CdfUpx2g&rct=j&frm=1&q=reinigungsservice+berlin&ved=0CKIBENEMOAo&adurl=http://www.straman.de" "Mozilla/5.0 (compatible; MSIE 9.0; Windows NT 6.0; Trident/5.0)"
88.75.178.120 - - [02/Oct/2013:07:42:37 +0200] "GET /templates/system/css/system.css HTTP/1.1" 200 1385 "http://www.straman.de/" "Mozilla/5.0 (compatible; MSIE 9.0; Windows NT 6.0; Trident/5.0)"
88.75.178.120 - - [02/Oct/2013:07:42:37 +0200] "GET /templates/gk_penguinmail/css/addons.css HTTP/1.1" 200 2644 "http://www.straman.de/" "Mozilla/5.0 (compatible; MSIE 9.0; Windows NT 6.0; Trident/5.0)"
88.75.178.120 - - [02/Oct/2013:07:42:37 +0200] "GET /templates/gk_penguinmail/css/style3.css HTTP/1.1" 200 13892 "http://www.straman.de/" "Mozilla/5.0 (compatible; MSIE 9.0; Windows NT 6.0; Trident/5.0)"
88.75.178.120 - - [02/Oct/2013:07:42:37 +0200] "GET /templates/gk_penguinmail/css/css3_style3.css HTTP/1.1" 200 2980 "http://www.straman.de/" "Mozilla/5.0 (compatible; MSIE 9.0; Windows NT 6.0; Trident/5.0)"
88.75.178.120 - - [02/Oct/2013:07:42:37 +0200] "GET /templates/gk_penguinmail/css/template.css HTTP/1.1" 200 9192 "http://www.straman.de/" "Mozilla/5.0 (compatible; MSIE 9.0; Windows NT 6.0; Trident/5.0)"
88.75.178.120 - - [02/Oct/2013:07:42:37 +0200] "GET /templates/gk_penguinmail/css/typo.css HTTP/1.1" 200 15356 "http://www.straman.de/" "Mozilla/5.0 (compatible; MSIE 9.0; Windows NT 6.0; Trident/5.0)"
88.75.178.120 - - [02/Oct/2013:07:42:37 +0200] "GET /templates/gk_penguinmail/css/override.css HTTP/1.1" 200 3916 "http://www.straman.de/" "Mozilla/5.0 (compatible; MSIE 9.0; Windows NT 6.0; Trident/5.0)"
88.75.178.120 - - [02/Oct/2013:07:42:37 +0200] "GET /templates/gk_penguinmail/js/domready_fix.js HTTP/1.1" 200 1340 "http://www.straman.de/" "Mozilla/5.0 (compatible; MSIE 9.0; Windows NT 6.0; Trident/5.0)"
88.75.178.120 - - [02/Oct/2013:07:42:37 +0200] "GET /templates/gk_penguinmail/js/gk.script.js HTTP/1.1" 200 4585 "http://www.straman.de/" "Mozilla/5.0 (compatible; MSIE 9.0; Windows NT 6.0; Trident/5.0)"
88.75.178.120 - - [02/Oct/2013:07:42:37 +0200] "GET /templates/gk_penguinmail/css/layout.css HTTP/1.1" 200 1684 "http://www.straman.de/" "Mozilla/5.0 (compatible; MSIE 9.0; Windows NT 6.0; Trident/5.0)"
88.75.178.120 - - [02/Oct/2013:07:42:37 +0200] "GET /templates/gk_penguinmail/css/joomla.css HTTP/1.1" 200 14242 "http://www.straman.de/" "Mozilla/5.0 (compatible; MSIE 9.0; Windows NT 6.0; Trident/5.0)"
88.75.178.120 - - [02/Oct/2013:07:42:37 +0200] "GET /templates/gk_penguinmail/css/gk_stuff.css HTTP/1.1" 200 12799 "http://www.straman.de/" "Mozilla/5.0 (compatible; MSIE 9.0; Windows NT 6.0; Trident/5.0)"
88.75.178.120 - - [02/Oct/2013:07:42:37 +0200] "GET /media/system/js/caption.js HTTP/1.1" 200 1963 "http://www.straman.de/" "Mozilla/5.0 (compatible; MSIE 9.0; Windows NT 6.0; Trident/5.0)"
88.75.178.120 - - [02/Oct/2013:07:42:37 +0200] "GET /templates/system/css/general.css HTTP/1.1" 200 2777 "http://www.straman.de/" "Mozilla/5.0 (compatible; MSIE 9.0; Windows NT 6.0; Trident/5.0)"
88.75.178.120 - - [02/Oct/2013:07:42:37 +0200] "GET /templates/gk_penguinmail/css/menu/mega.css HTTP/1.1" 200 4575 "http://www.straman.de/" "Mozilla/5.0 (compatible; MSIE 9.0; Windows NT 6.0; Trident/5.0)"
88.75.178.120 - - [02/Oct/2013:07:42:37 +0200] "GET /templates/gk_penguinmail/js/menu/mega.js HTTP/1.1" 200 12974 "http://www.straman.de/" "Mozilla/5.0 (compatible; MSIE 9.0; Windows NT 6.0; Trident/5.0)"
88.75.178.120 - - [02/Oct/2013:07:42:37 +0200] "GET /media/system/js/mootools.js HTTP/1.1" 200 74434 "http://www.straman.de/" "Mozilla/5.0 (compatible; MSIE 9.0; Windows NT 6.0; Trident/5.0)"
88.75.178.120 - - [02/Oct/2013:07:42:37 +0200] "GET /templates/gk_penguinmail/fonts/PT-Seans/stylesheet.css HTTP/1.1" 200 2445 "http://www.straman.de/" "Mozilla/5.0 (compatible; MSIE 9.0; Windows NT 6.0; Trident/5.0)"
88.75.178.120 - - [02/Oct/2013:07:42:37 +0200] "GET /images/kontaktformular.jpg HTTP/1.1" 200 42791 "http://www.straman.de/" "Mozilla/5.0 (compatible; MSIE 9.0; Windows NT 6.0; Trident/5.0)"
88.75.178.120 - - [02/Oct/2013:07:42:37 +0200] "GET /images/header_neu.png HTTP/1.1" 200 340608 "http://www.straman.de/" "Mozilla/5.0 (compatible; MSIE 9.0; Windows NT 6.0; Trident/5.0)"
88.75.178.120 - - [02/Oct/2013:07:42:38 +0200] "GET /templates/gk_penguinmail/images/logo.png HTTP/1.1" 200 6608 "http://www.straman.de/" "Mozilla/5.0 (compatible; MSIE 9.0; Windows NT 6.0; Trident/5.0)"
