89.204.153.179 - - [06/Oct/2013:20:36:50 +0200] "GET /referenzen.html HTTP/1.1" 200 352473 "http://www.straman.de/kontakt.html" "Mozilla/5.0 (iPad; CPU OS 7_0_2 like Mac OS X) AppleWebKit/537.51.1 (KHTML, like Gecko) Version/7.0 Mobile/11A501 Safari/9537.53"
89.204.153.179 - - [06/Oct/2013:20:36:52 +0200] "GET /images/banner_besch_728x90.jpg HTTP/1.1" 200 634555 "http://www.straman.de/referenzen.html" "Mozilla/5.0 (iPad; CPU OS 7_0_2 like Mac OS X) AppleWebKit/537.51.1 (KHTML, like Gecko) Version/7.0 Mobile/11A501 Safari/9537.53"
89.204.153.179 - - [06/Oct/2013:20:37:18 +0200] "GET /kontakt.html HTTP/1.1" 200 18534 "http://www.straman.de/news.html" "Mozilla/5.0 (iPad; CPU OS 7_0_2 like Mac OS X) AppleWebKit/537.51.1 (KHTML, like Gecko) Version/7.0 Mobile/11A501 Safari/9537.53"
89.204.153.179 - - [06/Oct/2013:20:37:27 +0200] "GET /downloadbereich.html HTTP/1.1" 200 17891 "http://www.straman.de/kontakt.html" "Mozilla/5.0 (iPad; CPU OS 7_0_2 like Mac OS X) AppleWebKit/537.51.1 (KHTML, like Gecko) Version/7.0 Mobile/11A501 Safari/9537.53"
89.204.153.179 - - [06/Oct/2013:20:37:27 +0200] "GET /templates/gk_penguinmail/css/template_download.css HTTP/1.1" 200 107 "http://www.straman.de/downloadbereich.html" "Mozilla/5.0 (iPad; CPU OS 7_0_2 like Mac OS X) AppleWebKit/537.51.1 (KHTML, like Gecko) Version/7.0 Mobile/11A501 Safari/9537.53"
89.204.153.179 - - [06/Oct/2013:20:37:28 +0200] "GET /images/header_orange.png HTTP/1.1" 200 36919 "http://www.straman.de/downloadbereich.html" "Mozilla/5.0 (iPad; CPU OS 7_0_2 like Mac OS X) AppleWebKit/537.51.1 (KHTML, like Gecko) Version/7.0 Mobile/11A501 Safari/9537.53"
89.204.153.179 - - [06/Oct/2013:20:37:28 +0200] "GET /images/M_images/pdf_button.png HTTP/1.1" 200 582 "http://www.straman.de/downloadbereich.html" "Mozilla/5.0 (iPad; CPU OS 7_0_2 like Mac OS X) AppleWebKit/537.51.1 (KHTML, like Gecko) Version/7.0 Mobile/11A501 Safari/9537.53"
89.204.153.179 - - [06/Oct/2013:20:37:28 +0200] "GET /templates/gk_penguinmail/images/red1.jpg HTTP/1.1" 200 34987 "http://www.straman.de/downloadbereich.html" "Mozilla/5.0 (iPad; CPU OS 7_0_2 like Mac OS X) AppleWebKit/537.51.1 (KHTML, like Gecko) Version/7.0 Mobile/11A501 Safari/9537.53"
89.204.153.179 - - [06/Oct/2013:20:37:37 +0200] "GET / HTTP/1.1" 200 18408 "https://www.google.de/" "Mozilla/5.0 (iPad; CPU OS 7_0_2 like Mac OS X) AppleWebKit/537.51.1 (KHTML, like Gecko) Version/7.0 Mobile/11A501 Safari/9537.53"
89.204.153.179 - - [06/Oct/2013:20:37:44 +0200] "GET /servicebereiche/gruenanlagenpflege.html HTTP/1.1" 200 21899 "http://www.straman.de/" "Mozilla/5.0 (iPad; CPU OS 7_0_2 like Mac OS X) AppleWebKit/537.51.1 (KHTML, like Gecko) Version/7.0 Mobile/11A501 Safari/9537.53"
89.204.153.179 - - [06/Oct/2013:20:37:45 +0200] "GET /templates/gk_penguinmail/css/template_gruenanlage.css HTTP/1.1" 200 114 "http://www.straman.de/servicebereiche/gruenanlagenpflege.html" "Mozilla/5.0 (iPad; CPU OS 7_0_2 like Mac OS X) AppleWebKit/537.51.1 (KHTML, like Gecko) Version/7.0 Mobile/11A501 Safari/9537.53"
89.204.153.179 - - [06/Oct/2013:20:37:45 +0200] "GET /templates/gk_penguinmail/images/gruen1.png HTTP/1.1" 200 65374 "http://www.straman.de/servicebereiche/gruenanlagenpflege.html" "Mozilla/5.0 (iPad; CPU OS 7_0_2 like Mac OS X) AppleWebKit/537.51.1 (KHTML, like Gecko) Version/7.0 Mobile/11A501 Safari/9537.53"
89.204.153.179 - - [06/Oct/2013:20:37:45 +0200] "GET /images/galabau_001.jpg HTTP/1.1" 200 110927 "http://www.straman.de/servicebereiche/gruenanlagenpflege.html" "Mozilla/5.0 (iPad; CPU OS 7_0_2 like Mac OS X) AppleWebKit/537.51.1 (KHTML, like Gecko) Version/7.0 Mobile/11A501 Safari/9537.53"
89.204.153.179 - - [06/Oct/2013:20:38:06 +0200] "GET /unternehmen/jobs.html HTTP/1.1" 200 22582 "http://www.straman.de/servicebereiche/gruenanlagenpflege.html" "Mozilla/5.0 (iPad; CPU OS 7_0_2 like Mac OS X) AppleWebKit/537.51.1 (KHTML, like Gecko) Version/7.0 Mobile/11A501 Safari/9537.53"
89.204.153.179 - - [06/Oct/2013:20:39:18 +0200] "GET /unternehmen/jobs.html HTTP/1.1" 200 22582 "http://www.straman.de/servicebereiche/gruenanlagenpflege.html" "Mozilla/5.0 (iPad; CPU OS 7_0_2 like Mac OS X) AppleWebKit/537.51.1 (KHTML, like Gecko) Version/7.0 Mobile/11A501 Safari/9537.53"
89.204.153.179 - - [06/Oct/2013:20:39:18 +0200] "GET /servicebereiche/gruenanlagenpflege.html HTTP/1.1" 200 21899 "http://www.straman.de/" "Mozilla/5.0 (iPad; CPU OS 7_0_2 like Mac OS X) AppleWebKit/537.51.1 (KHTML, like Gecko) Version/7.0 Mobile/11A501 Safari/9537.53"
89.204.153.179 - - [06/Oct/2013:20:39:24 +0200] "GET /component/content/article/34-garten-und-landschaftsbau/74-gewerbegruenpflege.html HTTP/1.1" 200 20295 "http://www.straman.de/servicebereiche/gruenanlagenpflege.html" "Mozilla/5.0 (iPad; CPU OS 7_0_2 like Mac OS X) AppleWebKit/537.51.1 (KHTML, like Gecko) Version/7.0 Mobile/11A501 Safari/9537.53"
89.204.153.179 - - [06/Oct/2013:20:39:25 +0200] "GET /component/content/article/34-garten-und-landschaftsbau/74-gewerbegruenpflege.html HTTP/1.1" 200 20295 "http://www.straman.de/servicebereiche/gruenanlagenpflege.html" "Mozilla/5.0 (iPad; CPU OS 7_0_2 like Mac OS X) AppleWebKit/537.51.1 (KHTML, like Gecko) Version/7.0 Mobile/11A501 Safari/9537.53"
89.204.153.179 - - [06/Oct/2013:20:39:25 +0200] "GET /component/content/article/34-garten-und-landschaftsbau/74-gewerbegruenpflege.html HTTP/1.1" 200 20295 "http://www.straman.de/servicebereiche/gruenanlagenpflege.html" "Mozilla/5.0 (iPad; CPU OS 7_0_2 like Mac OS X) AppleWebKit/537.51.1 (KHTML, like Gecko) Version/7.0 Mobile/11A501 Safari/9537.53"
89.204.153.179 - - [06/Oct/2013:20:39:25 +0200] "GET /component/content/article/34-garten-und-landschaftsbau/74-gewerbegruenpflege.html HTTP/1.1" 200 20295 "http://www.straman.de/servicebereiche/gruenanlagenpflege.html" "Mozilla/5.0 (iPad; CPU OS 7_0_2 like Mac OS X) AppleWebKit/537.51.1 (KHTML, like Gecko) Version/7.0 Mobile/11A501 Safari/9537.53"
89.204.153.179 - - [06/Oct/2013:20:39:26 +0200] "GET /component/content/article/34-garten-und-landschaftsbau/74-gewerbegruenpflege.html HTTP/1.1" 200 20295 "http://www.straman.de/servicebereiche/gruenanlagenpflege.html" "Mozilla/5.0 (iPad; CPU OS 7_0_2 like Mac OS X) AppleWebKit/537.51.1 (KHTML, like Gecko) Version/7.0 Mobile/11A501 Safari/9537.53"
89.204.153.179 - - [06/Oct/2013:20:39:27 +0200] "GET /images/glastour_020.jpg HTTP/1.1" 200 80249 "http://www.straman.de/component/content/article/34-garten-und-landschaftsbau/74-gewerbegruenpflege.html" "Mozilla/5.0 (iPad; CPU OS 7_0_2 like Mac OS X) AppleWebKit/537.51.1 (KHTML, like Gecko) Version/7.0 Mobile/11A501 Safari/9537.53"
89.204.153.179 - - [06/Oct/2013:20:39:47 +0200] "GET / HTTP/1.1" 200 18408 "https://www.google.de/" "Mozilla/5.0 (iPad; CPU OS 7_0_2 like Mac OS X) AppleWebKit/537.51.1 (KHTML, like Gecko) Version/7.0 Mobile/11A501 Safari/9537.53"
89.204.153.179 - - [06/Oct/2013:20:39:48 +0200] "GET /news.html HTTP/1.1" 200 31501 "http://www.straman.de/" "Mozilla/5.0 (iPad; CPU OS 7_0_2 like Mac OS X) AppleWebKit/537.51.1 (KHTML, like Gecko) Version/7.0 Mobile/11A501 Safari/9537.53"
89.204.153.179 - - [06/Oct/2013:20:40:51 +0200] "GET /downloadbereich.html HTTP/1.1" 200 17891 "http://www.straman.de/kontakt.html" "Mozilla/5.0 (iPad; CPU OS 7_0_2 like Mac OS X) AppleWebKit/537.51.1 (KHTML, like Gecko) Version/7.0 Mobile/11A501 Safari/9537.53"
89.204.153.179 - - [06/Oct/2013:20:40:53 +0200] "GET /downloadbereich.html HTTP/1.1" 200 17891 "http://www.straman.de/kontakt.html" "Mozilla/5.0 (iPad; CPU OS 7_0_2 like Mac OS X) AppleWebKit/537.51.1 (KHTML, like Gecko) Version/7.0 Mobile/11A501 Safari/9537.53"
89.204.153.179 - - [06/Oct/2013:20:40:54 +0200] "GET /templates/system/css/system.css HTTP/1.1" 304 - "http://www.straman.de/" "Mozilla/5.0 (iPad; CPU OS 7_0_2 like Mac OS X) AppleWebKit/537.51.1 (KHTML, like Gecko) Version/7.0 Mobile/11A501 Safari/9537.53"
89.204.153.179 - - [06/Oct/2013:20:40:54 +0200] "GET /templates/gk_penguinmail/css/gk_stuff.css HTTP/1.1" 304 - "http://www.straman.de/" "Mozilla/5.0 (iPad; CPU OS 7_0_2 like Mac OS X) AppleWebKit/537.51.1 (KHTML, like Gecko) Version/7.0 Mobile/11A501 Safari/9537.53"
89.204.153.179 - - [06/Oct/2013:20:40:54 +0200] "GET /templates/gk_penguinmail/css/addons.css HTTP/1.1" 304 - "http://www.straman.de/" "Mozilla/5.0 (iPad; CPU OS 7_0_2 like Mac OS X) AppleWebKit/537.51.1 (KHTML, like Gecko) Version/7.0 Mobile/11A501 Safari/9537.53"
89.204.153.179 - - [06/Oct/2013:20:40:54 +0200] "GET /templates/system/css/general.css HTTP/1.1" 304 - "http://www.straman.de/" "Mozilla/5.0 (iPad; CPU OS 7_0_2 like Mac OS X) AppleWebKit/537.51.1 (KHTML, like Gecko) Version/7.0 Mobile/11A501 Safari/9537.53"
89.204.153.179 - - [06/Oct/2013:20:40:54 +0200] "GET /templates/gk_penguinmail/css/joomla.css HTTP/1.1" 304 - "http://www.straman.de/" "Mozilla/5.0 (iPad; CPU OS 7_0_2 like Mac OS X) AppleWebKit/537.51.1 (KHTML, like Gecko) Version/7.0 Mobile/11A501 Safari/9537.53"
89.204.153.179 - - [06/Oct/2013:20:40:54 +0200] "GET /templates/gk_penguinmail/css/template.css HTTP/1.1" 304 - "http://www.straman.de/" "Mozilla/5.0 (iPad; CPU OS 7_0_2 like Mac OS X) AppleWebKit/537.51.1 (KHTML, like Gecko) Version/7.0 Mobile/11A501 Safari/9537.53"
89.204.153.179 - - [06/Oct/2013:20:40:54 +0200] "GET /templates/gk_penguinmail/css/layout.css HTTP/1.1" 304 - "http://www.straman.de/" "Mozilla/5.0 (iPad; CPU OS 7_0_2 like Mac OS X) AppleWebKit/537.51.1 (KHTML, like Gecko) Version/7.0 Mobile/11A501 Safari/9537.53"
89.204.153.179 - - [06/Oct/2013:20:40:54 +0200] "GET /templates/gk_penguinmail/css/css3_style3.css HTTP/1.1" 304 - "http://www.straman.de/" "Mozilla/5.0 (iPad; CPU OS 7_0_2 like Mac OS X) AppleWebKit/537.51.1 (KHTML, like Gecko) Version/7.0 Mobile/11A501 Safari/9537.53"
89.204.153.179 - - [06/Oct/2013:20:40:54 +0200] "GET /templates/gk_penguinmail/css/style3.css HTTP/1.1" 304 - "http://www.straman.de/" "Mozilla/5.0 (iPad; CPU OS 7_0_2 like Mac OS X) AppleWebKit/537.51.1 (KHTML, like Gecko) Version/7.0 Mobile/11A501 Safari/9537.53"
89.204.153.179 - - [06/Oct/2013:20:40:54 +0200] "GET /templates/gk_penguinmail/css/override.css HTTP/1.1" 304 - "http://www.straman.de/" "Mozilla/5.0 (iPad; CPU OS 7_0_2 like Mac OS X) AppleWebKit/537.51.1 (KHTML, like Gecko) Version/7.0 Mobile/11A501 Safari/9537.53"
89.204.153.179 - - [06/Oct/2013:20:40:54 +0200] "GET /templates/gk_penguinmail/css/menu/mega.css HTTP/1.1" 304 - "http://www.straman.de/" "Mozilla/5.0 (iPad; CPU OS 7_0_2 like Mac OS X) AppleWebKit/537.51.1 (KHTML, like Gecko) Version/7.0 Mobile/11A501 Safari/9537.53"
89.204.153.179 - - [06/Oct/2013:20:40:54 +0200] "GET /templates/gk_penguinmail/fonts/PT-Seans/stylesheet.css HTTP/1.1" 304 - "http://www.straman.de/" "Mozilla/5.0 (iPad; CPU OS 7_0_2 like Mac OS X) AppleWebKit/537.51.1 (KHTML, like Gecko) Version/7.0 Mobile/11A501 Safari/9537.53"
89.204.153.179 - - [06/Oct/2013:20:40:54 +0200] "GET /templates/gk_penguinmail/css/typo.css HTTP/1.1" 304 - "http://www.straman.de/" "Mozilla/5.0 (iPad; CPU OS 7_0_2 like Mac OS X) AppleWebKit/537.51.1 (KHTML, like Gecko) Version/7.0 Mobile/11A501 Safari/9537.53"
89.204.153.179 - - [06/Oct/2013:20:40:54 +0200] "GET /templates/gk_penguinmail/css/template_download.css HTTP/1.1" 304 - "http://www.straman.de/downloadbereich.html" "Mozilla/5.0 (iPad; CPU OS 7_0_2 like Mac OS X) AppleWebKit/537.51.1 (KHTML, like Gecko) Version/7.0 Mobile/11A501 Safari/9537.53"
89.204.153.179 - - [06/Oct/2013:20:40:54 +0200] "GET /media/system/js/mootools.js HTTP/1.1" 304 - "http://www.straman.de/" "Mozilla/5.0 (iPad; CPU OS 7_0_2 like Mac OS X) AppleWebKit/537.51.1 (KHTML, like Gecko) Version/7.0 Mobile/11A501 Safari/9537.53"
89.204.153.179 - - [06/Oct/2013:20:40:54 +0200] "GET /templates/gk_penguinmail/js/domready_fix.js HTTP/1.1" 304 - "http://www.straman.de/" "Mozilla/5.0 (iPad; CPU OS 7_0_2 like Mac OS X) AppleWebKit/537.51.1 (KHTML, like Gecko) Version/7.0 Mobile/11A501 Safari/9537.53"
89.204.153.179 - - [06/Oct/2013:20:40:54 +0200] "GET /media/system/js/caption.js HTTP/1.1" 304 - "http://www.straman.de/" "Mozilla/5.0 (iPad; CPU OS 7_0_2 like Mac OS X) AppleWebKit/537.51.1 (KHTML, like Gecko) Version/7.0 Mobile/11A501 Safari/9537.53"
89.204.153.179 - - [06/Oct/2013:20:40:54 +0200] "GET /templates/gk_penguinmail/js/menu/mega.js HTTP/1.1" 304 - "http://www.straman.de/" "Mozilla/5.0 (iPad; CPU OS 7_0_2 like Mac OS X) AppleWebKit/537.51.1 (KHTML, like Gecko) Version/7.0 Mobile/11A501 Safari/9537.53"
89.204.153.179 - - [06/Oct/2013:20:40:54 +0200] "GET /templates/gk_penguinmail/js/gk.script.js HTTP/1.1" 304 - "http://www.straman.de/" "Mozilla/5.0 (iPad; CPU OS 7_0_2 like Mac OS X) AppleWebKit/537.51.1 (KHTML, like Gecko) Version/7.0 Mobile/11A501 Safari/9537.53"
89.204.153.179 - - [06/Oct/2013:20:40:54 +0200] "GET /images/header_orange.png HTTP/1.1" 304 - "http://www.straman.de/downloadbereich.html" "Mozilla/5.0 (iPad; CPU OS 7_0_2 like Mac OS X) AppleWebKit/537.51.1 (KHTML, like Gecko) Version/7.0 Mobile/11A501 Safari/9537.53"
89.204.153.179 - - [06/Oct/2013:20:40:54 +0200] "GET /templates/gk_penguinmail/images/emailButton.png HTTP/1.1" 304 - "http://www.straman.de/news.html" "Mozilla/5.0 (iPad; CPU OS 7_0_2 like Mac OS X) AppleWebKit/537.51.1 (KHTML, like Gecko) Version/7.0 Mobile/11A501 Safari/9537.53"
89.204.153.179 - - [06/Oct/2013:20:40:54 +0200] "GET /templates/gk_penguinmail/images/pdf_button.png HTTP/1.1" 304 - "http://www.straman.de/news.html" "Mozilla/5.0 (iPad; CPU OS 7_0_2 like Mac OS X) AppleWebKit/537.51.1 (KHTML, like Gecko) Version/7.0 Mobile/11A501 Safari/9537.53"
89.204.153.179 - - [06/Oct/2013:20:40:54 +0200] "GET /images/M_images/pdf_button.png HTTP/1.1" 304 - "http://www.straman.de/downloadbereich.html" "Mozilla/5.0 (iPad; CPU OS 7_0_2 like Mac OS X) AppleWebKit/537.51.1 (KHTML, like Gecko) Version/7.0 Mobile/11A501 Safari/9537.53"
93.219.147.56 - - [06/Oct/2013:21:06:12 +0200] "GET / HTTP/1.1" 200 18407 "-" "Mozilla/5.0 (Windows; U; Windows NT 6.0; de; rv:1.9.2.3) Gecko/20100401 Firefox/3.6.3 ( .NET CLR 3.5.30729)"
208.115.113.87 - - [06/Oct/2013:21:10:05 +0200] "GET /robots.txt HTTP/1.1" 200 304 "-" "Mozilla/5.0 (compatible; Ezooms/1.0; ezooms.bot@gmail.com)"
66.249.78.60 - - [06/Oct/2013:21:31:18 +0200] "GET /component/mailto/?tmpl=component&link=2a87d82565abba294ed17a9b5faa7b8e009079f8 HTTP/1.1" 200 2687 "-" "Mozilla/5.0 (iPhone; U; CPU iPhone OS 4_1 like Mac OS X; en-us) AppleWebKit/532.9 (KHTML, like Gecko) Version/4.0.5 Mobile/8B117 Safari/6531.22.7 (compatible; Googlebot-Mobile/2.1; +http://www.google.com/bot.html)"
217.69.133.219 - - [06/Oct/2013:21:32:25 +0200] "GET /robots.txt HTTP/1.0" 200 304 "-" "Mozilla/5.0 (compatible; Linux x86_64; Mail.RU_Bot/2.0; +http://go.mail.ru/help/robots)"
217.69.133.215 - - [06/Oct/2013:21:32:26 +0200] "GET /unternehmen/jobs/58.html HTTP/1.0" 200 19045 "-" "Mozilla/5.0 (compatible; Linux x86_64; Mail.RU_Bot/2.0; +http://go.mail.ru/help/robots)"
72.14.199.137 - - [06/Oct/2013:21:33:22 +0200] "GET / HTTP/1.1" 200 8922 "-" "AdsBot-Google-Mobile (+http://www.google.com/mobile/adsbot.html) Mozilla (iPhone; U; CPU iPhone OS 3 0 like Mac OS X) AppleWebKit (KHTML, like Gecko) Mobile Safari"
72.14.199.137 - - [06/Oct/2013:21:33:44 +0200] "GET /images/header_index_980x185.png HTTP/1.1" 200 211631 "-" "AdsBot-Google (+http://www.google.com/adsbot.html)"
72.14.199.137 - - [06/Oct/2013:21:33:45 +0200] "GET /templates/gk_penguinmail/js/domready_fix.js HTTP/1.1" 200 1340 "-" "AdsBot-Google (+http://www.google.com/adsbot.html)"
72.14.199.137 - - [06/Oct/2013:21:33:44 +0200] "GET /media/system/js/mootools.js HTTP/1.1" 200 74434 "-" "AdsBot-Google (+http://www.google.com/adsbot.html)"
72.14.199.137 - - [06/Oct/2013:21:33:45 +0200] "GET /templates/gk_penguinmail/css/gk_stuff.css HTTP/1.1" 200 12799 "-" "AdsBot-Google (+http://www.google.com/adsbot.html)"
72.14.199.137 - - [06/Oct/2013:21:33:46 +0200] "GET /templates/gk_penguinmail/css/typo.css HTTP/1.1" 200 15356 "-" "AdsBot-Google (+http://www.google.com/adsbot.html)"
72.14.199.137 - - [06/Oct/2013:21:33:46 +0200] "GET /images/kontaktformular.jpg HTTP/1.1" 200 42791 "-" "AdsBot-Google (+http://www.google.com/adsbot.html)"
72.14.199.137 - - [06/Oct/2013:21:33:47 +0200] "GET /templates/gk_penguinmail/js/menu/mega.js HTTP/1.1" 200 12974 "-" "AdsBot-Google (+http://www.google.com/adsbot.html)"
72.14.199.137 - - [06/Oct/2013:21:33:47 +0200] "GET /templates/gk_penguinmail/css/css3_style3.css HTTP/1.1" 200 2980 "-" "AdsBot-Google (+http://www.google.com/adsbot.html)"
72.14.199.137 - - [06/Oct/2013:21:33:48 +0200] "GET /templates/gk_penguinmail/css/template.css HTTP/1.1" 200 9192 "-" "AdsBot-Google (+http://www.google.com/adsbot.html)"
72.14.199.137 - - [06/Oct/2013:21:33:48 +0200] "GET /templates/gk_penguinmail/fonts/PT-Seans/stylesheet.css HTTP/1.1" 200 2445 "-" "AdsBot-Google (+http://www.google.com/adsbot.html)"
72.14.199.137 - - [06/Oct/2013:21:33:48 +0200] "GET /templates/gk_penguinmail/css/layout.css HTTP/1.1" 200 1684 "-" "AdsBot-Google (+http://www.google.com/adsbot.html)"
72.14.199.137 - - [06/Oct/2013:21:33:49 +0200] "GET /templates/gk_penguinmail/js/gk.script.js HTTP/1.1" 200 4585 "-" "AdsBot-Google (+http://www.google.com/adsbot.html)"
72.14.199.137 - - [06/Oct/2013:21:33:49 +0200] "GET /templates/gk_penguinmail/css/style3.css HTTP/1.1" 200 13892 "-" "AdsBot-Google (+http://www.google.com/adsbot.html)"
72.14.199.137 - - [06/Oct/2013:21:33:50 +0200] "GET /templates/gk_penguinmail/css/handheld/iphone.css HTTP/1.1" 200 5360 "-" "AdsBot-Google-Mobile (+http://www.google.com/mobile/adsbot.html) Mozilla (iPhone; U; CPU iPhone OS 3 0 like Mac OS X) AppleWebKit (KHTML, like Gecko) Mobile Safari"
72.14.199.137 - - [06/Oct/2013:21:33:50 +0200] "GET /media/system/js/mootools.js HTTP/1.1" 200 74434 "-" "AdsBot-Google-Mobile (+http://www.google.com/mobile/adsbot.html) Mozilla (iPhone; U; CPU iPhone OS 3 0 like Mac OS X) AppleWebKit (KHTML, like Gecko) Mobile Safari"
72.14.199.137 - - [06/Oct/2013:21:33:51 +0200] "GET /templates/gk_penguinmail/css/menu/mega.css HTTP/1.1" 200 4575 "-" "AdsBot-Google (+http://www.google.com/adsbot.html)"
72.14.199.137 - - [06/Oct/2013:21:33:51 +0200] "GET /media/system/js/caption.js HTTP/1.1" 200 1963 "-" "AdsBot-Google (+http://www.google.com/adsbot.html)"
72.14.199.137 - - [06/Oct/2013:21:33:52 +0200] "GET /templates/system/css/general.css HTTP/1.1" 200 2777 "-" "AdsBot-Google (+http://www.google.com/adsbot.html)"
72.14.199.137 - - [06/Oct/2013:21:33:52 +0200] "GET /templates/system/css/system.css HTTP/1.1" 200 1385 "-" "AdsBot-Google (+http://www.google.com/adsbot.html)"
72.14.199.137 - - [06/Oct/2013:21:33:53 +0200] "GET /templates/gk_penguinmail/css/addons.css HTTP/1.1" 200 2644 "-" "AdsBot-Google (+http://www.google.com/adsbot.html)"
72.14.199.137 - - [06/Oct/2013:21:33:53 +0200] "GET /templates/gk_penguinmail/css/joomla.css HTTP/1.1" 200 14242 "-" "AdsBot-Google (+http://www.google.com/adsbot.html)"
72.14.199.137 - - [06/Oct/2013:21:33:54 +0200] "GET /templates/gk_penguinmail/js/iphone.js HTTP/1.1" 200 5379 "-" "AdsBot-Google-Mobile (+http://www.google.com/mobile/adsbot.html) Mozilla (iPhone; U; CPU iPhone OS 3 0 like Mac OS X) AppleWebKit (KHTML, like Gecko) Mobile Safari"
72.14.199.137 - - [06/Oct/2013:21:33:54 +0200] "GET /templates/gk_penguinmail/css/override.css HTTP/1.1" 200 3916 "-" "AdsBot-Google (+http://www.google.com/adsbot.html)"
72.14.199.137 - - [06/Oct/2013:21:33:54 +0200] "GET /templates/gk_penguinmail/css/template.css HTTP/1.1" 200 9192 "-" "AdsBot-Google-Mobile (+http://www.google.com/mobile/adsbot.html) Mozilla (iPhone; U; CPU iPhone OS 3 0 like Mac OS X) AppleWebKit (KHTML, like Gecko) Mobile Safari"
72.14.199.137 - - [06/Oct/2013:21:33:55 +0200] "GET /media/system/js/caption.js HTTP/1.1" 200 1963 "-" "AdsBot-Google-Mobile (+http://www.google.com/mobile/adsbot.html) Mozilla (iPhone; U; CPU iPhone OS 3 0 like Mac OS X) AppleWebKit (KHTML, like Gecko) Mobile Safari"
85.214.229.175 - - [06/Oct/2013:21:35:37 +0200] "GET /robots.txt HTTP/1.1" 200 304 "-" "Cliqzbot/0.1 (+http://cliqz.com +cliqzbot@cliqz.com)"
85.214.229.175 - - [06/Oct/2013:21:35:40 +0200] "GET / HTTP/1.1" 200 18411 "-" "Cliqzbot/0.1 (+http://cliqz.com +cliqzbot@cliqz.com)"
217.69.133.217 - - [06/Oct/2013:21:37:13 +0200] "GET /unternehmen/standorte.html HTTP/1.0" 200 19115 "-" "Mozilla/5.0 (compatible; Linux x86_64; Mail.RU_Bot/2.0; +http://go.mail.ru/help/robots)"
5.10.83.96 - - [06/Oct/2013:21:46:45 +0200] "GET /servicebereiche/uebersichtgebaeudemanagement.html HTTP/1.1" 200 19774 "-" "Mozilla/5.0 (compatible; AhrefsBot/5.0; +http://ahrefs.com/robot/)"
66.249.78.60 - - [06/Oct/2013:21:51:52 +0200] "GET /component/content/article/35-winterdienst/76-winterdienstfuerprivatkunden.html HTTP/1.1" 200 14009 "-" "Mozilla/5.0 (iPhone; U; CPU iPhone OS 4_1 like Mac OS X; en-us) AppleWebKit/532.9 (KHTML, like Gecko) Version/4.0.5 Mobile/8B117 Safari/6531.22.7 (compatible; Googlebot-Mobile/2.1; +http://www.google.com/bot.html)"
164.61.223.12 - - [06/Oct/2013:22:09:15 +0200] "GET /images/header_neu.png HTTP/1.1" 304 - "-" "Mozilla/4.0 (compatible;)"
93.219.147.56 - - [06/Oct/2013:22:14:42 +0200] "GET /servicebereiche/gruenanlagenpflege/privatgartenpflege.html HTTP/1.1" 200 21120 "-" "Mozilla/5.0 (Windows; U; Windows NT 6.0; de; rv:1.9.2.3) Gecko/20100401 Firefox/3.6.3 ( .NET CLR 3.5.30729)"
93.219.147.56 - - [06/Oct/2013:22:29:35 +0200] "GET /servicebereiche/winterdienst.html HTTP/1.1" 200 20520 "-" "Mozilla/5.0 (Windows; U; Windows NT 6.0; de; rv:1.9.2.3) Gecko/20100401 Firefox/3.6.3 ( .NET CLR 3.5.30729)"
93.219.147.56 - - [06/Oct/2013:22:35:58 +0200] "GET /unternehmen/partner.html HTTP/1.1" 200 19258 "-" "Mozilla/5.0 (Windows; U; Windows NT 6.0; de; rv:1.9.2.3) Gecko/20100401 Firefox/3.6.3 ( .NET CLR 3.5.30729)"
5.10.83.89 - - [06/Oct/2013:22:37:47 +0200] "GET /component/content/article/35-winterdienst/75-gewerblichekunden.html HTTP/1.1" 200 22048 "-" "Mozilla/5.0 (compatible; AhrefsBot/5.0; +http://ahrefs.com/robot/)"
93.219.147.56 - - [06/Oct/2013:22:45:15 +0200] "GET /unternehmen/impressum.html HTTP/1.1" 200 22647 "-" "Mozilla/5.0 (Windows; U; Windows NT 6.0; de; rv:1.9.2.3) Gecko/20100401 Firefox/3.6.3 ( .NET CLR 3.5.30729)"
93.219.147.56 - - [06/Oct/2013:22:55:30 +0200] "GET /servicebereiche/strassenreinigung.html HTTP/1.1" 200 20851 "-" "Mozilla/5.0 (Windows; U; Windows NT 6.0; de; rv:1.9.2.3) Gecko/20100401 Firefox/3.6.3 ( .NET CLR 3.5.30729)"
93.219.147.56 - - [06/Oct/2013:22:58:03 +0200] "GET /index.php?option=com_forme&fid=2&Itemid=65 HTTP/1.1" 200 21124 "-" "Mozilla/5.0 (Windows; U; Windows NT 6.0; de; rv:1.9.2.3) Gecko/20100401 Firefox/3.6.3 ( .NET CLR 3.5.30729)"
208.115.113.87 - - [06/Oct/2013:23:19:47 +0200] "GET /servicebereiche/strassenreinigung/58-sitemap.html?tmpl=component&print=1&page= HTTP/1.1" 200 3423 "-" "Mozilla/5.0 (compatible; Ezooms/1.0; ezooms.bot@gmail.com)"
93.219.147.56 - - [06/Oct/2013:23:23:36 +0200] "GET /servicebereiche/uebersichtgebaeudemanagement/infrastr-gebaeudemanagement.html HTTP/1.1" 200 19449 "-" "Mozilla/5.0 (Windows; U; Windows NT 6.0; de; rv:1.9.2.3) Gecko/20100401 Firefox/3.6.3 ( .NET CLR 3.5.30729)"
66.249.85.153 - - [06/Oct/2013:23:25:18 +0200] "GET / HTTP/1.1" 200 18377 "http://www.google.de/url?sa=t&rct=j&q=www.straman.de&source=web&cd=1&ved=0CDQQFjAA&url=http%3A%2F%2Fwww.straman.de%2F&ei=yNRRUq6vD7KUtwOVfQ&usg=AFQjCNEpeUQQKOp_93iUUo8XSnpqrpjMzA" "Mozilla/4.0 (compatible; MSIE 7.0; Windows NT 5.1; .NET CLR 1.1.4322; .NET CLR 2.0.50727; .NET CLR 3.0.04506.30)"
66.249.85.153 - - [06/Oct/2013:23:25:21 +0200] "GET /templates/system/css/system.css HTTP/1.1" 200 1385 "http://www.straman.de/" "Mozilla/4.0 (compatible; MSIE 7.0; Windows NT 5.1; .NET CLR 1.1.4322; .NET CLR 2.0.50727; .NET CLR 3.0.04506.30)"
66.249.85.153 - - [06/Oct/2013:23:25:21 +0200] "GET /templates/gk_penguinmail/css/layout.css HTTP/1.1" 200 1684 "http://www.straman.de/" "Mozilla/4.0 (compatible; MSIE 7.0; Windows NT 5.1; .NET CLR 1.1.4322; .NET CLR 2.0.50727; .NET CLR 3.0.04506.30)"
66.249.85.153 - - [06/Oct/2013:23:25:21 +0200] "GET /templates/system/css/general.css HTTP/1.1" 200 2777 "http://www.straman.de/" "Mozilla/4.0 (compatible; MSIE 7.0; Windows NT 5.1; .NET CLR 1.1.4322; .NET CLR 2.0.50727; .NET CLR 3.0.04506.30)"
66.249.85.153 - - [06/Oct/2013:23:25:21 +0200] "GET /templates/gk_penguinmail/css/addons.css HTTP/1.1" 200 2644 "http://www.straman.de/" "Mozilla/4.0 (compatible; MSIE 7.0; Windows NT 5.1; .NET CLR 1.1.4322; .NET CLR 2.0.50727; .NET CLR 3.0.04506.30)"
66.249.85.153 - - [06/Oct/2013:23:25:21 +0200] "GET /templates/gk_penguinmail/css/template.css HTTP/1.1" 200 9192 "http://www.straman.de/" "Mozilla/4.0 (compatible; MSIE 7.0; Windows NT 5.1; .NET CLR 1.1.4322; .NET CLR 2.0.50727; .NET CLR 3.0.04506.30)"
66.249.85.153 - - [06/Oct/2013:23:25:21 +0200] "GET /templates/gk_penguinmail/css/joomla.css HTTP/1.1" 200 14242 "http://www.straman.de/" "Mozilla/4.0 (compatible; MSIE 7.0; Windows NT 5.1; .NET CLR 1.1.4322; .NET CLR 2.0.50727; .NET CLR 3.0.04506.30)"
66.249.85.153 - - [06/Oct/2013:23:25:22 +0200] "GET /templates/gk_penguinmail/css/gk_stuff.css HTTP/1.1" 200 12799 "http://www.straman.de/" "Mozilla/4.0 (compatible; MSIE 7.0; Windows NT 5.1; .NET CLR 1.1.4322; .NET CLR 2.0.50727; .NET CLR 3.0.04506.30)"
66.249.85.153 - - [06/Oct/2013:23:25:22 +0200] "GET /templates/gk_penguinmail/css/css3_style3.css HTTP/1.1" 200 2980 "http://www.straman.de/" "Mozilla/4.0 (compatible; MSIE 7.0; Windows NT 5.1; .NET CLR 1.1.4322; .NET CLR 2.0.50727; .NET CLR 3.0.04506.30)"
66.249.85.153 - - [06/Oct/2013:23:25:22 +0200] "GET /templates/gk_penguinmail/css/typo.css HTTP/1.1" 200 15356 "http://www.straman.de/" "Mozilla/4.0 (compatible; MSIE 7.0; Windows NT 5.1; .NET CLR 1.1.4322; .NET CLR 2.0.50727; .NET CLR 3.0.04506.30)"
66.249.85.153 - - [06/Oct/2013:23:25:22 +0200] "GET /templates/gk_penguinmail/css/style3.css HTTP/1.1" 200 13892 "http://www.straman.de/" "Mozilla/4.0 (compatible; MSIE 7.0; Windows NT 5.1; .NET CLR 1.1.4322; .NET CLR 2.0.50727; .NET CLR 3.0.04506.30)"
66.249.85.153 - - [06/Oct/2013:23:25:23 +0200] "GET /templates/gk_penguinmail/css/override.css HTTP/1.1" 200 3916 "http://www.straman.de/" "Mozilla/4.0 (compatible; MSIE 7.0; Windows NT 5.1; .NET CLR 1.1.4322; .NET CLR 2.0.50727; .NET CLR 3.0.04506.30)"
66.249.85.153 - - [06/Oct/2013:23:25:23 +0200] "GET /media/system/js/mootools.js HTTP/1.1" 200 74434 "http://www.straman.de/" "Mozilla/4.0 (compatible; MSIE 7.0; Windows NT 5.1; .NET CLR 1.1.4322; .NET CLR 2.0.50727; .NET CLR 3.0.04506.30)"
66.249.85.153 - - [06/Oct/2013:23:25:24 +0200] "GET /templates/gk_penguinmail/js/domready_fix.js HTTP/1.1" 200 1340 "http://www.straman.de/" "Mozilla/4.0 (compatible; MSIE 7.0; Windows NT 5.1; .NET CLR 1.1.4322; .NET CLR 2.0.50727; .NET CLR 3.0.04506.30)"
66.249.85.153 - - [06/Oct/2013:23:25:24 +0200] "GET /media/system/js/caption.js HTTP/1.1" 200 1963 "http://www.straman.de/" "Mozilla/4.0 (compatible; MSIE 7.0; Windows NT 5.1; .NET CLR 1.1.4322; .NET CLR 2.0.50727; .NET CLR 3.0.04506.30)"
66.249.85.153 - - [06/Oct/2013:23:25:25 +0200] "GET /templates/gk_penguinmail/js/gk.script.js HTTP/1.1" 200 4585 "http://www.straman.de/" "Mozilla/4.0 (compatible; MSIE 7.0; Windows NT 5.1; .NET CLR 1.1.4322; .NET CLR 2.0.50727; .NET CLR 3.0.04506.30)"
66.249.85.153 - - [06/Oct/2013:23:25:25 +0200] "GET /templates/gk_penguinmail/css/ie.css HTTP/1.1" 200 1973 "http://www.straman.de/" "Mozilla/4.0 (compatible; MSIE 7.0; Windows NT 5.1; .NET CLR 1.1.4322; .NET CLR 2.0.50727; .NET CLR 3.0.04506.30)"
66.249.85.153 - - [06/Oct/2013:23:25:25 +0200] "GET /templates/gk_penguinmail/css/menu/mega.css HTTP/1.1" 200 4575 "http://www.straman.de/" "Mozilla/4.0 (compatible; MSIE 7.0; Windows NT 5.1; .NET CLR 1.1.4322; .NET CLR 2.0.50727; .NET CLR 3.0.04506.30)"
66.249.85.153 - - [06/Oct/2013:23:25:25 +0200] "GET /templates/gk_penguinmail/js/menu/mega.js HTTP/1.1" 200 12974 "http://www.straman.de/" "Mozilla/4.0 (compatible; MSIE 7.0; Windows NT 5.1; .NET CLR 1.1.4322; .NET CLR 2.0.50727; .NET CLR 3.0.04506.30)"
66.249.85.153 - - [06/Oct/2013:23:25:26 +0200] "GET /templates/gk_penguinmail/fonts/PT-Seans/stylesheet.css HTTP/1.1" 200 2445 "http://www.straman.de/" "Mozilla/4.0 (compatible; MSIE 7.0; Windows NT 5.1; .NET CLR 1.1.4322; .NET CLR 2.0.50727; .NET CLR 3.0.04506.30)"
66.249.85.153 - - [06/Oct/2013:23:25:26 +0200] "GET /templates/gk_penguinmail/images/style3/glow.jpg HTTP/1.1" 200 18301 "http://www.straman.de/" "Mozilla/4.0 (compatible; MSIE 7.0; Windows NT 5.1; .NET CLR 1.1.4322; .NET CLR 2.0.50727; .NET CLR 3.0.04506.30)"
66.249.85.153 - - [06/Oct/2013:23:25:26 +0200] "GET /templates/gk_penguinmail/images/style3/menu_sprite.png HTTP/1.1" 200 450 "http://www.straman.de/" "Mozilla/4.0 (compatible; MSIE 7.0; Windows NT 5.1; .NET CLR 1.1.4322; .NET CLR 2.0.50727; .NET CLR 3.0.04506.30)"
66.249.85.153 - - [06/Oct/2013:23:25:36 +0200] "GET /images/header_index_980x185.png HTTP/1.1" 200 211631 "http://www.straman.de/" "Mozilla/4.0 (compatible; MSIE 7.0; Windows NT 5.1; .NET CLR 1.1.4322; .NET CLR 2.0.50727; .NET CLR 3.0.04506.30)"
66.249.85.153 - - [06/Oct/2013:23:25:38 +0200] "GET /images/kontaktformular.jpg HTTP/1.1" 200 42791 "http://www.straman.de/" "Mozilla/4.0 (compatible; MSIE 7.0; Windows NT 5.1; .NET CLR 1.1.4322; .NET CLR 2.0.50727; .NET CLR 3.0.04506.30)"
66.249.85.153 - - [06/Oct/2013:23:25:44 +0200] "GET /templates/gk_penguinmail/images/menu_sprite.png HTTP/1.1" 404 2467 "http://www.straman.de/" "Mozilla/4.0 (compatible; MSIE 7.0; Windows NT 5.1; .NET CLR 1.1.4322; .NET CLR 2.0.50727; .NET CLR 3.0.04506.30)"
66.249.85.153 - - [06/Oct/2013:23:25:44 +0200] "GET /templates/gk_penguinmail/images/logo.png HTTP/1.1" 200 6608 "http://www.straman.de/" "Mozilla/4.0 (compatible; MSIE 7.0; Windows NT 5.1; .NET CLR 1.1.4322; .NET CLR 2.0.50727; .NET CLR 3.0.04506.30)"
66.249.85.153 - - [06/Oct/2013:23:25:52 +0200] "GET /templates/gk_penguinmail/favicon.ico HTTP/1.1" 200 5686 "-" "Mozilla/4.0 (compatible; MSIE 7.0; Windows NT 5.1; .NET CLR 1.1.4322; .NET CLR 2.0.50727; .NET CLR 3.0.04506.30)"
66.249.78.60 - - [06/Oct/2013:23:27:17 +0200] "GET /component/content/frontpage.html HTTP/1.1" 200 7088 "-" "Mozilla/5.0 (iPhone; U; CPU iPhone OS 4_1 like Mac OS X; en-us) AppleWebKit/532.9 (KHTML, like Gecko) Version/4.0.5 Mobile/8B117 Safari/6531.22.7 (compatible; Googlebot-Mobile/2.1; +http://www.google.com/bot.html)"
5.10.83.89 - - [06/Oct/2013:23:44:00 +0200] "GET /servicebereiche/gebaeudemanagement.html HTTP/1.1" 404 2467 "-" "Mozilla/5.0 (compatible; AhrefsBot/5.0; +http://ahrefs.com/robot/)"
54.202.98.128 - - [06/Oct/2013:23:52:51 +0200] "GET / HTTP/1.1" 200 18408 "http://www.ausergrubhof.info" "Mozilla/5.0 (Macintosh; Intel Mac OS X 10_8_4) AppleWebKit/536.30.1 (KHTML, like Gecko) Version/6.0.5 Safari/536.30.1"
54.202.98.128 - - [06/Oct/2013:23:54:12 +0200] "GET / HTTP/1.1" 200 18408 "http://www.ausergrubhof.info" "Mozilla/5.0 (Macintosh; Intel Mac OS X 10_8_4) AppleWebKit/536.30.1 (KHTML, like Gecko) Version/6.0.5 Safari/536.30.1"
93.219.147.56 - - [06/Oct/2013:23:58:00 +0200] "GET /kontakt.html HTTP/1.1" 200 18533 "-" "Mozilla/5.0 (Windows; U; Windows NT 6.0; de; rv:1.9.2.3) Gecko/20100401 Firefox/3.6.3 ( .NET CLR 3.5.30729)"
199.30.28.131 - - [06/Oct/2013:23:58:03 +0200] "GET /robots.txt HTTP/1.1" 200 304 "-" "msnbot-media/1.1 (+http://search.msn.com/msnbot.htm)"
93.219.147.56 - - [07/Oct/2013:00:09:24 +0200] "GET /servicebereiche/winterdienst/privatkunden.html HTTP/1.1" 200 23304 "-" "Mozilla/5.0 (Windows; U; Windows NT 6.0; de; rv:1.9.2.3) Gecko/20100401 Firefox/3.6.3 ( .NET CLR 3.5.30729)"
5.10.83.89 - - [07/Oct/2013:00:17:30 +0200] "GET /servicebereiche/winterdienst/58.html HTTP/1.1" 200 19063 "-" "Mozilla/5.0 (compatible; AhrefsBot/5.0; +http://ahrefs.com/robot/)"
65.55.52.96 - - [07/Oct/2013:00:18:55 +0200] "GET /robots.txt HTTP/1.1" 200 304 "-" "Mozilla/5.0 (compatible; bingbot/2.0; +http://www.bing.com/bingbot.htm)"
194.31.225.222 - - [07/Oct/2013:00:20:58 +0200] "GET /images/header3.png HTTP/1.1" 304 - "-" "Mozilla/4.0 (compatible;)"
65.55.52.96 - - [07/Oct/2013:00:24:20 +0200] "GET /unternehmen/impressum.html HTTP/1.1" 200 22651 "-" "Mozilla/5.0 (compatible; bingbot/2.0; +http://www.bing.com/bingbot.htm)"
77.185.61.206 - - [07/Oct/2013:00:24:37 +0200] "GET /servicebereiche/winterdienst.html HTTP/1.1" 200 20490 "http://www.google.de/aclk?sa=L&ai=CsZ1Gz-JRUtOaLeWs0gX0_4HYAemv--cFkZj4gZQBipSBDggAEAMoA1DYqJ-BBmCV-vCBjAeQAQTIAQGpAgk47emvvrY-qgQkT9Cc6c3J-76Oz11gWwmKDLAX2C1_0EsZyvPzbBn6RE47MwRjgAeZjfNB&sig=AOD64_2BEwe_Gp7Yk0NTqObKGr8avnamfg&rct=j&frm=1&q=winterdienst+in+berlin&ved=0CEAQ0Qw4Hg&adurl=http://www.straman.de/servicebereiche/winterdienst.html" "Mozilla/4.0 (compatible; MSIE 8.0; Windows NT 5.1; Trident/4.0; GTB7.5; InfoPath.2)"
77.185.61.206 - - [07/Oct/2013:00:24:38 +0200] "GET /templates/system/css/system.css HTTP/1.1" 200 1385 "http://www.straman.de/servicebereiche/winterdienst.html" "Mozilla/4.0 (compatible; MSIE 8.0; Windows NT 5.1; Trident/4.0; GTB7.5; InfoPath.2)"
77.185.61.206 - - [07/Oct/2013:00:24:38 +0200] "GET /templates/gk_penguinmail/css/layout.css HTTP/1.1" 200 1684 "http://www.straman.de/servicebereiche/winterdienst.html" "Mozilla/4.0 (compatible; MSIE 8.0; Windows NT 5.1; Trident/4.0; GTB7.5; InfoPath.2)"
77.185.61.206 - - [07/Oct/2013:00:24:38 +0200] "GET /templates/system/css/general.css HTTP/1.1" 200 2777 "http://www.straman.de/servicebereiche/winterdienst.html" "Mozilla/4.0 (compatible; MSIE 8.0; Windows NT 5.1; Trident/4.0; GTB7.5; InfoPath.2)"
77.185.61.206 - - [07/Oct/2013:00:24:38 +0200] "GET /templates/gk_penguinmail/css/addons.css HTTP/1.1" 200 2644 "http://www.straman.de/servicebereiche/winterdienst.html" "Mozilla/4.0 (compatible; MSIE 8.0; Windows NT 5.1; Trident/4.0; GTB7.5; InfoPath.2)"
77.185.61.206 - - [07/Oct/2013:00:24:38 +0200] "GET /templates/gk_penguinmail/css/template.css HTTP/1.1" 200 9192 "http://www.straman.de/servicebereiche/winterdienst.html" "Mozilla/4.0 (compatible; MSIE 8.0; Windows NT 5.1; Trident/4.0; GTB7.5; InfoPath.2)"
77.185.61.206 - - [07/Oct/2013:00:24:38 +0200] "GET /templates/gk_penguinmail/css/joomla.css HTTP/1.1" 200 14242 "http://www.straman.de/servicebereiche/winterdienst.html" "Mozilla/4.0 (compatible; MSIE 8.0; Windows NT 5.1; Trident/4.0; GTB7.5; InfoPath.2)"
77.185.61.206 - - [07/Oct/2013:00:24:38 +0200] "GET /templates/gk_penguinmail/css/gk_stuff.css HTTP/1.1" 200 12799 "http://www.straman.de/servicebereiche/winterdienst.html" "Mozilla/4.0 (compatible; MSIE 8.0; Windows NT 5.1; Trident/4.0; GTB7.5; InfoPath.2)"
77.185.61.206 - - [07/Oct/2013:00:24:38 +0200] "GET /templates/gk_penguinmail/css/typo.css HTTP/1.1" 200 15356 "http://www.straman.de/servicebereiche/winterdienst.html" "Mozilla/4.0 (compatible; MSIE 8.0; Windows NT 5.1; Trident/4.0; GTB7.5; InfoPath.2)"
77.185.61.206 - - [07/Oct/2013:00:24:38 +0200] "GET /templates/gk_penguinmail/css/override.css HTTP/1.1" 200 3916 "http://www.straman.de/servicebereiche/winterdienst.html" "Mozilla/4.0 (compatible; MSIE 8.0; Windows NT 5.1; Trident/4.0; GTB7.5; InfoPath.2)"
77.185.61.206 - - [07/Oct/2013:00:24:38 +0200] "GET /templates/gk_penguinmail/css/style3.css HTTP/1.1" 200 13892 "http://www.straman.de/servicebereiche/winterdienst.html" "Mozilla/4.0 (compatible; MSIE 8.0; Windows NT 5.1; Trident/4.0; GTB7.5; InfoPath.2)"
77.185.61.206 - - [07/Oct/2013:00:24:38 +0200] "GET /templates/gk_penguinmail/css/css3_style3.css HTTP/1.1" 200 2980 "http://www.straman.de/servicebereiche/winterdienst.html" "Mozilla/4.0 (compatible; MSIE 8.0; Windows NT 5.1; Trident/4.0; GTB7.5; InfoPath.2)"
77.185.61.206 - - [07/Oct/2013:00:24:39 +0200] "GET /media/system/js/mootools.js HTTP/1.1" 200 74434 "http://www.straman.de/servicebereiche/winterdienst.html" "Mozilla/4.0 (compatible; MSIE 8.0; Windows NT 5.1; Trident/4.0; GTB7.5; InfoPath.2)"
77.185.61.206 - - [07/Oct/2013:00:24:40 +0200] "GET /templates/gk_penguinmail/js/domready_fix.js HTTP/1.1" 200 1340 "http://www.straman.de/servicebereiche/winterdienst.html" "Mozilla/4.0 (compatible; MSIE 8.0; Windows NT 5.1; Trident/4.0; GTB7.5; InfoPath.2)"
77.185.61.206 - - [07/Oct/2013:00:24:40 +0200] "GET /media/system/js/caption.js HTTP/1.1" 200 1963 "http://www.straman.de/servicebereiche/winterdienst.html" "Mozilla/4.0 (compatible; MSIE 8.0; Windows NT 5.1; Trident/4.0; GTB7.5; InfoPath.2)"
77.185.61.206 - - [07/Oct/2013:00:24:41 +0200] "GET /templates/gk_penguinmail/js/gk.script.js HTTP/1.1" 200 4585 "http://www.straman.de/servicebereiche/winterdienst.html" "Mozilla/4.0 (compatible; MSIE 8.0; Windows NT 5.1; Trident/4.0; GTB7.5; InfoPath.2)"
77.185.61.206 - - [07/Oct/2013:00:24:41 +0200] "GET /templates/gk_penguinmail/css/menu/mega.css HTTP/1.1" 200 4575 "http://www.straman.de/servicebereiche/winterdienst.html" "Mozilla/4.0 (compatible; MSIE 8.0; Windows NT 5.1; Trident/4.0; GTB7.5; InfoPath.2)"
77.185.61.206 - - [07/Oct/2013:00:24:41 +0200] "GET /templates/gk_penguinmail/js/menu/mega.js HTTP/1.1" 200 12974 "http://www.straman.de/servicebereiche/winterdienst.html" "Mozilla/4.0 (compatible; MSIE 8.0; Windows NT 5.1; Trident/4.0; GTB7.5; InfoPath.2)"
77.185.61.206 - - [07/Oct/2013:00:24:41 +0200] "GET /templates/gk_penguinmail/css/ie8.css HTTP/1.1" 200 1153 "http://www.straman.de/servicebereiche/winterdienst.html" "Mozilla/4.0 (compatible; MSIE 8.0; Windows NT 5.1; Trident/4.0; GTB7.5; InfoPath.2)"
77.185.61.206 - - [07/Oct/2013:00:24:42 +0200] "GET /templates/gk_penguinmail/fonts/PT-Seans/stylesheet.css HTTP/1.1" 200 2445 "http://www.straman.de/servicebereiche/winterdienst.html" "Mozilla/4.0 (compatible; MSIE 8.0; Windows NT 5.1; Trident/4.0; GTB7.5; InfoPath.2)"
77.185.61.206 - - [07/Oct/2013:00:24:42 +0200] "GET /templates/gk_penguinmail/css/template_winterdienst.css HTTP/1.1" 200 109 "http://www.straman.de/servicebereiche/winterdienst.html" "Mozilla/4.0 (compatible; MSIE 8.0; Windows NT 5.1; Trident/4.0; GTB7.5; InfoPath.2)"
77.185.61.206 - - [07/Oct/2013:00:24:42 +0200] "GET /templates/gk_penguinmail/fonts/PT-Seans/PTN57F-webfont.eot HTTP/1.1" 200 25908 "http://www.straman.de/servicebereiche/winterdienst.html" "Mozilla/4.0 (compatible; MSIE 8.0; Windows NT 5.1; Trident/4.0; GTB7.5; InfoPath.2)"
77.185.61.206 - - [07/Oct/2013:00:24:42 +0200] "GET /templates/gk_penguinmail/fonts/PT-Seans/PTS55F-webfont.eot HTTP/1.1" 200 26928 "http://www.straman.de/servicebereiche/winterdienst.html" "Mozilla/4.0 (compatible; MSIE 8.0; Windows NT 5.1; Trident/4.0; GTB7.5; InfoPath.2)"
77.185.61.206 - - [07/Oct/2013:00:24:42 +0200] "GET /templates/gk_penguinmail/fonts/PT-Seans/PTC75F-webfont.eot HTTP/1.1" 200 26512 "http://www.straman.de/servicebereiche/winterdienst.html" "Mozilla/4.0 (compatible; MSIE 8.0; Windows NT 5.1; Trident/4.0; GTB7.5; InfoPath.2)"
77.185.61.206 - - [07/Oct/2013:00:24:42 +0200] "GET /templates/gk_penguinmail/images/grau2.jpg HTTP/1.1" 200 25139 "http://www.straman.de/servicebereiche/winterdienst.html" "Mozilla/4.0 (compatible; MSIE 8.0; Windows NT 5.1; Trident/4.0; GTB7.5; InfoPath.2)"
77.185.61.206 - - [07/Oct/2013:00:24:42 +0200] "GET /templates/gk_penguinmail/fonts/PT-Seans/PTN77F-webfont.eot HTTP/1.1" 200 25028 "http://www.straman.de/servicebereiche/winterdienst.html" "Mozilla/4.0 (compatible; MSIE 8.0; Windows NT 5.1; Trident/4.0; GTB7.5; InfoPath.2)"
77.185.61.206 - - [07/Oct/2013:00:24:42 +0200] "GET /templates/gk_penguinmail/images/style3/menu_sprite.png HTTP/1.1" 200 450 "http://www.straman.de/servicebereiche/winterdienst.html" "Mozilla/4.0 (compatible; MSIE 8.0; Windows NT 5.1; Trident/4.0; GTB7.5; InfoPath.2)"
77.185.61.206 - - [07/Oct/2013:00:24:42 +0200] "GET /templates/gk_penguinmail/fonts/PT-Seans/PTS75F-webfont.eot HTTP/1.1" 200 25456 "http://www.straman.de/servicebereiche/winterdienst.html" "Mozilla/4.0 (compatible; MSIE 8.0; Windows NT 5.1; Trident/4.0; GTB7.5; InfoPath.2)"
77.185.61.206 - - [07/Oct/2013:00:24:42 +0200] "GET /templates/gk_penguinmail/fonts/PT-Seans/PTS76F-webfont.eot HTTP/1.1" 200 29352 "http://www.straman.de/servicebereiche/winterdienst.html" "Mozilla/4.0 (compatible; MSIE 8.0; Windows NT 5.1; Trident/4.0; GTB7.5; InfoPath.2)"
77.185.61.206 - - [07/Oct/2013:00:24:42 +0200] "GET /templates/gk_penguinmail/fonts/PT-Seans/PTC55F-webfont.eot HTTP/1.1" 200 27716 "http://www.straman.de/servicebereiche/winterdienst.html" "Mozilla/4.0 (compatible; MSIE 8.0; Windows NT 5.1; Trident/4.0; GTB7.5; InfoPath.2)"
77.185.61.206 - - [07/Oct/2013:00:24:42 +0200] "GET /templates/gk_penguinmail/fonts/PT-Seans/PTS56F-webfont.eot HTTP/1.1" 200 30512 "http://www.straman.de/servicebereiche/winterdienst.html" "Mozilla/4.0 (compatible; MSIE 8.0; Windows NT 5.1; Trident/4.0; GTB7.5; InfoPath.2)"
77.185.61.206 - - [07/Oct/2013:00:24:42 +0200] "GET /images/header_orange.png HTTP/1.1" 200 36919 "http://www.straman.de/servicebereiche/winterdienst.html" "Mozilla/4.0 (compatible; MSIE 8.0; Windows NT 5.1; Trident/4.0; GTB7.5; InfoPath.2)"
77.185.61.206 - - [07/Oct/2013:00:24:42 +0200] "GET /templates/gk_penguinmail/images/logo.png HTTP/1.1" 200 6608 "http://www.straman.de/servicebereiche/winterdienst.html" "Mozilla/4.0 (compatible; MSIE 8.0; Windows NT 5.1; Trident/4.0; GTB7.5; InfoPath.2)"
77.185.61.206 - - [07/Oct/2013:00:24:42 +0200] "GET /templates/gk_penguinmail/images/emailButton.png HTTP/1.1" 200 365 "http://www.straman.de/servicebereiche/winterdienst.html" "Mozilla/4.0 (compatible; MSIE 8.0; Windows NT 5.1; Trident/4.0; GTB7.5; InfoPath.2)"
77.185.61.206 - - [07/Oct/2013:00:24:42 +0200] "GET /templates/gk_penguinmail/images/printButton.png HTTP/1.1" 200 442 "http://www.straman.de/servicebereiche/winterdienst.html" "Mozilla/4.0 (compatible; MSIE 8.0; Windows NT 5.1; Trident/4.0; GTB7.5; InfoPath.2)"
77.185.61.206 - - [07/Oct/2013:00:24:42 +0200] "GET /templates/gk_penguinmail/images/toolsFont.png HTTP/1.1" 200 467 "http://www.straman.de/servicebereiche/winterdienst.html" "Mozilla/4.0 (compatible; MSIE 8.0; Windows NT 5.1; Trident/4.0; GTB7.5; InfoPath.2)"
77.185.61.206 - - [07/Oct/2013:00:24:42 +0200] "GET /templates/gk_penguinmail/images/menu_sprite.png HTTP/1.1" 404 2467 "http://www.straman.de/servicebereiche/winterdienst.html" "Mozilla/4.0 (compatible; MSIE 8.0; Windows NT 5.1; Trident/4.0; GTB7.5; InfoPath.2)"
77.185.61.206 - - [07/Oct/2013:00:24:42 +0200] "GET /images/winterdienst_001.jpg HTTP/1.1" 200 107331 "http://www.straman.de/servicebereiche/winterdienst.html" "Mozilla/4.0 (compatible; MSIE 8.0; Windows NT 5.1; Trident/4.0; GTB7.5; InfoPath.2)"
77.185.61.206 - - [07/Oct/2013:00:24:42 +0200] "GET /templates/gk_penguinmail/favicon.ico HTTP/1.1" 200 5686 "-" "Mozilla/4.0 (compatible; MSIE 8.0; Windows NT 5.1; Trident/4.0; GTB7.5; InfoPath.2)"
77.185.61.206 - - [07/Oct/2013:00:24:51 +0200] "GET /kontakt.html HTTP/1.1" 200 18503 "http://www.straman.de/servicebereiche/winterdienst.html" "Mozilla/4.0 (compatible; MSIE 8.0; Windows NT 5.1; Trident/4.0; GTB7.5; InfoPath.2)"
77.185.61.206 - - [07/Oct/2013:00:24:52 +0200] "GET /templates/gk_penguinmail/css/template_unterseiten.css HTTP/1.1" 200 115 "http://www.straman.de/kontakt.html" "Mozilla/4.0 (compatible; MSIE 8.0; Windows NT 5.1; Trident/4.0; GTB7.5; InfoPath.2)"
77.185.61.206 - - [07/Oct/2013:00:24:52 +0200] "GET /templates/gk_penguinmail/images/style3/glow.jpg HTTP/1.1" 200 18301 "http://www.straman.de/kontakt.html" "Mozilla/4.0 (compatible; MSIE 8.0; Windows NT 5.1; Trident/4.0; GTB7.5; InfoPath.2)"
77.185.61.206 - - [07/Oct/2013:00:24:52 +0200] "GET /images/header3.png HTTP/1.1" 200 29760 "http://www.straman.de/kontakt.html" "Mozilla/4.0 (compatible; MSIE 8.0; Windows NT 5.1; Trident/4.0; GTB7.5; InfoPath.2)"
77.185.61.206 - - [07/Oct/2013:00:24:52 +0200] "GET /templates/gk_penguinmail/images/button.png HTTP/1.1" 200 87 "http://www.straman.de/kontakt.html" "Mozilla/4.0 (compatible; MSIE 8.0; Windows NT 5.1; Trident/4.0; GTB7.5; InfoPath.2)"
77.185.61.206 - - [07/Oct/2013:00:24:52 +0200] "GET /templates/gk_penguinmail/images/menu_sprite.png HTTP/1.1" 404 2467 "http://www.straman.de/kontakt.html" "Mozilla/4.0 (compatible; MSIE 8.0; Windows NT 5.1; Trident/4.0; GTB7.5; InfoPath.2)"
77.185.61.206 - - [07/Oct/2013:00:24:59 +0200] "GET /unternehmen/standorte.html HTTP/1.1" 200 19081 "http://www.straman.de/kontakt.html" "Mozilla/4.0 (compatible; MSIE 8.0; Windows NT 5.1; Trident/4.0; GTB7.5; InfoPath.2)"
77.185.61.206 - - [07/Oct/2013:00:25:00 +0200] "GET /images/karte-standorte.png HTTP/1.1" 200 62546 "http://www.straman.de/unternehmen/standorte.html" "Mozilla/4.0 (compatible; MSIE 8.0; Windows NT 5.1; Trident/4.0; GTB7.5; InfoPath.2)"
77.185.61.206 - - [07/Oct/2013:00:25:00 +0200] "GET /templates/gk_penguinmail/images/menu_sprite.png HTTP/1.1" 404 2467 "http://www.straman.de/unternehmen/standorte.html" "Mozilla/4.0 (compatible; MSIE 8.0; Windows NT 5.1; Trident/4.0; GTB7.5; InfoPath.2)"
77.185.61.206 - - [07/Oct/2013:00:26:01 +0200] "GET /templates/gk_penguinmail/images/menu_sprite.png HTTP/1.1" 404 2467 "http://www.straman.de/kontakt.html" "Mozilla/4.0 (compatible; MSIE 8.0; Windows NT 5.1; Trident/4.0; GTB7.5; InfoPath.2)"
93.219.147.56 - - [07/Oct/2013:00:26:10 +0200] "GET /servicebereiche/gruenanlagenpflege.html HTTP/1.1" 200 21898 "-" "Mozilla/5.0 (Windows; U; Windows NT 6.0; de; rv:1.9.2.3) Gecko/20100401 Firefox/3.6.3 ( .NET CLR 3.5.30729)"
77.185.61.206 - - [07/Oct/2013:00:26:12 +0200] "GET /templates/gk_penguinmail/images/menu_sprite.png HTTP/1.1" 404 2467 "http://www.straman.de/servicebereiche/winterdienst.html" "Mozilla/4.0 (compatible; MSIE 8.0; Windows NT 5.1; Trident/4.0; GTB7.5; InfoPath.2)"
66.249.78.60 - - [07/Oct/2013:00:32:05 +0200] "GET /component/mailto/?tmpl=component&link=4d090a7d0dad0ed1b40abd9c35a75b7faac292cb HTTP/1.1" 200 2687 "-" "Mozilla/5.0 (iPhone; U; CPU iPhone OS 4_1 like Mac OS X; en-us) AppleWebKit/532.9 (KHTML, like Gecko) Version/4.0.5 Mobile/8B117 Safari/6531.22.7 (compatible; Googlebot-Mobile/2.1; +http://www.google.com/bot.html)"
93.219.147.56 - - [07/Oct/2013:00:42:02 +0200] "GET /servicebereiche/uebersichtgebaeudemanagement/gebaeudemanagement.html HTTP/1.1" 200 19516 "-" "Mozilla/5.0 (Windows; U; Windows NT 6.0; de; rv:1.9.2.3) Gecko/20100401 Firefox/3.6.3 ( .NET CLR 3.5.30729)"
93.219.147.56 - - [07/Oct/2013:00:46:36 +0200] "GET /referenzen.html HTTP/1.1" 200 352472 "-" "Mozilla/5.0 (Windows; U; Windows NT 6.0; de; rv:1.9.2.3) Gecko/20100401 Firefox/3.6.3 ( .NET CLR 3.5.30729)"
157.55.34.166 - - [07/Oct/2013:00:54:08 +0200] "GET /servicebereiche/strassenreinigung/58.html HTTP/1.1" 200 19125 "-" "Mozilla/5.0 (compatible; bingbot/2.0; +http://www.bing.com/bingbot.htm)"
93.219.147.56 - - [07/Oct/2013:01:16:23 +0200] "GET /index.php HTTP/1.1" 200 18425 "-" "Mozilla/5.0 (Windows; U; Windows NT 6.0; de; rv:1.9.2.3) Gecko/20100401 Firefox/3.6.3 ( .NET CLR 3.5.30729)"
93.219.147.56 - - [07/Oct/2013:01:25:35 +0200] "GET /downloadbereich.html HTTP/1.1" 200 17890 "-" "Mozilla/5.0 (Windows; U; Windows NT 6.0; de; rv:1.9.2.3) Gecko/20100401 Firefox/3.6.3 ( .NET CLR 3.5.30729)"
157.55.33.253 - - [07/Oct/2013:01:34:10 +0200] "GET /unternehmen/jobs.html?tmpl=component&print=1&page= HTTP/1.1" 200 6952 "-" "Mozilla/5.0 (compatible; bingbot/2.0; +http://www.bing.com/bingbot.htm)"
157.55.34.166 - - [07/Oct/2013:01:39:37 +0200] "GET /servicebereiche/kontakt.html HTTP/1.1" 404 2467 "-" "Mozilla/5.0 (compatible; bingbot/2.0; +http://www.bing.com/bingbot.htm)"
93.219.147.56 - - [07/Oct/2013:01:39:52 +0200] "GET /servicebereiche/uebersichtgebaeudemanagement.html HTTP/1.1" 200 19770 "-" "Mozilla/5.0 (Windows; U; Windows NT 6.0; de; rv:1.9.2.3) Gecko/20100401 Firefox/3.6.3 ( .NET CLR 3.5.30729)"
5.10.83.22 - - [07/Oct/2013:01:44:33 +0200] "GET /component/content/article/35-winterdienst/76-winterdienstfuerprivatkunden.html HTTP/1.1" 200 22289 "-" "Mozilla/5.0 (compatible; AhrefsBot/5.0; +http://ahrefs.com/robot/)"
66.249.78.60 - - [07/Oct/2013:01:44:39 +0200] "GET / HTTP/1.1" 200 8922 "-" "Mozilla/5.0 (iPhone; U; CPU iPhone OS 4_1 like Mac OS X; en-us) AppleWebKit/532.9 (KHTML, like Gecko) Version/4.0.5 Mobile/8B117 Safari/6531.22.7 (compatible; Googlebot-Mobile/2.1; +http://www.google.com/bot.html)"
93.219.147.56 - - [07/Oct/2013:01:49:39 +0200] "GET /index.php?option=com_user&view=login HTTP/1.1" 200 19663 "-" "Mozilla/5.0 (Windows; U; Windows NT 6.0; de; rv:1.9.2.3) Gecko/20100401 Firefox/3.6.3 ( .NET CLR 3.5.30729)"
93.219.147.56 - - [07/Oct/2013:01:52:47 +0200] "GET /servicebereiche/winterdienst/gewerbliche-kunden.html HTTP/1.1" 200 23143 "-" "Mozilla/5.0 (Windows; U; Windows NT 6.0; de; rv:1.9.2.3) Gecko/20100401 Firefox/3.6.3 ( .NET CLR 3.5.30729)"
93.219.147.56 - - [07/Oct/2013:01:55:57 +0200] "GET /unternehmen/imagevideo-straman.html HTTP/1.1" 200 17521 "-" "Mozilla/5.0 (Windows; U; Windows NT 6.0; de; rv:1.9.2.3) Gecko/20100401 Firefox/3.6.3 ( .NET CLR 3.5.30729)"
93.219.147.56 - - [07/Oct/2013:01:58:13 +0200] "GET /unternehmen/standorte.html HTTP/1.1" 200 19111 "-" "Mozilla/5.0 (Windows; U; Windows NT 6.0; de; rv:1.9.2.3) Gecko/20100401 Firefox/3.6.3 ( .NET CLR 3.5.30729)"
5.10.83.30 - - [07/Oct/2013:01:59:39 +0200] "GET /component/user/login.html HTTP/1.1" 200 19683 "-" "Mozilla/5.0 (compatible; AhrefsBot/5.0; +http://ahrefs.com/robot/)"
93.219.147.56 - - [07/Oct/2013:02:33:15 +0200] "GET /unternehmen/historie.html HTTP/1.1" 200 17614 "-" "Mozilla/5.0 (Windows; U; Windows NT 6.0; de; rv:1.9.2.3) Gecko/20100401 Firefox/3.6.3 ( .NET CLR 3.5.30729)"
31.148.246.211 - - [07/Oct/2013:02:39:18 +0200] "GET /kontakt.html HTTP/1.1" 200 18533 "-" "Mozilla/5.0 (X11; U; Linux x86_64; en-US; rv:1.9.2.9) Gecko/20100915 Gentoo Firefox/3.6.9"
93.219.147.56 - - [07/Oct/2013:02:40:50 +0200] "GET /component/content/article/58.html HTTP/1.1" 200 17982 "-" "Mozilla/5.0 (Windows; U; Windows NT 6.0; de; rv:1.9.2.3) Gecko/20100401 Firefox/3.6.3 ( .NET CLR 3.5.30729)"
93.219.147.56 - - [07/Oct/2013:02:52:31 +0200] "GET /news.html HTTP/1.1" 200 31500 "-" "Mozilla/5.0 (Windows; U; Windows NT 6.0; de; rv:1.9.2.3) Gecko/20100401 Firefox/3.6.3 ( .NET CLR 3.5.30729)"
5.10.83.50 - - [07/Oct/2013:02:54:25 +0200] "GET /unternehmen/jobs/58.html HTTP/1.1" 200 19045 "-" "Mozilla/5.0 (compatible; AhrefsBot/5.0; +http://ahrefs.com/robot/)"
