188.40.116.74 - - [08/Aug/2013:23:33:48 +0200] "GET /component/forme/?=&fid=2 HTTP/1.1" 200 19161 "http://www.straman.de/component/forme/?fid=2&=" "Mozilla/4.0 (compatible; MSIE 7.0; Windows NT 5.1; .NET CLR 2.0.50727)"
188.40.116.74 - - [08/Aug/2013:23:33:48 +0200] "GET /component/forme/ HTTP/1.1" 200 15330 "http://www.straman.de/component/forme/?=&fid=2" "Mozilla/4.0 (compatible; MSIE 7.0; Windows NT 5.1; .NET CLR 2.0.50727)"
188.40.116.74 - - [08/Aug/2013:23:33:48 +0200] "GET /unternehmen/imagevideo-straman.pdf HTTP/1.1" 200 239850 "http://www.straman.de/component/forme/" "Mozilla/4.0 (compatible; MSIE 7.0; Windows NT 5.1; .NET CLR 2.0.50727)"
188.40.116.74 - - [08/Aug/2013:23:33:49 +0200] "GET /component/mailto/?link=a0f90e3f2e376ffb85cf3950f8f5ab75a77cab80&tmpl=component HTTP/1.1" 200 2687 "http://www.straman.de/unternehmen/imagevideo-straman.pdf" "Mozilla/4.0 (compatible; MSIE 7.0; Windows NT 5.1; .NET CLR 2.0.50727)"
188.40.116.74 - - [08/Aug/2013:23:33:49 +0200] "GET /news/58-sitemap.html HTTP/1.1" 200 16970 "http://www.straman.de/component/mailto/?link=a0f90e3f2e376ffb85cf3950f8f5ab75a77cab80&tmpl=component" "Mozilla/4.0 (compatible; MSIE 7.0; Windows NT 5.1; .NET CLR 2.0.50727)"
188.40.116.74 - - [08/Aug/2013:23:33:49 +0200] "GET /unternehmen/imagevideo-straman.html?page=&tmpl=component&print=1 HTTP/1.1" 200 1994 "http://www.straman.de/news/58-sitemap.html" "Mozilla/4.0 (compatible; MSIE 7.0; Windows NT 5.1; .NET CLR 2.0.50727)"
188.40.116.74 - - [08/Aug/2013:23:33:49 +0200] "GET /referenzen/58-sitemap.html?page=&tmpl=component&print=1 HTTP/1.1" 200 3342 "http://www.straman.de/unternehmen/imagevideo-straman.html?page=&tmpl=component&print=1" "Mozilla/4.0 (compatible; MSIE 7.0; Windows NT 5.1; .NET CLR 2.0.50727)"
188.40.116.74 - - [08/Aug/2013:23:33:50 +0200] "GET /referenzen/58-sitemap.html HTTP/1.1" 200 17248 "http://www.straman.de/referenzen/58-sitemap.html?page=&tmpl=component&print=1" "Mozilla/4.0 (compatible; MSIE 7.0; Windows NT 5.1; .NET CLR 2.0.50727)"
188.40.116.74 - - [08/Aug/2013:23:33:50 +0200] "GET /unternehmen/jobs.html?page=&tmpl=component&print=1 HTTP/1.1" 200 7010 "http://www.straman.de/referenzen/58-sitemap.html" "Mozilla/4.0 (compatible; MSIE 7.0; Windows NT 5.1; .NET CLR 2.0.50727)"
188.40.116.74 - - [08/Aug/2013:23:33:50 +0200] "GET /news/64-internetseite-relaunched.html?layout=default&page=&tmpl=component&print=1 HTTP/1.1" 200 2355 "http://www.straman.de/unternehmen/jobs.html?page=&tmpl=component&print=1" "Mozilla/4.0 (compatible; MSIE 7.0; Windows NT 5.1; .NET CLR 2.0.50727)"
188.40.116.74 - - [08/Aug/2013:23:33:50 +0200] "GET /news/64-internetseite-relaunched.html HTTP/1.1" 200 16046 "http://www.straman.de/news/64-internetseite-relaunched.html?layout=default&page=&tmpl=component&print=1" "Mozilla/4.0 (compatible; MSIE 7.0; Windows NT 5.1; .NET CLR 2.0.50727)"
188.40.116.74 - - [08/Aug/2013:23:33:51 +0200] "GET /component/mailto/?link=2a87d82565abba294ed17a9b5faa7b8e009079f8&tmpl=component HTTP/1.1" 200 2687 "http://www.straman.de/news/64-internetseite-relaunched.html" "Mozilla/4.0 (compatible; MSIE 7.0; Windows NT 5.1; .NET CLR 2.0.50727)"
188.40.116.74 - - [08/Aug/2013:23:33:51 +0200] "GET /component/forme/?fid=2 HTTP/1.1" 200 19159 "http://www.straman.de/component/mailto/?link=2a87d82565abba294ed17a9b5faa7b8e009079f8&tmpl=component" "Mozilla/4.0 (compatible; MSIE 7.0; Windows NT 5.1; .NET CLR 2.0.50727)"
188.40.116.74 - - [08/Aug/2013:23:33:51 +0200] "GET /unternehmen/partner.html HTTP/1.1" 200 16721 "http://www.straman.de/component/forme/?fid=2" "Mozilla/4.0 (compatible; MSIE 7.0; Windows NT 5.1; .NET CLR 2.0.50727)"
188.40.116.74 - - [08/Aug/2013:23:33:51 +0200] "GET /component/mailto/?link=0d980a49ecc516c36b2d6fc67ea6eb75596bed49&tmpl=component HTTP/1.1" 200 2687 "http://www.straman.de/unternehmen/partner.html" "Mozilla/4.0 (compatible; MSIE 7.0; Windows NT 5.1; .NET CLR 2.0.50727)"
188.40.116.74 - - [08/Aug/2013:23:33:51 +0200] "GET /unternehmen/partner.html?page=&tmpl=component&print=1 HTTP/1.1" 200 2991 "http://www.straman.de/component/mailto/?link=0d980a49ecc516c36b2d6fc67ea6eb75596bed49&tmpl=component" "Mozilla/4.0 (compatible; MSIE 7.0; Windows NT 5.1; .NET CLR 2.0.50727)"
188.40.116.74 - - [08/Aug/2013:23:33:52 +0200] "GET /unternehmen/partner/58.html HTTP/1.1" 200 17087 "http://www.straman.de/unternehmen/partner.html?page=&tmpl=component&print=1" "Mozilla/4.0 (compatible; MSIE 7.0; Windows NT 5.1; .NET CLR 2.0.50727)"
188.40.116.74 - - [08/Aug/2013:23:33:52 +0200] "GET /unternehmen/partner/58-sitemap.html?page=&tmpl=component&print=1 HTTP/1.1" 200 3351 "http://www.straman.de/unternehmen/partner/58.html" "Mozilla/4.0 (compatible; MSIE 7.0; Windows NT 5.1; .NET CLR 2.0.50727)"
188.40.116.74 - - [08/Aug/2013:23:33:52 +0200] "GET /servicebereiche/winterdienst.html HTTP/1.1" 200 27609 "http://www.straman.de/unternehmen/partner/58-sitemap.html?page=&tmpl=component&print=1" "Mozilla/4.0 (compatible; MSIE 7.0; Windows NT 5.1; .NET CLR 2.0.50727)"
188.40.116.74 - - [08/Aug/2013:23:33:52 +0200] "GET /servicebereiche/winterdienst.html?page=&tmpl=component&print=1 HTTP/1.1" 200 12156 "http://www.straman.de/servicebereiche/winterdienst.html" "Mozilla/4.0 (compatible; MSIE 7.0; Windows NT 5.1; .NET CLR 2.0.50727)"
188.40.116.74 - - [08/Aug/2013:23:33:53 +0200] "GET /component/mailto/?link=802c38c8dade244e9c14da84cbe12cb64c4e79eb&tmpl=component HTTP/1.1" 200 2687 "http://www.straman.de/servicebereiche/winterdienst.html?page=&tmpl=component&print=1" "Mozilla/4.0 (compatible; MSIE 7.0; Windows NT 5.1; .NET CLR 2.0.50727)"
188.40.116.74 - - [08/Aug/2013:23:33:53 +0200] "GET /servicebereiche/winterdienst/58.html HTTP/1.1" 200 18820 "http://www.straman.de/component/mailto/?link=802c38c8dade244e9c14da84cbe12cb64c4e79eb&tmpl=component" "Mozilla/4.0 (compatible; MSIE 7.0; Windows NT 5.1; .NET CLR 2.0.50727)"
188.40.116.74 - - [08/Aug/2013:23:33:53 +0200] "GET /servicebereiche/winterdienst/58-sitemap.html?page=&tmpl=component&print=1 HTTP/1.1" 200 3361 "http://www.straman.de/servicebereiche/winterdienst/58.html" "Mozilla/4.0 (compatible; MSIE 7.0; Windows NT 5.1; .NET CLR 2.0.50727)"
188.40.116.74 - - [08/Aug/2013:23:33:53 +0200] "GET /servicebereiche/winterdienst/58-sitemap.html HTTP/1.1" 200 18836 "http://www.straman.de/servicebereiche/winterdienst/58-sitemap.html?page=&tmpl=component&print=1" "Mozilla/4.0 (compatible; MSIE 7.0; Windows NT 5.1; .NET CLR 2.0.50727)"
188.40.116.74 - - [08/Aug/2013:23:33:54 +0200] "GET /unternehmen/partner/58-sitemap.html HTTP/1.1" 200 17103 "http://www.straman.de/servicebereiche/winterdienst/58-sitemap.html" "Mozilla/4.0 (compatible; MSIE 7.0; Windows NT 5.1; .NET CLR 2.0.50727)"
188.40.116.74 - - [08/Aug/2013:23:33:54 +0200] "GET /servicebereiche/strassenreinigung.html HTTP/1.1" 200 18849 "http://www.straman.de/unternehmen/partner/58-sitemap.html" "Mozilla/4.0 (compatible; MSIE 7.0; Windows NT 5.1; .NET CLR 2.0.50727)"
188.40.116.74 - - [08/Aug/2013:23:33:54 +0200] "GET /servicebereiche/strassenreinigung.html?page=&tmpl=component&print=1 HTTP/1.1" 200 4712 "http://www.straman.de/servicebereiche/strassenreinigung.html" "Mozilla/4.0 (compatible; MSIE 7.0; Windows NT 5.1; .NET CLR 2.0.50727)"
188.40.116.74 - - [08/Aug/2013:23:33:55 +0200] "GET /component/mailto/?link=33ec242c5b6500c55b2ba2ea62ca45305e54cdc0&tmpl=component HTTP/1.1" 200 2687 "http://www.straman.de/servicebereiche/strassenreinigung.html?page=&tmpl=component&print=1" "Mozilla/4.0 (compatible; MSIE 7.0; Windows NT 5.1; .NET CLR 2.0.50727)"
188.40.116.74 - - [08/Aug/2013:23:33:55 +0200] "GET /servicebereiche/strassenreinigung/58.html HTTP/1.1" 200 17508 "http://www.straman.de/component/mailto/?link=33ec242c5b6500c55b2ba2ea62ca45305e54cdc0&tmpl=component" "Mozilla/4.0 (compatible; MSIE 7.0; Windows NT 5.1; .NET CLR 2.0.50727)"
188.40.116.74 - - [08/Aug/2013:23:33:55 +0200] "GET /component/content/46.html HTTP/1.1" 500 2511 "http://www.straman.de/servicebereiche/strassenreinigung/58.html" "Mozilla/4.0 (compatible; MSIE 7.0; Windows NT 5.1; .NET CLR 2.0.50727)"
188.40.116.74 - - [08/Aug/2013:23:34:00 +0200] "GET /component/content/46.html HTTP/1.1" 500 2511 "http://www.straman.de/servicebereiche/strassenreinigung/58.html" "Mozilla/4.0 (compatible; MSIE 7.0; Windows NT 5.1; .NET CLR 2.0.50727)"
188.40.116.74 - - [08/Aug/2013:23:34:11 +0200] "GET /component/content/46.html HTTP/1.1" 500 2511 "http://www.straman.de/servicebereiche/strassenreinigung/58.html" "Mozilla/4.0 (compatible; MSIE 7.0; Windows NT 5.1; .NET CLR 2.0.50727)"
188.40.116.74 - - [08/Aug/2013:23:34:41 +0200] "GET /component/content/46.html HTTP/1.1" 500 2511 "http://www.straman.de/servicebereiche/strassenreinigung/58.html" "Mozilla/4.0 (compatible; MSIE 7.0; Windows NT 5.1; .NET CLR 2.0.50727)"
188.40.116.74 - - [08/Aug/2013:23:34:41 +0200] "GET /servicebereiche/strassenreinigung/58-sitemap.html?page=&tmpl=component&print=1 HTTP/1.1" 200 3365 "http://www.straman.de/servicebereiche/strassenreinigung/58.html" "Mozilla/4.0 (compatible; MSIE 7.0; Windows NT 5.1; .NET CLR 2.0.50727)"
188.40.116.74 - - [08/Aug/2013:23:34:41 +0200] "GET /servicebereiche/strassenreinigung/58-sitemap.html HTTP/1.1" 200 17524 "http://www.straman.de/servicebereiche/strassenreinigung/58-sitemap.html?page=&tmpl=component&print=1" "Mozilla/4.0 (compatible; MSIE 7.0; Windows NT 5.1; .NET CLR 2.0.50727)"
188.40.116.74 - - [08/Aug/2013:23:34:42 +0200] "GET /unternehmen/standorte.html HTTP/1.1" 200 17507 "http://www.straman.de/servicebereiche/strassenreinigung/58-sitemap.html" "Mozilla/4.0 (compatible; MSIE 7.0; Windows NT 5.1; .NET CLR 2.0.50727)"
188.40.116.74 - - [08/Aug/2013:23:34:42 +0200] "GET /unternehmen/standorte.html?page=&tmpl=component&print=1 HTTP/1.1" 200 3830 "http://www.straman.de/unternehmen/standorte.html" "Mozilla/4.0 (compatible; MSIE 7.0; Windows NT 5.1; .NET CLR 2.0.50727)"
188.40.116.74 - - [08/Aug/2013:23:34:42 +0200] "GET /component/mailto/?link=ee82906b3774dfb3a06775e2271bd65e13367f06&tmpl=component HTTP/1.1" 200 2687 "http://www.straman.de/unternehmen/standorte.html?page=&tmpl=component&print=1" "Mozilla/4.0 (compatible; MSIE 7.0; Windows NT 5.1; .NET CLR 2.0.50727)"
188.40.116.74 - - [08/Aug/2013:23:34:42 +0200] "GET /news/60-ihr-komplettdienstleister-rund-um-die-immobilie.html HTTP/1.1" 200 17595 "http://www.straman.de/component/mailto/?link=ee82906b3774dfb3a06775e2271bd65e13367f06&tmpl=component" "Mozilla/4.0 (compatible; MSIE 7.0; Windows NT 5.1; .NET CLR 2.0.50727)"
188.40.116.74 - - [08/Aug/2013:23:34:43 +0200] "GET /index.php?amp=&Itemid=65&fid=2&option=com_forme HTTP/1.1" 200 19748 "http://www.straman.de/news/60-ihr-komplettdienstleister-rund-um-die-immobilie.html" "Mozilla/4.0 (compatible; MSIE 7.0; Windows NT 5.1; .NET CLR 2.0.50727)"
188.40.116.74 - - [08/Aug/2013:23:34:43 +0200] "GET /component/forme/?amp=&fid=2 HTTP/1.1" 200 19164 "http://www.straman.de/index.php?amp=&Itemid=65&fid=2&option=com_forme" "Mozilla/4.0 (compatible; MSIE 7.0; Windows NT 5.1; .NET CLR 2.0.50727)"
188.40.116.74 - - [08/Aug/2013:23:34:43 +0200] "GET /news/60-ihr-komplettdienstleister-rund-um-die-immobilie.html?page=&print=1&layout=default&tmpl=component HTTP/1.1" 200 3841 "http://www.straman.de/component/forme/?amp=&fid=2" "Mozilla/4.0 (compatible; MSIE 7.0; Windows NT 5.1; .NET CLR 2.0.50727)"
188.40.116.74 - - [08/Aug/2013:23:34:43 +0200] "GET /news/61-wir-begruessen-sie-auf-den-seiten-von-straman-ihren-komplettdienstleister-rund-um-die-immobilie.html?layout=default&page=&tmpl=component&print=1 HTTP/1.1" 200 7094 "http://www.straman.de/news/60-ihr-komplettdienstleister-rund-um-die-immobilie.html?page=&print=1&layout=default&tmpl=component" "Mozilla/4.0 (compatible; MSIE 7.0; Windows NT 5.1; .NET CLR 2.0.50727)"
188.40.116.74 - - [08/Aug/2013:23:34:43 +0200] "GET /downloadbereich.html HTTP/1.1" 200 15433 "http://www.straman.de/news/61-wir-begruessen-sie-auf-den-seiten-von-straman-ihren-komplettdienstleister-rund-um-die-immobilie.html?layout=default&page=&tmpl=component&print=1" "Mozilla/4.0 (compatible; MSIE 7.0; Windows NT 5.1; .NET CLR 2.0.50727)"
188.40.116.74 - - [08/Aug/2013:23:34:44 +0200] "GET /component/mailto/?link=2343f1e43209db7cdb1141eecc20370554e33032&tmpl=component HTTP/1.1" 200 2687 "http://www.straman.de/downloadbereich.html" "Mozilla/4.0 (compatible; MSIE 7.0; Windows NT 5.1; .NET CLR 2.0.50727)"
188.40.116.74 - - [08/Aug/2013:23:34:44 +0200] "GET /images/strassenreinigungssatzung%20bernau%202010-12-16.pdf HTTP/1.1" 200 98089 "http://www.straman.de/component/mailto/?link=2343f1e43209db7cdb1141eecc20370554e33032&tmpl=component" "Mozilla/4.0 (compatible; MSIE 7.0; Windows NT 5.1; .NET CLR 2.0.50727)"
188.40.116.74 - - [08/Aug/2013:23:34:44 +0200] "GET /downloadbereich/58.html HTTP/1.1" 200 16826 "http://www.straman.de/images/strassenreinigungssatzung%20bernau%202010-12-16.pdf" "Mozilla/4.0 (compatible; MSIE 7.0; Windows NT 5.1; .NET CLR 2.0.50727)"
188.40.116.74 - - [08/Aug/2013:23:34:44 +0200] "GET /downloadbereich/58-sitemap.html?page=&print=1&tmpl=component HTTP/1.1" 200 3344 "http://www.straman.de/downloadbereich/58.html" "Mozilla/4.0 (compatible; MSIE 7.0; Windows NT 5.1; .NET CLR 2.0.50727)"
188.40.116.74 - - [08/Aug/2013:23:34:45 +0200] "GET /downloadbereich/58-sitemap.html HTTP/1.1" 200 16842 "http://www.straman.de/downloadbereich/58-sitemap.html?page=&print=1&tmpl=component" "Mozilla/4.0 (compatible; MSIE 7.0; Windows NT 5.1; .NET CLR 2.0.50727)"
65.55.215.46 - - [09/Aug/2013:00:00:52 +0200] "GET /robots.txt HTTP/1.1" 200 304 "-" "msnbot-media/1.1 (+http://search.msn.com/msnbot.htm)"
66.249.75.137 - - [09/Aug/2013:00:15:17 +0200] "GET /news.html HTTP/1.1" 200 16470 "-" "Mozilla/5.0 (iPhone; U; CPU iPhone OS 4_1 like Mac OS X; en-us) AppleWebKit/532.9 (KHTML, like Gecko) Version/4.0.5 Mobile/8B117 Safari/6531.22.7 (compatible; Googlebot-Mobile/2.1; +http://www.google.com/bot.html)"
5.10.83.105 - - [09/Aug/2013:00:52:55 +0200] "GET /kontakt.html?fid=1 HTTP/1.1" 200 16603 "-" "Mozilla/5.0 (compatible; AhrefsBot/5.0; +http://ahrefs.com/robot/)"
194.31.225.222 - - [09/Aug/2013:00:58:24 +0200] "GET /templates/gk_penguinmail/css/css3_style3.css HTTP/1.1" 304 - "-" "Mozilla/4.0 (compatible;)"
5.10.83.105 - - [09/Aug/2013:00:58:38 +0200] "GET /component/forme/?fid=2 HTTP/1.1" 200 19193 "-" "Mozilla/5.0 (compatible; AhrefsBot/5.0; +http://ahrefs.com/robot/)"
157.56.92.174 - - [09/Aug/2013:01:02:40 +0200] "GET /robots.txt HTTP/1.1" 200 304 "-" "Mozilla/5.0 (compatible; bingbot/2.0; +http://www.bing.com/bingbot.htm)"
5.10.83.105 - - [09/Aug/2013:01:03:02 +0200] "GET /component/user/register.html HTTP/1.1" 200 15137 "-" "Mozilla/5.0 (compatible; AhrefsBot/5.0; +http://ahrefs.com/robot/)"
5.10.83.105 - - [09/Aug/2013:01:08:14 +0200] "GET /undefined/ HTTP/1.1" 404 2467 "-" "Mozilla/5.0 (compatible; AhrefsBot/5.0; +http://ahrefs.com/robot/)"
5.10.83.105 - - [09/Aug/2013:01:13:40 +0200] "GET /downloadbereich/58.html HTTP/1.1" 200 16860 "-" "Mozilla/5.0 (compatible; AhrefsBot/5.0; +http://ahrefs.com/robot/)"
157.56.92.174 - - [09/Aug/2013:01:18:04 +0200] "GET /index.php HTTP/1.1" 200 16906 "-" "Mozilla/5.0 (compatible; bingbot/2.0; +http://www.bing.com/bingbot.htm)"
66.249.81.60 - - [09/Aug/2013:01:33:34 +0200] "GET / HTTP/1.1" 200 16854 "http://www.google.de/url?sa=t&rct=j&q=www.straman.de&source=web&cd=2&ved=0CDMQFjAF&url=http%3A%2F%2Fwww.straman.de%2F&ei=gSoEUsy9HvC9mQbRdw&usg=AFQjCNEpeUQQKOp_93iUUo8XSnpqrpjMzA" "Mozilla/4.0 (compatible; MSIE 7.0; Windows NT 5.1; Trident/4.0; .NET CLR 1.0.3705; .NET CLR 1.1.4322; Media Center PC 4.0)"
66.249.81.60 - - [09/Aug/2013:01:33:35 +0200] "GET /templates/system/css/general.css HTTP/1.1" 200 2777 "http://www.straman.de/" "Mozilla/4.0 (compatible; MSIE 7.0; Windows NT 5.1; Trident/4.0; .NET CLR 1.0.3705; .NET CLR 1.1.4322; Media Center PC 4.0)"
66.249.81.60 - - [09/Aug/2013:01:33:35 +0200] "GET /templates/system/css/system.css HTTP/1.1" 200 1385 "http://www.straman.de/" "Mozilla/4.0 (compatible; MSIE 7.0; Windows NT 5.1; Trident/4.0; .NET CLR 1.0.3705; .NET CLR 1.1.4322; Media Center PC 4.0)"
66.249.81.60 - - [09/Aug/2013:01:33:35 +0200] "GET /templates/gk_penguinmail/css/addons.css HTTP/1.1" 200 2644 "http://www.straman.de/" "Mozilla/4.0 (compatible; MSIE 7.0; Windows NT 5.1; Trident/4.0; .NET CLR 1.0.3705; .NET CLR 1.1.4322; Media Center PC 4.0)"
66.249.81.60 - - [09/Aug/2013:01:33:35 +0200] "GET /templates/gk_penguinmail/css/template.css HTTP/1.1" 200 9192 "http://www.straman.de/" "Mozilla/4.0 (compatible; MSIE 7.0; Windows NT 5.1; Trident/4.0; .NET CLR 1.0.3705; .NET CLR 1.1.4322; Media Center PC 4.0)"
66.249.81.60 - - [09/Aug/2013:01:33:35 +0200] "GET /templates/gk_penguinmail/css/layout.css HTTP/1.1" 200 1684 "http://www.straman.de/" "Mozilla/4.0 (compatible; MSIE 7.0; Windows NT 5.1; Trident/4.0; .NET CLR 1.0.3705; .NET CLR 1.1.4322; Media Center PC 4.0)"
66.249.81.60 - - [09/Aug/2013:01:33:35 +0200] "GET /templates/gk_penguinmail/css/joomla.css HTTP/1.1" 200 14242 "http://www.straman.de/" "Mozilla/4.0 (compatible; MSIE 7.0; Windows NT 5.1; Trident/4.0; .NET CLR 1.0.3705; .NET CLR 1.1.4322; Media Center PC 4.0)"
66.249.81.60 - - [09/Aug/2013:01:33:35 +0200] "GET /templates/gk_penguinmail/css/gk_stuff.css HTTP/1.1" 200 12799 "http://www.straman.de/" "Mozilla/4.0 (compatible; MSIE 7.0; Windows NT 5.1; Trident/4.0; .NET CLR 1.0.3705; .NET CLR 1.1.4322; Media Center PC 4.0)"
66.249.81.60 - - [09/Aug/2013:01:33:35 +0200] "GET /templates/gk_penguinmail/css/typo.css HTTP/1.1" 200 15356 "http://www.straman.de/" "Mozilla/4.0 (compatible; MSIE 7.0; Windows NT 5.1; Trident/4.0; .NET CLR 1.0.3705; .NET CLR 1.1.4322; Media Center PC 4.0)"
66.249.81.60 - - [09/Aug/2013:01:33:36 +0200] "GET /templates/gk_penguinmail/css/css3_style3.css HTTP/1.1" 200 2980 "http://www.straman.de/" "Mozilla/4.0 (compatible; MSIE 7.0; Windows NT 5.1; Trident/4.0; .NET CLR 1.0.3705; .NET CLR 1.1.4322; Media Center PC 4.0)"
66.249.81.60 - - [09/Aug/2013:01:33:36 +0200] "GET /templates/gk_penguinmail/css/style3.css HTTP/1.1" 200 13892 "http://www.straman.de/" "Mozilla/4.0 (compatible; MSIE 7.0; Windows NT 5.1; Trident/4.0; .NET CLR 1.0.3705; .NET CLR 1.1.4322; Media Center PC 4.0)"
66.249.81.60 - - [09/Aug/2013:01:33:36 +0200] "GET /templates/gk_penguinmail/css/override.css HTTP/1.1" 200 3916 "http://www.straman.de/" "Mozilla/4.0 (compatible; MSIE 7.0; Windows NT 5.1; Trident/4.0; .NET CLR 1.0.3705; .NET CLR 1.1.4322; Media Center PC 4.0)"
66.249.81.60 - - [09/Aug/2013:01:33:36 +0200] "GET /media/system/js/mootools.js HTTP/1.1" 200 74434 "http://www.straman.de/" "Mozilla/4.0 (compatible; MSIE 7.0; Windows NT 5.1; Trident/4.0; .NET CLR 1.0.3705; .NET CLR 1.1.4322; Media Center PC 4.0)"
66.249.81.60 - - [09/Aug/2013:01:33:37 +0200] "GET /templates/gk_penguinmail/js/domready_fix.js HTTP/1.1" 200 1340 "http://www.straman.de/" "Mozilla/4.0 (compatible; MSIE 7.0; Windows NT 5.1; Trident/4.0; .NET CLR 1.0.3705; .NET CLR 1.1.4322; Media Center PC 4.0)"
66.249.81.60 - - [09/Aug/2013:01:33:37 +0200] "GET /media/system/js/caption.js HTTP/1.1" 200 1963 "http://www.straman.de/" "Mozilla/4.0 (compatible; MSIE 7.0; Windows NT 5.1; Trident/4.0; .NET CLR 1.0.3705; .NET CLR 1.1.4322; Media Center PC 4.0)"
66.249.81.60 - - [09/Aug/2013:01:33:37 +0200] "GET /templates/gk_penguinmail/js/gk.script.js HTTP/1.1" 200 4585 "http://www.straman.de/" "Mozilla/4.0 (compatible; MSIE 7.0; Windows NT 5.1; Trident/4.0; .NET CLR 1.0.3705; .NET CLR 1.1.4322; Media Center PC 4.0)"
66.249.81.60 - - [09/Aug/2013:01:33:37 +0200] "GET /templates/gk_penguinmail/css/ie.css HTTP/1.1" 200 1973 "http://www.straman.de/" "Mozilla/4.0 (compatible; MSIE 7.0; Windows NT 5.1; Trident/4.0; .NET CLR 1.0.3705; .NET CLR 1.1.4322; Media Center PC 4.0)"
66.249.81.60 - - [09/Aug/2013:01:33:37 +0200] "GET /templates/gk_penguinmail/css/menu/mega.css HTTP/1.1" 200 4575 "http://www.straman.de/" "Mozilla/4.0 (compatible; MSIE 7.0; Windows NT 5.1; Trident/4.0; .NET CLR 1.0.3705; .NET CLR 1.1.4322; Media Center PC 4.0)"
66.249.81.60 - - [09/Aug/2013:01:33:37 +0200] "GET /templates/gk_penguinmail/js/menu/mega.js HTTP/1.1" 200 12974 "http://www.straman.de/" "Mozilla/4.0 (compatible; MSIE 7.0; Windows NT 5.1; Trident/4.0; .NET CLR 1.0.3705; .NET CLR 1.1.4322; Media Center PC 4.0)"
66.249.81.60 - - [09/Aug/2013:01:33:37 +0200] "GET /templates/gk_penguinmail/fonts/PT-Seans/stylesheet.css HTTP/1.1" 200 2445 "http://www.straman.de/" "Mozilla/4.0 (compatible; MSIE 7.0; Windows NT 5.1; Trident/4.0; .NET CLR 1.0.3705; .NET CLR 1.1.4322; Media Center PC 4.0)"
66.249.81.60 - - [09/Aug/2013:01:33:38 +0200] "GET /templates/gk_penguinmail/images/style3/glow.jpg HTTP/1.1" 200 18301 "http://www.straman.de/" "Mozilla/4.0 (compatible; MSIE 7.0; Windows NT 5.1; Trident/4.0; .NET CLR 1.0.3705; .NET CLR 1.1.4322; Media Center PC 4.0)"
66.249.81.60 - - [09/Aug/2013:01:33:38 +0200] "GET /templates/gk_penguinmail/images/style3/menu_sprite.png HTTP/1.1" 200 450 "http://www.straman.de/" "Mozilla/4.0 (compatible; MSIE 7.0; Windows NT 5.1; Trident/4.0; .NET CLR 1.0.3705; .NET CLR 1.1.4322; Media Center PC 4.0)"
66.249.81.60 - - [09/Aug/2013:01:33:41 +0200] "GET /images/gmm2.jpg HTTP/1.1" 200 47432 "http://www.straman.de/" "Mozilla/4.0 (compatible; MSIE 7.0; Windows NT 5.1; Trident/4.0; .NET CLR 1.0.3705; .NET CLR 1.1.4322; Media Center PC 4.0)"
66.249.81.60 - - [09/Aug/2013:01:33:41 +0200] "GET /images/header_neu.png HTTP/1.1" 200 340608 "http://www.straman.de/" "Mozilla/4.0 (compatible; MSIE 7.0; Windows NT 5.1; Trident/4.0; .NET CLR 1.0.3705; .NET CLR 1.1.4322; Media Center PC 4.0)"
66.249.81.60 - - [09/Aug/2013:01:33:41 +0200] "GET /images/galabau_002.jpg HTTP/1.1" 200 42117 "http://www.straman.de/" "Mozilla/4.0 (compatible; MSIE 7.0; Windows NT 5.1; Trident/4.0; .NET CLR 1.0.3705; .NET CLR 1.1.4322; Media Center PC 4.0)"
66.249.81.60 - - [09/Aug/2013:01:33:42 +0200] "GET /images/winterdienst_005.jpg HTTP/1.1" 200 48793 "http://www.straman.de/" "Mozilla/4.0 (compatible; MSIE 7.0; Windows NT 5.1; Trident/4.0; .NET CLR 1.0.3705; .NET CLR 1.1.4322; Media Center PC 4.0)"
66.249.81.60 - - [09/Aug/2013:01:33:42 +0200] "GET /images/kontaktformular.jpg HTTP/1.1" 200 42791 "http://www.straman.de/" "Mozilla/4.0 (compatible; MSIE 7.0; Windows NT 5.1; Trident/4.0; .NET CLR 1.0.3705; .NET CLR 1.1.4322; Media Center PC 4.0)"
66.249.81.60 - - [09/Aug/2013:01:33:43 +0200] "GET /images/list_check.png HTTP/1.1" 200 3488 "http://www.straman.de/" "Mozilla/4.0 (compatible; MSIE 7.0; Windows NT 5.1; Trident/4.0; .NET CLR 1.0.3705; .NET CLR 1.1.4322; Media Center PC 4.0)"
66.249.81.60 - - [09/Aug/2013:01:33:43 +0200] "GET /templates/gk_penguinmail/images/logo.png HTTP/1.1" 200 6608 "http://www.straman.de/" "Mozilla/4.0 (compatible; MSIE 7.0; Windows NT 5.1; Trident/4.0; .NET CLR 1.0.3705; .NET CLR 1.1.4322; Media Center PC 4.0)"
66.249.81.60 - - [09/Aug/2013:01:33:43 +0200] "GET /templates/gk_penguinmail/images/menu_sprite.png HTTP/1.1" 404 2467 "http://www.straman.de/" "Mozilla/4.0 (compatible; MSIE 7.0; Windows NT 5.1; Trident/4.0; .NET CLR 1.0.3705; .NET CLR 1.1.4322; Media Center PC 4.0)"
66.249.81.60 - - [09/Aug/2013:01:33:46 +0200] "GET /templates/gk_penguinmail/favicon.ico HTTP/1.1" 200 5686 "-" "Mozilla/4.0 (compatible; MSIE 7.0; Windows NT 5.1; Trident/4.0; .NET CLR 1.0.3705; .NET CLR 1.1.4322; Media Center PC 4.0)"
5.10.83.105 - - [09/Aug/2013:01:46:22 +0200] "GET /component/user/login.html HTTP/1.1" 200 17741 "-" "Mozilla/5.0 (compatible; AhrefsBot/5.0; +http://ahrefs.com/robot/)"
5.10.83.105 - - [09/Aug/2013:01:51:16 +0200] "GET /unternehmen/standorte/58.html HTTP/1.1" 200 17070 "-" "Mozilla/5.0 (compatible; AhrefsBot/5.0; +http://ahrefs.com/robot/)"
84.128.161.59 - - [09/Aug/2013:01:53:49 +0200] "GET / HTTP/1.1" 200 16884 "-" "Mozilla/5.0 (Windows; U; Windows NT 6.0; de; rv:1.9.2.3) Gecko/20100401 Firefox/3.6.3 ( .NET CLR 3.5.30729)"
5.10.83.105 - - [09/Aug/2013:02:01:30 +0200] "GET /news/60-ihr-komplettdienstleister-rund-um-die-immobilie.html HTTP/1.1" 200 17629 "-" "Mozilla/5.0 (compatible; AhrefsBot/5.0; +http://ahrefs.com/robot/)"
5.10.83.105 - - [09/Aug/2013:02:08:40 +0200] "GET /component/content/46.html HTTP/1.1" 500 2511 "-" "Mozilla/5.0 (compatible; AhrefsBot/5.0; +http://ahrefs.com/robot/)"
5.10.83.105 - - [09/Aug/2013:02:21:49 +0200] "GET /servicebereiche/gruenanlagenpflege/58.html HTTP/1.1" 200 17557 "-" "Mozilla/5.0 (compatible; AhrefsBot/5.0; +http://ahrefs.com/robot/)"
66.249.75.137 - - [09/Aug/2013:02:36:29 +0200] "GET /referenzen.html HTTP/1.1" 200 12204 "-" "Mozilla/5.0 (iPhone; U; CPU iPhone OS 4_1 like Mac OS X; en-us) AppleWebKit/532.9 (KHTML, like Gecko) Version/4.0.5 Mobile/8B117 Safari/6531.22.7 (compatible; Googlebot-Mobile/2.1; +http://www.google.com/bot.html)"
5.10.83.105 - - [09/Aug/2013:02:42:10 +0200] "GET /unternehmen/jobs/58.html HTTP/1.1" 200 17045 "-" "Mozilla/5.0 (compatible; AhrefsBot/5.0; +http://ahrefs.com/robot/)"
5.10.83.105 - - [09/Aug/2013:02:53:58 +0200] "GET /news/62-alles-neu-macht-der-mai.html HTTP/1.1" 200 17365 "-" "Mozilla/5.0 (compatible; AhrefsBot/5.0; +http://ahrefs.com/robot/)"
5.10.83.105 - - [09/Aug/2013:02:57:57 +0200] "GET /unternehmen/impressum/58.html HTTP/1.1" 200 17070 "-" "Mozilla/5.0 (compatible; AhrefsBot/5.0; +http://ahrefs.com/robot/)"
5.10.83.105 - - [09/Aug/2013:02:57:58 +0200] "GET /unternehmen/partner/58.html HTTP/1.1" 200 17121 "-" "Mozilla/5.0 (compatible; AhrefsBot/5.0; +http://ahrefs.com/robot/)"
5.10.83.105 - - [09/Aug/2013:02:59:33 +0200] "GET /news/58.html HTTP/1.1" 200 16988 "-" "Mozilla/5.0 (compatible; AhrefsBot/5.0; +http://ahrefs.com/robot/)"
5.199.136.130 - - [09/Aug/2013:03:01:26 +0200] "GET /robots.txt HTTP/1.1" 200 304 "-" "Mozilla/5.0 (compatible; Spiderlytics/1.0; +spider@spiderlytics.com)"
5.199.136.130 - - [09/Aug/2013:03:01:26 +0200] "GET /downloadbereich.html HTTP/1.1" 200 15467 "-" "Mozilla/5.0 (compatible; Spiderlytics/1.0; +spider@spiderlytics.com)"
5.199.136.130 - - [09/Aug/2013:04:08:47 +0200] "GET /servicebereiche/strassenreinigung.html HTTP/1.1" 200 18883 "-" "Mozilla/5.0 (compatible; Spiderlytics/1.0; +spider@spiderlytics.com)"
84.128.161.59 - - [09/Aug/2013:04:33:42 +0200] "GET /servicebereiche/winterdienst.html HTTP/1.1" 200 27639 "-" "Mozilla/5.0 (Windows; U; Windows NT 6.0; de; rv:1.9.2.3) Gecko/20100401 Firefox/3.6.3 ( .NET CLR 3.5.30729)"
5.10.83.61 - - [09/Aug/2013:04:34:24 +0200] "GET /referenzen/58.html HTTP/1.1" 200 17266 "-" "Mozilla/5.0 (compatible; AhrefsBot/5.0; +http://ahrefs.com/robot/)"
5.10.83.61 - - [09/Aug/2013:04:35:56 +0200] "GET /component/mailto/?tmpl=component HTTP/1.1" 403 2456 "-" "Mozilla/5.0 (compatible; AhrefsBot/5.0; +http://ahrefs.com/robot/)"
84.128.161.59 - - [09/Aug/2013:04:37:45 +0200] "GET /unternehmen/partner.html HTTP/1.1" 200 16751 "-" "Mozilla/5.0 (Windows; U; Windows NT 6.0; de; rv:1.9.2.3) Gecko/20100401 Firefox/3.6.3 ( .NET CLR 3.5.30729)"
66.249.75.137 - - [09/Aug/2013:04:41:41 +0200] "GET /component/content/article/58.html HTTP/1.1" 200 9316 "-" "Mozilla/5.0 (iPhone; U; CPU iPhone OS 4_1 like Mac OS X; en-us) AppleWebKit/532.9 (KHTML, like Gecko) Version/4.0.5 Mobile/8B117 Safari/6531.22.7 (compatible; Googlebot-Mobile/2.1; +http://www.google.com/bot.html)"
84.128.161.59 - - [09/Aug/2013:04:44:12 +0200] "GET /unternehmen/impressum.html HTTP/1.1" 200 20503 "-" "Mozilla/5.0 (Windows; U; Windows NT 6.0; de; rv:1.9.2.3) Gecko/20100401 Firefox/3.6.3 ( .NET CLR 3.5.30729)"
84.128.161.59 - - [09/Aug/2013:04:51:19 +0200] "GET /servicebereiche/strassenreinigung.html HTTP/1.1" 200 18879 "-" "Mozilla/5.0 (Windows; U; Windows NT 6.0; de; rv:1.9.2.3) Gecko/20100401 Firefox/3.6.3 ( .NET CLR 3.5.30729)"
84.128.161.59 - - [09/Aug/2013:04:53:32 +0200] "GET /index.php?option=com_forme&fid=2&Itemid=65 HTTP/1.1" 200 19182 "-" "Mozilla/5.0 (Windows; U; Windows NT 6.0; de; rv:1.9.2.3) Gecko/20100401 Firefox/3.6.3 ( .NET CLR 3.5.30729)"
5.10.83.61 - - [09/Aug/2013:05:02:22 +0200] "GET /unternehmen/imagevideo-straman/58.html HTTP/1.1" 200 16258 "-" "Mozilla/5.0 (compatible; AhrefsBot/5.0; +http://ahrefs.com/robot/)"
85.114.142.245 - - [09/Aug/2013:05:05:50 +0200] "GET /unternehmen/imagevideo-straman.html HTTP/1.1" 200 15250 "-" "findlinks/2.6 (+http://wortschatz.uni-leipzig.de/findlinks/)"
85.114.142.245 - - [09/Aug/2013:05:05:50 +0200] "GET /unternehmen/imagevideo-straman.html HTTP/1.1" 200 15250 "-" "findlinks/2.6 (+http://wortschatz.uni-leipzig.de/findlinks/)"
84.128.161.59 - - [09/Aug/2013:05:38:04 +0200] "GET /kontakt.html HTTP/1.1" 200 16593 "-" "Mozilla/5.0 (Windows; U; Windows NT 6.0; de; rv:1.9.2.3) Gecko/20100401 Firefox/3.6.3 ( .NET CLR 3.5.30729)"
5.10.83.61 - - [09/Aug/2013:05:48:50 +0200] "GET /news/61-wir-begruessen-sie-auf-den-seiten-von-straman-ihren-komplettdienstleister-rund-um-die-immobilie.html HTTP/1.1" 200 21030 "-" "Mozilla/5.0 (compatible; AhrefsBot/5.0; +http://ahrefs.com/robot/)"
84.128.161.59 - - [09/Aug/2013:05:56:17 +0200] "GET /servicebereiche/infrastr-gebaeudemanagement.html HTTP/1.1" 200 17030 "-" "Mozilla/5.0 (Windows; U; Windows NT 6.0; de; rv:1.9.2.3) Gecko/20100401 Firefox/3.6.3 ( .NET CLR 3.5.30729)"
84.128.161.59 - - [09/Aug/2013:06:00:34 +0200] "GET /servicebereiche/gruenanlagenpflege.html HTTP/1.1" 200 23634 "-" "Mozilla/5.0 (Windows; U; Windows NT 6.0; de; rv:1.9.2.3) Gecko/20100401 Firefox/3.6.3 ( .NET CLR 3.5.30729)"
5.10.83.61 - - [09/Aug/2013:06:05:07 +0200] "GET /servicebereiche/strassenreinigung/58.html HTTP/1.1" 200 17542 "-" "Mozilla/5.0 (compatible; AhrefsBot/5.0; +http://ahrefs.com/robot/)"
84.128.161.59 - - [09/Aug/2013:06:16:24 +0200] "GET /referenzen.html HTTP/1.1" 200 19792 "-" "Mozilla/5.0 (Windows; U; Windows NT 6.0; de; rv:1.9.2.3) Gecko/20100401 Firefox/3.6.3 ( .NET CLR 3.5.30729)"
79.194.17.191 - - [09/Aug/2013:06:30:18 +0200] "GET / HTTP/1.1" 200 16885 "http://www.google.de/aclk?sa=L&ai=CnsP0G3AEUo6ZFI61-QbVw4GgAemv--cFmdy5goMBqsDgBggAEAEguVQoAlDz5ISI-_____8BYJX68IGMB8gBAakCH47VdYZztj6qBCRP0Iwdw_dKSSUoNvBU9PAmKDPRrYdl5ql0x2hlHTQBOGD6jSaABZBOgAeZjfNB&sig=AOD64_3Zu6NcFe6FEujhzK1HCwuYFw9AXQ&rct=j&q=tanne+kaufen&ved=0CDMQ0Qw&adurl=http://www.straman.de" "Mozilla/5.0 (Macintosh; Intel Mac OS X 10_8_3) AppleWebKit/536.28.10 (KHTML, like Gecko) Version/6.0.3 Safari/536.28.10"
79.194.17.191 - - [09/Aug/2013:06:30:18 +0200] "GET /templates/gk_penguinmail/css/template.css HTTP/1.1" 200 9192 "http://www.straman.de/" "Mozilla/5.0 (Macintosh; Intel Mac OS X 10_8_3) AppleWebKit/536.28.10 (KHTML, like Gecko) Version/6.0.3 Safari/536.28.10"
79.194.17.191 - - [09/Aug/2013:06:30:18 +0200] "GET /templates/system/css/general.css HTTP/1.1" 200 2777 "http://www.straman.de/" "Mozilla/5.0 (Macintosh; Intel Mac OS X 10_8_3) AppleWebKit/536.28.10 (KHTML, like Gecko) Version/6.0.3 Safari/536.28.10"
79.194.17.191 - - [09/Aug/2013:06:30:18 +0200] "GET /templates/gk_penguinmail/css/layout.css HTTP/1.1" 200 1684 "http://www.straman.de/" "Mozilla/5.0 (Macintosh; Intel Mac OS X 10_8_3) AppleWebKit/536.28.10 (KHTML, like Gecko) Version/6.0.3 Safari/536.28.10"
79.194.17.191 - - [09/Aug/2013:06:30:18 +0200] "GET /templates/gk_penguinmail/css/addons.css HTTP/1.1" 200 2644 "http://www.straman.de/" "Mozilla/5.0 (Macintosh; Intel Mac OS X 10_8_3) AppleWebKit/536.28.10 (KHTML, like Gecko) Version/6.0.3 Safari/536.28.10"
79.194.17.191 - - [09/Aug/2013:06:30:18 +0200] "GET /templates/system/css/system.css HTTP/1.1" 200 1385 "http://www.straman.de/" "Mozilla/5.0 (Macintosh; Intel Mac OS X 10_8_3) AppleWebKit/536.28.10 (KHTML, like Gecko) Version/6.0.3 Safari/536.28.10"
79.194.17.191 - - [09/Aug/2013:06:30:18 +0200] "GET /templates/gk_penguinmail/css/joomla.css HTTP/1.1" 200 14242 "http://www.straman.de/" "Mozilla/5.0 (Macintosh; Intel Mac OS X 10_8_3) AppleWebKit/536.28.10 (KHTML, like Gecko) Version/6.0.3 Safari/536.28.10"
79.194.17.191 - - [09/Aug/2013:06:30:18 +0200] "GET /templates/gk_penguinmail/css/gk_stuff.css HTTP/1.1" 200 12799 "http://www.straman.de/" "Mozilla/5.0 (Macintosh; Intel Mac OS X 10_8_3) AppleWebKit/536.28.10 (KHTML, like Gecko) Version/6.0.3 Safari/536.28.10"
79.194.17.191 - - [09/Aug/2013:06:30:19 +0200] "GET /templates/gk_penguinmail/css/typo.css HTTP/1.1" 200 15356 "http://www.straman.de/" "Mozilla/5.0 (Macintosh; Intel Mac OS X 10_8_3) AppleWebKit/536.28.10 (KHTML, like Gecko) Version/6.0.3 Safari/536.28.10"
79.194.17.191 - - [09/Aug/2013:06:30:19 +0200] "GET /templates/gk_penguinmail/css/css3_style3.css HTTP/1.1" 200 2980 "http://www.straman.de/" "Mozilla/5.0 (Macintosh; Intel Mac OS X 10_8_3) AppleWebKit/536.28.10 (KHTML, like Gecko) Version/6.0.3 Safari/536.28.10"
79.194.17.191 - - [09/Aug/2013:06:30:19 +0200] "GET /templates/gk_penguinmail/css/style3.css HTTP/1.1" 200 13892 "http://www.straman.de/" "Mozilla/5.0 (Macintosh; Intel Mac OS X 10_8_3) AppleWebKit/536.28.10 (KHTML, like Gecko) Version/6.0.3 Safari/536.28.10"
79.194.17.191 - - [09/Aug/2013:06:30:19 +0200] "GET /templates/gk_penguinmail/css/override.css HTTP/1.1" 200 3916 "http://www.straman.de/" "Mozilla/5.0 (Macintosh; Intel Mac OS X 10_8_3) AppleWebKit/536.28.10 (KHTML, like Gecko) Version/6.0.3 Safari/536.28.10"
79.194.17.191 - - [09/Aug/2013:06:30:19 +0200] "GET /templates/gk_penguinmail/css/menu/mega.css HTTP/1.1" 200 4575 "http://www.straman.de/" "Mozilla/5.0 (Macintosh; Intel Mac OS X 10_8_3) AppleWebKit/536.28.10 (KHTML, like Gecko) Version/6.0.3 Safari/536.28.10"
79.194.17.191 - - [09/Aug/2013:06:30:19 +0200] "GET /templates/gk_penguinmail/fonts/PT-Seans/stylesheet.css HTTP/1.1" 200 2445 "http://www.straman.de/" "Mozilla/5.0 (Macintosh; Intel Mac OS X 10_8_3) AppleWebKit/536.28.10 (KHTML, like Gecko) Version/6.0.3 Safari/536.28.10"
79.194.17.191 - - [09/Aug/2013:06:30:19 +0200] "GET /templates/gk_penguinmail/js/domready_fix.js HTTP/1.1" 200 1340 "http://www.straman.de/" "Mozilla/5.0 (Macintosh; Intel Mac OS X 10_8_3) AppleWebKit/536.28.10 (KHTML, like Gecko) Version/6.0.3 Safari/536.28.10"
79.194.17.191 - - [09/Aug/2013:06:30:19 +0200] "GET /media/system/js/caption.js HTTP/1.1" 200 1963 "http://www.straman.de/" "Mozilla/5.0 (Macintosh; Intel Mac OS X 10_8_3) AppleWebKit/536.28.10 (KHTML, like Gecko) Version/6.0.3 Safari/536.28.10"
79.194.17.191 - - [09/Aug/2013:06:30:19 +0200] "GET /templates/gk_penguinmail/js/gk.script.js HTTP/1.1" 200 4585 "http://www.straman.de/" "Mozilla/5.0 (Macintosh; Intel Mac OS X 10_8_3) AppleWebKit/536.28.10 (KHTML, like Gecko) Version/6.0.3 Safari/536.28.10"
79.194.17.191 - - [09/Aug/2013:06:30:19 +0200] "GET /templates/gk_penguinmail/js/menu/mega.js HTTP/1.1" 200 12974 "http://www.straman.de/" "Mozilla/5.0 (Macintosh; Intel Mac OS X 10_8_3) AppleWebKit/536.28.10 (KHTML, like Gecko) Version/6.0.3 Safari/536.28.10"
79.194.17.191 - - [09/Aug/2013:06:30:19 +0200] "GET /media/system/js/mootools.js HTTP/1.1" 200 74434 "http://www.straman.de/" "Mozilla/5.0 (Macintosh; Intel Mac OS X 10_8_3) AppleWebKit/536.28.10 (KHTML, like Gecko) Version/6.0.3 Safari/536.28.10"
79.194.17.191 - - [09/Aug/2013:06:30:19 +0200] "GET /templates/gk_penguinmail/images/style3/menu_sprite.png HTTP/1.1" 200 450 "http://www.straman.de/" "Mozilla/5.0 (Macintosh; Intel Mac OS X 10_8_3) AppleWebKit/536.28.10 (KHTML, like Gecko) Version/6.0.3 Safari/536.28.10"
79.194.17.191 - - [09/Aug/2013:06:30:19 +0200] "GET /templates/gk_penguinmail/images/logo.png HTTP/1.1" 200 6608 "http://www.straman.de/" "Mozilla/5.0 (Macintosh; Intel Mac OS X 10_8_3) AppleWebKit/536.28.10 (KHTML, like Gecko) Version/6.0.3 Safari/536.28.10"
79.194.17.191 - - [09/Aug/2013:06:30:19 +0200] "GET /templates/gk_penguinmail/images/style3/glow.jpg HTTP/1.1" 200 18301 "http://www.straman.de/" "Mozilla/5.0 (Macintosh; Intel Mac OS X 10_8_3) AppleWebKit/536.28.10 (KHTML, like Gecko) Version/6.0.3 Safari/536.28.10"
79.194.17.191 - - [09/Aug/2013:06:30:19 +0200] "GET /images/list_check.png HTTP/1.1" 200 3488 "http://www.straman.de/" "Mozilla/5.0 (Macintosh; Intel Mac OS X 10_8_3) AppleWebKit/536.28.10 (KHTML, like Gecko) Version/6.0.3 Safari/536.28.10"
79.194.17.191 - - [09/Aug/2013:06:30:19 +0200] "GET /images/gmm2.jpg HTTP/1.1" 200 47432 "http://www.straman.de/" "Mozilla/5.0 (Macintosh; Intel Mac OS X 10_8_3) AppleWebKit/536.28.10 (KHTML, like Gecko) Version/6.0.3 Safari/536.28.10"
79.194.17.191 - - [09/Aug/2013:06:30:19 +0200] "GET /templates/gk_penguinmail/images/menu_sprite.png HTTP/1.1" 404 2467 "http://www.straman.de/" "Mozilla/5.0 (Macintosh; Intel Mac OS X 10_8_3) AppleWebKit/536.28.10 (KHTML, like Gecko) Version/6.0.3 Safari/536.28.10"
79.194.17.191 - - [09/Aug/2013:06:30:19 +0200] "GET /images/galabau_002.jpg HTTP/1.1" 200 42117 "http://www.straman.de/" "Mozilla/5.0 (Macintosh; Intel Mac OS X 10_8_3) AppleWebKit/536.28.10 (KHTML, like Gecko) Version/6.0.3 Safari/536.28.10"
79.194.17.191 - - [09/Aug/2013:06:30:19 +0200] "GET /images/winterdienst_005.jpg HTTP/1.1" 200 48793 "http://www.straman.de/" "Mozilla/5.0 (Macintosh; Intel Mac OS X 10_8_3) AppleWebKit/536.28.10 (KHTML, like Gecko) Version/6.0.3 Safari/536.28.10"
79.194.17.191 - - [09/Aug/2013:06:30:20 +0200] "GET /images/kontaktformular.jpg HTTP/1.1" 200 42791 "http://www.straman.de/" "Mozilla/5.0 (Macintosh; Intel Mac OS X 10_8_3) AppleWebKit/536.28.10 (KHTML, like Gecko) Version/6.0.3 Safari/536.28.10"
79.194.17.191 - - [09/Aug/2013:06:30:19 +0200] "GET /images/header_neu.png HTTP/1.1" 200 340608 "http://www.straman.de/" "Mozilla/5.0 (Macintosh; Intel Mac OS X 10_8_3) AppleWebKit/536.28.10 (KHTML, like Gecko) Version/6.0.3 Safari/536.28.10"
79.194.17.191 - - [09/Aug/2013:06:30:21 +0200] "GET /templates/gk_penguinmail/favicon.ico HTTP/1.1" 200 5686 "http://www.straman.de/" "Mozilla/5.0 (Macintosh; Intel Mac OS X 10_8_3) AppleWebKit/536.28.10 (KHTML, like Gecko) Version/6.0.3 Safari/536.28.10"
84.128.161.59 - - [09/Aug/2013:06:38:50 +0200] "GET /index.php HTTP/1.1" 200 16902 "-" "Mozilla/5.0 (Windows; U; Windows NT 6.0; de; rv:1.9.2.3) Gecko/20100401 Firefox/3.6.3 ( .NET CLR 3.5.30729)"
84.128.161.59 - - [09/Aug/2013:06:45:37 +0200] "GET /downloadbereich.html HTTP/1.1" 200 15463 "-" "Mozilla/5.0 (Windows; U; Windows NT 6.0; de; rv:1.9.2.3) Gecko/20100401 Firefox/3.6.3 ( .NET CLR 3.5.30729)"
84.128.161.59 - - [09/Aug/2013:07:03:01 +0200] "GET /index.php?option=com_user&view=login HTTP/1.1" 200 17721 "-" "Mozilla/5.0 (Windows; U; Windows NT 6.0; de; rv:1.9.2.3) Gecko/20100401 Firefox/3.6.3 ( .NET CLR 3.5.30729)"
5.10.83.61 - - [09/Aug/2013:07:06:15 +0200] "GET /component/user/reset.html HTTP/1.1" 200 14010 "-" "Mozilla/5.0 (compatible; AhrefsBot/5.0; +http://ahrefs.com/robot/)"
84.128.161.59 - - [09/Aug/2013:07:07:45 +0200] "GET /unternehmen/imagevideo-straman.html HTTP/1.1" 200 15246 "-" "Mozilla/5.0 (Windows; U; Windows NT 6.0; de; rv:1.9.2.3) Gecko/20100401 Firefox/3.6.3 ( .NET CLR 3.5.30729)"
84.128.161.59 - - [09/Aug/2013:07:09:15 +0200] "GET /unternehmen/standorte.html HTTP/1.1" 200 17537 "-" "Mozilla/5.0 (Windows; U; Windows NT 6.0; de; rv:1.9.2.3) Gecko/20100401 Firefox/3.6.3 ( .NET CLR 3.5.30729)"
66.249.75.137 - - [09/Aug/2013:07:21:29 +0200] "GET /unternehmen/impressum.html HTTP/1.1" 200 13307 "-" "Mozilla/5.0 (iPhone; U; CPU iPhone OS 4_1 like Mac OS X; en-us) AppleWebKit/532.9 (KHTML, like Gecko) Version/4.0.5 Mobile/8B117 Safari/6531.22.7 (compatible; Googlebot-Mobile/2.1; +http://www.google.com/bot.html)"
91.66.69.84 - - [09/Aug/2013:07:33:16 +0200] "GET / HTTP/1.1" 200 16854 "http://www.google.de/aclk?sa=L&ai=Cu_yF4H4EUpnEOYyS0wWMlYDQBOmv--cF8Ya5goMBjODhBggAEAFQ8-SEiPv_____AWCVgoCAxAfIAQGpAsAmVoIYc7Y-qgQkT9CEYA4ShTa9wvKBE5otMe89o0B5aZntUdaO7tsvJvHLp93EgAeZjfNB&sig=AOD64_0IVcWAgpwdO6zDSbHs7n9Ad2wqlw&ved=0CDEQ0Qw&adurl=http://www.straman.de&rct=j&q=Firma%20Reimer%20haustechnik%20aus%20Jessen" "Mozilla/5.0 (compatible; MSIE 10.0; Windows NT 6.1; Trident/6.0; MAMD)"
91.66.69.84 - - [09/Aug/2013:07:33:16 +0200] "GET /templates/system/css/system.css HTTP/1.1" 200 1385 "http://www.straman.de/" "Mozilla/5.0 (compatible; MSIE 10.0; Windows NT 6.1; Trident/6.0; MAMD)"
91.66.69.84 - - [09/Aug/2013:07:33:16 +0200] "GET /templates/system/css/general.css HTTP/1.1" 200 2777 "http://www.straman.de/" "Mozilla/5.0 (compatible; MSIE 10.0; Windows NT 6.1; Trident/6.0; MAMD)"
91.66.69.84 - - [09/Aug/2013:07:33:16 +0200] "GET /templates/gk_penguinmail/css/joomla.css HTTP/1.1" 200 14242 "http://www.straman.de/" "Mozilla/5.0 (compatible; MSIE 10.0; Windows NT 6.1; Trident/6.0; MAMD)"
91.66.69.84 - - [09/Aug/2013:07:33:16 +0200] "GET /templates/gk_penguinmail/css/addons.css HTTP/1.1" 200 2644 "http://www.straman.de/" "Mozilla/5.0 (compatible; MSIE 10.0; Windows NT 6.1; Trident/6.0; MAMD)"
91.66.69.84 - - [09/Aug/2013:07:33:16 +0200] "GET /templates/gk_penguinmail/css/template.css HTTP/1.1" 200 9192 "http://www.straman.de/" "Mozilla/5.0 (compatible; MSIE 10.0; Windows NT 6.1; Trident/6.0; MAMD)"
91.66.69.84 - - [09/Aug/2013:07:33:16 +0200] "GET /templates/gk_penguinmail/css/layout.css HTTP/1.1" 200 1684 "http://www.straman.de/" "Mozilla/5.0 (compatible; MSIE 10.0; Windows NT 6.1; Trident/6.0; MAMD)"
91.66.69.84 - - [09/Aug/2013:07:33:16 +0200] "GET /templates/gk_penguinmail/css/gk_stuff.css HTTP/1.1" 200 12799 "http://www.straman.de/" "Mozilla/5.0 (compatible; MSIE 10.0; Windows NT 6.1; Trident/6.0; MAMD)"
91.66.69.84 - - [09/Aug/2013:07:33:16 +0200] "GET /templates/gk_penguinmail/css/typo.css HTTP/1.1" 200 15356 "http://www.straman.de/" "Mozilla/5.0 (compatible; MSIE 10.0; Windows NT 6.1; Trident/6.0; MAMD)"
91.66.69.84 - - [09/Aug/2013:07:33:16 +0200] "GET /templates/gk_penguinmail/css/css3_style3.css HTTP/1.1" 200 2980 "http://www.straman.de/" "Mozilla/5.0 (compatible; MSIE 10.0; Windows NT 6.1; Trident/6.0; MAMD)"
91.66.69.84 - - [09/Aug/2013:07:33:16 +0200] "GET /templates/gk_penguinmail/css/style3.css HTTP/1.1" 200 13892 "http://www.straman.de/" "Mozilla/5.0 (compatible; MSIE 10.0; Windows NT 6.1; Trident/6.0; MAMD)"
91.66.69.84 - - [09/Aug/2013:07:33:16 +0200] "GET /templates/gk_penguinmail/css/override.css HTTP/1.1" 200 3916 "http://www.straman.de/" "Mozilla/5.0 (compatible; MSIE 10.0; Windows NT 6.1; Trident/6.0; MAMD)"
91.66.69.84 - - [09/Aug/2013:07:33:16 +0200] "GET /templates/gk_penguinmail/js/domready_fix.js HTTP/1.1" 200 1340 "http://www.straman.de/" "Mozilla/5.0 (compatible; MSIE 10.0; Windows NT 6.1; Trident/6.0; MAMD)"
91.66.69.84 - - [09/Aug/2013:07:33:16 +0200] "GET /media/system/js/caption.js HTTP/1.1" 200 1963 "http://www.straman.de/" "Mozilla/5.0 (compatible; MSIE 10.0; Windows NT 6.1; Trident/6.0; MAMD)"
91.66.69.84 - - [09/Aug/2013:07:33:16 +0200] "GET /templates/gk_penguinmail/js/gk.script.js HTTP/1.1" 200 4585 "http://www.straman.de/" "Mozilla/5.0 (compatible; MSIE 10.0; Windows NT 6.1; Trident/6.0; MAMD)"
91.66.69.84 - - [09/Aug/2013:07:33:16 +0200] "GET /templates/gk_penguinmail/css/menu/mega.css HTTP/1.1" 200 4575 "http://www.straman.de/" "Mozilla/5.0 (compatible; MSIE 10.0; Windows NT 6.1; Trident/6.0; MAMD)"
91.66.69.84 - - [09/Aug/2013:07:33:16 +0200] "GET /templates/gk_penguinmail/js/menu/mega.js HTTP/1.1" 200 12974 "http://www.straman.de/" "Mozilla/5.0 (compatible; MSIE 10.0; Windows NT 6.1; Trident/6.0; MAMD)"
91.66.69.84 - - [09/Aug/2013:07:33:16 +0200] "GET /templates/gk_penguinmail/fonts/PT-Seans/stylesheet.css HTTP/1.1" 200 2445 "http://www.straman.de/" "Mozilla/5.0 (compatible; MSIE 10.0; Windows NT 6.1; Trident/6.0; MAMD)"
91.66.69.84 - - [09/Aug/2013:07:33:16 +0200] "GET /media/system/js/mootools.js HTTP/1.1" 200 74434 "http://www.straman.de/" "Mozilla/5.0 (compatible; MSIE 10.0; Windows NT 6.1; Trident/6.0; MAMD)"
91.66.69.84 - - [09/Aug/2013:07:33:16 +0200] "GET /images/galabau_002.jpg HTTP/1.1" 200 42117 "http://www.straman.de/" "Mozilla/5.0 (compatible; MSIE 10.0; Windows NT 6.1; Trident/6.0; MAMD)"
91.66.69.84 - - [09/Aug/2013:07:33:16 +0200] "GET /images/winterdienst_005.jpg HTTP/1.1" 200 48793 "http://www.straman.de/" "Mozilla/5.0 (compatible; MSIE 10.0; Windows NT 6.1; Trident/6.0; MAMD)"
91.66.69.84 - - [09/Aug/2013:07:33:16 +0200] "GET /images/gmm2.jpg HTTP/1.1" 200 47432 "http://www.straman.de/" "Mozilla/5.0 (compatible; MSIE 10.0; Windows NT 6.1; Trident/6.0; MAMD)"
91.66.69.84 - - [09/Aug/2013:07:33:16 +0200] "GET /images/kontaktformular.jpg HTTP/1.1" 200 42791 "http://www.straman.de/" "Mozilla/5.0 (compatible; MSIE 10.0; Windows NT 6.1; Trident/6.0; MAMD)"
91.66.69.84 - - [09/Aug/2013:07:33:17 +0200] "GET /templates/gk_penguinmail/images/style3/glow.jpg HTTP/1.1" 200 18301 "http://www.straman.de/" "Mozilla/5.0 (compatible; MSIE 10.0; Windows NT 6.1; Trident/6.0; MAMD)"
91.66.69.84 - - [09/Aug/2013:07:33:17 +0200] "GET /templates/gk_penguinmail/images/style3/menu_sprite.png HTTP/1.1" 200 450 "http://www.straman.de/" "Mozilla/5.0 (compatible; MSIE 10.0; Windows NT 6.1; Trident/6.0; MAMD)"
91.66.69.84 - - [09/Aug/2013:07:33:17 +0200] "GET /templates/gk_penguinmail/images/logo.png HTTP/1.1" 200 6608 "http://www.straman.de/" "Mozilla/5.0 (compatible; MSIE 10.0; Windows NT 6.1; Trident/6.0; MAMD)"
91.66.69.84 - - [09/Aug/2013:07:33:17 +0200] "GET /images/list_check.png HTTP/1.1" 200 3488 "http://www.straman.de/" "Mozilla/5.0 (compatible; MSIE 10.0; Windows NT 6.1; Trident/6.0; MAMD)"
91.66.69.84 - - [09/Aug/2013:07:33:16 +0200] "GET /images/header_neu.png HTTP/1.1" 200 340608 "http://www.straman.de/" "Mozilla/5.0 (compatible; MSIE 10.0; Windows NT 6.1; Trident/6.0; MAMD)"
91.66.69.84 - - [09/Aug/2013:07:33:17 +0200] "GET /templates/gk_penguinmail/images/menu_sprite.png HTTP/1.1" 404 2467 "http://www.straman.de/" "Mozilla/5.0 (compatible; MSIE 10.0; Windows NT 6.1; Trident/6.0; MAMD)"
91.66.69.84 - - [09/Aug/2013:07:33:17 +0200] "GET /templates/gk_penguinmail/favicon.ico HTTP/1.1" 200 5686 "-" "Mozilla/5.0 (compatible; MSIE 10.0; Windows NT 6.1; Trident/6.0; MAMD)"
91.66.69.84 - - [09/Aug/2013:07:33:33 +0200] "GET / HTTP/1.1" 200 16854 "http://www.google.de/aclk?sa=L&ai=Cu_yF4H4EUpnEOYyS0wWMlYDQBOmv--cF8Ya5goMBjODhBggAEAFQ8-SEiPv_____AWCVgoCAxAfIAQGpAsAmVoIYc7Y-qgQkT9CEYA4ShTa9wvKBE5otMe89o0B5aZntUdaO7tsvJvHLp93EgAeZjfNB&sig=AOD64_0IVcWAgpwdO6zDSbHs7n9Ad2wqlw&ved=0CDEQ0Qw&adurl=http://www.straman.de&rct=j&q=Firma%20Reimer%20haustechnik%20aus%20Jessen" "Mozilla/5.0 (compatible; MSIE 10.0; Windows NT 6.1; Trident/6.0; MAMD)"
91.66.69.84 - - [09/Aug/2013:07:33:34 +0200] "GET /templates/gk_penguinmail/images/menu_sprite.png HTTP/1.1" 404 2467 "http://www.straman.de/" "Mozilla/5.0 (compatible; MSIE 10.0; Windows NT 6.1; Trident/6.0; MAMD)"
84.128.161.59 - - [09/Aug/2013:07:38:32 +0200] "GET /unternehmen/historie.html HTTP/1.1" 200 16078 "-" "Mozilla/5.0 (Windows; U; Windows NT 6.0; de; rv:1.9.2.3) Gecko/20100401 Firefox/3.6.3 ( .NET CLR 3.5.30729)"
87.187.30.144 - - [09/Aug/2013:07:40:34 +0200] "GET / HTTP/1.1" 200 16884 "http://www.google.de/aclk?sa=L&ai=C3jkwZoAEUt7XOIGg-AbI54HoBemv--cFmdy5goMBqsDgBggAEAIgtlQoA1Dz5ISI-_____8BYJX68oGQB8gBAakCwCZWghhztj6qBCZP0MYmNPhAf9xRJNeucxcztc3XmrjtwSfl8UW6_oJUKLsSVO1XyYAFkE6AB5mN80E&sig=AOD64_11pBt8M_WeK6mQAiVFFO2HGM1TaQ&rct=j&q=baumf%C3%A4ller+potsdam&ved=0CDwQ0Qw&adurl=http://www.straman.de" "Mozilla/5.0 (Windows NT 5.1; rv:22.0) Gecko/20100101 Firefox/22.0"
87.187.30.144 - - [09/Aug/2013:07:40:34 +0200] "GET /templates/system/css/system.css HTTP/1.1" 200 1385 "http://www.straman.de/" "Mozilla/5.0 (Windows NT 5.1; rv:22.0) Gecko/20100101 Firefox/22.0"
87.187.30.144 - - [09/Aug/2013:07:40:34 +0200] "GET /templates/gk_penguinmail/css/gk_stuff.css HTTP/1.1" 200 12799 "http://www.straman.de/" "Mozilla/5.0 (Windows NT 5.1; rv:22.0) Gecko/20100101 Firefox/22.0"
87.187.30.144 - - [09/Aug/2013:07:40:34 +0200] "GET /templates/system/css/general.css HTTP/1.1" 200 2777 "http://www.straman.de/" "Mozilla/5.0 (Windows NT 5.1; rv:22.0) Gecko/20100101 Firefox/22.0"
87.187.30.144 - - [09/Aug/2013:07:40:34 +0200] "GET /templates/gk_penguinmail/css/addons.css HTTP/1.1" 200 2644 "http://www.straman.de/" "Mozilla/5.0 (Windows NT 5.1; rv:22.0) Gecko/20100101 Firefox/22.0"
87.187.30.144 - - [09/Aug/2013:07:40:34 +0200] "GET /templates/gk_penguinmail/css/layout.css HTTP/1.1" 200 1684 "http://www.straman.de/" "Mozilla/5.0 (Windows NT 5.1; rv:22.0) Gecko/20100101 Firefox/22.0"
87.187.30.144 - - [09/Aug/2013:07:40:34 +0200] "GET /templates/gk_penguinmail/css/template.css HTTP/1.1" 200 9192 "http://www.straman.de/" "Mozilla/5.0 (Windows NT 5.1; rv:22.0) Gecko/20100101 Firefox/22.0"
87.187.30.144 - - [09/Aug/2013:07:40:34 +0200] "GET /templates/gk_penguinmail/css/joomla.css HTTP/1.1" 200 14242 "http://www.straman.de/" "Mozilla/5.0 (Windows NT 5.1; rv:22.0) Gecko/20100101 Firefox/22.0"
87.187.30.144 - - [09/Aug/2013:07:40:34 +0200] "GET /templates/gk_penguinmail/css/typo.css HTTP/1.1" 200 15356 "http://www.straman.de/" "Mozilla/5.0 (Windows NT 5.1; rv:22.0) Gecko/20100101 Firefox/22.0"
87.187.30.144 - - [09/Aug/2013:07:40:34 +0200] "GET /templates/gk_penguinmail/css/css3_style3.css HTTP/1.1" 200 2980 "http://www.straman.de/" "Mozilla/5.0 (Windows NT 5.1; rv:22.0) Gecko/20100101 Firefox/22.0"
87.187.30.144 - - [09/Aug/2013:07:40:34 +0200] "GET /templates/gk_penguinmail/css/style3.css HTTP/1.1" 200 13892 "http://www.straman.de/" "Mozilla/5.0 (Windows NT 5.1; rv:22.0) Gecko/20100101 Firefox/22.0"
87.187.30.144 - - [09/Aug/2013:07:40:34 +0200] "GET /templates/gk_penguinmail/css/override.css HTTP/1.1" 200 3916 "http://www.straman.de/" "Mozilla/5.0 (Windows NT 5.1; rv:22.0) Gecko/20100101 Firefox/22.0"
87.187.30.144 - - [09/Aug/2013:07:40:35 +0200] "GET /templates/gk_penguinmail/js/domready_fix.js HTTP/1.1" 200 1340 "http://www.straman.de/" "Mozilla/5.0 (Windows NT 5.1; rv:22.0) Gecko/20100101 Firefox/22.0"
87.187.30.144 - - [09/Aug/2013:07:40:35 +0200] "GET /media/system/js/caption.js HTTP/1.1" 200 1963 "http://www.straman.de/" "Mozilla/5.0 (Windows NT 5.1; rv:22.0) Gecko/20100101 Firefox/22.0"
87.187.30.144 - - [09/Aug/2013:07:40:35 +0200] "GET /templates/gk_penguinmail/js/gk.script.js HTTP/1.1" 200 4585 "http://www.straman.de/" "Mozilla/5.0 (Windows NT 5.1; rv:22.0) Gecko/20100101 Firefox/22.0"
87.187.30.144 - - [09/Aug/2013:07:40:35 +0200] "GET /templates/gk_penguinmail/css/menu/mega.css HTTP/1.1" 200 4575 "http://www.straman.de/" "Mozilla/5.0 (Windows NT 5.1; rv:22.0) Gecko/20100101 Firefox/22.0"
