89.246.196.64 - - [03/Aug/2013:00:10:42 +0200] "GET /templates/gk_penguinmail/fonts/PT-Seans/PTS75F-webfont.eot HTTP/1.1" 200 25456 "http://www.straman.de/" "Mozilla/4.0 (compatible; MSIE 8.0; Windows NT 6.1; WOW64; Trident/4.0; SLCC2; .NET CLR 2.0.50727; .NET CLR 3.5.30729; .NET CLR 3.0.30729; Media Center PC 6.0; .NET4.0C; .NET4.0E; .NET CLR 1.1.4322; InfoPath.2)"
89.246.196.64 - - [03/Aug/2013:00:10:43 +0200] "GET /templates/gk_penguinmail/images/logo.png HTTP/1.1" 200 6608 "http://www.straman.de/" "Mozilla/4.0 (compatible; MSIE 8.0; Windows NT 6.1; WOW64; Trident/4.0; SLCC2; .NET CLR 2.0.50727; .NET CLR 3.5.30729; .NET CLR 3.0.30729; Media Center PC 6.0; .NET4.0C; .NET4.0E; .NET CLR 1.1.4322; InfoPath.2)"
89.246.196.64 - - [03/Aug/2013:00:10:43 +0200] "GET /templates/gk_penguinmail/images/menu_sprite.png HTTP/1.1" 404 2467 "http://www.straman.de/" "Mozilla/4.0 (compatible; MSIE 8.0; Windows NT 6.1; WOW64; Trident/4.0; SLCC2; .NET CLR 2.0.50727; .NET CLR 3.5.30729; .NET CLR 3.0.30729; Media Center PC 6.0; .NET4.0C; .NET4.0E; .NET CLR 1.1.4322; InfoPath.2)"
89.246.196.64 - - [03/Aug/2013:00:10:43 +0200] "GET /images/list_check.png HTTP/1.1" 200 3488 "http://www.straman.de/" "Mozilla/4.0 (compatible; MSIE 8.0; Windows NT 6.1; WOW64; Trident/4.0; SLCC2; .NET CLR 2.0.50727; .NET CLR 3.5.30729; .NET CLR 3.0.30729; Media Center PC 6.0; .NET4.0C; .NET4.0E; .NET CLR 1.1.4322; InfoPath.2)"
89.246.196.64 - - [03/Aug/2013:00:10:43 +0200] "GET /images/galabau_002.jpg HTTP/1.1" 200 42117 "http://www.straman.de/" "Mozilla/4.0 (compatible; MSIE 8.0; Windows NT 6.1; WOW64; Trident/4.0; SLCC2; .NET CLR 2.0.50727; .NET CLR 3.5.30729; .NET CLR 3.0.30729; Media Center PC 6.0; .NET4.0C; .NET4.0E; .NET CLR 1.1.4322; InfoPath.2)"
89.246.196.64 - - [03/Aug/2013:00:10:43 +0200] "GET /images/kontaktformular.jpg HTTP/1.1" 200 42791 "http://www.straman.de/" "Mozilla/4.0 (compatible; MSIE 8.0; Windows NT 6.1; WOW64; Trident/4.0; SLCC2; .NET CLR 2.0.50727; .NET CLR 3.5.30729; .NET CLR 3.0.30729; Media Center PC 6.0; .NET4.0C; .NET4.0E; .NET CLR 1.1.4322; InfoPath.2)"
89.246.196.64 - - [03/Aug/2013:00:10:43 +0200] "GET /images/winterdienst_005.jpg HTTP/1.1" 200 48793 "http://www.straman.de/" "Mozilla/4.0 (compatible; MSIE 8.0; Windows NT 6.1; WOW64; Trident/4.0; SLCC2; .NET CLR 2.0.50727; .NET CLR 3.5.30729; .NET CLR 3.0.30729; Media Center PC 6.0; .NET4.0C; .NET4.0E; .NET CLR 1.1.4322; InfoPath.2)"
89.246.196.64 - - [03/Aug/2013:00:10:42 +0200] "GET /images/header_neu.png HTTP/1.1" 200 340608 "http://www.straman.de/" "Mozilla/4.0 (compatible; MSIE 8.0; Windows NT 6.1; WOW64; Trident/4.0; SLCC2; .NET CLR 2.0.50727; .NET CLR 3.5.30729; .NET CLR 3.0.30729; Media Center PC 6.0; .NET4.0C; .NET4.0E; .NET CLR 1.1.4322; InfoPath.2)"
89.246.196.64 - - [03/Aug/2013:00:10:46 +0200] "GET /templates/gk_penguinmail/favicon.ico HTTP/1.1" 200 5686 "-" "Mozilla/4.0 (compatible; MSIE 8.0; Windows NT 6.1; WOW64; Trident/4.0; SLCC2; .NET CLR 2.0.50727; .NET CLR 3.5.30729; .NET CLR 3.0.30729; Media Center PC 6.0; .NET4.0C; .NET4.0E; .NET CLR 1.1.4322; InfoPath.2)"
66.249.75.137 - - [03/Aug/2013:00:42:18 +0200] "GET /component/content/46.html HTTP/1.1" 500 2511 "-" "Mozilla/5.0 (compatible; Googlebot/2.1; +http://www.google.com/bot.html)"
66.249.75.137 - - [03/Aug/2013:02:49:52 +0200] "GET /servicebereiche/infrastr-gebaeudemanagement.html HTTP/1.1" 200 9817 "-" "Mozilla/5.0 (iPhone; U; CPU iPhone OS 4_1 like Mac OS X; en-us) AppleWebKit/532.9 (KHTML, like Gecko) Version/4.0.5 Mobile/8B117 Safari/6531.22.7 (compatible; Googlebot-Mobile/2.1; +http://www.google.com/bot.html)"
157.55.35.117 - - [03/Aug/2013:02:53:27 +0200] "GET /robots.txt HTTP/1.1" 200 304 "-" "Mozilla/5.0 (compatible; bingbot/2.0; +http://www.bing.com/bingbot.htm)"
157.55.35.117 - - [03/Aug/2013:02:57:16 +0200] "GET / HTTP/1.1" 200 16888 "-" "Mozilla/5.0 (compatible; bingbot/2.0; +http://www.bing.com/bingbot.htm)"
87.169.226.232 - - [03/Aug/2013:03:01:02 +0200] "GET /unternehmen/jobs.html HTTP/1.1" 200 20697 "-" "Mozilla/5.0 /Windows; U; Windows NT 6.1; de; rv:1.9.1.5) Gecko/20091102 Firefox/3.5.5"
5.199.136.130 - - [03/Aug/2013:04:00:16 +0200] "GET /robots.txt HTTP/1.1" 200 304 "-" "Mozilla/5.0 (compatible; Spiderlytics/1.0; +spider@spiderlytics.com)"
77.233.225.115 - - [03/Aug/2013:04:11:24 +0200] "GET /robots.txt HTTP/1.1" 200 304 "-" "Mozilla/5.0 (compatible; Abonti/0.91 - http://www.abonti.com)"
77.233.225.115 - - [03/Aug/2013:04:11:50 +0200] "GET / HTTP/1.1" 200 16888 "-" "Mozilla/5.0 (compatible; Abonti/0.91 - http://www.abonti.com)"
188.138.41.137 - - [03/Aug/2013:04:11:53 +0200] "GET /robots.txt HTTP/1.1" 200 304 "-" "Mozilla/5.0 (X11; U; Linux i686; de; rv:1.9.0.1; compatible; iCjobs Stellenangebote Jobs; http://www.icjobs.de) Gecko/20100401 iCjobs/3.2.3"
188.138.41.137 - - [03/Aug/2013:04:11:54 +0200] "GET / HTTP/1.1" 200 16885 "-" "Mozilla/5.0 (X11; U; Linux i686; de; rv:1.9.0.1; compatible; iCjobs Stellenangebote Jobs; http://www.icjobs.de) Gecko/20100401 iCjobs/3.2.3"
188.138.41.137 - - [03/Aug/2013:04:11:55 +0200] "GET / HTTP/1.1" 200 16885 "-" "Mozilla/5.0 (X11; U; Linux i686; de; rv:1.9.0.1; compatible; iCjobs Stellenangebote Jobs; http://www.icjobs.de) Gecko/20100401 iCjobs/3.2.3"
77.233.225.115 - - [03/Aug/2013:04:12:14 +0200] "GET /index.php HTTP/1.1" 200 16906 "-" "Mozilla/5.0 (compatible; Abonti/0.91 - http://www.abonti.com)"
188.138.41.137 - - [03/Aug/2013:04:12:31 +0200] "GET /media/system/js/mootools.js HTTP/1.1" 200 74434 "-" "Mozilla/5.0 (X11; U; Linux i686; de; rv:1.9.0.1; compatible; iCjobs Stellenangebote Jobs; http://www.icjobs.de) Gecko/20100401 iCjobs/3.2.3"
77.233.225.115 - - [03/Aug/2013:04:12:32 +0200] "GET /servicebereiche/strassenreinigung.html HTTP/1.1" 200 18883 "-" "Mozilla/5.0 (compatible; Abonti/0.91 - http://www.abonti.com)"
188.138.41.137 - - [03/Aug/2013:04:12:34 +0200] "GET /templates/gk_penguinmail/js/domready_fix.js HTTP/1.1" 200 1340 "-" "Mozilla/5.0 (X11; U; Linux i686; de; rv:1.9.0.1; compatible; iCjobs Stellenangebote Jobs; http://www.icjobs.de) Gecko/20100401 iCjobs/3.2.3"
188.138.41.137 - - [03/Aug/2013:04:12:34 +0200] "GET /media/system/js/caption.js HTTP/1.1" 200 1963 "-" "Mozilla/5.0 (X11; U; Linux i686; de; rv:1.9.0.1; compatible; iCjobs Stellenangebote Jobs; http://www.icjobs.de) Gecko/20100401 iCjobs/3.2.3"
188.138.41.137 - - [03/Aug/2013:04:12:34 +0200] "GET /templates/gk_penguinmail/js/gk.script.js HTTP/1.1" 200 4585 "-" "Mozilla/5.0 (X11; U; Linux i686; de; rv:1.9.0.1; compatible; iCjobs Stellenangebote Jobs; http://www.icjobs.de) Gecko/20100401 iCjobs/3.2.3"
188.138.41.137 - - [03/Aug/2013:04:12:35 +0200] "GET /templates/gk_penguinmail/js/menu/mega.js HTTP/1.1" 200 12974 "-" "Mozilla/5.0 (X11; U; Linux i686; de; rv:1.9.0.1; compatible; iCjobs Stellenangebote Jobs; http://www.icjobs.de) Gecko/20100401 iCjobs/3.2.3"
188.138.41.137 - - [03/Aug/2013:04:12:46 +0200] "GET /unternehmen/jobs.html HTTP/1.1" 200 20698 "-" "Mozilla/5.0 (X11; U; Linux i686; de; rv:1.9.0.1; compatible; iCjobs Stellenangebote Jobs; http://www.icjobs.de) Gecko/20100401 iCjobs/3.2.3"
77.233.225.115 - - [03/Aug/2013:04:12:50 +0200] "GET /servicebereiche/strassenreinigung.html?tmpl=component&print=1&page= HTTP/1.1" 200 4712 "-" "Mozilla/5.0 (compatible; Abonti/0.91 - http://www.abonti.com)"
188.138.41.137 - - [03/Aug/2013:04:13:26 +0200] "GET /unternehmen/jobs/58.html HTTP/1.1" 200 17042 "-" "Mozilla/5.0 (X11; U; Linux i686; de; rv:1.9.0.1; compatible; iCjobs Stellenangebote Jobs; http://www.icjobs.de) Gecko/20100401 iCjobs/3.2.3"
188.138.41.137 - - [03/Aug/2013:04:13:45 +0200] "POST /unternehmen/jobs/index.php HTTP/1.1" 303 - "http://www.straman.de/unternehmen/jobs/58.html" "Mozilla/5.0 (X11; U; Linux i686; de; rv:1.9.0.1; compatible; iCjobs Stellenangebote Jobs; http://www.icjobs.de) Gecko/20100401 iCjobs/3.2.3"
188.138.41.137 - - [03/Aug/2013:04:13:46 +0200] "GET /component/search/?searchword=&ordering=&searchphrase=all HTTP/1.1" 200 7356 "-" "Java/1.6.0_10-rc"
188.138.41.137 - - [03/Aug/2013:04:13:59 +0200] "GET /kontakt.html HTTP/1.1" 200 16594 "-" "Mozilla/5.0 (X11; U; Linux i686; de; rv:1.9.0.1; compatible; iCjobs Stellenangebote Jobs; http://www.icjobs.de) Gecko/20100401 iCjobs/3.2.3"
77.233.225.115 - - [03/Aug/2013:04:13:59 +0200] "GET /servicebereiche/gebaeudemanagement.html HTTP/1.1" 200 16821 "-" "Mozilla/5.0 (compatible; Abonti/0.91 - http://www.abonti.com)"
188.138.41.137 - - [03/Aug/2013:04:14:16 +0200] "GET /kontakt.html?fid=1 HTTP/1.1" 200 16600 "-" "Mozilla/5.0 (X11; U; Linux i686; de; rv:1.9.0.1; compatible; iCjobs Stellenangebote Jobs; http://www.icjobs.de) Gecko/20100401 iCjobs/3.2.3"
77.233.225.115 - - [03/Aug/2013:04:14:19 +0200] "GET /downloadbereich.html HTTP/1.1" 200 15467 "-" "Mozilla/5.0 (compatible; Abonti/0.91 - http://www.abonti.com)"
188.138.41.137 - - [03/Aug/2013:04:14:35 +0200] "GET /component/content/article/58.html HTTP/1.1" 200 15658 "-" "Mozilla/5.0 (X11; U; Linux i686; de; rv:1.9.0.1; compatible; iCjobs Stellenangebote Jobs; http://www.icjobs.de) Gecko/20100401 iCjobs/3.2.3"
188.138.41.137 - - [03/Aug/2013:04:14:55 +0200] "GET /unternehmen/partner.html HTTP/1.1" 200 16752 "-" "Mozilla/5.0 (X11; U; Linux i686; de; rv:1.9.0.1; compatible; iCjobs Stellenangebote Jobs; http://www.icjobs.de) Gecko/20100401 iCjobs/3.2.3"
188.138.41.137 - - [03/Aug/2013:04:15:16 +0200] "GET /unternehmen/partner/58.html HTTP/1.1" 200 17118 "-" "Mozilla/5.0 (X11; U; Linux i686; de; rv:1.9.0.1; compatible; iCjobs Stellenangebote Jobs; http://www.icjobs.de) Gecko/20100401 iCjobs/3.2.3"
188.138.41.137 - - [03/Aug/2013:04:15:39 +0200] "GET /unternehmen/imagevideo-straman.html HTTP/1.1" 200 15247 "-" "Mozilla/5.0 (X11; U; Linux i686; de; rv:1.9.0.1; compatible; iCjobs Stellenangebote Jobs; http://www.icjobs.de) Gecko/20100401 iCjobs/3.2.3"
77.233.225.115 - - [03/Aug/2013:04:15:57 +0200] "GET /unternehmen/impressum.html HTTP/1.1" 200 20507 "-" "Mozilla/5.0 (compatible; Abonti/0.91 - http://www.abonti.com)"
188.138.41.137 - - [03/Aug/2013:04:16:01 +0200] "GET /unternehmen/imagevideo-straman/58.html HTTP/1.1" 200 16255 "-" "Mozilla/5.0 (X11; U; Linux i686; de; rv:1.9.0.1; compatible; iCjobs Stellenangebote Jobs; http://www.icjobs.de) Gecko/20100401 iCjobs/3.2.3"
77.233.225.115 - - [03/Aug/2013:04:16:17 +0200] "GET /downloadbereich/58.html HTTP/1.1" 200 16860 "-" "Mozilla/5.0 (compatible; Abonti/0.91 - http://www.abonti.com)"
188.138.41.137 - - [03/Aug/2013:04:16:19 +0200] "GET /unternehmen/standorte.html HTTP/1.1" 200 17538 "-" "Mozilla/5.0 (X11; U; Linux i686; de; rv:1.9.0.1; compatible; iCjobs Stellenangebote Jobs; http://www.icjobs.de) Gecko/20100401 iCjobs/3.2.3"
77.233.225.115 - - [03/Aug/2013:04:16:35 +0200] "GET /servicebereiche/gebaeudemanagement/58.html HTTP/1.1" 200 17129 "-" "Mozilla/5.0 (compatible; Abonti/0.91 - http://www.abonti.com)"
188.138.41.137 - - [03/Aug/2013:04:16:38 +0200] "GET /unternehmen/standorte/58.html HTTP/1.1" 200 17067 "-" "Mozilla/5.0 (X11; U; Linux i686; de; rv:1.9.0.1; compatible; iCjobs Stellenangebote Jobs; http://www.icjobs.de) Gecko/20100401 iCjobs/3.2.3"
77.233.225.115 - - [03/Aug/2013:04:16:53 +0200] "GET /news.html HTTP/1.1" 200 23639 "-" "Mozilla/5.0 (compatible; Abonti/0.91 - http://www.abonti.com)"
188.138.41.137 - - [03/Aug/2013:04:16:57 +0200] "GET /unternehmen/imagevideo-straman.pdf HTTP/1.1" 200 239850 "-" "Java/1.6.0_10-rc"
188.138.41.137 - - [03/Aug/2013:04:17:04 +0200] "GET /unternehmen/win2 HTTP/1.1" 404 2467 "-" "Mozilla/5.0 (X11; U; Linux i686; de; rv:1.9.0.1; compatible; iCjobs Stellenangebote Jobs; http://www.icjobs.de) Gecko/20100401 iCjobs/3.2.3"
188.138.41.137 - - [03/Aug/2013:04:17:04 +0200] "GET / HTTP/1.1" 200 16885 "-" "Mozilla/5.0 (X11; U; Linux i686; de; rv:1.9.0.1; compatible; iCjobs Stellenangebote Jobs; http://www.icjobs.de) Gecko/20100401 iCjobs/3.2.3"
188.138.41.137 - - [03/Aug/2013:04:17:05 +0200] "GET /news.html HTTP/1.1" 200 23636 "-" "Mozilla/5.0 (X11; U; Linux i686; de; rv:1.9.0.1; compatible; iCjobs Stellenangebote Jobs; http://www.icjobs.de) Gecko/20100401 iCjobs/3.2.3"
77.233.225.115 - - [03/Aug/2013:04:17:11 +0200] "GET /unternehmen/jobs.html HTTP/1.1" 200 20701 "-" "Mozilla/5.0 (compatible; Abonti/0.91 - http://www.abonti.com)"
188.138.41.137 - - [03/Aug/2013:04:17:25 +0200] "GET /news/61-wir-begruessen-sie-auf-den-seiten-von-straman-ihren-komplettdienstleister-rund-um-die-immobilie.html HTTP/1.1" 200 21027 "-" "Mozilla/5.0 (X11; U; Linux i686; de; rv:1.9.0.1; compatible; iCjobs Stellenangebote Jobs; http://www.icjobs.de) Gecko/20100401 iCjobs/3.2.3"
77.233.225.115 - - [03/Aug/2013:04:17:31 +0200] "GET /component/forme/?fid=2 HTTP/1.1" 200 19193 "-" "Mozilla/5.0 (compatible; Abonti/0.91 - http://www.abonti.com)"
77.233.225.115 - - [03/Aug/2013:04:17:52 +0200] "GET /unternehmen/jobs.html?tmpl=component&print=1&page= HTTP/1.1" 200 7010 "-" "Mozilla/5.0 (compatible; Abonti/0.91 - http://www.abonti.com)"
77.233.225.115 - - [03/Aug/2013:04:18:09 +0200] "GET /referenzen.html HTTP/1.1" 200 19796 "-" "Mozilla/5.0 (compatible; Abonti/0.91 - http://www.abonti.com)"
77.233.225.115 - - [03/Aug/2013:04:18:36 +0200] "GET /referenzen/58.html HTTP/1.1" 200 17266 "-" "Mozilla/5.0 (compatible; Abonti/0.91 - http://www.abonti.com)"
77.233.225.115 - - [03/Aug/2013:04:19:03 +0200] "GET /servicebereiche/gruenanlagenpflege.html HTTP/1.1" 200 23638 "-" "Mozilla/5.0 (compatible; Abonti/0.91 - http://www.abonti.com)"
77.233.225.115 - - [03/Aug/2013:04:19:20 +0200] "GET /component/mailto/?tmpl=component&link=064ccb77ca2bc09cd61972461b878ba524efa669 HTTP/1.1" 200 2687 "-" "Mozilla/5.0 (compatible; Abonti/0.91 - http://www.abonti.com)"
77.233.225.115 - - [03/Aug/2013:04:19:37 +0200] "GET /referenzen.html?tmpl=component&print=1&page= HTTP/1.1" 200 5878 "-" "Mozilla/5.0 (compatible; Abonti/0.91 - http://www.abonti.com)"
77.233.225.115 - - [03/Aug/2013:04:19:56 +0200] "GET /component/mailto/?tmpl=component&link=2343f1e43209db7cdb1141eecc20370554e33032 HTTP/1.1" 200 2687 "-" "Mozilla/5.0 (compatible; Abonti/0.91 - http://www.abonti.com)"
77.233.225.115 - - [03/Aug/2013:04:20:20 +0200] "GET /index.php?option=com_forme&fid=2&Itemid=65 HTTP/1.1" 200 19186 "-" "Mozilla/5.0 (compatible; Abonti/0.91 - http://www.abonti.com)"
77.233.225.115 - - [03/Aug/2013:04:20:38 +0200] "GET /referenzen/58-sitemap.html?tmpl=component&print=1&page= HTTP/1.1" 200 3342 "-" "Mozilla/5.0 (compatible; Abonti/0.91 - http://www.abonti.com)"
77.233.225.115 - - [03/Aug/2013:04:20:58 +0200] "GET /unternehmen/impressum/58.html HTTP/1.1" 200 17070 "-" "Mozilla/5.0 (compatible; Abonti/0.91 - http://www.abonti.com)"
188.138.41.137 - - [03/Aug/2013:04:21:05 +0200] "GET /news/62-alles-neu-macht-der-mai.html HTTP/1.1" 200 17362 "-" "Mozilla/5.0 (X11; U; Linux i686; de; rv:1.9.0.1; compatible; iCjobs Stellenangebote Jobs; http://www.icjobs.de) Gecko/20100401 iCjobs/3.2.3"
77.233.225.115 - - [03/Aug/2013:04:21:17 +0200] "GET /referenzen/58-sitemap.html HTTP/1.1" 200 17282 "-" "Mozilla/5.0 (compatible; Abonti/0.91 - http://www.abonti.com)"
188.138.41.137 - - [03/Aug/2013:04:21:25 +0200] "GET /news/60-ihr-komplettdienstleister-rund-um-die-immobilie.html HTTP/1.1" 200 17626 "-" "Mozilla/5.0 (X11; U; Linux i686; de; rv:1.9.0.1; compatible; iCjobs Stellenangebote Jobs; http://www.icjobs.de) Gecko/20100401 iCjobs/3.2.3"
77.233.225.115 - - [03/Aug/2013:04:21:38 +0200] "GET /unternehmen/standorte.html HTTP/1.1" 200 17541 "-" "Mozilla/5.0 (compatible; Abonti/0.91 - http://www.abonti.com)"
188.138.41.137 - - [03/Aug/2013:04:21:45 +0200] "GET /news/58.html HTTP/1.1" 200 16985 "-" "Mozilla/5.0 (X11; U; Linux i686; de; rv:1.9.0.1; compatible; iCjobs Stellenangebote Jobs; http://www.icjobs.de) Gecko/20100401 iCjobs/3.2.3"
188.138.41.137 - - [03/Aug/2013:04:22:07 +0200] "GET /servicebereiche/gruenanlagenpflege.html HTTP/1.1" 200 23635 "-" "Mozilla/5.0 (X11; U; Linux i686; de; rv:1.9.0.1; compatible; iCjobs Stellenangebote Jobs; http://www.icjobs.de) Gecko/20100401 iCjobs/3.2.3"
77.233.225.115 - - [03/Aug/2013:04:22:09 +0200] "GET /unternehmen/standorte/58.html HTTP/1.1" 200 17070 "-" "Mozilla/5.0 (compatible; Abonti/0.91 - http://www.abonti.com)"
188.138.41.137 - - [03/Aug/2013:04:22:33 +0200] "GET /servicebereiche/gruenanlagenpflege/58.html HTTP/1.1" 200 17554 "-" "Mozilla/5.0 (X11; U; Linux i686; de; rv:1.9.0.1; compatible; iCjobs Stellenangebote Jobs; http://www.icjobs.de) Gecko/20100401 iCjobs/3.2.3"
188.138.41.137 - - [03/Aug/2013:04:22:48 +0200] "GET /servicebereiche/strassenreinigung.html HTTP/1.1" 200 18880 "-" "Mozilla/5.0 (X11; U; Linux i686; de; rv:1.9.0.1; compatible; iCjobs Stellenangebote Jobs; http://www.icjobs.de) Gecko/20100401 iCjobs/3.2.3"
77.233.225.115 - - [03/Aug/2013:04:22:52 +0200] "GET /unternehmen/standorte/58-sitemap.html?tmpl=component&print=1&page= HTTP/1.1" 200 3353 "-" "Mozilla/5.0 (compatible; Abonti/0.91 - http://www.abonti.com)"
77.233.225.115 - - [03/Aug/2013:04:23:09 +0200] "GET /unternehmen/standorte/58-sitemap.html HTTP/1.1" 200 17086 "-" "Mozilla/5.0 (compatible; Abonti/0.91 - http://www.abonti.com)"
188.138.41.137 - - [03/Aug/2013:04:23:10 +0200] "GET /servicebereiche/strassenreinigung/58.html HTTP/1.1" 200 17539 "-" "Mozilla/5.0 (X11; U; Linux i686; de; rv:1.9.0.1; compatible; iCjobs Stellenangebote Jobs; http://www.icjobs.de) Gecko/20100401 iCjobs/3.2.3"
77.233.225.115 - - [03/Aug/2013:04:23:28 +0200] "GET /servicebereiche/gebaeudemanagement/58-sitemap.html?tmpl=component&print=1&page= HTTP/1.1" 200 3358 "-" "Mozilla/5.0 (compatible; Abonti/0.91 - http://www.abonti.com)"
188.138.41.137 - - [03/Aug/2013:04:23:31 +0200] "GET /servicebereiche/infrastr-gebaeudemanagement.html HTTP/1.1" 200 17031 "-" "Mozilla/5.0 (X11; U; Linux i686; de; rv:1.9.0.1; compatible; iCjobs Stellenangebote Jobs; http://www.icjobs.de) Gecko/20100401 iCjobs/3.2.3"
188.138.41.137 - - [03/Aug/2013:04:23:43 +0200] "GET /servicebereiche/infrastr-gebaeudemanagement/58.html HTTP/1.1" 200 17165 "-" "Mozilla/5.0 (X11; U; Linux i686; de; rv:1.9.0.1; compatible; iCjobs Stellenangebote Jobs; http://www.icjobs.de) Gecko/20100401 iCjobs/3.2.3"
77.233.225.115 - - [03/Aug/2013:04:23:49 +0200] "GET /servicebereiche/gebaeudemanagement/58-sitemap.html HTTP/1.1" 200 17145 "-" "Mozilla/5.0 (compatible; Abonti/0.91 - http://www.abonti.com)"
188.138.41.137 - - [03/Aug/2013:04:24:07 +0200] "GET /servicebereiche/gebaeudemanagement.html HTTP/1.1" 200 16818 "-" "Mozilla/5.0 (X11; U; Linux i686; de; rv:1.9.0.1; compatible; iCjobs Stellenangebote Jobs; http://www.icjobs.de) Gecko/20100401 iCjobs/3.2.3"
77.233.225.115 - - [03/Aug/2013:04:24:11 +0200] "GET /kontakt.html HTTP/1.1" 200 16597 "-" "Mozilla/5.0 (compatible; Abonti/0.91 - http://www.abonti.com)"
188.138.41.137 - - [03/Aug/2013:04:24:28 +0200] "GET /servicebereiche/gebaeudemanagement/58.html HTTP/1.1" 200 17126 "-" "Mozilla/5.0 (X11; U; Linux i686; de; rv:1.9.0.1; compatible; iCjobs Stellenangebote Jobs; http://www.icjobs.de) Gecko/20100401 iCjobs/3.2.3"
77.233.225.115 - - [03/Aug/2013:04:24:29 +0200] "GET /unternehmen/historie.html HTTP/1.1" 200 16082 "-" "Mozilla/5.0 (compatible; Abonti/0.91 - http://www.abonti.com)"
77.233.225.115 - - [03/Aug/2013:04:24:48 +0200] "GET /servicebereiche/winterdienst.html HTTP/1.1" 200 27643 "-" "Mozilla/5.0 (compatible; Abonti/0.91 - http://www.abonti.com)"
188.138.41.137 - - [03/Aug/2013:04:24:49 +0200] "GET /servicebereiche/winterdienst.html HTTP/1.1" 200 27640 "-" "Mozilla/5.0 (X11; U; Linux i686; de; rv:1.9.0.1; compatible; iCjobs Stellenangebote Jobs; http://www.icjobs.de) Gecko/20100401 iCjobs/3.2.3"
77.233.225.115 - - [03/Aug/2013:04:25:05 +0200] "GET /component/mailto/?tmpl=component&link=802c38c8dade244e9c14da84cbe12cb64c4e79eb HTTP/1.1" 200 2687 "-" "Mozilla/5.0 (compatible; Abonti/0.91 - http://www.abonti.com)"
188.138.41.137 - - [03/Aug/2013:04:25:09 +0200] "GET /servicebereiche/winterdienst/58.html HTTP/1.1" 200 18851 "-" "Mozilla/5.0 (X11; U; Linux i686; de; rv:1.9.0.1; compatible; iCjobs Stellenangebote Jobs; http://www.icjobs.de) Gecko/20100401 iCjobs/3.2.3"
188.138.41.137 - - [03/Aug/2013:04:25:27 +0200] "GET /referenzen.html HTTP/1.1" 200 19793 "-" "Mozilla/5.0 (X11; U; Linux i686; de; rv:1.9.0.1; compatible; iCjobs Stellenangebote Jobs; http://www.icjobs.de) Gecko/20100401 iCjobs/3.2.3"
77.233.225.115 - - [03/Aug/2013:04:25:28 +0200] "GET /servicebereiche/winterdienst.html?tmpl=component&print=1&page= HTTP/1.1" 200 12156 "-" "Mozilla/5.0 (compatible; Abonti/0.91 - http://www.abonti.com)"
188.138.41.137 - - [03/Aug/2013:04:25:43 +0200] "GET /referenzen/58.html HTTP/1.1" 200 17263 "-" "Mozilla/5.0 (X11; U; Linux i686; de; rv:1.9.0.1; compatible; iCjobs Stellenangebote Jobs; http://www.icjobs.de) Gecko/20100401 iCjobs/3.2.3"
77.233.225.115 - - [03/Aug/2013:04:25:45 +0200] "GET /component/mailto/?tmpl=component&link=fcdbae1f04f84c0b90da1200899b1a5c8c97ead8 HTTP/1.1" 200 2687 "-" "Mozilla/5.0 (compatible; Abonti/0.91 - http://www.abonti.com)"
188.138.41.137 - - [03/Aug/2013:04:26:04 +0200] "GET /downloadbereich.html HTTP/1.1" 200 15464 "-" "Mozilla/5.0 (X11; U; Linux i686; de; rv:1.9.0.1; compatible; iCjobs Stellenangebote Jobs; http://www.icjobs.de) Gecko/20100401 iCjobs/3.2.3"
77.233.225.115 - - [03/Aug/2013:04:26:04 +0200] "GET /servicebereiche/strassenreinigung/58.html HTTP/1.1" 200 17542 "-" "Mozilla/5.0 (compatible; Abonti/0.91 - http://www.abonti.com)"
77.233.225.115 - - [03/Aug/2013:04:26:24 +0200] "GET /unternehmen/partner.html HTTP/1.1" 200 16755 "-" "Mozilla/5.0 (compatible; Abonti/0.91 - http://www.abonti.com)"
188.138.41.137 - - [03/Aug/2013:04:26:30 +0200] "GET /downloadbereich/58.html HTTP/1.1" 200 16857 "-" "Mozilla/5.0 (X11; U; Linux i686; de; rv:1.9.0.1; compatible; iCjobs Stellenangebote Jobs; http://www.icjobs.de) Gecko/20100401 iCjobs/3.2.3"
188.138.41.137 - - [03/Aug/2013:04:26:44 +0200] "GET /index.php?option=com_forme&fid=2&Itemid=65 HTTP/1.1" 200 19770 "-" "Mozilla/5.0 (X11; U; Linux i686; de; rv:1.9.0.1; compatible; iCjobs Stellenangebote Jobs; http://www.icjobs.de) Gecko/20100401 iCjobs/3.2.3"
77.233.225.115 - - [03/Aug/2013:04:26:59 +0200] "GET /unternehmen/partner.html?tmpl=component&print=1&page= HTTP/1.1" 200 2991 "-" "Mozilla/5.0 (compatible; Abonti/0.91 - http://www.abonti.com)"
188.138.41.137 - - [03/Aug/2013:04:27:10 +0200] "GET /index.php HTTP/1.1" 200 16903 "-" "Mozilla/5.0 (X11; U; Linux i686; de; rv:1.9.0.1; compatible; iCjobs Stellenangebote Jobs; http://www.icjobs.de) Gecko/20100401 iCjobs/3.2.3"
77.233.225.115 - - [03/Aug/2013:04:27:16 +0200] "GET /component/mailto/?tmpl=component&link=0d980a49ecc516c36b2d6fc67ea6eb75596bed49 HTTP/1.1" 200 2687 "-" "Mozilla/5.0 (compatible; Abonti/0.91 - http://www.abonti.com)"
188.138.41.137 - - [03/Aug/2013:04:27:30 +0200] "GET /component/content/46.html HTTP/1.1" 500 2511 "-" "Mozilla/5.0 (X11; U; Linux i686; de; rv:1.9.0.1; compatible; iCjobs Stellenangebote Jobs; http://www.icjobs.de) Gecko/20100401 iCjobs/3.2.3"
188.138.41.137 - - [03/Aug/2013:04:27:31 +0200] "GET /?ui=desktop HTTP/1.1" 200 16896 "-" "Mozilla/5.0 (X11; U; Linux i686; de; rv:1.9.0.1; compatible; iCjobs Stellenangebote Jobs; http://www.icjobs.de) Gecko/20100401 iCjobs/3.2.3"
188.138.41.137 - - [03/Aug/2013:04:27:44 +0200] "GET /component/forme/?fid=2 HTTP/1.1" 200 19190 "-" "Mozilla/5.0 (X11; U; Linux i686; de; rv:1.9.0.1; compatible; iCjobs Stellenangebote Jobs; http://www.icjobs.de) Gecko/20100401 iCjobs/3.2.3"
77.233.225.115 - - [03/Aug/2013:04:27:52 +0200] "GET /servicebereiche/strassenreinigung/58-sitemap.html?tmpl=component&print=1&page= HTTP/1.1" 200 3365 "-" "Mozilla/5.0 (compatible; Abonti/0.91 - http://www.abonti.com)"
77.233.225.115 - - [03/Aug/2013:04:28:08 +0200] "GET /servicebereiche/strassenreinigung/58-sitemap.html HTTP/1.1" 200 17558 "-" "Mozilla/5.0 (compatible; Abonti/0.91 - http://www.abonti.com)"
77.233.225.115 - - [03/Aug/2013:04:28:34 +0200] "GET /unternehmen/partner/58.html HTTP/1.1" 200 17121 "-" "Mozilla/5.0 (compatible; Abonti/0.91 - http://www.abonti.com)"
77.233.225.115 - - [03/Aug/2013:04:28:55 +0200] "GET /unternehmen/partner/58-sitemap.html?tmpl=component&print=1&page= HTTP/1.1" 200 3351 "-" "Mozilla/5.0 (compatible; Abonti/0.91 - http://www.abonti.com)"
77.233.225.115 - - [03/Aug/2013:04:29:13 +0200] "GET /unternehmen/partner/58-sitemap.html HTTP/1.1" 200 17137 "-" "Mozilla/5.0 (compatible; Abonti/0.91 - http://www.abonti.com)"
77.233.225.115 - - [03/Aug/2013:04:29:44 +0200] "GET /unternehmen/imagevideo-straman.html HTTP/1.1" 200 15250 "-" "Mozilla/5.0 (compatible; Abonti/0.91 - http://www.abonti.com)"
77.233.225.115 - - [03/Aug/2013:04:30:06 +0200] "GET /unternehmen/imagevideo-straman/58.html HTTP/1.1" 200 16258 "-" "Mozilla/5.0 (compatible; Abonti/0.91 - http://www.abonti.com)"
77.233.225.115 - - [03/Aug/2013:04:30:24 +0200] "GET /component/mailto/?tmpl=component&link=a0f90e3f2e376ffb85cf3950f8f5ab75a77cab80 HTTP/1.1" 200 2687 "-" "Mozilla/5.0 (compatible; Abonti/0.91 - http://www.abonti.com)"
77.233.225.115 - - [03/Aug/2013:04:30:44 +0200] "GET /unternehmen/imagevideo-straman/58-sitemap.html?tmpl=component&print=1&page= HTTP/1.1" 200 3350 "-" "Mozilla/5.0 (compatible; Abonti/0.91 - http://www.abonti.com)"
77.233.225.115 - - [03/Aug/2013:04:31:12 +0200] "GET /unternehmen/imagevideo-straman/58-sitemap.html HTTP/1.1" 200 16274 "-" "Mozilla/5.0 (compatible; Abonti/0.91 - http://www.abonti.com)"
178.77.126.55 - - [03/Aug/2013:04:55:39 +0200] "GET /robots.txt HTTP/1.1" 200 304 "-" "Mozilla/5.0 (compatible; CareerBot/1.1; +http://www.career-x.de/bot.html)"
178.77.126.55 - - [03/Aug/2013:04:55:39 +0200] "GET / HTTP/1.1" 200 16888 "-" "Mozilla/5.0 (compatible; CareerBot/1.1; +http://www.career-x.de/bot.html)"
193.100.62.29 - - [03/Aug/2013:05:14:11 +0200] "GET /images/header_orange.png HTTP/1.1" 304 - "-" "Mozilla/4.0 (compatible;)"
66.249.75.137 - - [03/Aug/2013:06:19:31 +0200] "GET /servicebereiche/gebaeudemanagement.html HTTP/1.1" 200 9613 "-" "Mozilla/5.0 (iPhone; U; CPU iPhone OS 4_1 like Mac OS X; en-us) AppleWebKit/532.9 (KHTML, like Gecko) Version/4.0.5 Mobile/8B117 Safari/6531.22.7 (compatible; Googlebot-Mobile/2.1; +http://www.google.com/bot.html)"
88.74.221.162 - - [03/Aug/2013:06:32:23 +0200] "GET /templates/system/css/system.css HTTP/1.1" 200 1385 "http://www.straman.de/" "Mozilla/5.0 (compatible; MSIE 10.0; Windows NT 6.1; Trident/6.0)"
88.74.221.162 - - [03/Aug/2013:06:32:23 +0200] "GET /templates/gk_penguinmail/css/addons.css HTTP/1.1" 200 2644 "http://www.straman.de/" "Mozilla/5.0 (compatible; MSIE 10.0; Windows NT 6.1; Trident/6.0)"
88.74.221.162 - - [03/Aug/2013:06:32:23 +0200] "GET /templates/gk_penguinmail/css/layout.css HTTP/1.1" 200 1684 "http://www.straman.de/" "Mozilla/5.0 (compatible; MSIE 10.0; Windows NT 6.1; Trident/6.0)"
88.74.221.162 - - [03/Aug/2013:06:32:23 +0200] "GET /templates/system/css/general.css HTTP/1.1" 200 2777 "http://www.straman.de/" "Mozilla/5.0 (compatible; MSIE 10.0; Windows NT 6.1; Trident/6.0)"
88.74.221.162 - - [03/Aug/2013:06:32:22 +0200] "GET / HTTP/1.1" 200 16854 "http://www.google.de/aclk?sa=L&ai=CS61sd4b8UcG5OYeW0wWdqYC4Dumv--cF8Ya5goMBr9nIEQgDEAEgsYrfBigDUPPkhIj7_____wFglfrwgYwHyAEBqQIjY48y3Um2PqoEJE_QnjYIps4Zv4vo6Ubvw51d9x-Dabqdqae8PuvHFwMZ78SgCIAFkE6AB5mN80E&sig=AOD64_294iaMUoPXDFxKoMxbM5_W4htCvg&ved=0CI0BENEM&adurl=http://www.straman.de&rct=j&q=anschreiben%20hausmeister" "Mozilla/5.0 (compatible; MSIE 10.0; Windows NT 6.1; Trident/6.0)"
88.74.221.162 - - [03/Aug/2013:06:32:23 +0200] "GET /templates/gk_penguinmail/css/template.css HTTP/1.1" 200 9192 "http://www.straman.de/" "Mozilla/5.0 (compatible; MSIE 10.0; Windows NT 6.1; Trident/6.0)"
88.74.221.162 - - [03/Aug/2013:06:32:23 +0200] "GET /templates/gk_penguinmail/css/joomla.css HTTP/1.1" 200 14242 "http://www.straman.de/" "Mozilla/5.0 (compatible; MSIE 10.0; Windows NT 6.1; Trident/6.0)"
88.74.221.162 - - [03/Aug/2013:06:32:23 +0200] "GET /templates/gk_penguinmail/css/gk_stuff.css HTTP/1.1" 200 12799 "http://www.straman.de/" "Mozilla/5.0 (compatible; MSIE 10.0; Windows NT 6.1; Trident/6.0)"
88.74.221.162 - - [03/Aug/2013:06:32:23 +0200] "GET /templates/gk_penguinmail/css/typo.css HTTP/1.1" 200 15356 "http://www.straman.de/" "Mozilla/5.0 (compatible; MSIE 10.0; Windows NT 6.1; Trident/6.0)"
88.74.221.162 - - [03/Aug/2013:06:32:23 +0200] "GET /templates/gk_penguinmail/css/css3_style3.css HTTP/1.1" 200 2980 "http://www.straman.de/" "Mozilla/5.0 (compatible; MSIE 10.0; Windows NT 6.1; Trident/6.0)"
88.74.221.162 - - [03/Aug/2013:06:32:23 +0200] "GET /templates/gk_penguinmail/css/style3.css HTTP/1.1" 200 13892 "http://www.straman.de/" "Mozilla/5.0 (compatible; MSIE 10.0; Windows NT 6.1; Trident/6.0)"
88.74.221.162 - - [03/Aug/2013:06:32:23 +0200] "GET /templates/gk_penguinmail/css/override.css HTTP/1.1" 200 3916 "http://www.straman.de/" "Mozilla/5.0 (compatible; MSIE 10.0; Windows NT 6.1; Trident/6.0)"
88.74.221.162 - - [03/Aug/2013:06:32:23 +0200] "GET /templates/gk_penguinmail/js/domready_fix.js HTTP/1.1" 200 1340 "http://www.straman.de/" "Mozilla/5.0 (compatible; MSIE 10.0; Windows NT 6.1; Trident/6.0)"
88.74.221.162 - - [03/Aug/2013:06:32:23 +0200] "GET /media/system/js/caption.js HTTP/1.1" 200 1963 "http://www.straman.de/" "Mozilla/5.0 (compatible; MSIE 10.0; Windows NT 6.1; Trident/6.0)"
88.74.221.162 - - [03/Aug/2013:06:32:23 +0200] "GET /templates/gk_penguinmail/js/gk.script.js HTTP/1.1" 200 4585 "http://www.straman.de/" "Mozilla/5.0 (compatible; MSIE 10.0; Windows NT 6.1; Trident/6.0)"
88.74.221.162 - - [03/Aug/2013:06:32:23 +0200] "GET /templates/gk_penguinmail/css/menu/mega.css HTTP/1.1" 200 4575 "http://www.straman.de/" "Mozilla/5.0 (compatible; MSIE 10.0; Windows NT 6.1; Trident/6.0)"
88.74.221.162 - - [03/Aug/2013:06:32:23 +0200] "GET /templates/gk_penguinmail/js/menu/mega.js HTTP/1.1" 200 12974 "http://www.straman.de/" "Mozilla/5.0 (compatible; MSIE 10.0; Windows NT 6.1; Trident/6.0)"
88.74.221.162 - - [03/Aug/2013:06:32:23 +0200] "GET /templates/gk_penguinmail/fonts/PT-Seans/stylesheet.css HTTP/1.1" 200 2445 "http://www.straman.de/" "Mozilla/5.0 (compatible; MSIE 10.0; Windows NT 6.1; Trident/6.0)"
88.74.221.162 - - [03/Aug/2013:06:32:23 +0200] "GET /media/system/js/mootools.js HTTP/1.1" 200 74434 "http://www.straman.de/" "Mozilla/5.0 (compatible; MSIE 10.0; Windows NT 6.1; Trident/6.0)"
88.74.221.162 - - [03/Aug/2013:06:32:23 +0200] "GET /images/winterdienst_005.jpg HTTP/1.1" 200 48793 "http://www.straman.de/" "Mozilla/5.0 (compatible; MSIE 10.0; Windows NT 6.1; Trident/6.0)"
88.74.221.162 - - [03/Aug/2013:06:32:23 +0200] "GET /images/gmm2.jpg HTTP/1.1" 200 47432 "http://www.straman.de/" "Mozilla/5.0 (compatible; MSIE 10.0; Windows NT 6.1; Trident/6.0)"
88.74.221.162 - - [03/Aug/2013:06:32:23 +0200] "GET /images/galabau_002.jpg HTTP/1.1" 200 42117 "http://www.straman.de/" "Mozilla/5.0 (compatible; MSIE 10.0; Windows NT 6.1; Trident/6.0)"
88.74.221.162 - - [03/Aug/2013:06:32:23 +0200] "GET /images/kontaktformular.jpg HTTP/1.1" 200 42791 "http://www.straman.de/" "Mozilla/5.0 (compatible; MSIE 10.0; Windows NT 6.1; Trident/6.0)"
88.74.221.162 - - [03/Aug/2013:06:32:23 +0200] "GET /templates/gk_penguinmail/images/style3/menu_sprite.png HTTP/1.1" 200 450 "http://www.straman.de/" "Mozilla/5.0 (compatible; MSIE 10.0; Windows NT 6.1; Trident/6.0)"
88.74.221.162 - - [03/Aug/2013:06:32:23 +0200] "GET /templates/gk_penguinmail/images/style3/glow.jpg HTTP/1.1" 200 18301 "http://www.straman.de/" "Mozilla/5.0 (compatible; MSIE 10.0; Windows NT 6.1; Trident/6.0)"
88.74.221.162 - - [03/Aug/2013:06:32:23 +0200] "GET /images/list_check.png HTTP/1.1" 200 3488 "http://www.straman.de/" "Mozilla/5.0 (compatible; MSIE 10.0; Windows NT 6.1; Trident/6.0)"
88.74.221.162 - - [03/Aug/2013:06:32:23 +0200] "GET /templates/gk_penguinmail/images/logo.png HTTP/1.1" 200 6608 "http://www.straman.de/" "Mozilla/5.0 (compatible; MSIE 10.0; Windows NT 6.1; Trident/6.0)"
88.74.221.162 - - [03/Aug/2013:06:32:23 +0200] "GET /images/header_neu.png HTTP/1.1" 200 340608 "http://www.straman.de/" "Mozilla/5.0 (compatible; MSIE 10.0; Windows NT 6.1; Trident/6.0)"
88.74.221.162 - - [03/Aug/2013:06:32:23 +0200] "GET /templates/gk_penguinmail/images/menu_sprite.png HTTP/1.1" 404 2467 "http://www.straman.de/" "Mozilla/5.0 (compatible; MSIE 10.0; Windows NT 6.1; Trident/6.0)"
88.74.221.162 - - [03/Aug/2013:06:32:24 +0200] "GET /templates/gk_penguinmail/favicon.ico HTTP/1.1" 200 5686 "-" "Mozilla/5.0 (compatible; MSIE 10.0; Windows NT 6.1; Trident/6.0)"
66.249.75.137 - - [03/Aug/2013:06:34:41 +0200] "GET /component/content/46.html HTTP/1.1" 500 2511 "-" "Mozilla/5.0 (compatible; Googlebot/2.1; +http://www.google.com/bot.html)"
208.115.111.71 - - [03/Aug/2013:06:51:26 +0200] "GET /robots.txt HTTP/1.1" 200 304 "-" "Mozilla/5.0 (compatible; Ezooms/1.0; ezooms.bot@gmail.com)"
195.20.220.213 - - [03/Aug/2013:07:21:16 +0200] "GET /templates/gk_penguinmail/css/template.css HTTP/1.1" 304 - "-" "Mozilla/4.0 (compatible;)"
157.55.33.88 - - [03/Aug/2013:07:25:01 +0200] "GET /robots.txt HTTP/1.1" 200 304 "-" "Mozilla/5.0 (compatible; bingbot/2.0; +http://www.bing.com/bingbot.htm)"
157.55.33.88 - - [03/Aug/2013:07:25:49 +0200] "GET /component/mailto/?tmpl=component&link=4d090a7d0dad0ed1b40abd9c35a75b7faac292cb HTTP/1.1" 200 2687 "-" "Mozilla/5.0 (compatible; bingbot/2.0; +http://www.bing.com/bingbot.htm)"
79.197.208.25 - - [03/Aug/2013:07:36:22 +0200] "GET / HTTP/1.1" 200 16885 "-" "Mozilla/5.0 (iPad; CPU OS 6_1_3 like Mac OS X) AppleWebKit/536.26 (KHTML, like Gecko) Mobile/10B329"
79.197.208.25 - - [03/Aug/2013:07:36:22 +0200] "GET /templates/system/css/system.css HTTP/1.1" 200 1385 "http://www.straman.de/" "Mozilla/5.0 (iPad; CPU OS 6_1_3 like Mac OS X) AppleWebKit/536.26 (KHTML, like Gecko) Mobile/10B329"
79.197.208.25 - - [03/Aug/2013:07:36:22 +0200] "GET /templates/system/css/general.css HTTP/1.1" 200 2777 "http://www.straman.de/" "Mozilla/5.0 (iPad; CPU OS 6_1_3 like Mac OS X) AppleWebKit/536.26 (KHTML, like Gecko) Mobile/10B329"
79.197.208.25 - - [03/Aug/2013:07:36:22 +0200] "GET /templates/gk_penguinmail/css/addons.css HTTP/1.1" 200 2644 "http://www.straman.de/" "Mozilla/5.0 (iPad; CPU OS 6_1_3 like Mac OS X) AppleWebKit/536.26 (KHTML, like Gecko) Mobile/10B329"
79.197.208.25 - - [03/Aug/2013:07:36:22 +0200] "GET /templates/gk_penguinmail/css/layout.css HTTP/1.1" 200 1684 "http://www.straman.de/" "Mozilla/5.0 (iPad; CPU OS 6_1_3 like Mac OS X) AppleWebKit/536.26 (KHTML, like Gecko) Mobile/10B329"
79.197.208.25 - - [03/Aug/2013:07:36:22 +0200] "GET /templates/gk_penguinmail/css/template.css HTTP/1.1" 200 9192 "http://www.straman.de/" "Mozilla/5.0 (iPad; CPU OS 6_1_3 like Mac OS X) AppleWebKit/536.26 (KHTML, like Gecko) Mobile/10B329"
79.197.208.25 - - [03/Aug/2013:07:36:22 +0200] "GET /templates/gk_penguinmail/css/joomla.css HTTP/1.1" 200 14242 "http://www.straman.de/" "Mozilla/5.0 (iPad; CPU OS 6_1_3 like Mac OS X) AppleWebKit/536.26 (KHTML, like Gecko) Mobile/10B329"
79.197.208.25 - - [03/Aug/2013:07:36:22 +0200] "GET /templates/gk_penguinmail/css/gk_stuff.css HTTP/1.1" 200 12799 "http://www.straman.de/" "Mozilla/5.0 (iPad; CPU OS 6_1_3 like Mac OS X) AppleWebKit/536.26 (KHTML, like Gecko) Mobile/10B329"
79.197.208.25 - - [03/Aug/2013:07:36:22 +0200] "GET /templates/gk_penguinmail/css/typo.css HTTP/1.1" 200 15356 "http://www.straman.de/" "Mozilla/5.0 (iPad; CPU OS 6_1_3 like Mac OS X) AppleWebKit/536.26 (KHTML, like Gecko) Mobile/10B329"
79.197.208.25 - - [03/Aug/2013:07:36:22 +0200] "GET /templates/gk_penguinmail/css/css3_style3.css HTTP/1.1" 200 2980 "http://www.straman.de/" "Mozilla/5.0 (iPad; CPU OS 6_1_3 like Mac OS X) AppleWebKit/536.26 (KHTML, like Gecko) Mobile/10B329"
79.197.208.25 - - [03/Aug/2013:07:36:22 +0200] "GET /templates/gk_penguinmail/css/style3.css HTTP/1.1" 200 13892 "http://www.straman.de/" "Mozilla/5.0 (iPad; CPU OS 6_1_3 like Mac OS X) AppleWebKit/536.26 (KHTML, like Gecko) Mobile/10B329"
79.197.208.25 - - [03/Aug/2013:07:36:22 +0200] "GET /templates/gk_penguinmail/css/override.css HTTP/1.1" 200 3916 "http://www.straman.de/" "Mozilla/5.0 (iPad; CPU OS 6_1_3 like Mac OS X) AppleWebKit/536.26 (KHTML, like Gecko) Mobile/10B329"
79.197.208.25 - - [03/Aug/2013:07:36:22 +0200] "GET /media/system/js/mootools.js HTTP/1.1" 200 74434 "http://www.straman.de/" "Mozilla/5.0 (iPad; CPU OS 6_1_3 like Mac OS X) AppleWebKit/536.26 (KHTML, like Gecko) Mobile/10B329"
79.197.208.25 - - [03/Aug/2013:07:36:22 +0200] "GET /templates/gk_penguinmail/js/domready_fix.js HTTP/1.1" 200 1340 "http://www.straman.de/" "Mozilla/5.0 (iPad; CPU OS 6_1_3 like Mac OS X) AppleWebKit/536.26 (KHTML, like Gecko) Mobile/10B329"
79.197.208.25 - - [03/Aug/2013:07:36:22 +0200] "GET /media/system/js/caption.js HTTP/1.1" 200 1963 "http://www.straman.de/" "Mozilla/5.0 (iPad; CPU OS 6_1_3 like Mac OS X) AppleWebKit/536.26 (KHTML, like Gecko) Mobile/10B329"
79.197.208.25 - - [03/Aug/2013:07:36:22 +0200] "GET /templates/gk_penguinmail/js/gk.script.js HTTP/1.1" 200 4585 "http://www.straman.de/" "Mozilla/5.0 (iPad; CPU OS 6_1_3 like Mac OS X) AppleWebKit/536.26 (KHTML, like Gecko) Mobile/10B329"
79.197.208.25 - - [03/Aug/2013:07:36:22 +0200] "GET /templates/gk_penguinmail/css/menu/mega.css HTTP/1.1" 200 4575 "http://www.straman.de/" "Mozilla/5.0 (iPad; CPU OS 6_1_3 like Mac OS X) AppleWebKit/536.26 (KHTML, like Gecko) Mobile/10B329"
79.197.208.25 - - [03/Aug/2013:07:36:22 +0200] "GET /templates/gk_penguinmail/js/menu/mega.js HTTP/1.1" 200 12974 "http://www.straman.de/" "Mozilla/5.0 (iPad; CPU OS 6_1_3 like Mac OS X) AppleWebKit/536.26 (KHTML, like Gecko) Mobile/10B329"
79.197.208.25 - - [03/Aug/2013:07:36:22 +0200] "GET /templates/gk_penguinmail/fonts/PT-Seans/stylesheet.css HTTP/1.1" 200 2445 "http://www.straman.de/" "Mozilla/5.0 (iPad; CPU OS 6_1_3 like Mac OS X) AppleWebKit/536.26 (KHTML, like Gecko) Mobile/10B329"
79.197.208.25 - - [03/Aug/2013:07:36:22 +0200] "GET /images/gmm2.jpg HTTP/1.1" 200 47432 "http://www.straman.de/" "Mozilla/5.0 (iPad; CPU OS 6_1_3 like Mac OS X) AppleWebKit/536.26 (KHTML, like Gecko) Mobile/10B329"
79.197.208.25 - - [03/Aug/2013:07:36:23 +0200] "GET /images/galabau_002.jpg HTTP/1.1" 200 42117 "http://www.straman.de/" "Mozilla/5.0 (iPad; CPU OS 6_1_3 like Mac OS X) AppleWebKit/536.26 (KHTML, like Gecko) Mobile/10B329"
79.197.208.25 - - [03/Aug/2013:07:36:23 +0200] "GET /images/winterdienst_005.jpg HTTP/1.1" 200 48793 "http://www.straman.de/" "Mozilla/5.0 (iPad; CPU OS 6_1_3 like Mac OS X) AppleWebKit/536.26 (KHTML, like Gecko) Mobile/10B329"
79.197.208.25 - - [03/Aug/2013:07:36:23 +0200] "GET /images/kontaktformular.jpg HTTP/1.1" 200 42791 "http://www.straman.de/" "Mozilla/5.0 (iPad; CPU OS 6_1_3 like Mac OS X) AppleWebKit/536.26 (KHTML, like Gecko) Mobile/10B329"
79.197.208.25 - - [03/Aug/2013:07:36:22 +0200] "GET /images/header_neu.png HTTP/1.1" 200 340608 "http://www.straman.de/" "Mozilla/5.0 (iPad; CPU OS 6_1_3 like Mac OS X) AppleWebKit/536.26 (KHTML, like Gecko) Mobile/10B329"
79.197.208.25 - - [03/Aug/2013:07:36:23 +0200] "GET /templates/gk_penguinmail/images/style3/glow.jpg HTTP/1.1" 200 18301 "http://www.straman.de/" "Mozilla/5.0 (iPad; CPU OS 6_1_3 like Mac OS X) AppleWebKit/536.26 (KHTML, like Gecko) Mobile/10B329"
79.197.208.25 - - [03/Aug/2013:07:36:23 +0200] "GET /templates/gk_penguinmail/images/style3/menu_sprite.png HTTP/1.1" 200 450 "http://www.straman.de/" "Mozilla/5.0 (iPad; CPU OS 6_1_3 like Mac OS X) AppleWebKit/536.26 (KHTML, like Gecko) Mobile/10B329"
79.197.208.25 - - [03/Aug/2013:07:36:23 +0200] "GET /templates/gk_penguinmail/images/logo.png HTTP/1.1" 200 6608 "http://www.straman.de/" "Mozilla/5.0 (iPad; CPU OS 6_1_3 like Mac OS X) AppleWebKit/536.26 (KHTML, like Gecko) Mobile/10B329"
79.197.208.25 - - [03/Aug/2013:07:36:23 +0200] "GET /images/list_check.png HTTP/1.1" 200 3488 "http://www.straman.de/" "Mozilla/5.0 (iPad; CPU OS 6_1_3 like Mac OS X) AppleWebKit/536.26 (KHTML, like Gecko) Mobile/10B329"
79.197.208.25 - - [03/Aug/2013:07:36:23 +0200] "GET /templates/gk_penguinmail/images/menu_sprite.png HTTP/1.1" 404 2467 "http://www.straman.de/" "Mozilla/5.0 (iPad; CPU OS 6_1_3 like Mac OS X) AppleWebKit/536.26 (KHTML, like Gecko) Mobile/10B329"
91.66.125.95 - - [03/Aug/2013:08:01:21 +0200] "GET / HTTP/1.1" 200 5608 "http://www.google.de/aclk?sa=L&ai=C1W-3Ypz8UcyDJYiU0wWYmoGoC-mv--cFmdy5goMBqsDgBggAEAEgs7SHGCgCUPPkhIj7_____wFglYKAgJAHyAEBqQIjY48y3Um2PqoEJU_QwVfmEd9uSwkl2XWpLmWtElQoyO9pET_LWD9IVv6d4Qv655GABbP4_hjYBgSAB5mN80E&sig=AOD64_3LlzEEXFUXALvEVmvrLgniFAva6g&ved=0CDAQ0Qw&adurl=http://www.straman.de&rct=j&q=baumschule%20potsdqam" "Mozilla/5.0 (Linux; U; Android 4.1.2; de-de; GT-P5100 Build/JZO54K) AppleWebKit/534.30 (KHTML, like Gecko) Version/4.0 Safari/534.30"
91.66.125.95 - - [03/Aug/2013:08:01:22 +0200] "GET /media/system/js/caption.js HTTP/1.1" 200 1963 "http://www.straman.de/" "Mozilla/5.0 (Linux; U; Android 4.1.2; de-de; GT-P5100 Build/JZO54K) AppleWebKit/534.30 (KHTML, like Gecko) Version/4.0 Safari/534.30"
91.66.125.95 - - [03/Aug/2013:08:01:22 +0200] "GET /templates/gk_penguinmail/css/handheld/handheld.css HTTP/1.1" 200 3827 "http://www.straman.de/" "Mozilla/5.0 (Linux; U; Android 4.1.2; de-de; GT-P5100 Build/JZO54K) AppleWebKit/534.30 (KHTML, like Gecko) Version/4.0 Safari/534.30"
91.66.125.95 - - [03/Aug/2013:08:01:22 +0200] "GET /templates/gk_penguinmail/css/template.css HTTP/1.1" 200 9192 "http://www.straman.de/" "Mozilla/5.0 (Linux; U; Android 4.1.2; de-de; GT-P5100 Build/JZO54K) AppleWebKit/534.30 (KHTML, like Gecko) Version/4.0 Safari/534.30"
91.66.125.95 - - [03/Aug/2013:08:01:22 +0200] "GET /media/system/js/mootools.js HTTP/1.1" 200 74434 "http://www.straman.de/" "Mozilla/5.0 (Linux; U; Android 4.1.2; de-de; GT-P5100 Build/JZO54K) AppleWebKit/534.30 (KHTML, like Gecko) Version/4.0 Safari/534.30"
91.66.125.95 - - [03/Aug/2013:08:01:23 +0200] "GET /templates/gk_penguinmail/images/logo.png HTTP/1.1" 200 6608 "http://www.straman.de/" "Mozilla/5.0 (Linux; U; Android 4.1.2; de-de; GT-P5100 Build/JZO54K) AppleWebKit/534.30 (KHTML, like Gecko) Version/4.0 Safari/534.30"
91.66.125.95 - - [03/Aug/2013:08:01:23 +0200] "GET /templates/gk_penguinmail/favicon.ico HTTP/1.1" 200 5686 "http://www.straman.de/" "Mozilla/5.0 (Linux; U; Android 4.1.2; de-de; GT-P5100 Build/JZO54K) AppleWebKit/534.30 (KHTML, like Gecko) Version/4.0 Safari/534.30"
92.231.229.130 - - [03/Aug/2013:08:08:59 +0200] "GET / HTTP/1.1" 200 16884 "http://www.google.de/aclk?sa=L&ai=CCMxuJ578Udq3CcOchQf8jIC4Aumv--cFmdy5goMBqsDgBggAEAIgtlQoA1Dz5ISI-_____8BYJX68IGMB8gBAakCI2OPMt1Jtj6qBCZP0Dm_I-S-N3eBxr1oHvUmOQltoQUvOASlqp8p8P736RioT_TPIIAFkE6AB5mN80E&sig=AOD64_1aeCHOv-mNI8851nu5sV7i95zUug&rct=j&q=baumstamm+tisch&ved=0CEAQ0Qw&adurl=http://www.straman.de" "Mozilla/5.0 (Windows NT 5.1; rv:22.0) Gecko/20100101 Firefox/22.0"
92.231.229.130 - - [03/Aug/2013:08:09:00 +0200] "GET /templates/system/css/system.css HTTP/1.1" 200 1385 "http://www.straman.de/" "Mozilla/5.0 (Windows NT 5.1; rv:22.0) Gecko/20100101 Firefox/22.0"
92.231.229.130 - - [03/Aug/2013:08:09:00 +0200] "GET /templates/system/css/general.css HTTP/1.1" 200 2777 "http://www.straman.de/" "Mozilla/5.0 (Windows NT 5.1; rv:22.0) Gecko/20100101 Firefox/22.0"
92.231.229.130 - - [03/Aug/2013:08:09:00 +0200] "GET /templates/gk_penguinmail/css/addons.css HTTP/1.1" 200 2644 "http://www.straman.de/" "Mozilla/5.0 (Windows NT 5.1; rv:22.0) Gecko/20100101 Firefox/22.0"
92.231.229.130 - - [03/Aug/2013:08:09:00 +0200] "GET /templates/gk_penguinmail/css/layout.css HTTP/1.1" 200 1684 "http://www.straman.de/" "Mozilla/5.0 (Windows NT 5.1; rv:22.0) Gecko/20100101 Firefox/22.0"
92.231.229.130 - - [03/Aug/2013:08:09:00 +0200] "GET /templates/gk_penguinmail/css/template.css HTTP/1.1" 200 9192 "http://www.straman.de/" "Mozilla/5.0 (Windows NT 5.1; rv:22.0) Gecko/20100101 Firefox/22.0"
92.231.229.130 - - [03/Aug/2013:08:09:00 +0200] "GET /templates/gk_penguinmail/css/gk_stuff.css HTTP/1.1" 200 12799 "http://www.straman.de/" "Mozilla/5.0 (Windows NT 5.1; rv:22.0) Gecko/20100101 Firefox/22.0"
92.231.229.130 - - [03/Aug/2013:08:09:00 +0200] "GET /templates/gk_penguinmail/css/joomla.css HTTP/1.1" 200 14242 "http://www.straman.de/" "Mozilla/5.0 (Windows NT 5.1; rv:22.0) Gecko/20100101 Firefox/22.0"
92.231.229.130 - - [03/Aug/2013:08:09:00 +0200] "GET /templates/gk_penguinmail/css/typo.css HTTP/1.1" 200 15356 "http://www.straman.de/" "Mozilla/5.0 (Windows NT 5.1; rv:22.0) Gecko/20100101 Firefox/22.0"
92.231.229.130 - - [03/Aug/2013:08:09:00 +0200] "GET /templates/gk_penguinmail/css/css3_style3.css HTTP/1.1" 200 2980 "http://www.straman.de/" "Mozilla/5.0 (Windows NT 5.1; rv:22.0) Gecko/20100101 Firefox/22.0"
92.231.229.130 - - [03/Aug/2013:08:09:00 +0200] "GET /templates/gk_penguinmail/css/style3.css HTTP/1.1" 200 13892 "http://www.straman.de/" "Mozilla/5.0 (Windows NT 5.1; rv:22.0) Gecko/20100101 Firefox/22.0"
92.231.229.130 - - [03/Aug/2013:08:09:00 +0200] "GET /templates/gk_penguinmail/favicon.ico HTTP/1.1" 200 5686 "-" "Mozilla/5.0 (Windows NT 5.1; rv:22.0) Gecko/20100101 Firefox/22.0"
92.231.229.130 - - [03/Aug/2013:08:09:00 +0200] "GET /templates/gk_penguinmail/css/override.css HTTP/1.1" 200 3916 "http://www.straman.de/" "Mozilla/5.0 (Windows NT 5.1; rv:22.0) Gecko/20100101 Firefox/22.0"
92.231.229.130 - - [03/Aug/2013:08:09:00 +0200] "GET /templates/gk_penguinmail/js/domready_fix.js HTTP/1.1" 200 1340 "http://www.straman.de/" "Mozilla/5.0 (Windows NT 5.1; rv:22.0) Gecko/20100101 Firefox/22.0"
92.231.229.130 - - [03/Aug/2013:08:09:00 +0200] "GET /media/system/js/caption.js HTTP/1.1" 200 1963 "http://www.straman.de/" "Mozilla/5.0 (Windows NT 5.1; rv:22.0) Gecko/20100101 Firefox/22.0"
92.231.229.130 - - [03/Aug/2013:08:09:00 +0200] "GET /templates/gk_penguinmail/js/gk.script.js HTTP/1.1" 200 4585 "http://www.straman.de/" "Mozilla/5.0 (Windows NT 5.1; rv:22.0) Gecko/20100101 Firefox/22.0"
92.231.229.130 - - [03/Aug/2013:08:09:00 +0200] "GET /templates/gk_penguinmail/css/menu/mega.css HTTP/1.1" 200 4575 "http://www.straman.de/" "Mozilla/5.0 (Windows NT 5.1; rv:22.0) Gecko/20100101 Firefox/22.0"
92.231.229.130 - - [03/Aug/2013:08:09:00 +0200] "GET /templates/gk_penguinmail/js/menu/mega.js HTTP/1.1" 200 12974 "http://www.straman.de/" "Mozilla/5.0 (Windows NT 5.1; rv:22.0) Gecko/20100101 Firefox/22.0"
92.231.229.130 - - [03/Aug/2013:08:09:00 +0200] "GET /templates/gk_penguinmail/fonts/PT-Seans/stylesheet.css HTTP/1.1" 200 2445 "http://www.straman.de/" "Mozilla/5.0 (Windows NT 5.1; rv:22.0) Gecko/20100101 Firefox/22.0"
92.231.229.130 - - [03/Aug/2013:08:09:00 +0200] "GET /media/system/js/mootools.js HTTP/1.1" 200 74434 "http://www.straman.de/" "Mozilla/5.0 (Windows NT 5.1; rv:22.0) Gecko/20100101 Firefox/22.0"
92.231.229.130 - - [03/Aug/2013:08:09:00 +0200] "GET /images/galabau_002.jpg HTTP/1.1" 200 42117 "http://www.straman.de/" "Mozilla/5.0 (Windows NT 5.1; rv:22.0) Gecko/20100101 Firefox/22.0"
92.231.229.130 - - [03/Aug/2013:08:09:00 +0200] "GET /images/kontaktformular.jpg HTTP/1.1" 200 42791 "http://www.straman.de/" "Mozilla/5.0 (Windows NT 5.1; rv:22.0) Gecko/20100101 Firefox/22.0"
92.231.229.130 - - [03/Aug/2013:08:09:00 +0200] "GET /images/gmm2.jpg HTTP/1.1" 200 47432 "http://www.straman.de/" "Mozilla/5.0 (Windows NT 5.1; rv:22.0) Gecko/20100101 Firefox/22.0"
92.231.229.130 - - [03/Aug/2013:08:09:00 +0200] "GET /images/winterdienst_005.jpg HTTP/1.1" 200 48793 "http://www.straman.de/" "Mozilla/5.0 (Windows NT 5.1; rv:22.0) Gecko/20100101 Firefox/22.0"
92.231.229.130 - - [03/Aug/2013:08:09:00 +0200] "GET /templates/gk_penguinmail/images/style3/glow.jpg HTTP/1.1" 200 18301 "http://www.straman.de/templates/gk_penguinmail/css/style3.css" "Mozilla/5.0 (Windows NT 5.1; rv:22.0) Gecko/20100101 Firefox/22.0"
92.231.229.130 - - [03/Aug/2013:08:09:00 +0200] "GET /templates/gk_penguinmail/images/style3/menu_sprite.png HTTP/1.1" 200 450 "http://www.straman.de/templates/gk_penguinmail/css/override.css" "Mozilla/5.0 (Windows NT 5.1; rv:22.0) Gecko/20100101 Firefox/22.0"
92.231.229.130 - - [03/Aug/2013:08:09:01 +0200] "GET /images/list_check.png HTTP/1.1" 200 3488 "http://www.straman.de/templates/gk_penguinmail/css/override.css" "Mozilla/5.0 (Windows NT 5.1; rv:22.0) Gecko/20100101 Firefox/22.0"
92.231.229.130 - - [03/Aug/2013:08:09:00 +0200] "GET /images/header_neu.png HTTP/1.1" 200 340608 "http://www.straman.de/" "Mozilla/5.0 (Windows NT 5.1; rv:22.0) Gecko/20100101 Firefox/22.0"
92.231.229.130 - - [03/Aug/2013:08:09:01 +0200] "GET /templates/gk_penguinmail/images/menu_sprite.png HTTP/1.1" 404 2467 "http://www.straman.de/templates/gk_penguinmail/css/override.css" "Mozilla/5.0 (Windows NT 5.1; rv:22.0) Gecko/20100101 Firefox/22.0"
178.5.210.225 - - [03/Aug/2013:08:16:58 +0200] "GET / HTTP/1.1" 200 16884 "http://www.google.de/aclk?sa=L&ai=CkvhyBKD8Ue73COaT0wXrrYDwC-mv--cFmdy5goMBhZTuDQgAEAEgtlRQ8-SEiPv_____AWCV8vKBkAfIAQGpAiNjjzLdSbY-qgQlT9DQfNBzIk-5YjmllPOV5OhRsolTf_ktyZmDjK1MJtdHEmydIYAFkE6AB5mN80E&sig=AOD64_2pCjnRDW-aOQdQG_kpxE5EcnCy0g&rct=j&q=germendorf+park&ved=0CDMQ0Qw&adurl=http://www.straman.de" "Mozilla/5.0 (Windows NT 6.1; WOW64; rv:22.0) Gecko/20100101 Firefox/22.0"
178.5.210.225 - - [03/Aug/2013:08:16:59 +0200] "GET /templates/system/css/system.css HTTP/1.1" 200 1385 "http://www.straman.de/" "Mozilla/5.0 (Windows NT 6.1; WOW64; rv:22.0) Gecko/20100101 Firefox/22.0"
178.5.210.225 - - [03/Aug/2013:08:16:59 +0200] "GET /templates/system/css/general.css HTTP/1.1" 200 2777 "http://www.straman.de/" "Mozilla/5.0 (Windows NT 6.1; WOW64; rv:22.0) Gecko/20100101 Firefox/22.0"
178.5.210.225 - - [03/Aug/2013:08:16:59 +0200] "GET /templates/gk_penguinmail/css/addons.css HTTP/1.1" 200 2644 "http://www.straman.de/" "Mozilla/5.0 (Windows NT 6.1; WOW64; rv:22.0) Gecko/20100101 Firefox/22.0"
178.5.210.225 - - [03/Aug/2013:08:16:59 +0200] "GET /templates/gk_penguinmail/css/layout.css HTTP/1.1" 200 1684 "http://www.straman.de/" "Mozilla/5.0 (Windows NT 6.1; WOW64; rv:22.0) Gecko/20100101 Firefox/22.0"
178.5.210.225 - - [03/Aug/2013:08:16:59 +0200] "GET /templates/gk_penguinmail/css/template.css HTTP/1.1" 200 9192 "http://www.straman.de/" "Mozilla/5.0 (Windows NT 6.1; WOW64; rv:22.0) Gecko/20100101 Firefox/22.0"
