78.47.108.137 - - [04/Jun/2013:21:29:17 +0200] "GET /servicebereiche/strassenreinigung.html HTTP/1.0" 200 18879 "-" "Mozilla/5.0 (Macintosh; U; Intel Mac OS X; en-US; rv:1.8.0.10) Gecko/20070216 Firefox/1.5.0.10"
78.47.11.181 - - [04/Jun/2013:21:30:17 +0200] "GET /servicebereiche/gruenanlagenpflege.html HTTP/1.1" 200 23634 "-" "Mozilla/5.0 (Macintosh; U; Intel Mac OS X; en-US; rv:1.8.0.10) Gecko/20070216 Firefox/1.5.0.10"
78.47.11.181 - - [04/Jun/2013:21:30:17 +0200] "GET /servicebereiche/gruenanlagenpflege.html HTTP/1.1" 200 23634 "-" "Mozilla/5.0 (Macintosh; U; Intel Mac OS X; en-US; rv:1.8.0.10) Gecko/20070216 Firefox/1.5.0.10"
84.128.170.182 - - [04/Jun/2013:21:36:01 +0200] "GET /kontakt.html?fid=1 HTTP/1.1" 200 16599 "-" "Mozilla/5.0 (Windows; U; Windows NT 6.0; de; rv:1.9.2.3) Gecko/20100401 Firefox/3.6.3 ( .NET CLR 3.5.30729)"
66.249.78.60 - - [04/Jun/2013:21:58:38 +0200] "GET /news/64-internetseite-relaunched.html HTTP/1.1" 200 8911 "-" "Mozilla/5.0 (iPhone; U; CPU iPhone OS 4_1 like Mac OS X; en-us) AppleWebKit/532.9 (KHTML, like Gecko) Version/4.0.5 Mobile/8B117 Safari/6531.22.7 (compatible; Googlebot-Mobile/2.1; +http://www.google.com/bot.html)"
84.128.170.182 - - [04/Jun/2013:22:03:34 +0200] "GET /news/58.html HTTP/1.1" 200 16984 "-" "Mozilla/5.0 (Windows; U; Windows NT 6.0; de; rv:1.9.2.3) Gecko/20100401 Firefox/3.6.3 ( .NET CLR 3.5.30729)"
84.128.170.182 - - [04/Jun/2013:22:12:26 +0200] "GET /component/mailto/?tmpl=component&link=4d090a7d0dad0ed1b40abd9c35a75b7faac292cb HTTP/1.1" 200 2687 "-" "Mozilla/5.0 (Windows; U; Windows NT 6.0; de; rv:1.9.2.3) Gecko/20100401 Firefox/3.6.3 ( .NET CLR 3.5.30729)"
79.229.114.226 - - [04/Jun/2013:22:12:30 +0200] "GET /servicebereiche/winterdienst/58.html HTTP/1.1" 200 18850 "-" "Mozilla/5.0 (Windows; U; Windows NT 5.1; de; rv:1.8.1.14) Gecko/20080404 Firefox/2.0.0.14"
66.249.78.60 - - [04/Jun/2013:22:18:18 +0200] "GET /news/62-alles-neu-macht-der-mai.html HTTP/1.1" 200 17365 "-" "Mozilla/5.0 (compatible; Googlebot/2.1; +http://www.google.com/bot.html)"
173.199.120.163 - - [04/Jun/2013:22:31:04 +0200] "GET /servicebereiche/index.php HTTP/1.1" 404 2467 "-" "Mozilla/5.0 (compatible; AhrefsBot/4.0; +http://ahrefs.com/robot/)"
84.128.170.182 - - [04/Jun/2013:22:47:43 +0200] "GET /referenzen/58.html HTTP/1.1" 200 17262 "-" "Mozilla/5.0 (Windows; U; Windows NT 6.0; de; rv:1.9.2.3) Gecko/20100401 Firefox/3.6.3 ( .NET CLR 3.5.30729)"
84.128.170.182 - - [04/Jun/2013:22:55:21 +0200] "GET /component/mailto/?tmpl=component&link=fcdbae1f04f84c0b90da1200899b1a5c8c97ead8 HTTP/1.1" 200 2687 "-" "Mozilla/5.0 (Windows; U; Windows NT 6.0; de; rv:1.9.2.3) Gecko/20100401 Firefox/3.6.3 ( .NET CLR 3.5.30729)"
95.26.231.67 - - [04/Jun/2013:22:57:45 +0200] "GET / HTTP/1.1" 200 16873 "-" "Mozilla/5.0 (X11; Linux x86_64) AppleWebKit/537.17 (KHTML, like Gecko) Chrome/24.0.1312.70 Safari/537.17"
84.128.170.182 - - [04/Jun/2013:23:08:26 +0200] "GET /servicebereiche/infrastr-gebaeudemanagement/58.html HTTP/1.1" 200 17164 "-" "Mozilla/5.0 (Windows; U; Windows NT 6.0; de; rv:1.9.2.3) Gecko/20100401 Firefox/3.6.3 ( .NET CLR 3.5.30729)"
178.255.215.64 - - [04/Jun/2013:23:11:56 +0200] "GET /robots.txt HTTP/1.1" 200 304 "-" "Mozilla/5.0 (compatible; Exabot/3.0; +http://www.exabot.com/go/robot)"
178.255.215.64 - - [04/Jun/2013:23:11:56 +0200] "GET /kontakt.html?fid=1 HTTP/1.1" 200 16603 "-" "Mozilla/5.0 (compatible; Exabot/3.0; +http://www.exabot.com/go/robot)"
66.249.78.60 - - [04/Jun/2013:23:14:20 +0200] "GET /unternehmen/historie.html HTTP/1.1" 200 8466 "-" "Mozilla/5.0 (iPhone; U; CPU iPhone OS 4_1 like Mac OS X; en-us) AppleWebKit/532.9 (KHTML, like Gecko) Version/4.0.5 Mobile/8B117 Safari/6531.22.7 (compatible; Googlebot-Mobile/2.1; +http://www.google.com/bot.html)"
66.249.78.60 - - [04/Jun/2013:23:14:40 +0200] "GET /unternehmen/partner.html HTTP/1.1" 200 9496 "-" "Mozilla/5.0 (iPhone; U; CPU iPhone OS 4_1 like Mac OS X; en-us) AppleWebKit/532.9 (KHTML, like Gecko) Version/4.0.5 Mobile/8B117 Safari/6531.22.7 (compatible; Googlebot-Mobile/2.1; +http://www.google.com/bot.html)"
173.199.120.163 - - [04/Jun/2013:23:15:10 +0200] "GET /unternehmen/imagevideo-straman.html HTTP/1.1" 200 15250 "-" "Mozilla/5.0 (compatible; AhrefsBot/4.0; +http://ahrefs.com/robot/)"
84.128.170.182 - - [04/Jun/2013:23:18:57 +0200] "GET /unternehmen/imagevideo-straman/58.html HTTP/1.1" 200 16254 "-" "Mozilla/5.0 (Windows; U; Windows NT 6.0; de; rv:1.9.2.3) Gecko/20100401 Firefox/3.6.3 ( .NET CLR 3.5.30729)"
84.128.170.182 - - [04/Jun/2013:23:22:35 +0200] "GET /unternehmen/historie/58.html HTTP/1.1" 200 17478 "-" "Mozilla/5.0 (Windows; U; Windows NT 6.0; de; rv:1.9.2.3) Gecko/20100401 Firefox/3.6.3 ( .NET CLR 3.5.30729)"
173.199.120.163 - - [04/Jun/2013:23:23:15 +0200] "GET /news/64-internetseite-relaunched.html?tmpl=component&print=1&layout=default&page= HTTP/1.1" 200 2355 "-" "Mozilla/5.0 (compatible; AhrefsBot/4.0; +http://ahrefs.com/robot/)"
87.211.51.98 - - [05/Jun/2013:00:03:57 +0200] "GET /robots.txt HTTP/1.0" 200 304 "-" "dorkobot/kutzooi (xxx; www.xxx.com; xxx at xxx dot xxx)"
87.211.51.98 - - [05/Jun/2013:00:03:57 +0200] "GET /servicebereiche/gebaeudemanagement.html HTTP/1.0" 200 16821 "-" "dorkobot/kutzooi (xxx; www.xxx.com; xxx at xxx dot xxx)"
87.211.51.98 - - [05/Jun/2013:00:25:53 +0200] "GET /servicebereiche/strassenreinigung.html HTTP/1.0" 200 18883 "-" "dorkobot/kutzooi (xxx; www.xxx.com; xxx at xxx dot xxx)"
173.199.120.163 - - [05/Jun/2013:00:29:42 +0200] "GET /servicebereiche/gebaeudemanagement.html HTTP/1.1" 200 16821 "-" "Mozilla/5.0 (compatible; AhrefsBot/4.0; +http://ahrefs.com/robot/)"
92.231.202.126 - - [05/Jun/2013:00:48:11 +0200] "GET / HTTP/1.1" 200 16872 "http://www.google.de/aclk?sa=L&ai=CExynl26uUe6VG4Pt-gbLvYDQBfGC2a8Fmdy5goMBqsDgBggAEAEgx5j4BVDz5ISI-_____8BYJX68IGMB8gBAakCdwMJKT_ytT6qBCZP0DyZwTpM4KNKxkrIAD7qzsJXFKUaIEDIgjg4Dm_w9r4k4DH-gIAFkE6AB5mN80E&sig=AOD64_0gcJrjS4Xt-l72pFU4b4nTI8tiIA&rct=j&q=b%C3%A4ume+in+berlin&ved=0CDgQ0Qw&adurl=http://www.straman.de" "Mozilla/5.0 (Windows NT 6.0; rv:21.0) Gecko/20100101 Firefox/21.0"
92.231.202.126 - - [05/Jun/2013:00:48:12 +0200] "GET /templates/gk_penguinmail/css/layout.css HTTP/1.1" 200 1684 "http://www.straman.de/" "Mozilla/5.0 (Windows NT 6.0; rv:21.0) Gecko/20100101 Firefox/21.0"
92.231.202.126 - - [05/Jun/2013:00:48:12 +0200] "GET /templates/gk_penguinmail/css/addons.css HTTP/1.1" 200 2644 "http://www.straman.de/" "Mozilla/5.0 (Windows NT 6.0; rv:21.0) Gecko/20100101 Firefox/21.0"
92.231.202.126 - - [05/Jun/2013:00:48:12 +0200] "GET /templates/system/css/system.css HTTP/1.1" 200 1385 "http://www.straman.de/" "Mozilla/5.0 (Windows NT 6.0; rv:21.0) Gecko/20100101 Firefox/21.0"
92.231.202.126 - - [05/Jun/2013:00:48:12 +0200] "GET /templates/system/css/general.css HTTP/1.1" 200 2777 "http://www.straman.de/" "Mozilla/5.0 (Windows NT 6.0; rv:21.0) Gecko/20100101 Firefox/21.0"
92.231.202.126 - - [05/Jun/2013:00:48:12 +0200] "GET /templates/gk_penguinmail/css/template.css HTTP/1.1" 200 9192 "http://www.straman.de/" "Mozilla/5.0 (Windows NT 6.0; rv:21.0) Gecko/20100101 Firefox/21.0"
92.231.202.126 - - [05/Jun/2013:00:48:12 +0200] "GET /templates/gk_penguinmail/css/joomla.css HTTP/1.1" 200 14242 "http://www.straman.de/" "Mozilla/5.0 (Windows NT 6.0; rv:21.0) Gecko/20100101 Firefox/21.0"
92.231.202.126 - - [05/Jun/2013:00:48:12 +0200] "GET /templates/gk_penguinmail/css/gk_stuff.css HTTP/1.1" 200 12799 "http://www.straman.de/" "Mozilla/5.0 (Windows NT 6.0; rv:21.0) Gecko/20100101 Firefox/21.0"
92.231.202.126 - - [05/Jun/2013:00:48:12 +0200] "GET /templates/gk_penguinmail/css/typo.css HTTP/1.1" 200 15356 "http://www.straman.de/" "Mozilla/5.0 (Windows NT 6.0; rv:21.0) Gecko/20100101 Firefox/21.0"
92.231.202.126 - - [05/Jun/2013:00:48:12 +0200] "GET /templates/gk_penguinmail/css/css3_style3.css HTTP/1.1" 200 2980 "http://www.straman.de/" "Mozilla/5.0 (Windows NT 6.0; rv:21.0) Gecko/20100101 Firefox/21.0"
92.231.202.126 - - [05/Jun/2013:00:48:12 +0200] "GET /templates/gk_penguinmail/css/style3.css HTTP/1.1" 200 13892 "http://www.straman.de/" "Mozilla/5.0 (Windows NT 6.0; rv:21.0) Gecko/20100101 Firefox/21.0"
92.231.202.126 - - [05/Jun/2013:00:48:12 +0200] "GET /templates/gk_penguinmail/css/override.css HTTP/1.1" 200 3916 "http://www.straman.de/" "Mozilla/5.0 (Windows NT 6.0; rv:21.0) Gecko/20100101 Firefox/21.0"
92.231.202.126 - - [05/Jun/2013:00:48:12 +0200] "GET /templates/gk_penguinmail/js/domready_fix.js HTTP/1.1" 200 1340 "http://www.straman.de/" "Mozilla/5.0 (Windows NT 6.0; rv:21.0) Gecko/20100101 Firefox/21.0"
92.231.202.126 - - [05/Jun/2013:00:48:12 +0200] "GET /media/system/js/caption.js HTTP/1.1" 200 1963 "http://www.straman.de/" "Mozilla/5.0 (Windows NT 6.0; rv:21.0) Gecko/20100101 Firefox/21.0"
92.231.202.126 - - [05/Jun/2013:00:48:12 +0200] "GET /templates/gk_penguinmail/js/gk.script.js HTTP/1.1" 200 4585 "http://www.straman.de/" "Mozilla/5.0 (Windows NT 6.0; rv:21.0) Gecko/20100101 Firefox/21.0"
92.231.202.126 - - [05/Jun/2013:00:48:12 +0200] "GET /templates/gk_penguinmail/css/menu/mega.css HTTP/1.1" 200 4575 "http://www.straman.de/" "Mozilla/5.0 (Windows NT 6.0; rv:21.0) Gecko/20100101 Firefox/21.0"
92.231.202.126 - - [05/Jun/2013:00:48:12 +0200] "GET /templates/gk_penguinmail/js/menu/mega.js HTTP/1.1" 200 12974 "http://www.straman.de/" "Mozilla/5.0 (Windows NT 6.0; rv:21.0) Gecko/20100101 Firefox/21.0"
92.231.202.126 - - [05/Jun/2013:00:48:12 +0200] "GET /templates/gk_penguinmail/fonts/PT-Seans/stylesheet.css HTTP/1.1" 200 2445 "http://www.straman.de/" "Mozilla/5.0 (Windows NT 6.0; rv:21.0) Gecko/20100101 Firefox/21.0"
92.231.202.126 - - [05/Jun/2013:00:48:12 +0200] "GET /templates/gk_penguinmail/favicon.ico HTTP/1.1" 200 5686 "-" "Mozilla/5.0 (Windows NT 6.0; rv:21.0) Gecko/20100101 Firefox/21.0"
92.231.202.126 - - [05/Jun/2013:00:48:12 +0200] "GET /media/system/js/mootools.js HTTP/1.1" 200 74434 "http://www.straman.de/" "Mozilla/5.0 (Windows NT 6.0; rv:21.0) Gecko/20100101 Firefox/21.0"
92.231.202.126 - - [05/Jun/2013:00:48:12 +0200] "GET /images/galabau_002.jpg HTTP/1.1" 200 42117 "http://www.straman.de/" "Mozilla/5.0 (Windows NT 6.0; rv:21.0) Gecko/20100101 Firefox/21.0"
92.231.202.126 - - [05/Jun/2013:00:48:12 +0200] "GET /templates/gk_penguinmail/images/style3/glow.jpg HTTP/1.1" 200 18301 "http://www.straman.de/templates/gk_penguinmail/css/style3.css" "Mozilla/5.0 (Windows NT 6.0; rv:21.0) Gecko/20100101 Firefox/21.0"
92.231.202.126 - - [05/Jun/2013:00:48:13 +0200] "GET /templates/gk_penguinmail/images/style3/menu_sprite.png HTTP/1.1" 200 450 "http://www.straman.de/templates/gk_penguinmail/css/override.css" "Mozilla/5.0 (Windows NT 6.0; rv:21.0) Gecko/20100101 Firefox/21.0"
92.231.202.126 - - [05/Jun/2013:00:48:12 +0200] "GET /images/winterdienst_005.jpg HTTP/1.1" 200 48793 "http://www.straman.de/" "Mozilla/5.0 (Windows NT 6.0; rv:21.0) Gecko/20100101 Firefox/21.0"
92.231.202.126 - - [05/Jun/2013:00:48:13 +0200] "GET /images/list_check.png HTTP/1.1" 200 3488 "http://www.straman.de/templates/gk_penguinmail/css/override.css" "Mozilla/5.0 (Windows NT 6.0; rv:21.0) Gecko/20100101 Firefox/21.0"
92.231.202.126 - - [05/Jun/2013:00:48:12 +0200] "GET /images/gmm2.jpg HTTP/1.1" 200 47432 "http://www.straman.de/" "Mozilla/5.0 (Windows NT 6.0; rv:21.0) Gecko/20100101 Firefox/21.0"
92.231.202.126 - - [05/Jun/2013:00:48:12 +0200] "GET /images/kontaktformular.jpg HTTP/1.1" 200 42791 "http://www.straman.de/" "Mozilla/5.0 (Windows NT 6.0; rv:21.0) Gecko/20100101 Firefox/21.0"
92.231.202.126 - - [05/Jun/2013:00:48:13 +0200] "GET /templates/gk_penguinmail/images/menu_sprite.png HTTP/1.1" 404 2467 "http://www.straman.de/templates/gk_penguinmail/css/override.css" "Mozilla/5.0 (Windows NT 6.0; rv:21.0) Gecko/20100101 Firefox/21.0"
92.231.202.126 - - [05/Jun/2013:00:48:12 +0200] "GET /images/header_neu.png HTTP/1.1" 200 340608 "http://www.straman.de/" "Mozilla/5.0 (Windows NT 6.0; rv:21.0) Gecko/20100101 Firefox/21.0"
46.229.164.97 - - [05/Jun/2013:00:56:58 +0200] "GET /robots.txt HTTP/1.1" 200 304 "-" "Mozilla/5.0 (compatible; SemrushBot/0.96.2; +http://www.semrush.com/bot.html)"
173.199.120.163 - - [05/Jun/2013:01:30:40 +0200] "GET /news.html HTTP/1.1" 200 23639 "-" "Mozilla/5.0 (compatible; AhrefsBot/4.0; +http://ahrefs.com/robot/)"
87.211.51.98 - - [05/Jun/2013:01:44:25 +0200] "GET /servicebereiche/gruenanlagenpflege.html HTTP/1.0" 200 23638 "-" "dorkobot/kutzooi (xxx; www.xxx.com; xxx at xxx dot xxx)"
188.202.141.9 - - [05/Jun/2013:02:15:37 +0200] "GET / HTTP/1.1" 200 5608 "-" "Java/1.6.0_22"
188.202.141.9 - - [05/Jun/2013:02:15:37 +0200] "GET /. HTTP/1.1" 200 5610 "-" "Java/1.6.0_22"
188.202.141.9 - - [05/Jun/2013:02:15:37 +0200] "GET /downloadbereich.html HTTP/1.1" 200 6653 "-" "Java/1.6.0_22"
188.202.141.9 - - [05/Jun/2013:02:15:37 +0200] "GET /index.php?format=feed&type=atom HTTP/1.1" 200 521 "-" "Java/1.6.0_22"
188.202.141.9 - - [05/Jun/2013:02:15:38 +0200] "GET /kontakt.html HTTP/1.1" 200 7768 "-" "Java/1.6.0_22"
188.202.141.9 - - [05/Jun/2013:02:15:38 +0200] "GET /news.html HTTP/1.1" 200 14831 "-" "Java/1.6.0_22"
188.202.141.9 - - [05/Jun/2013:02:15:38 +0200] "GET /referenzen.html HTTP/1.1" 200 10565 "-" "Java/1.6.0_22"
188.202.141.9 - - [05/Jun/2013:02:15:39 +0200] "GET /news.feed?type=atom HTTP/1.1" 200 7993 "-" "Java/1.6.0_22"
188.202.141.9 - - [05/Jun/2013:02:15:39 +0200] "GET /news.feed?type=rss HTTP/1.1" 200 4626 "-" "Java/1.6.0_22"
188.202.141.9 - - [05/Jun/2013:02:15:39 +0200] "GET /?ui=desktop HTTP/1.1" 200 5619 "-" "Java/1.6.0_22"
188.202.141.9 - - [05/Jun/2013:02:15:39 +0200] "GET /images/karte-standorte.png HTTP/1.1" 200 62546 "-" "Java/1.6.0_22"
188.202.141.9 - - [05/Jun/2013:02:15:40 +0200] "GET /news/60-ihr-komplettdienstleister-rund-um-die-immobilie.html HTTP/1.1" 200 8821 "-" "Java/1.6.0_22"
188.202.141.9 - - [05/Jun/2013:02:15:40 +0200] "GET /news/61-wir-begruessen-sie-auf-den-seiten-von-straman-ihren-komplettdienstleister-rund-um-die-immobilie.html HTTP/1.1" 200 12222 "-" "Java/1.6.0_22"
188.202.141.9 - - [05/Jun/2013:02:15:40 +0200] "GET /news/62-alles-neu-macht-der-mai.html HTTP/1.1" 200 8557 "-" "Java/1.6.0_22"
188.202.141.9 - - [05/Jun/2013:02:15:41 +0200] "GET /news/64-internetseite-relaunched.html?tmpl=component&print=1&layout=default&page= HTTP/1.1" 200 2355 "-" "Java/1.6.0_22"
188.202.141.9 - - [05/Jun/2013:02:15:41 +0200] "GET /news/67-video.html?tmpl=component&print=1&layout=default&page= HTTP/1.1" 200 2368 "-" "Java/1.6.0_22"
188.202.141.9 - - [05/Jun/2013:02:15:41 +0200] "GET /unternehmen/jobs.html HTTP/1.1" 200 11867 "-" "Java/1.6.0_22"
188.202.141.9 - - [05/Jun/2013:02:15:41 +0200] "GET /component/user/login.html HTTP/1.1" 200 9751 "-" "Java/1.6.0_22"
188.202.141.9 - - [05/Jun/2013:02:15:42 +0200] "GET /images/M_images/pdf_button.png HTTP/1.1" 200 582 "-" "Java/1.6.0_22"
188.202.141.9 - - [05/Jun/2013:02:15:42 +0200] "GET /component/user/register.html HTTP/1.1" 200 7147 "-" "Java/1.6.0_22"
188.202.141.9 - - [05/Jun/2013:02:15:42 +0200] "GET /component/user/reset.html HTTP/1.1" 200 6020 "-" "Java/1.6.0_22"
188.202.141.9 - - [05/Jun/2013:02:15:42 +0200] "GET /media/system/js/caption.js HTTP/1.1" 200 1963 "-" "Java/1.6.0_22"
188.202.141.9 - - [05/Jun/2013:02:15:42 +0200] "GET /media/system/js/mootools.js HTTP/1.1" 200 74434 "-" "Java/1.6.0_22"
188.202.141.9 - - [05/Jun/2013:02:15:43 +0200] "GET /component/mailto/?tmpl=component&link=2343f1e43209db7cdb1141eecc20370554e33032 HTTP/1.1" 200 2687 "-" "Java/1.6.0_22"
188.202.141.9 - - [05/Jun/2013:02:15:43 +0200] "GET /component/mailto HTTP/1.1" 403 2456 "-" "Java/1.6.0_22"
188.202.141.9 - - [05/Jun/2013:02:15:43 +0200] "GET /templates/gk_penguinmail/images/emailButton.png HTTP/1.1" 200 365 "-" "Java/1.6.0_22"
188.202.141.9 - - [05/Jun/2013:02:15:43 +0200] "GET /templates/gk_penguinmail/images/printButton.png HTTP/1.1" 200 442 "-" "Java/1.6.0_22"
188.202.141.9 - - [05/Jun/2013:02:15:43 +0200] "GET /component/forme/?fid=2 HTTP/1.1" 200 11204 "-" "Java/1.6.0_22"
188.202.141.9 - - [05/Jun/2013:02:15:44 +0200] "GET /component/forme HTTP/1.1" 200 7373 "-" "Java/1.6.0_22"
188.202.141.9 - - [05/Jun/2013:02:15:44 +0200] "GET /media/system/js/validate.js HTTP/1.1" 200 4246 "-" "Java/1.6.0_22"
188.202.141.9 - - [05/Jun/2013:02:15:44 +0200] "GET /media/system/js/)return null;if(el.htmlElement)return Garbage.collect(el);if([ HTTP/1.1" 404 2467 "-" "Java/1.6.0_22"
188.202.141.9 - - [05/Jun/2013:02:15:44 +0200] "GET /media/system/js/};function $defined(obj){return(obj!=undefined);};function $type(obj){if(!$defined(obj))return false;if(obj.htmlElement)return HTTP/1.1" 404 2467 "-" "Java/1.6.0_22"
188.202.141.9 - - [05/Jun/2013:02:15:45 +0200] "GET /components/com_mailto/assets/close-x.png HTTP/1.1" 200 162 "-" "Java/1.6.0_22"
188.202.141.9 - - [05/Jun/2013:02:15:45 +0200] "GET /media/system/js/'+src+' HTTP/1.1" 404 2467 "-" "Java/1.6.0_22"
188.202.141.9 - - [05/Jun/2013:02:15:45 +0200] "GET /index.php?format=feed&type=rss HTTP/1.1" 200 521 "-" "Java/1.6.0_22"
188.202.141.9 - - [05/Jun/2013:02:15:45 +0200] "GET /kontakt.html?fid=1 HTTP/1.1" 200 7774 "-" "Java/1.6.0_22"
188.202.141.9 - - [05/Jun/2013:02:15:45 +0200] "GET /referenzen.html?tmpl=component&print=1&page= HTTP/1.1" 200 5878 "-" "Java/1.6.0_22"
79.229.114.226 - - [05/Jun/2013:02:23:13 +0200] "GET /unternehmen/imagevideo-straman/58.html HTTP/1.1" 200 16254 "-" "Mozilla/5.0 (Windows; U; Windows NT 5.1; de; rv:1.8.1.14) Gecko/20080404 Firefox/2.0.0.14"
208.115.111.71 - - [05/Jun/2013:02:52:24 +0200] "GET /robots.txt HTTP/1.1" 200 304 "-" "Mozilla/5.0 (compatible; Ezooms/1.0; ezooms.bot@gmail.com)"
173.199.120.163 - - [05/Jun/2013:03:01:01 +0200] "GET /unternehmen/partner/58.html HTTP/1.1" 200 17121 "-" "Mozilla/5.0 (compatible; AhrefsBot/4.0; +http://ahrefs.com/robot/)"
66.249.78.60 - - [05/Jun/2013:03:02:29 +0200] "GET / HTTP/1.1" 200 8915 "-" "Mozilla/5.0 (iPhone; U; CPU iPhone OS 4_1 like Mac OS X; en-us) AppleWebKit/532.9 (KHTML, like Gecko) Version/4.0.5 Mobile/8B117 Safari/6531.22.7 (compatible; Googlebot-Mobile/2.1; +http://www.google.com/bot.html)"
173.199.120.163 - - [05/Jun/2013:03:38:01 +0200] "GET /unternehmen/jobs.html HTTP/1.1" 200 20701 "-" "Mozilla/5.0 (compatible; AhrefsBot/4.0; +http://ahrefs.com/robot/)"
74.125.178.81 - - [05/Jun/2013:04:20:42 +0200] "GET / HTTP/1.1" 200 16842 "http://www.google.de/url?sa=t&rct=j&q=www.straman.de&source=web&cd=2&ved=0CCwQFjAF&url=http%3A%2F%2Fwww.straman.de%2F&ei=TqCuUf3lCcfN4wGtuwE&usg=AFQjCNEpeUQQKOp_93iUUo8XSnpqrpjMzA" "Mozilla/4.0 (compatible; MSIE 7.0; Windows NT 6.0; SLCC1; .NET CLR 2.0.50727; Media Center PC 5.0; .NET CLR 3.5.30729; .NET CLR 3.0.30618; .NET4.0C)"
74.125.178.81 - - [05/Jun/2013:04:20:43 +0200] "GET /templates/gk_penguinmail/css/addons.css HTTP/1.1" 200 2644 "http://www.straman.de/" "Mozilla/4.0 (compatible; MSIE 7.0; Windows NT 6.0; SLCC1; .NET CLR 2.0.50727; Media Center PC 5.0; .NET CLR 3.5.30729; .NET CLR 3.0.30618; .NET4.0C)"
74.125.178.81 - - [05/Jun/2013:04:20:43 +0200] "GET /templates/gk_penguinmail/css/template.css HTTP/1.1" 200 9192 "http://www.straman.de/" "Mozilla/4.0 (compatible; MSIE 7.0; Windows NT 6.0; SLCC1; .NET CLR 2.0.50727; Media Center PC 5.0; .NET CLR 3.5.30729; .NET CLR 3.0.30618; .NET4.0C)"
74.125.178.85 - - [05/Jun/2013:04:20:43 +0200] "GET /templates/gk_penguinmail/css/joomla.css HTTP/1.1" 200 14242 "http://www.straman.de/" "Mozilla/4.0 (compatible; MSIE 7.0; Windows NT 6.0; SLCC1; .NET CLR 2.0.50727; Media Center PC 5.0; .NET CLR 3.5.30729; .NET CLR 3.0.30618; .NET4.0C)"
74.125.178.81 - - [05/Jun/2013:04:20:43 +0200] "GET /templates/gk_penguinmail/css/gk_stuff.css HTTP/1.1" 200 12799 "http://www.straman.de/" "Mozilla/4.0 (compatible; MSIE 7.0; Windows NT 6.0; SLCC1; .NET CLR 2.0.50727; Media Center PC 5.0; .NET CLR 3.5.30729; .NET CLR 3.0.30618; .NET4.0C)"
74.125.178.85 - - [05/Jun/2013:04:20:44 +0200] "GET /templates/gk_penguinmail/css/css3_style3.css HTTP/1.1" 200 2980 "http://www.straman.de/" "Mozilla/4.0 (compatible; MSIE 7.0; Windows NT 6.0; SLCC1; .NET CLR 2.0.50727; Media Center PC 5.0; .NET CLR 3.5.30729; .NET CLR 3.0.30618; .NET4.0C)"
74.125.178.85 - - [05/Jun/2013:04:20:44 +0200] "GET /templates/gk_penguinmail/css/override.css HTTP/1.1" 200 3916 "http://www.straman.de/" "Mozilla/4.0 (compatible; MSIE 7.0; Windows NT 6.0; SLCC1; .NET CLR 2.0.50727; Media Center PC 5.0; .NET CLR 3.5.30729; .NET CLR 3.0.30618; .NET4.0C)"
74.125.178.85 - - [05/Jun/2013:04:20:44 +0200] "GET /templates/gk_penguinmail/js/domready_fix.js HTTP/1.1" 200 1340 "http://www.straman.de/" "Mozilla/4.0 (compatible; MSIE 7.0; Windows NT 6.0; SLCC1; .NET CLR 2.0.50727; Media Center PC 5.0; .NET CLR 3.5.30729; .NET CLR 3.0.30618; .NET4.0C)"
74.125.178.85 - - [05/Jun/2013:04:20:45 +0200] "GET /templates/gk_penguinmail/js/gk.script.js HTTP/1.1" 200 4585 "http://www.straman.de/" "Mozilla/4.0 (compatible; MSIE 7.0; Windows NT 6.0; SLCC1; .NET CLR 2.0.50727; Media Center PC 5.0; .NET CLR 3.5.30729; .NET CLR 3.0.30618; .NET4.0C)"
74.125.178.85 - - [05/Jun/2013:04:20:48 +0200] "GET /images/gmm2.jpg HTTP/1.1" 200 47432 "http://www.straman.de/" "Mozilla/4.0 (compatible; MSIE 7.0; Windows NT 6.0; SLCC1; .NET CLR 2.0.50727; Media Center PC 5.0; .NET CLR 3.5.30729; .NET CLR 3.0.30618; .NET4.0C)"
74.125.178.85 - - [05/Jun/2013:04:20:49 +0200] "GET /images/kontaktformular.jpg HTTP/1.1" 200 42791 "http://www.straman.de/" "Mozilla/4.0 (compatible; MSIE 7.0; Windows NT 6.0; SLCC1; .NET CLR 2.0.50727; Media Center PC 5.0; .NET CLR 3.5.30729; .NET CLR 3.0.30618; .NET4.0C)"
74.125.178.81 - - [05/Jun/2013:04:20:50 +0200] "GET /images/list_check.png HTTP/1.1" 200 3488 "http://www.straman.de/" "Mozilla/4.0 (compatible; MSIE 7.0; Windows NT 6.0; SLCC1; .NET CLR 2.0.50727; Media Center PC 5.0; .NET CLR 3.5.30729; .NET CLR 3.0.30618; .NET4.0C)"
74.125.178.85 - - [05/Jun/2013:04:20:50 +0200] "GET /templates/gk_penguinmail/images/menu_sprite.png HTTP/1.1" 404 2467 "http://www.straman.de/" "Mozilla/4.0 (compatible; MSIE 7.0; Windows NT 6.0; SLCC1; .NET CLR 2.0.50727; Media Center PC 5.0; .NET CLR 3.5.30729; .NET CLR 3.0.30618; .NET4.0C)"
66.249.78.60 - - [05/Jun/2013:04:26:18 +0200] "GET /downloadbereich.html HTTP/1.1" 200 8292 "-" "Mozilla/5.0 (iPhone; U; CPU iPhone OS 4_1 like Mac OS X; en-us) AppleWebKit/532.9 (KHTML, like Gecko) Version/4.0.5 Mobile/8B117 Safari/6531.22.7 (compatible; Googlebot-Mobile/2.1; +http://www.google.com/bot.html)"
173.199.120.163 - - [05/Jun/2013:04:39:31 +0200] "GET /unternehmen/standorte/58-sitemap.html?tmpl=component&print=1&page= HTTP/1.1" 200 3353 "-" "Mozilla/5.0 (compatible; AhrefsBot/4.0; +http://ahrefs.com/robot/)"
65.55.52.112 - - [05/Jun/2013:04:50:24 +0200] "GET /robots.txt HTTP/1.1" 200 304 "-" "Mozilla/5.0 (compatible; bingbot/2.0; +http://www.bing.com/bingbot.htm)"
65.55.52.112 - - [05/Jun/2013:04:51:27 +0200] "GET / HTTP/1.1" 200 16876 "-" "Mozilla/5.0 (compatible; bingbot/2.0; +http://www.bing.com/bingbot.htm)"
66.249.78.60 - - [05/Jun/2013:04:54:16 +0200] "GET /servicebereiche/winterdienst.html HTTP/1.1" 200 18688 "-" "Mozilla/5.0 (iPhone; U; CPU iPhone OS 4_1 like Mac OS X; en-us) AppleWebKit/532.9 (KHTML, like Gecko) Version/4.0.5 Mobile/8B117 Safari/6531.22.7 (compatible; Googlebot-Mobile/2.1; +http://www.google.com/bot.html)"
208.115.111.71 - - [05/Jun/2013:04:57:54 +0200] "GET /component/mailto/?tmpl=component&link=97f89dec8d3a90a06eaee75083ae45b303687cff HTTP/1.1" 200 2687 "-" "Mozilla/5.0 (compatible; Ezooms/1.0; ezooms.bot@gmail.com)"
66.249.78.60 - - [05/Jun/2013:05:22:13 +0200] "GET /unternehmen/impressum.html HTTP/1.1" 200 13302 "-" "Mozilla/5.0 (iPhone; U; CPU iPhone OS 4_1 like Mac OS X; en-us) AppleWebKit/532.9 (KHTML, like Gecko) Version/4.0.5 Mobile/8B117 Safari/6531.22.7 (compatible; Googlebot-Mobile/2.1; +http://www.google.com/bot.html)"
173.199.120.163 - - [05/Jun/2013:05:37:42 +0200] "GET /component/user/register.html HTTP/1.1" 200 15137 "-" "Mozilla/5.0 (compatible; AhrefsBot/4.0; +http://ahrefs.com/robot/)"
119.63.196.32 - - [05/Jun/2013:05:40:51 +0200] "GET / HTTP/1.1" 200 16876 "-" "Mozilla/5.0 (compatible; Baiduspider/2.0; +http://www.baidu.com/search/spider.html)"
77.78.109.72 - - [05/Jun/2013:05:42:51 +0200] "GET /robots.txt HTTP/1.1" 200 304 "-" "PagesInventory (robot http://www.pagesinvenotry.com)"
77.78.109.72 - - [05/Jun/2013:05:42:51 +0200] "GET / HTTP/1.1" 200 16876 "-" "PagesInventory (robot +http://www.pagesinventory.com)"
66.249.78.60 - - [05/Jun/2013:05:50:09 +0200] "GET /unternehmen/standorte.html HTTP/1.1" 200 10341 "-" "Mozilla/5.0 (iPhone; U; CPU iPhone OS 4_1 like Mac OS X; en-us) AppleWebKit/532.9 (KHTML, like Gecko) Version/4.0.5 Mobile/8B117 Safari/6531.22.7 (compatible; Googlebot-Mobile/2.1; +http://www.google.com/bot.html)"
87.211.51.98 - - [05/Jun/2013:06:28:45 +0200] "GET /robots.txt HTTP/1.0" 200 304 "-" "dorkobot/kutzooi (xxx; www.xxx.com; xxx at xxx dot xxx)"
87.211.51.98 - - [05/Jun/2013:06:28:46 +0200] "GET /unternehmen/impressum.html HTTP/1.0" 200 20507 "-" "dorkobot/kutzooi (xxx; www.xxx.com; xxx at xxx dot xxx)"
66.249.78.60 - - [05/Jun/2013:06:32:05 +0200] "GET /servicebereiche/gruenanlagenpflege.html HTTP/1.1" 200 16013 "-" "Mozilla/5.0 (iPhone; U; CPU iPhone OS 4_1 like Mac OS X; en-us) AppleWebKit/532.9 (KHTML, like Gecko) Version/4.0.5 Mobile/8B117 Safari/6531.22.7 (compatible; Googlebot-Mobile/2.1; +http://www.google.com/bot.html)"
79.229.102.86 - - [05/Jun/2013:06:43:53 +0200] "GET /servicebereiche/gruenanlagenpflege/58.html HTTP/1.1" 200 17553 "-" "Mozilla/5.0 (Windows; U; Windows NT 5.1; de; rv:1.8.1.14) Gecko/20080404 Firefox/2.0.0.14"
66.249.78.60 - - [05/Jun/2013:06:53:02 +0200] "GET /unternehmen/jobs.html HTTP/1.1" 200 13506 "-" "Mozilla/5.0 (iPhone; U; CPU iPhone OS 4_1 like Mac OS X; en-us) AppleWebKit/532.9 (KHTML, like Gecko) Version/4.0.5 Mobile/8B117 Safari/6531.22.7 (compatible; Googlebot-Mobile/2.1; +http://www.google.com/bot.html)"
208.115.111.71 - - [05/Jun/2013:06:55:29 +0200] "GET /robots.txt HTTP/1.1" 200 304 "-" "Mozilla/5.0 (compatible; Ezooms/1.0; ezooms.bot@gmail.com)"
93.196.107.249 - - [05/Jun/2013:07:09:37 +0200] "GET / HTTP/1.1" 200 16873 "http://www.google.de/aclk?sa=L&ai=CcvCW88euUZr_OsSr-QaU-YHABfGC2a8Fmdy5goMBqsDgBggAEAEg67H8DlDz5ISI-_____8BYJWCgICQB8gBAakCzaWDuBz2tT6qBCVP0MKb03nirPBkUWV1TEF0R4afpMnQBKKe8wX3_HGoGl0xoK1SgAWz-P4Y2AYEgAeZjfNB&sig=AOD64_3aTItjyFmbAwx5fTUUcZaoInW59Q&ved=0CDEQ0Qw&adurl=http://www.straman.de&rct=j&q=jacaranda%20baum%20winterhart" "Mozilla/5.0 (iPad; U; CPU OS 4_3_5 like Mac OS X; de-de) AppleWebKit/533.17.9 (KHTML, like Gecko) Version/5.0.2 Mobile/8L1 Safari/6533.18.5"
93.196.107.249 - - [05/Jun/2013:07:09:37 +0200] "GET /templates/gk_penguinmail/css/joomla.css HTTP/1.1" 200 14242 "http://www.straman.de/" "Mozilla/5.0 (iPad; U; CPU OS 4_3_5 like Mac OS X; de-de) AppleWebKit/533.17.9 (KHTML, like Gecko) Version/5.0.2 Mobile/8L1 Safari/6533.18.5"
93.196.107.249 - - [05/Jun/2013:07:09:37 +0200] "GET /templates/gk_penguinmail/css/layout.css HTTP/1.1" 200 1684 "http://www.straman.de/" "Mozilla/5.0 (iPad; U; CPU OS 4_3_5 like Mac OS X; de-de) AppleWebKit/533.17.9 (KHTML, like Gecko) Version/5.0.2 Mobile/8L1 Safari/6533.18.5"
93.196.107.249 - - [05/Jun/2013:07:09:37 +0200] "GET /templates/gk_penguinmail/css/template.css HTTP/1.1" 200 9192 "http://www.straman.de/" "Mozilla/5.0 (iPad; U; CPU OS 4_3_5 like Mac OS X; de-de) AppleWebKit/533.17.9 (KHTML, like Gecko) Version/5.0.2 Mobile/8L1 Safari/6533.18.5"
93.196.107.249 - - [05/Jun/2013:07:09:37 +0200] "GET /templates/gk_penguinmail/css/addons.css HTTP/1.1" 200 2644 "http://www.straman.de/" "Mozilla/5.0 (iPad; U; CPU OS 4_3_5 like Mac OS X; de-de) AppleWebKit/533.17.9 (KHTML, like Gecko) Version/5.0.2 Mobile/8L1 Safari/6533.18.5"
93.196.107.249 - - [05/Jun/2013:07:09:37 +0200] "GET /templates/system/css/general.css HTTP/1.1" 200 2777 "http://www.straman.de/" "Mozilla/5.0 (iPad; U; CPU OS 4_3_5 like Mac OS X; de-de) AppleWebKit/533.17.9 (KHTML, like Gecko) Version/5.0.2 Mobile/8L1 Safari/6533.18.5"
93.196.107.249 - - [05/Jun/2013:07:09:37 +0200] "GET /templates/gk_penguinmail/css/gk_stuff.css HTTP/1.1" 200 12799 "http://www.straman.de/" "Mozilla/5.0 (iPad; U; CPU OS 4_3_5 like Mac OS X; de-de) AppleWebKit/533.17.9 (KHTML, like Gecko) Version/5.0.2 Mobile/8L1 Safari/6533.18.5"
93.196.107.249 - - [05/Jun/2013:07:09:37 +0200] "GET /templates/system/css/system.css HTTP/1.1" 200 1385 "http://www.straman.de/" "Mozilla/5.0 (iPad; U; CPU OS 4_3_5 like Mac OS X; de-de) AppleWebKit/533.17.9 (KHTML, like Gecko) Version/5.0.2 Mobile/8L1 Safari/6533.18.5"
93.196.107.249 - - [05/Jun/2013:07:09:37 +0200] "GET /templates/gk_penguinmail/css/typo.css HTTP/1.1" 200 15356 "http://www.straman.de/" "Mozilla/5.0 (iPad; U; CPU OS 4_3_5 like Mac OS X; de-de) AppleWebKit/533.17.9 (KHTML, like Gecko) Version/5.0.2 Mobile/8L1 Safari/6533.18.5"
93.196.107.249 - - [05/Jun/2013:07:09:37 +0200] "GET /templates/gk_penguinmail/css/css3_style3.css HTTP/1.1" 200 2980 "http://www.straman.de/" "Mozilla/5.0 (iPad; U; CPU OS 4_3_5 like Mac OS X; de-de) AppleWebKit/533.17.9 (KHTML, like Gecko) Version/5.0.2 Mobile/8L1 Safari/6533.18.5"
93.196.107.249 - - [05/Jun/2013:07:09:37 +0200] "GET /templates/gk_penguinmail/css/style3.css HTTP/1.1" 200 13892 "http://www.straman.de/" "Mozilla/5.0 (iPad; U; CPU OS 4_3_5 like Mac OS X; de-de) AppleWebKit/533.17.9 (KHTML, like Gecko) Version/5.0.2 Mobile/8L1 Safari/6533.18.5"
93.196.107.249 - - [05/Jun/2013:07:09:37 +0200] "GET /templates/gk_penguinmail/css/override.css HTTP/1.1" 200 3916 "http://www.straman.de/" "Mozilla/5.0 (iPad; U; CPU OS 4_3_5 like Mac OS X; de-de) AppleWebKit/533.17.9 (KHTML, like Gecko) Version/5.0.2 Mobile/8L1 Safari/6533.18.5"
93.196.107.249 - - [05/Jun/2013:07:09:37 +0200] "GET /templates/gk_penguinmail/fonts/PT-Seans/stylesheet.css HTTP/1.1" 200 2445 "http://www.straman.de/" "Mozilla/5.0 (iPad; U; CPU OS 4_3_5 like Mac OS X; de-de) AppleWebKit/533.17.9 (KHTML, like Gecko) Version/5.0.2 Mobile/8L1 Safari/6533.18.5"
93.196.107.249 - - [05/Jun/2013:07:09:37 +0200] "GET /templates/gk_penguinmail/css/menu/mega.css HTTP/1.1" 200 4575 "http://www.straman.de/" "Mozilla/5.0 (iPad; U; CPU OS 4_3_5 like Mac OS X; de-de) AppleWebKit/533.17.9 (KHTML, like Gecko) Version/5.0.2 Mobile/8L1 Safari/6533.18.5"
93.196.107.249 - - [05/Jun/2013:07:09:37 +0200] "GET /templates/gk_penguinmail/js/domready_fix.js HTTP/1.1" 200 1340 "http://www.straman.de/" "Mozilla/5.0 (iPad; U; CPU OS 4_3_5 like Mac OS X; de-de) AppleWebKit/533.17.9 (KHTML, like Gecko) Version/5.0.2 Mobile/8L1 Safari/6533.18.5"
93.196.107.249 - - [05/Jun/2013:07:09:37 +0200] "GET /media/system/js/caption.js HTTP/1.1" 200 1963 "http://www.straman.de/" "Mozilla/5.0 (iPad; U; CPU OS 4_3_5 like Mac OS X; de-de) AppleWebKit/533.17.9 (KHTML, like Gecko) Version/5.0.2 Mobile/8L1 Safari/6533.18.5"
93.196.107.249 - - [05/Jun/2013:07:09:37 +0200] "GET /templates/gk_penguinmail/js/gk.script.js HTTP/1.1" 200 4585 "http://www.straman.de/" "Mozilla/5.0 (iPad; U; CPU OS 4_3_5 like Mac OS X; de-de) AppleWebKit/533.17.9 (KHTML, like Gecko) Version/5.0.2 Mobile/8L1 Safari/6533.18.5"
93.196.107.249 - - [05/Jun/2013:07:09:37 +0200] "GET /templates/gk_penguinmail/js/menu/mega.js HTTP/1.1" 200 12974 "http://www.straman.de/" "Mozilla/5.0 (iPad; U; CPU OS 4_3_5 like Mac OS X; de-de) AppleWebKit/533.17.9 (KHTML, like Gecko) Version/5.0.2 Mobile/8L1 Safari/6533.18.5"
93.196.107.249 - - [05/Jun/2013:07:09:37 +0200] "GET /media/system/js/mootools.js HTTP/1.1" 200 74434 "http://www.straman.de/" "Mozilla/5.0 (iPad; U; CPU OS 4_3_5 like Mac OS X; de-de) AppleWebKit/533.17.9 (KHTML, like Gecko) Version/5.0.2 Mobile/8L1 Safari/6533.18.5"
93.196.107.249 - - [05/Jun/2013:07:09:38 +0200] "GET /templates/gk_penguinmail/images/style3/glow.jpg HTTP/1.1" 200 18301 "http://www.straman.de/" "Mozilla/5.0 (iPad; U; CPU OS 4_3_5 like Mac OS X; de-de) AppleWebKit/533.17.9 (KHTML, like Gecko) Version/5.0.2 Mobile/8L1 Safari/6533.18.5"
93.196.107.249 - - [05/Jun/2013:07:09:38 +0200] "GET /templates/gk_penguinmail/images/style3/menu_sprite.png HTTP/1.1" 200 450 "http://www.straman.de/" "Mozilla/5.0 (iPad; U; CPU OS 4_3_5 like Mac OS X; de-de) AppleWebKit/533.17.9 (KHTML, like Gecko) Version/5.0.2 Mobile/8L1 Safari/6533.18.5"
93.196.107.249 - - [05/Jun/2013:07:09:38 +0200] "GET /templates/gk_penguinmail/images/logo.png HTTP/1.1" 200 6608 "http://www.straman.de/" "Mozilla/5.0 (iPad; U; CPU OS 4_3_5 like Mac OS X; de-de) AppleWebKit/533.17.9 (KHTML, like Gecko) Version/5.0.2 Mobile/8L1 Safari/6533.18.5"
93.196.107.249 - - [05/Jun/2013:07:09:38 +0200] "GET /images/list_check.png HTTP/1.1" 200 3488 "http://www.straman.de/" "Mozilla/5.0 (iPad; U; CPU OS 4_3_5 like Mac OS X; de-de) AppleWebKit/533.17.9 (KHTML, like Gecko) Version/5.0.2 Mobile/8L1 Safari/6533.18.5"
93.196.107.249 - - [05/Jun/2013:07:09:38 +0200] "GET /images/gmm2.jpg HTTP/1.1" 200 47432 "http://www.straman.de/" "Mozilla/5.0 (iPad; U; CPU OS 4_3_5 like Mac OS X; de-de) AppleWebKit/533.17.9 (KHTML, like Gecko) Version/5.0.2 Mobile/8L1 Safari/6533.18.5"
93.196.107.249 - - [05/Jun/2013:07:09:38 +0200] "GET /images/galabau_002.jpg HTTP/1.1" 200 42117 "http://www.straman.de/" "Mozilla/5.0 (iPad; U; CPU OS 4_3_5 like Mac OS X; de-de) AppleWebKit/533.17.9 (KHTML, like Gecko) Version/5.0.2 Mobile/8L1 Safari/6533.18.5"
93.196.107.249 - - [05/Jun/2013:07:09:38 +0200] "GET /templates/gk_penguinmail/images/menu_sprite.png HTTP/1.1" 404 2467 "http://www.straman.de/" "Mozilla/5.0 (iPad; U; CPU OS 4_3_5 like Mac OS X; de-de) AppleWebKit/533.17.9 (KHTML, like Gecko) Version/5.0.2 Mobile/8L1 Safari/6533.18.5"
93.196.107.249 - - [05/Jun/2013:07:09:38 +0200] "GET /images/winterdienst_005.jpg HTTP/1.1" 200 48793 "http://www.straman.de/" "Mozilla/5.0 (iPad; U; CPU OS 4_3_5 like Mac OS X; de-de) AppleWebKit/533.17.9 (KHTML, like Gecko) Version/5.0.2 Mobile/8L1 Safari/6533.18.5"
93.196.107.249 - - [05/Jun/2013:07:09:39 +0200] "GET /images/kontaktformular.jpg HTTP/1.1" 200 42791 "http://www.straman.de/" "Mozilla/5.0 (iPad; U; CPU OS 4_3_5 like Mac OS X; de-de) AppleWebKit/533.17.9 (KHTML, like Gecko) Version/5.0.2 Mobile/8L1 Safari/6533.18.5"
93.196.107.249 - - [05/Jun/2013:07:09:38 +0200] "GET /images/header_neu.png HTTP/1.1" 200 340608 "http://www.straman.de/" "Mozilla/5.0 (iPad; U; CPU OS 4_3_5 like Mac OS X; de-de) AppleWebKit/533.17.9 (KHTML, like Gecko) Version/5.0.2 Mobile/8L1 Safari/6533.18.5"
79.194.5.203 - - [05/Jun/2013:07:16:12 +0200] "GET / HTTP/1.1" 200 16872 "http://www.google.de/aclk?sa=L&ai=CGlcTecmuUc3TIYag-AbPjIGIB_GC2a8Fmdy5goMBtq3KBRABKAVQ8-SEiPv_____AWCV-vCBjAfIAQGpAt0vjYA977U-qgQkT9CcRUlo0bqw7LFBSpiTB6YpDf7wTF0fgE8cFR8gWXz3f9mpgAeZjfNB&num=1&sig=AOD64_2SqsaW1hvb8-7OPQV6GcILeHKXxA&ved=0CIwBENEM&adurl=http://www.straman.de&rct=j&q=kaufvertrag%20garten%20muster" "Mozilla/5.0 (Windows NT 6.1; rv:21.0) Gecko/20100101 Firefox/21.0"
79.194.5.203 - - [05/Jun/2013:07:16:13 +0200] "GET /templates/system/css/system.css HTTP/1.1" 200 1385 "http://www.straman.de/" "Mozilla/5.0 (Windows NT 6.1; rv:21.0) Gecko/20100101 Firefox/21.0"
79.194.5.203 - - [05/Jun/2013:07:16:13 +0200] "GET /templates/system/css/general.css HTTP/1.1" 200 2777 "http://www.straman.de/" "Mozilla/5.0 (Windows NT 6.1; rv:21.0) Gecko/20100101 Firefox/21.0"
79.194.5.203 - - [05/Jun/2013:07:16:13 +0200] "GET /templates/gk_penguinmail/css/addons.css HTTP/1.1" 200 2644 "http://www.straman.de/" "Mozilla/5.0 (Windows NT 6.1; rv:21.0) Gecko/20100101 Firefox/21.0"
79.194.5.203 - - [05/Jun/2013:07:16:13 +0200] "GET /templates/gk_penguinmail/css/layout.css HTTP/1.1" 200 1684 "http://www.straman.de/" "Mozilla/5.0 (Windows NT 6.1; rv:21.0) Gecko/20100101 Firefox/21.0"
79.194.5.203 - - [05/Jun/2013:07:16:13 +0200] "GET /templates/gk_penguinmail/css/template.css HTTP/1.1" 200 9192 "http://www.straman.de/" "Mozilla/5.0 (Windows NT 6.1; rv:21.0) Gecko/20100101 Firefox/21.0"
79.194.5.203 - - [05/Jun/2013:07:16:13 +0200] "GET /templates/gk_penguinmail/css/joomla.css HTTP/1.1" 200 14242 "http://www.straman.de/" "Mozilla/5.0 (Windows NT 6.1; rv:21.0) Gecko/20100101 Firefox/21.0"
79.194.5.203 - - [05/Jun/2013:07:16:13 +0200] "GET /templates/gk_penguinmail/css/gk_stuff.css HTTP/1.1" 200 12799 "http://www.straman.de/" "Mozilla/5.0 (Windows NT 6.1; rv:21.0) Gecko/20100101 Firefox/21.0"
79.194.5.203 - - [05/Jun/2013:07:16:13 +0200] "GET /templates/gk_penguinmail/css/typo.css HTTP/1.1" 200 15356 "http://www.straman.de/" "Mozilla/5.0 (Windows NT 6.1; rv:21.0) Gecko/20100101 Firefox/21.0"
79.194.5.203 - - [05/Jun/2013:07:16:13 +0200] "GET /templates/gk_penguinmail/css/css3_style3.css HTTP/1.1" 200 2980 "http://www.straman.de/" "Mozilla/5.0 (Windows NT 6.1; rv:21.0) Gecko/20100101 Firefox/21.0"
79.194.5.203 - - [05/Jun/2013:07:16:13 +0200] "GET /templates/gk_penguinmail/css/style3.css HTTP/1.1" 200 13892 "http://www.straman.de/" "Mozilla/5.0 (Windows NT 6.1; rv:21.0) Gecko/20100101 Firefox/21.0"
79.194.5.203 - - [05/Jun/2013:07:16:13 +0200] "GET /templates/gk_penguinmail/css/override.css HTTP/1.1" 200 3916 "http://www.straman.de/" "Mozilla/5.0 (Windows NT 6.1; rv:21.0) Gecko/20100101 Firefox/21.0"
79.194.5.203 - - [05/Jun/2013:07:16:13 +0200] "GET /templates/gk_penguinmail/js/domready_fix.js HTTP/1.1" 200 1340 "http://www.straman.de/" "Mozilla/5.0 (Windows NT 6.1; rv:21.0) Gecko/20100101 Firefox/21.0"
79.194.5.203 - - [05/Jun/2013:07:16:13 +0200] "GET /media/system/js/caption.js HTTP/1.1" 200 1963 "http://www.straman.de/" "Mozilla/5.0 (Windows NT 6.1; rv:21.0) Gecko/20100101 Firefox/21.0"
79.194.5.203 - - [05/Jun/2013:07:16:13 +0200] "GET /templates/gk_penguinmail/js/gk.script.js HTTP/1.1" 200 4585 "http://www.straman.de/" "Mozilla/5.0 (Windows NT 6.1; rv:21.0) Gecko/20100101 Firefox/21.0"
79.194.5.203 - - [05/Jun/2013:07:16:13 +0200] "GET /templates/gk_penguinmail/css/menu/mega.css HTTP/1.1" 200 4575 "http://www.straman.de/" "Mozilla/5.0 (Windows NT 6.1; rv:21.0) Gecko/20100101 Firefox/21.0"
79.194.5.203 - - [05/Jun/2013:07:16:13 +0200] "GET /templates/gk_penguinmail/js/menu/mega.js HTTP/1.1" 200 12974 "http://www.straman.de/" "Mozilla/5.0 (Windows NT 6.1; rv:21.0) Gecko/20100101 Firefox/21.0"
79.194.5.203 - - [05/Jun/2013:07:16:13 +0200] "GET /templates/gk_penguinmail/fonts/PT-Seans/stylesheet.css HTTP/1.1" 200 2445 "http://www.straman.de/" "Mozilla/5.0 (Windows NT 6.1; rv:21.0) Gecko/20100101 Firefox/21.0"
79.194.5.203 - - [05/Jun/2013:07:16:13 +0200] "GET /templates/gk_penguinmail/favicon.ico HTTP/1.1" 200 5686 "-" "Mozilla/5.0 (Windows NT 6.1; rv:21.0) Gecko/20100101 Firefox/21.0"
79.194.5.203 - - [05/Jun/2013:07:16:13 +0200] "GET /media/system/js/mootools.js HTTP/1.1" 200 74434 "http://www.straman.de/" "Mozilla/5.0 (Windows NT 6.1; rv:21.0) Gecko/20100101 Firefox/21.0"
79.194.5.203 - - [05/Jun/2013:07:16:14 +0200] "GET /images/kontaktformular.jpg HTTP/1.1" 200 42791 "http://www.straman.de/" "Mozilla/5.0 (Windows NT 6.1; rv:21.0) Gecko/20100101 Firefox/21.0"
79.194.5.203 - - [05/Jun/2013:07:16:14 +0200] "GET /templates/gk_penguinmail/images/style3/glow.jpg HTTP/1.1" 200 18301 "http://www.straman.de/templates/gk_penguinmail/css/style3.css" "Mozilla/5.0 (Windows NT 6.1; rv:21.0) Gecko/20100101 Firefox/21.0"
79.194.5.203 - - [05/Jun/2013:07:16:14 +0200] "GET /templates/gk_penguinmail/images/style3/menu_sprite.png HTTP/1.1" 200 450 "http://www.straman.de/templates/gk_penguinmail/css/override.css" "Mozilla/5.0 (Windows NT 6.1; rv:21.0) Gecko/20100101 Firefox/21.0"
79.194.5.203 - - [05/Jun/2013:07:16:14 +0200] "GET /images/winterdienst_005.jpg HTTP/1.1" 200 48793 "http://www.straman.de/" "Mozilla/5.0 (Windows NT 6.1; rv:21.0) Gecko/20100101 Firefox/21.0"
79.194.5.203 - - [05/Jun/2013:07:16:14 +0200] "GET /images/list_check.png HTTP/1.1" 200 3488 "http://www.straman.de/templates/gk_penguinmail/css/override.css" "Mozilla/5.0 (Windows NT 6.1; rv:21.0) Gecko/20100101 Firefox/21.0"
79.194.5.203 - - [05/Jun/2013:07:16:14 +0200] "GET /templates/gk_penguinmail/images/menu_sprite.png HTTP/1.1" 404 2467 "http://www.straman.de/templates/gk_penguinmail/css/override.css" "Mozilla/5.0 (Windows NT 6.1; rv:21.0) Gecko/20100101 Firefox/21.0"
79.194.5.203 - - [05/Jun/2013:07:16:14 +0200] "GET /images/gmm2.jpg HTTP/1.1" 200 47432 "http://www.straman.de/" "Mozilla/5.0 (Windows NT 6.1; rv:21.0) Gecko/20100101 Firefox/21.0"
79.194.5.203 - - [05/Jun/2013:07:16:14 +0200] "GET /images/galabau_002.jpg HTTP/1.1" 200 42117 "http://www.straman.de/" "Mozilla/5.0 (Windows NT 6.1; rv:21.0) Gecko/20100101 Firefox/21.0"
79.194.5.203 - - [05/Jun/2013:07:16:13 +0200] "GET /images/header_neu.png HTTP/1.1" 200 340608 "http://www.straman.de/" "Mozilla/5.0 (Windows NT 6.1; rv:21.0) Gecko/20100101 Firefox/21.0"
65.55.52.112 - - [05/Jun/2013:07:27:26 +0200] "GET /robots.txt HTTP/1.1" 200 304 "-" "Mozilla/5.0 (compatible; bingbot/2.0; +http://www.bing.com/bingbot.htm)"
65.55.52.112 - - [05/Jun/2013:07:27:58 +0200] "GET / HTTP/1.1" 200 16876 "-" "Mozilla/5.0 (compatible; bingbot/2.0; +http://www.bing.com/bingbot.htm)"
66.249.78.60 - - [05/Jun/2013:07:48:55 +0200] "GET /servicebereiche/strassenreinigung.html HTTP/1.1" 200 11259 "-" "Mozilla/5.0 (iPhone; U; CPU iPhone OS 4_1 like Mac OS X; en-us) AppleWebKit/532.9 (KHTML, like Gecko) Version/4.0.5 Mobile/8B117 Safari/6531.22.7 (compatible; Googlebot-Mobile/2.1; +http://www.google.com/bot.html)"
93.220.110.18 - - [05/Jun/2013:08:05:21 +0200] "GET / HTTP/1.1" 200 16872 "http://www.google.de/aclk?sa=L&ai=CF25P8NSuUfCJCMKe-QbEtIDYBvGC2a8F8Ya5goMBrfXCCAgDEAEoAlDz5ISI-_____8BYJX68IGMB5ABAsgBAakC3S-NgD3vtT6qBCZP0KdexLF6NVn9PMaQXGYV9gN459ARrY3ijytOynNhTO9PkDU4TIAHmY3zQQ&sig=AOD64_0R0UO8JHQUB3sCSjh1j4tyUpL9gw&ved=0CH0Q0Qw4Cg&adurl=http://www.straman.de&rct=j&q=virago%20125%20vergaser%20reinigen" "Mozilla/5.0 (Windows NT 6.1; rv:21.0) Gecko/20100101 Firefox/21.0"
93.220.110.18 - - [05/Jun/2013:08:05:22 +0200] "GET /templates/system/css/system.css HTTP/1.1" 200 1385 "http://www.straman.de/" "Mozilla/5.0 (Windows NT 6.1; rv:21.0) Gecko/20100101 Firefox/21.0"
93.220.110.18 - - [05/Jun/2013:08:05:22 +0200] "GET /templates/gk_penguinmail/css/gk_stuff.css HTTP/1.1" 200 12799 "http://www.straman.de/" "Mozilla/5.0 (Windows NT 6.1; rv:21.0) Gecko/20100101 Firefox/21.0"
93.220.110.18 - - [05/Jun/2013:08:05:22 +0200] "GET /templates/gk_penguinmail/css/addons.css HTTP/1.1" 200 2644 "http://www.straman.de/" "Mozilla/5.0 (Windows NT 6.1; rv:21.0) Gecko/20100101 Firefox/21.0"
93.220.110.18 - - [05/Jun/2013:08:05:22 +0200] "GET /templates/gk_penguinmail/css/layout.css HTTP/1.1" 200 1684 "http://www.straman.de/" "Mozilla/5.0 (Windows NT 6.1; rv:21.0) Gecko/20100101 Firefox/21.0"
93.220.110.18 - - [05/Jun/2013:08:05:22 +0200] "GET /templates/gk_penguinmail/css/joomla.css HTTP/1.1" 200 14242 "http://www.straman.de/" "Mozilla/5.0 (Windows NT 6.1; rv:21.0) Gecko/20100101 Firefox/21.0"
93.220.110.18 - - [05/Jun/2013:08:05:22 +0200] "GET /templates/system/css/general.css HTTP/1.1" 200 2777 "http://www.straman.de/" "Mozilla/5.0 (Windows NT 6.1; rv:21.0) Gecko/20100101 Firefox/21.0"
93.220.110.18 - - [05/Jun/2013:08:05:22 +0200] "GET /templates/gk_penguinmail/css/typo.css HTTP/1.1" 200 15356 "http://www.straman.de/" "Mozilla/5.0 (Windows NT 6.1; rv:21.0) Gecko/20100101 Firefox/21.0"
93.220.110.18 - - [05/Jun/2013:08:05:22 +0200] "GET /templates/gk_penguinmail/css/template.css HTTP/1.1" 200 9192 "http://www.straman.de/" "Mozilla/5.0 (Windows NT 6.1; rv:21.0) Gecko/20100101 Firefox/21.0"
93.220.110.18 - - [05/Jun/2013:08:05:22 +0200] "GET /templates/gk_penguinmail/css/css3_style3.css HTTP/1.1" 200 2980 "http://www.straman.de/" "Mozilla/5.0 (Windows NT 6.1; rv:21.0) Gecko/20100101 Firefox/21.0"
93.220.110.18 - - [05/Jun/2013:08:05:22 +0200] "GET /templates/gk_penguinmail/css/style3.css HTTP/1.1" 200 13892 "http://www.straman.de/" "Mozilla/5.0 (Windows NT 6.1; rv:21.0) Gecko/20100101 Firefox/21.0"
93.220.110.18 - - [05/Jun/2013:08:05:22 +0200] "GET /templates/gk_penguinmail/css/override.css HTTP/1.1" 200 3916 "http://www.straman.de/" "Mozilla/5.0 (Windows NT 6.1; rv:21.0) Gecko/20100101 Firefox/21.0"
93.220.110.18 - - [05/Jun/2013:08:05:22 +0200] "GET /templates/gk_penguinmail/js/domready_fix.js HTTP/1.1" 200 1340 "http://www.straman.de/" "Mozilla/5.0 (Windows NT 6.1; rv:21.0) Gecko/20100101 Firefox/21.0"
93.220.110.18 - - [05/Jun/2013:08:05:22 +0200] "GET /media/system/js/caption.js HTTP/1.1" 200 1963 "http://www.straman.de/" "Mozilla/5.0 (Windows NT 6.1; rv:21.0) Gecko/20100101 Firefox/21.0"
93.220.110.18 - - [05/Jun/2013:08:05:22 +0200] "GET /templates/gk_penguinmail/css/menu/mega.css HTTP/1.1" 200 4575 "http://www.straman.de/" "Mozilla/5.0 (Windows NT 6.1; rv:21.0) Gecko/20100101 Firefox/21.0"
93.220.110.18 - - [05/Jun/2013:08:05:22 +0200] "GET /media/system/js/mootools.js HTTP/1.1" 200 74434 "http://www.straman.de/" "Mozilla/5.0 (Windows NT 6.1; rv:21.0) Gecko/20100101 Firefox/21.0"
93.220.110.18 - - [05/Jun/2013:08:05:22 +0200] "GET /templates/gk_penguinmail/js/gk.script.js HTTP/1.1" 200 4585 "http://www.straman.de/" "Mozilla/5.0 (Windows NT 6.1; rv:21.0) Gecko/20100101 Firefox/21.0"
93.220.110.18 - - [05/Jun/2013:08:05:22 +0200] "GET /templates/gk_penguinmail/js/menu/mega.js HTTP/1.1" 200 12974 "http://www.straman.de/" "Mozilla/5.0 (Windows NT 6.1; rv:21.0) Gecko/20100101 Firefox/21.0"
93.220.110.18 - - [05/Jun/2013:08:05:22 +0200] "GET /templates/gk_penguinmail/fonts/PT-Seans/stylesheet.css HTTP/1.1" 200 2445 "http://www.straman.de/" "Mozilla/5.0 (Windows NT 6.1; rv:21.0) Gecko/20100101 Firefox/21.0"
93.220.110.18 - - [05/Jun/2013:08:05:22 +0200] "GET /templates/gk_penguinmail/favicon.ico HTTP/1.1" 200 5686 "-" "Mozilla/5.0 (Windows NT 6.1; rv:21.0) Gecko/20100101 Firefox/21.0"
93.220.110.18 - - [05/Jun/2013:08:05:22 +0200] "GET /images/gmm2.jpg HTTP/1.1" 200 47432 "http://www.straman.de/" "Mozilla/5.0 (Windows NT 6.1; rv:21.0) Gecko/20100101 Firefox/21.0"
93.220.110.18 - - [05/Jun/2013:08:05:22 +0200] "GET /images/kontaktformular.jpg HTTP/1.1" 200 42791 "http://www.straman.de/" "Mozilla/5.0 (Windows NT 6.1; rv:21.0) Gecko/20100101 Firefox/21.0"
93.220.110.18 - - [05/Jun/2013:08:05:22 +0200] "GET /images/galabau_002.jpg HTTP/1.1" 200 42117 "http://www.straman.de/" "Mozilla/5.0 (Windows NT 6.1; rv:21.0) Gecko/20100101 Firefox/21.0"
93.220.110.18 - - [05/Jun/2013:08:05:22 +0200] "GET /templates/gk_penguinmail/images/style3/glow.jpg HTTP/1.1" 200 18301 "http://www.straman.de/templates/gk_penguinmail/css/style3.css" "Mozilla/5.0 (Windows NT 6.1; rv:21.0) Gecko/20100101 Firefox/21.0"
93.220.110.18 - - [05/Jun/2013:08:05:22 +0200] "GET /templates/gk_penguinmail/images/style3/menu_sprite.png HTTP/1.1" 200 450 "http://www.straman.de/templates/gk_penguinmail/css/override.css" "Mozilla/5.0 (Windows NT 6.1; rv:21.0) Gecko/20100101 Firefox/21.0"
93.220.110.18 - - [05/Jun/2013:08:05:22 +0200] "GET /images/list_check.png HTTP/1.1" 200 3488 "http://www.straman.de/templates/gk_penguinmail/css/override.css" "Mozilla/5.0 (Windows NT 6.1; rv:21.0) Gecko/20100101 Firefox/21.0"
93.220.110.18 - - [05/Jun/2013:08:05:22 +0200] "GET /templates/gk_penguinmail/images/menu_sprite.png HTTP/1.1" 404 2467 "http://www.straman.de/templates/gk_penguinmail/css/override.css" "Mozilla/5.0 (Windows NT 6.1; rv:21.0) Gecko/20100101 Firefox/21.0"
93.220.110.18 - - [05/Jun/2013:08:05:22 +0200] "GET /images/winterdienst_005.jpg HTTP/1.1" 200 48793 "http://www.straman.de/" "Mozilla/5.0 (Windows NT 6.1; rv:21.0) Gecko/20100101 Firefox/21.0"
93.220.110.18 - - [05/Jun/2013:08:05:22 +0200] "GET /images/header_neu.png HTTP/1.1" 200 340608 "http://www.straman.de/" "Mozilla/5.0 (Windows NT 6.1; rv:21.0) Gecko/20100101 Firefox/21.0"
66.249.78.60 - - [05/Jun/2013:08:51:49 +0200] "GET /news.html HTTP/1.1" 200 16470 "-" "Mozilla/5.0 (iPhone; U; CPU iPhone OS 4_1 like Mac OS X; en-us) AppleWebKit/532.9 (KHTML, like Gecko) Version/4.0.5 Mobile/8B117 Safari/6531.22.7 (compatible; Googlebot-Mobile/2.1; +http://www.google.com/bot.html)"
208.115.111.71 - - [05/Jun/2013:08:55:35 +0200] "GET /component/mailto/?tmpl=component&link=205696e9adce86435d9526713c5415b85c4ae147 HTTP/1.1" 200 2687 "-" "Mozilla/5.0 (compatible; Ezooms/1.0; ezooms.bot@gmail.com)"
173.199.120.163 - - [05/Jun/2013:09:03:44 +0200] "GET /news/61-wir-begruessen-sie-auf-den-seiten-von-straman-ihren-komplettdienstleister-rund-um-die-immobilie.html?tmpl=component&print=1&layout=default&page= HTTP/1.1" 200 7094 "-" "Mozilla/5.0 (compatible; AhrefsBot/4.0; +http://ahrefs.com/robot/)"
217.110.40.114 - - [05/Jun/2013:09:12:15 +0200] "GET / HTTP/1.1" 200 16842 "http://www.google.de/aclk?sa=L&ai=CfbB9neSuUdv-EYag-AaE1IDgBvGC2a8Fmdy5goMBmuH3CwgAEAFQ8-SEiPv_____AWCV-vCBjAfIAQGpAt0vjYA977U-qgQiT9BOWl0x7iS-TOM1wRbVK2EbJY01QqUM8D3RASVN1ky2qroFEwiAyIG_rsy3AhXBDs0KHZhIAFTKBQCAB5mN80E&rct=j&q=dienstleistungsunternehmen&ei=neSuUcCFD8GdtAaYkYGgBQ&sig=AOD64_2nhLuXFK10U7doApoRFdDNaSO9lg&sqi=2&ved=0CDMQ0Qw&adurl=http://www.straman.de" "Mozilla/5.0 (compatible; MSIE 9.0; Windows NT 6.1; WOW64; Trident/5.0)"
217.110.40.114 - - [05/Jun/2013:09:12:15 +0200] "GET /templates/system/css/system.css HTTP/1.1" 200 1385 "http://www.straman.de/" "Mozilla/5.0 (compatible; MSIE 9.0; Windows NT 6.1; WOW64; Trident/5.0)"
217.110.40.114 - - [05/Jun/2013:09:12:15 +0200] "GET /templates/gk_penguinmail/css/template.css HTTP/1.1" 200 9192 "http://www.straman.de/" "Mozilla/5.0 (compatible; MSIE 9.0; Windows NT 6.1; WOW64; Trident/5.0)"
217.110.40.114 - - [05/Jun/2013:09:12:15 +0200] "GET /templates/gk_penguinmail/css/addons.css HTTP/1.1" 200 2644 "http://www.straman.de/" "Mozilla/5.0 (compatible; MSIE 9.0; Windows NT 6.1; WOW64; Trident/5.0)"
217.110.40.114 - - [05/Jun/2013:09:12:15 +0200] "GET /templates/gk_penguinmail/css/layout.css HTTP/1.1" 200 1684 "http://www.straman.de/" "Mozilla/5.0 (compatible; MSIE 9.0; Windows NT 6.1; WOW64; Trident/5.0)"
217.110.40.114 - - [05/Jun/2013:09:12:15 +0200] "GET /templates/system/css/general.css HTTP/1.1" 200 2777 "http://www.straman.de/" "Mozilla/5.0 (compatible; MSIE 9.0; Windows NT 6.1; WOW64; Trident/5.0)"
217.110.40.114 - - [05/Jun/2013:09:12:15 +0200] "GET /templates/gk_penguinmail/css/joomla.css HTTP/1.1" 200 14242 "http://www.straman.de/" "Mozilla/5.0 (compatible; MSIE 9.0; Windows NT 6.1; WOW64; Trident/5.0)"
