217.255.108.127 - - [08/Jun/2013:14:42:04 +0200] "GET /templates/gk_penguinmail/images/menu_sprite.png HTTP/1.1" 404 2467 "http://www.straman.de/" "Mozilla/5.0 (Windows NT 5.1) AppleWebKit/537.36 (KHTML, like Gecko) Chrome/27.0.1453.110 Safari/537.36"
217.255.108.127 - - [08/Jun/2013:14:42:05 +0200] "GET /templates/gk_penguinmail/favicon.ico HTTP/1.1" 200 5686 "-" "Mozilla/5.0 (Windows NT 5.1) AppleWebKit/537.36 (KHTML, like Gecko) Chrome/27.0.1453.110 Safari/537.36"
66.249.78.60 - - [08/Jun/2013:14:46:16 +0200] "GET /servicebereiche/gebaeudemanagement.html HTTP/1.1" 200 9613 "-" "Mozilla/5.0 (iPhone; U; CPU iPhone OS 4_1 like Mac OS X; en-us) AppleWebKit/532.9 (KHTML, like Gecko) Version/4.0.5 Mobile/8B117 Safari/6531.22.7 (compatible; Googlebot-Mobile/2.1; +http://www.google.com/bot.html)"
65.55.52.112 - - [08/Jun/2013:14:49:38 +0200] "GET /robots.txt HTTP/1.1" 200 304 "-" "Mozilla/5.0 (compatible; bingbot/2.0; +http://www.bing.com/bingbot.htm)"
65.55.52.112 - - [08/Jun/2013:14:50:20 +0200] "GET /news/61-wir-begruessen-sie-auf-den-seiten-von-straman-ihren-komplettdienstleister-rund-um-die-immobilie.html HTTP/1.1" 200 21030 "-" "Mozilla/5.0 (compatible; bingbot/2.0; +http://www.bing.com/bingbot.htm)"
38.111.147.84 - - [08/Jun/2013:15:01:09 +0200] "GET /robots.txt HTTP/1.0" 200 304 "-" "TurnitinBot/2.1 (http://www.turnitin.com/robot/crawlerinfo.html)"
38.111.147.84 - - [08/Jun/2013:15:01:24 +0200] "GET /unternehmen/partner/58.html HTTP/1.0" 200 17121 "-" "TurnitinBot/2.1 (http://www.turnitin.com/robot/crawlerinfo.html)"
38.111.147.84 - - [08/Jun/2013:15:01:56 +0200] "GET /unternehmen/historie.html HTTP/1.0" 200 16082 "-" "TurnitinBot/2.1 (http://www.turnitin.com/robot/crawlerinfo.html)"
38.111.147.84 - - [08/Jun/2013:15:02:28 +0200] "GET /servicebereiche/winterdienst.html HTTP/1.0" 200 27643 "-" "TurnitinBot/2.1 (http://www.turnitin.com/robot/crawlerinfo.html)"
38.111.147.84 - - [08/Jun/2013:15:02:58 +0200] "GET /servicebereiche/strassenreinigung.html HTTP/1.0" 200 18883 "-" "TurnitinBot/2.1 (http://www.turnitin.com/robot/crawlerinfo.html)"
38.111.147.84 - - [08/Jun/2013:15:03:28 +0200] "GET /servicebereiche/infrastr-gebaeudemanagement.html HTTP/1.0" 200 17034 "-" "TurnitinBot/2.1 (http://www.turnitin.com/robot/crawlerinfo.html)"
38.111.147.84 - - [08/Jun/2013:15:04:01 +0200] "GET /servicebereiche/gruenanlagenpflege.html HTTP/1.0" 200 23638 "-" "TurnitinBot/2.1 (http://www.turnitin.com/robot/crawlerinfo.html)"
173.199.116.235 - - [08/Jun/2013:15:04:27 +0200] "GET /news/61-wir-begruessen-sie-auf-den-seiten-von-straman-ihren-komplettdienstleister-rund-um-die-immobilie.html HTTP/1.1" 200 21030 "-" "Mozilla/5.0 (compatible; AhrefsBot/4.0; +http://ahrefs.com/robot/)"
38.111.147.84 - - [08/Jun/2013:15:04:34 +0200] "GET /servicebereiche/gebaeudemanagement.html HTTP/1.0" 200 16821 "-" "TurnitinBot/2.1 (http://www.turnitin.com/robot/crawlerinfo.html)"
38.111.147.84 - - [08/Jun/2013:15:05:06 +0200] "GET /referenzen.html HTTP/1.0" 200 19796 "-" "TurnitinBot/2.1 (http://www.turnitin.com/robot/crawlerinfo.html)"
38.111.147.84 - - [08/Jun/2013:15:05:37 +0200] "GET /news.html HTTP/1.0" 200 23639 "-" "TurnitinBot/2.1 (http://www.turnitin.com/robot/crawlerinfo.html)"
38.111.147.84 - - [08/Jun/2013:15:06:07 +0200] "GET /kontakt.html?fid=1 HTTP/1.0" 200 16603 "-" "TurnitinBot/2.1 (http://www.turnitin.com/robot/crawlerinfo.html)"
38.111.147.84 - - [08/Jun/2013:15:06:44 +0200] "GET /kontakt.html HTTP/1.0" 200 16597 "-" "TurnitinBot/2.1 (http://www.turnitin.com/robot/crawlerinfo.html)"
173.199.116.235 - - [08/Jun/2013:15:07:16 +0200] "GET /news/60-ihr-komplettdienstleister-rund-um-die-immobilie.html?tmpl=component&print=1&layout=default&page= HTTP/1.1" 200 3841 "-" "Mozilla/5.0 (compatible; AhrefsBot/4.0; +http://ahrefs.com/robot/)"
38.111.147.84 - - [08/Jun/2013:15:07:17 +0200] "GET /index.php?option=com_user&view=login HTTP/1.0" 200 17725 "-" "TurnitinBot/2.1 (http://www.turnitin.com/robot/crawlerinfo.html)"
38.111.147.84 - - [08/Jun/2013:15:07:48 +0200] "GET /index.php?option=com_forme&fid=2&Itemid=65 HTTP/1.0" 200 19186 "-" "TurnitinBot/2.1 (http://www.turnitin.com/robot/crawlerinfo.html)"
38.111.147.84 - - [08/Jun/2013:15:08:20 +0200] "GET /index.php HTTP/1.0" 200 16894 "-" "TurnitinBot/2.1 (http://www.turnitin.com/robot/crawlerinfo.html)"
38.111.147.84 - - [08/Jun/2013:15:08:52 +0200] "GET /downloadbereich.html HTTP/1.0" 200 15467 "-" "TurnitinBot/2.1 (http://www.turnitin.com/robot/crawlerinfo.html)"
38.111.147.84 - - [08/Jun/2013:15:09:36 +0200] "GET /unternehmen/standorte/58.html HTTP/1.0" 200 17070 "-" "TurnitinBot/2.1 (http://www.turnitin.com/robot/crawlerinfo.html)"
38.111.147.84 - - [08/Jun/2013:15:10:09 +0200] "GET /unternehmen/standorte.html HTTP/1.0" 200 17541 "-" "TurnitinBot/2.1 (http://www.turnitin.com/robot/crawlerinfo.html)"
38.111.147.84 - - [08/Jun/2013:15:10:40 +0200] "GET /unternehmen/jobs/58.html HTTP/1.0" 200 17045 "-" "TurnitinBot/2.1 (http://www.turnitin.com/robot/crawlerinfo.html)"
38.111.147.84 - - [08/Jun/2013:15:11:11 +0200] "GET /unternehmen/jobs.html HTTP/1.0" 200 20701 "-" "TurnitinBot/2.1 (http://www.turnitin.com/robot/crawlerinfo.html)"
38.111.147.84 - - [08/Jun/2013:15:11:42 +0200] "GET /unternehmen/impressum/58.html HTTP/1.0" 200 17070 "-" "TurnitinBot/2.1 (http://www.turnitin.com/robot/crawlerinfo.html)"
38.111.147.84 - - [08/Jun/2013:15:12:20 +0200] "GET /unternehmen/historie/58.html HTTP/1.0" 200 17482 "-" "TurnitinBot/2.1 (http://www.turnitin.com/robot/crawlerinfo.html)"
38.111.147.84 - - [08/Jun/2013:15:12:51 +0200] "GET /servicebereiche/winterdienst/58.html HTTP/1.0" 200 18854 "-" "TurnitinBot/2.1 (http://www.turnitin.com/robot/crawlerinfo.html)"
38.111.147.84 - - [08/Jun/2013:15:13:24 +0200] "GET /servicebereiche/strassenreinigung/58.html HTTP/1.0" 200 17542 "-" "TurnitinBot/2.1 (http://www.turnitin.com/robot/crawlerinfo.html)"
38.111.147.84 - - [08/Jun/2013:15:13:56 +0200] "GET /servicebereiche/infrastr-gebaeudemanagement/58.html HTTP/1.0" 200 17168 "-" "TurnitinBot/2.1 (http://www.turnitin.com/robot/crawlerinfo.html)"
38.111.147.84 - - [08/Jun/2013:15:14:28 +0200] "GET /servicebereiche/gruenanlagenpflege/58.html HTTP/1.0" 200 17557 "-" "TurnitinBot/2.1 (http://www.turnitin.com/robot/crawlerinfo.html)"
38.111.147.84 - - [08/Jun/2013:15:15:02 +0200] "GET /servicebereiche/gebaeudemanagement/58.html HTTP/1.0" 200 17129 "-" "TurnitinBot/2.1 (http://www.turnitin.com/robot/crawlerinfo.html)"
38.111.147.84 - - [08/Jun/2013:15:15:34 +0200] "GET /referenzen/58.html HTTP/1.0" 200 17266 "-" "TurnitinBot/2.1 (http://www.turnitin.com/robot/crawlerinfo.html)"
38.111.147.84 - - [08/Jun/2013:15:16:06 +0200] "GET /news/62-alles-neu-macht-der-mai.html HTTP/1.0" 200 17365 "-" "TurnitinBot/2.1 (http://www.turnitin.com/robot/crawlerinfo.html)"
38.111.147.84 - - [08/Jun/2013:15:16:39 +0200] "GET /downloadbereich/58.html HTTP/1.0" 200 16860 "-" "TurnitinBot/2.1 (http://www.turnitin.com/robot/crawlerinfo.html)"
38.111.147.84 - - [08/Jun/2013:15:17:10 +0200] "GET /component/user/reset.html HTTP/1.0" 200 14010 "-" "TurnitinBot/2.1 (http://www.turnitin.com/robot/crawlerinfo.html)"
38.111.147.84 - - [08/Jun/2013:15:17:40 +0200] "GET /component/user/register.html HTTP/1.0" 200 15137 "-" "TurnitinBot/2.1 (http://www.turnitin.com/robot/crawlerinfo.html)"
65.55.52.112 - - [08/Jun/2013:15:17:51 +0200] "GET /unternehmen/ HTTP/1.1" 404 2467 "-" "Mozilla/5.0 (compatible; bingbot/2.0; +http://www.bing.com/bingbot.htm)"
65.55.52.112 - - [08/Jun/2013:15:17:51 +0200] "GET /news/61-wir-begruessen-sie-auf-den-seiten-von-straman-ihren-komplettdienstleister-rund-um-die-immobilie.html?tmpl=component&print=1&layout=default&page= HTTP/1.1" 200 7094 "-" "Mozilla/5.0 (compatible; bingbot/2.0; +http://www.bing.com/bingbot.htm)"
65.55.52.112 - - [08/Jun/2013:15:17:51 +0200] "GET /unternehmen/standorte/58.html HTTP/1.1" 200 17070 "-" "Mozilla/5.0 (compatible; bingbot/2.0; +http://www.bing.com/bingbot.htm)"
65.55.52.112 - - [08/Jun/2013:15:17:51 +0200] "GET /seiten/straman_jobs.htm HTTP/1.1" 404 2467 "-" "Mozilla/5.0 (compatible; bingbot/2.0; +http://www.bing.com/bingbot.htm)"
65.55.52.112 - - [08/Jun/2013:15:17:51 +0200] "GET /unternehmen/impressum.html?tmpl=component&print=1&page= HTTP/1.1" 200 6796 "-" "Mozilla/5.0 (compatible; bingbot/2.0; +http://www.bing.com/bingbot.htm)"
65.55.55.229 - - [08/Jun/2013:15:17:51 +0200] "GET /servicebereiche/gebaeudemanagement/58.html HTTP/1.1" 200 17129 "-" "Mozilla/5.0 (compatible; bingbot/2.0; +http://www.bing.com/bingbot.htm)"
65.55.52.112 - - [08/Jun/2013:15:17:51 +0200] "GET /news/64-internetseite-relaunched.html HTTP/1.1" 200 16080 "-" "Mozilla/5.0 (compatible; bingbot/2.0; +http://www.bing.com/bingbot.htm)"
65.55.55.229 - - [08/Jun/2013:15:17:51 +0200] "GET /servicebereiche/gruenanlagenpflege.html?tmpl=component&print=1&page= HTTP/1.1" 200 9453 "-" "Mozilla/5.0 (compatible; bingbot/2.0; +http://www.bing.com/bingbot.htm)"
65.55.52.112 - - [08/Jun/2013:15:17:51 +0200] "GET /servicebereiche/gruenanlagenpflege/58.html HTTP/1.1" 200 17557 "-" "Mozilla/5.0 (compatible; bingbot/2.0; +http://www.bing.com/bingbot.htm)"
65.55.52.112 - - [08/Jun/2013:15:17:51 +0200] "GET /unternehmen/historie/58.html HTTP/1.1" 200 17482 "-" "Mozilla/5.0 (compatible; bingbot/2.0; +http://www.bing.com/bingbot.htm)"
65.55.55.229 - - [08/Jun/2013:15:18:03 +0200] "GET /servicebereiche/infrastr-gebaeudemanagement/58.html HTTP/1.1" 200 17168 "-" "Mozilla/5.0 (compatible; bingbot/2.0; +http://www.bing.com/bingbot.htm)"
38.111.147.84 - - [08/Jun/2013:15:18:14 +0200] "GET /component/user/login.html HTTP/1.0" 200 17741 "-" "TurnitinBot/2.1 (http://www.turnitin.com/robot/crawlerinfo.html)"
38.111.147.84 - - [08/Jun/2013:15:18:45 +0200] "GET /component/forme/?fid=2 HTTP/1.0" 200 19193 "-" "TurnitinBot/2.1 (http://www.turnitin.com/robot/crawlerinfo.html)"
157.55.32.219 - - [08/Jun/2013:15:18:50 +0200] "GET /component/mailto/?tmpl=component&link=a0f90e3f2e376ffb85cf3950f8f5ab75a77cab80 HTTP/1.1" 200 2687 "-" "Mozilla/5.0 (compatible; bingbot/2.0; +http://www.bing.com/bingbot.htm)"
157.55.32.219 - - [08/Jun/2013:15:18:50 +0200] "GET /unternehmen/imagevideo-straman.html HTTP/1.1" 200 15250 "-" "Mozilla/5.0 (compatible; bingbot/2.0; +http://www.bing.com/bingbot.htm)"
157.55.32.219 - - [08/Jun/2013:15:18:50 +0200] "GET /referenzen/58.html HTTP/1.1" 200 17266 "-" "Mozilla/5.0 (compatible; bingbot/2.0; +http://www.bing.com/bingbot.htm)"
157.55.32.219 - - [08/Jun/2013:15:18:51 +0200] "GET /unternehmen/imagevideo-straman/58-sitemap.html?tmpl=component&print=1&page= HTTP/1.1" 200 3350 "-" "Mozilla/5.0 (compatible; bingbot/2.0; +http://www.bing.com/bingbot.htm)"
157.55.32.219 - - [08/Jun/2013:15:18:51 +0200] "GET /unternehmen/jobs/58.html HTTP/1.1" 200 17045 "-" "Mozilla/5.0 (compatible; bingbot/2.0; +http://www.bing.com/bingbot.htm)"
157.55.32.219 - - [08/Jun/2013:15:18:51 +0200] "GET /component/user/login.html HTTP/1.1" 200 17741 "-" "Mozilla/5.0 (compatible; bingbot/2.0; +http://www.bing.com/bingbot.htm)"
38.111.147.84 - - [08/Jun/2013:15:19:16 +0200] "GET /news/61-wir-begruessen-sie-auf-den-seiten-von-straman-ihren-komplettdienstleister-rund-um-die-immobilie.html HTTP/1.0" 200 21030 "-" "TurnitinBot/2.1 (http://www.turnitin.com/robot/crawlerinfo.html)"
38.111.147.84 - - [08/Jun/2013:15:19:48 +0200] "GET /news/60-ihr-komplettdienstleister-rund-um-die-immobilie.html HTTP/1.0" 200 17629 "-" "TurnitinBot/2.1 (http://www.turnitin.com/robot/crawlerinfo.html)"
38.111.147.84 - - [08/Jun/2013:15:20:20 +0200] "GET /news/58.html HTTP/1.0" 200 16988 "-" "TurnitinBot/2.1 (http://www.turnitin.com/robot/crawlerinfo.html)"
38.111.147.84 - - [08/Jun/2013:15:21:00 +0200] "GET /component/forme/=5aacritvptin=omjoomgallery&Itemid=90img&id=552&option=com_joomgallery&Itemid=90 HTTP/1.0" 200 15524 "-" "TurnitinBot/2.1 (http://www.turnitin.com/robot/crawlerinfo.html)"
157.55.32.95 - - [08/Jun/2013:15:29:49 +0200] "GET /component/forme/?fid=2 HTTP/1.1" 200 19193 "-" "Mozilla/5.0 (compatible; bingbot/2.0; +http://www.bing.com/bingbot.htm)"
157.55.32.95 - - [08/Jun/2013:15:29:49 +0200] "GET /unternehmen/partner/58.html HTTP/1.1" 200 17121 "-" "Mozilla/5.0 (compatible; bingbot/2.0; +http://www.bing.com/bingbot.htm)"
157.55.32.95 - - [08/Jun/2013:15:29:49 +0200] "GET /servicebereiche/strassenreinigung/58.html HTTP/1.1" 200 17542 "-" "Mozilla/5.0 (compatible; bingbot/2.0; +http://www.bing.com/bingbot.htm)"
157.55.32.95 - - [08/Jun/2013:15:29:49 +0200] "GET /servicebereiche/winterdienst/58.html HTTP/1.1" 200 18854 "-" "Mozilla/5.0 (compatible; bingbot/2.0; +http://www.bing.com/bingbot.htm)"
157.55.32.95 - - [08/Jun/2013:15:29:49 +0200] "GET /referenzen.html?tmpl=component&print=1&page= HTTP/1.1" 200 5878 "-" "Mozilla/5.0 (compatible; bingbot/2.0; +http://www.bing.com/bingbot.htm)"
157.55.32.95 - - [08/Jun/2013:15:29:49 +0200] "GET /unternehmen/imagevideo-straman/58.html HTTP/1.1" 200 16258 "-" "Mozilla/5.0 (compatible; bingbot/2.0; +http://www.bing.com/bingbot.htm)"
173.199.116.235 - - [08/Jun/2013:15:32:45 +0200] "GET /unternehmen/imagevideo-straman/58.html HTTP/1.1" 200 16258 "-" "Mozilla/5.0 (compatible; AhrefsBot/4.0; +http://ahrefs.com/robot/)"
66.249.78.60 - - [08/Jun/2013:15:51:37 +0200] "GET /component/content/46.html HTTP/1.1" 500 2511 "-" "Mozilla/5.0 (compatible; Googlebot/2.1; +http://www.google.com/bot.html)"
65.55.52.112 - - [08/Jun/2013:16:26:37 +0200] "GET /robots.txt HTTP/1.1" 200 304 "-" "Mozilla/5.0 (compatible; bingbot/2.0; +http://www.bing.com/bingbot.htm)"
65.55.52.112 - - [08/Jun/2013:16:27:45 +0200] "GET /news/60-ihr-komplettdienstleister-rund-um-die-immobilie.html?tmpl=component&print=1&layout=default&page= HTTP/1.1" 200 3841 "-" "Mozilla/5.0 (compatible; bingbot/2.0; +http://www.bing.com/bingbot.htm)"
139.18.2.209 - - [08/Jun/2013:17:27:40 +0200] "GET /component/mailto/?tmpl=component&link=252ec4da9c45924a6bae471c21ca6bf7bbaffdcc HTTP/1.1" 200 2687 "-" "findlinks/2.6 (+http://wortschatz.uni-leipzig.de/findlinks/)"
139.18.2.209 - - [08/Jun/2013:17:27:41 +0200] "GET /component/mailto/?tmpl=component&link=252ec4da9c45924a6bae471c21ca6bf7bbaffdcc HTTP/1.1" 200 2687 "-" "findlinks/2.6 (+http://wortschatz.uni-leipzig.de/findlinks/)"
173.199.116.235 - - [08/Jun/2013:17:33:14 +0200] "GET /news/62-alles-neu-macht-der-mai.html?tmpl=component&print=1&layout=default&page= HTTP/1.1" 200 3648 "-" "Mozilla/5.0 (compatible; AhrefsBot/4.0; +http://ahrefs.com/robot/)"
173.199.116.235 - - [08/Jun/2013:17:38:42 +0200] "GET /news/58-sitemap.html?tmpl=component&print=1&layout=default&page= HTTP/1.1" 200 3336 "-" "Mozilla/5.0 (compatible; AhrefsBot/4.0; +http://ahrefs.com/robot/)"
173.199.116.235 - - [08/Jun/2013:17:51:24 +0200] "GET /component/content/article/58.html HTTP/1.1" 200 15661 "-" "Mozilla/5.0 (compatible; AhrefsBot/4.0; +http://ahrefs.com/robot/)"
173.199.116.235 - - [08/Jun/2013:17:57:46 +0200] "GET /referenzen.html HTTP/1.1" 200 19796 "-" "Mozilla/5.0 (compatible; AhrefsBot/4.0; +http://ahrefs.com/robot/)"
66.249.78.60 - - [08/Jun/2013:17:58:29 +0200] "GET /servicebereiche/winterdienst.html HTTP/1.1" 200 27643 "-" "Mozilla/5.0 (compatible; Googlebot/2.1; +http://www.google.com/bot.html)"
208.77.221.210 - - [08/Jun/2013:18:04:45 +0200] "GET / HTTP/1.0" 200 16876 "-" "CatchBot/5.0; +http://www.catchbot.com"
173.199.116.235 - - [08/Jun/2013:18:28:39 +0200] "GET /unternehmen/jobs.html HTTP/1.1" 200 20701 "-" "Mozilla/5.0 (compatible; AhrefsBot/4.0; +http://ahrefs.com/robot/)"
66.249.78.60 - - [08/Jun/2013:18:29:18 +0200] "GET /unternehmen/impressum.html HTTP/1.1" 200 20507 "-" "Mozilla/5.0 (compatible; Googlebot/2.1; +http://www.google.com/bot.html)"
157.55.32.219 - - [08/Jun/2013:18:30:38 +0200] "GET /robots.txt HTTP/1.1" 200 304 "-" "Mozilla/5.0 (compatible; bingbot/2.0; +http://www.bing.com/bingbot.htm)"
131.253.24.3 - - [08/Jun/2013:18:34:10 +0200] "GET /robots.txt HTTP/1.1" 200 304 "-" "msnbot-media/1.1 (+http://search.msn.com/msnbot.htm)"
157.55.32.219 - - [08/Jun/2013:18:36:18 +0200] "GET /unternehmen/imagevideo-straman.html HTTP/1.1" 200 15250 "-" "Mozilla/5.0 (compatible; bingbot/2.0; +http://www.bing.com/bingbot.htm)"
66.249.78.60 - - [08/Jun/2013:18:41:51 +0200] "GET /component/content/46.html HTTP/1.1" 500 2511 "-" "Mozilla/5.0 (compatible; Googlebot/2.1; +http://www.google.com/bot.html)"
46.229.164.101 - - [08/Jun/2013:18:51:12 +0200] "GET / HTTP/1.1" 200 16876 "-" "Mozilla/5.0 (compatible; SemrushBot/0.96.2; +http://www.semrush.com/bot.html)"
173.199.116.235 - - [08/Jun/2013:18:57:09 +0200] "GET /component/user/?task=requestreset HTTP/1.1" 303 - "-" "Mozilla/5.0 (compatible; AhrefsBot/4.0; +http://ahrefs.com/robot/)"
173.199.116.235 - - [08/Jun/2013:19:18:31 +0200] "GET /unternehmen/historie.html HTTP/1.1" 200 16082 "-" "Mozilla/5.0 (compatible; AhrefsBot/4.0; +http://ahrefs.com/robot/)"
180.76.5.111 - - [08/Jun/2013:19:54:24 +0200] "GET /robots.txt HTTP/1.1" 200 304 "-" "Mozilla/5.0 (Windows NT 5.1; rv:6.0.2) Gecko/20100101 Firefox/6.0.2"
66.249.78.60 - - [08/Jun/2013:19:54:46 +0200] "GET /servicebereiche/winterdienst HTTP/1.1" 200 27633 "-" "Mozilla/5.0 (compatible; Googlebot/2.1; +http://www.google.com/bot.html)"
131.253.24.58 - - [08/Jun/2013:20:15:31 +0200] "GET /servicebereiche/infrastr-gebaeudemanagement.html HTTP/1.1" 200 17000 "-" "Mozilla/4.0 (compatible; MSIE 7.0; Windows NT 5.2; SV1; .NET CLR 1.1.4325; .NET CLR 2.0.40607; .NET CLR 3.0.30729; .NET CLR 3.5.30707; InfoPath.2)"
131.253.24.58 - - [08/Jun/2013:20:15:33 +0200] "GET /templates/system/css/system.css HTTP/1.1" 200 1385 "http://www.straman.de/servicebereiche/infrastr-gebaeudemanagement.html" "Mozilla/4.0 (compatible; MSIE 7.0; Windows NT 5.2; SV1; .NET CLR 1.1.4325; .NET CLR 2.0.40607; .NET CLR 3.0.30729; .NET CLR 3.5.30707; InfoPath.2)"
131.253.24.58 - - [08/Jun/2013:20:15:33 +0200] "GET /templates/gk_penguinmail/css/addons.css HTTP/1.1" 200 2644 "http://www.straman.de/servicebereiche/infrastr-gebaeudemanagement.html" "Mozilla/4.0 (compatible; MSIE 7.0; Windows NT 5.2; SV1; .NET CLR 1.1.4325; .NET CLR 2.0.40607; .NET CLR 3.0.30729; .NET CLR 3.5.30707; InfoPath.2)"
131.253.24.58 - - [08/Jun/2013:20:15:33 +0200] "GET /templates/system/css/general.css HTTP/1.1" 200 2777 "http://www.straman.de/servicebereiche/infrastr-gebaeudemanagement.html" "Mozilla/4.0 (compatible; MSIE 7.0; Windows NT 5.2; SV1; .NET CLR 1.1.4325; .NET CLR 2.0.40607; .NET CLR 3.0.30729; .NET CLR 3.5.30707; InfoPath.2)"
131.253.24.58 - - [08/Jun/2013:20:15:33 +0200] "GET /templates/gk_penguinmail/css/layout.css HTTP/1.1" 200 1684 "http://www.straman.de/servicebereiche/infrastr-gebaeudemanagement.html" "Mozilla/4.0 (compatible; MSIE 7.0; Windows NT 5.2; SV1; .NET CLR 1.1.4325; .NET CLR 2.0.40607; .NET CLR 3.0.30729; .NET CLR 3.5.30707; InfoPath.2)"
131.253.24.58 - - [08/Jun/2013:20:15:33 +0200] "GET /templates/gk_penguinmail/css/template.css HTTP/1.1" 200 9192 "http://www.straman.de/servicebereiche/infrastr-gebaeudemanagement.html" "Mozilla/4.0 (compatible; MSIE 7.0; Windows NT 5.2; SV1; .NET CLR 1.1.4325; .NET CLR 2.0.40607; .NET CLR 3.0.30729; .NET CLR 3.5.30707; InfoPath.2)"
131.253.24.58 - - [08/Jun/2013:20:15:33 +0200] "GET /templates/gk_penguinmail/css/joomla.css HTTP/1.1" 200 14242 "http://www.straman.de/servicebereiche/infrastr-gebaeudemanagement.html" "Mozilla/4.0 (compatible; MSIE 7.0; Windows NT 5.2; SV1; .NET CLR 1.1.4325; .NET CLR 2.0.40607; .NET CLR 3.0.30729; .NET CLR 3.5.30707; InfoPath.2)"
131.253.24.58 - - [08/Jun/2013:20:15:34 +0200] "GET /templates/gk_penguinmail/css/gk_stuff.css HTTP/1.1" 200 12799 "http://www.straman.de/servicebereiche/infrastr-gebaeudemanagement.html" "Mozilla/4.0 (compatible; MSIE 7.0; Windows NT 5.2; SV1; .NET CLR 1.1.4325; .NET CLR 2.0.40607; .NET CLR 3.0.30729; .NET CLR 3.5.30707; InfoPath.2)"
131.253.24.58 - - [08/Jun/2013:20:15:34 +0200] "GET /templates/gk_penguinmail/css/typo.css HTTP/1.1" 200 15356 "http://www.straman.de/servicebereiche/infrastr-gebaeudemanagement.html" "Mozilla/4.0 (compatible; MSIE 7.0; Windows NT 5.2; SV1; .NET CLR 1.1.4325; .NET CLR 2.0.40607; .NET CLR 3.0.30729; .NET CLR 3.5.30707; InfoPath.2)"
131.253.24.58 - - [08/Jun/2013:20:15:34 +0200] "GET /templates/gk_penguinmail/css/css3_style3.css HTTP/1.1" 200 2980 "http://www.straman.de/servicebereiche/infrastr-gebaeudemanagement.html" "Mozilla/4.0 (compatible; MSIE 7.0; Windows NT 5.2; SV1; .NET CLR 1.1.4325; .NET CLR 2.0.40607; .NET CLR 3.0.30729; .NET CLR 3.5.30707; InfoPath.2)"
131.253.24.58 - - [08/Jun/2013:20:15:34 +0200] "GET /templates/gk_penguinmail/css/style3.css HTTP/1.1" 200 13892 "http://www.straman.de/servicebereiche/infrastr-gebaeudemanagement.html" "Mozilla/4.0 (compatible; MSIE 7.0; Windows NT 5.2; SV1; .NET CLR 1.1.4325; .NET CLR 2.0.40607; .NET CLR 3.0.30729; .NET CLR 3.5.30707; InfoPath.2)"
131.253.24.58 - - [08/Jun/2013:20:15:34 +0200] "GET /templates/gk_penguinmail/css/override.css HTTP/1.1" 200 3916 "http://www.straman.de/servicebereiche/infrastr-gebaeudemanagement.html" "Mozilla/4.0 (compatible; MSIE 7.0; Windows NT 5.2; SV1; .NET CLR 1.1.4325; .NET CLR 2.0.40607; .NET CLR 3.0.30729; .NET CLR 3.5.30707; InfoPath.2)"
131.253.24.58 - - [08/Jun/2013:20:15:35 +0200] "GET /media/system/js/mootools.js HTTP/1.1" 200 74434 "http://www.straman.de/servicebereiche/infrastr-gebaeudemanagement.html" "Mozilla/4.0 (compatible; MSIE 7.0; Windows NT 5.2; SV1; .NET CLR 1.1.4325; .NET CLR 2.0.40607; .NET CLR 3.0.30729; .NET CLR 3.5.30707; InfoPath.2)"
131.253.24.58 - - [08/Jun/2013:20:15:36 +0200] "GET /templates/gk_penguinmail/js/domready_fix.js HTTP/1.1" 200 1340 "http://www.straman.de/servicebereiche/infrastr-gebaeudemanagement.html" "Mozilla/4.0 (compatible; MSIE 7.0; Windows NT 5.2; SV1; .NET CLR 1.1.4325; .NET CLR 2.0.40607; .NET CLR 3.0.30729; .NET CLR 3.5.30707; InfoPath.2)"
131.253.24.58 - - [08/Jun/2013:20:15:36 +0200] "GET /media/system/js/caption.js HTTP/1.1" 200 1963 "http://www.straman.de/servicebereiche/infrastr-gebaeudemanagement.html" "Mozilla/4.0 (compatible; MSIE 7.0; Windows NT 5.2; SV1; .NET CLR 1.1.4325; .NET CLR 2.0.40607; .NET CLR 3.0.30729; .NET CLR 3.5.30707; InfoPath.2)"
131.253.24.58 - - [08/Jun/2013:20:15:36 +0200] "GET /templates/gk_penguinmail/js/gk.script.js HTTP/1.1" 200 4585 "http://www.straman.de/servicebereiche/infrastr-gebaeudemanagement.html" "Mozilla/4.0 (compatible; MSIE 7.0; Windows NT 5.2; SV1; .NET CLR 1.1.4325; .NET CLR 2.0.40607; .NET CLR 3.0.30729; .NET CLR 3.5.30707; InfoPath.2)"
131.253.24.58 - - [08/Jun/2013:20:15:37 +0200] "GET /templates/gk_penguinmail/css/ie.css HTTP/1.1" 200 1973 "http://www.straman.de/servicebereiche/infrastr-gebaeudemanagement.html" "Mozilla/4.0 (compatible; MSIE 7.0; Windows NT 5.2; SV1; .NET CLR 1.1.4325; .NET CLR 2.0.40607; .NET CLR 3.0.30729; .NET CLR 3.5.30707; InfoPath.2)"
131.253.24.58 - - [08/Jun/2013:20:15:37 +0200] "GET /templates/gk_penguinmail/css/menu/mega.css HTTP/1.1" 200 4575 "http://www.straman.de/servicebereiche/infrastr-gebaeudemanagement.html" "Mozilla/4.0 (compatible; MSIE 7.0; Windows NT 5.2; SV1; .NET CLR 1.1.4325; .NET CLR 2.0.40607; .NET CLR 3.0.30729; .NET CLR 3.5.30707; InfoPath.2)"
131.253.24.58 - - [08/Jun/2013:20:15:37 +0200] "GET /templates/gk_penguinmail/js/menu/mega.js HTTP/1.1" 200 12974 "http://www.straman.de/servicebereiche/infrastr-gebaeudemanagement.html" "Mozilla/4.0 (compatible; MSIE 7.0; Windows NT 5.2; SV1; .NET CLR 1.1.4325; .NET CLR 2.0.40607; .NET CLR 3.0.30729; .NET CLR 3.5.30707; InfoPath.2)"
131.253.24.58 - - [08/Jun/2013:20:15:37 +0200] "GET /templates/gk_penguinmail/fonts/PT-Seans/stylesheet.css HTTP/1.1" 200 2445 "http://www.straman.de/servicebereiche/infrastr-gebaeudemanagement.html" "Mozilla/4.0 (compatible; MSIE 7.0; Windows NT 5.2; SV1; .NET CLR 1.1.4325; .NET CLR 2.0.40607; .NET CLR 3.0.30729; .NET CLR 3.5.30707; InfoPath.2)"
131.253.24.58 - - [08/Jun/2013:20:15:37 +0200] "GET /templates/gk_penguinmail/css/template_igm.css HTTP/1.1" 200 110 "http://www.straman.de/servicebereiche/infrastr-gebaeudemanagement.html" "Mozilla/4.0 (compatible; MSIE 7.0; Windows NT 5.2; SV1; .NET CLR 1.1.4325; .NET CLR 2.0.40607; .NET CLR 3.0.30729; .NET CLR 3.5.30707; InfoPath.2)"
173.199.116.235 - - [08/Jun/2013:20:26:45 +0200] "GET /index.php HTTP/1.1" 200 16894 "-" "Mozilla/5.0 (compatible; AhrefsBot/4.0; +http://ahrefs.com/robot/)"
93.205.209.241 - - [08/Jun/2013:20:46:06 +0200] "GET / HTTP/1.1" 200 16842 "http://www.google.de/aclk?sa=L&ai=Ca-uhiXuzUeXpCqb27AbZzoDYBfGC2a8Fmdy5goMBqsDgBggAEAEgiarZHlDz5ISI-_____8BYJWC8oGQB8gBAakCJFq0OTwvtj6qBCRP0Nmg9Zny3AqANzAU41nwSSlu1O9G7UP6JJa_jw4TNDXInGuABZBOgAeZjfNB&sig=AOD64_1Dboz66zyIDt7tH_UGXAJTiUPHFQ&ved=0CDYQ0Qw&adurl=http://www.straman.de&rct=j&q=focos%20%20baum" "Mozilla/5.0 (compatible; MSIE 10.0; Windows NT 6.1; WOW64; Trident/6.0; MATM)"
93.205.209.241 - - [08/Jun/2013:20:46:07 +0200] "GET /templates/system/css/system.css HTTP/1.1" 200 1385 "http://www.straman.de/" "Mozilla/5.0 (compatible; MSIE 10.0; Windows NT 6.1; WOW64; Trident/6.0; MATM)"
93.205.209.241 - - [08/Jun/2013:20:46:07 +0200] "GET /templates/system/css/general.css HTTP/1.1" 200 2777 "http://www.straman.de/" "Mozilla/5.0 (compatible; MSIE 10.0; Windows NT 6.1; WOW64; Trident/6.0; MATM)"
93.205.209.241 - - [08/Jun/2013:20:46:07 +0200] "GET /templates/gk_penguinmail/css/addons.css HTTP/1.1" 200 2644 "http://www.straman.de/" "Mozilla/5.0 (compatible; MSIE 10.0; Windows NT 6.1; WOW64; Trident/6.0; MATM)"
93.205.209.241 - - [08/Jun/2013:20:46:07 +0200] "GET /templates/gk_penguinmail/css/layout.css HTTP/1.1" 200 1684 "http://www.straman.de/" "Mozilla/5.0 (compatible; MSIE 10.0; Windows NT 6.1; WOW64; Trident/6.0; MATM)"
93.205.209.241 - - [08/Jun/2013:20:46:07 +0200] "GET /templates/gk_penguinmail/css/template.css HTTP/1.1" 200 9192 "http://www.straman.de/" "Mozilla/5.0 (compatible; MSIE 10.0; Windows NT 6.1; WOW64; Trident/6.0; MATM)"
93.205.209.241 - - [08/Jun/2013:20:46:07 +0200] "GET /templates/gk_penguinmail/css/joomla.css HTTP/1.1" 200 14242 "http://www.straman.de/" "Mozilla/5.0 (compatible; MSIE 10.0; Windows NT 6.1; WOW64; Trident/6.0; MATM)"
93.205.209.241 - - [08/Jun/2013:20:46:07 +0200] "GET /templates/gk_penguinmail/css/gk_stuff.css HTTP/1.1" 200 12799 "http://www.straman.de/" "Mozilla/5.0 (compatible; MSIE 10.0; Windows NT 6.1; WOW64; Trident/6.0; MATM)"
93.205.209.241 - - [08/Jun/2013:20:46:07 +0200] "GET /templates/gk_penguinmail/css/typo.css HTTP/1.1" 200 15356 "http://www.straman.de/" "Mozilla/5.0 (compatible; MSIE 10.0; Windows NT 6.1; WOW64; Trident/6.0; MATM)"
93.205.209.241 - - [08/Jun/2013:20:46:07 +0200] "GET /templates/gk_penguinmail/css/css3_style3.css HTTP/1.1" 200 2980 "http://www.straman.de/" "Mozilla/5.0 (compatible; MSIE 10.0; Windows NT 6.1; WOW64; Trident/6.0; MATM)"
93.205.209.241 - - [08/Jun/2013:20:46:07 +0200] "GET /templates/gk_penguinmail/css/style3.css HTTP/1.1" 200 13892 "http://www.straman.de/" "Mozilla/5.0 (compatible; MSIE 10.0; Windows NT 6.1; WOW64; Trident/6.0; MATM)"
93.205.209.241 - - [08/Jun/2013:20:46:07 +0200] "GET /templates/gk_penguinmail/css/override.css HTTP/1.1" 200 3916 "http://www.straman.de/" "Mozilla/5.0 (compatible; MSIE 10.0; Windows NT 6.1; WOW64; Trident/6.0; MATM)"
93.205.209.241 - - [08/Jun/2013:20:46:07 +0200] "GET /templates/gk_penguinmail/js/domready_fix.js HTTP/1.1" 200 1340 "http://www.straman.de/" "Mozilla/5.0 (compatible; MSIE 10.0; Windows NT 6.1; WOW64; Trident/6.0; MATM)"
93.205.209.241 - - [08/Jun/2013:20:46:07 +0200] "GET /media/system/js/caption.js HTTP/1.1" 200 1963 "http://www.straman.de/" "Mozilla/5.0 (compatible; MSIE 10.0; Windows NT 6.1; WOW64; Trident/6.0; MATM)"
93.205.209.241 - - [08/Jun/2013:20:46:07 +0200] "GET /templates/gk_penguinmail/js/gk.script.js HTTP/1.1" 200 4585 "http://www.straman.de/" "Mozilla/5.0 (compatible; MSIE 10.0; Windows NT 6.1; WOW64; Trident/6.0; MATM)"
93.205.209.241 - - [08/Jun/2013:20:46:07 +0200] "GET /templates/gk_penguinmail/css/menu/mega.css HTTP/1.1" 200 4575 "http://www.straman.de/" "Mozilla/5.0 (compatible; MSIE 10.0; Windows NT 6.1; WOW64; Trident/6.0; MATM)"
93.205.209.241 - - [08/Jun/2013:20:46:07 +0200] "GET /templates/gk_penguinmail/js/menu/mega.js HTTP/1.1" 200 12974 "http://www.straman.de/" "Mozilla/5.0 (compatible; MSIE 10.0; Windows NT 6.1; WOW64; Trident/6.0; MATM)"
93.205.209.241 - - [08/Jun/2013:20:46:07 +0200] "GET /templates/gk_penguinmail/fonts/PT-Seans/stylesheet.css HTTP/1.1" 200 2445 "http://www.straman.de/" "Mozilla/5.0 (compatible; MSIE 10.0; Windows NT 6.1; WOW64; Trident/6.0; MATM)"
93.205.209.241 - - [08/Jun/2013:20:46:07 +0200] "GET /media/system/js/mootools.js HTTP/1.1" 200 74434 "http://www.straman.de/" "Mozilla/5.0 (compatible; MSIE 10.0; Windows NT 6.1; WOW64; Trident/6.0; MATM)"
93.205.209.241 - - [08/Jun/2013:20:46:07 +0200] "GET /images/gmm2.jpg HTTP/1.1" 200 47432 "http://www.straman.de/" "Mozilla/5.0 (compatible; MSIE 10.0; Windows NT 6.1; WOW64; Trident/6.0; MATM)"
93.205.209.241 - - [08/Jun/2013:20:46:07 +0200] "GET /images/winterdienst_005.jpg HTTP/1.1" 200 48793 "http://www.straman.de/" "Mozilla/5.0 (compatible; MSIE 10.0; Windows NT 6.1; WOW64; Trident/6.0; MATM)"
93.205.209.241 - - [08/Jun/2013:20:46:07 +0200] "GET /images/galabau_002.jpg HTTP/1.1" 200 42117 "http://www.straman.de/" "Mozilla/5.0 (compatible; MSIE 10.0; Windows NT 6.1; WOW64; Trident/6.0; MATM)"
93.205.209.241 - - [08/Jun/2013:20:46:07 +0200] "GET /images/kontaktformular.jpg HTTP/1.1" 200 42791 "http://www.straman.de/" "Mozilla/5.0 (compatible; MSIE 10.0; Windows NT 6.1; WOW64; Trident/6.0; MATM)"
93.205.209.241 - - [08/Jun/2013:20:46:07 +0200] "GET /templates/gk_penguinmail/images/style3/menu_sprite.png HTTP/1.1" 200 450 "http://www.straman.de/" "Mozilla/5.0 (compatible; MSIE 10.0; Windows NT 6.1; WOW64; Trident/6.0; MATM)"
93.205.209.241 - - [08/Jun/2013:20:46:07 +0200] "GET /images/header_neu.png HTTP/1.1" 200 340608 "http://www.straman.de/" "Mozilla/5.0 (compatible; MSIE 10.0; Windows NT 6.1; WOW64; Trident/6.0; MATM)"
93.205.209.241 - - [08/Jun/2013:20:46:07 +0200] "GET /templates/gk_penguinmail/images/style3/glow.jpg HTTP/1.1" 200 18301 "http://www.straman.de/" "Mozilla/5.0 (compatible; MSIE 10.0; Windows NT 6.1; WOW64; Trident/6.0; MATM)"
93.205.209.241 - - [08/Jun/2013:20:46:07 +0200] "GET /images/list_check.png HTTP/1.1" 200 3488 "http://www.straman.de/" "Mozilla/5.0 (compatible; MSIE 10.0; Windows NT 6.1; WOW64; Trident/6.0; MATM)"
93.205.209.241 - - [08/Jun/2013:20:46:07 +0200] "GET /templates/gk_penguinmail/images/logo.png HTTP/1.1" 200 6608 "http://www.straman.de/" "Mozilla/5.0 (compatible; MSIE 10.0; Windows NT 6.1; WOW64; Trident/6.0; MATM)"
93.205.209.241 - - [08/Jun/2013:20:46:07 +0200] "GET /templates/gk_penguinmail/images/menu_sprite.png HTTP/1.1" 404 2467 "http://www.straman.de/" "Mozilla/5.0 (compatible; MSIE 10.0; Windows NT 6.1; WOW64; Trident/6.0; MATM)"
93.205.209.241 - - [08/Jun/2013:20:46:08 +0200] "GET /templates/gk_penguinmail/favicon.ico HTTP/1.1" 200 5686 "-" "Mozilla/5.0 (compatible; MSIE 10.0; Windows NT 6.1; Win64; x64; Trident/6.0; MATM)"
65.55.52.112 - - [08/Jun/2013:21:11:53 +0200] "GET /robots.txt HTTP/1.1" 200 304 "-" "Mozilla/5.0 (compatible; bingbot/2.0; +http://www.bing.com/bingbot.htm)"
65.55.52.112 - - [08/Jun/2013:21:12:42 +0200] "GET / HTTP/1.1" 200 16876 "-" "Mozilla/5.0 (compatible; bingbot/2.0; +http://www.bing.com/bingbot.htm)"
88.72.10.120 - - [08/Jun/2013:21:15:25 +0200] "GET /component/content/article/58.html HTTP/1.1" 200 15661 "-" "findlinks/1.1.6-beta1 (+http://wortschatz.uni-leipzig.de/findlinks/)"
88.72.10.120 - - [08/Jun/2013:21:15:25 +0200] "GET /component/content/article/58.html HTTP/1.1" 200 15661 "-" "findlinks/1.1.6-beta1 (+http://wortschatz.uni-leipzig.de/findlinks/)"
72.14.199.237 - - [08/Jun/2013:21:18:40 +0200] "GET / HTTP/1.1" 200 8915 "-" "AdsBot-Google-Mobile (+http://www.google.com/mobile/adsbot.html) Mozilla (iPhone; U; CPU iPhone OS 3 0 like Mac OS X) AppleWebKit (KHTML, like Gecko) Mobile Safari"
72.14.199.237 - - [08/Jun/2013:21:18:41 +0200] "GET / HTTP/1.1" 200 16876 "-" "AdsBot-Google (+http://www.google.com/adsbot.html)"
66.249.78.60 - - [08/Jun/2013:21:19:18 +0200] "GET /servicebereiche/gruenanlagenpflege.html HTTP/1.1" 200 23638 "-" "Mozilla/5.0 (compatible; Googlebot/2.1; +http://www.google.com/bot.html)"
173.199.116.235 - - [08/Jun/2013:21:25:33 +0200] "GET /servicebereiche/gebaeudemanagement/58.html HTTP/1.1" 200 17129 "-" "Mozilla/5.0 (compatible; AhrefsBot/4.0; +http://ahrefs.com/robot/)"
72.14.199.237 - - [08/Jun/2013:21:26:41 +0200] "GET /templates/gk_penguinmail/css/handheld/iphone.css HTTP/1.1" 200 5360 "-" "AdsBot-Google-Mobile (+http://www.google.com/mobile/adsbot.html) Mozilla (iPhone; U; CPU iPhone OS 3 0 like Mac OS X) AppleWebKit (KHTML, like Gecko) Mobile Safari"
72.14.199.237 - - [08/Jun/2013:21:26:41 +0200] "GET /templates/gk_penguinmail/css/template.css HTTP/1.1" 200 9192 "-" "AdsBot-Google-Mobile (+http://www.google.com/mobile/adsbot.html) Mozilla (iPhone; U; CPU iPhone OS 3 0 like Mac OS X) AppleWebKit (KHTML, like Gecko) Mobile Safari"
72.14.199.237 - - [08/Jun/2013:21:26:42 +0200] "GET /templates/gk_penguinmail/js/iphone.js HTTP/1.1" 200 5379 "-" "AdsBot-Google-Mobile (+http://www.google.com/mobile/adsbot.html) Mozilla (iPhone; U; CPU iPhone OS 3 0 like Mac OS X) AppleWebKit (KHTML, like Gecko) Mobile Safari"
72.14.199.237 - - [08/Jun/2013:21:26:42 +0200] "GET /media/system/js/caption.js HTTP/1.1" 200 1963 "-" "AdsBot-Google-Mobile (+http://www.google.com/mobile/adsbot.html) Mozilla (iPhone; U; CPU iPhone OS 3 0 like Mac OS X) AppleWebKit (KHTML, like Gecko) Mobile Safari"
72.14.199.237 - - [08/Jun/2013:21:26:43 +0200] "GET /media/system/js/mootools.js HTTP/1.1" 200 74434 "-" "AdsBot-Google-Mobile (+http://www.google.com/mobile/adsbot.html) Mozilla (iPhone; U; CPU iPhone OS 3 0 like Mac OS X) AppleWebKit (KHTML, like Gecko) Mobile Safari"
72.14.199.237 - - [08/Jun/2013:21:26:44 +0200] "GET /media/system/js/mootools.js HTTP/1.1" 200 74434 "-" "AdsBot-Google (+http://www.google.com/adsbot.html)"
72.14.199.237 - - [08/Jun/2013:21:26:45 +0200] "GET /media/system/js/caption.js HTTP/1.1" 200 1963 "-" "AdsBot-Google (+http://www.google.com/adsbot.html)"
72.14.199.237 - - [08/Jun/2013:21:26:45 +0200] "GET /images/gmm2.jpg HTTP/1.1" 200 47432 "-" "AdsBot-Google (+http://www.google.com/adsbot.html)"
72.14.199.237 - - [08/Jun/2013:21:26:45 +0200] "GET /templates/gk_penguinmail/js/menu/mega.js HTTP/1.1" 200 12974 "-" "AdsBot-Google (+http://www.google.com/adsbot.html)"
72.14.199.237 - - [08/Jun/2013:21:26:46 +0200] "GET /templates/gk_penguinmail/css/override.css HTTP/1.1" 200 3916 "-" "AdsBot-Google (+http://www.google.com/adsbot.html)"
72.14.199.237 - - [08/Jun/2013:21:26:46 +0200] "GET /templates/gk_penguinmail/css/addons.css HTTP/1.1" 200 2644 "-" "AdsBot-Google (+http://www.google.com/adsbot.html)"
72.14.199.237 - - [08/Jun/2013:21:26:47 +0200] "GET /templates/gk_penguinmail/fonts/PT-Seans/stylesheet.css HTTP/1.1" 200 2445 "-" "AdsBot-Google (+http://www.google.com/adsbot.html)"
72.14.199.237 - - [08/Jun/2013:21:26:47 +0200] "GET /templates/gk_penguinmail/css/gk_stuff.css HTTP/1.1" 200 12799 "-" "AdsBot-Google (+http://www.google.com/adsbot.html)"
72.14.199.237 - - [08/Jun/2013:21:26:48 +0200] "GET /templates/gk_penguinmail/js/domready_fix.js HTTP/1.1" 200 1340 "-" "AdsBot-Google (+http://www.google.com/adsbot.html)"
72.14.199.237 - - [08/Jun/2013:21:26:48 +0200] "GET /templates/gk_penguinmail/css/layout.css HTTP/1.1" 200 1684 "-" "AdsBot-Google (+http://www.google.com/adsbot.html)"
72.14.199.237 - - [08/Jun/2013:21:26:49 +0200] "GET /templates/gk_penguinmail/css/style3.css HTTP/1.1" 200 13892 "-" "AdsBot-Google (+http://www.google.com/adsbot.html)"
72.14.199.237 - - [08/Jun/2013:21:26:49 +0200] "GET /images/header_neu.png HTTP/1.1" 200 340608 "-" "AdsBot-Google (+http://www.google.com/adsbot.html)"
72.14.199.237 - - [08/Jun/2013:21:26:50 +0200] "GET /templates/gk_penguinmail/css/template.css HTTP/1.1" 200 9192 "-" "AdsBot-Google (+http://www.google.com/adsbot.html)"
72.14.199.237 - - [08/Jun/2013:21:26:50 +0200] "GET /templates/system/css/general.css HTTP/1.1" 200 2777 "-" "AdsBot-Google (+http://www.google.com/adsbot.html)"
72.14.199.237 - - [08/Jun/2013:21:26:50 +0200] "GET /images/kontaktformular.jpg HTTP/1.1" 200 42791 "-" "AdsBot-Google (+http://www.google.com/adsbot.html)"
72.14.199.237 - - [08/Jun/2013:21:26:51 +0200] "GET /templates/gk_penguinmail/css/css3_style3.css HTTP/1.1" 200 2980 "-" "AdsBot-Google (+http://www.google.com/adsbot.html)"
72.14.199.237 - - [08/Jun/2013:21:26:51 +0200] "GET /images/galabau_002.jpg HTTP/1.1" 200 42117 "-" "AdsBot-Google (+http://www.google.com/adsbot.html)"
72.14.199.237 - - [08/Jun/2013:21:26:52 +0200] "GET /templates/system/css/system.css HTTP/1.1" 200 1385 "-" "AdsBot-Google (+http://www.google.com/adsbot.html)"
72.14.199.237 - - [08/Jun/2013:21:26:52 +0200] "GET /images/winterdienst_005.jpg HTTP/1.1" 200 48793 "-" "AdsBot-Google (+http://www.google.com/adsbot.html)"
72.14.199.237 - - [08/Jun/2013:21:26:53 +0200] "GET /templates/gk_penguinmail/css/joomla.css HTTP/1.1" 200 14242 "-" "AdsBot-Google (+http://www.google.com/adsbot.html)"
72.14.199.237 - - [08/Jun/2013:21:26:53 +0200] "GET /templates/gk_penguinmail/js/gk.script.js HTTP/1.1" 200 4585 "-" "AdsBot-Google (+http://www.google.com/adsbot.html)"
72.14.199.237 - - [08/Jun/2013:21:26:54 +0200] "GET /templates/gk_penguinmail/css/menu/mega.css HTTP/1.1" 200 4575 "-" "AdsBot-Google (+http://www.google.com/adsbot.html)"
72.14.199.237 - - [08/Jun/2013:21:26:54 +0200] "GET /templates/gk_penguinmail/css/typo.css HTTP/1.1" 200 15356 "-" "AdsBot-Google (+http://www.google.com/adsbot.html)"
157.55.34.28 - - [08/Jun/2013:21:47:50 +0200] "GET /kontakt.html HTTP/1.1" 200 16597 "-" "Mozilla/5.0 (compatible; bingbot/2.0; +http://www.bing.com/bingbot.htm)"
130.83.167.153 - - [08/Jun/2013:22:40:32 +0200] "GET /referenzen.html HTTP/1.1" 200 19796 "-" "findlinks/2.6 (+http://wortschatz.uni-leipzig.de/findlinks/)"
130.83.167.153 - - [08/Jun/2013:22:40:32 +0200] "GET /referenzen.html HTTP/1.1" 200 19796 "-" "findlinks/2.6 (+http://wortschatz.uni-leipzig.de/findlinks/)"
65.55.55.229 - - [08/Jun/2013:22:49:24 +0200] "GET /robots.txt HTTP/1.1" 200 304 "-" "Mozilla/5.0 (compatible; bingbot/2.0; +http://www.bing.com/bingbot.htm)"
157.55.32.219 - - [08/Jun/2013:22:49:24 +0200] "GET /robots.txt HTTP/1.1" 200 304 "-" "Mozilla/5.0 (compatible; bingbot/2.0; +http://www.bing.com/bingbot.htm)"
65.55.52.112 - - [08/Jun/2013:22:49:24 +0200] "GET /robots.txt HTTP/1.1" 200 304 "-" "Mozilla/5.0 (compatible; bingbot/2.0; +http://www.bing.com/bingbot.htm)"
173.199.116.235 - - [08/Jun/2013:23:12:12 +0200] "GET /unternehmen/impressum/58.html HTTP/1.1" 200 17070 "-" "Mozilla/5.0 (compatible; AhrefsBot/4.0; +http://ahrefs.com/robot/)"
65.55.52.112 - - [08/Jun/2013:23:43:08 +0200] "GET /robots.txt HTTP/1.1" 200 304 "-" "Mozilla/5.0 (compatible; bingbot/2.0; +http://www.bing.com/bingbot.htm)"
65.55.52.112 - - [08/Jun/2013:23:43:55 +0200] "GET /index.php?option=com_user&view=login HTTP/1.1" 200 17725 "-" "Mozilla/5.0 (compatible; bingbot/2.0; +http://www.bing.com/bingbot.htm)"
141.8.147.12 - - [09/Jun/2013:01:06:16 +0200] "GET /kontakt.html?fid=1 HTTP/1.1" 200 16603 "-" "Mozilla/5.0 (compatible; YandexBot/3.0; +http://yandex.com/bots)"
41.206.15.37 - - [09/Jun/2013:01:18:18 +0200] "GET / HTTP/1.1" 200 16842 "-" "Mozilla/4.0 (compatible; MSIE 5.0; Windows NT; DigExt; DTS Agent"
46.229.164.101 - - [09/Jun/2013:01:19:58 +0200] "GET / HTTP/1.1" 200 16876 "-" "Mozilla/5.0 (compatible; SemrushBot/0.96.2; +http://www.semrush.com/bot.html)"
66.249.78.60 - - [09/Jun/2013:01:28:29 +0200] "GET /news/60-ihr-komplettdienstleister-rund-um-die-immobilie.html HTTP/1.1" 200 10460 "-" "Mozilla/5.0 (iPhone; U; CPU iPhone OS 4_1 like Mac OS X; en-us) AppleWebKit/532.9 (KHTML, like Gecko) Version/4.0.5 Mobile/8B117 Safari/6531.22.7 (compatible; Googlebot-Mobile/2.1; +http://www.google.com/bot.html)"
173.199.116.235 - - [09/Jun/2013:02:01:52 +0200] "GET /unternehmen/standorte.html?tmpl=component&print=1&page= HTTP/1.1" 200 3830 "-" "Mozilla/5.0 (compatible; AhrefsBot/4.0; +http://ahrefs.com/robot/)"
208.115.111.71 - - [09/Jun/2013:02:58:37 +0200] "GET /robots.txt HTTP/1.1" 200 304 "-" "Mozilla/5.0 (compatible; Ezooms/1.0; ezooms.bot@gmail.com)"
173.199.116.235 - - [09/Jun/2013:03:04:45 +0200] "GET /servicebereiche/gebaeudemanagement/58-sitemap.html?tmpl=component&print=1&page= HTTP/1.1" 200 3358 "-" "Mozilla/5.0 (compatible; AhrefsBot/4.0; +http://ahrefs.com/robot/)"
173.199.116.235 - - [09/Jun/2013:03:12:27 +0200] "GET /servicebereiche/strassenreinigung.html HTTP/1.1" 200 18883 "-" "Mozilla/5.0 (compatible; AhrefsBot/4.0; +http://ahrefs.com/robot/)"
157.55.32.219 - - [09/Jun/2013:04:01:30 +0200] "GET /robots.txt HTTP/1.1" 200 304 "-" "Mozilla/5.0 (compatible; bingbot/2.0; +http://www.bing.com/bingbot.htm)"
157.55.32.219 - - [09/Jun/2013:04:02:43 +0200] "GET /unternehmen/standorte.html HTTP/1.1" 200 17541 "-" "Mozilla/5.0 (compatible; bingbot/2.0; +http://www.bing.com/bingbot.htm)"
173.199.116.235 - - [09/Jun/2013:04:23:29 +0200] "GET /servicebereiche/kontakt.html HTTP/1.1" 404 2467 "-" "Mozilla/5.0 (compatible; AhrefsBot/4.0; +http://ahrefs.com/robot/)"
130.83.167.153 - - [09/Jun/2013:04:33:03 +0200] "GET /servicebereiche/infrastr-gebaeudemanagement/58.html HTTP/1.1" 200 17168 "-" "findlinks/2.6 (+http://wortschatz.uni-leipzig.de/findlinks/)"
130.83.167.153 - - [09/Jun/2013:04:33:03 +0200] "GET /servicebereiche/infrastr-gebaeudemanagement/58.html HTTP/1.1" 200 17168 "-" "findlinks/2.6 (+http://wortschatz.uni-leipzig.de/findlinks/)"
208.115.113.87 - - [09/Jun/2013:04:54:21 +0200] "GET /robots.txt HTTP/1.1" 200 304 "-" "Mozilla/5.0 (compatible; Ezooms/1.0; ezooms.bot@gmail.com)"
208.115.111.71 - - [09/Jun/2013:04:55:52 +0200] "GET /servicebereiche/gruenanlagenpflege.html HTTP/1.1" 200 23638 "-" "Mozilla/5.0 (compatible; Ezooms/1.0; ezooms.bot@gmail.com)"
65.55.55.229 - - [09/Jun/2013:05:04:14 +0200] "GET /robots.txt HTTP/1.1" 200 304 "-" "Mozilla/5.0 (compatible; bingbot/2.0; +http://www.bing.com/bingbot.htm)"
65.55.52.112 - - [09/Jun/2013:05:04:14 +0200] "GET /robots.txt HTTP/1.1" 200 304 "-" "Mozilla/5.0 (compatible; bingbot/2.0; +http://www.bing.com/bingbot.htm)"
157.55.32.219 - - [09/Jun/2013:05:04:14 +0200] "GET /robots.txt HTTP/1.1" 200 304 "-" "Mozilla/5.0 (compatible; bingbot/2.0; +http://www.bing.com/bingbot.htm)"
178.77.126.55 - - [09/Jun/2013:05:04:23 +0200] "GET /robots.txt HTTP/1.1" 200 304 "-" "Mozilla/5.0 (compatible; CareerBot/1.1; +http://www.career-x.de/bot.html)"
178.77.126.55 - - [09/Jun/2013:05:04:23 +0200] "GET / HTTP/1.1" 200 16876 "-" "Mozilla/5.0 (compatible; CareerBot/1.1; +http://www.career-x.de/bot.html)"
173.199.116.235 - - [09/Jun/2013:05:12:04 +0200] "GET /unternehmen/historie/index.php HTTP/1.1" 200 16087 "-" "Mozilla/5.0 (compatible; AhrefsBot/4.0; +http://ahrefs.com/robot/)"
66.249.78.60 - - [09/Jun/2013:05:22:10 +0200] "GET / HTTP/1.1" 200 16876 "-" "Mozilla/5.0 (compatible; Googlebot/2.1; +http://www.google.com/bot.html)"
157.55.34.28 - - [09/Jun/2013:05:35:15 +0200] "GET /kontakt.html HTTP/1.1" 200 16597 "-" "Mozilla/5.0 (compatible; bingbot/2.0; +http://www.bing.com/bingbot.htm)"
173.199.116.235 - - [09/Jun/2013:05:43:23 +0200] "GET /unternehmen/jobs/index.php HTTP/1.1" 200 20706 "-" "Mozilla/5.0 (compatible; AhrefsBot/4.0; +http://ahrefs.com/robot/)"
173.199.116.235 - - [09/Jun/2013:06:16:59 +0200] "GET /servicebereiche/strassenreinigung.html?tmpl=component&print=1&page= HTTP/1.1" 200 4712 "-" "Mozilla/5.0 (compatible; AhrefsBot/4.0; +http://ahrefs.com/robot/)"
173.199.116.235 - - [09/Jun/2013:06:30:47 +0200] "GET /undefined/ HTTP/1.1" 404 2467 "-" "Mozilla/5.0 (compatible; AhrefsBot/4.0; +http://ahrefs.com/robot/)"
74.125.187.17 - - [09/Jun/2013:06:32:23 +0200] "GET / HTTP/1.1" 200 16842 "http://www.google.de/url?sa=t&rct=j&q=www.straman.de&source=web&cd=1&ved=0CFEQFjAA&url=http%3A%2F%2Fwww.straman.de%2F&ei=6AS0UemXI5O0Qsd7&usg=AFQjCNEpeUQQKOp_93iUUo8XSnpqrpjMzA" "Mozilla/4.0 (compatible; MSIE 7.0; Windows NT 5.1; .NET CLR 1.1.4322; .NET CLR 2.0.50727; InfoPath.2)"
74.125.187.212 - - [09/Jun/2013:06:32:25 +0200] "GET /templates/gk_penguinmail/css/layout.css HTTP/1.1" 200 1684 "http://www.straman.de/" "Mozilla/4.0 (compatible; MSIE 7.0; Windows NT 5.1; .NET CLR 1.1.4322; .NET CLR 2.0.50727; InfoPath.2)"
74.125.186.148 - - [09/Jun/2013:06:32:25 +0200] "GET /templates/gk_penguinmail/css/addons.css HTTP/1.1" 200 2644 "http://www.straman.de/" "Mozilla/4.0 (compatible; MSIE 7.0; Windows NT 5.1; .NET CLR 1.1.4322; .NET CLR 2.0.50727; InfoPath.2)"
74.125.187.17 - - [09/Jun/2013:06:32:25 +0200] "GET /templates/gk_penguinmail/css/template.css HTTP/1.1" 200 9192 "http://www.straman.de/" "Mozilla/4.0 (compatible; MSIE 7.0; Windows NT 5.1; .NET CLR 1.1.4322; .NET CLR 2.0.50727; InfoPath.2)"
74.125.186.148 - - [09/Jun/2013:06:32:25 +0200] "GET /templates/gk_penguinmail/css/joomla.css HTTP/1.1" 200 14242 "http://www.straman.de/" "Mozilla/4.0 (compatible; MSIE 7.0; Windows NT 5.1; .NET CLR 1.1.4322; .NET CLR 2.0.50727; InfoPath.2)"
74.125.187.17 - - [09/Jun/2013:06:32:25 +0200] "GET /templates/gk_penguinmail/css/gk_stuff.css HTTP/1.1" 200 12799 "http://www.straman.de/" "Mozilla/4.0 (compatible; MSIE 7.0; Windows NT 5.1; .NET CLR 1.1.4322; .NET CLR 2.0.50727; InfoPath.2)"
74.125.187.212 - - [09/Jun/2013:06:32:26 +0200] "GET /templates/gk_penguinmail/css/css3_style3.css HTTP/1.1" 200 2980 "http://www.straman.de/" "Mozilla/4.0 (compatible; MSIE 7.0; Windows NT 5.1; .NET CLR 1.1.4322; .NET CLR 2.0.50727; InfoPath.2)"
74.125.187.17 - - [09/Jun/2013:06:32:26 +0200] "GET /templates/gk_penguinmail/css/style3.css HTTP/1.1" 200 13892 "http://www.straman.de/" "Mozilla/4.0 (compatible; MSIE 7.0; Windows NT 5.1; .NET CLR 1.1.4322; .NET CLR 2.0.50727; InfoPath.2)"
74.125.187.212 - - [09/Jun/2013:06:32:26 +0200] "GET /templates/gk_penguinmail/css/override.css HTTP/1.1" 200 3916 "http://www.straman.de/" "Mozilla/4.0 (compatible; MSIE 7.0; Windows NT 5.1; .NET CLR 1.1.4322; .NET CLR 2.0.50727; InfoPath.2)"
74.125.187.212 - - [09/Jun/2013:06:32:27 +0200] "GET /templates/gk_penguinmail/js/gk.script.js HTTP/1.1" 200 4585 "http://www.straman.de/" "Mozilla/4.0 (compatible; MSIE 7.0; Windows NT 5.1; .NET CLR 1.1.4322; .NET CLR 2.0.50727; InfoPath.2)"
74.125.187.17 - - [09/Jun/2013:06:32:28 +0200] "GET /templates/gk_penguinmail/images/style3/glow.jpg HTTP/1.1" 200 18301 "http://www.straman.de/" "Mozilla/4.0 (compatible; MSIE 7.0; Windows NT 5.1; .NET CLR 1.1.4322; .NET CLR 2.0.50727; InfoPath.2)"
74.125.187.22 - - [09/Jun/2013:06:32:31 +0200] "GET /images/gmm2.jpg HTTP/1.1" 200 47432 "http://www.straman.de/" "Mozilla/4.0 (compatible; MSIE 7.0; Windows NT 5.1; .NET CLR 1.1.4322; .NET CLR 2.0.50727; InfoPath.2)"
74.125.187.17 - - [09/Jun/2013:06:32:31 +0200] "GET /images/header_neu.png HTTP/1.1" 200 340608 "http://www.straman.de/" "Mozilla/4.0 (compatible; MSIE 7.0; Windows NT 5.1; .NET CLR 1.1.4322; .NET CLR 2.0.50727; InfoPath.2)"
74.125.187.17 - - [09/Jun/2013:06:32:33 +0200] "GET /images/galabau_002.jpg HTTP/1.1" 200 42117 "http://www.straman.de/" "Mozilla/4.0 (compatible; MSIE 7.0; Windows NT 5.1; .NET CLR 1.1.4322; .NET CLR 2.0.50727; InfoPath.2)"
74.125.187.212 - - [09/Jun/2013:06:32:33 +0200] "GET /images/list_check.png HTTP/1.1" 200 3488 "http://www.straman.de/" "Mozilla/4.0 (compatible; MSIE 7.0; Windows NT 5.1; .NET CLR 1.1.4322; .NET CLR 2.0.50727; InfoPath.2)"
74.125.187.212 - - [09/Jun/2013:06:32:34 +0200] "GET /templates/gk_penguinmail/images/menu_sprite.png HTTP/1.1" 404 2467 "http://www.straman.de/" "Mozilla/4.0 (compatible; MSIE 7.0; Windows NT 5.1; .NET CLR 1.1.4322; .NET CLR 2.0.50727; InfoPath.2)"
74.125.187.17 - - [09/Jun/2013:06:32:34 +0200] "GET /templates/gk_penguinmail/images/logo.png HTTP/1.1" 200 6608 "http://www.straman.de/" "Mozilla/4.0 (compatible; MSIE 7.0; Windows NT 5.1; .NET CLR 1.1.4322; .NET CLR 2.0.50727; InfoPath.2)"
74.125.186.148 - - [09/Jun/2013:06:32:33 +0200] "GET /images/kontaktformular.jpg HTTP/1.1" 200 42791 "http://www.straman.de/" "Mozilla/4.0 (compatible; MSIE 7.0; Windows NT 5.1; .NET CLR 1.1.4322; .NET CLR 2.0.50727; InfoPath.2)"
178.8.223.200 - - [09/Jun/2013:06:37:06 +0200] "GET / HTTP/1.1" 200 16873 "http://www.google.de/aclk?sa=L&ai=CZjFO4wS0UansCvSR0wWX5YHgCPGC2a8Fmdy5goMBqsDgBggAEAIgpobwFygCUPPkhIj7_____wFglfrwgYwHyAEBqQIkWrQ5PC-2PqoEJE_QE34Eq7HGPYQNJIkcYwCkLQL8RvNH9qmm-EOr4e8VulcSDYAFs_j-GNgGBIAHmY3zQQ&sig=AOD64_1QJSeL9p5aSmfglb7v1Zy0PVt5yA&rct=j&q=baum+t%C3%B6ten&ved=0CDYQ0Qw&adurl=http://www.straman.de" "Mozilla/5.0 (iPad; CPU OS 6_1_3 like Mac OS X) AppleWebKit/536.26 (KHTML, like Gecko) Version/6.0 Mobile/10B329 Safari/8536.25"
178.8.223.200 - - [09/Jun/2013:06:37:06 +0200] "GET /templates/system/css/system.css HTTP/1.1" 200 1385 "http://www.straman.de/" "Mozilla/5.0 (iPad; CPU OS 6_1_3 like Mac OS X) AppleWebKit/536.26 (KHTML, like Gecko) Version/6.0 Mobile/10B329 Safari/8536.25"
178.8.223.200 - - [09/Jun/2013:06:37:06 +0200] "GET /templates/system/css/general.css HTTP/1.1" 200 2777 "http://www.straman.de/" "Mozilla/5.0 (iPad; CPU OS 6_1_3 like Mac OS X) AppleWebKit/536.26 (KHTML, like Gecko) Version/6.0 Mobile/10B329 Safari/8536.25"
178.8.223.200 - - [09/Jun/2013:06:37:06 +0200] "GET /templates/gk_penguinmail/css/addons.css HTTP/1.1" 200 2644 "http://www.straman.de/" "Mozilla/5.0 (iPad; CPU OS 6_1_3 like Mac OS X) AppleWebKit/536.26 (KHTML, like Gecko) Version/6.0 Mobile/10B329 Safari/8536.25"
178.8.223.200 - - [09/Jun/2013:06:37:06 +0200] "GET /templates/gk_penguinmail/css/layout.css HTTP/1.1" 200 1684 "http://www.straman.de/" "Mozilla/5.0 (iPad; CPU OS 6_1_3 like Mac OS X) AppleWebKit/536.26 (KHTML, like Gecko) Version/6.0 Mobile/10B329 Safari/8536.25"
178.8.223.200 - - [09/Jun/2013:06:37:06 +0200] "GET /templates/gk_penguinmail/css/template.css HTTP/1.1" 200 9192 "http://www.straman.de/" "Mozilla/5.0 (iPad; CPU OS 6_1_3 like Mac OS X) AppleWebKit/536.26 (KHTML, like Gecko) Version/6.0 Mobile/10B329 Safari/8536.25"
