77.2.96.47 - - [09/Jun/2013:17:07:52 +0200] "GET /templates/gk_penguinmail/images/style3/typography/bullet_squ1_color.png HTTP/1.1" 200 149 "http://www.straman.de/servicebereiche/winterdienst.html" "Mozilla/5.0 (iPad; CPU OS 6_1_3 like Mac OS X) AppleWebKit/536.26 (KHTML, like Gecko) Version/6.0 Mobile/10B329 Safari/8536.25"
93.219.150.97 - - [09/Jun/2013:17:14:57 +0200] "GET /kontakt.html HTTP/1.1" 200 16593 "-" "Mozilla/5.0 (Windows; U; Windows NT 6.0; de; rv:1.9.2.3) Gecko/20100401 Firefox/3.6.3 ( .NET CLR 3.5.30729)"
204.12.228.34 - - [09/Jun/2013:17:16:10 +0200] "GET /robots.txt HTTP/1.0" 200 304 "-" "Mozilla/5.0 (compatible; MJ12bot/v1.4.3; http://www.majestic12.co.uk/bot.php?+)"
204.12.228.34 - - [09/Jun/2013:17:16:12 +0200] "GET / HTTP/1.0" 200 16876 "-" "Mozilla/5.0 (compatible; MJ12bot/v1.4.3; http://www.majestic12.co.uk/bot.php?+)"
173.199.116.235 - - [09/Jun/2013:17:23:43 +0200] "GET /servicebereiche/gruenanlagenpflege.html HTTP/1.1" 200 23638 "-" "Mozilla/5.0 (compatible; AhrefsBot/4.0; +http://ahrefs.com/robot/)"
85.182.70.59 - - [09/Jun/2013:17:27:27 +0200] "GET / HTTP/1.1" 200 16876 "-" "UserAgent: Apache-HttpClient/release (java 1.5)"
85.182.70.59 - - [09/Jun/2013:17:27:27 +0200] "GET /unternehmen/impressum.html HTTP/1.1" 200 20502 "-" "UserAgent: Apache-HttpClient/release (java 1.5)"
93.219.150.97 - - [09/Jun/2013:17:38:18 +0200] "GET /servicebereiche/infrastr-gebaeudemanagement.html HTTP/1.1" 200 17030 "-" "Mozilla/5.0 (Windows; U; Windows NT 6.0; de; rv:1.9.2.3) Gecko/20100401 Firefox/3.6.3 ( .NET CLR 3.5.30729)"
93.219.150.97 - - [09/Jun/2013:17:43:14 +0200] "GET /servicebereiche/gruenanlagenpflege.html HTTP/1.1" 200 23634 "-" "Mozilla/5.0 (Windows; U; Windows NT 6.0; de; rv:1.9.2.3) Gecko/20100401 Firefox/3.6.3 ( .NET CLR 3.5.30729)"
66.249.73.153 - - [09/Jun/2013:17:58:24 +0200] "GET /downloadbereich.html HTTP/1.1" 200 8292 "-" "Mozilla/5.0 (iPhone; U; CPU iPhone OS 4_1 like Mac OS X; en-us) AppleWebKit/532.9 (KHTML, like Gecko) Version/4.0.5 Mobile/8B117 Safari/6531.22.7 (compatible; Googlebot-Mobile/2.1; +http://www.google.com/bot.html)"
93.219.150.97 - - [09/Jun/2013:18:03:41 +0200] "GET /referenzen.html HTTP/1.1" 200 19792 "-" "Mozilla/5.0 (Windows; U; Windows NT 6.0; de; rv:1.9.2.3) Gecko/20100401 Firefox/3.6.3 ( .NET CLR 3.5.30729)"
173.199.116.235 - - [09/Jun/2013:18:32:39 +0200] "GET /referenzen/58-sitemap.html?tmpl=component&print=1&page= HTTP/1.1" 200 3342 "-" "Mozilla/5.0 (compatible; AhrefsBot/4.0; +http://ahrefs.com/robot/)"
93.219.150.97 - - [09/Jun/2013:18:33:32 +0200] "GET /index.php HTTP/1.1" 200 16890 "-" "Mozilla/5.0 (Windows; U; Windows NT 6.0; de; rv:1.9.2.3) Gecko/20100401 Firefox/3.6.3 ( .NET CLR 3.5.30729)"
93.219.150.97 - - [09/Jun/2013:18:42:39 +0200] "GET /downloadbereich.html HTTP/1.1" 200 15463 "-" "Mozilla/5.0 (Windows; U; Windows NT 6.0; de; rv:1.9.2.3) Gecko/20100401 Firefox/3.6.3 ( .NET CLR 3.5.30729)"
66.249.73.153 - - [09/Jun/2013:18:54:15 +0200] "GET /unternehmen/partner.html HTTP/1.1" 200 9496 "-" "Mozilla/5.0 (iPhone; U; CPU iPhone OS 4_1 like Mac OS X; en-us) AppleWebKit/532.9 (KHTML, like Gecko) Version/4.0.5 Mobile/8B117 Safari/6531.22.7 (compatible; Googlebot-Mobile/2.1; +http://www.google.com/bot.html)"
208.115.111.71 - - [09/Jun/2013:18:59:37 +0200] "GET /robots.txt HTTP/1.1" 200 304 "-" "Mozilla/5.0 (compatible; Ezooms/1.0; ezooms.bot@gmail.com)"
93.219.150.97 - - [09/Jun/2013:19:06:43 +0200] "GET /index.php?option=com_user&view=login HTTP/1.1" 200 17721 "-" "Mozilla/5.0 (Windows; U; Windows NT 6.0; de; rv:1.9.2.3) Gecko/20100401 Firefox/3.6.3 ( .NET CLR 3.5.30729)"
208.115.113.87 - - [09/Jun/2013:19:10:06 +0200] "GET /unternehmen/standorte/58.html HTTP/1.1" 200 17070 "-" "Mozilla/5.0 (compatible; Ezooms/1.0; ezooms.bot@gmail.com)"
93.219.150.97 - - [09/Jun/2013:19:12:59 +0200] "GET /unternehmen/imagevideo-straman.html HTTP/1.1" 200 15246 "-" "Mozilla/5.0 (Windows; U; Windows NT 6.0; de; rv:1.9.2.3) Gecko/20100401 Firefox/3.6.3 ( .NET CLR 3.5.30729)"
92.225.128.173 - - [09/Jun/2013:19:13:54 +0200] "GET / HTTP/1.1" 200 16873 "http://www.google.de/aclk?sa=L&ai=CVABIvra0Uff4FZOvwgPQ24CgDPGC2a8Fmdy5goMBtq3KBQgAEAFQ8-SEiPv_____AWCV4vOBkAfIAQGpAiRatDk8L7Y-qgQkT9C6XNa_C-S1j4Knf2wyJmdLiVfYQdM3gVrYPzCFRajN_rbygAeZjfNB&sig=AOD64_1AFIDu0cs0uOmBdZGE5gZKeeZyxQ&ved=0CDMQ0Qw&adurl=http://www.straman.de&rct=j&q=garten%20kaufen%20in%20wolzig" "Opera/9.80 (Windows NT 5.1) Presto/2.12.388 Version/12.15"
92.225.128.173 - - [09/Jun/2013:19:13:55 +0200] "GET /templates/system/css/general.css HTTP/1.1" 200 2777 "http://www.straman.de/" "Opera/9.80 (Windows NT 5.1) Presto/2.12.388 Version/12.15"
92.225.128.173 - - [09/Jun/2013:19:13:55 +0200] "GET /templates/gk_penguinmail/css/gk_stuff.css HTTP/1.1" 200 12799 "http://www.straman.de/" "Opera/9.80 (Windows NT 5.1) Presto/2.12.388 Version/12.15"
92.225.128.173 - - [09/Jun/2013:19:13:55 +0200] "GET /templates/gk_penguinmail/fonts/PT-Seans/stylesheet.css HTTP/1.1" 200 2445 "http://www.straman.de/" "Opera/9.80 (Windows NT 5.1) Presto/2.12.388 Version/12.15"
92.225.128.173 - - [09/Jun/2013:19:13:55 +0200] "GET /templates/gk_penguinmail/js/domready_fix.js HTTP/1.1" 200 1340 "http://www.straman.de/" "Opera/9.80 (Windows NT 5.1) Presto/2.12.388 Version/12.15"
92.225.128.173 - - [09/Jun/2013:19:13:55 +0200] "GET /templates/gk_penguinmail/css/template.css HTTP/1.1" 200 9192 "http://www.straman.de/" "Opera/9.80 (Windows NT 5.1) Presto/2.12.388 Version/12.15"
92.225.128.173 - - [09/Jun/2013:19:13:55 +0200] "GET /templates/gk_penguinmail/favicon.ico HTTP/1.1" 200 5686 "http://www.straman.de/" "Opera/9.80 (Windows NT 5.1) Presto/2.12.388 Version/12.15"
92.225.128.173 - - [09/Jun/2013:19:13:55 +0200] "GET /templates/gk_penguinmail/css/style3.css HTTP/1.1" 200 13892 "http://www.straman.de/" "Opera/9.80 (Windows NT 5.1) Presto/2.12.388 Version/12.15"
92.225.128.173 - - [09/Jun/2013:19:13:55 +0200] "GET /templates/gk_penguinmail/css/layout.css HTTP/1.1" 200 1684 "http://www.straman.de/" "Opera/9.80 (Windows NT 5.1) Presto/2.12.388 Version/12.15"
92.225.128.173 - - [09/Jun/2013:19:13:55 +0200] "GET /templates/system/css/system.css HTTP/1.1" 200 1385 "http://www.straman.de/" "Opera/9.80 (Windows NT 5.1) Presto/2.12.388 Version/12.15"
92.225.128.173 - - [09/Jun/2013:19:13:55 +0200] "GET /templates/gk_penguinmail/css/joomla.css HTTP/1.1" 200 14242 "http://www.straman.de/" "Opera/9.80 (Windows NT 5.1) Presto/2.12.388 Version/12.15"
92.225.128.173 - - [09/Jun/2013:19:13:55 +0200] "GET /templates/gk_penguinmail/css/override.css HTTP/1.1" 200 3916 "http://www.straman.de/" "Opera/9.80 (Windows NT 5.1) Presto/2.12.388 Version/12.15"
92.225.128.173 - - [09/Jun/2013:19:13:55 +0200] "GET /templates/gk_penguinmail/css/addons.css HTTP/1.1" 200 2644 "http://www.straman.de/" "Opera/9.80 (Windows NT 5.1) Presto/2.12.388 Version/12.15"
92.225.128.173 - - [09/Jun/2013:19:13:55 +0200] "GET /templates/gk_penguinmail/css/typo.css HTTP/1.1" 200 15356 "http://www.straman.de/" "Opera/9.80 (Windows NT 5.1) Presto/2.12.388 Version/12.15"
92.225.128.173 - - [09/Jun/2013:19:13:55 +0200] "GET /media/system/js/caption.js HTTP/1.1" 200 1963 "http://www.straman.de/" "Opera/9.80 (Windows NT 5.1) Presto/2.12.388 Version/12.15"
92.225.128.173 - - [09/Jun/2013:19:13:55 +0200] "GET /templates/gk_penguinmail/css/css3_style3.css HTTP/1.1" 200 2980 "http://www.straman.de/" "Opera/9.80 (Windows NT 5.1) Presto/2.12.388 Version/12.15"
92.225.128.173 - - [09/Jun/2013:19:13:55 +0200] "GET /templates/gk_penguinmail/js/gk.script.js HTTP/1.1" 200 4585 "http://www.straman.de/" "Opera/9.80 (Windows NT 5.1) Presto/2.12.388 Version/12.15"
92.225.128.173 - - [09/Jun/2013:19:13:55 +0200] "GET /templates/gk_penguinmail/css/menu/mega.css HTTP/1.1" 200 4575 "http://www.straman.de/" "Opera/9.80 (Windows NT 5.1) Presto/2.12.388 Version/12.15"
92.225.128.173 - - [09/Jun/2013:19:13:55 +0200] "GET /images/gmm2.jpg HTTP/1.1" 200 47432 "http://www.straman.de/" "Opera/9.80 (Windows NT 5.1) Presto/2.12.388 Version/12.15"
92.225.128.173 - - [09/Jun/2013:19:13:55 +0200] "GET /templates/gk_penguinmail/css/menu/mega.css HTTP/1.1" 200 4575 "http://www.straman.de/" "Opera/9.80 (Windows NT 5.1) Presto/2.12.388 Version/12.15"
92.225.128.173 - - [09/Jun/2013:19:13:55 +0200] "GET /templates/gk_penguinmail/js/menu/mega.js HTTP/1.1" 200 12974 "http://www.straman.de/" "Opera/9.80 (Windows NT 5.1) Presto/2.12.388 Version/12.15"
92.225.128.173 - - [09/Jun/2013:19:13:55 +0200] "GET /images/kontaktformular.jpg HTTP/1.1" 200 42791 "http://www.straman.de/" "Opera/9.80 (Windows NT 5.1) Presto/2.12.388 Version/12.15"
92.225.128.173 - - [09/Jun/2013:19:13:55 +0200] "GET /images/winterdienst_005.jpg HTTP/1.1" 200 48793 "http://www.straman.de/" "Opera/9.80 (Windows NT 5.1) Presto/2.12.388 Version/12.15"
92.225.128.173 - - [09/Jun/2013:19:13:55 +0200] "GET /templates/gk_penguinmail/js/menu/mega.js HTTP/1.1" 200 12974 "http://www.straman.de/" "Opera/9.80 (Windows NT 5.1) Presto/2.12.388 Version/12.15"
92.225.128.173 - - [09/Jun/2013:19:13:55 +0200] "GET /images/galabau_002.jpg HTTP/1.1" 200 42117 "http://www.straman.de/" "Opera/9.80 (Windows NT 5.1) Presto/2.12.388 Version/12.15"
92.225.128.173 - - [09/Jun/2013:19:13:55 +0200] "GET /media/system/js/mootools.js HTTP/1.1" 200 74434 "http://www.straman.de/" "Opera/9.80 (Windows NT 5.1) Presto/2.12.388 Version/12.15"
92.225.128.173 - - [09/Jun/2013:19:13:55 +0200] "GET /images/header_neu.png HTTP/1.1" 200 340608 "http://www.straman.de/" "Opera/9.80 (Windows NT 5.1) Presto/2.12.388 Version/12.15"
92.225.128.173 - - [09/Jun/2013:19:13:55 +0200] "GET /images/galabau_002.jpg HTTP/1.1" 200 42117 "http://www.straman.de/" "Opera/9.80 (Windows NT 5.1) Presto/2.12.388 Version/12.15"
92.225.128.173 - - [09/Jun/2013:19:13:56 +0200] "GET /templates/gk_penguinmail/images/style3/glow.jpg HTTP/1.1" 200 18301 "http://www.straman.de/" "Opera/9.80 (Windows NT 5.1) Presto/2.12.388 Version/12.15"
92.225.128.173 - - [09/Jun/2013:19:13:56 +0200] "GET /templates/gk_penguinmail/images/style3/menu_sprite.png HTTP/1.1" 200 450 "http://www.straman.de/" "Opera/9.80 (Windows NT 5.1) Presto/2.12.388 Version/12.15"
92.225.128.173 - - [09/Jun/2013:19:13:56 +0200] "GET /images/list_check.png HTTP/1.1" 200 3488 "http://www.straman.de/" "Opera/9.80 (Windows NT 5.1) Presto/2.12.388 Version/12.15"
92.225.128.173 - - [09/Jun/2013:19:13:56 +0200] "GET /templates/gk_penguinmail/images/menu_sprite.png HTTP/1.1" 404 2467 "http://www.straman.de/" "Opera/9.80 (Windows NT 5.1) Presto/2.12.388 Version/12.15"
93.219.150.97 - - [09/Jun/2013:19:15:14 +0200] "GET /unternehmen/standorte.html HTTP/1.1" 200 17537 "-" "Mozilla/5.0 (Windows; U; Windows NT 6.0; de; rv:1.9.2.3) Gecko/20100401 Firefox/3.6.3 ( .NET CLR 3.5.30729)"
93.219.150.97 - - [09/Jun/2013:19:50:20 +0200] "GET /unternehmen/historie.html HTTP/1.1" 200 16078 "-" "Mozilla/5.0 (Windows; U; Windows NT 6.0; de; rv:1.9.2.3) Gecko/20100401 Firefox/3.6.3 ( .NET CLR 3.5.30729)"
5.10.182.234 - - [09/Jun/2013:19:51:39 +0200] "GET / HTTP/1.1" 200 16872 "-" "Mozilla/5.0 (X11; U; Linux x86_64; en-US; rv:1.9.2.3) Gecko/20100423 Ubuntu/10.04 (lucid) Firefox/3.6.3"
5.10.182.234 - - [09/Jun/2013:19:51:39 +0200] "GET / HTTP/1.1" 200 16872 "-" "Mozilla/5.0 (X11; U; Linux x86_64; en-US; rv:1.9.2.3) Gecko/20100423 Ubuntu/10.04 (lucid) Firefox/3.6.3"
93.219.150.97 - - [09/Jun/2013:19:54:07 +0200] "GET /servicebereiche/gebaeudemanagement.html HTTP/1.1" 200 16817 "-" "Mozilla/5.0 (Windows; U; Windows NT 6.0; de; rv:1.9.2.3) Gecko/20100401 Firefox/3.6.3 ( .NET CLR 3.5.30729)"
66.249.73.153 - - [09/Jun/2013:19:56:15 +0200] "GET / HTTP/1.1" 200 8915 "-" "Mozilla/5.0 (iPhone; U; CPU iPhone OS 4_1 like Mac OS X; en-us) AppleWebKit/532.9 (KHTML, like Gecko) Version/4.0.5 Mobile/8B117 Safari/6531.22.7 (compatible; Googlebot-Mobile/2.1; +http://www.google.com/bot.html)"
93.219.150.97 - - [09/Jun/2013:19:57:52 +0200] "GET /component/content/article/58.html HTTP/1.1" 200 15657 "-" "Mozilla/5.0 (Windows; U; Windows NT 6.0; de; rv:1.9.2.3) Gecko/20100401 Firefox/3.6.3 ( .NET CLR 3.5.30729)"
93.219.150.97 - - [09/Jun/2013:19:58:03 +0200] "GET /component/content/46.html HTTP/1.1" 500 2511 "-" "Mozilla/5.0 (Windows; U; Windows NT 6.0; de; rv:1.9.2.3) Gecko/20100401 Firefox/3.6.3 ( .NET CLR 3.5.30729)"
93.219.150.97 - - [09/Jun/2013:20:09:36 +0200] "GET /news.html HTTP/1.1" 200 23635 "-" "Mozilla/5.0 (Windows; U; Windows NT 6.0; de; rv:1.9.2.3) Gecko/20100401 Firefox/3.6.3 ( .NET CLR 3.5.30729)"
93.219.150.97 - - [09/Jun/2013:20:12:29 +0200] "GET /unternehmen/jobs.html HTTP/1.1" 200 20697 "-" "Mozilla/5.0 (Windows; U; Windows NT 6.0; de; rv:1.9.2.3) Gecko/20100401 Firefox/3.6.3 ( .NET CLR 3.5.30729)"
79.239.124.35 - - [09/Jun/2013:20:13:07 +0200] "GET / HTTP/1.1" 200 16873 "http://www.google.de/url?sa=t&rct=j&q=stramann&source=web&cd=1&ved=0CC4QFjAA&url=http%3A%2F%2Fwww.straman.de%2F&ei=TsW0UbDQLaX74QTfg4CQCA&usg=AFQjCNEpeUQQKOp_93iUUo8XSnpqrpjMzA&bvm=bv.47534661,d.bGE" "Mozilla/5.0 (Windows NT 6.0) AppleWebKit/537.36 (KHTML, like Gecko) Chrome/27.0.1453.110 Safari/537.36"
79.239.124.35 - - [09/Jun/2013:20:13:07 +0200] "GET /templates/system/css/system.css HTTP/1.1" 200 1385 "http://www.straman.de/" "Mozilla/5.0 (Windows NT 6.0) AppleWebKit/537.36 (KHTML, like Gecko) Chrome/27.0.1453.110 Safari/537.36"
79.239.124.35 - - [09/Jun/2013:20:13:07 +0200] "GET /templates/system/css/general.css HTTP/1.1" 200 2777 "http://www.straman.de/" "Mozilla/5.0 (Windows NT 6.0) AppleWebKit/537.36 (KHTML, like Gecko) Chrome/27.0.1453.110 Safari/537.36"
79.239.124.35 - - [09/Jun/2013:20:13:07 +0200] "GET /templates/gk_penguinmail/css/addons.css HTTP/1.1" 200 2644 "http://www.straman.de/" "Mozilla/5.0 (Windows NT 6.0) AppleWebKit/537.36 (KHTML, like Gecko) Chrome/27.0.1453.110 Safari/537.36"
79.239.124.35 - - [09/Jun/2013:20:13:07 +0200] "GET /templates/gk_penguinmail/css/layout.css HTTP/1.1" 200 1684 "http://www.straman.de/" "Mozilla/5.0 (Windows NT 6.0) AppleWebKit/537.36 (KHTML, like Gecko) Chrome/27.0.1453.110 Safari/537.36"
79.239.124.35 - - [09/Jun/2013:20:13:07 +0200] "GET /templates/gk_penguinmail/css/template.css HTTP/1.1" 200 9192 "http://www.straman.de/" "Mozilla/5.0 (Windows NT 6.0) AppleWebKit/537.36 (KHTML, like Gecko) Chrome/27.0.1453.110 Safari/537.36"
79.239.124.35 - - [09/Jun/2013:20:13:07 +0200] "GET /templates/gk_penguinmail/css/joomla.css HTTP/1.1" 200 14242 "http://www.straman.de/" "Mozilla/5.0 (Windows NT 6.0) AppleWebKit/537.36 (KHTML, like Gecko) Chrome/27.0.1453.110 Safari/537.36"
79.239.124.35 - - [09/Jun/2013:20:13:07 +0200] "GET /templates/gk_penguinmail/css/gk_stuff.css HTTP/1.1" 200 12799 "http://www.straman.de/" "Mozilla/5.0 (Windows NT 6.0) AppleWebKit/537.36 (KHTML, like Gecko) Chrome/27.0.1453.110 Safari/537.36"
79.239.124.35 - - [09/Jun/2013:20:13:07 +0200] "GET /templates/gk_penguinmail/css/typo.css HTTP/1.1" 200 15356 "http://www.straman.de/" "Mozilla/5.0 (Windows NT 6.0) AppleWebKit/537.36 (KHTML, like Gecko) Chrome/27.0.1453.110 Safari/537.36"
79.239.124.35 - - [09/Jun/2013:20:13:07 +0200] "GET /templates/gk_penguinmail/css/css3_style3.css HTTP/1.1" 200 2980 "http://www.straman.de/" "Mozilla/5.0 (Windows NT 6.0) AppleWebKit/537.36 (KHTML, like Gecko) Chrome/27.0.1453.110 Safari/537.36"
79.239.124.35 - - [09/Jun/2013:20:13:07 +0200] "GET /templates/gk_penguinmail/css/style3.css HTTP/1.1" 200 13892 "http://www.straman.de/" "Mozilla/5.0 (Windows NT 6.0) AppleWebKit/537.36 (KHTML, like Gecko) Chrome/27.0.1453.110 Safari/537.36"
79.239.124.35 - - [09/Jun/2013:20:13:07 +0200] "GET /templates/gk_penguinmail/css/override.css HTTP/1.1" 200 3916 "http://www.straman.de/" "Mozilla/5.0 (Windows NT 6.0) AppleWebKit/537.36 (KHTML, like Gecko) Chrome/27.0.1453.110 Safari/537.36"
79.239.124.35 - - [09/Jun/2013:20:13:07 +0200] "GET /templates/gk_penguinmail/css/menu/mega.css HTTP/1.1" 200 4575 "http://www.straman.de/" "Mozilla/5.0 (Windows NT 6.0) AppleWebKit/537.36 (KHTML, like Gecko) Chrome/27.0.1453.110 Safari/537.36"
79.239.124.35 - - [09/Jun/2013:20:13:07 +0200] "GET /templates/gk_penguinmail/fonts/PT-Seans/stylesheet.css HTTP/1.1" 200 2445 "http://www.straman.de/" "Mozilla/5.0 (Windows NT 6.0) AppleWebKit/537.36 (KHTML, like Gecko) Chrome/27.0.1453.110 Safari/537.36"
79.239.124.35 - - [09/Jun/2013:20:13:07 +0200] "GET /templates/gk_penguinmail/js/domready_fix.js HTTP/1.1" 200 1340 "http://www.straman.de/" "Mozilla/5.0 (Windows NT 6.0) AppleWebKit/537.36 (KHTML, like Gecko) Chrome/27.0.1453.110 Safari/537.36"
79.239.124.35 - - [09/Jun/2013:20:13:07 +0200] "GET /media/system/js/caption.js HTTP/1.1" 200 1963 "http://www.straman.de/" "Mozilla/5.0 (Windows NT 6.0) AppleWebKit/537.36 (KHTML, like Gecko) Chrome/27.0.1453.110 Safari/537.36"
79.239.124.35 - - [09/Jun/2013:20:13:07 +0200] "GET /templates/gk_penguinmail/js/gk.script.js HTTP/1.1" 200 4585 "http://www.straman.de/" "Mozilla/5.0 (Windows NT 6.0) AppleWebKit/537.36 (KHTML, like Gecko) Chrome/27.0.1453.110 Safari/537.36"
79.239.124.35 - - [09/Jun/2013:20:13:07 +0200] "GET /templates/gk_penguinmail/js/menu/mega.js HTTP/1.1" 200 12974 "http://www.straman.de/" "Mozilla/5.0 (Windows NT 6.0) AppleWebKit/537.36 (KHTML, like Gecko) Chrome/27.0.1453.110 Safari/537.36"
79.239.124.35 - - [09/Jun/2013:20:13:07 +0200] "GET /media/system/js/mootools.js HTTP/1.1" 200 74434 "http://www.straman.de/" "Mozilla/5.0 (Windows NT 6.0) AppleWebKit/537.36 (KHTML, like Gecko) Chrome/27.0.1453.110 Safari/537.36"
79.239.124.35 - - [09/Jun/2013:20:13:07 +0200] "GET /templates/gk_penguinmail/images/style3/glow.jpg HTTP/1.1" 200 18301 "http://www.straman.de/" "Mozilla/5.0 (Windows NT 6.0) AppleWebKit/537.36 (KHTML, like Gecko) Chrome/27.0.1453.110 Safari/537.36"
79.239.124.35 - - [09/Jun/2013:20:13:07 +0200] "GET /images/gmm2.jpg HTTP/1.1" 200 47432 "http://www.straman.de/" "Mozilla/5.0 (Windows NT 6.0) AppleWebKit/537.36 (KHTML, like Gecko) Chrome/27.0.1453.110 Safari/537.36"
79.239.124.35 - - [09/Jun/2013:20:13:07 +0200] "GET /images/galabau_002.jpg HTTP/1.1" 200 42117 "http://www.straman.de/" "Mozilla/5.0 (Windows NT 6.0) AppleWebKit/537.36 (KHTML, like Gecko) Chrome/27.0.1453.110 Safari/537.36"
79.239.124.35 - - [09/Jun/2013:20:13:07 +0200] "GET /images/kontaktformular.jpg HTTP/1.1" 200 42791 "http://www.straman.de/" "Mozilla/5.0 (Windows NT 6.0) AppleWebKit/537.36 (KHTML, like Gecko) Chrome/27.0.1453.110 Safari/537.36"
79.239.124.35 - - [09/Jun/2013:20:13:08 +0200] "GET /templates/gk_penguinmail/images/style3/menu_sprite.png HTTP/1.1" 200 450 "http://www.straman.de/" "Mozilla/5.0 (Windows NT 6.0) AppleWebKit/537.36 (KHTML, like Gecko) Chrome/27.0.1453.110 Safari/537.36"
79.239.124.35 - - [09/Jun/2013:20:13:07 +0200] "GET /images/winterdienst_005.jpg HTTP/1.1" 200 48793 "http://www.straman.de/" "Mozilla/5.0 (Windows NT 6.0) AppleWebKit/537.36 (KHTML, like Gecko) Chrome/27.0.1453.110 Safari/537.36"
79.239.124.35 - - [09/Jun/2013:20:13:08 +0200] "GET /templates/gk_penguinmail/images/logo.png HTTP/1.1" 200 6608 "http://www.straman.de/" "Mozilla/5.0 (Windows NT 6.0) AppleWebKit/537.36 (KHTML, like Gecko) Chrome/27.0.1453.110 Safari/537.36"
79.239.124.35 - - [09/Jun/2013:20:13:07 +0200] "GET /images/header_neu.png HTTP/1.1" 200 340608 "http://www.straman.de/" "Mozilla/5.0 (Windows NT 6.0) AppleWebKit/537.36 (KHTML, like Gecko) Chrome/27.0.1453.110 Safari/537.36"
79.239.124.35 - - [09/Jun/2013:20:13:08 +0200] "GET /images/list_check.png HTTP/1.1" 200 3488 "http://www.straman.de/" "Mozilla/5.0 (Windows NT 6.0) AppleWebKit/537.36 (KHTML, like Gecko) Chrome/27.0.1453.110 Safari/537.36"
79.239.124.35 - - [09/Jun/2013:20:13:08 +0200] "GET /templates/gk_penguinmail/images/menu_sprite.png HTTP/1.1" 404 2467 "http://www.straman.de/" "Mozilla/5.0 (Windows NT 6.0) AppleWebKit/537.36 (KHTML, like Gecko) Chrome/27.0.1453.110 Safari/537.36"
79.239.124.35 - - [09/Jun/2013:20:13:10 +0200] "GET /templates/gk_penguinmail/favicon.ico HTTP/1.1" 200 5686 "-" "Mozilla/5.0 (Windows NT 6.0) AppleWebKit/537.36 (KHTML, like Gecko) Chrome/27.0.1453.110 Safari/537.36"
72.14.199.237 - - [09/Jun/2013:20:33:52 +0200] "GET / HTTP/1.1" 200 8915 "-" "AdsBot-Google-Mobile (+http://www.google.com/mobile/adsbot.html) Mozilla (iPhone; U; CPU iPhone OS 3 0 like Mac OS X) AppleWebKit (KHTML, like Gecko) Mobile Safari"
72.14.199.237 - - [09/Jun/2013:20:34:01 +0200] "GET /templates/gk_penguinmail/css/handheld/iphone.css HTTP/1.1" 200 5360 "-" "AdsBot-Google-Mobile (+http://www.google.com/mobile/adsbot.html) Mozilla (iPhone; U; CPU iPhone OS 3 0 like Mac OS X) AppleWebKit (KHTML, like Gecko) Mobile Safari"
72.14.199.237 - - [09/Jun/2013:20:34:01 +0200] "GET /images/kontaktformular.jpg HTTP/1.1" 200 42791 "-" "AdsBot-Google (+http://www.google.com/adsbot.html)"
72.14.199.237 - - [09/Jun/2013:20:34:02 +0200] "GET /templates/gk_penguinmail/js/domready_fix.js HTTP/1.1" 200 1340 "-" "AdsBot-Google (+http://www.google.com/adsbot.html)"
72.14.199.237 - - [09/Jun/2013:20:34:03 +0200] "GET /templates/gk_penguinmail/css/css3_style3.css HTTP/1.1" 200 2980 "-" "AdsBot-Google (+http://www.google.com/adsbot.html)"
72.14.199.237 - - [09/Jun/2013:20:34:04 +0200] "GET /templates/gk_penguinmail/fonts/PT-Seans/stylesheet.css HTTP/1.1" 200 2445 "-" "AdsBot-Google (+http://www.google.com/adsbot.html)"
72.14.199.237 - - [09/Jun/2013:20:34:04 +0200] "GET /templates/gk_penguinmail/css/template.css HTTP/1.1" 200 9192 "-" "AdsBot-Google-Mobile (+http://www.google.com/mobile/adsbot.html) Mozilla (iPhone; U; CPU iPhone OS 3 0 like Mac OS X) AppleWebKit (KHTML, like Gecko) Mobile Safari"
72.14.199.237 - - [09/Jun/2013:20:34:05 +0200] "GET /templates/system/css/general.css HTTP/1.1" 200 2777 "-" "AdsBot-Google (+http://www.google.com/adsbot.html)"
72.14.199.237 - - [09/Jun/2013:20:34:06 +0200] "GET /templates/gk_penguinmail/css/layout.css HTTP/1.1" 200 1684 "-" "AdsBot-Google (+http://www.google.com/adsbot.html)"
72.14.199.237 - - [09/Jun/2013:20:34:07 +0200] "GET /images/header_neu.png HTTP/1.1" 200 340608 "-" "AdsBot-Google (+http://www.google.com/adsbot.html)"
72.14.199.237 - - [09/Jun/2013:20:34:08 +0200] "GET /templates/gk_penguinmail/js/iphone.js HTTP/1.1" 200 5379 "-" "AdsBot-Google-Mobile (+http://www.google.com/mobile/adsbot.html) Mozilla (iPhone; U; CPU iPhone OS 3 0 like Mac OS X) AppleWebKit (KHTML, like Gecko) Mobile Safari"
72.14.199.237 - - [09/Jun/2013:20:34:09 +0200] "GET /images/gmm2.jpg HTTP/1.1" 200 47432 "-" "AdsBot-Google (+http://www.google.com/adsbot.html)"
72.14.199.237 - - [09/Jun/2013:20:34:10 +0200] "GET /templates/gk_penguinmail/css/menu/mega.css HTTP/1.1" 200 4575 "-" "AdsBot-Google (+http://www.google.com/adsbot.html)"
72.14.199.237 - - [09/Jun/2013:20:34:10 +0200] "GET /media/system/js/caption.js HTTP/1.1" 200 1963 "-" "AdsBot-Google (+http://www.google.com/adsbot.html)"
72.14.199.237 - - [09/Jun/2013:20:34:11 +0200] "GET /templates/gk_penguinmail/js/gk.script.js HTTP/1.1" 200 4585 "-" "AdsBot-Google (+http://www.google.com/adsbot.html)"
72.14.199.237 - - [09/Jun/2013:20:34:12 +0200] "GET /templates/gk_penguinmail/js/menu/mega.js HTTP/1.1" 200 12974 "-" "AdsBot-Google (+http://www.google.com/adsbot.html)"
72.14.199.237 - - [09/Jun/2013:20:34:13 +0200] "GET /media/system/js/caption.js HTTP/1.1" 200 1963 "-" "AdsBot-Google-Mobile (+http://www.google.com/mobile/adsbot.html) Mozilla (iPhone; U; CPU iPhone OS 3 0 like Mac OS X) AppleWebKit (KHTML, like Gecko) Mobile Safari"
72.14.199.237 - - [09/Jun/2013:20:34:14 +0200] "GET /images/winterdienst_005.jpg HTTP/1.1" 200 48793 "-" "AdsBot-Google (+http://www.google.com/adsbot.html)"
72.14.199.237 - - [09/Jun/2013:20:34:14 +0200] "GET /templates/gk_penguinmail/css/joomla.css HTTP/1.1" 200 14242 "-" "AdsBot-Google (+http://www.google.com/adsbot.html)"
72.14.199.237 - - [09/Jun/2013:20:34:15 +0200] "GET /images/galabau_002.jpg HTTP/1.1" 200 42117 "-" "AdsBot-Google (+http://www.google.com/adsbot.html)"
72.14.199.237 - - [09/Jun/2013:20:34:16 +0200] "GET /media/system/js/mootools.js HTTP/1.1" 200 74434 "-" "AdsBot-Google (+http://www.google.com/adsbot.html)"
72.14.199.237 - - [09/Jun/2013:20:34:17 +0200] "GET /media/system/js/mootools.js HTTP/1.1" 200 74434 "-" "AdsBot-Google-Mobile (+http://www.google.com/mobile/adsbot.html) Mozilla (iPhone; U; CPU iPhone OS 3 0 like Mac OS X) AppleWebKit (KHTML, like Gecko) Mobile Safari"
72.14.199.237 - - [09/Jun/2013:20:34:18 +0200] "GET /templates/gk_penguinmail/css/gk_stuff.css HTTP/1.1" 200 12799 "-" "AdsBot-Google (+http://www.google.com/adsbot.html)"
72.14.199.237 - - [09/Jun/2013:20:34:18 +0200] "GET /templates/system/css/system.css HTTP/1.1" 200 1385 "-" "AdsBot-Google (+http://www.google.com/adsbot.html)"
72.14.199.237 - - [09/Jun/2013:20:34:19 +0200] "GET /templates/gk_penguinmail/css/typo.css HTTP/1.1" 200 15356 "-" "AdsBot-Google (+http://www.google.com/adsbot.html)"
72.14.199.237 - - [09/Jun/2013:20:34:20 +0200] "GET /templates/gk_penguinmail/css/addons.css HTTP/1.1" 200 2644 "-" "AdsBot-Google (+http://www.google.com/adsbot.html)"
72.14.199.237 - - [09/Jun/2013:20:34:21 +0200] "GET /templates/gk_penguinmail/css/template.css HTTP/1.1" 200 9192 "-" "AdsBot-Google (+http://www.google.com/adsbot.html)"
72.14.199.237 - - [09/Jun/2013:20:34:21 +0200] "GET /templates/gk_penguinmail/css/style3.css HTTP/1.1" 200 13892 "-" "AdsBot-Google (+http://www.google.com/adsbot.html)"
72.14.199.237 - - [09/Jun/2013:20:34:22 +0200] "GET /templates/gk_penguinmail/css/override.css HTTP/1.1" 200 3916 "-" "AdsBot-Google (+http://www.google.com/adsbot.html)"
93.219.150.97 - - [09/Jun/2013:20:56:04 +0200] "GET /unternehmen/partner/58.html HTTP/1.1" 200 17117 "-" "Mozilla/5.0 (Windows; U; Windows NT 6.0; de; rv:1.9.2.3) Gecko/20100401 Firefox/3.6.3 ( .NET CLR 3.5.30729)"
208.115.111.71 - - [09/Jun/2013:21:02:26 +0200] "GET /referenzen/58-sitemap.html?tmpl=component&print=1&page= HTTP/1.1" 200 3342 "-" "Mozilla/5.0 (compatible; Ezooms/1.0; ezooms.bot@gmail.com)"
93.219.150.97 - - [09/Jun/2013:21:05:31 +0200] "GET /servicebereiche/gruenanlagenpflege/58.html HTTP/1.1" 200 17553 "-" "Mozilla/5.0 (Windows; U; Windows NT 6.0; de; rv:1.9.2.3) Gecko/20100401 Firefox/3.6.3 ( .NET CLR 3.5.30729)"
93.219.150.97 - - [09/Jun/2013:21:11:11 +0200] "GET /component/mailto/?tmpl=component&link=97f89dec8d3a90a06eaee75083ae45b303687cff HTTP/1.1" 200 2687 "-" "Mozilla/5.0 (Windows; U; Windows NT 6.0; de; rv:1.9.2.3) Gecko/20100401 Firefox/3.6.3 ( .NET CLR 3.5.30729)"
65.55.52.112 - - [09/Jun/2013:21:24:48 +0200] "GET /robots.txt HTTP/1.1" 200 304 "-" "Mozilla/5.0 (compatible; bingbot/2.0; +http://www.bing.com/bingbot.htm)"
65.55.52.112 - - [09/Jun/2013:21:25:54 +0200] "GET / HTTP/1.1" 200 16876 "-" "Mozilla/5.0 (compatible; bingbot/2.0; +http://www.bing.com/bingbot.htm)"
141.8.147.12 - - [09/Jun/2013:21:36:42 +0200] "GET /robots.txt HTTP/1.1" 200 304 "-" "Mozilla/5.0 (compatible; YandexBot/3.0; +http://yandex.com/bots)"
93.219.150.97 - - [09/Jun/2013:21:52:13 +0200] "GET /downloadbereich/58.html HTTP/1.1" 200 16856 "-" "Mozilla/5.0 (Windows; U; Windows NT 6.0; de; rv:1.9.2.3) Gecko/20100401 Firefox/3.6.3 ( .NET CLR 3.5.30729)"
66.249.73.153 - - [09/Jun/2013:21:54:11 +0200] "GET /?ui=desktop HTTP/1.1" 200 8938 "-" "Mozilla/5.0 (iPhone; U; CPU iPhone OS 4_1 like Mac OS X; en-us) AppleWebKit/532.9 (KHTML, like Gecko) Version/4.0.5 Mobile/8B117 Safari/6531.22.7 (compatible; Googlebot-Mobile/2.1; +http://www.google.com/bot.html)"
93.219.150.97 - - [09/Jun/2013:21:54:19 +0200] "GET /servicebereiche/gebaeudemanagement/58.html HTTP/1.1" 200 17125 "-" "Mozilla/5.0 (Windows; U; Windows NT 6.0; de; rv:1.9.2.3) Gecko/20100401 Firefox/3.6.3 ( .NET CLR 3.5.30729)"
93.219.150.97 - - [09/Jun/2013:21:59:55 +0200] "GET /component/forme/?fid=2 HTTP/1.1" 200 19189 "-" "Mozilla/5.0 (Windows; U; Windows NT 6.0; de; rv:1.9.2.3) Gecko/20100401 Firefox/3.6.3 ( .NET CLR 3.5.30729)"
93.219.150.97 - - [09/Jun/2013:22:01:05 +0200] "GET /servicebereiche/winterdienst/58.html HTTP/1.1" 200 18850 "-" "Mozilla/5.0 (Windows; U; Windows NT 6.0; de; rv:1.9.2.3) Gecko/20100401 Firefox/3.6.3 ( .NET CLR 3.5.30729)"
93.219.150.97 - - [09/Jun/2013:22:04:06 +0200] "GET /unternehmen/jobs/58.html HTTP/1.1" 200 17041 "-" "Mozilla/5.0 (Windows; U; Windows NT 6.0; de; rv:1.9.2.3) Gecko/20100401 Firefox/3.6.3 ( .NET CLR 3.5.30729)"
93.219.150.97 - - [09/Jun/2013:22:07:34 +0200] "GET /servicebereiche/strassenreinigung/58.html HTTP/1.1" 200 17538 "-" "Mozilla/5.0 (Windows; U; Windows NT 6.0; de; rv:1.9.2.3) Gecko/20100401 Firefox/3.6.3 ( .NET CLR 3.5.30729)"
93.219.150.97 - - [09/Jun/2013:22:12:10 +0200] "GET /unternehmen/standorte/58.html HTTP/1.1" 200 17066 "-" "Mozilla/5.0 (Windows; U; Windows NT 6.0; de; rv:1.9.2.3) Gecko/20100401 Firefox/3.6.3 ( .NET CLR 3.5.30729)"
65.55.52.112 - - [09/Jun/2013:22:23:32 +0200] "GET /robots.txt HTTP/1.1" 200 304 "-" "Mozilla/5.0 (compatible; bingbot/2.0; +http://www.bing.com/bingbot.htm)"
93.219.150.97 - - [09/Jun/2013:22:24:41 +0200] "GET /unternehmen/impressum/58.html HTTP/1.1" 200 17066 "-" "Mozilla/5.0 (Windows; U; Windows NT 6.0; de; rv:1.9.2.3) Gecko/20100401 Firefox/3.6.3 ( .NET CLR 3.5.30729)"
65.55.52.112 - - [09/Jun/2013:22:24:56 +0200] "GET /news/58.html HTTP/1.1" 200 16988 "-" "Mozilla/5.0 (compatible; bingbot/2.0; +http://www.bing.com/bingbot.htm)"
93.219.150.97 - - [09/Jun/2013:22:35:02 +0200] "GET /kontakt.html?fid=1 HTTP/1.1" 200 16599 "-" "Mozilla/5.0 (Windows; U; Windows NT 6.0; de; rv:1.9.2.3) Gecko/20100401 Firefox/3.6.3 ( .NET CLR 3.5.30729)"
93.219.150.97 - - [09/Jun/2013:23:02:35 +0200] "GET /news/58.html HTTP/1.1" 200 16984 "-" "Mozilla/5.0 (Windows; U; Windows NT 6.0; de; rv:1.9.2.3) Gecko/20100401 Firefox/3.6.3 ( .NET CLR 3.5.30729)"
93.219.150.97 - - [09/Jun/2013:23:11:27 +0200] "GET /component/mailto/?tmpl=component&link=4d090a7d0dad0ed1b40abd9c35a75b7faac292cb HTTP/1.1" 200 2687 "-" "Mozilla/5.0 (Windows; U; Windows NT 6.0; de; rv:1.9.2.3) Gecko/20100401 Firefox/3.6.3 ( .NET CLR 3.5.30729)"
66.249.73.153 - - [09/Jun/2013:23:23:33 +0200] "GET /news.html HTTP/1.1" 200 16470 "-" "Mozilla/5.0 (iPhone; U; CPU iPhone OS 4_1 like Mac OS X; en-us) AppleWebKit/532.9 (KHTML, like Gecko) Version/4.0.5 Mobile/8B117 Safari/6531.22.7 (compatible; Googlebot-Mobile/2.1; +http://www.google.com/bot.html)"
93.219.150.97 - - [09/Jun/2013:23:46:43 +0200] "GET /referenzen/58.html HTTP/1.1" 200 17262 "-" "Mozilla/5.0 (Windows; U; Windows NT 6.0; de; rv:1.9.2.3) Gecko/20100401 Firefox/3.6.3 ( .NET CLR 3.5.30729)"
93.219.150.97 - - [09/Jun/2013:23:54:22 +0200] "GET /component/mailto/?tmpl=component&link=fcdbae1f04f84c0b90da1200899b1a5c8c97ead8 HTTP/1.1" 200 2687 "-" "Mozilla/5.0 (Windows; U; Windows NT 6.0; de; rv:1.9.2.3) Gecko/20100401 Firefox/3.6.3 ( .NET CLR 3.5.30729)"
93.219.150.97 - - [10/Jun/2013:00:07:27 +0200] "GET /servicebereiche/infrastr-gebaeudemanagement/58.html HTTP/1.1" 200 17164 "-" "Mozilla/5.0 (Windows; U; Windows NT 6.0; de; rv:1.9.2.3) Gecko/20100401 Firefox/3.6.3 ( .NET CLR 3.5.30729)"
93.219.150.97 - - [10/Jun/2013:00:17:57 +0200] "GET /unternehmen/imagevideo-straman/58.html HTTP/1.1" 200 16254 "-" "Mozilla/5.0 (Windows; U; Windows NT 6.0; de; rv:1.9.2.3) Gecko/20100401 Firefox/3.6.3 ( .NET CLR 3.5.30729)"
93.219.150.97 - - [10/Jun/2013:00:21:34 +0200] "GET /unternehmen/historie/58.html HTTP/1.1" 200 17478 "-" "Mozilla/5.0 (Windows; U; Windows NT 6.0; de; rv:1.9.2.3) Gecko/20100401 Firefox/3.6.3 ( .NET CLR 3.5.30729)"
141.8.147.12 - - [10/Jun/2013:00:38:03 +0200] "GET /kontakt.html?fid=1 HTTP/1.1" 200 16603 "-" "Mozilla/5.0 (compatible; YandexBot/3.0; +http://yandex.com/bots)"
66.249.73.153 - - [10/Jun/2013:00:45:13 +0200] "GET /news/61-wir-begruessen-sie-auf-den-seiten-von-straman-ihren-komplettdienstleister-rund-um-die-immobilie.html HTTP/1.1" 200 12222 "-" "DoCoMo/2.0 N905i(c100;TB;W24H16) (compatible; Googlebot-Mobile/2.1; +http://www.google.com/bot.html)"
173.199.116.235 - - [10/Jun/2013:00:47:49 +0200] "GET /component/content/article/index.php HTTP/1.1" 404 2467 "-" "Mozilla/5.0 (compatible; AhrefsBot/4.0; +http://ahrefs.com/robot/)"
208.115.113.87 - - [10/Jun/2013:00:56:52 +0200] "GET /robots.txt HTTP/1.1" 200 304 "-" "Mozilla/5.0 (compatible; Ezooms/1.0; ezooms.bot@gmail.com)"
173.199.116.235 - - [10/Jun/2013:01:21:16 +0200] "GET /unternehmen/historie/58-sitemap.html?tmpl=component&print=1&page= HTTP/1.1" 200 3352 "-" "Mozilla/5.0 (compatible; AhrefsBot/4.0; +http://ahrefs.com/robot/)"
173.199.116.235 - - [10/Jun/2013:01:33:14 +0200] "GET /unternehmen/impressum/index.php HTTP/1.1" 200 20512 "-" "Mozilla/5.0 (compatible; AhrefsBot/4.0; +http://ahrefs.com/robot/)"
173.199.116.235 - - [10/Jun/2013:02:01:45 +0200] "GET /index.php?option=com_user&view=login HTTP/1.1" 200 17725 "-" "Mozilla/5.0 (compatible; AhrefsBot/4.0; +http://ahrefs.com/robot/)"
173.199.116.235 - - [10/Jun/2013:02:05:54 +0200] "GET / HTTP/1.1" 200 16876 "-" "Mozilla/5.0 (compatible; AhrefsBot/4.0; +http://ahrefs.com/robot/)"
66.249.73.153 - - [10/Jun/2013:02:29:59 +0200] "GET /servicebereiche/winterdienst.html HTTP/1.1" 200 18688 "-" "Mozilla/5.0 (iPhone; U; CPU iPhone OS 4_1 like Mac OS X; en-us) AppleWebKit/532.9 (KHTML, like Gecko) Version/4.0.5 Mobile/8B117 Safari/6531.22.7 (compatible; Googlebot-Mobile/2.1; +http://www.google.com/bot.html)"
178.255.215.64 - - [10/Jun/2013:02:50:24 +0200] "GET /robots.txt HTTP/1.1" 200 304 "-" "Mozilla/5.0 (compatible; Exabot/3.0; +http://www.exabot.com/go/robot)"
178.255.215.64 - - [10/Jun/2013:02:50:24 +0200] "GET /index.php?option=com_user&view=login HTTP/1.1" 200 17725 "-" "Mozilla/5.0 (compatible; Exabot/3.0; +http://www.exabot.com/go/robot)"
208.88.225.147 - - [10/Jun/2013:02:58:19 +0200] "GET / HTTP/1.1" 200 16876 "-" "Mozilla/5.0 (compatible; Statsbot/2.1)"
194.127.5.164 - - [10/Jun/2013:02:59:58 +0200] "GET /templates/gk_penguinmail/css/override.css HTTP/1.1" 304 - "-" "Mozilla/4.0 (compatible;)"
65.55.55.229 - - [10/Jun/2013:03:01:56 +0200] "GET /robots.txt HTTP/1.1" 200 304 "-" "Mozilla/5.0 (compatible; bingbot/2.0; +http://www.bing.com/bingbot.htm)"
65.55.55.229 - - [10/Jun/2013:03:02:44 +0200] "GET /servicebereiche/infrastr-gebaeudemanagement/58.html HTTP/1.1" 200 17168 "-" "Mozilla/5.0 (compatible; bingbot/2.0; +http://www.bing.com/bingbot.htm)"
208.115.113.87 - - [10/Jun/2013:03:03:56 +0200] "GET /news/60-ihr-komplettdienstleister-rund-um-die-immobilie.html HTTP/1.1" 200 17629 "-" "Mozilla/5.0 (compatible; Ezooms/1.0; ezooms.bot@gmail.com)"
173.199.116.235 - - [10/Jun/2013:03:09:23 +0200] "GET /index.php?option=com_forme&fid=2&Itemid=65 HTTP/1.1" 200 19186 "-" "Mozilla/5.0 (compatible; AhrefsBot/4.0; +http://ahrefs.com/robot/)"
66.249.73.153 - - [10/Jun/2013:03:16:17 +0200] "GET /referenzen.html HTTP/1.1" 200 12204 "-" "Mozilla/5.0 (iPhone; U; CPU iPhone OS 4_1 like Mac OS X; en-us) AppleWebKit/532.9 (KHTML, like Gecko) Version/4.0.5 Mobile/8B117 Safari/6531.22.7 (compatible; Googlebot-Mobile/2.1; +http://www.google.com/bot.html)"
173.199.116.235 - - [10/Jun/2013:03:17:04 +0200] "GET /servicebereiche/winterdienst/58-sitemap.html?tmpl=component&print=1&page= HTTP/1.1" 200 3361 "-" "Mozilla/5.0 (compatible; AhrefsBot/4.0; +http://ahrefs.com/robot/)"
173.199.116.235 - - [10/Jun/2013:03:47:30 +0200] "GET /unternehmen/jobs.html?tmpl=component&print=1&page= HTTP/1.1" 200 7010 "-" "Mozilla/5.0 (compatible; AhrefsBot/4.0; +http://ahrefs.com/robot/)"
173.199.116.235 - - [10/Jun/2013:03:53:11 +0200] "GET /unternehmen/partner.html?tmpl=component&print=1&page= HTTP/1.1" 200 2991 "-" "Mozilla/5.0 (compatible; AhrefsBot/4.0; +http://ahrefs.com/robot/)"
66.249.73.153 - - [10/Jun/2013:03:56:39 +0200] "GET /component/content/article/58.html HTTP/1.1" 200 9316 "-" "Mozilla/5.0 (iPhone; U; CPU iPhone OS 4_1 like Mac OS X; en-us) AppleWebKit/532.9 (KHTML, like Gecko) Version/4.0.5 Mobile/8B117 Safari/6531.22.7 (compatible; Googlebot-Mobile/2.1; +http://www.google.com/bot.html)"
178.238.232.180 - - [10/Jun/2013:04:28:03 +0200] "GET / HTTP/1.1" 200 18024 "-" "-"
178.238.232.180 - - [10/Jun/2013:04:28:03 +0200] "GET / HTTP/1.1" 200 18024 "-" "-"
178.238.232.180 - - [10/Jun/2013:04:28:04 +0200] "GET / HTTP/1.1" 200 18024 "-" "-"
178.238.232.180 - - [10/Jun/2013:04:28:04 +0200] "GET /unternehmen/impressum.html HTTP/1.1" 200 21655 "-" "-"
66.249.73.153 - - [10/Jun/2013:04:30:43 +0200] "GET /servicebereiche/infrastr-gebaeudemanagement.html HTTP/1.1" 200 9817 "-" "Mozilla/5.0 (iPhone; U; CPU iPhone OS 4_1 like Mac OS X; en-us) AppleWebKit/532.9 (KHTML, like Gecko) Version/4.0.5 Mobile/8B117 Safari/6531.22.7 (compatible; Googlebot-Mobile/2.1; +http://www.google.com/bot.html)"
130.83.167.153 - - [10/Jun/2013:05:20:48 +0200] "GET /robots.txt HTTP/1.1" 200 304 "-" "findlinks/2.6 (+http://wortschatz.uni-leipzig.de/findlinks/)"
66.249.73.153 - - [10/Jun/2013:05:33:56 +0200] "GET /kontakt.html HTTP/1.1" 200 9407 "-" "Mozilla/5.0 (iPhone; U; CPU iPhone OS 4_1 like Mac OS X; en-us) AppleWebKit/532.9 (KHTML, like Gecko) Version/4.0.5 Mobile/8B117 Safari/6531.22.7 (compatible; Googlebot-Mobile/2.1; +http://www.google.com/bot.html)"
178.255.215.64 - - [10/Jun/2013:06:07:22 +0200] "GET / HTTP/1.1" 200 16876 "-" "Mozilla/5.0 (compatible; Exabot/3.0; +http://www.exabot.com/go/robot)"
66.249.73.153 - - [10/Jun/2013:06:17:19 +0200] "GET /servicebereiche/gebaeudemanagement.html HTTP/1.1" 200 9613 "-" "Mozilla/5.0 (iPhone; U; CPU iPhone OS 4_1 like Mac OS X; en-us) AppleWebKit/532.9 (KHTML, like Gecko) Version/4.0.5 Mobile/8B117 Safari/6531.22.7 (compatible; Googlebot-Mobile/2.1; +http://www.google.com/bot.html)"
65.55.52.112 - - [10/Jun/2013:07:01:21 +0200] "GET /robots.txt HTTP/1.1" 200 304 "-" "Mozilla/5.0 (compatible; bingbot/2.0; +http://www.bing.com/bingbot.htm)"
208.115.111.71 - - [10/Jun/2013:07:02:01 +0200] "GET /robots.txt HTTP/1.1" 200 304 "-" "Mozilla/5.0 (compatible; Ezooms/1.0; ezooms.bot@gmail.com)"
65.55.52.112 - - [10/Jun/2013:07:07:35 +0200] "GET / HTTP/1.1" 200 16876 "-" "Mozilla/5.0 (compatible; bingbot/2.0; +http://www.bing.com/bingbot.htm)"
74.125.183.22 - - [10/Jun/2013:07:11:05 +0200] "GET / HTTP/1.1" 200 16842 "http://www.google.de/url?sa=t&rct=j&q=www.straman.de&source=web&cd=1&ved=0CEQQFjAD&url=http%3A%2F%2Fwww.straman.de%2F&ei=aV-1UcncBKfMsQf5QQ&usg=AFQjCNEpeUQQKOp_93iUUo8XSnpqrpjMzA" "Mozilla/4.0 (compatible; MSIE 7.0; Windows NT 6.0; SLCC1; .NET CLR 2.0.50727; .NET CLR 3.5.30729; .NET CLR 3.0.30618)"
74.125.183.22 - - [10/Jun/2013:07:11:06 +0200] "GET /templates/system/css/general.css HTTP/1.1" 200 2777 "http://www.straman.de/" "Mozilla/4.0 (compatible; MSIE 7.0; Windows NT 6.0; SLCC1; .NET CLR 2.0.50727; .NET CLR 3.5.30729; .NET CLR 3.0.30618)"
74.125.183.22 - - [10/Jun/2013:07:11:06 +0200] "GET /templates/gk_penguinmail/css/layout.css HTTP/1.1" 200 1684 "http://www.straman.de/" "Mozilla/4.0 (compatible; MSIE 7.0; Windows NT 6.0; SLCC1; .NET CLR 2.0.50727; .NET CLR 3.5.30729; .NET CLR 3.0.30618)"
74.125.183.22 - - [10/Jun/2013:07:11:06 +0200] "GET /templates/gk_penguinmail/css/override.css HTTP/1.1" 200 3916 "http://www.straman.de/" "Mozilla/4.0 (compatible; MSIE 7.0; Windows NT 6.0; SLCC1; .NET CLR 2.0.50727; .NET CLR 3.5.30729; .NET CLR 3.0.30618)"
74.125.183.23 - - [10/Jun/2013:07:11:07 +0200] "GET /media/system/js/mootools.js HTTP/1.1" 200 74434 "http://www.straman.de/" "Mozilla/4.0 (compatible; MSIE 7.0; Windows NT 6.0; SLCC1; .NET CLR 2.0.50727; .NET CLR 3.5.30729; .NET CLR 3.0.30618)"
74.125.183.23 - - [10/Jun/2013:07:11:08 +0200] "GET /templates/gk_penguinmail/js/gk.script.js HTTP/1.1" 200 4585 "http://www.straman.de/" "Mozilla/4.0 (compatible; MSIE 7.0; Windows NT 6.0; SLCC1; .NET CLR 2.0.50727; .NET CLR 3.5.30729; .NET CLR 3.0.30618)"
74.125.183.23 - - [10/Jun/2013:07:11:12 +0200] "GET /templates/gk_penguinmail/images/menu_sprite.png HTTP/1.1" 404 2467 "http://www.straman.de/" "Mozilla/4.0 (compatible; MSIE 7.0; Windows NT 6.0; SLCC1; .NET CLR 2.0.50727; .NET CLR 3.5.30729; .NET CLR 3.0.30618)"
74.125.183.23 - - [10/Jun/2013:07:11:13 +0200] "GET /templates/gk_penguinmail/images/logo.png HTTP/1.1" 200 6608 "http://www.straman.de/" "Mozilla/4.0 (compatible; MSIE 7.0; Windows NT 6.0; SLCC1; .NET CLR 2.0.50727; .NET CLR 3.5.30729; .NET CLR 3.0.30618)"
74.125.183.23 - - [10/Jun/2013:07:11:15 +0200] "GET /templates/gk_penguinmail/favicon.ico HTTP/1.1" 200 5686 "-" "Mozilla/4.0 (compatible; MSIE 7.0; Windows NT 6.0; SLCC1; .NET CLR 2.0.50727; .NET CLR 3.5.30729; .NET CLR 3.0.30618)"
47.64.70.245 - - [10/Jun/2013:07:20:52 +0200] "GET / HTTP/1.1" 200 16872 "http://www.google.de/aclk?sa=L&ai=C6NRzy2C1UYLkBNKQ0wWr34D4DvGC2a8Fmdy5goMBtq3KBQgAEAIoA1Dz5ISI-_____8BYJX68IGMB8gBAakCi4Y4kTostj6qBCRP0CUuftBLWjGlfIhGA886OGmWth0Z-vhlChYEDQDiQAB8QMyAB5mN80E&sig=AOD64_2-GOCXRIHhtLL1uU3tMJW0aZgUPg&ved=0CDoQ0Qw&adurl=http://www.straman.de&rct=j&q=Wie%20pflastert%20man%20eine%20garten%20terrasse" "Mozilla/5.0 (Windows NT 6.1; WOW64; rv:20.0) Gecko/20100101 Firefox/20.0 SeaMonkey/2.17.1"
47.64.70.245 - - [10/Jun/2013:07:20:52 +0200] "GET /templates/system/css/system.css HTTP/1.1" 200 1385 "http://www.straman.de/" "Mozilla/5.0 (Windows NT 6.1; WOW64; rv:20.0) Gecko/20100101 Firefox/20.0 SeaMonkey/2.17.1"
47.64.70.245 - - [10/Jun/2013:07:20:52 +0200] "GET /templates/system/css/general.css HTTP/1.1" 200 2777 "http://www.straman.de/" "Mozilla/5.0 (Windows NT 6.1; WOW64; rv:20.0) Gecko/20100101 Firefox/20.0 SeaMonkey/2.17.1"
47.64.70.245 - - [10/Jun/2013:07:20:52 +0200] "GET /templates/gk_penguinmail/css/addons.css HTTP/1.1" 200 2644 "http://www.straman.de/" "Mozilla/5.0 (Windows NT 6.1; WOW64; rv:20.0) Gecko/20100101 Firefox/20.0 SeaMonkey/2.17.1"
47.64.70.245 - - [10/Jun/2013:07:20:52 +0200] "GET /templates/gk_penguinmail/css/layout.css HTTP/1.1" 200 1684 "http://www.straman.de/" "Mozilla/5.0 (Windows NT 6.1; WOW64; rv:20.0) Gecko/20100101 Firefox/20.0 SeaMonkey/2.17.1"
47.64.70.245 - - [10/Jun/2013:07:20:52 +0200] "GET /templates/gk_penguinmail/css/template.css HTTP/1.1" 200 9192 "http://www.straman.de/" "Mozilla/5.0 (Windows NT 6.1; WOW64; rv:20.0) Gecko/20100101 Firefox/20.0 SeaMonkey/2.17.1"
47.64.70.245 - - [10/Jun/2013:07:20:52 +0200] "GET /templates/gk_penguinmail/css/joomla.css HTTP/1.1" 200 14242 "http://www.straman.de/" "Mozilla/5.0 (Windows NT 6.1; WOW64; rv:20.0) Gecko/20100101 Firefox/20.0 SeaMonkey/2.17.1"
47.64.70.245 - - [10/Jun/2013:07:20:52 +0200] "GET /templates/gk_penguinmail/css/gk_stuff.css HTTP/1.1" 200 12799 "http://www.straman.de/" "Mozilla/5.0 (Windows NT 6.1; WOW64; rv:20.0) Gecko/20100101 Firefox/20.0 SeaMonkey/2.17.1"
47.64.70.245 - - [10/Jun/2013:07:20:52 +0200] "GET /templates/gk_penguinmail/css/typo.css HTTP/1.1" 200 15356 "http://www.straman.de/" "Mozilla/5.0 (Windows NT 6.1; WOW64; rv:20.0) Gecko/20100101 Firefox/20.0 SeaMonkey/2.17.1"
47.64.70.245 - - [10/Jun/2013:07:20:52 +0200] "GET /templates/gk_penguinmail/css/css3_style3.css HTTP/1.1" 200 2980 "http://www.straman.de/" "Mozilla/5.0 (Windows NT 6.1; WOW64; rv:20.0) Gecko/20100101 Firefox/20.0 SeaMonkey/2.17.1"
47.64.70.245 - - [10/Jun/2013:07:20:52 +0200] "GET /templates/gk_penguinmail/css/style3.css HTTP/1.1" 200 13892 "http://www.straman.de/" "Mozilla/5.0 (Windows NT 6.1; WOW64; rv:20.0) Gecko/20100101 Firefox/20.0 SeaMonkey/2.17.1"
47.64.70.245 - - [10/Jun/2013:07:20:53 +0200] "GET /templates/gk_penguinmail/css/override.css HTTP/1.1" 200 3916 "http://www.straman.de/" "Mozilla/5.0 (Windows NT 6.1; WOW64; rv:20.0) Gecko/20100101 Firefox/20.0 SeaMonkey/2.17.1"
47.64.70.245 - - [10/Jun/2013:07:20:53 +0200] "GET /templates/gk_penguinmail/js/domready_fix.js HTTP/1.1" 200 1340 "http://www.straman.de/" "Mozilla/5.0 (Windows NT 6.1; WOW64; rv:20.0) Gecko/20100101 Firefox/20.0 SeaMonkey/2.17.1"
47.64.70.245 - - [10/Jun/2013:07:20:53 +0200] "GET /media/system/js/caption.js HTTP/1.1" 200 1963 "http://www.straman.de/" "Mozilla/5.0 (Windows NT 6.1; WOW64; rv:20.0) Gecko/20100101 Firefox/20.0 SeaMonkey/2.17.1"
47.64.70.245 - - [10/Jun/2013:07:20:53 +0200] "GET /templates/gk_penguinmail/js/gk.script.js HTTP/1.1" 200 4585 "http://www.straman.de/" "Mozilla/5.0 (Windows NT 6.1; WOW64; rv:20.0) Gecko/20100101 Firefox/20.0 SeaMonkey/2.17.1"
47.64.70.245 - - [10/Jun/2013:07:20:54 +0200] "GET /templates/gk_penguinmail/css/menu/mega.css HTTP/1.1" 200 4575 "http://www.straman.de/" "Mozilla/5.0 (Windows NT 6.1; WOW64; rv:20.0) Gecko/20100101 Firefox/20.0 SeaMonkey/2.17.1"
47.64.70.245 - - [10/Jun/2013:07:20:54 +0200] "GET /templates/gk_penguinmail/js/menu/mega.js HTTP/1.1" 200 12974 "http://www.straman.de/" "Mozilla/5.0 (Windows NT 6.1; WOW64; rv:20.0) Gecko/20100101 Firefox/20.0 SeaMonkey/2.17.1"
47.64.70.245 - - [10/Jun/2013:07:20:55 +0200] "GET /templates/gk_penguinmail/fonts/PT-Seans/stylesheet.css HTTP/1.1" 200 2445 "http://www.straman.de/" "Mozilla/5.0 (Windows NT 6.1; WOW64; rv:20.0) Gecko/20100101 Firefox/20.0 SeaMonkey/2.17.1"
47.64.70.245 - - [10/Jun/2013:07:20:55 +0200] "GET /templates/gk_penguinmail/favicon.ico HTTP/1.1" 200 5686 "-" "Mozilla/5.0 (Windows NT 6.1; WOW64; rv:20.0) Gecko/20100101 Firefox/20.0 SeaMonkey/2.17.1"
47.64.70.245 - - [10/Jun/2013:07:20:53 +0200] "GET /media/system/js/mootools.js HTTP/1.1" 200 74434 "http://www.straman.de/" "Mozilla/5.0 (Windows NT 6.1; WOW64; rv:20.0) Gecko/20100101 Firefox/20.0 SeaMonkey/2.17.1"
47.64.70.245 - - [10/Jun/2013:07:20:56 +0200] "GET /templates/gk_penguinmail/images/style3/glow.jpg HTTP/1.1" 200 18301 "http://www.straman.de/templates/gk_penguinmail/css/style3.css" "Mozilla/5.0 (Windows NT 6.1; WOW64; rv:20.0) Gecko/20100101 Firefox/20.0 SeaMonkey/2.17.1"
47.64.70.245 - - [10/Jun/2013:07:20:56 +0200] "GET /images/kontaktformular.jpg HTTP/1.1" 200 42791 "http://www.straman.de/" "Mozilla/5.0 (Windows NT 6.1; WOW64; rv:20.0) Gecko/20100101 Firefox/20.0 SeaMonkey/2.17.1"
47.64.70.245 - - [10/Jun/2013:07:20:56 +0200] "GET /images/galabau_002.jpg HTTP/1.1" 200 42117 "http://www.straman.de/" "Mozilla/5.0 (Windows NT 6.1; WOW64; rv:20.0) Gecko/20100101 Firefox/20.0 SeaMonkey/2.17.1"
47.64.70.245 - - [10/Jun/2013:07:20:56 +0200] "GET /images/winterdienst_005.jpg HTTP/1.1" 200 48793 "http://www.straman.de/" "Mozilla/5.0 (Windows NT 6.1; WOW64; rv:20.0) Gecko/20100101 Firefox/20.0 SeaMonkey/2.17.1"
47.64.70.245 - - [10/Jun/2013:07:20:56 +0200] "GET /images/header_neu.png HTTP/1.1" 200 340608 "http://www.straman.de/" "Mozilla/5.0 (Windows NT 6.1; WOW64; rv:20.0) Gecko/20100101 Firefox/20.0 SeaMonkey/2.17.1"
47.64.70.245 - - [10/Jun/2013:07:20:56 +0200] "GET /images/gmm2.jpg HTTP/1.1" 200 47432 "http://www.straman.de/" "Mozilla/5.0 (Windows NT 6.1; WOW64; rv:20.0) Gecko/20100101 Firefox/20.0 SeaMonkey/2.17.1"
188.111.127.85 - - [10/Jun/2013:07:54:25 +0200] "GET / HTTP/1.0" 200 16842 "http://www.google.de/aclk?sa=L&ai=Clnt4Rmi1UYWtIo_27AbKzYC4BvGC2a8Fmdy5goMBtq3KBRACKAhQ8-SEiPv_____AWCV-vCBjAfIAQGpAouGOJE6LLY-qgQkT9Au1guud8seM4d7TOMAhR0h9s7N2ft2ftOtkUXWBwS3LLccgAeZjfNB&num=5&sig=AOD64_16_PX-j6cVG7WeFsYvXAaVETPiOA&ved=0CIsBENEM&adurl=http://www.straman.de&rct=j&q=jobs%20in%20garten%20und%20landschaftsbau" "Mozilla/5.0 (compatible; MSIE 9.0; Windows NT 6.1; Trident/5.0)"
188.111.127.85 - - [10/Jun/2013:07:54:25 +0200] "GET / HTTP/1.0" 200 16842 "http://www.google.de/aclk?sa=L&ai=Clnt4Rmi1UYWtIo_27AbKzYC4BvGC2a8Fmdy5goMBtq3KBRACKAhQ8-SEiPv_____AWCV-vCBjAfIAQGpAouGOJE6LLY-qgQkT9Au1guud8seM4d7TOMAhR0h9s7N2ft2ftOtkUXWBwS3LLccgAeZjfNB&num=5&sig=AOD64_16_PX-j6cVG7WeFsYvXAaVETPiOA&ved=0CIsBENEM&adurl=http://www.straman.de&rct=j&q=jobs%20in%20garten%20und%20landschaftsbau" "Mozilla/5.0 (compatible; MSIE 9.0; Windows NT 6.1; Trident/5.0)"
188.111.127.85 - - [10/Jun/2013:07:54:26 +0200] "GET /templates/gk_penguinmail/css/typo.css HTTP/1.0" 200 15356 "http://www.straman.de/" "Mozilla/5.0 (compatible; MSIE 9.0; Windows NT 6.1; Trident/5.0)"
188.111.127.85 - - [10/Jun/2013:07:54:26 +0200] "GET /templates/gk_penguinmail/css/css3_style3.css HTTP/1.0" 200 2980 "http://www.straman.de/" "Mozilla/5.0 (compatible; MSIE 9.0; Windows NT 6.1; Trident/5.0)"
188.111.127.85 - - [10/Jun/2013:07:54:26 +0200] "GET /templates/system/css/system.css HTTP/1.0" 200 1385 "http://www.straman.de/" "Mozilla/5.0 (compatible; MSIE 9.0; Windows NT 6.1; Trident/5.0)"
188.111.127.85 - - [10/Jun/2013:07:54:26 +0200] "GET /templates/system/css/general.css HTTP/1.0" 200 2777 "http://www.straman.de/" "Mozilla/5.0 (compatible; MSIE 9.0; Windows NT 6.1; Trident/5.0)"
188.111.127.85 - - [10/Jun/2013:07:54:26 +0200] "GET /templates/gk_penguinmail/css/layout.css HTTP/1.0" 200 1684 "http://www.straman.de/" "Mozilla/5.0 (compatible; MSIE 9.0; Windows NT 6.1; Trident/5.0)"
188.111.127.85 - - [10/Jun/2013:07:54:26 +0200] "GET /templates/gk_penguinmail/css/template.css HTTP/1.0" 200 9192 "http://www.straman.de/" "Mozilla/5.0 (compatible; MSIE 9.0; Windows NT 6.1; Trident/5.0)"
188.111.127.85 - - [10/Jun/2013:07:54:26 +0200] "GET /templates/gk_penguinmail/css/override.css HTTP/1.0" 200 3916 "http://www.straman.de/" "Mozilla/5.0 (compatible; MSIE 9.0; Windows NT 6.1; Trident/5.0)"
188.111.127.85 - - [10/Jun/2013:07:54:26 +0200] "GET /templates/gk_penguinmail/css/gk_stuff.css HTTP/1.0" 200 12799 "http://www.straman.de/" "Mozilla/5.0 (compatible; MSIE 9.0; Windows NT 6.1; Trident/5.0)"
188.111.127.85 - - [10/Jun/2013:07:54:26 +0200] "GET /media/system/js/mootools.js HTTP/1.0" 200 74434 "http://www.straman.de/" "Mozilla/5.0 (compatible; MSIE 9.0; Windows NT 6.1; Trident/5.0)"
188.111.127.85 - - [10/Jun/2013:07:54:27 +0200] "GET /templates/gk_penguinmail/js/domready_fix.js HTTP/1.0" 200 1340 "http://www.straman.de/" "Mozilla/5.0 (compatible; MSIE 9.0; Windows NT 6.1; Trident/5.0)"
188.111.127.85 - - [10/Jun/2013:07:54:27 +0200] "GET /templates/gk_penguinmail/css/style3.css HTTP/1.0" 200 13892 "http://www.straman.de/" "Mozilla/5.0 (compatible; MSIE 9.0; Windows NT 6.1; Trident/5.0)"
188.111.127.85 - - [10/Jun/2013:07:54:27 +0200] "GET /media/system/js/caption.js HTTP/1.0" 200 1963 "http://www.straman.de/" "Mozilla/5.0 (compatible; MSIE 9.0; Windows NT 6.1; Trident/5.0)"
188.111.127.85 - - [10/Jun/2013:07:54:27 +0200] "GET /templates/gk_penguinmail/js/gk.script.js HTTP/1.0" 200 4585 "http://www.straman.de/" "Mozilla/5.0 (compatible; MSIE 9.0; Windows NT 6.1; Trident/5.0)"
