217.244.21.226 - - [07/Jun/2013:11:06:38 +0200] "GET /templates/gk_penguinmail/css/override.css HTTP/1.1" 304 - "-" "Mozilla/4.0 (compatible; MSIE 7.0; Windows NT 5.1; Trident/4.0; .NET CLR 1.1.4322; .NET CLR 2.0.50727; .NET CLR 3.0.4506.2152; .NET CLR 3.5.30729; .NET4.0C; OfficeLiveConnector.1.5; OfficeLivePatch.1.3; .NET4.0E)"
217.244.21.226 - - [07/Jun/2013:11:06:38 +0200] "GET /templates/gk_penguinmail/css/ie8.css HTTP/1.1" 304 - "-" "Mozilla/4.0 (compatible; MSIE 7.0; Windows NT 5.1; Trident/4.0; .NET CLR 1.1.4322; .NET CLR 2.0.50727; .NET CLR 3.0.4506.2152; .NET CLR 3.5.30729; .NET4.0C; OfficeLiveConnector.1.5; OfficeLivePatch.1.3; .NET4.0E)"
217.244.21.226 - - [07/Jun/2013:11:06:38 +0200] "GET /templates/gk_penguinmail/css/menu/mega.css HTTP/1.1" 304 - "-" "Mozilla/4.0 (compatible; MSIE 7.0; Windows NT 5.1; Trident/4.0; .NET CLR 1.1.4322; .NET CLR 2.0.50727; .NET CLR 3.0.4506.2152; .NET CLR 3.5.30729; .NET4.0C; OfficeLiveConnector.1.5; OfficeLivePatch.1.3; .NET4.0E)"
217.244.21.226 - - [07/Jun/2013:11:06:38 +0200] "GET /templates/gk_penguinmail/fonts/PT-Seans/stylesheet.css HTTP/1.1" 304 - "-" "Mozilla/4.0 (compatible; MSIE 7.0; Windows NT 5.1; Trident/4.0; .NET CLR 1.1.4322; .NET CLR 2.0.50727; .NET CLR 3.0.4506.2152; .NET CLR 3.5.30729; .NET4.0C; OfficeLiveConnector.1.5; OfficeLivePatch.1.3; .NET4.0E)"
66.249.78.60 - - [07/Jun/2013:11:53:14 +0200] "GET /kontakt.html?fid=1 HTTP/1.1" 200 16603 "-" "Mozilla/5.0 (compatible; Googlebot/2.1; +http://www.google.com/bot.html)"
91.213.187.155 - - [07/Jun/2013:11:55:07 +0200] "GET / HTTP/1.1" 200 16872 "http://adresse.gelbeseiten.de/1056631969/straman-gmbh/berlin/buch" "Mozilla/5.0 (Windows NT 6.1; WOW64; rv:21.0) Gecko/20100101 Firefox/21.0"
91.213.187.155 - - [07/Jun/2013:11:55:07 +0200] "GET /templates/system/css/system.css HTTP/1.1" 200 1385 "http://www.straman.de/" "Mozilla/5.0 (Windows NT 6.1; WOW64; rv:21.0) Gecko/20100101 Firefox/21.0"
91.213.187.155 - - [07/Jun/2013:11:55:07 +0200] "GET /templates/system/css/general.css HTTP/1.1" 200 2777 "http://www.straman.de/" "Mozilla/5.0 (Windows NT 6.1; WOW64; rv:21.0) Gecko/20100101 Firefox/21.0"
91.213.187.155 - - [07/Jun/2013:11:55:08 +0200] "GET /templates/gk_penguinmail/css/addons.css HTTP/1.1" 200 2644 "http://www.straman.de/" "Mozilla/5.0 (Windows NT 6.1; WOW64; rv:21.0) Gecko/20100101 Firefox/21.0"
91.213.187.155 - - [07/Jun/2013:11:55:08 +0200] "GET /templates/gk_penguinmail/css/joomla.css HTTP/1.1" 200 14242 "http://www.straman.de/" "Mozilla/5.0 (Windows NT 6.1; WOW64; rv:21.0) Gecko/20100101 Firefox/21.0"
91.213.187.155 - - [07/Jun/2013:11:55:08 +0200] "GET /templates/gk_penguinmail/css/layout.css HTTP/1.1" 200 1684 "http://www.straman.de/" "Mozilla/5.0 (Windows NT 6.1; WOW64; rv:21.0) Gecko/20100101 Firefox/21.0"
91.213.187.155 - - [07/Jun/2013:11:55:08 +0200] "GET /templates/gk_penguinmail/css/template.css HTTP/1.1" 200 9192 "http://www.straman.de/" "Mozilla/5.0 (Windows NT 6.1; WOW64; rv:21.0) Gecko/20100101 Firefox/21.0"
91.213.187.155 - - [07/Jun/2013:11:55:08 +0200] "GET /templates/gk_penguinmail/css/gk_stuff.css HTTP/1.1" 200 12799 "http://www.straman.de/" "Mozilla/5.0 (Windows NT 6.1; WOW64; rv:21.0) Gecko/20100101 Firefox/21.0"
91.213.187.155 - - [07/Jun/2013:11:55:08 +0200] "GET /templates/gk_penguinmail/css/css3_style3.css HTTP/1.1" 200 2980 "http://www.straman.de/" "Mozilla/5.0 (Windows NT 6.1; WOW64; rv:21.0) Gecko/20100101 Firefox/21.0"
91.213.187.155 - - [07/Jun/2013:11:55:08 +0200] "GET /templates/gk_penguinmail/css/typo.css HTTP/1.1" 200 15356 "http://www.straman.de/" "Mozilla/5.0 (Windows NT 6.1; WOW64; rv:21.0) Gecko/20100101 Firefox/21.0"
91.213.187.155 - - [07/Jun/2013:11:55:08 +0200] "GET /templates/gk_penguinmail/css/style3.css HTTP/1.1" 200 13892 "http://www.straman.de/" "Mozilla/5.0 (Windows NT 6.1; WOW64; rv:21.0) Gecko/20100101 Firefox/21.0"
91.213.187.155 - - [07/Jun/2013:11:55:08 +0200] "GET /templates/gk_penguinmail/css/override.css HTTP/1.1" 200 3916 "http://www.straman.de/" "Mozilla/5.0 (Windows NT 6.1; WOW64; rv:21.0) Gecko/20100101 Firefox/21.0"
91.213.187.155 - - [07/Jun/2013:11:55:08 +0200] "GET /templates/gk_penguinmail/js/domready_fix.js HTTP/1.1" 200 1340 "http://www.straman.de/" "Mozilla/5.0 (Windows NT 6.1; WOW64; rv:21.0) Gecko/20100101 Firefox/21.0"
91.213.187.155 - - [07/Jun/2013:11:55:08 +0200] "GET /media/system/js/caption.js HTTP/1.1" 200 1963 "http://www.straman.de/" "Mozilla/5.0 (Windows NT 6.1; WOW64; rv:21.0) Gecko/20100101 Firefox/21.0"
91.213.187.155 - - [07/Jun/2013:11:55:08 +0200] "GET /templates/gk_penguinmail/js/gk.script.js HTTP/1.1" 200 4585 "http://www.straman.de/" "Mozilla/5.0 (Windows NT 6.1; WOW64; rv:21.0) Gecko/20100101 Firefox/21.0"
91.213.187.155 - - [07/Jun/2013:11:55:08 +0200] "GET /templates/gk_penguinmail/css/menu/mega.css HTTP/1.1" 200 4575 "http://www.straman.de/" "Mozilla/5.0 (Windows NT 6.1; WOW64; rv:21.0) Gecko/20100101 Firefox/21.0"
91.213.187.155 - - [07/Jun/2013:11:55:08 +0200] "GET /templates/gk_penguinmail/js/menu/mega.js HTTP/1.1" 200 12974 "http://www.straman.de/" "Mozilla/5.0 (Windows NT 6.1; WOW64; rv:21.0) Gecko/20100101 Firefox/21.0"
91.213.187.155 - - [07/Jun/2013:11:55:08 +0200] "GET /templates/gk_penguinmail/fonts/PT-Seans/stylesheet.css HTTP/1.1" 200 2445 "http://www.straman.de/" "Mozilla/5.0 (Windows NT 6.1; WOW64; rv:21.0) Gecko/20100101 Firefox/21.0"
91.213.187.155 - - [07/Jun/2013:11:55:08 +0200] "GET /templates/gk_penguinmail/favicon.ico HTTP/1.1" 200 5686 "-" "Mozilla/5.0 (Windows NT 6.1; WOW64; rv:21.0) Gecko/20100101 Firefox/21.0"
91.213.187.155 - - [07/Jun/2013:11:55:08 +0200] "GET /media/system/js/mootools.js HTTP/1.1" 200 74434 "http://www.straman.de/" "Mozilla/5.0 (Windows NT 6.1; WOW64; rv:21.0) Gecko/20100101 Firefox/21.0"
91.213.187.155 - - [07/Jun/2013:11:55:09 +0200] "GET /templates/gk_penguinmail/images/style3/glow.jpg HTTP/1.1" 200 18301 "http://www.straman.de/templates/gk_penguinmail/css/style3.css" "Mozilla/5.0 (Windows NT 6.1; WOW64; rv:21.0) Gecko/20100101 Firefox/21.0"
91.213.187.155 - - [07/Jun/2013:11:55:09 +0200] "GET /images/kontaktformular.jpg HTTP/1.1" 200 42791 "http://www.straman.de/" "Mozilla/5.0 (Windows NT 6.1; WOW64; rv:21.0) Gecko/20100101 Firefox/21.0"
91.213.187.155 - - [07/Jun/2013:11:55:09 +0200] "GET /images/gmm2.jpg HTTP/1.1" 200 47432 "http://www.straman.de/" "Mozilla/5.0 (Windows NT 6.1; WOW64; rv:21.0) Gecko/20100101 Firefox/21.0"
91.213.187.155 - - [07/Jun/2013:11:55:09 +0200] "GET /images/galabau_002.jpg HTTP/1.1" 200 42117 "http://www.straman.de/" "Mozilla/5.0 (Windows NT 6.1; WOW64; rv:21.0) Gecko/20100101 Firefox/21.0"
91.213.187.155 - - [07/Jun/2013:11:55:09 +0200] "GET /templates/gk_penguinmail/images/style3/menu_sprite.png HTTP/1.1" 200 450 "http://www.straman.de/templates/gk_penguinmail/css/override.css" "Mozilla/5.0 (Windows NT 6.1; WOW64; rv:21.0) Gecko/20100101 Firefox/21.0"
91.213.187.155 - - [07/Jun/2013:11:55:09 +0200] "GET /images/winterdienst_005.jpg HTTP/1.1" 200 48793 "http://www.straman.de/" "Mozilla/5.0 (Windows NT 6.1; WOW64; rv:21.0) Gecko/20100101 Firefox/21.0"
91.213.187.155 - - [07/Jun/2013:11:55:09 +0200] "GET /images/list_check.png HTTP/1.1" 200 3488 "http://www.straman.de/templates/gk_penguinmail/css/override.css" "Mozilla/5.0 (Windows NT 6.1; WOW64; rv:21.0) Gecko/20100101 Firefox/21.0"
91.213.187.155 - - [07/Jun/2013:11:55:10 +0200] "GET /templates/gk_penguinmail/images/menu_sprite.png HTTP/1.1" 404 2467 "http://www.straman.de/templates/gk_penguinmail/css/override.css" "Mozilla/5.0 (Windows NT 6.1; WOW64; rv:21.0) Gecko/20100101 Firefox/21.0"
91.213.187.155 - - [07/Jun/2013:11:55:09 +0200] "GET /images/header_neu.png HTTP/1.1" 200 340608 "http://www.straman.de/" "Mozilla/5.0 (Windows NT 6.1; WOW64; rv:21.0) Gecko/20100101 Firefox/21.0"
66.249.78.60 - - [07/Jun/2013:12:12:44 +0200] "GET /unternehmen/historie.html HTTP/1.1" 200 8466 "-" "Mozilla/5.0 (iPhone; U; CPU iPhone OS 4_1 like Mac OS X; en-us) AppleWebKit/532.9 (KHTML, like Gecko) Version/4.0.5 Mobile/8B117 Safari/6531.22.7 (compatible; Googlebot-Mobile/2.1; +http://www.google.com/bot.html)"
221.194.156.170 - - [07/Jun/2013:12:24:25 +0200] "GET /robots.txt HTTP/1.0" 200 304 "http://www.straman.de/robots.txt" "Mozilla/4.0 (compatible; MSIE 8.0; Windows NT 5.1; Trident/4.0; .NET CLR 2.0.50727; .NET CLR 3.0.4506.2152; .NET CLR 3.5.30729)"
221.194.156.170 - - [07/Jun/2013:12:24:26 +0200] "GET / HTTP/1.0" 200 16842 "http://www.straman.de/" "Mozilla/4.0 (compatible; MSIE 8.0; Windows NT 5.1; Trident/4.0; .NET CLR 2.0.50727; .NET CLR 3.0.4506.2152; .NET CLR 3.5.30729)"
65.55.215.36 - - [07/Jun/2013:13:30:05 +0200] "GET /robots.txt HTTP/1.1" 200 304 "-" "msnbot-media/1.1 (+http://search.msn.com/msnbot.htm)"
65.55.215.36 - - [07/Jun/2013:13:30:05 +0200] "GET /index.php?option=com_forme&func=captcha HTTP/1.1" 200 1326 "-" "msnbot-media/1.1 (+http://search.msn.com/msnbot.htm)"
217.92.180.203 - - [07/Jun/2013:13:30:18 +0200] "GET /templates/gk_penguinmail/images/menu_sprite.png HTTP/1.1" 404 2467 "http://www.straman.de/kontakt.html" "Mozilla/4.0 (compatible; MSIE 8.0; Windows NT 5.1; Trident/4.0; .NET CLR 2.0.50727; .NET CLR 3.0.4506.2152; .NET CLR 3.5.30729; .NET4.0C; .NET4.0E)"
217.92.180.203 - - [07/Jun/2013:13:30:21 +0200] "GET /templates/gk_penguinmail/images/menu_sprite.png HTTP/1.1" 404 2467 "http://www.straman.de/" "Mozilla/4.0 (compatible; MSIE 8.0; Windows NT 5.1; Trident/4.0; .NET CLR 2.0.50727; .NET CLR 3.0.4506.2152; .NET CLR 3.5.30729; .NET4.0C; .NET4.0E)"
37.24.153.235 - - [07/Jun/2013:13:58:05 +0200] "GET /robots.txt HTTP/1.1" 200 304 "-" "findlinks/2.6 (+http://wortschatz.uni-leipzig.de/findlinks/)"
79.225.215.97 - - [07/Jun/2013:14:36:18 +0200] "GET /unternehmen/historie.html HTTP/1.1" 200 16078 "-" "Mozilla/5.0 (Windows; U; Windows NT 5.1; de; rv:1.8.1.14) Gecko/20080404 Firefox/2.0.0.14"
66.249.78.60 - - [07/Jun/2013:16:12:04 +0200] "GET /unternehmen/partner.html HTTP/1.1" 200 9496 "-" "Mozilla/5.0 (iPhone; U; CPU iPhone OS 4_1 like Mac OS X; en-us) AppleWebKit/532.9 (KHTML, like Gecko) Version/4.0.5 Mobile/8B117 Safari/6531.22.7 (compatible; Googlebot-Mobile/2.1; +http://www.google.com/bot.html)"
65.55.52.112 - - [07/Jun/2013:18:55:32 +0200] "GET /robots.txt HTTP/1.1" 200 304 "-" "Mozilla/5.0 (compatible; bingbot/2.0; +http://www.bing.com/bingbot.htm)"
65.55.52.112 - - [07/Jun/2013:18:56:05 +0200] "GET / HTTP/1.1" 200 16876 "-" "Mozilla/5.0 (compatible; bingbot/2.0; +http://www.bing.com/bingbot.htm)"
66.249.75.137 - - [07/Jun/2013:19:15:31 +0200] "GET /robots.txt HTTP/1.1" 200 304 "-" "Mozilla/5.0 (compatible; Googlebot/2.1; +http://www.google.com/bot.html)"
66.249.78.60 - - [07/Jun/2013:19:15:31 +0200] "GET /servicebereiche/gruenanlagenpflege.html HTTP/1.1" 200 16013 "-" "Mozilla/5.0 (iPhone; U; CPU iPhone OS 4_1 like Mac OS X; en-us) AppleWebKit/532.9 (KHTML, like Gecko) Version/4.0.5 Mobile/8B117 Safari/6531.22.7 (compatible; Googlebot-Mobile/2.1; +http://www.google.com/bot.html)"
65.55.52.112 - - [07/Jun/2013:19:33:06 +0200] "GET / HTTP/1.1" 200 16876 "-" "Mozilla/5.0 (compatible; bingbot/2.0; +http://www.bing.com/bingbot.htm)"
188.40.114.201 - - [07/Jun/2013:19:41:51 +0200] "GET /robots.txt HTTP/1.1" 200 304 "-" "Mozilla/5.0 (compatible; SearchmetricsBot; http://www.searchmetrics.com/en/searchmetrics-bot/)"
188.40.114.201 - - [07/Jun/2013:19:41:51 +0200] "GET / HTTP/1.1" 200 16876 "-" "Mozilla/5.0 (compatible; SearchmetricsBot; http://www.searchmetrics.com/en/searchmetrics-bot/)"
188.40.114.201 - - [07/Jun/2013:19:41:53 +0200] "GET /media/system/js/mootools.js HTTP/1.1" 200 74434 "-" "Mozilla/5.0 (compatible; SearchmetricsBot; http://www.searchmetrics.com/en/searchmetrics-bot/)"
188.40.114.201 - - [07/Jun/2013:19:41:58 +0200] "GET /templates/gk_penguinmail/js/domready_fix.js HTTP/1.1" 200 1340 "-" "Mozilla/5.0 (compatible; SearchmetricsBot; http://www.searchmetrics.com/en/searchmetrics-bot/)"
188.40.114.201 - - [07/Jun/2013:19:41:58 +0200] "GET /media/system/js/caption.js HTTP/1.1" 200 1963 "-" "Mozilla/5.0 (compatible; SearchmetricsBot; http://www.searchmetrics.com/en/searchmetrics-bot/)"
188.40.114.201 - - [07/Jun/2013:19:41:58 +0200] "GET /templates/gk_penguinmail/js/gk.script.js HTTP/1.1" 200 4585 "-" "Mozilla/5.0 (compatible; SearchmetricsBot; http://www.searchmetrics.com/en/searchmetrics-bot/)"
188.40.114.201 - - [07/Jun/2013:19:41:58 +0200] "GET /templates/gk_penguinmail/js/menu/mega.js HTTP/1.1" 200 12974 "-" "Mozilla/5.0 (compatible; SearchmetricsBot; http://www.searchmetrics.com/en/searchmetrics-bot/)"
157.55.32.95 - - [07/Jun/2013:19:54:37 +0200] "GET /unternehmen/partner/58.html HTTP/1.1" 200 17121 "-" "Mozilla/5.0 (compatible; bingbot/2.0; +http://www.bing.com/bingbot.htm)"
157.55.35.47 - - [07/Jun/2013:20:27:45 +0200] "GET /unternehmen/partner.html HTTP/1.1" 200 16755 "-" "Mozilla/5.0 (compatible; bingbot/2.0; +http://www.bing.com/bingbot.htm)"
139.18.2.209 - - [07/Jun/2013:20:28:54 +0200] "GET /servicebereiche/strassenreinigung/58-sitemap.html?tmpl=component&print=1&page= HTTP/1.1" 200 3365 "-" "findlinks/2.6 (+http://wortschatz.uni-leipzig.de/findlinks/)"
139.18.2.209 - - [07/Jun/2013:20:28:54 +0200] "GET /servicebereiche/strassenreinigung/58-sitemap.html?tmpl=component&print=1&page= HTTP/1.1" 200 3365 "-" "findlinks/2.6 (+http://wortschatz.uni-leipzig.de/findlinks/)"
157.55.35.47 - - [07/Jun/2013:21:21:38 +0200] "GET /servicebereiche/gebaeudemanagement.html HTTP/1.1" 200 16821 "-" "Mozilla/5.0 (compatible; bingbot/2.0; +http://www.bing.com/bingbot.htm)"
66.249.78.60 - - [07/Jun/2013:21:55:15 +0200] "GET /unternehmen/jobs.html HTTP/1.1" 200 13506 "-" "Mozilla/5.0 (iPhone; U; CPU iPhone OS 4_1 like Mac OS X; en-us) AppleWebKit/532.9 (KHTML, like Gecko) Version/4.0.5 Mobile/8B117 Safari/6531.22.7 (compatible; Googlebot-Mobile/2.1; +http://www.google.com/bot.html)"
72.14.199.137 - - [07/Jun/2013:21:58:51 +0200] "GET / HTTP/1.1" 200 8915 "-" "AdsBot-Google-Mobile (+http://www.google.com/mobile/adsbot.html) Mozilla (iPhone; U; CPU iPhone OS 3 0 like Mac OS X) AppleWebKit (KHTML, like Gecko) Mobile Safari"
72.14.199.137 - - [07/Jun/2013:22:00:53 +0200] "GET /templates/gk_penguinmail/css/template.css HTTP/1.1" 200 9192 "-" "AdsBot-Google (+http://www.google.com/adsbot.html)"
72.14.199.137 - - [07/Jun/2013:22:00:54 +0200] "GET /templates/gk_penguinmail/css/gk_stuff.css HTTP/1.1" 200 12799 "-" "AdsBot-Google (+http://www.google.com/adsbot.html)"
72.14.199.137 - - [07/Jun/2013:22:00:54 +0200] "GET /images/galabau_002.jpg HTTP/1.1" 200 42117 "-" "AdsBot-Google (+http://www.google.com/adsbot.html)"
72.14.199.137 - - [07/Jun/2013:22:00:54 +0200] "GET /templates/gk_penguinmail/js/domready_fix.js HTTP/1.1" 200 1340 "-" "AdsBot-Google (+http://www.google.com/adsbot.html)"
72.14.199.137 - - [07/Jun/2013:22:00:55 +0200] "GET /templates/gk_penguinmail/css/addons.css HTTP/1.1" 200 2644 "-" "AdsBot-Google (+http://www.google.com/adsbot.html)"
72.14.199.137 - - [07/Jun/2013:22:00:56 +0200] "GET /media/system/js/mootools.js HTTP/1.1" 200 74434 "-" "AdsBot-Google (+http://www.google.com/adsbot.html)"
72.14.199.137 - - [07/Jun/2013:22:00:56 +0200] "GET /images/header_neu.png HTTP/1.1" 200 340608 "-" "AdsBot-Google (+http://www.google.com/adsbot.html)"
72.14.199.137 - - [07/Jun/2013:22:00:57 +0200] "GET /templates/gk_penguinmail/fonts/PT-Seans/stylesheet.css HTTP/1.1" 200 2445 "-" "AdsBot-Google (+http://www.google.com/adsbot.html)"
72.14.199.137 - - [07/Jun/2013:22:00:58 +0200] "GET /media/system/js/caption.js HTTP/1.1" 200 1963 "-" "AdsBot-Google (+http://www.google.com/adsbot.html)"
72.14.199.137 - - [07/Jun/2013:22:00:58 +0200] "GET /templates/gk_penguinmail/css/typo.css HTTP/1.1" 200 15356 "-" "AdsBot-Google (+http://www.google.com/adsbot.html)"
72.14.199.137 - - [07/Jun/2013:22:00:59 +0200] "GET /templates/gk_penguinmail/css/css3_style3.css HTTP/1.1" 200 2980 "-" "AdsBot-Google (+http://www.google.com/adsbot.html)"
72.14.199.137 - - [07/Jun/2013:22:00:59 +0200] "GET /templates/gk_penguinmail/js/gk.script.js HTTP/1.1" 200 4585 "-" "AdsBot-Google (+http://www.google.com/adsbot.html)"
72.14.199.137 - - [07/Jun/2013:22:01:00 +0200] "GET /templates/gk_penguinmail/css/layout.css HTTP/1.1" 200 1684 "-" "AdsBot-Google (+http://www.google.com/adsbot.html)"
72.14.199.137 - - [07/Jun/2013:22:01:01 +0200] "GET /templates/gk_penguinmail/js/menu/mega.js HTTP/1.1" 200 12974 "-" "AdsBot-Google (+http://www.google.com/adsbot.html)"
72.14.199.137 - - [07/Jun/2013:22:01:01 +0200] "GET /templates/gk_penguinmail/css/style3.css HTTP/1.1" 200 13892 "-" "AdsBot-Google (+http://www.google.com/adsbot.html)"
72.14.199.137 - - [07/Jun/2013:22:01:02 +0200] "GET /templates/gk_penguinmail/css/joomla.css HTTP/1.1" 200 14242 "-" "AdsBot-Google (+http://www.google.com/adsbot.html)"
72.14.199.137 - - [07/Jun/2013:22:01:03 +0200] "GET /images/kontaktformular.jpg HTTP/1.1" 200 42791 "-" "AdsBot-Google (+http://www.google.com/adsbot.html)"
72.14.199.137 - - [07/Jun/2013:22:01:03 +0200] "GET /images/gmm2.jpg HTTP/1.1" 200 47432 "-" "AdsBot-Google (+http://www.google.com/adsbot.html)"
72.14.199.137 - - [07/Jun/2013:22:01:04 +0200] "GET /templates/gk_penguinmail/css/template.css HTTP/1.1" 200 9192 "-" "AdsBot-Google-Mobile (+http://www.google.com/mobile/adsbot.html) Mozilla (iPhone; U; CPU iPhone OS 3 0 like Mac OS X) AppleWebKit (KHTML, like Gecko) Mobile Safari"
72.14.199.137 - - [07/Jun/2013:22:01:04 +0200] "GET /templates/system/css/general.css HTTP/1.1" 200 2777 "-" "AdsBot-Google (+http://www.google.com/adsbot.html)"
72.14.199.137 - - [07/Jun/2013:22:01:05 +0200] "GET /templates/gk_penguinmail/js/iphone.js HTTP/1.1" 200 5379 "-" "AdsBot-Google-Mobile (+http://www.google.com/mobile/adsbot.html) Mozilla (iPhone; U; CPU iPhone OS 3 0 like Mac OS X) AppleWebKit (KHTML, like Gecko) Mobile Safari"
72.14.199.137 - - [07/Jun/2013:22:01:05 +0200] "GET /templates/system/css/system.css HTTP/1.1" 200 1385 "-" "AdsBot-Google (+http://www.google.com/adsbot.html)"
72.14.199.137 - - [07/Jun/2013:22:01:06 +0200] "GET /images/winterdienst_005.jpg HTTP/1.1" 200 48793 "-" "AdsBot-Google (+http://www.google.com/adsbot.html)"
72.14.199.137 - - [07/Jun/2013:22:01:07 +0200] "GET /media/system/js/caption.js HTTP/1.1" 200 1963 "-" "AdsBot-Google-Mobile (+http://www.google.com/mobile/adsbot.html) Mozilla (iPhone; U; CPU iPhone OS 3 0 like Mac OS X) AppleWebKit (KHTML, like Gecko) Mobile Safari"
72.14.199.137 - - [07/Jun/2013:22:01:07 +0200] "GET /templates/gk_penguinmail/css/override.css HTTP/1.1" 200 3916 "-" "AdsBot-Google (+http://www.google.com/adsbot.html)"
72.14.199.137 - - [07/Jun/2013:22:01:08 +0200] "GET /media/system/js/mootools.js HTTP/1.1" 200 74434 "-" "AdsBot-Google-Mobile (+http://www.google.com/mobile/adsbot.html) Mozilla (iPhone; U; CPU iPhone OS 3 0 like Mac OS X) AppleWebKit (KHTML, like Gecko) Mobile Safari"
72.14.199.137 - - [07/Jun/2013:22:01:08 +0200] "GET /templates/gk_penguinmail/css/menu/mega.css HTTP/1.1" 200 4575 "-" "AdsBot-Google (+http://www.google.com/adsbot.html)"
72.14.199.137 - - [07/Jun/2013:22:01:09 +0200] "GET /templates/gk_penguinmail/css/handheld/iphone.css HTTP/1.1" 200 5360 "-" "AdsBot-Google-Mobile (+http://www.google.com/mobile/adsbot.html) Mozilla (iPhone; U; CPU iPhone OS 3 0 like Mac OS X) AppleWebKit (KHTML, like Gecko) Mobile Safari"
93.219.134.208 - - [07/Jun/2013:22:03:36 +0200] "GET / HTTP/1.1" 200 16872 "-" "Mozilla/5.0 (Windows; U; Windows NT 6.0; de; rv:1.9.2.3) Gecko/20100401 Firefox/3.6.3 ( .NET CLR 3.5.30729)"
66.249.75.137 - - [07/Jun/2013:22:47:51 +0200] "GET /servicebereiche/winterdienst/58.html HTTP/1.1" 200 18854 "-" "Mozilla/5.0 (compatible; Googlebot/2.1; +http://www.google.com/bot.html)"
66.249.78.60 - - [07/Jun/2013:22:55:23 +0200] "GET /index.php HTTP/1.1" 200 16894 "-" "Mozilla/5.0 (compatible; Googlebot/2.1; +http://www.google.com/bot.html)"
208.115.111.71 - - [07/Jun/2013:22:58:37 +0200] "GET /robots.txt HTTP/1.1" 200 304 "-" "Mozilla/5.0 (compatible; Ezooms/1.0; ezooms.bot@gmail.com)"
66.249.78.60 - - [07/Jun/2013:23:08:47 +0200] "GET /component/content/46.html HTTP/1.1" 500 2511 "-" "Mozilla/5.0 (compatible; Googlebot/2.1; +http://www.google.com/bot.html)"
92.78.118.91 - - [07/Jun/2013:23:09:19 +0200] "GET /servicebereiche/winterdienst.html HTTP/1.1" 200 27640 "-" "Mozilla/5.0 (iPad; CPU OS 6_1_3 like Mac OS X) AppleWebKit/536.26 (KHTML, like Gecko) Version/6.0 Mobile/10B329 Safari/8536.25"
92.78.118.91 - - [07/Jun/2013:23:09:20 +0200] "GET /templates/system/css/system.css HTTP/1.1" 200 1385 "http://www.straman.de/servicebereiche/winterdienst.html" "Mozilla/5.0 (iPad; CPU OS 6_1_3 like Mac OS X) AppleWebKit/536.26 (KHTML, like Gecko) Version/6.0 Mobile/10B329 Safari/8536.25"
92.78.118.91 - - [07/Jun/2013:23:09:20 +0200] "GET /templates/system/css/general.css HTTP/1.1" 200 2777 "http://www.straman.de/servicebereiche/winterdienst.html" "Mozilla/5.0 (iPad; CPU OS 6_1_3 like Mac OS X) AppleWebKit/536.26 (KHTML, like Gecko) Version/6.0 Mobile/10B329 Safari/8536.25"
92.78.118.91 - - [07/Jun/2013:23:09:20 +0200] "GET /templates/gk_penguinmail/css/addons.css HTTP/1.1" 200 2644 "http://www.straman.de/servicebereiche/winterdienst.html" "Mozilla/5.0 (iPad; CPU OS 6_1_3 like Mac OS X) AppleWebKit/536.26 (KHTML, like Gecko) Version/6.0 Mobile/10B329 Safari/8536.25"
92.78.118.91 - - [07/Jun/2013:23:09:20 +0200] "GET /templates/gk_penguinmail/css/layout.css HTTP/1.1" 200 1684 "http://www.straman.de/servicebereiche/winterdienst.html" "Mozilla/5.0 (iPad; CPU OS 6_1_3 like Mac OS X) AppleWebKit/536.26 (KHTML, like Gecko) Version/6.0 Mobile/10B329 Safari/8536.25"
92.78.118.91 - - [07/Jun/2013:23:09:20 +0200] "GET /templates/gk_penguinmail/css/template.css HTTP/1.1" 200 9192 "http://www.straman.de/servicebereiche/winterdienst.html" "Mozilla/5.0 (iPad; CPU OS 6_1_3 like Mac OS X) AppleWebKit/536.26 (KHTML, like Gecko) Version/6.0 Mobile/10B329 Safari/8536.25"
92.78.118.91 - - [07/Jun/2013:23:09:20 +0200] "GET /templates/gk_penguinmail/css/joomla.css HTTP/1.1" 200 14242 "http://www.straman.de/servicebereiche/winterdienst.html" "Mozilla/5.0 (iPad; CPU OS 6_1_3 like Mac OS X) AppleWebKit/536.26 (KHTML, like Gecko) Version/6.0 Mobile/10B329 Safari/8536.25"
92.78.118.91 - - [07/Jun/2013:23:09:20 +0200] "GET /templates/gk_penguinmail/css/gk_stuff.css HTTP/1.1" 200 12799 "http://www.straman.de/servicebereiche/winterdienst.html" "Mozilla/5.0 (iPad; CPU OS 6_1_3 like Mac OS X) AppleWebKit/536.26 (KHTML, like Gecko) Version/6.0 Mobile/10B329 Safari/8536.25"
92.78.118.91 - - [07/Jun/2013:23:09:20 +0200] "GET /templates/gk_penguinmail/css/typo.css HTTP/1.1" 200 15356 "http://www.straman.de/servicebereiche/winterdienst.html" "Mozilla/5.0 (iPad; CPU OS 6_1_3 like Mac OS X) AppleWebKit/536.26 (KHTML, like Gecko) Version/6.0 Mobile/10B329 Safari/8536.25"
92.78.118.91 - - [07/Jun/2013:23:09:20 +0200] "GET /templates/gk_penguinmail/css/css3_style3.css HTTP/1.1" 200 2980 "http://www.straman.de/servicebereiche/winterdienst.html" "Mozilla/5.0 (iPad; CPU OS 6_1_3 like Mac OS X) AppleWebKit/536.26 (KHTML, like Gecko) Version/6.0 Mobile/10B329 Safari/8536.25"
92.78.118.91 - - [07/Jun/2013:23:09:20 +0200] "GET /templates/gk_penguinmail/css/style3.css HTTP/1.1" 200 13892 "http://www.straman.de/servicebereiche/winterdienst.html" "Mozilla/5.0 (iPad; CPU OS 6_1_3 like Mac OS X) AppleWebKit/536.26 (KHTML, like Gecko) Version/6.0 Mobile/10B329 Safari/8536.25"
92.78.118.91 - - [07/Jun/2013:23:09:20 +0200] "GET /templates/gk_penguinmail/css/override.css HTTP/1.1" 200 3916 "http://www.straman.de/servicebereiche/winterdienst.html" "Mozilla/5.0 (iPad; CPU OS 6_1_3 like Mac OS X) AppleWebKit/536.26 (KHTML, like Gecko) Version/6.0 Mobile/10B329 Safari/8536.25"
92.78.118.91 - - [07/Jun/2013:23:09:20 +0200] "GET /templates/gk_penguinmail/css/menu/mega.css HTTP/1.1" 200 4575 "http://www.straman.de/servicebereiche/winterdienst.html" "Mozilla/5.0 (iPad; CPU OS 6_1_3 like Mac OS X) AppleWebKit/536.26 (KHTML, like Gecko) Version/6.0 Mobile/10B329 Safari/8536.25"
92.78.118.91 - - [07/Jun/2013:23:09:20 +0200] "GET /templates/gk_penguinmail/fonts/PT-Seans/stylesheet.css HTTP/1.1" 200 2445 "http://www.straman.de/servicebereiche/winterdienst.html" "Mozilla/5.0 (iPad; CPU OS 6_1_3 like Mac OS X) AppleWebKit/536.26 (KHTML, like Gecko) Version/6.0 Mobile/10B329 Safari/8536.25"
92.78.118.91 - - [07/Jun/2013:23:09:20 +0200] "GET /templates/gk_penguinmail/css/template_winterdienst.css HTTP/1.1" 200 109 "http://www.straman.de/servicebereiche/winterdienst.html" "Mozilla/5.0 (iPad; CPU OS 6_1_3 like Mac OS X) AppleWebKit/536.26 (KHTML, like Gecko) Version/6.0 Mobile/10B329 Safari/8536.25"
92.78.118.91 - - [07/Jun/2013:23:09:21 +0200] "GET /media/system/js/mootools.js HTTP/1.1" 200 74434 "http://www.straman.de/servicebereiche/winterdienst.html" "Mozilla/5.0 (iPad; CPU OS 6_1_3 like Mac OS X) AppleWebKit/536.26 (KHTML, like Gecko) Version/6.0 Mobile/10B329 Safari/8536.25"
92.78.118.91 - - [07/Jun/2013:23:09:21 +0200] "GET /templates/gk_penguinmail/js/domready_fix.js HTTP/1.1" 200 1340 "http://www.straman.de/servicebereiche/winterdienst.html" "Mozilla/5.0 (iPad; CPU OS 6_1_3 like Mac OS X) AppleWebKit/536.26 (KHTML, like Gecko) Version/6.0 Mobile/10B329 Safari/8536.25"
92.78.118.91 - - [07/Jun/2013:23:09:21 +0200] "GET /media/system/js/caption.js HTTP/1.1" 200 1963 "http://www.straman.de/servicebereiche/winterdienst.html" "Mozilla/5.0 (iPad; CPU OS 6_1_3 like Mac OS X) AppleWebKit/536.26 (KHTML, like Gecko) Version/6.0 Mobile/10B329 Safari/8536.25"
92.78.118.91 - - [07/Jun/2013:23:09:21 +0200] "GET /templates/gk_penguinmail/js/gk.script.js HTTP/1.1" 200 4585 "http://www.straman.de/servicebereiche/winterdienst.html" "Mozilla/5.0 (iPad; CPU OS 6_1_3 like Mac OS X) AppleWebKit/536.26 (KHTML, like Gecko) Version/6.0 Mobile/10B329 Safari/8536.25"
92.78.118.91 - - [07/Jun/2013:23:09:21 +0200] "GET /templates/gk_penguinmail/js/menu/mega.js HTTP/1.1" 200 12974 "http://www.straman.de/servicebereiche/winterdienst.html" "Mozilla/5.0 (iPad; CPU OS 6_1_3 like Mac OS X) AppleWebKit/536.26 (KHTML, like Gecko) Version/6.0 Mobile/10B329 Safari/8536.25"
92.78.118.91 - - [07/Jun/2013:23:09:22 +0200] "GET /images/header_orange.png HTTP/1.1" 200 36919 "http://www.straman.de/servicebereiche/winterdienst.html" "Mozilla/5.0 (iPad; CPU OS 6_1_3 like Mac OS X) AppleWebKit/536.26 (KHTML, like Gecko) Version/6.0 Mobile/10B329 Safari/8536.25"
92.78.118.91 - - [07/Jun/2013:23:09:22 +0200] "GET /templates/gk_penguinmail/images/emailButton.png HTTP/1.1" 200 365 "http://www.straman.de/servicebereiche/winterdienst.html" "Mozilla/5.0 (iPad; CPU OS 6_1_3 like Mac OS X) AppleWebKit/536.26 (KHTML, like Gecko) Version/6.0 Mobile/10B329 Safari/8536.25"
92.78.118.91 - - [07/Jun/2013:23:09:22 +0200] "GET /templates/gk_penguinmail/images/printButton.png HTTP/1.1" 200 442 "http://www.straman.de/servicebereiche/winterdienst.html" "Mozilla/5.0 (iPad; CPU OS 6_1_3 like Mac OS X) AppleWebKit/536.26 (KHTML, like Gecko) Version/6.0 Mobile/10B329 Safari/8536.25"
92.78.118.91 - - [07/Jun/2013:23:09:22 +0200] "GET /templates/gk_penguinmail/images/grau2.jpg HTTP/1.1" 200 25139 "http://www.straman.de/servicebereiche/winterdienst.html" "Mozilla/5.0 (iPad; CPU OS 6_1_3 like Mac OS X) AppleWebKit/536.26 (KHTML, like Gecko) Version/6.0 Mobile/10B329 Safari/8536.25"
92.78.118.91 - - [07/Jun/2013:23:09:22 +0200] "GET /templates/gk_penguinmail/images/style3/menu_sprite.png HTTP/1.1" 200 450 "http://www.straman.de/servicebereiche/winterdienst.html" "Mozilla/5.0 (iPad; CPU OS 6_1_3 like Mac OS X) AppleWebKit/536.26 (KHTML, like Gecko) Version/6.0 Mobile/10B329 Safari/8536.25"
92.78.118.91 - - [07/Jun/2013:23:09:22 +0200] "GET /templates/gk_penguinmail/images/toolsFont.png HTTP/1.1" 200 467 "http://www.straman.de/servicebereiche/winterdienst.html" "Mozilla/5.0 (iPad; CPU OS 6_1_3 like Mac OS X) AppleWebKit/536.26 (KHTML, like Gecko) Version/6.0 Mobile/10B329 Safari/8536.25"
92.78.118.91 - - [07/Jun/2013:23:09:22 +0200] "GET /templates/gk_penguinmail/images/menu_sprite.png HTTP/1.1" 404 2467 "http://www.straman.de/servicebereiche/winterdienst.html" "Mozilla/5.0 (iPad; CPU OS 6_1_3 like Mac OS X) AppleWebKit/536.26 (KHTML, like Gecko) Version/6.0 Mobile/10B329 Safari/8536.25"
92.78.118.91 - - [07/Jun/2013:23:09:22 +0200] "GET /templates/gk_penguinmail/images/style3/typography/bullet_squ1_color.png HTTP/1.1" 200 149 "http://www.straman.de/servicebereiche/winterdienst.html" "Mozilla/5.0 (iPad; CPU OS 6_1_3 like Mac OS X) AppleWebKit/536.26 (KHTML, like Gecko) Version/6.0 Mobile/10B329 Safari/8536.25"
92.78.118.91 - - [07/Jun/2013:23:09:22 +0200] "GET /images/winterdienst_001.jpg HTTP/1.1" 200 107331 "http://www.straman.de/servicebereiche/winterdienst.html" "Mozilla/5.0 (iPad; CPU OS 6_1_3 like Mac OS X) AppleWebKit/536.26 (KHTML, like Gecko) Version/6.0 Mobile/10B329 Safari/8536.25"
92.78.118.91 - - [07/Jun/2013:23:09:23 +0200] "GET /templates/gk_penguinmail/images/logo.png HTTP/1.1" 200 6608 "http://www.straman.de/servicebereiche/winterdienst.html" "Mozilla/5.0 (iPad; CPU OS 6_1_3 like Mac OS X) AppleWebKit/536.26 (KHTML, like Gecko) Version/6.0 Mobile/10B329 Safari/8536.25"
92.78.118.91 - - [07/Jun/2013:23:09:22 +0200] "GET /images/winterdienst_002.jpg HTTP/1.1" 200 163909 "http://www.straman.de/servicebereiche/winterdienst.html" "Mozilla/5.0 (iPad; CPU OS 6_1_3 like Mac OS X) AppleWebKit/536.26 (KHTML, like Gecko) Version/6.0 Mobile/10B329 Safari/8536.25"
92.78.118.91 - - [07/Jun/2013:23:09:24 +0200] "GET /templates/gk_penguinmail/images/button.png HTTP/1.1" 200 87 "http://www.straman.de/servicebereiche/winterdienst.html" "Mozilla/5.0 (iPad; CPU OS 6_1_3 like Mac OS X) AppleWebKit/536.26 (KHTML, like Gecko) Version/6.0 Mobile/10B329 Safari/8536.25"
17.199.16.109 - - [07/Jun/2013:23:18:01 +0200] "HEAD / HTTP/1.1" 200 - "-" "curl/7.28.1"
93.219.134.208 - - [07/Jun/2013:23:27:17 +0200] "GET /servicebereiche/winterdienst.html HTTP/1.1" 200 27639 "-" "Mozilla/5.0 (Windows; U; Windows NT 6.0; de; rv:1.9.2.3) Gecko/20100401 Firefox/3.6.3 ( .NET CLR 3.5.30729)"
93.219.134.208 - - [07/Jun/2013:23:33:32 +0200] "GET /unternehmen/partner.html HTTP/1.1" 200 16751 "-" "Mozilla/5.0 (Windows; U; Windows NT 6.0; de; rv:1.9.2.3) Gecko/20100401 Firefox/3.6.3 ( .NET CLR 3.5.30729)"
178.238.232.180 - - [07/Jun/2013:23:35:12 +0200] "GET / HTTP/1.1" 200 18024 "-" "-"
178.238.232.180 - - [07/Jun/2013:23:35:13 +0200] "GET / HTTP/1.1" 200 18024 "-" "-"
178.238.232.180 - - [07/Jun/2013:23:35:13 +0200] "GET / HTTP/1.1" 200 18024 "-" "-"
178.238.232.180 - - [07/Jun/2013:23:35:13 +0200] "GET /unternehmen/impressum.html HTTP/1.1" 200 21655 "-" "-"
93.219.134.208 - - [07/Jun/2013:23:42:39 +0200] "GET /unternehmen/impressum.html HTTP/1.1" 200 20498 "-" "Mozilla/5.0 (Windows; U; Windows NT 6.0; de; rv:1.9.2.3) Gecko/20100401 Firefox/3.6.3 ( .NET CLR 3.5.30729)"
93.219.134.208 - - [07/Jun/2013:23:52:53 +0200] "GET /servicebereiche/strassenreinigung.html HTTP/1.1" 200 18879 "-" "Mozilla/5.0 (Windows; U; Windows NT 6.0; de; rv:1.9.2.3) Gecko/20100401 Firefox/3.6.3 ( .NET CLR 3.5.30729)"
93.219.134.208 - - [07/Jun/2013:23:55:27 +0200] "GET /index.php?option=com_forme&fid=2&Itemid=65 HTTP/1.1" 200 19182 "-" "Mozilla/5.0 (Windows; U; Windows NT 6.0; de; rv:1.9.2.3) Gecko/20100401 Firefox/3.6.3 ( .NET CLR 3.5.30729)"
139.18.2.209 - - [08/Jun/2013:00:16:57 +0200] "GET / HTTP/1.1" 200 16876 "-" "findlinks/2.6 (+http://wortschatz.uni-leipzig.de/findlinks/)"
139.18.2.209 - - [08/Jun/2013:00:16:59 +0200] "GET / HTTP/1.1" 200 16876 "-" "findlinks/2.6 (+http://wortschatz.uni-leipzig.de/findlinks/)"
66.249.78.60 - - [08/Jun/2013:00:35:46 +0200] "GET /servicebereiche/strassenreinigung.html HTTP/1.1" 200 11259 "-" "Mozilla/5.0 (iPhone; U; CPU iPhone OS 4_1 like Mac OS X; en-us) AppleWebKit/532.9 (KHTML, like Gecko) Version/4.0.5 Mobile/8B117 Safari/6531.22.7 (compatible; Googlebot-Mobile/2.1; +http://www.google.com/bot.html)"
141.8.147.12 - - [08/Jun/2013:00:48:30 +0200] "GET /robots.txt HTTP/1.1" 200 304 "-" "Mozilla/5.0 (compatible; YandexBot/3.0; +http://yandex.com/bots)"
23.23.70.118 - - [08/Jun/2013:00:51:02 +0200] "GET / HTTP/1.0" 200 16876 "-" "Mozilla/5.0 (compatible; NetcraftSurveyAgent/1.0; +info@netcraft.com)"
93.219.134.208 - - [08/Jun/2013:00:55:17 +0200] "GET /kontakt.html HTTP/1.1" 200 16593 "-" "Mozilla/5.0 (Windows; U; Windows NT 6.0; de; rv:1.9.2.3) Gecko/20100401 Firefox/3.6.3 ( .NET CLR 3.5.30729)"
208.115.113.87 - - [08/Jun/2013:00:58:30 +0200] "GET /robots.txt HTTP/1.1" 200 304 "-" "Mozilla/5.0 (compatible; Ezooms/1.0; ezooms.bot@gmail.com)"
208.115.111.71 - - [08/Jun/2013:01:03:16 +0200] "GET /servicebereiche/gebaeudemanagement.html HTTP/1.1" 200 16821 "-" "Mozilla/5.0 (compatible; Ezooms/1.0; ezooms.bot@gmail.com)"
93.219.134.208 - - [08/Jun/2013:01:18:27 +0200] "GET /servicebereiche/infrastr-gebaeudemanagement.html HTTP/1.1" 200 17030 "-" "Mozilla/5.0 (Windows; U; Windows NT 6.0; de; rv:1.9.2.3) Gecko/20100401 Firefox/3.6.3 ( .NET CLR 3.5.30729)"
93.219.134.208 - - [08/Jun/2013:01:23:35 +0200] "GET /servicebereiche/gruenanlagenpflege.html HTTP/1.1" 200 23634 "-" "Mozilla/5.0 (Windows; U; Windows NT 6.0; de; rv:1.9.2.3) Gecko/20100401 Firefox/3.6.3 ( .NET CLR 3.5.30729)"
93.219.134.208 - - [08/Jun/2013:01:44:00 +0200] "GET /referenzen.html HTTP/1.1" 200 19792 "-" "Mozilla/5.0 (Windows; U; Windows NT 6.0; de; rv:1.9.2.3) Gecko/20100401 Firefox/3.6.3 ( .NET CLR 3.5.30729)"
93.219.134.208 - - [08/Jun/2013:02:13:48 +0200] "GET /index.php HTTP/1.1" 200 16890 "-" "Mozilla/5.0 (Windows; U; Windows NT 6.0; de; rv:1.9.2.3) Gecko/20100401 Firefox/3.6.3 ( .NET CLR 3.5.30729)"
93.219.134.208 - - [08/Jun/2013:02:47:03 +0200] "GET /index.php?option=com_user&view=login HTTP/1.1" 200 17721 "-" "Mozilla/5.0 (Windows; U; Windows NT 6.0; de; rv:1.9.2.3) Gecko/20100401 Firefox/3.6.3 ( .NET CLR 3.5.30729)"
176.57.141.254 - - [08/Jun/2013:02:51:29 +0200] "GET /unternehmen/impressum.html HTTP/1.1" 200 20503 "-" "Mozilla/5.0 (X11; Linux i686; rv:6.0) Gecko/20100101 Firefox/6.0"
93.219.134.208 - - [08/Jun/2013:02:53:18 +0200] "GET /unternehmen/imagevideo-straman.html HTTP/1.1" 200 15246 "-" "Mozilla/5.0 (Windows; U; Windows NT 6.0; de; rv:1.9.2.3) Gecko/20100401 Firefox/3.6.3 ( .NET CLR 3.5.30729)"
93.219.134.208 - - [08/Jun/2013:02:55:34 +0200] "GET /unternehmen/standorte.html HTTP/1.1" 200 17537 "-" "Mozilla/5.0 (Windows; U; Windows NT 6.0; de; rv:1.9.2.3) Gecko/20100401 Firefox/3.6.3 ( .NET CLR 3.5.30729)"
208.115.111.71 - - [08/Jun/2013:02:56:14 +0200] "GET /robots.txt HTTP/1.1" 200 304 "-" "Mozilla/5.0 (compatible; Ezooms/1.0; ezooms.bot@gmail.com)"
208.115.113.87 - - [08/Jun/2013:03:04:44 +0200] "GET /servicebereiche/gruenanlagenpflege/58.html HTTP/1.1" 200 17557 "-" "Mozilla/5.0 (compatible; Ezooms/1.0; ezooms.bot@gmail.com)"
141.8.147.12 - - [08/Jun/2013:03:34:01 +0200] "GET /kontakt.html?fid=1 HTTP/1.1" 200 16603 "-" "Mozilla/5.0 (compatible; YandexBot/3.0; +http://yandex.com/bots)"
37.24.153.235 - - [08/Jun/2013:04:02:13 +0200] "GET /index.php HTTP/1.1" 200 16894 "-" "findlinks/2.6 (+http://wortschatz.uni-leipzig.de/findlinks/)"
37.24.153.235 - - [08/Jun/2013:04:02:14 +0200] "GET /index.php HTTP/1.1" 200 16894 "-" "findlinks/2.6 (+http://wortschatz.uni-leipzig.de/findlinks/)"
173.199.116.235 - - [08/Jun/2013:04:02:46 +0200] "GET /unternehmen/historie.html?tmpl=component&print=1&page= HTTP/1.1" 200 1958 "-" "Mozilla/5.0 (compatible; AhrefsBot/4.0; +http://ahrefs.com/robot/)"
66.249.78.60 - - [08/Jun/2013:04:28:23 +0200] "GET /news.html HTTP/1.1" 200 16470 "-" "Mozilla/5.0 (iPhone; U; CPU iPhone OS 4_1 like Mac OS X; en-us) AppleWebKit/532.9 (KHTML, like Gecko) Version/4.0.5 Mobile/8B117 Safari/6531.22.7 (compatible; Googlebot-Mobile/2.1; +http://www.google.com/bot.html)"
173.199.116.235 - - [08/Jun/2013:04:48:12 +0200] "GET /component/user/reset.html HTTP/1.1" 200 14010 "-" "Mozilla/5.0 (compatible; AhrefsBot/4.0; +http://ahrefs.com/robot/)"
65.55.52.112 - - [08/Jun/2013:04:49:08 +0200] "GET /robots.txt HTTP/1.1" 200 304 "-" "Mozilla/5.0 (compatible; bingbot/2.0; +http://www.bing.com/bingbot.htm)"
65.55.52.112 - - [08/Jun/2013:04:49:58 +0200] "GET /unternehmen/jobs.html HTTP/1.1" 200 20701 "-" "Mozilla/5.0 (compatible; bingbot/2.0; +http://www.bing.com/bingbot.htm)"
93.219.134.208 - - [08/Jun/2013:04:57:35 +0200] "GET /unternehmen/historie.html HTTP/1.1" 200 16078 "-" "Mozilla/5.0 (Windows; U; Windows NT 6.0; de; rv:1.9.2.3) Gecko/20100401 Firefox/3.6.3 ( .NET CLR 3.5.30729)"
93.219.134.208 - - [08/Jun/2013:05:00:09 +0200] "GET /servicebereiche/gebaeudemanagement.html HTTP/1.1" 200 16817 "-" "Mozilla/5.0 (Windows; U; Windows NT 6.0; de; rv:1.9.2.3) Gecko/20100401 Firefox/3.6.3 ( .NET CLR 3.5.30729)"
93.219.134.208 - - [08/Jun/2013:05:02:50 +0200] "GET /component/content/article/58.html HTTP/1.1" 200 15657 "-" "Mozilla/5.0 (Windows; U; Windows NT 6.0; de; rv:1.9.2.3) Gecko/20100401 Firefox/3.6.3 ( .NET CLR 3.5.30729)"
208.115.111.71 - - [08/Jun/2013:05:05:13 +0200] "GET /component/mailto/?tmpl=component&link=a53efb5a67f5df9dcca758661903ba9993be8a00 HTTP/1.1" 200 2687 "-" "Mozilla/5.0 (compatible; Ezooms/1.0; ezooms.bot@gmail.com)"
93.219.134.208 - - [08/Jun/2013:05:10:38 +0200] "GET /news.html HTTP/1.1" 200 23635 "-" "Mozilla/5.0 (Windows; U; Windows NT 6.0; de; rv:1.9.2.3) Gecko/20100401 Firefox/3.6.3 ( .NET CLR 3.5.30729)"
93.219.134.208 - - [08/Jun/2013:05:12:53 +0200] "GET /unternehmen/jobs.html HTTP/1.1" 200 20697 "-" "Mozilla/5.0 (Windows; U; Windows NT 6.0; de; rv:1.9.2.3) Gecko/20100401 Firefox/3.6.3 ( .NET CLR 3.5.30729)"
66.249.78.60 - - [08/Jun/2013:05:35:53 +0200] "GET /component/forme/?fid=2 HTTP/1.1" 200 19193 "-" "Mozilla/5.0 (compatible; Googlebot/2.1; +http://www.google.com/bot.html)"
93.219.134.208 - - [08/Jun/2013:05:42:55 +0200] "GET /unternehmen/partner/58.html HTTP/1.1" 200 17117 "-" "Mozilla/5.0 (Windows; U; Windows NT 6.0; de; rv:1.9.2.3) Gecko/20100401 Firefox/3.6.3 ( .NET CLR 3.5.30729)"
93.219.134.208 - - [08/Jun/2013:05:49:24 +0200] "GET /servicebereiche/gruenanlagenpflege/58.html HTTP/1.1" 200 17553 "-" "Mozilla/5.0 (Windows; U; Windows NT 6.0; de; rv:1.9.2.3) Gecko/20100401 Firefox/3.6.3 ( .NET CLR 3.5.30729)"
93.219.134.208 - - [08/Jun/2013:05:53:26 +0200] "GET /component/mailto/?tmpl=component&link=97f89dec8d3a90a06eaee75083ae45b303687cff HTTP/1.1" 200 2687 "-" "Mozilla/5.0 (Windows; U; Windows NT 6.0; de; rv:1.9.2.3) Gecko/20100401 Firefox/3.6.3 ( .NET CLR 3.5.30729)"
66.249.78.60 - - [08/Jun/2013:06:19:42 +0200] "GET /referenzen.html HTTP/1.1" 200 12204 "-" "Mozilla/5.0 (iPhone; U; CPU iPhone OS 4_1 like Mac OS X; en-us) AppleWebKit/532.9 (KHTML, like Gecko) Version/4.0.5 Mobile/8B117 Safari/6531.22.7 (compatible; Googlebot-Mobile/2.1; +http://www.google.com/bot.html)"
93.219.134.208 - - [08/Jun/2013:06:21:25 +0200] "GET /downloadbereich/58.html HTTP/1.1" 200 16856 "-" "Mozilla/5.0 (Windows; U; Windows NT 6.0; de; rv:1.9.2.3) Gecko/20100401 Firefox/3.6.3 ( .NET CLR 3.5.30729)"
93.219.134.208 - - [08/Jun/2013:06:22:54 +0200] "GET /servicebereiche/gebaeudemanagement/58.html HTTP/1.1" 200 17125 "-" "Mozilla/5.0 (Windows; U; Windows NT 6.0; de; rv:1.9.2.3) Gecko/20100401 Firefox/3.6.3 ( .NET CLR 3.5.30729)"
93.219.134.208 - - [08/Jun/2013:06:26:26 +0200] "GET /component/forme/?fid=2 HTTP/1.1" 200 19189 "-" "Mozilla/5.0 (Windows; U; Windows NT 6.0; de; rv:1.9.2.3) Gecko/20100401 Firefox/3.6.3 ( .NET CLR 3.5.30729)"
93.219.134.208 - - [08/Jun/2013:06:27:11 +0200] "GET /servicebereiche/winterdienst/58.html HTTP/1.1" 200 18850 "-" "Mozilla/5.0 (Windows; U; Windows NT 6.0; de; rv:1.9.2.3) Gecko/20100401 Firefox/3.6.3 ( .NET CLR 3.5.30729)"
74.125.178.87 - - [08/Jun/2013:06:28:48 +0200] "GET / HTTP/1.1" 200 16842 "http://www.google.com/url?sa=t&rct=j&q=www.straman.de&source=web&cd=1&ved=0CCMQFjAF&url=http%3A%2F%2Fwww.straman.de%2F&ei=jLKyUfzYI8z7xAaXkQE&usg=AFQjCNEpeUQQKOp_93iUUo8XSnpqrpjMzA" "Mozilla/4.0 (compatible; MSIE 7.0; Windows NT 5.1; Trident/4.0)"
74.125.178.87 - - [08/Jun/2013:06:28:50 +0200] "GET /templates/gk_penguinmail/css/template.css HTTP/1.1" 200 9192 "http://www.straman.de/" "Mozilla/4.0 (compatible; MSIE 7.0; Windows NT 5.1; Trident/4.0)"
74.125.178.83 - - [08/Jun/2013:06:28:51 +0200] "GET /templates/gk_penguinmail/css/css3_style3.css HTTP/1.1" 200 2980 "http://www.straman.de/" "Mozilla/4.0 (compatible; MSIE 7.0; Windows NT 5.1; Trident/4.0)"
74.125.178.87 - - [08/Jun/2013:06:28:51 +0200] "GET /templates/gk_penguinmail/css/override.css HTTP/1.1" 200 3916 "http://www.straman.de/" "Mozilla/4.0 (compatible; MSIE 7.0; Windows NT 5.1; Trident/4.0)"
74.125.178.87 - - [08/Jun/2013:06:29:00 +0200] "GET /templates/gk_penguinmail/images/menu_sprite.png HTTP/1.1" 404 2467 "http://www.straman.de/" "Mozilla/4.0 (compatible; MSIE 7.0; Windows NT 5.1; Trident/4.0)"
74.125.178.87 - - [08/Jun/2013:06:29:01 +0200] "GET /images/kontaktformular.jpg HTTP/1.1" 200 42791 "http://www.straman.de/" "Mozilla/4.0 (compatible; MSIE 7.0; Windows NT 5.1; Trident/4.0)"
93.219.134.208 - - [08/Jun/2013:06:29:12 +0200] "GET /unternehmen/jobs/58.html HTTP/1.1" 200 17041 "-" "Mozilla/5.0 (Windows; U; Windows NT 6.0; de; rv:1.9.2.3) Gecko/20100401 Firefox/3.6.3 ( .NET CLR 3.5.30729)"
93.219.134.208 - - [08/Jun/2013:06:31:39 +0200] "GET /servicebereiche/strassenreinigung/58.html HTTP/1.1" 200 17538 "-" "Mozilla/5.0 (Windows; U; Windows NT 6.0; de; rv:1.9.2.3) Gecko/20100401 Firefox/3.6.3 ( .NET CLR 3.5.30729)"
93.219.134.208 - - [08/Jun/2013:06:34:37 +0200] "GET /unternehmen/standorte/58.html HTTP/1.1" 200 17066 "-" "Mozilla/5.0 (Windows; U; Windows NT 6.0; de; rv:1.9.2.3) Gecko/20100401 Firefox/3.6.3 ( .NET CLR 3.5.30729)"
93.219.134.208 - - [08/Jun/2013:06:43:03 +0200] "GET /unternehmen/impressum/58.html HTTP/1.1" 200 17066 "-" "Mozilla/5.0 (Windows; U; Windows NT 6.0; de; rv:1.9.2.3) Gecko/20100401 Firefox/3.6.3 ( .NET CLR 3.5.30729)"
93.219.134.208 - - [08/Jun/2013:06:50:15 +0200] "GET /kontakt.html?fid=1 HTTP/1.1" 200 16599 "-" "Mozilla/5.0 (Windows; U; Windows NT 6.0; de; rv:1.9.2.3) Gecko/20100401 Firefox/3.6.3 ( .NET CLR 3.5.30729)"
208.115.111.71 - - [08/Jun/2013:07:08:05 +0200] "GET /robots.txt HTTP/1.1" 200 304 "-" "Mozilla/5.0 (compatible; Ezooms/1.0; ezooms.bot@gmail.com)"
93.219.134.208 - - [08/Jun/2013:07:09:09 +0200] "GET /news/58.html HTTP/1.1" 200 16984 "-" "Mozilla/5.0 (Windows; U; Windows NT 6.0; de; rv:1.9.2.3) Gecko/20100401 Firefox/3.6.3 ( .NET CLR 3.5.30729)"
66.249.78.60 - - [08/Jun/2013:07:09:12 +0200] "GET /component/content/46.html HTTP/1.1" 500 2511 "-" "Mozilla/5.0 (compatible; Googlebot/2.1; +http://www.google.com/bot.html)"
93.219.134.208 - - [08/Jun/2013:07:15:09 +0200] "GET /component/mailto/?tmpl=component&link=4d090a7d0dad0ed1b40abd9c35a75b7faac292cb HTTP/1.1" 200 2687 "-" "Mozilla/5.0 (Windows; U; Windows NT 6.0; de; rv:1.9.2.3) Gecko/20100401 Firefox/3.6.3 ( .NET CLR 3.5.30729)"
66.249.78.60 - - [08/Jun/2013:07:17:15 +0200] "GET /servicebereiche/infrastr-gebaeudemanagement.html HTTP/1.1" 200 9817 "-" "Mozilla/5.0 (iPhone; U; CPU iPhone OS 4_1 like Mac OS X; en-us) AppleWebKit/532.9 (KHTML, like Gecko) Version/4.0.5 Mobile/8B117 Safari/6531.22.7 (compatible; Googlebot-Mobile/2.1; +http://www.google.com/bot.html)"
93.206.54.62 - - [08/Jun/2013:07:34:10 +0200] "GET / HTTP/1.1" 200 16873 "http://www.google.de/aclk?sa=L&ai=CQFNEBcKyUey8DKOL7QazjYGYCvGC2a8Fmdy5goMBtIf_DQgAEAEgpobwF1Dz5ISI-_____8BYJX68IGMB5ABAsgBAakCJFq0OTwvtj6qBCVP0GcphnBOuP1_kP4r98TJvn8y82XcBj0jSILo7ADijAs4tZZygAWz-P4Y2AYEgAeZjfNB&sig=AOD64_0lM0edIsL8xmZx8pnGbn0pqlgT0Q&ved=0CC4Q0Qw4Cg&adurl=http://www.straman.de&rct=j&q=erste%20mal%20neuen%20rasen%20m%C3%A4hen" "Mozilla/5.0 (iPad; CPU OS 5_1_1 like Mac OS X) AppleWebKit/534.46 (KHTML, like Gecko) Version/5.1 Mobile/9B206 Safari/7534.48.3"
93.206.54.62 - - [08/Jun/2013:07:34:10 +0200] "GET /templates/system/css/system.css HTTP/1.1" 200 1385 "http://www.straman.de/" "Mozilla/5.0 (iPad; CPU OS 5_1_1 like Mac OS X) AppleWebKit/534.46 (KHTML, like Gecko) Version/5.1 Mobile/9B206 Safari/7534.48.3"
93.206.54.62 - - [08/Jun/2013:07:34:10 +0200] "GET /templates/system/css/general.css HTTP/1.1" 200 2777 "http://www.straman.de/" "Mozilla/5.0 (iPad; CPU OS 5_1_1 like Mac OS X) AppleWebKit/534.46 (KHTML, like Gecko) Version/5.1 Mobile/9B206 Safari/7534.48.3"
93.206.54.62 - - [08/Jun/2013:07:34:10 +0200] "GET /templates/gk_penguinmail/css/addons.css HTTP/1.1" 200 2644 "http://www.straman.de/" "Mozilla/5.0 (iPad; CPU OS 5_1_1 like Mac OS X) AppleWebKit/534.46 (KHTML, like Gecko) Version/5.1 Mobile/9B206 Safari/7534.48.3"
93.206.54.62 - - [08/Jun/2013:07:34:10 +0200] "GET /templates/gk_penguinmail/css/layout.css HTTP/1.1" 200 1684 "http://www.straman.de/" "Mozilla/5.0 (iPad; CPU OS 5_1_1 like Mac OS X) AppleWebKit/534.46 (KHTML, like Gecko) Version/5.1 Mobile/9B206 Safari/7534.48.3"
93.206.54.62 - - [08/Jun/2013:07:34:10 +0200] "GET /templates/gk_penguinmail/css/joomla.css HTTP/1.1" 200 14242 "http://www.straman.de/" "Mozilla/5.0 (iPad; CPU OS 5_1_1 like Mac OS X) AppleWebKit/534.46 (KHTML, like Gecko) Version/5.1 Mobile/9B206 Safari/7534.48.3"
93.206.54.62 - - [08/Jun/2013:07:34:10 +0200] "GET /templates/gk_penguinmail/css/template.css HTTP/1.1" 200 9192 "http://www.straman.de/" "Mozilla/5.0 (iPad; CPU OS 5_1_1 like Mac OS X) AppleWebKit/534.46 (KHTML, like Gecko) Version/5.1 Mobile/9B206 Safari/7534.48.3"
93.206.54.62 - - [08/Jun/2013:07:34:10 +0200] "GET /templates/gk_penguinmail/css/gk_stuff.css HTTP/1.1" 200 12799 "http://www.straman.de/" "Mozilla/5.0 (iPad; CPU OS 5_1_1 like Mac OS X) AppleWebKit/534.46 (KHTML, like Gecko) Version/5.1 Mobile/9B206 Safari/7534.48.3"
93.206.54.62 - - [08/Jun/2013:07:34:10 +0200] "GET /templates/gk_penguinmail/css/typo.css HTTP/1.1" 200 15356 "http://www.straman.de/" "Mozilla/5.0 (iPad; CPU OS 5_1_1 like Mac OS X) AppleWebKit/534.46 (KHTML, like Gecko) Version/5.1 Mobile/9B206 Safari/7534.48.3"
93.206.54.62 - - [08/Jun/2013:07:34:10 +0200] "GET /templates/gk_penguinmail/css/css3_style3.css HTTP/1.1" 200 2980 "http://www.straman.de/" "Mozilla/5.0 (iPad; CPU OS 5_1_1 like Mac OS X) AppleWebKit/534.46 (KHTML, like Gecko) Version/5.1 Mobile/9B206 Safari/7534.48.3"
93.206.54.62 - - [08/Jun/2013:07:34:10 +0200] "GET /templates/gk_penguinmail/css/override.css HTTP/1.1" 200 3916 "http://www.straman.de/" "Mozilla/5.0 (iPad; CPU OS 5_1_1 like Mac OS X) AppleWebKit/534.46 (KHTML, like Gecko) Version/5.1 Mobile/9B206 Safari/7534.48.3"
93.206.54.62 - - [08/Jun/2013:07:34:10 +0200] "GET /templates/gk_penguinmail/css/style3.css HTTP/1.1" 200 13892 "http://www.straman.de/" "Mozilla/5.0 (iPad; CPU OS 5_1_1 like Mac OS X) AppleWebKit/534.46 (KHTML, like Gecko) Version/5.1 Mobile/9B206 Safari/7534.48.3"
93.206.54.62 - - [08/Jun/2013:07:34:10 +0200] "GET /templates/gk_penguinmail/css/menu/mega.css HTTP/1.1" 200 4575 "http://www.straman.de/" "Mozilla/5.0 (iPad; CPU OS 5_1_1 like Mac OS X) AppleWebKit/534.46 (KHTML, like Gecko) Version/5.1 Mobile/9B206 Safari/7534.48.3"
93.206.54.62 - - [08/Jun/2013:07:34:10 +0200] "GET /templates/gk_penguinmail/fonts/PT-Seans/stylesheet.css HTTP/1.1" 200 2445 "http://www.straman.de/" "Mozilla/5.0 (iPad; CPU OS 5_1_1 like Mac OS X) AppleWebKit/534.46 (KHTML, like Gecko) Version/5.1 Mobile/9B206 Safari/7534.48.3"
93.206.54.62 - - [08/Jun/2013:07:34:11 +0200] "GET /media/system/js/mootools.js HTTP/1.1" 200 74434 "http://www.straman.de/" "Mozilla/5.0 (iPad; CPU OS 5_1_1 like Mac OS X) AppleWebKit/534.46 (KHTML, like Gecko) Version/5.1 Mobile/9B206 Safari/7534.48.3"
93.206.54.62 - - [08/Jun/2013:07:34:11 +0200] "GET /templates/gk_penguinmail/js/domready_fix.js HTTP/1.1" 200 1340 "http://www.straman.de/" "Mozilla/5.0 (iPad; CPU OS 5_1_1 like Mac OS X) AppleWebKit/534.46 (KHTML, like Gecko) Version/5.1 Mobile/9B206 Safari/7534.48.3"
93.206.54.62 - - [08/Jun/2013:07:34:11 +0200] "GET /media/system/js/caption.js HTTP/1.1" 200 1963 "http://www.straman.de/" "Mozilla/5.0 (iPad; CPU OS 5_1_1 like Mac OS X) AppleWebKit/534.46 (KHTML, like Gecko) Version/5.1 Mobile/9B206 Safari/7534.48.3"
93.206.54.62 - - [08/Jun/2013:07:34:11 +0200] "GET /templates/gk_penguinmail/js/gk.script.js HTTP/1.1" 200 4585 "http://www.straman.de/" "Mozilla/5.0 (iPad; CPU OS 5_1_1 like Mac OS X) AppleWebKit/534.46 (KHTML, like Gecko) Version/5.1 Mobile/9B206 Safari/7534.48.3"
93.206.54.62 - - [08/Jun/2013:07:34:11 +0200] "GET /templates/gk_penguinmail/js/menu/mega.js HTTP/1.1" 200 12974 "http://www.straman.de/" "Mozilla/5.0 (iPad; CPU OS 5_1_1 like Mac OS X) AppleWebKit/534.46 (KHTML, like Gecko) Version/5.1 Mobile/9B206 Safari/7534.48.3"
93.206.54.62 - - [08/Jun/2013:07:34:11 +0200] "GET /images/gmm2.jpg HTTP/1.1" 200 47432 "http://www.straman.de/" "Mozilla/5.0 (iPad; CPU OS 5_1_1 like Mac OS X) AppleWebKit/534.46 (KHTML, like Gecko) Version/5.1 Mobile/9B206 Safari/7534.48.3"
93.206.54.62 - - [08/Jun/2013:07:34:11 +0200] "GET /images/galabau_002.jpg HTTP/1.1" 200 42117 "http://www.straman.de/" "Mozilla/5.0 (iPad; CPU OS 5_1_1 like Mac OS X) AppleWebKit/534.46 (KHTML, like Gecko) Version/5.1 Mobile/9B206 Safari/7534.48.3"
93.206.54.62 - - [08/Jun/2013:07:34:11 +0200] "GET /images/winterdienst_005.jpg HTTP/1.1" 200 48793 "http://www.straman.de/" "Mozilla/5.0 (iPad; CPU OS 5_1_1 like Mac OS X) AppleWebKit/534.46 (KHTML, like Gecko) Version/5.1 Mobile/9B206 Safari/7534.48.3"
93.206.54.62 - - [08/Jun/2013:07:34:11 +0200] "GET /templates/gk_penguinmail/images/style3/glow.jpg HTTP/1.1" 200 18301 "http://www.straman.de/" "Mozilla/5.0 (iPad; CPU OS 5_1_1 like Mac OS X) AppleWebKit/534.46 (KHTML, like Gecko) Version/5.1 Mobile/9B206 Safari/7534.48.3"
93.206.54.62 - - [08/Jun/2013:07:34:11 +0200] "GET /templates/gk_penguinmail/images/style3/menu_sprite.png HTTP/1.1" 200 450 "http://www.straman.de/" "Mozilla/5.0 (iPad; CPU OS 5_1_1 like Mac OS X) AppleWebKit/534.46 (KHTML, like Gecko) Version/5.1 Mobile/9B206 Safari/7534.48.3"
93.206.54.62 - - [08/Jun/2013:07:34:12 +0200] "GET /images/kontaktformular.jpg HTTP/1.1" 200 42791 "http://www.straman.de/" "Mozilla/5.0 (iPad; CPU OS 5_1_1 like Mac OS X) AppleWebKit/534.46 (KHTML, like Gecko) Version/5.1 Mobile/9B206 Safari/7534.48.3"
