54.37.78.82 - - [11/Mar/2018:14:25:57 +0100] "GET /links/links.html HTTP/1.1" 200 278 "http://www.Your-Website-Sucks.net/WWW.SOUNDPATCHER.DE" "Mozilla/5.0 (compatible; Your-Website-Sucks/2.0; +http://www.Your-Website-Sucks.net/WWW.SOUNDPATCHER.DE)"
54.37.78.82 - - [11/Mar/2018:14:25:57 +0100] "GET /env/jomox/download/airbase99.LSO HTTP/1.1" 200 387896 "http://www.Your-Website-Sucks.net/WWW.SOUNDPATCHER.DE" "Mozilla/5.0 (compatible; Your-Website-Sucks/2.0; +http://www.Your-Website-Sucks.net/WWW.SOUNDPATCHER.DE)"
54.37.78.82 - - [11/Mar/2018:14:26:00 +0100] "GET /env/jomox/pics/pic_airbase99.html HTTP/1.1" 200 759 "http://www.Your-Website-Sucks.net/WWW.SOUNDPATCHER.DE" "Mozilla/5.0 (compatible; Your-Website-Sucks/2.0; +http://www.Your-Website-Sucks.net/WWW.SOUNDPATCHER.DE)"
54.37.78.82 - - [11/Mar/2018:14:26:01 +0100] "GET /env/roland/pics/pic_sc880.html HTTP/1.1" 200 755 "http://www.Your-Website-Sucks.net/WWW.SOUNDPATCHER.DE" "Mozilla/5.0 (compatible; Your-Website-Sucks/2.0; +http://www.Your-Website-Sucks.net/WWW.SOUNDPATCHER.DE)"
95.221.162.248 - - [11/Mar/2018:17:58:19 +0100] "GET / HTTP/1.1" 200 15853 "http://yandex.ru/clck/jsredir?from=yandex.ru%3Bsearch%3Bweb%3B%3B&text=&etext=1722.HNqXM79FVVQ9DR_8CVLmnpkQ_L41dL8PMP46iEWC9b7E2_oIXCjVCltJVk52yduX.4a9f6124958d6269d9e26f35e052c6040ec83f7d&uuid=&state=_BLhILn4SxNIvvL0W45KSic66uCIg23qh8iRG98qeIXmeppkgUc0YCYBcIrWNUha-mUlBiA3OhY&data=UlNrNmk5WktYejR0eWJFYk1Ldmtxaktucy03U19vVlEzdkVKdmlIVGhmRU1DalVGQ0FtZEZubFk4YkQ1U0Z3MUpmTzJBYWtLa2V1S204Sm0wbkcybk1sYzVud0ZyZXM1SUtrRG5Ua25ubWM&b64e=2&sign=18a07e33b66e023dbc870d91f563699d&keyno=0&cst=AiuY0DBWFJ7IXge4WdYJQYP93XfrtkbanBACtBI5-zPCWXEaKPnW4l85T3JfBIREmfS2K_kozhOXpaj_qHBGY0hKrxGQxJ9ewxtRUmELc6SRhduhTLdPssIlWg4PkMRac459Y6rthHlO2x8lVEGXPQ&ref=orjY4mGPRjk5boDnW0uvlrrd71vZw9kp5uQozpMtKCXboeqr305aIIZj6Y3bapRd13zYQ0LmYHTsqbPAW9Z6g1eeqYt5GlL-ALlhRlh0GXMS_7w2Y40figv_qSEL_oWt&l10n=ru&cts=1520785876211&mc=2.55915107323" "Mozilla/4.0 (compatible; MSIE 8.0; Windows NT 6.1; Trident/4.0; SLCC2; .NET CLR 2.0.50727; .NET CLR 3.5.30729; .NET CLR 3.0.30729; Media Center PC 6.0)"
54.67.59.131 - - [11/Mar/2018:18:29:24 +0100] "GET / HTTP/1.1" 200 15853 "-" "Mozilla/5.0 (Macintosh; Intel Mac OS X 10_12_6) AppleWebKit/537.36 (KHTML, like Gecko) Chrome/61.0.3163.100 Safari/537.36"
178.255.215.84 - - [11/Mar/2018:20:07:55 +0100] "GET /robots.txt HTTP/1.1" 200 298 "-" "Mozilla/5.0 (compatible; Exabot/3.0; +http://www.exabot.com/go/robot)"
178.255.215.84 - - [11/Mar/2018:20:07:55 +0100] "GET /env/roland/pics/pic_sc880.html HTTP/1.1" 200 755 "-" "Mozilla/5.0 (compatible; Exabot/3.0; +http://www.exabot.com/go/robot)"
90.187.50.241 - - [12/Mar/2018:03:16:09 +0100] "GET /env/env.html HTTP/1.1" 200 12438 "-" "Mozilla/5.0 (iPhone; CPU iPhone OS 11_2_6 like Mac OS X) AppleWebKit/604.5.6 (KHTML, like Gecko) Version/11.0 Mobile/15D100 Safari/604.1"
90.187.50.241 - - [12/Mar/2018:03:16:09 +0100] "GET /apple-touch-icon-120x120-precomposed.png HTTP/1.1" 404 1256 "-" "MobileSafari/604.1 CFNetwork/894 Darwin/17.4.0"
90.187.50.241 - - [12/Mar/2018:03:16:09 +0100] "GET /apple-touch-icon-120x120.png HTTP/1.1" 404 1256 "-" "MobileSafari/604.1 CFNetwork/894 Darwin/17.4.0"
90.187.50.241 - - [12/Mar/2018:03:16:09 +0100] "GET /apple-touch-icon-precomposed.png HTTP/1.1" 404 1256 "-" "MobileSafari/604.1 CFNetwork/894 Darwin/17.4.0"
90.187.50.241 - - [12/Mar/2018:03:16:09 +0100] "GET /apple-touch-icon.png HTTP/1.1" 404 1256 "-" "MobileSafari/604.1 CFNetwork/894 Darwin/17.4.0"
90.187.50.241 - - [12/Mar/2018:03:16:09 +0100] "GET /favicon.ico HTTP/1.1" 404 1256 "-" "MobileSafari/604.1 CFNetwork/894 Darwin/17.4.0"
90.187.50.241 - - [12/Mar/2018:03:16:09 +0100] "GET /apple-touch-icon-120x120-precomposed.png HTTP/1.1" 404 1256 "-" "MobileSafari/604.1 CFNetwork/894 Darwin/17.4.0"
90.187.50.241 - - [12/Mar/2018:03:16:09 +0100] "GET /apple-touch-icon-120x120.png HTTP/1.1" 404 1256 "-" "MobileSafari/604.1 CFNetwork/894 Darwin/17.4.0"
90.187.50.241 - - [12/Mar/2018:03:16:09 +0100] "GET /apple-touch-icon-precomposed.png HTTP/1.1" 404 1256 "-" "MobileSafari/604.1 CFNetwork/894 Darwin/17.4.0"
90.187.50.241 - - [12/Mar/2018:03:16:09 +0100] "GET /apple-touch-icon.png HTTP/1.1" 404 1256 "-" "MobileSafari/604.1 CFNetwork/894 Darwin/17.4.0"
90.187.50.241 - - [12/Mar/2018:03:16:09 +0100] "GET /favicon.ico HTTP/1.1" 404 1256 "-" "MobileSafari/604.1 CFNetwork/894 Darwin/17.4.0"
141.8.141.131 - - [12/Mar/2018:04:01:53 +0100] "GET /robots.txt HTTP/1.1" 200 298 "-" "Mozilla/5.0 (compatible; YandexBot/3.0; +http://yandex.com/bots)"
141.8.141.131 - - [12/Mar/2018:04:01:57 +0100] "GET /index.html HTTP/1.1" 200 15853 "-" "Mozilla/5.0 (compatible; YandexBot/3.0; +http://yandex.com/bots)"
207.46.13.203 - - [12/Mar/2018:10:59:05 +0100] "GET /robots.txt HTTP/1.1" 200 298 "-" "Mozilla/5.0 (compatible; bingbot/2.0; +http://www.bing.com/bingbot.htm)"
157.55.39.251 - - [12/Mar/2018:10:59:07 +0100] "GET /env/env.html HTTP/1.1" 200 12438 "-" "Mozilla/5.0 (compatible; bingbot/2.0; +http://www.bing.com/bingbot.htm)"
157.55.39.177 - - [12/Mar/2018:10:59:14 +0100] "GET /robots.txt HTTP/1.1" 200 298 "-" "Mozilla/5.0 (compatible; bingbot/2.0; +http://www.bing.com/bingbot.htm)"
46.229.164.100 - - [12/Mar/2018:12:16:47 +0100] "GET /robots.txt HTTP/1.1" 200 298 "-" "Mozilla/5.0 (compatible; SemrushBot/1.2~bl; +http://www.semrush.com/bot.html)"
207.244.149.26 - - [12/Mar/2018:22:14:35 +0100] "GET /wp-content/plugins/wp-front-end-repository/js/uploadify/uploadify.css HTTP/1.1" 404 1256 "http://www.soundpatcher.de/wp-content/plugins/wp-front-end-repository/js/uploadify/uploadify.css" "Mozilla/5.0 (Windows NT 6.1; WOW64) AppleWebKit/537.36 (KHTML, like Gecko) Chrome/42.0.2311.152 Safari/537.36"
91.200.12.21 - - [12/Mar/2018:22:57:43 +0100] "GET /assets/modules/evogallery/js/uploadify/uploadify.css HTTP/1.1" 404 1256 "http://www.soundpatcher.de/assets/modules/evogallery/js/uploadify/uploadify.css" "Mozilla/5.0 (Windows NT 6.1; WOW64) AppleWebKit/537.36 (KHTML, like Gecko) Chrome/42.0.2311.152 Safari/537.36"
178.255.215.84 - - [12/Mar/2018:23:24:48 +0100] "GET /robots.txt HTTP/1.1" 200 298 "-" "Mozilla/5.0 (compatible; Exabot/3.0; +http://www.exabot.com/go/robot)"
178.255.215.84 - - [12/Mar/2018:23:24:48 +0100] "GET /impressum/impressum.html HTTP/1.1" 200 7872 "-" "Mozilla/5.0 (compatible; Exabot/3.0; +http://www.exabot.com/go/robot)"
61.216.119.91 - - [13/Mar/2018:02:03:47 +0100] "GET //wp-login.php HTTP/1.1" 404 1256 "-" "Mozilla/5.0 (X11; U; Linux i686; pt-BR; rv:1.9.0.15) Gecko/2009102815 Ubuntu/9.04 (jaunty) Firefox/3.0.15"
61.216.119.91 - - [13/Mar/2018:02:03:48 +0100] "GET /blog//wp-login.php HTTP/1.1" 404 1256 "-" "Mozilla/5.0 (X11; U; Linux i686; pt-BR; rv:1.9.0.15) Gecko/2009102815 Ubuntu/9.04 (jaunty) Firefox/3.0.15"
61.216.119.91 - - [13/Mar/2018:02:03:49 +0100] "GET /wordpress//wp-login.php HTTP/1.1" 404 1256 "-" "Mozilla/5.0 (X11; U; Linux i686; pt-BR; rv:1.9.0.15) Gecko/2009102815 Ubuntu/9.04 (jaunty) Firefox/3.0.15"
61.216.119.91 - - [13/Mar/2018:02:03:50 +0100] "GET /wp//wp-login.php HTTP/1.1" 404 1256 "-" "Mozilla/5.0 (X11; U; Linux i686; pt-BR; rv:1.9.0.15) Gecko/2009102815 Ubuntu/9.04 (jaunty) Firefox/3.0.15"
90.187.50.241 - - [13/Mar/2018:03:26:15 +0100] "GET /env/env.html HTTP/1.1" 200 12438 "-" "Mozilla/5.0 (iPhone; CPU iPhone OS 11_2_6 like Mac OS X) AppleWebKit/604.5.6 (KHTML, like Gecko) Version/11.0 Mobile/15D100 Safari/604.1"
90.187.50.241 - - [13/Mar/2018:03:26:15 +0100] "GET /apple-touch-icon-120x120-precomposed.png HTTP/1.1" 404 1256 "-" "MobileSafari/604.1 CFNetwork/894 Darwin/17.4.0"
90.187.50.241 - - [13/Mar/2018:03:26:15 +0100] "GET /apple-touch-icon-120x120.png HTTP/1.1" 404 1256 "-" "MobileSafari/604.1 CFNetwork/894 Darwin/17.4.0"
90.187.50.241 - - [13/Mar/2018:03:26:15 +0100] "GET /apple-touch-icon-precomposed.png HTTP/1.1" 404 1256 "-" "MobileSafari/604.1 CFNetwork/894 Darwin/17.4.0"
90.187.50.241 - - [13/Mar/2018:03:26:15 +0100] "GET /apple-touch-icon.png HTTP/1.1" 404 1256 "-" "MobileSafari/604.1 CFNetwork/894 Darwin/17.4.0"
90.187.50.241 - - [13/Mar/2018:03:26:15 +0100] "GET /favicon.ico HTTP/1.1" 404 1256 "-" "MobileSafari/604.1 CFNetwork/894 Darwin/17.4.0"
90.187.50.241 - - [13/Mar/2018:03:26:15 +0100] "GET /apple-touch-icon-120x120-precomposed.png HTTP/1.1" 404 1256 "-" "MobileSafari/604.1 CFNetwork/894 Darwin/17.4.0"
90.187.50.241 - - [13/Mar/2018:03:26:15 +0100] "GET /apple-touch-icon-120x120.png HTTP/1.1" 404 1256 "-" "MobileSafari/604.1 CFNetwork/894 Darwin/17.4.0"
90.187.50.241 - - [13/Mar/2018:03:26:15 +0100] "GET /apple-touch-icon-precomposed.png HTTP/1.1" 404 1256 "-" "MobileSafari/604.1 CFNetwork/894 Darwin/17.4.0"
90.187.50.241 - - [13/Mar/2018:03:26:15 +0100] "GET /apple-touch-icon.png HTTP/1.1" 404 1256 "-" "MobileSafari/604.1 CFNetwork/894 Darwin/17.4.0"
90.187.50.241 - - [13/Mar/2018:03:26:15 +0100] "GET /favicon.ico HTTP/1.1" 404 1256 "-" "MobileSafari/604.1 CFNetwork/894 Darwin/17.4.0"
180.76.15.160 - - [13/Mar/2018:15:12:28 +0100] "GET /robots.txt HTTP/1.1" 200 298 "-" "Mozilla/5.0 (Windows NT 5.1; rv:6.0.2) Gecko/20100101 Firefox/6.0.2"
180.76.15.148 - - [13/Mar/2018:15:12:28 +0100] "GET /robots.txt HTTP/1.1" 200 298 "-" "Mozilla/5.0 (Windows NT 5.1; rv:6.0.2) Gecko/20100101 Firefox/6.0.2"
180.76.15.158 - - [13/Mar/2018:15:15:41 +0100] "GET /env/jomox/jomox.html HTTP/1.1" 200 14935 "-" "Mozilla/5.0 (compatible; Baiduspider/2.0; +http://www.baidu.com/search/spider.html)"
94.23.34.73 - - [13/Mar/2018:16:50:48 +0100] "GET /license.php HTTP/1.0" 404 1256 "-" "Mozilla/5.0 (Windows NT 6.1; Win64; x64) AppleWebKit/537.36 (KHTML, like Gecko) Chrome/62.0.3202.94 Safari/537.36"
94.23.34.73 - - [13/Mar/2018:16:50:48 +0100] "GET /license.php HTTP/1.0" 404 1256 "-" "Mozilla/5.0 (Windows NT 6.1; Win64; x64) AppleWebKit/537.36 (KHTML, like Gecko) Chrome/62.0.3202.94 Safari/537.36"
90.187.50.241 - - [13/Mar/2018:23:28:57 +0100] "GET /env/env.html HTTP/1.1" 200 12438 "-" "Mozilla/5.0 (iPhone; CPU iPhone OS 11_2_6 like Mac OS X) AppleWebKit/604.5.6 (KHTML, like Gecko) Version/11.0 Mobile/15D100 Safari/604.1"
90.187.50.241 - - [13/Mar/2018:23:28:57 +0100] "GET /apple-touch-icon-120x120-precomposed.png HTTP/1.1" 404 1256 "-" "MobileSafari/604.1 CFNetwork/894 Darwin/17.4.0"
90.187.50.241 - - [13/Mar/2018:23:28:57 +0100] "GET /apple-touch-icon-120x120.png HTTP/1.1" 404 1256 "-" "MobileSafari/604.1 CFNetwork/894 Darwin/17.4.0"
90.187.50.241 - - [13/Mar/2018:23:28:57 +0100] "GET /apple-touch-icon-precomposed.png HTTP/1.1" 404 1256 "-" "MobileSafari/604.1 CFNetwork/894 Darwin/17.4.0"
90.187.50.241 - - [13/Mar/2018:23:28:57 +0100] "GET /apple-touch-icon.png HTTP/1.1" 404 1256 "-" "MobileSafari/604.1 CFNetwork/894 Darwin/17.4.0"
90.187.50.241 - - [13/Mar/2018:23:28:57 +0100] "GET /favicon.ico HTTP/1.1" 404 1256 "-" "MobileSafari/604.1 CFNetwork/894 Darwin/17.4.0"
90.187.50.241 - - [13/Mar/2018:23:28:57 +0100] "GET /apple-touch-icon-120x120-precomposed.png HTTP/1.1" 404 1256 "-" "MobileSafari/604.1 CFNetwork/894 Darwin/17.4.0"
90.187.50.241 - - [13/Mar/2018:23:28:57 +0100] "GET /apple-touch-icon-120x120.png HTTP/1.1" 404 1256 "-" "MobileSafari/604.1 CFNetwork/894 Darwin/17.4.0"
90.187.50.241 - - [13/Mar/2018:23:28:57 +0100] "GET /apple-touch-icon-precomposed.png HTTP/1.1" 404 1256 "-" "MobileSafari/604.1 CFNetwork/894 Darwin/17.4.0"
90.187.50.241 - - [13/Mar/2018:23:28:57 +0100] "GET /apple-touch-icon.png HTTP/1.1" 404 1256 "-" "MobileSafari/604.1 CFNetwork/894 Darwin/17.4.0"
90.187.50.241 - - [13/Mar/2018:23:28:57 +0100] "GET /favicon.ico HTTP/1.1" 404 1256 "-" "MobileSafari/604.1 CFNetwork/894 Darwin/17.4.0"
85.25.202.18 - - [14/Mar/2018:10:40:57 +0100] "GET / HTTP/1.1" 200 15853 "http://www.sumaja.de/?such_wert=midi" "Mozilla/5.0 (Windows; U; Windows NT 6.1; de; rv:1.9.2.8) Gecko/20100722 Firefox/3.6.8 GTB7.1"
151.80.39.144 - - [14/Mar/2018:13:14:59 +0100] "GET /robots.txt HTTP/1.1" 200 298 "-" "Mozilla/5.0 (compatible; AhrefsBot/5.2; +http://ahrefs.com/robot/)"
54.67.59.131 - - [14/Mar/2018:16:43:48 +0100] "GET / HTTP/1.1" 200 15853 "-" "Mozilla/5.0 (Macintosh; Intel Mac OS X 10_12_6) AppleWebKit/537.36 (KHTML, like Gecko) Chrome/61.0.3163.100 Safari/537.36"
180.76.15.27 - - [14/Mar/2018:17:27:30 +0100] "GET /privat/privat.html HTTP/1.1" 401 1226 "-" "Mozilla/5.0 (compatible; Baiduspider/2.0; +http://www.baidu.com/search/spider.html)"
180.76.15.159 - - [14/Mar/2018:18:34:10 +0100] "GET /phpBB2/index.php HTTP/1.1" 401 1226 "-" "Mozilla/5.0 (compatible; Baiduspider/2.0; +http://www.baidu.com/search/spider.html)"
46.229.168.72 - - [14/Mar/2018:22:00:13 +0100] "GET / HTTP/1.1" 200 15853 "-" "Mozilla/5.0 (compatible; SemrushBot/1.2~bl; +http://www.semrush.com/bot.html)"
46.229.168.72 - - [14/Mar/2018:22:00:28 +0100] "GET /links/links.html HTTP/1.1" 200 278 "-" "Mozilla/5.0 (compatible; SemrushBot/1.2~bl; +http://www.semrush.com/bot.html)"
46.229.168.66 - - [14/Mar/2018:22:00:35 +0100] "GET /phpBB2/index.php HTTP/1.1" 401 1226 "-" "Mozilla/5.0 (compatible; SemrushBot/1.2~bl; +http://www.semrush.com/bot.html)"
141.8.141.131 - - [14/Mar/2018:23:24:41 +0100] "GET /robots.txt HTTP/1.1" 200 298 "-" "Mozilla/5.0 (compatible; YandexBot/3.0; +http://yandex.com/bots)"
141.8.141.131 - - [14/Mar/2018:23:24:49 +0100] "GET /favicon.ico HTTP/1.1" 404 1256 "-" "Mozilla/5.0 (compatible; YandexBot/3.0; +http://yandex.com/bots)"
141.8.141.131 - - [14/Mar/2018:23:24:45 +0100] "GET /env/jomox/download/airbase99.LSO HTTP/1.1" 200 387896 "-" "Mozilla/5.0 (compatible; YandexBot/3.0; +http://yandex.com/bots)"
144.76.168.111 - - [15/Mar/2018:02:23:36 +0100] "GET / HTTP/1.1" 200 15853 "-" "Mozilla/5.0 (Macintosh; Intel Mac OS X 10_6_8) AppleWebKit/534.59.8 (KHTML, like Gecko) Version/5.1.9 Safari/534.59.8"
144.76.168.111 - - [15/Mar/2018:02:23:41 +0100] "GET /index.html HTTP/1.1" 200 15853 "-" "Mozilla/5.0 (Windows NT 10.0; Win64; x64; rv:58.0) Gecko/20100101 Firefox/58.0"
144.76.168.111 - - [15/Mar/2018:02:23:41 +0100] "GET /privat/privat.html HTTP/1.1" 401 1226 "-" "Mozilla/5.0 (Windows NT 10.0; Win64; x64) AppleWebKit/537.36 (KHTML, like Gecko) Chrome/58.0.3029.110 Safari/537.36 Edge/16.16299"
144.76.168.111 - - [15/Mar/2018:02:23:41 +0100] "GET /friends/friends.html HTTP/1.1" 401 1226 "-" "Mozilla/5.0 (Macintosh; Intel Mac OS X 10.12; rv:58.0) Gecko/20100101 Firefox/58.0"
144.76.168.111 - - [15/Mar/2018:02:23:41 +0100] "GET /env/env.html HTTP/1.1" 200 12438 "-" "Mozilla/5.0 (Macintosh; Intel Mac OS X 10_13_3) AppleWebKit/537.36 (KHTML, like Gecko) Chrome/64.0.3282.140 Safari/537.36"
144.76.168.111 - - [15/Mar/2018:02:23:41 +0100] "GET /env/jomox/jomox.html HTTP/1.1" 200 14935 "-" "Mozilla/5.0 (Macintosh; Intel Mac OS X 10.13; rv:58.0) Gecko/20100101 Firefox/58.0"
144.76.168.111 - - [15/Mar/2018:02:23:41 +0100] "GET /phpBB2/index.php HTTP/1.1" 401 1226 "-" "Mozilla/5.0 (Macintosh; Intel Mac OS X 10_13_2) AppleWebKit/537.36 (KHTML, like Gecko) Chrome/64.0.3282.140 Safari/537.36"
144.76.168.111 - - [15/Mar/2018:02:23:48 +0100] "GET /impressum/impressum.html HTTP/1.1" 200 7872 "-" "Mozilla/5.0 (X11; Linux x86_64; rv:57.0) Gecko/20100101 Firefox/57.0"
144.76.168.111 - - [15/Mar/2018:02:23:58 +0100] "GET /links/links.html HTTP/1.1" 200 278 "-" "Mozilla/5.0 (Windows NT 6.1; Win64; x64) AppleWebKit/537.36 (KHTML, like Gecko) Chrome/64.0.3282.140 Safari/537.36"
144.76.168.111 - - [15/Mar/2018:02:23:58 +0100] "GET /env/jomox/pics/pic_airbase99.html HTTP/1.1" 200 759 "-" "Mozilla/5.0 (Macintosh; Intel Mac OS X 10_6_8) AppleWebKit/534.59.8 (KHTML, like Gecko) Version/5.1.9 Safari/534.59.8"
144.76.168.111 - - [15/Mar/2018:02:23:58 +0100] "GET /env/roland/sc880.html HTTP/1.1" 200 17092 "-" "Mozilla/5.0 (Macintosh; Intel Mac OS X 1084) AppleWebKit/536.29.13 (KHTML like Gecko) Version/6.0.4 Safari/536.29.13"
144.76.168.111 - - [15/Mar/2018:02:23:58 +0100] "GET /env/jomox/download/airbase99.LSO HTTP/1.1" 200 387896 "-" "Mozilla/5.0 (Windows NT 10.0; Win64; x64) AppleWebKit/537.36 (KHTML, like Gecko) Chrome/63.0.3239.132 Safari/537.36 OPR/50.0.2762.58"
144.76.168.111 - - [15/Mar/2018:02:24:34 +0100] "GET /env/roland/pics/pic_sc880.html HTTP/1.1" 200 755 "-" "Mozilla/5.0 (X11; Ubuntu; Linux x86_64; rv:58.0) Gecko/20100101 Firefox/58.0"
207.244.149.27 - - [15/Mar/2018:03:26:45 +0100] "GET /wp-content/plugins/wp-front-end-repository/js/uploadify/uploadify.css HTTP/1.1" 404 1256 "http://www.soundpatcher.de/wp-content/plugins/wp-front-end-repository/js/uploadify/uploadify.css" "Mozilla/5.0 (Windows NT 6.1; WOW64) AppleWebKit/537.36 (KHTML, like Gecko) Chrome/42.0.2311.152 Safari/537.36"
46.229.164.101 - - [15/Mar/2018:04:44:58 +0100] "GET /robots.txt HTTP/1.1" 200 298 "-" "Mozilla/5.0 (compatible; SemrushBot/1.2~bl; +http://www.semrush.com/bot.html)"
188.32.20.36 - - [15/Mar/2018:11:25:50 +0100] "GET / HTTP/1.1" 200 15853 "http://yandex.ru/clck/jsredir?from=yandex.ru%3Bsearch%3Bweb%3B%3B&text=&etext=1728.JgsY1qU03K4TdMQxT1BuZtKuki63YXskF57kijbB0Xd4L57XdyOon29MIPnhOUC3.c070782fd0bc21fe860d1af675d2f414906afeb0&uuid=&state=_BLhILn4SxNIvvL0W45KSic66uCIg23qh8iRG98qeIXmeppkgUc0YG-XUIUpxKrkaoPisARVvB8&data=UlNrNmk5WktYejR0eWJFYk1Ldmtxaktucy03U19vVlEzdkVKdmlIVGhmRU1DalVGQ0FtZEZ1ZXZrN2VpMi1QVFFKbzIzbEtSMk5rS2ZZenFXQ2ViRWpxNE1xaThvUzBjSllnNGdtWFkyaFU&b64e=2&sign=40f3d0ed237824fb63d7d908e8e13338&keyno=0&cst=AiuY0DBWFJ7IXge4WdYJQSaYtyyri96Fu3Sbu64chfBd6IwNkLjBScjrgE_a2t196UZBgP-1kzIIpeMZTscqESjs8KGctnxfziKf1A9X7T_gbNKzR94FfcbraKfIN0HPwD6ZXkT9zhNIaQyoj9tWJA&ref=orjY4mGPRjk5boDnW0uvlrrd71vZw9kp5uQozpMtKCW4RgmAu5ryJFOf12QGBCEDQOHQyiuWWEhYkZsnz2BLUlPcKnMr6_0g24wRytXpUNVizrSPtqOEJpgqwlpBY_6K&l10n=ru&cts=1521109264395&mc=3.57535996393" "Mozilla/5.0 (Windows NT 6.3; Win64; x64) AppleWebKit/537.36 (KHTML, like Gecko) Chrome/64.0.3282.186 Safari/537.36"
188.32.20.36 - - [15/Mar/2018:11:25:50 +0100] "GET /images/span.jpg HTTP/1.1" 200 811 "http://www.soundpatcher.de/" "Mozilla/5.0 (Windows NT 6.3; Win64; x64) AppleWebKit/537.36 (KHTML, like Gecko) Chrome/64.0.3282.186 Safari/537.36"
188.32.20.36 - - [15/Mar/2018:11:25:50 +0100] "GET /images/logo_big.jpg HTTP/1.1" 200 12681 "http://www.soundpatcher.de/" "Mozilla/5.0 (Windows NT 6.3; Win64; x64) AppleWebKit/537.36 (KHTML, like Gecko) Chrome/64.0.3282.186 Safari/537.36"
188.32.20.36 - - [15/Mar/2018:11:25:50 +0100] "GET /images/10x10_CCCCCC.jpg HTTP/1.1" 200 631 "http://www.soundpatcher.de/" "Mozilla/5.0 (Windows NT 6.3; Win64; x64) AppleWebKit/537.36 (KHTML, like Gecko) Chrome/64.0.3282.186 Safari/537.36"
188.32.20.36 - - [15/Mar/2018:11:25:50 +0100] "GET /images/pixel.gif HTTP/1.1" 200 43 "http://www.soundpatcher.de/" "Mozilla/5.0 (Windows NT 6.3; Win64; x64) AppleWebKit/537.36 (KHTML, like Gecko) Chrome/64.0.3282.186 Safari/537.36"
188.32.20.36 - - [15/Mar/2018:11:25:50 +0100] "GET /env/jomox/pics/airbase99_small.jpg HTTP/1.1" 200 5206 "http://www.soundpatcher.de/" "Mozilla/5.0 (Windows NT 6.3; Win64; x64) AppleWebKit/537.36 (KHTML, like Gecko) Chrome/64.0.3282.186 Safari/537.36"
188.32.20.36 - - [15/Mar/2018:11:25:50 +0100] "GET /images/15x15.jpg HTTP/1.1" 200 631 "http://www.soundpatcher.de/" "Mozilla/5.0 (Windows NT 6.3; Win64; x64) AppleWebKit/537.36 (KHTML, like Gecko) Chrome/64.0.3282.186 Safari/537.36"
180.76.15.153 - - [15/Mar/2018:15:14:00 +0100] "GET / HTTP/1.1" 200 15853 "-" "Mozilla/5.0 (compatible; Baiduspider/2.0; +http://www.baidu.com/search/spider.html)"
87.250.233.120 - - [15/Mar/2018:17:24:41 +0100] "GET /robots.txt HTTP/1.1" 200 298 "-" "Mozilla/5.0 (compatible; YandexBot/3.0; +http://yandex.com/bots)"
5.255.251.125 - - [15/Mar/2018:17:24:44 +0100] "GET /env/jomox/download/airbase99.LSO HTTP/1.1" 200 387896 "-" "Mozilla/5.0 (compatible; YandexBot/3.0; +http://yandex.com/bots)"
87.250.233.65 - - [16/Mar/2018:00:45:07 +0100] "GET /robots.txt HTTP/1.1" 200 298 "-" "Mozilla/5.0 (compatible; YandexBot/3.0; +http://yandex.com/bots)"
87.250.233.65 - - [16/Mar/2018:00:45:11 +0100] "GET /env/jomox/download/airbase99.LSO HTTP/1.1" 200 387896 "-" "Mozilla/5.0 (compatible; YandexBot/3.0; +http://yandex.com/bots)"
46.229.170.197 - - [16/Mar/2018:02:44:43 +0100] "GET / HTTP/1.1" 200 15853 "-" "Mozilla/5.0 (Macintosh; Intel Mac OS X 10_12_4) AppleWebKit/537.36 (KHTML, like Gecko) Chrome/56.0.2924.87 Safari/537.36"
180.76.15.146 - - [16/Mar/2018:08:34:45 +0100] "GET /index.html HTTP/1.1" 200 15853 "-" "Mozilla/5.0 (compatible; Baiduspider/2.0; +http://www.baidu.com/search/spider.html)"
180.76.15.15 - - [16/Mar/2018:08:34:46 +0100] "GET / HTTP/1.1" 200 15853 "-" "Mozilla/5.0 (compatible; Baiduspider/2.0; +http://www.baidu.com/search/spider.html)"
94.177.190.243 - - [16/Mar/2018:12:02:32 +0100] "GET //wp-login.php HTTP/1.1" 404 1256 "-" "Mozilla/5.0 (X11; U; Linux i686; pt-BR; rv:1.9.0.15) Gecko/2009102815 Ubuntu/9.04 (jaunty) Firefox/3.0.15"
94.177.190.243 - - [16/Mar/2018:12:02:32 +0100] "GET /blog//wp-login.php HTTP/1.1" 404 1256 "-" "Mozilla/5.0 (X11; U; Linux i686; pt-BR; rv:1.9.0.15) Gecko/2009102815 Ubuntu/9.04 (jaunty) Firefox/3.0.15"
94.177.190.243 - - [16/Mar/2018:12:02:32 +0100] "GET /wordpress//wp-login.php HTTP/1.1" 404 1256 "-" "Mozilla/5.0 (X11; U; Linux i686; pt-BR; rv:1.9.0.15) Gecko/2009102815 Ubuntu/9.04 (jaunty) Firefox/3.0.15"
94.177.190.243 - - [16/Mar/2018:12:02:32 +0100] "GET /wp//wp-login.php HTTP/1.1" 404 1256 "-" "Mozilla/5.0 (X11; U; Linux i686; pt-BR; rv:1.9.0.15) Gecko/2009102815 Ubuntu/9.04 (jaunty) Firefox/3.0.15"
180.76.15.21 - - [16/Mar/2018:14:04:25 +0100] "GET /impressum/impressum.html HTTP/1.1" 200 7872 "-" "Mozilla/5.0 (compatible; Baiduspider/2.0; +http://www.baidu.com/search/spider.html)"
207.244.149.27 - - [17/Mar/2018:01:10:17 +0100] "GET /jm-ajax/upload_file/ HTTP/1.1" 404 1256 "http://www.soundpatcher.de/jm-ajax/upload_file/" "Mozilla/5.0 (Windows NT 6.1; WOW64) AppleWebKit/537.36 (KHTML, like Gecko) Chrome/42.0.2311.152 Safari/537.36"
66.249.75.88 - - [17/Mar/2018:04:11:43 +0100] "GET /robots.txt HTTP/1.1" 200 298 "-" "Mozilla/5.0 (compatible; Googlebot/2.1; +http://www.google.com/bot.html)"
66.249.75.89 - - [17/Mar/2018:04:11:43 +0100] "GET / HTTP/1.1" 200 15853 "-" "Mozilla/5.0 (compatible; Googlebot/2.1; +http://www.google.com/bot.html)"
54.208.76.229 - - [17/Mar/2018:05:02:36 +0100] "HEAD / HTTP/1.1" 200 - "-" "-"
54.208.76.229 - - [17/Mar/2018:05:02:36 +0100] "GET / HTTP/1.1" 200 15853 "-" "Mozilla/5.0 (X11; Linux x86_64) AppleWebKit/537.36 (KHTML, like Gecko) HeadlessChrome/66.0.3347.0 Safari/537.36"
54.208.76.229 - - [17/Mar/2018:05:02:36 +0100] "GET /images/logo_big.jpg HTTP/1.1" 200 12681 "http://www.soundpatcher.de/" "Mozilla/5.0 (X11; Linux x86_64) AppleWebKit/537.36 (KHTML, like Gecko) HeadlessChrome/66.0.3347.0 Safari/537.36"
54.208.76.229 - - [17/Mar/2018:05:02:36 +0100] "GET /images/10x10_CCCCCC.jpg HTTP/1.1" 200 631 "http://www.soundpatcher.de/" "Mozilla/5.0 (X11; Linux x86_64) AppleWebKit/537.36 (KHTML, like Gecko) HeadlessChrome/66.0.3347.0 Safari/537.36"
54.208.76.229 - - [17/Mar/2018:05:02:36 +0100] "GET /images/span.jpg HTTP/1.1" 200 811 "http://www.soundpatcher.de/" "Mozilla/5.0 (X11; Linux x86_64) AppleWebKit/537.36 (KHTML, like Gecko) HeadlessChrome/66.0.3347.0 Safari/537.36"
54.208.76.229 - - [17/Mar/2018:05:02:36 +0100] "GET /images/pixel.gif HTTP/1.1" 200 43 "http://www.soundpatcher.de/" "Mozilla/5.0 (X11; Linux x86_64) AppleWebKit/537.36 (KHTML, like Gecko) HeadlessChrome/66.0.3347.0 Safari/537.36"
54.208.76.229 - - [17/Mar/2018:05:02:36 +0100] "GET /images/15x15.jpg HTTP/1.1" 200 631 "http://www.soundpatcher.de/" "Mozilla/5.0 (X11; Linux x86_64) AppleWebKit/537.36 (KHTML, like Gecko) HeadlessChrome/66.0.3347.0 Safari/537.36"
54.208.76.229 - - [17/Mar/2018:05:02:36 +0100] "GET /env/jomox/pics/airbase99_small.jpg HTTP/1.1" 200 5206 "http://www.soundpatcher.de/" "Mozilla/5.0 (X11; Linux x86_64) AppleWebKit/537.36 (KHTML, like Gecko) HeadlessChrome/66.0.3347.0 Safari/537.36"
46.229.164.98 - - [17/Mar/2018:08:03:48 +0100] "GET /robots.txt HTTP/1.1" 200 298 "-" "Mozilla/5.0 (compatible; SemrushBot/1.2~bl; +http://www.semrush.com/bot.html)"
217.69.143.66 - - [17/Mar/2018:12:06:32 +0100] "GET /robots.txt HTTP/1.0" 200 298 "-" "Mozilla/5.0 (compatible; Linux x86_64; Mail.RU_Bot/Robots/2.0; +http://go.mail.ru/help/robots)"
217.69.143.63 - - [17/Mar/2018:12:06:33 +0100] "GET / HTTP/1.1" 200 15853 "-" "Mozilla/5.0 (compatible; Linux x86_64; Mail.RU_Bot/Robots/2.0; +http://go.mail.ru/help/robots)"
54.67.59.131 - - [17/Mar/2018:13:21:04 +0100] "GET / HTTP/1.1" 200 15853 "-" "Mozilla/5.0 (Macintosh; Intel Mac OS X 10_12_6) AppleWebKit/537.36 (KHTML, like Gecko) Chrome/61.0.3163.100 Safari/537.36"
85.93.91.84 - - [18/Mar/2018:05:10:55 +0100] "GET /robots.txt HTTP/1.0" 200 298 "-" "Mozilla/5.0 (compatible; DeuSu/5.0.2; +https://deusu.de/robot.html)"
85.93.91.84 - - [18/Mar/2018:05:10:55 +0100] "GET /env/jomox/jomox.html HTTP/1.0" 200 14935 "-" "Mozilla/5.0 (compatible; DeuSu/5.0.2; +https://deusu.de/robot.html)"
180.76.15.141 - - [18/Mar/2018:09:21:06 +0100] "GET / HTTP/1.1" 200 15853 "-" "Mozilla/5.0 (compatible; Baiduspider/2.0; +http://www.baidu.com/search/spider.html)"
94.23.34.73 - - [18/Mar/2018:10:50:17 +0100] "GET /components/com_b2jcontact/css/b2jcontact.css HTTP/1.0" 404 1256 "-" "Mozilla/5.0 (Windows NT 6.1; Win64; x64) AppleWebKit/537.36 (KHTML, like Gecko) Chrome/62.0.3202.94 Safari/537.36"
94.23.34.73 - - [18/Mar/2018:10:50:17 +0100] "GET /components/com_b2jcontact/css/b2jcontact.css HTTP/1.0" 404 1256 "-" "Mozilla/5.0 (Windows NT 6.1; Win64; x64) AppleWebKit/537.36 (KHTML, like Gecko) Chrome/62.0.3202.94 Safari/537.36"
85.25.202.18 - - [18/Mar/2018:17:35:49 +0100] "GET / HTTP/1.1" 200 15853 "http://www.sumaja.de/?such_wert=logic" "Mozilla/5.0 (Macintosh; U; Intel Mac OS X 10.6; de-DE; rv:1.9.2.8) Gecko/20100722 Firefox/3.6.8"
188.165.233.34 - - [19/Mar/2018:02:34:30 +0100] "GET /robots.txt HTTP/1.0" 200 298 "-" ""
188.165.233.34 - - [19/Mar/2018:02:34:30 +0100] "GET / HTTP/1.1" 206 15853 "-" "Mozilla/5.0 (X11; Ubuntu; Linux x86_64; rv:21.0) Gecko/20130331 Firefox/21.0"
188.165.233.34 - - [19/Mar/2018:02:34:32 +0100] "GET /index.html HTTP/1.1" 206 15853 "-" "Mozilla/5.0 (X11; Ubuntu; Linux x86_64; rv:21.0) Gecko/20130331 Firefox/21.0"
188.165.233.34 - - [19/Mar/2018:02:34:34 +0100] "GET /env/env.html HTTP/1.1" 206 12438 "-" "Mozilla/5.0 (X11; Ubuntu; Linux x86_64; rv:21.0) Gecko/20130331 Firefox/21.0"
188.165.233.34 - - [19/Mar/2018:02:34:37 +0100] "GET /friends/friends.html HTTP/1.1" 401 1226 "-" "Mozilla/5.0 (X11; Ubuntu; Linux x86_64; rv:21.0) Gecko/20130331 Firefox/21.0"
188.165.233.34 - - [19/Mar/2018:02:34:37 +0100] "GET /phpBB2/index.php HTTP/1.1" 401 1226 "-" "Mozilla/5.0 (X11; Ubuntu; Linux x86_64; rv:21.0) Gecko/20130331 Firefox/21.0"
188.165.233.34 - - [19/Mar/2018:02:34:37 +0100] "GET /privat/privat.html HTTP/1.1" 401 1226 "-" "Mozilla/5.0 (X11; Ubuntu; Linux x86_64; rv:21.0) Gecko/20130331 Firefox/21.0"
188.165.233.34 - - [19/Mar/2018:02:34:37 +0100] "GET /impressum/impressum.html HTTP/1.1" 206 7872 "-" "Mozilla/5.0 (X11; Ubuntu; Linux x86_64; rv:21.0) Gecko/20130331 Firefox/21.0"
188.165.233.34 - - [19/Mar/2018:02:34:39 +0100] "GET /env/jomox/jomox.html HTTP/1.1" 206 14935 "-" "Mozilla/5.0 (X11; Ubuntu; Linux x86_64; rv:21.0) Gecko/20130331 Firefox/21.0"
188.165.233.34 - - [19/Mar/2018:02:34:41 +0100] "GET /env/roland/sc880.html HTTP/1.1" 206 17092 "-" "Mozilla/5.0 (X11; Ubuntu; Linux x86_64; rv:21.0) Gecko/20130331 Firefox/21.0"
188.165.233.34 - - [19/Mar/2018:02:34:43 +0100] "GET /links/links.html HTTP/1.1" 206 278 "-" "Mozilla/5.0 (X11; Ubuntu; Linux x86_64; rv:21.0) Gecko/20130331 Firefox/21.0"
188.165.233.34 - - [19/Mar/2018:02:34:45 +0100] "GET /env/jomox/download/airbase99.LSO HTTP/1.1" 206 262145 "-" "Mozilla/5.0 (X11; Ubuntu; Linux x86_64; rv:21.0) Gecko/20130331 Firefox/21.0"
188.165.233.34 - - [19/Mar/2018:02:34:47 +0100] "GET /env/jomox/pics/pic_airbase99.html HTTP/1.1" 206 759 "-" "Mozilla/5.0 (X11; Ubuntu; Linux x86_64; rv:21.0) Gecko/20130331 Firefox/21.0"
188.165.233.34 - - [19/Mar/2018:02:34:49 +0100] "GET /env/roland/pics/pic_sc880.html HTTP/1.1" 206 755 "-" "Mozilla/5.0 (X11; Ubuntu; Linux x86_64; rv:21.0) Gecko/20130331 Firefox/21.0"
180.76.15.24 - - [19/Mar/2018:02:37:08 +0100] "GET /robots.txt HTTP/1.1" 200 298 "-" "Mozilla/5.0 (Windows NT 5.1; rv:6.0.2) Gecko/20100101 Firefox/6.0.2"
180.76.15.147 - - [19/Mar/2018:02:37:08 +0100] "GET /robots.txt HTTP/1.1" 200 298 "-" "Mozilla/5.0 (Windows NT 5.1; rv:6.0.2) Gecko/20100101 Firefox/6.0.2"
180.76.15.137 - - [19/Mar/2018:02:39:19 +0100] "GET / HTTP/1.1" 200 15853 "-" "Mozilla/5.0 (compatible; Baiduspider/2.0; +http://www.baidu.com/search/spider.html)"
85.93.91.84 - - [19/Mar/2018:10:12:15 +0100] "GET /robots.txt HTTP/1.0" 200 298 "-" "Mozilla/5.0 (compatible; DeuSu/5.0.2; +https://deusu.de/robot.html)"
85.93.91.84 - - [19/Mar/2018:10:12:15 +0100] "GET /env/jomox/download/airbase99.LSO HTTP/1.0" 200 387896 "-" "Mozilla/5.0 (compatible; DeuSu/5.0.2; +https://deusu.de/robot.html)"
165.227.125.30 - - [19/Mar/2018:15:26:07 +0100] "GET /robots.txt HTTP/1.1" 200 298 "-" "Mozilla/5.0 (compatible; spbot/5.0.3; +http://OpenLinkProfiler.org/bot )"
165.227.125.30 - - [19/Mar/2018:15:26:13 +0100] "GET / HTTP/1.1" 200 15853 "-" "Mozilla/5.0 (compatible; spbot/5.0.3; +http://OpenLinkProfiler.org/bot )"
165.227.125.30 - - [19/Mar/2018:15:26:14 +0100] "GET /index.html HTTP/1.1" 200 15853 "http://www.soundpatcher.de/" "Mozilla/5.0 (compatible; spbot/5.0.3; +http://OpenLinkProfiler.org/bot )"
165.227.125.30 - - [19/Mar/2018:15:26:17 +0100] "GET /env/env.html HTTP/1.1" 200 12438 "http://www.soundpatcher.de/" "Mozilla/5.0 (compatible; spbot/5.0.3; +http://OpenLinkProfiler.org/bot )"
165.227.125.30 - - [19/Mar/2018:15:26:23 +0100] "GET /phpBB2/index.php HTTP/1.1" 401 1226 "http://www.soundpatcher.de/" "Mozilla/5.0 (compatible; spbot/5.0.3; +http://OpenLinkProfiler.org/bot )"
165.227.125.30 - - [19/Mar/2018:15:26:27 +0100] "GET /privat/privat.html HTTP/1.1" 401 1226 "http://www.soundpatcher.de/" "Mozilla/5.0 (compatible; spbot/5.0.3; +http://OpenLinkProfiler.org/bot )"
165.227.125.30 - - [19/Mar/2018:15:26:32 +0100] "GET /env/jomox/jomox.html HTTP/1.1" 200 14935 "http://www.soundpatcher.de/" "Mozilla/5.0 (compatible; spbot/5.0.3; +http://OpenLinkProfiler.org/bot )"
165.227.125.30 - - [19/Mar/2018:15:26:38 +0100] "GET /links/links.html HTTP/1.1" 200 278 "http://www.soundpatcher.de/env/jomox/jomox.html" "Mozilla/5.0 (compatible; spbot/5.0.3; +http://OpenLinkProfiler.org/bot )"
165.227.125.30 - - [19/Mar/2018:15:26:42 +0100] "GET /friends/friends.html HTTP/1.1" 401 1226 "http://www.soundpatcher.de/" "Mozilla/5.0 (compatible; spbot/5.0.3; +http://OpenLinkProfiler.org/bot )"
165.227.125.30 - - [19/Mar/2018:15:26:47 +0100] "GET /env/roland/sc880.html HTTP/1.1" 200 17092 "http://www.soundpatcher.de/env/env.html" "Mozilla/5.0 (compatible; spbot/5.0.3; +http://OpenLinkProfiler.org/bot )"
165.227.125.30 - - [19/Mar/2018:15:26:53 +0100] "GET /impressum/impressum.html HTTP/1.1" 200 7872 "http://www.soundpatcher.de/" "Mozilla/5.0 (compatible; spbot/5.0.3; +http://OpenLinkProfiler.org/bot )"
165.227.125.30 - - [19/Mar/2018:15:26:57 +0100] "GET /env/roland/pics/pic_sc880.html HTTP/1.1" 200 755 "http://www.soundpatcher.de/env/roland/sc880.html" "Mozilla/5.0 (compatible; spbot/5.0.3; +http://OpenLinkProfiler.org/bot )"
165.227.125.30 - - [19/Mar/2018:15:27:02 +0100] "GET /env/jomox/download/airbase99.LSO HTTP/1.1" 200 387896 "http://www.soundpatcher.de/env/jomox/jomox.html" "Mozilla/5.0 (compatible; spbot/5.0.3; +http://OpenLinkProfiler.org/bot )"
165.227.125.30 - - [19/Mar/2018:15:27:08 +0100] "GET /env/jomox/pics/pic_airbase99.html HTTP/1.1" 200 759 "http://www.soundpatcher.de/env/jomox/jomox.html" "Mozilla/5.0 (compatible; spbot/5.0.3; +http://OpenLinkProfiler.org/bot )"
46.229.164.101 - - [19/Mar/2018:20:04:53 +0100] "GET /robots.txt HTTP/1.1" 200 298 "-" "Mozilla/5.0 (compatible; SemrushBot/1.2~bl; +http://www.semrush.com/bot.html)"
141.8.141.131 - - [19/Mar/2018:23:51:44 +0100] "GET /robots.txt HTTP/1.1" 200 298 "-" "Mozilla/5.0 (compatible; YandexBot/3.0; +http://yandex.com/bots)"
141.8.141.131 - - [19/Mar/2018:23:51:47 +0100] "GET /env/jomox/download/airbase99.LSO HTTP/1.1" 200 387896 "-" "Mozilla/5.0 (compatible; YandexBot/3.0; +http://yandex.com/bots)"
180.76.15.12 - - [20/Mar/2018:01:49:42 +0100] "GET /friends/friends.html HTTP/1.1" 401 1226 "-" "Mozilla/5.0 (compatible; Baiduspider/2.0; +http://www.baidu.com/search/spider.html)"
90.187.50.241 - - [20/Mar/2018:02:03:24 +0100] "GET /env/env.html HTTP/1.1" 200 12438 "-" "Mozilla/5.0 (iPhone; CPU iPhone OS 11_2_6 like Mac OS X) AppleWebKit/604.5.6 (KHTML, like Gecko) Version/11.0 Mobile/15D100 Safari/604.1"
90.187.50.241 - - [20/Mar/2018:02:03:24 +0100] "GET /apple-touch-icon-120x120-precomposed.png HTTP/1.1" 404 1256 "-" "MobileSafari/604.1 CFNetwork/894 Darwin/17.4.0"
90.187.50.241 - - [20/Mar/2018:02:03:24 +0100] "GET /apple-touch-icon-120x120.png HTTP/1.1" 404 1256 "-" "MobileSafari/604.1 CFNetwork/894 Darwin/17.4.0"
90.187.50.241 - - [20/Mar/2018:02:03:24 +0100] "GET /apple-touch-icon-precomposed.png HTTP/1.1" 404 1256 "-" "MobileSafari/604.1 CFNetwork/894 Darwin/17.4.0"
90.187.50.241 - - [20/Mar/2018:02:03:24 +0100] "GET /apple-touch-icon.png HTTP/1.1" 404 1256 "-" "MobileSafari/604.1 CFNetwork/894 Darwin/17.4.0"
90.187.50.241 - - [20/Mar/2018:02:03:24 +0100] "GET /favicon.ico HTTP/1.1" 404 1256 "-" "MobileSafari/604.1 CFNetwork/894 Darwin/17.4.0"
90.187.50.241 - - [20/Mar/2018:02:03:24 +0100] "GET /apple-touch-icon-120x120-precomposed.png HTTP/1.1" 404 1256 "-" "MobileSafari/604.1 CFNetwork/894 Darwin/17.4.0"
90.187.50.241 - - [20/Mar/2018:02:03:24 +0100] "GET /apple-touch-icon-120x120.png HTTP/1.1" 404 1256 "-" "MobileSafari/604.1 CFNetwork/894 Darwin/17.4.0"
90.187.50.241 - - [20/Mar/2018:02:03:24 +0100] "GET /apple-touch-icon-precomposed.png HTTP/1.1" 404 1256 "-" "MobileSafari/604.1 CFNetwork/894 Darwin/17.4.0"
90.187.50.241 - - [20/Mar/2018:02:03:24 +0100] "GET /apple-touch-icon.png HTTP/1.1" 404 1256 "-" "MobileSafari/604.1 CFNetwork/894 Darwin/17.4.0"
90.187.50.241 - - [20/Mar/2018:02:03:24 +0100] "GET /favicon.ico HTTP/1.1" 404 1256 "-" "MobileSafari/604.1 CFNetwork/894 Darwin/17.4.0"
141.8.141.131 - - [20/Mar/2018:05:57:56 +0100] "GET /robots.txt HTTP/1.1" 200 298 "-" "Mozilla/5.0 (compatible; YandexBot/3.0; +http://yandex.com/bots)"
141.8.141.131 - - [20/Mar/2018:05:57:59 +0100] "GET /favicon.ico HTTP/1.1" 404 1256 "-" "Mozilla/5.0 (compatible; YandexBot/3.0; +http://yandex.com/bots)"
54.67.59.131 - - [20/Mar/2018:08:48:29 +0100] "GET / HTTP/1.1" 200 15853 "-" "Mozilla/5.0 (Macintosh; Intel Mac OS X 10_12_6) AppleWebKit/537.36 (KHTML, like Gecko) Chrome/61.0.3163.100 Safari/537.36"
46.229.168.73 - - [20/Mar/2018:12:14:02 +0100] "GET /privat/privat.html HTTP/1.1" 401 1226 "-" "Mozilla/5.0 (compatible; SemrushBot/1.2~bl; +http://www.semrush.com/bot.html)"
46.229.168.77 - - [20/Mar/2018:12:14:14 +0100] "GET /env/roland/pics/pic_sc880.html HTTP/1.1" 200 755 "-" "Mozilla/5.0 (compatible; SemrushBot/1.2~bl; +http://www.semrush.com/bot.html)"
46.229.168.74 - - [20/Mar/2018:12:14:21 +0100] "GET /env/env.html HTTP/1.1" 200 12438 "-" "Mozilla/5.0 (compatible; SemrushBot/1.2~bl; +http://www.semrush.com/bot.html)"
46.229.168.74 - - [20/Mar/2018:12:14:28 +0100] "GET /env/jomox/download/airbase99.LSO HTTP/1.1" 200 387896 "-" "Mozilla/5.0 (compatible; SemrushBot/1.2~bl; +http://www.semrush.com/bot.html)"
46.229.168.74 - - [20/Mar/2018:12:14:43 +0100] "GET /env/roland/sc880.html HTTP/1.1" 200 17092 "-" "Mozilla/5.0 (compatible; SemrushBot/1.2~bl; +http://www.semrush.com/bot.html)"
46.229.168.72 - - [20/Mar/2018:12:15:02 +0100] "GET /friends/friends.html HTTP/1.1" 401 1226 "-" "Mozilla/5.0 (compatible; SemrushBot/1.2~bl; +http://www.semrush.com/bot.html)"
46.229.168.65 - - [20/Mar/2018:12:15:11 +0100] "GET /impressum/impressum.html HTTP/1.1" 200 7872 "-" "Mozilla/5.0 (compatible; SemrushBot/1.2~bl; +http://www.semrush.com/bot.html)"
66.249.75.88 - - [20/Mar/2018:16:25:30 +0100] "GET /robots.txt HTTP/1.1" 200 298 "-" "Mozilla/5.0 (compatible; Googlebot/2.1; +http://www.google.com/bot.html)"
66.249.75.86 - - [20/Mar/2018:16:25:30 +0100] "GET / HTTP/1.1" 200 15853 "-" "Mozilla/5.0 (Linux; Android 6.0.1; Nexus 5X Build/MMB29P) AppleWebKit/537.36 (KHTML, like Gecko) Chrome/41.0.2272.96 Mobile Safari/537.36 (compatible; Googlebot/2.1; +http://www.google.com/bot.html)"
91.200.12.98 - - [20/Mar/2018:20:41:13 +0100] "GET /?gf_page=upload HTTP/1.1" 200 15853 "http://www.soundpatcher.de/?gf_page=upload" "Mozilla/5.0 (Windows NT 6.1; WOW64) AppleWebKit/537.36 (KHTML, like Gecko) Chrome/42.0.2311.152 Safari/537.36"
35.171.187.4 - - [20/Mar/2018:23:14:01 +0100] "GET / HTTP/1.1" 200 15853 "-" "Mozilla/5.0 (X11; Linux x86_64) AppleWebKit/537.36 (KHTML, like Gecko) Chrome/58.0.3029.110 Safari/537.36"
167.114.228.206 - - [21/Mar/2018:16:24:58 +0100] "GET / HTTP/1.0" 200 15853 "-" "Mozilla/5.0 (Windows NT 10.0; Win64; x64; rv:57.0) Gecko/20100101 Firefox/57.0"
46.229.164.98 - - [21/Mar/2018:16:58:40 +0100] "GET /robots.txt HTTP/1.1" 200 298 "-" "Mozilla/5.0 (compatible; SemrushBot/1.2~bl; +http://www.semrush.com/bot.html)"
5.89.36.212 - - [21/Mar/2018:21:36:35 +0100] "GET / HTTP/1.1" 200 15853 "-" "Xenu Link Sleuth/1.3.8"
89.178.239.5 - - [22/Mar/2018:01:09:03 +0100] "GET / HTTP/1.1" 200 15853 "http://yandex.ru/clck/jsredir?from=yandex.ru%3Bsearch%3Bweb%3B%3B&text=&etext=1734.eUnlqEKn7YaQ-yD_AyYUPanmGUCAnrvB5Ql3WOY7vZrfJkCsINDV9PxJ2EB63Ich.6cc9ceab24f2c414a87573207b9a5b9945e27d1c&uuid=&state=_BLhILn4SxNIvvL0W45KSic66uCIg23qh8iRG98qeIXmeppkgUc0YD4hgzqAYr5iuWBiLZQy-rY&data=UlNrNmk5WktYejR0eWJFYk1Ldmtxaktucy03U19vVlEzdkVKdmlIVGhmRU1DalVGQ0FtZEZsSkYyQ3VYSFQ2cFpVR2RHUk1JTDNBOU95NHJlMHg3Q0FuZlBjbXRLRjBRZDQ0RElNZWh0QVU&b64e=2&sign=a7c239f768ea6448b16fed5641d0d743&keyno=0&cst=AiuY0DBWFJ7IXge4WdYJQULnoVAFacUfQX_jaRbhik4M0lIMQEJd6BZu1iul-VJ_unA0wmIFfC7IPU71aGt-iRBEPdKdzhxr_LBQyKvRC_ILw4UFWOSAI0bEu3n8FZghIEuzAsjqoDNV15vjk-FPMgKxzzG3Yhp8&ref=orjY4mGPRjk5boDnW0uvlrrd71vZw9kp5uQozpMtKCWuAUzT58TqAZ6NcTWXQZFGqJs7uX7lGMoiEIXgtx6UVZ3Kegqftjheuwol99gopwkh0i6d_-3i0YFjYfK4F17i&l10n=ru&cts=1521675731397&mc=2.88675153058" "Mozilla/5.0 (compatible; MSIE 10.0; Windows NT 6.2; Trident/6.0; MAAU; MAAU)"
66.249.75.86 - - [22/Mar/2018:09:59:19 +0100] "GET /robots.txt HTTP/1.1" 200 298 "-" "Mozilla/5.0 (compatible; Googlebot/2.1; +http://www.google.com/bot.html)"
66.249.75.86 - - [22/Mar/2018:09:59:19 +0100] "GET /hrcsnodjj.html HTTP/1.1" 404 1256 "-" "Mozilla/5.0 (compatible; Googlebot/2.1; +http://www.google.com/bot.html)"
54.190.195.208 - - [22/Mar/2018:12:28:10 +0100] "GET / HTTP/1.1" 200 15853 "-" "Mozilla/5.0 (Macintosh; Intel Mac OS X 10_8_3) AppleWebKit/537.31 (KHTML, like Gecko) Chrome/26.0.1410.65 Safari/537.31"
87.250.233.65 - - [22/Mar/2018:14:31:08 +0100] "GET /robots.txt HTTP/1.1" 200 298 "-" "Mozilla/5.0 (compatible; YandexBot/3.0; +http://yandex.com/bots)"
151.80.39.144 - - [22/Mar/2018:14:35:23 +0100] "GET /robots.txt HTTP/1.1" 200 298 "-" "Mozilla/5.0 (compatible; AhrefsBot/5.2; +http://ahrefs.com/robot/)"
54.36.148.106 - - [22/Mar/2018:14:35:23 +0100] "GET /env/env.html HTTP/1.1" 200 12438 "-" "Mozilla/5.0 (compatible; AhrefsBot/5.2; +http://ahrefs.com/robot/)"
87.250.244.7 - - [22/Mar/2018:14:31:12 +0100] "GET /env/jomox/download/airbase99.LSO HTTP/1.1" 200 387896 "-" "Mozilla/5.0 (compatible; YandexBot/3.0; +http://yandex.com/bots)"
66.249.75.86 - - [22/Mar/2018:19:56:28 +0100] "GET / HTTP/1.1" 200 15853 "-" "Mozilla/5.0 (compatible; Googlebot/2.1; +http://www.google.com/bot.html)"
94.23.31.164 - - [22/Mar/2018:20:10:00 +0100] "GET /components/com_b2jcontact/css/b2jcontact.css HTTP/1.0" 404 1256 "-" "Mozilla/5.0 (Windows NT 6.1; Win64; x64) AppleWebKit/537.36 (KHTML, like Gecko) Chrome/62.0.3202.94 Safari/537.36"
94.23.31.164 - - [22/Mar/2018:20:10:00 +0100] "GET /components/com_b2jcontact/css/b2jcontact.css HTTP/1.0" 404 1256 "-" "Mozilla/5.0 (Windows NT 6.1; Win64; x64) AppleWebKit/537.36 (KHTML, like Gecko) Chrome/62.0.3202.94 Safari/537.36"
207.244.149.26 - - [22/Mar/2018:22:51:02 +0100] "GET /index.php?option=com_adsmanager&task=upload&tmpl=component HTTP/1.1" 404 1256 "http://www.soundpatcher.de/index.php?option=com_adsmanager&task=upload&tmpl=component" "Mozilla/5.0 (Windows NT 6.1; WOW64) AppleWebKit/537.36 (KHTML, like Gecko) Chrome/42.0.2311.152 Safari/537.36"
157.55.39.20 - - [22/Mar/2018:23:55:32 +0100] "GET /robots.txt HTTP/1.1" 200 298 "-" "Mozilla/5.0 (compatible; bingbot/2.0; +http://www.bing.com/bingbot.htm)"
40.77.167.36 - - [22/Mar/2018:23:55:44 +0100] "GET / HTTP/1.1" 200 15853 "-" "Mozilla/5.0 (iPhone; CPU iPhone OS 7_0 like Mac OS X) AppleWebKit/537.51.1 (KHTML, like Gecko) Version/7.0 Mobile/11A465 Safari/9537.53 (compatible; bingbot/2.0; +http://www.bing.com/bingbot.htm)"
40.77.167.17 - - [22/Mar/2018:23:56:54 +0100] "GET /robots.txt HTTP/1.1" 200 298 "-" "Mozilla/5.0 (compatible; bingbot/2.0; +http://www.bing.com/bingbot.htm)"
54.67.59.131 - - [23/Mar/2018:03:06:26 +0100] "GET / HTTP/1.1" 200 15853 "-" "Mozilla/5.0 (Macintosh; Intel Mac OS X 10_12_6) AppleWebKit/537.36 (KHTML, like Gecko) Chrome/61.0.3163.100 Safari/537.36"
40.77.167.20 - - [23/Mar/2018:06:27:31 +0100] "GET / HTTP/1.1" 200 15853 "-" "Mozilla/5.0 (compatible; bingbot/2.0; +http://www.bing.com/bingbot.htm)"
40.77.167.84 - - [23/Mar/2018:06:28:00 +0100] "GET /robots.txt HTTP/1.1" 200 298 "-" "Mozilla/5.0 (compatible; bingbot/2.0; +http://www.bing.com/bingbot.htm)"
54.36.149.80 - - [23/Mar/2018:10:58:21 +0100] "GET /privat/privat.html HTTP/1.1" 401 1226 "-" "Mozilla/5.0 (compatible; AhrefsBot/5.2; +http://ahrefs.com/robot/)"
180.76.15.20 - - [23/Mar/2018:11:41:27 +0100] "GET / HTTP/1.1" 200 15853 "-" "Mozilla/5.0 (compatible; Baiduspider/2.0; +http://www.baidu.com/search/spider.html)"
178.255.215.84 - - [23/Mar/2018:14:24:42 +0100] "GET /robots.txt HTTP/1.1" 200 298 "-" "Mozilla/5.0 (compatible; Exabot/3.0; +http://www.exabot.com/go/robot)"
178.255.215.84 - - [23/Mar/2018:14:24:42 +0100] "GET /env/jomox/pics/pic_airbase99.html HTTP/1.1" 200 759 "-" "Mozilla/5.0 (compatible; Exabot/3.0; +http://www.exabot.com/go/robot)"
216.145.14.142 - - [23/Mar/2018:21:38:20 +0100] "GET /robots.txt HTTP/1.0" 200 298 "-" "Mozilla/5.0 (Windows; U; Windows NT 5.1; en; rv:1.9.0.13) Gecko/2009073022 Firefox/3.5.2 (.NET CLR 3.5.30729) SurveyBot/2.3 (DomainTools)"
216.145.14.142 - - [23/Mar/2018:21:38:21 +0100] "GET / HTTP/1.1" 200 15853 "http://whois.domaintools.com/soundpatcher.de" "Mozilla/5.0 (Windows; U; Windows NT 5.1; en; rv:1.9.0.13) Gecko/2009073022 Firefox/3.5.2 (.NET CLR 3.5.30729) SurveyBot/2.3 (DomainTools)"
180.76.15.14 - - [24/Mar/2018:01:54:48 +0100] "GET /friends/friends.html HTTP/1.1" 401 1226 "-" "Mozilla/5.0 (compatible; Baiduspider/2.0; +http://www.baidu.com/search/spider.html)"
180.76.15.13 - - [24/Mar/2018:04:35:20 +0100] "GET / HTTP/1.1" 200 15853 "-" "Mozilla/5.0 (compatible; Baiduspider/2.0; +http://www.baidu.com/search/spider.html)"
46.229.164.100 - - [24/Mar/2018:05:07:20 +0100] "GET /robots.txt HTTP/1.1" 200 298 "-" "Mozilla/5.0 (compatible; SemrushBot/1.2~bl; +http://www.semrush.com/bot.html)"
85.25.202.18 - - [24/Mar/2018:12:35:37 +0100] "GET / HTTP/1.1" 200 15853 "http://www.sumaja.de/?such_wert=logic" "Mozilla/5.0 (Windows; U; Windows NT 6.1; de; rv:1.9.2.8) Gecko/20100722 Firefox/3.6.8 GTB7.1"
66.249.75.89 - - [24/Mar/2018:18:33:42 +0100] "GET /robots.txt HTTP/1.1" 200 298 "-" "Mozilla/5.0 (compatible; Googlebot/2.1; +http://www.google.com/bot.html)"
66.249.75.86 - - [24/Mar/2018:18:33:42 +0100] "GET / HTTP/1.1" 200 15853 "-" "Mozilla/5.0 (compatible; Googlebot/2.1; +http://www.google.com/bot.html)"
141.8.141.131 - - [24/Mar/2018:21:15:12 +0100] "GET /robots.txt HTTP/1.1" 200 298 "-" "Mozilla/5.0 (compatible; YandexBot/3.0; +http://yandex.com/bots)"
141.8.141.131 - - [24/Mar/2018:21:15:16 +0100] "GET /favicon.ico HTTP/1.1" 404 1256 "-" "Mozilla/5.0 (compatible; YandexBot/3.0; +http://yandex.com/bots)"
91.200.12.98 - - [25/Mar/2018:07:33:36 +0200] "GET /administrator/components/com_simplephotogallery/lib/uploadFile.php HTTP/1.1" 404 1256 "http://www.soundpatcher.de/administrator/components/com_simplephotogallery/lib/uploadFile.php" "Mozilla/5.0 (Windows NT 6.1; WOW64) AppleWebKit/537.36 (KHTML, like Gecko) Chrome/42.0.2311.152 Safari/537.36"
66.249.75.86 - - [25/Mar/2018:12:57:51 +0200] "GET / HTTP/1.1" 200 15853 "-" "Mozilla/5.0 (Linux; Android 6.0.1; Nexus 5X Build/MMB29P) AppleWebKit/537.36 (KHTML, like Gecko) Chrome/41.0.2272.96 Mobile Safari/537.36 (compatible; Googlebot/2.1; +http://www.google.com/bot.html)"
66.249.75.89 - - [25/Mar/2018:14:31:23 +0200] "GET / HTTP/1.1" 200 15853 "-" "Mozilla/5.0 (Linux; Android 6.0.1; Nexus 5X Build/MMB29P) AppleWebKit/537.36 (KHTML, like Gecko) Chrome/41.0.2272.96 Mobile Safari/537.36 (compatible; Googlebot/2.1; +http://www.google.com/bot.html)"
66.249.75.86 - - [25/Mar/2018:15:39:10 +0200] "GET / HTTP/1.1" 200 15853 "-" "Mozilla/5.0 (Linux; Android 6.0.1; Nexus 5X Build/MMB29P) AppleWebKit/537.36 (KHTML, like Gecko) Chrome/41.0.2272.96 Mobile Safari/537.36 (compatible; Googlebot/2.1; +http://www.google.com/bot.html)"
66.249.75.88 - - [25/Mar/2018:17:13:07 +0200] "GET / HTTP/1.1" 200 15853 "-" "Mozilla/5.0 (Linux; Android 6.0.1; Nexus 5X Build/MMB29P) AppleWebKit/537.36 (KHTML, like Gecko) Chrome/41.0.2272.96 Mobile Safari/537.36 (compatible; Googlebot/2.1; +http://www.google.com/bot.html)"
66.249.75.86 - - [25/Mar/2018:18:32:52 +0200] "GET / HTTP/1.1" 200 15853 "-" "Mozilla/5.0 (Linux; Android 6.0.1; Nexus 5X Build/MMB29P) AppleWebKit/537.36 (KHTML, like Gecko) Chrome/41.0.2272.96 Mobile Safari/537.36 (compatible; Googlebot/2.1; +http://www.google.com/bot.html)"
66.249.75.86 - - [25/Mar/2018:19:16:21 +0200] "GET /env/roland/sc880.html HTTP/1.1" 200 17092 "-" "Mozilla/5.0 (Linux; Android 6.0.1; Nexus 5X Build/MMB29P) AppleWebKit/537.36 (KHTML, like Gecko) Chrome/41.0.2272.96 Mobile Safari/537.36 (compatible; Googlebot/2.1; +http://www.google.com/bot.html)"
66.249.75.86 - - [25/Mar/2018:20:12:57 +0200] "GET /robots.txt HTTP/1.1" 200 298 "-" "Mozilla/5.0 (compatible; Googlebot/2.1; +http://www.google.com/bot.html)"
66.249.75.89 - - [25/Mar/2018:20:12:57 +0200] "GET / HTTP/1.1" 200 15853 "-" "Mozilla/5.0 (Linux; Android 6.0.1; Nexus 5X Build/MMB29P) AppleWebKit/537.36 (KHTML, like Gecko) Chrome/41.0.2272.96 Mobile Safari/537.36 (compatible; Googlebot/2.1; +http://www.google.com/bot.html)"
66.249.75.88 - - [26/Mar/2018:00:01:32 +0200] "GET / HTTP/1.1" 200 15853 "-" "Mozilla/5.0 (compatible; Googlebot/2.1; +http://www.google.com/bot.html)"
54.67.59.131 - - [26/Mar/2018:00:12:23 +0200] "GET / HTTP/1.1" 200 15853 "-" "Mozilla/5.0 (Macintosh; Intel Mac OS X 10_12_6) AppleWebKit/537.36 (KHTML, like Gecko) Chrome/61.0.3163.100 Safari/537.36"
66.249.75.89 - - [26/Mar/2018:00:35:32 +0200] "GET /env/roland/sc880.html HTTP/1.1" 200 17092 "-" "Mozilla/5.0 (compatible; Googlebot/2.1; +http://www.google.com/bot.html)"
66.249.75.89 - - [26/Mar/2018:01:12:58 +0200] "GET / HTTP/1.1" 200 15853 "-" "Mozilla/5.0 (compatible; Googlebot/2.1; +http://www.google.com/bot.html)"
66.249.75.88 - - [26/Mar/2018:01:20:18 +0200] "GET / HTTP/1.1" 200 15853 "-" "Mozilla/5.0 (Linux; Android 6.0.1; Nexus 5X Build/MMB29P) AppleWebKit/537.36 (KHTML, like Gecko) Chrome/41.0.2272.96 Mobile Safari/537.36 (compatible; Googlebot/2.1; +http://www.google.com/bot.html)"
46.229.168.71 - - [26/Mar/2018:01:26:15 +0200] "GET /env/jomox/pics/pic_airbase99.html HTTP/1.1" 200 759 "-" "Mozilla/5.0 (compatible; SemrushBot/1.2~bl; +http://www.semrush.com/bot.html)"
46.229.168.69 - - [26/Mar/2018:01:26:27 +0200] "GET /index.html HTTP/1.1" 200 15853 "-" "Mozilla/5.0 (compatible; SemrushBot/1.2~bl; +http://www.semrush.com/bot.html)"
46.229.168.77 - - [26/Mar/2018:01:26:45 +0200] "GET /env/jomox/jomox.html HTTP/1.1" 200 14935 "-" "Mozilla/5.0 (compatible; SemrushBot/1.2~bl; +http://www.semrush.com/bot.html)"
66.249.75.89 - - [26/Mar/2018:01:56:10 +0200] "GET /env/roland/sc880.html HTTP/1.1" 200 17092 "-" "Mozilla/5.0 (compatible; Googlebot/2.1; +http://www.google.com/bot.html)"
66.249.75.88 - - [26/Mar/2018:03:25:54 +0200] "GET / HTTP/1.1" 200 15853 "-" "Mozilla/5.0 (Linux; Android 6.0.1; Nexus 5X Build/MMB29P) AppleWebKit/537.36 (KHTML, like Gecko) Chrome/41.0.2272.96 Mobile Safari/537.36 (compatible; Googlebot/2.1; +http://www.google.com/bot.html)"
151.80.39.144 - - [26/Mar/2018:03:59:40 +0200] "GET /robots.txt HTTP/1.1" 200 298 "-" "Mozilla/5.0 (compatible; AhrefsBot/5.2; +http://ahrefs.com/robot/)"
54.36.148.154 - - [26/Mar/2018:03:59:41 +0200] "GET /env/jomox/pics/pic_airbase99.html HTTP/1.1" 200 759 "-" "Mozilla/5.0 (compatible; AhrefsBot/5.2; +http://ahrefs.com/robot/)"
66.249.75.88 - - [26/Mar/2018:04:34:15 +0200] "GET /env/roland/sc880.html HTTP/1.1" 200 17092 "-" "Mozilla/5.0 (Linux; Android 6.0.1; Nexus 5X Build/MMB29P) AppleWebKit/537.36 (KHTML, like Gecko) Chrome/41.0.2272.96 Mobile Safari/537.36 (compatible; Googlebot/2.1; +http://www.google.com/bot.html)"
66.249.75.89 - - [26/Mar/2018:05:06:48 +0200] "GET / HTTP/1.1" 200 15853 "-" "Mozilla/5.0 (Linux; Android 6.0.1; Nexus 5X Build/MMB29P) AppleWebKit/537.36 (KHTML, like Gecko) Chrome/41.0.2272.96 Mobile Safari/537.36 (compatible; Googlebot/2.1; +http://www.google.com/bot.html)"
59.57.37.8 - - [26/Mar/2018:05:19:44 +0200] "GET / HTTP/1.1" 200 15853 "-" "Mozilla/5.0 (Windows NT 6.1) AppleWebKit/537.36 (KHTML, like Gecko) Chrome/55.0.2883.75 Safari/537.36"
66.249.75.88 - - [26/Mar/2018:05:22:04 +0200] "GET / HTTP/1.1" 200 15853 "-" "Mozilla/5.0 (compatible; Googlebot/2.1; +http://www.google.com/bot.html)"
46.229.164.100 - - [26/Mar/2018:06:04:52 +0200] "GET /robots.txt HTTP/1.1" 200 298 "-" "Mozilla/5.0 (compatible; SemrushBot/1.2~bl; +http://www.semrush.com/bot.html)"
178.255.215.84 - - [26/Mar/2018:06:28:49 +0200] "GET /robots.txt HTTP/1.1" 200 298 "-" "Mozilla/5.0 (compatible; Exabot/3.0; +http://www.exabot.com/go/robot)"
178.255.215.84 - - [26/Mar/2018:06:28:49 +0200] "GET /links/links.html HTTP/1.1" 200 278 "-" "Mozilla/5.0 (compatible; Exabot/3.0; +http://www.exabot.com/go/robot)"
