204.12.208.218 - - [24/Feb/2013:05:08:55 +0100] "GET /index.html HTTP/1.0" 200 12828 "-" "Mozilla/5.0 (compatible; MJ12bot/v1.4.3; http://www.majestic12.co.uk/bot.php?+)"
85.214.21.33 - - [24/Feb/2013:05:09:52 +0100] "GET / HTTP/1.0" 200 12828 "-" "-"
85.214.21.33 - - [24/Feb/2013:05:09:52 +0100] "GET / HTTP/1.0" 200 12828 "-" "-"
199.21.99.122 - - [24/Feb/2013:05:30:08 +0100] "GET / HTTP/1.1" 200 12828 "-" "Mozilla/5.0 (compatible; YandexBot/3.0; +http://yandex.com/bots)"
66.249.78.6 - - [24/Feb/2013:06:09:31 +0100] "GET /robots.txt HTTP/1.1" 404 1256 "-" "Mozilla/5.0 (compatible; Googlebot/2.1; +http://www.google.com/bot.html)"
66.249.78.6 - - [24/Feb/2013:06:09:31 +0100] "GET /Produkte_Np1.gif HTTP/1.1" 304 - "-" "Googlebot-Image/1.0"
199.30.20.2 - - [24/Feb/2013:06:13:32 +0100] "GET /robots.txt HTTP/1.1" 404 1256 "-" "msnbot-media/1.1 (+http://search.msn.com/msnbot.htm)"
199.30.20.2 - - [24/Feb/2013:06:13:33 +0100] "GET /DSC00123a02.JPG HTTP/1.1" 200 4361 "-" "msnbot-media/1.1 (+http://search.msn.com/msnbot.htm)"
66.249.78.6 - - [24/Feb/2013:06:53:08 +0100] "GET /DSC00127a03.JPG HTTP/1.1" 304 - "-" "Googlebot-Image/1.0"
173.199.116.19 - - [24/Feb/2013:07:32:51 +0100] "GET /Produkte/produkte.html HTTP/1.1" 200 17755 "-" "Mozilla/5.0 (compatible; AhrefsBot/4.0; +http://ahrefs.com/robot/)"
141.8.147.12 - - [24/Feb/2013:07:49:18 +0100] "GET / HTTP/1.1" 200 12828 "-" "Mozilla/5.0 (compatible; YandexBot/3.0; +http://yandex.com/bots)"
66.249.78.6 - - [24/Feb/2013:11:24:03 +0100] "GET /Shop/shop.html HTTP/1.1" 304 - "-" "Mozilla/5.0 (iPhone; U; CPU iPhone OS 4_1 like Mac OS X; en-us) AppleWebKit/532.9 (KHTML, like Gecko) Version/4.0.5 Mobile/8B117 Safari/6531.22.7 (compatible; Googlebot-Mobile/2.1; +http://www.google.com/bot.html)"
188.107.194.45 - - [24/Feb/2013:12:03:38 +0100] "GET / HTTP/1.1" 200 12828 "-" "Mozilla/4.0 (compatible; MSIE 8.0; Windows NT 6.0; .NET CLR 1.1.4322; .NET CLR 2.0.50727; .NET CLR 3.0.04506.30)"
188.107.194.45 - - [24/Feb/2013:12:03:44 +0100] "GET /Impressum/impressum.html HTTP/1.1" 200 11991 "-" "Mozilla/4.0 (compatible; MSIE 8.0; Windows NT 6.0; .NET CLR 1.1.4322; .NET CLR 2.0.50727; .NET CLR 3.0.04506.30)"
173.199.116.19 - - [24/Feb/2013:16:25:59 +0100] "GET /Shop/Filter/filter_0.html HTTP/1.1" 200 26544 "-" "Mozilla/5.0 (compatible; AhrefsBot/4.0; +http://ahrefs.com/robot/)"
199.30.16.14 - - [24/Feb/2013:17:38:05 +0100] "GET /robots.txt HTTP/1.1" 404 1256 "-" "msnbot-media/1.1 (+http://search.msn.com/msnbot.htm)"
199.30.16.14 - - [24/Feb/2013:17:38:05 +0100] "GET /Vorher-nachher1.jpg HTTP/1.1" 200 6971 "-" "msnbot-media/1.1 (+http://search.msn.com/msnbot.htm)"
173.199.116.19 - - [24/Feb/2013:18:58:43 +0100] "GET /Impressum/impressum.html HTTP/1.1" 200 11991 "-" "Mozilla/5.0 (compatible; AhrefsBot/4.0; +http://ahrefs.com/robot/)"
173.199.116.19 - - [24/Feb/2013:19:48:24 +0100] "GET /Feinstaubfilter/Dexwet/dexwet.html HTTP/1.1" 200 16100 "-" "Mozilla/5.0 (compatible; AhrefsBot/4.0; +http://ahrefs.com/robot/)"
173.199.116.19 - - [24/Feb/2013:20:23:20 +0100] "GET /Feinstaubfilter/micronair/micronair.html HTTP/1.1" 200 19812 "-" "Mozilla/5.0 (compatible; AhrefsBot/4.0; +http://ahrefs.com/robot/)"
178.255.215.70 - - [24/Feb/2013:23:11:57 +0100] "GET /robots.txt HTTP/1.1" 404 1256 "-" "Mozilla/5.0 (compatible; Exabot/3.0; +http://www.exabot.com/go/robot)"
178.255.215.70 - - [24/Feb/2013:23:11:57 +0100] "GET /Produkte/weitere_Produkte/weitere_produkte.html HTTP/1.1" 304 - "-" "Mozilla/5.0 (compatible; Exabot/3.0; +http://www.exabot.com/go/robot)"
82.94.179.38 - - [25/Feb/2013:04:31:55 +0100] "GET /robots.txt HTTP/1.0" 404 1256 "-" "Mozilla/4.0 (compatible; Vagabondo/4.0/EU; http://webagent.wise-guys.nl/)"
82.94.179.38 - - [25/Feb/2013:04:31:55 +0100] "GET /Feinstaubfilter/Dexwet/dexwet.html HTTP/1.1" 200 16100 "http://www.sirius-berlin.de/Feinstaubfilter/feinstaubfilter.html" "Mozilla/4.0 (compatible; Vagabondo/4.0/EU; http://www.wise-guys.nl/)"
66.249.76.6 - - [25/Feb/2013:06:19:10 +0100] "GET /robots.txt HTTP/1.1" 404 1256 "-" "Mozilla/5.0 (compatible; Googlebot/2.1; +http://www.google.com/bot.html)"
66.249.76.6 - - [25/Feb/2013:06:19:10 +0100] "GET / HTTP/1.1" 200 12828 "-" "Mozilla/5.0 (iPhone; U; CPU iPhone OS 4_1 like Mac OS X; en-us) AppleWebKit/532.9 (KHTML, like Gecko) Version/4.0.5 Mobile/8B117 Safari/6531.22.7 (compatible; Googlebot-Mobile/2.1; +http://www.google.com/bot.html)"
173.199.116.19 - - [25/Feb/2013:06:24:23 +0100] "GET / HTTP/1.1" 200 12828 "-" "Mozilla/5.0 (compatible; AhrefsBot/4.0; +http://ahrefs.com/robot/)"
157.55.33.19 - - [25/Feb/2013:08:08:12 +0100] "GET /robots.txt HTTP/1.1" 404 1256 "-" "Mozilla/5.0 (compatible; bingbot/2.0; +http://www.bing.com/bingbot.htm)"
157.55.33.19 - - [25/Feb/2013:08:10:20 +0100] "GET /Feinstaubfilter/feinstaubfilter.html HTTP/1.1" 200 13065 "-" "Mozilla/5.0 (compatible; bingbot/2.0; +http://www.bing.com/bingbot.htm)"
208.115.111.66 - - [25/Feb/2013:09:08:19 +0100] "GET /robots.txt HTTP/1.1" 404 1256 "-" "Mozilla/5.0 (compatible; Ezooms/1.0; ezooms.bot@gmail.com)"
66.249.76.6 - - [25/Feb/2013:09:21:32 +0100] "GET /Shop_Np1.gif HTTP/1.1" 304 - "-" "Googlebot-Image/1.0"
173.199.116.19 - - [25/Feb/2013:09:34:49 +0100] "GET /Shop/Filter/filter_2.html HTTP/1.1" 200 26547 "-" "Mozilla/5.0 (compatible; AhrefsBot/4.0; +http://ahrefs.com/robot/)"
173.199.116.19 - - [25/Feb/2013:09:41:08 +0100] "GET /Produkte/Tonerkartuschen/tonerkartuschen.html HTTP/1.1" 200 13203 "-" "Mozilla/5.0 (compatible; AhrefsBot/4.0; +http://ahrefs.com/robot/)"
131.253.38.103 - - [25/Feb/2013:10:02:06 +0100] "GET /robots.txt HTTP/1.1" 404 1256 "-" "msnbot-media/1.1 (+http://search.msn.com/msnbot.htm)"
131.253.38.103 - - [25/Feb/2013:10:02:06 +0100] "GET /Sirius-LOGO21.JPG HTTP/1.1" 200 2563 "-" "msnbot-media/1.1 (+http://search.msn.com/msnbot.htm)"
66.249.76.6 - - [25/Feb/2013:10:39:10 +0100] "GET /Sirius-LOGO21.JPG HTTP/1.1" 304 - "-" "Googlebot-Image/1.0"
208.115.111.66 - - [25/Feb/2013:11:07:00 +0100] "GET /Shop/Filter/filter_1.html HTTP/1.1" 200 26543 "-" "Mozilla/5.0 (compatible; Ezooms/1.0; ezooms.bot@gmail.com)"
208.115.113.83 - - [25/Feb/2013:11:08:16 +0100] "GET /robots.txt HTTP/1.1" 404 1256 "-" "Mozilla/5.0 (compatible; Ezooms/1.0; ezooms.bot@gmail.com)"
157.55.33.110 - - [25/Feb/2013:11:50:47 +0100] "GET /robots.txt HTTP/1.1" 404 1256 "-" "Mozilla/5.0 (compatible; bingbot/2.0; +http://www.bing.com/bingbot.htm)"
157.55.33.110 - - [25/Feb/2013:11:52:49 +0100] "GET /Impressum/impressum.html HTTP/1.1" 200 11991 "-" "Mozilla/5.0 (compatible; bingbot/2.0; +http://www.bing.com/bingbot.htm)"
66.249.76.6 - - [25/Feb/2013:11:57:20 +0100] "GET /Dexwet_Hs1.gif HTTP/1.1" 304 - "-" "Googlebot-Image/1.0"
157.55.35.88 - - [25/Feb/2013:12:14:19 +0100] "GET /Produkte/Tonerkartuschen/tonerkartuschen.html HTTP/1.1" 200 13203 "-" "Mozilla/5.0 (compatible; bingbot/2.0; +http://www.bing.com/bingbot.htm)"
157.55.34.25 - - [25/Feb/2013:12:39:46 +0100] "GET /Service_Kontakt/service_kontakt.html HTTP/1.1" 200 11157 "-" "Mozilla/5.0 (compatible; bingbot/2.0; +http://www.bing.com/bingbot.htm)"
157.55.34.25 - - [25/Feb/2013:12:39:46 +0100] "GET /Produkte/Tintenpatronen/tintenpatronen.html HTTP/1.1" 200 15225 "-" "Mozilla/5.0 (compatible; bingbot/2.0; +http://www.bing.com/bingbot.htm)"
208.115.113.83 - - [25/Feb/2013:13:22:14 +0100] "GET /Feinstaubfilter/micronair/micronair.html HTTP/1.1" 200 19812 "-" "Mozilla/5.0 (compatible; Ezooms/1.0; ezooms.bot@gmail.com)"
66.249.76.6 - - [25/Feb/2013:14:01:27 +0100] "GET /Service_Kontakt/service_kontakt.html HTTP/1.1" 200 11157 "-" "Mozilla/5.0 (iPhone; U; CPU iPhone OS 4_1 like Mac OS X; en-us) AppleWebKit/532.9 (KHTML, like Gecko) Version/4.0.5 Mobile/8B117 Safari/6531.22.7 (compatible; Googlebot-Mobile/2.1; +http://www.google.com/bot.html)"
66.249.76.6 - - [25/Feb/2013:14:25:11 +0100] "GET / HTTP/1.1" 200 12828 "-" "Mozilla/5.0 (compatible; Googlebot/2.1; +http://www.google.com/bot.html)"
157.55.34.25 - - [25/Feb/2013:15:52:04 +0100] "GET /robots.txt HTTP/1.1" 404 1256 "-" "Mozilla/5.0 (compatible; bingbot/2.0; +http://www.bing.com/bingbot.htm)"
157.55.34.25 - - [25/Feb/2013:15:53:52 +0100] "GET /Shop/shop.html HTTP/1.1" 200 59578 "-" "Mozilla/5.0 (compatible; bingbot/2.0; +http://www.bing.com/bingbot.htm)"
157.55.32.105 - - [25/Feb/2013:17:01:23 +0100] "GET /store.js HTTP/1.1" 200 4275 "-" "Mozilla/5.0 (compatible; bingbot/2.0; +http://www.bing.com/bingbot.htm)"
157.55.32.105 - - [25/Feb/2013:17:01:24 +0100] "GET / HTTP/1.1" 304 - "-" "Mozilla/5.0 (compatible; bingbot/2.0; +http://www.bing.com/bingbot.htm)"
66.249.76.6 - - [25/Feb/2013:17:27:23 +0100] "GET /index.html HTTP/1.1" 200 12828 "-" "Mozilla/5.0 (compatible; Googlebot/2.1; +http://www.google.com/bot.html)"
93.220.242.4 - - [25/Feb/2013:23:05:00 +0100] "GET / HTTP/1.1" 200 12828 "-" "Mozilla/4.0+(compatible;+MSIE+7.0;+Windows+NT+5.1)"
93.220.242.4 - - [25/Feb/2013:23:05:10 +0100] "GET /Impressum/impressum.html HTTP/1.1" 200 11991 "-" "Mozilla/4.0 (compatible; MSIE 8.0; Windows NT 6.0; .NET CLR 1.1.4322; .NET CLR 2.0.50110; InfoPath.1)"
213.144.5.2 - - [25/Feb/2013:23:12:52 +0100] "GET / HTTP/1.1" 200 12828 "-" "Mozilla/5.0 (Windows NT 6.1; WOW64) AppleWebKit/537.11 (KHTML, like Gecko) Chrome/23.0.1271.91 Safari/537.11"
213.144.5.2 - - [25/Feb/2013:23:12:52 +0100] "GET / HTTP/1.1" 200 12828 "-" "Mozilla/5.0 (Windows NT 6.1; WOW64) AppleWebKit/537.11 (KHTML, like Gecko) Chrome/23.0.1271.91 Safari/537.11"
213.144.5.2 - - [25/Feb/2013:23:12:52 +0100] "GET /Impressum/impressum.html HTTP/1.1" 200 11991 "-" "Mozilla/5.0 (Windows NT 6.1; WOW64) AppleWebKit/537.11 (KHTML, like Gecko) Chrome/23.0.1271.91 Safari/537.11"
213.144.5.2 - - [25/Feb/2013:23:12:52 +0100] "GET /Impressum/impressum.html HTTP/1.1" 200 11991 "-" "Mozilla/5.0 (Windows NT 6.1; WOW64) AppleWebKit/537.11 (KHTML, like Gecko) Chrome/23.0.1271.91 Safari/537.11"
213.144.5.2 - - [25/Feb/2013:23:12:52 +0100] "GET /Impressum/impressum.html HTTP/1.1" 200 11991 "-" "Mozilla/5.0 (Windows NT 6.1; WOW64) AppleWebKit/534.34 (KHTML, like Gecko) PhantomJS/1.8.1 Safari/534.34"
213.144.5.2 - - [25/Feb/2013:23:12:52 +0100] "GET /rollover.js HTTP/1.1" 200 32709 "http://www.sirius-berlin.de/Impressum/impressum.html" "Mozilla/5.0 (Windows NT 6.1; WOW64) AppleWebKit/534.34 (KHTML, like Gecko) PhantomJS/1.8.1 Safari/534.34"
213.144.5.2 - - [25/Feb/2013:23:12:53 +0100] "GET /clearpixel.gif HTTP/1.1" 200 43 "http://www.sirius-berlin.de/Impressum/impressum.html" "Mozilla/5.0 (Windows NT 6.1; WOW64) AppleWebKit/534.34 (KHTML, like Gecko) PhantomJS/1.8.1 Safari/534.34"
213.144.5.2 - - [25/Feb/2013:23:12:53 +0100] "GET /Sirius-LOGO21.JPG HTTP/1.1" 200 2563 "http://www.sirius-berlin.de/Impressum/impressum.html" "Mozilla/5.0 (Windows NT 6.1; WOW64) AppleWebKit/534.34 (KHTML, like Gecko) PhantomJS/1.8.1 Safari/534.34"
213.144.5.2 - - [25/Feb/2013:23:12:53 +0100] "GET /Home_Np1.gif HTTP/1.1" 200 1706 "http://www.sirius-berlin.de/Impressum/impressum.html" "Mozilla/5.0 (Windows NT 6.1; WOW64) AppleWebKit/534.34 (KHTML, like Gecko) PhantomJS/1.8.1 Safari/534.34"
213.144.5.2 - - [25/Feb/2013:23:12:53 +0100] "GET /Produkte_Np1.gif HTTP/1.1" 200 1744 "http://www.sirius-berlin.de/Impressum/impressum.html" "Mozilla/5.0 (Windows NT 6.1; WOW64) AppleWebKit/534.34 (KHTML, like Gecko) PhantomJS/1.8.1 Safari/534.34"
213.144.5.2 - - [25/Feb/2013:23:12:53 +0100] "GET /Feinstaubfilter_Np1.gif HTTP/1.1" 200 1780 "http://www.sirius-berlin.de/Impressum/impressum.html" "Mozilla/5.0 (Windows NT 6.1; WOW64) AppleWebKit/534.34 (KHTML, like Gecko) PhantomJS/1.8.1 Safari/534.34"
213.144.5.2 - - [25/Feb/2013:23:12:53 +0100] "GET /Service_Kontakt_Np1.gif HTTP/1.1" 200 1794 "http://www.sirius-berlin.de/Impressum/impressum.html" "Mozilla/5.0 (Windows NT 6.1; WOW64) AppleWebKit/534.34 (KHTML, like Gecko) PhantomJS/1.8.1 Safari/534.34"
213.144.5.2 - - [25/Feb/2013:23:12:53 +0100] "GET /Impressum_Hp3.gif HTTP/1.1" 200 1876 "http://www.sirius-berlin.de/Impressum/impressum.html" "Mozilla/5.0 (Windows NT 6.1; WOW64) AppleWebKit/534.34 (KHTML, like Gecko) PhantomJS/1.8.1 Safari/534.34"
213.144.5.2 - - [25/Feb/2013:23:12:53 +0100] "GET /Shop_Np1.gif HTTP/1.1" 200 1699 "http://www.sirius-berlin.de/Impressum/impressum.html" "Mozilla/5.0 (Windows NT 6.1; WOW64) AppleWebKit/534.34 (KHTML, like Gecko) PhantomJS/1.8.1 Safari/534.34"
213.144.5.2 - - [25/Feb/2013:23:12:53 +0100] "GET /BuiltWithNOF.gif HTTP/1.1" 200 2587 "http://www.sirius-berlin.de/Impressum/impressum.html" "Mozilla/5.0 (Windows NT 6.1; WOW64) AppleWebKit/534.34 (KHTML, like Gecko) PhantomJS/1.8.1 Safari/534.34"
213.144.5.2 - - [25/Feb/2013:23:12:53 +0100] "GET /Impressum_NnBanner.gif HTTP/1.1" 200 5996 "http://www.sirius-berlin.de/Impressum/impressum.html" "Mozilla/5.0 (Windows NT 6.1; WOW64) AppleWebKit/534.34 (KHTML, like Gecko) PhantomJS/1.8.1 Safari/534.34"
213.144.5.2 - - [25/Feb/2013:23:12:53 +0100] "GET /Sirius-LOGO102.JPG HTTP/1.1" 200 4357 "http://www.sirius-berlin.de/Impressum/impressum.html" "Mozilla/5.0 (Windows NT 6.1; WOW64) AppleWebKit/534.34 (KHTML, like Gecko) PhantomJS/1.8.1 Safari/534.34"
213.144.5.2 - - [25/Feb/2013:23:12:53 +0100] "GET /Karte02.JPG HTTP/1.1" 200 14958 "http://www.sirius-berlin.de/Impressum/impressum.html" "Mozilla/5.0 (Windows NT 6.1; WOW64) AppleWebKit/534.34 (KHTML, like Gecko) PhantomJS/1.8.1 Safari/534.34"
213.144.5.2 - - [25/Feb/2013:23:12:53 +0100] "GET /background.gif HTTP/1.1" 200 5457 "http://www.sirius-berlin.de/Impressum/impressum.html" "Mozilla/5.0 (Windows NT 6.1; WOW64) AppleWebKit/534.34 (KHTML, like Gecko) PhantomJS/1.8.1 Safari/534.34"
213.144.5.2 - - [25/Feb/2013:23:12:53 +0100] "GET /Produkte_NRp2.gif HTTP/1.1" 200 2001 "http://www.sirius-berlin.de/Impressum/impressum.html" "Mozilla/5.0 (Windows NT 6.1; WOW64) AppleWebKit/534.34 (KHTML, like Gecko) PhantomJS/1.8.1 Safari/534.34"
213.144.5.2 - - [25/Feb/2013:23:12:53 +0100] "GET /Home_NRp2.gif HTTP/1.1" 200 1965 "http://www.sirius-berlin.de/Impressum/impressum.html" "Mozilla/5.0 (Windows NT 6.1; WOW64) AppleWebKit/534.34 (KHTML, like Gecko) PhantomJS/1.8.1 Safari/534.34"
213.144.5.2 - - [25/Feb/2013:23:12:53 +0100] "GET /Feinstaubfilter_NRp2.gif HTTP/1.1" 200 2034 "http://www.sirius-berlin.de/Impressum/impressum.html" "Mozilla/5.0 (Windows NT 6.1; WOW64) AppleWebKit/534.34 (KHTML, like Gecko) PhantomJS/1.8.1 Safari/534.34"
213.144.5.2 - - [25/Feb/2013:23:12:53 +0100] "GET /Service_Kontakt_NRp2.gif HTTP/1.1" 200 2044 "http://www.sirius-berlin.de/Impressum/impressum.html" "Mozilla/5.0 (Windows NT 6.1; WOW64) AppleWebKit/534.34 (KHTML, like Gecko) PhantomJS/1.8.1 Safari/534.34"
213.144.5.2 - - [25/Feb/2013:23:12:53 +0100] "GET /Impressum_HRp4.gif HTTP/1.1" 200 2143 "http://www.sirius-berlin.de/Impressum/impressum.html" "Mozilla/5.0 (Windows NT 6.1; WOW64) AppleWebKit/534.34 (KHTML, like Gecko) PhantomJS/1.8.1 Safari/534.34"
213.144.5.2 - - [25/Feb/2013:23:12:53 +0100] "GET /Shop_NRp2.gif HTTP/1.1" 200 1954 "http://www.sirius-berlin.de/Impressum/impressum.html" "Mozilla/5.0 (Windows NT 6.1; WOW64) AppleWebKit/534.34 (KHTML, like Gecko) PhantomJS/1.8.1 Safari/534.34"
213.144.5.2 - - [25/Feb/2013:23:12:58 +0100] "GET /Impressum/impressum.html HTTP/1.1" 200 11991 "-" "Mozilla/5.0 (Windows; U; Windows NT 6.1; de-DE) AppleWebKit/533.3 (KHTML, like Gecko) Qt/4.7.1 Safari/533.3"
213.144.5.2 - - [25/Feb/2013:23:12:58 +0100] "GET /rollover.js HTTP/1.1" 200 32709 "http://www.sirius-berlin.de/Impressum/impressum.html" "Mozilla/5.0 (Windows; U; Windows NT 6.1; de-DE) AppleWebKit/533.3 (KHTML, like Gecko) Qt/4.7.1 Safari/533.3"
213.144.5.2 - - [25/Feb/2013:23:12:59 +0100] "GET /clearpixel.gif HTTP/1.1" 200 43 "http://www.sirius-berlin.de/Impressum/impressum.html" "Mozilla/5.0 (Windows; U; Windows NT 6.1; de-DE) AppleWebKit/533.3 (KHTML, like Gecko) Qt/4.7.1 Safari/533.3"
213.144.5.2 - - [25/Feb/2013:23:12:59 +0100] "GET /Sirius-LOGO21.JPG HTTP/1.1" 200 2563 "http://www.sirius-berlin.de/Impressum/impressum.html" "Mozilla/5.0 (Windows; U; Windows NT 6.1; de-DE) AppleWebKit/533.3 (KHTML, like Gecko) Qt/4.7.1 Safari/533.3"
213.144.5.2 - - [25/Feb/2013:23:12:59 +0100] "GET /Home_Np1.gif HTTP/1.1" 200 1706 "http://www.sirius-berlin.de/Impressum/impressum.html" "Mozilla/5.0 (Windows; U; Windows NT 6.1; de-DE) AppleWebKit/533.3 (KHTML, like Gecko) Qt/4.7.1 Safari/533.3"
213.144.5.2 - - [25/Feb/2013:23:12:59 +0100] "GET /Service_Kontakt_Np1.gif HTTP/1.1" 200 1794 "http://www.sirius-berlin.de/Impressum/impressum.html" "Mozilla/5.0 (Windows; U; Windows NT 6.1; de-DE) AppleWebKit/533.3 (KHTML, like Gecko) Qt/4.7.1 Safari/533.3"
213.144.5.2 - - [25/Feb/2013:23:12:59 +0100] "GET /Impressum_Hp3.gif HTTP/1.1" 200 1876 "http://www.sirius-berlin.de/Impressum/impressum.html" "Mozilla/5.0 (Windows; U; Windows NT 6.1; de-DE) AppleWebKit/533.3 (KHTML, like Gecko) Qt/4.7.1 Safari/533.3"
213.144.5.2 - - [25/Feb/2013:23:12:59 +0100] "GET /Feinstaubfilter_Np1.gif HTTP/1.1" 200 1780 "http://www.sirius-berlin.de/Impressum/impressum.html" "Mozilla/5.0 (Windows; U; Windows NT 6.1; de-DE) AppleWebKit/533.3 (KHTML, like Gecko) Qt/4.7.1 Safari/533.3"
213.144.5.2 - - [25/Feb/2013:23:12:59 +0100] "GET /Produkte_Np1.gif HTTP/1.1" 200 1744 "http://www.sirius-berlin.de/Impressum/impressum.html" "Mozilla/5.0 (Windows; U; Windows NT 6.1; de-DE) AppleWebKit/533.3 (KHTML, like Gecko) Qt/4.7.1 Safari/533.3"
213.144.5.2 - - [25/Feb/2013:23:12:59 +0100] "GET /Shop_Np1.gif HTTP/1.1" 200 1699 "http://www.sirius-berlin.de/Impressum/impressum.html" "Mozilla/5.0 (Windows; U; Windows NT 6.1; de-DE) AppleWebKit/533.3 (KHTML, like Gecko) Qt/4.7.1 Safari/533.3"
213.144.5.2 - - [25/Feb/2013:23:12:59 +0100] "GET /BuiltWithNOF.gif HTTP/1.1" 200 2587 "http://www.sirius-berlin.de/Impressum/impressum.html" "Mozilla/5.0 (Windows; U; Windows NT 6.1; de-DE) AppleWebKit/533.3 (KHTML, like Gecko) Qt/4.7.1 Safari/533.3"
213.144.5.2 - - [25/Feb/2013:23:12:59 +0100] "GET /background.gif HTTP/1.1" 200 5457 "http://www.sirius-berlin.de/Impressum/impressum.html" "Mozilla/5.0 (Windows; U; Windows NT 6.1; de-DE) AppleWebKit/533.3 (KHTML, like Gecko) Qt/4.7.1 Safari/533.3"
213.144.5.2 - - [25/Feb/2013:23:12:59 +0100] "GET /Impressum_NnBanner.gif HTTP/1.1" 200 5996 "http://www.sirius-berlin.de/Impressum/impressum.html" "Mozilla/5.0 (Windows; U; Windows NT 6.1; de-DE) AppleWebKit/533.3 (KHTML, like Gecko) Qt/4.7.1 Safari/533.3"
213.144.5.2 - - [25/Feb/2013:23:12:59 +0100] "GET /Karte02.JPG HTTP/1.1" 200 14958 "http://www.sirius-berlin.de/Impressum/impressum.html" "Mozilla/5.0 (Windows; U; Windows NT 6.1; de-DE) AppleWebKit/533.3 (KHTML, like Gecko) Qt/4.7.1 Safari/533.3"
213.144.5.2 - - [25/Feb/2013:23:12:59 +0100] "GET /Sirius-LOGO102.JPG HTTP/1.1" 200 4357 "http://www.sirius-berlin.de/Impressum/impressum.html" "Mozilla/5.0 (Windows; U; Windows NT 6.1; de-DE) AppleWebKit/533.3 (KHTML, like Gecko) Qt/4.7.1 Safari/533.3"
213.144.5.2 - - [25/Feb/2013:23:12:59 +0100] "GET /BuiltWithNOF.gif HTTP/1.1" 200 2587 "http://www.sirius-berlin.de/Impressum/impressum.html" "Mozilla/5.0 (Windows; U; Windows NT 6.1; de-DE) AppleWebKit/533.3 (KHTML, like Gecko) Qt/4.7.1 Safari/533.3"
213.144.5.2 - - [25/Feb/2013:23:12:59 +0100] "GET /Impressum_NnBanner.gif HTTP/1.1" 200 5996 "http://www.sirius-berlin.de/Impressum/impressum.html" "Mozilla/5.0 (Windows; U; Windows NT 6.1; de-DE) AppleWebKit/533.3 (KHTML, like Gecko) Qt/4.7.1 Safari/533.3"
213.144.5.2 - - [25/Feb/2013:23:12:59 +0100] "GET /clearpixel.gif HTTP/1.1" 200 43 "http://www.sirius-berlin.de/Impressum/impressum.html" "Mozilla/5.0 (Windows; U; Windows NT 6.1; de-DE) AppleWebKit/533.3 (KHTML, like Gecko) Qt/4.7.1 Safari/533.3"
5.9.7.208 - - [26/Feb/2013:01:56:36 +0100] "GET /robots.txt HTTP/1.0" 404 1256 "-" "Mozilla/5.0 (compatible; MJ12bot/v1.4.3; http://www.majestic12.co.uk/bot.php?+)"
5.9.7.208 - - [26/Feb/2013:01:56:40 +0100] "GET / HTTP/1.0" 200 12828 "-" "Mozilla/5.0 (compatible; MJ12bot/v1.4.3; http://www.majestic12.co.uk/bot.php?+)"
208.115.113.83 - - [26/Feb/2013:03:10:42 +0100] "GET /robots.txt HTTP/1.1" 404 1256 "-" "Mozilla/5.0 (compatible; Ezooms/1.0; ezooms.bot@gmail.com)"
84.19.190.55 - - [26/Feb/2013:03:49:12 +0100] "GET /robots.txt HTTP/1.1" 404 1256 "-" "Mozilla/5.0 (compatible; UnisterBot; crawler@unister.de)"
84.19.190.55 - - [26/Feb/2013:03:49:12 +0100] "GET / HTTP/1.1" 200 12828 "-" "Mozilla/5.0 (compatible; UnisterBot; crawler@unister.de)"
81.30.151.218 - - [26/Feb/2013:04:16:16 +0100] "GET /robots.txt HTTP/1.1" 404 1256 "-" "Pixray-Seeker/2.0 (Pixray-Seeker; +http://www.pixray.com/pixraybot; +crawler@pixray.com)"
81.30.151.218 - - [26/Feb/2013:04:16:16 +0100] "GET /Aufbau_Detail1.jpg HTTP/1.1" 200 15510 "-" "Pixray-Seeker/2.0 (Pixray-Seeker; +http://www.pixray.com/pixraybot; +crawler@pixray.com)"
87.230.101.53 - - [26/Feb/2013:04:31:27 +0100] "HEAD /index.html HTTP/1.1" 200 - "-" "AgentName/0.1 libwww-perl/5.826"
87.230.101.53 - - [26/Feb/2013:04:31:27 +0100] "HEAD /index.html HTTP/1.1" 200 - "-" "AgentName/0.1 libwww-perl/5.826"
5.9.58.176 - - [26/Feb/2013:05:03:39 +0100] "GET / HTTP/1.1" 200 12828 "-" "Mozilla/5.0 (Windows NT 6.1; rv:8.0) Gecko/20100101 Firefox/8.0"
5.9.58.176 - - [26/Feb/2013:05:03:39 +0100] "GET / HTTP/1.1" 200 12828 "-" "Mozilla/5.0 (Windows NT 6.1; rv:8.0) Gecko/20100101 Firefox/8.0"
5.9.58.176 - - [26/Feb/2013:05:03:39 +0100] "GET /Impressum/impressum.html HTTP/1.1" 200 11991 "-" "Mozilla/5.0 (Windows NT 6.1; rv:8.0) Gecko/20100101 Firefox/8.0"
5.9.58.176 - - [26/Feb/2013:05:03:39 +0100] "GET /Service_Kontakt/service_kontakt.html HTTP/1.1" 200 11157 "-" "Mozilla/5.0 (Windows NT 6.1; rv:8.0) Gecko/20100101 Firefox/8.0"
5.9.7.208 - - [26/Feb/2013:05:15:56 +0100] "GET /robots.txt HTTP/1.0" 404 1256 "-" "Mozilla/5.0 (compatible; MJ12bot/v1.4.3; http://www.majestic12.co.uk/bot.php?+)"
5.9.7.208 - - [26/Feb/2013:05:16:23 +0100] "GET /Feinstaubfilter/feinstaubfilter.html HTTP/1.0" 200 13065 "-" "Mozilla/5.0 (compatible; MJ12bot/v1.4.3; http://www.majestic12.co.uk/bot.php?+)"
5.9.7.208 - - [26/Feb/2013:05:16:35 +0100] "GET /Impressum/impressum.html HTTP/1.0" 200 11991 "-" "Mozilla/5.0 (compatible; MJ12bot/v1.4.3; http://www.majestic12.co.uk/bot.php?+)"
5.9.7.208 - - [26/Feb/2013:05:16:37 +0100] "GET /Produkte/produkte.html HTTP/1.0" 200 17755 "-" "Mozilla/5.0 (compatible; MJ12bot/v1.4.3; http://www.majestic12.co.uk/bot.php?+)"
5.9.7.208 - - [26/Feb/2013:05:16:39 +0100] "GET /Service_Kontakt/service_kontakt.html HTTP/1.0" 200 11157 "-" "Mozilla/5.0 (compatible; MJ12bot/v1.4.3; http://www.majestic12.co.uk/bot.php?+)"
5.9.7.208 - - [26/Feb/2013:05:16:42 +0100] "GET /Shop/shop.html HTTP/1.0" 200 59578 "-" "Mozilla/5.0 (compatible; MJ12bot/v1.4.3; http://www.majestic12.co.uk/bot.php?+)"
5.9.7.208 - - [26/Feb/2013:05:16:44 +0100] "GET /index.html HTTP/1.0" 200 12828 "-" "Mozilla/5.0 (compatible; MJ12bot/v1.4.3; http://www.majestic12.co.uk/bot.php?+)"
208.115.113.83 - - [26/Feb/2013:05:19:38 +0100] "GET /Feinstaubfilter/Dexwet/dexwet.html HTTP/1.1" 200 16100 "-" "Mozilla/5.0 (compatible; Ezooms/1.0; ezooms.bot@gmail.com)"
81.30.151.218 - - [26/Feb/2013:05:57:08 +0100] "GET /robots.txt HTTP/1.1" 404 1256 "-" "Pixray-Seeker/2.0 (Pixray-Seeker; +http://www.pixray.com/pixraybot; +crawler@pixray.com)"
81.30.151.218 - - [26/Feb/2013:05:57:08 +0100] "GET /Sirius-LOGO21.JPG HTTP/1.1" 200 2563 "-" "Pixray-Seeker/2.0 (Pixray-Seeker; +http://www.pixray.com/pixraybot; +crawler@pixray.com)"
66.249.76.6 - - [26/Feb/2013:06:44:04 +0100] "GET /robots.txt HTTP/1.1" 404 1256 "-" "Mozilla/5.0 (compatible; Googlebot/2.1; +http://www.google.com/bot.html)"
66.249.76.6 - - [26/Feb/2013:06:44:04 +0100] "GET /Impressum/impressum.html HTTP/1.1" 304 - "-" "Mozilla/5.0 (iPhone; U; CPU iPhone OS 4_1 like Mac OS X; en-us) AppleWebKit/532.9 (KHTML, like Gecko) Version/4.0.5 Mobile/8B117 Safari/6531.22.7 (compatible; Googlebot-Mobile/2.1; +http://www.google.com/bot.html)"
81.30.151.218 - - [26/Feb/2013:06:53:11 +0100] "GET /robots.txt HTTP/1.1" 404 1256 "-" "Pixray-Seeker/2.0 (Pixray-Seeker; +http://www.pixray.com/pixraybot; +crawler@pixray.com)"
81.30.151.218 - - [26/Feb/2013:06:53:11 +0100] "GET /Feinstaubfilter_NnBanner.gif HTTP/1.1" 200 6169 "-" "Pixray-Seeker/2.0 (Pixray-Seeker; +http://www.pixray.com/pixraybot; +crawler@pixray.com)"
81.30.151.218 - - [26/Feb/2013:08:11:52 +0100] "GET /robots.txt HTTP/1.1" 404 1256 "-" "Pixray-Seeker/2.0 (Pixray-Seeker; +http://www.pixray.com/pixraybot; +crawler@pixray.com)"
81.30.151.218 - - [26/Feb/2013:08:11:52 +0100] "GET /Vorher-nachher1.jpg HTTP/1.1" 200 6971 "-" "Pixray-Seeker/2.0 (Pixray-Seeker; +http://www.pixray.com/pixraybot; +crawler@pixray.com)"
81.30.151.218 - - [26/Feb/2013:08:49:29 +0100] "GET /robots.txt HTTP/1.1" 404 1256 "-" "Pixray-Seeker/2.0 (Pixray-Seeker; +http://www.pixray.com/pixraybot; +crawler@pixray.com)"
81.30.151.218 - - [26/Feb/2013:08:49:29 +0100] "GET /micronair_Hs1.gif HTTP/1.1" 200 1908 "-" "Pixray-Seeker/2.0 (Pixray-Seeker; +http://www.pixray.com/pixraybot; +crawler@pixray.com)"
173.242.124.160 - - [26/Feb/2013:09:18:47 +0100] "GET /robots.txt HTTP/1.0" 404 1256 "-" "Mozilla/5.0 (compatible; MJ12bot/v1.4.3; http://www.majestic12.co.uk/bot.php?+)"
173.242.124.160 - - [26/Feb/2013:09:18:50 +0100] "GET /Feinstaubfilter/Dexwet/dexwet.html HTTP/1.0" 200 16100 "-" "Mozilla/5.0 (compatible; MJ12bot/v1.4.3; http://www.majestic12.co.uk/bot.php?+)"
173.242.124.160 - - [26/Feb/2013:09:18:54 +0100] "GET /Feinstaubfilter/micronair/micronair.html HTTP/1.0" 200 19812 "-" "Mozilla/5.0 (compatible; MJ12bot/v1.4.3; http://www.majestic12.co.uk/bot.php?+)"
5.9.107.48 - - [26/Feb/2013:09:19:53 +0100] "GET /robots.txt HTTP/1.0" 404 1256 "-" "Mozilla/5.0 (compatible; MJ12bot/v1.4.3; http://www.majestic12.co.uk/bot.php?+)"
5.9.107.48 - - [26/Feb/2013:09:19:55 +0100] "GET /Produkte/Tintenpatronen/tintenpatronen.html HTTP/1.0" 200 15225 "-" "Mozilla/5.0 (compatible; MJ12bot/v1.4.3; http://www.majestic12.co.uk/bot.php?+)"
5.9.107.48 - - [26/Feb/2013:09:19:59 +0100] "GET /Produkte/Tonerkartuschen/tonerkartuschen.html HTTP/1.0" 200 13203 "-" "Mozilla/5.0 (compatible; MJ12bot/v1.4.3; http://www.majestic12.co.uk/bot.php?+)"
5.9.107.48 - - [26/Feb/2013:09:20:06 +0100] "GET /Produkte/weitere_Produkte/weitere_produkte.html HTTP/1.0" 200 12524 "-" "Mozilla/5.0 (compatible; MJ12bot/v1.4.3; http://www.majestic12.co.uk/bot.php?+)"
5.9.107.48 - - [26/Feb/2013:09:20:10 +0100] "GET /Shop/Filter/filter_0.html HTTP/1.0" 200 26544 "-" "Mozilla/5.0 (compatible; MJ12bot/v1.4.3; http://www.majestic12.co.uk/bot.php?+)"
5.9.107.48 - - [26/Feb/2013:09:20:14 +0100] "GET /Shop/Filter/filter_1.html HTTP/1.0" 200 26543 "-" "Mozilla/5.0 (compatible; MJ12bot/v1.4.3; http://www.majestic12.co.uk/bot.php?+)"
5.9.107.48 - - [26/Feb/2013:09:20:17 +0100] "GET /Shop/Filter/filter_2.html HTTP/1.0" 200 26547 "-" "Mozilla/5.0 (compatible; MJ12bot/v1.4.3; http://www.majestic12.co.uk/bot.php?+)"
66.249.76.6 - - [26/Feb/2013:13:25:11 +0100] "GET /robots.txt HTTP/1.1" 404 1256 "-" "Mozilla/5.0 (compatible; Googlebot/2.1; +http://www.google.com/bot.html)"
66.249.78.6 - - [26/Feb/2013:13:25:11 +0100] "GET /DSC00123a02.JPG HTTP/1.1" 304 - "-" "Googlebot-Image/1.0"
157.55.33.110 - - [26/Feb/2013:15:55:13 +0100] "GET /robots.txt HTTP/1.1" 404 1256 "-" "Mozilla/5.0 (compatible; bingbot/2.0; +http://www.bing.com/bingbot.htm)"
157.55.33.110 - - [26/Feb/2013:15:57:05 +0100] "GET /Feinstaubfilter/micronair/micronair.html HTTP/1.1" 200 19812 "-" "Mozilla/5.0 (compatible; bingbot/2.0; +http://www.bing.com/bingbot.htm)"
178.77.126.55 - - [26/Feb/2013:15:57:54 +0100] "GET /robots.txt HTTP/1.1" 404 1256 "-" "Mozilla/5.0 (compatible; CareerBot/1.1; +http://www.career-x.de/bot.html)"
178.77.126.55 - - [26/Feb/2013:15:57:54 +0100] "GET / HTTP/1.1" 200 12828 "-" "Mozilla/5.0 (compatible; CareerBot/1.1; +http://www.career-x.de/bot.html)"
157.56.93.153 - - [26/Feb/2013:16:01:05 +0100] "GET /Produkte/weitere_Produkte/weitere_produkte.html HTTP/1.1" 200 12524 "-" "Mozilla/5.0 (compatible; bingbot/2.0; +http://www.bing.com/bingbot.htm)"
157.55.32.105 - - [26/Feb/2013:16:01:13 +0100] "GET / HTTP/1.1" 200 12828 "-" "Mozilla/5.0 (compatible; bingbot/2.0; +http://www.bing.com/bingbot.htm)"
157.55.32.103 - - [26/Feb/2013:16:03:04 +0100] "GET /index.html HTTP/1.1" 200 12828 "-" "Mozilla/5.0 (compatible; bingbot/2.0; +http://www.bing.com/bingbot.htm)"
157.55.32.103 - - [26/Feb/2013:16:03:04 +0100] "GET /Produkte/produkte.html HTTP/1.1" 200 17755 "-" "Mozilla/5.0 (compatible; bingbot/2.0; +http://www.bing.com/bingbot.htm)"
157.55.33.19 - - [26/Feb/2013:16:06:40 +0100] "GET /Feinstaubfilter/feinstaubfilter.html HTTP/1.1" 200 13065 "-" "Mozilla/5.0 (compatible; bingbot/2.0; +http://www.bing.com/bingbot.htm)"
217.212.224.183 - - [26/Feb/2013:16:36:44 +0100] "GET /robots.txt HTTP/1.0" 404 1256 "-" "psbot/0.1 (+http://www.picsearch.com/bot.html)"
217.212.224.182 - - [26/Feb/2013:16:36:47 +0100] "GET / HTTP/1.0" 304 - "-" "psbot/0.1 (+http://www.picsearch.com/bot.html)"
157.55.32.185 - - [26/Feb/2013:16:39:04 +0100] "GET /Feinstaubfilter/Dexwet/dexwet.html HTTP/1.1" 200 16100 "-" "Mozilla/5.0 (compatible; bingbot/2.0; +http://www.bing.com/bingbot.htm)"
192.114.71.13 - - [26/Feb/2013:20:22:45 +0100] "GET / HTTP/1.1" 200 12828 "-" "Mozilla/4.0 (compatible; MSIE 7.0; Windows NT 5.1)"
192.114.71.13 - - [26/Feb/2013:20:22:46 +0100] "GET /Produkte/produkte.html HTTP/1.1" 200 17755 "http://www.sirius-berlin.de/" "Mozilla/6.0 (compatible)"
192.114.71.13 - - [26/Feb/2013:20:22:46 +0100] "GET /index.html HTTP/1.1" 200 12828 "http://www.sirius-berlin.de/" "Mozilla/6.0 (compatible)"
192.114.71.13 - - [26/Feb/2013:20:22:46 +0100] "GET /Feinstaubfilter/feinstaubfilter.html HTTP/1.1" 200 13065 "http://www.sirius-berlin.de/" "Mozilla/4.0 (compatible; MSIE 7.0; Windows NT 5.1)"
192.114.71.13 - - [26/Feb/2013:20:22:46 +0100] "GET /Service_Kontakt/service_kontakt.html HTTP/1.1" 200 11157 "http://www.sirius-berlin.de/" "Mozilla/4.0 (compatible; MSIE 7.0; Windows NT 5.1)"
192.114.71.13 - - [26/Feb/2013:20:22:46 +0100] "GET /Impressum/impressum.html HTTP/1.1" 200 11991 "http://www.sirius-berlin.de/" "Mozilla/6.0 (compatible)"
192.114.71.13 - - [26/Feb/2013:20:22:46 +0100] "GET /Shop/shop.html HTTP/1.1" 200 59578 "http://www.sirius-berlin.de/" "Mozilla/6.0 (compatible)"
192.114.71.13 - - [26/Feb/2013:20:22:47 +0100] "GET /Feinstaubfilter/Dexwet/dexwet.html HTTP/1.1" 200 16100 "http://www.sirius-berlin.de/Feinstaubfilter/feinstaubfilter.html" "Mozilla/4.0 (compatible; MSIE 7.0; Windows NT 5.1)"
192.114.71.13 - - [26/Feb/2013:20:22:47 +0100] "GET /Feinstaubfilter/micronair/micronair.html HTTP/1.1" 200 19812 "http://www.sirius-berlin.de/Feinstaubfilter/feinstaubfilter.html" "Mozilla/6.0 (compatible)"
192.114.71.13 - - [26/Feb/2013:20:22:47 +0100] "GET /Produkte/weitere_Produkte/weitere_produkte.html HTTP/1.1" 200 12524 "http://www.sirius-berlin.de/Produkte/produkte.html" "Mozilla/6.0 (compatible)"
192.114.71.13 - - [26/Feb/2013:20:22:47 +0100] "GET /Produkte/Tonerkartuschen/tonerkartuschen.html HTTP/1.1" 200 13203 "http://www.sirius-berlin.de/Produkte/produkte.html" "Mozilla/4.0 (compatible; MSIE 7.0; Windows NT 5.1)"
192.114.71.13 - - [26/Feb/2013:20:22:47 +0100] "GET /Produkte/Tintenpatronen/tintenpatronen.html HTTP/1.1" 200 15225 "http://www.sirius-berlin.de/Produkte/produkte.html" "Mozilla/6.0 (compatible)"
192.114.71.13 - - [26/Feb/2013:20:22:47 +0100] "GET /Shop/Filter/filter_0.html HTTP/1.1" 200 26544 "http://www.sirius-berlin.de/Shop/shop.html" "Mozilla/5.0 (Windows NT 6.0; WOW64) AppleWebKit/534.30 (KHTML, like Gecko) Chrome/12.0.742.91 Safari/534.30"
192.114.71.13 - - [26/Feb/2013:20:22:47 +0100] "GET /Shop/Filter/filter_1.html HTTP/1.1" 200 26543 "http://www.sirius-berlin.de/Shop/shop.html" "Mozilla/4.0 (compatible; MSIE 7.0; Windows NT 5.1)"
192.114.71.13 - - [26/Feb/2013:20:22:47 +0100] "GET /Shop/Filter/filter_2.html HTTP/1.1" 200 26547 "http://www.sirius-berlin.de/Shop/shop.html" "Mozilla/6.0 (compatible)"
192.114.71.13 - - [26/Feb/2013:21:02:03 +0100] "GET /Feinstaubfilter_NnBanner.gif HTTP/1.1" 200 6169 "-" "-"
192.114.71.13 - - [26/Feb/2013:21:02:03 +0100] "GET /Tonerkartuschen_Ns1.gif HTTP/1.1" 200 1960 "-" "-"
192.114.71.13 - - [26/Feb/2013:21:02:03 +0100] "GET /DSC00127a03.JPG HTTP/1.1" 200 4277 "-" "-"
192.114.71.13 - - [26/Feb/2013:21:02:03 +0100] "GET /Gruppe02.jpg HTTP/1.1" 200 57869 "-" "-"
192.114.71.13 - - [26/Feb/2013:21:02:04 +0100] "GET /Impressum_Np1.gif HTTP/1.1" 200 1750 "-" "-"
192.114.71.13 - - [26/Feb/2013:21:02:06 +0100] "GET /Modular_Detail1.jpg HTTP/1.1" 200 8212 "-" "-"
192.114.71.13 - - [26/Feb/2013:21:02:06 +0100] "GET /Feinstaubfilter_Np1.gif HTTP/1.1" 200 1780 "-" "-"
192.114.71.13 - - [26/Feb/2013:21:02:07 +0100] "GET /Produkte/a_thumb_Multipack02.jpg HTTP/1.1" 200 19266 "-" "-"
192.114.71.13 - - [26/Feb/2013:21:02:08 +0100] "GET /Dexwet_Hs1.gif HTTP/1.1" 200 1904 "-" "-"
192.114.71.13 - - [26/Feb/2013:21:02:08 +0100] "GET /weitere_Produkte_NnBanner.gif HTTP/1.1" 200 6305 "-" "-"
192.114.71.13 - - [26/Feb/2013:21:02:09 +0100] "GET /Tonerkartuschen_NnBanner.gif HTTP/1.1" 200 6237 "-" "-"
192.114.71.13 - - [26/Feb/2013:21:02:10 +0100] "GET /Shop/spacer.gif HTTP/1.1" 200 43 "-" "-"
192.114.71.13 - - [26/Feb/2013:21:02:11 +0100] "GET /db_micronair_70a.jpg HTTP/1.1" 200 1386 "-" "-"
192.114.71.13 - - [26/Feb/2013:21:02:11 +0100] "GET /thumb_Carrier.jpg HTTP/1.1" 200 12791 "-" "-"
192.114.71.13 - - [26/Feb/2013:21:02:12 +0100] "GET /db_micronair_100a1.jpg HTTP/1.1" 200 1448 "-" "-"
192.114.71.13 - - [26/Feb/2013:21:02:13 +0100] "GET /NavUp.gif HTTP/1.1" 200 289 "-" "-"
192.114.71.13 - - [26/Feb/2013:21:02:14 +0100] "GET /thumb_Grafik_Toner.jpg HTTP/1.1" 200 13262 "-" "-"
192.114.71.13 - - [26/Feb/2013:21:02:14 +0100] "GET /DSC0019902.JPG HTTP/1.1" 200 7772 "-" "-"
192.114.71.13 - - [26/Feb/2013:21:02:14 +0100] "GET /db_micronair_80a.jpg HTTP/1.1" 200 3327 "-" "-"
192.114.71.13 - - [26/Feb/2013:21:02:14 +0100] "GET /clearpixel.gif HTTP/1.1" 200 43 "-" "-"
192.114.71.13 - - [26/Feb/2013:21:02:15 +0100] "GET /db_micronair_100a.jpg HTTP/1.1" 200 3548 "-" "-"
192.114.71.13 - - [26/Feb/2013:21:02:16 +0100] "GET /Filter_Hs1.gif HTTP/1.1" 200 1891 "-" "-"
192.114.71.13 - - [26/Feb/2013:21:02:18 +0100] "GET /weitere_Produkte_Ns1.gif HTTP/1.1" 200 1960 "-" "-"
192.114.71.13 - - [26/Feb/2013:21:02:19 +0100] "GET /Home_Hp3.gif HTTP/1.1" 200 1773 "-" "-"
192.114.71.13 - - [26/Feb/2013:21:02:19 +0100] "GET /Tintenpatronen_NnBanner.gif HTTP/1.1" 200 6155 "-" "-"
192.114.71.13 - - [26/Feb/2013:21:02:21 +0100] "GET /Produkte_NnBanner.gif HTTP/1.1" 200 5997 "-" "-"
192.114.71.13 - - [26/Feb/2013:21:02:24 +0100] "GET /Impressum_Hp3.gif HTTP/1.1" 200 1876 "-" "-"
192.114.71.13 - - [26/Feb/2013:21:02:24 +0100] "GET /Shop/Filter/spacer1.gif HTTP/1.1" 200 43 "-" "-"
192.114.71.13 - - [26/Feb/2013:21:02:24 +0100] "GET /Alle_auf_blau1.jpg HTTP/1.1" 200 6908 "-" "-"
192.114.71.13 - - [26/Feb/2013:21:02:25 +0100] "GET /Filter_NnBanner.gif HTTP/1.1" 200 5779 "-" "-"
192.114.71.13 - - [26/Feb/2013:21:02:28 +0100] "GET /Aufbau_Detail1.jpg HTTP/1.1" 200 15510 "-" "-"
192.114.71.13 - - [26/Feb/2013:21:02:28 +0100] "GET /Produkte_Hp3.gif HTTP/1.1" 200 1878 "-" "-"
192.114.71.13 - - [26/Feb/2013:21:02:29 +0100] "GET /Dexwet_Ns1.gif HTTP/1.1" 200 1904 "-" "-"
192.114.71.13 - - [26/Feb/2013:21:02:30 +0100] "GET /Beide_Filter1.jpg HTTP/1.1" 200 9542 "-" "-"
192.114.71.13 - - [26/Feb/2013:21:02:31 +0100] "GET /Alle_auf_blau102.jpg HTTP/1.1" 200 6908 "-" "-"
192.114.71.13 - - [26/Feb/2013:21:02:35 +0100] "GET /DSC00199.JPG HTTP/1.1" 200 7772 "-" "-"
192.114.71.13 - - [26/Feb/2013:21:02:38 +0100] "GET /zertifikat04.gif HTTP/1.1" 200 18090 "-" "-"
192.114.71.13 - - [26/Feb/2013:21:02:39 +0100] "GET /Shop_Hp3.gif HTTP/1.1" 200 1803 "-" "-"
192.114.71.13 - - [26/Feb/2013:21:02:40 +0100] "GET /Shop_NnBanner.gif HTTP/1.1" 200 5825 "-" "-"
192.114.71.13 - - [26/Feb/2013:21:02:41 +0100] "GET /Filter_Ns1.gif HTTP/1.1" 200 1886 "-" "-"
192.114.71.13 - - [26/Feb/2013:21:02:43 +0100] "GET /micronair_Hs1.gif HTTP/1.1" 200 1908 "-" "-"
192.114.71.13 - - [26/Feb/2013:21:02:44 +0100] "GET /Impressum_NnBanner.gif HTTP/1.1" 200 5996 "-" "-"
192.114.71.13 - - [26/Feb/2013:21:02:47 +0100] "GET /thumb_Tintentank.jpg HTTP/1.1" 200 12149 "-" "-"
192.114.71.13 - - [26/Feb/2013:21:02:48 +0100] "GET /Sirius-LOGO21.JPG HTTP/1.1" 200 2563 "-" "-"
192.114.71.13 - - [26/Feb/2013:21:02:50 +0100] "GET /Tintenpatronen_Ns1.gif HTTP/1.1" 200 1954 "-" "-"
192.114.71.13 - - [26/Feb/2013:21:02:52 +0100] "GET /Tintenpatronen_Hs1.gif HTTP/1.1" 200 1945 "-" "-"
192.114.71.13 - - [26/Feb/2013:21:02:52 +0100] "GET /DSC00123a02.JPG HTTP/1.1" 200 4361 "-" "-"
192.114.71.13 - - [26/Feb/2013:21:02:52 +0100] "GET /RAL-UZ-55-FEB-2004_16003.jpg HTTP/1.1" 200 52762 "-" "-"
192.114.71.13 - - [26/Feb/2013:21:02:53 +0100] "GET /NavRight.gif HTTP/1.1" 200 280 "-" "-"
192.114.71.13 - - [26/Feb/2013:21:02:54 +0100] "GET /Service_Kontakt_Np1.gif HTTP/1.1" 200 1794 "-" "-"
192.114.71.13 - - [26/Feb/2013:21:02:54 +0100] "GET /Aufbau1.jpg HTTP/1.1" 200 10250 "-" "-"
192.114.71.13 - - [26/Feb/2013:21:02:55 +0100] "GET /NavLeft.gif HTTP/1.1" 200 284 "-" "-"
192.114.71.13 - - [26/Feb/2013:21:02:56 +0100] "GET /thumb_C35.jpg HTTP/1.1" 200 17851 "-" "-"
192.114.71.13 - - [26/Feb/2013:21:02:58 +0100] "GET /weitere_Produkte_Hs1.gif HTTP/1.1" 200 1960 "-" "-"
192.114.71.13 - - [26/Feb/2013:21:02:58 +0100] "GET /Sirius-LOGO1.JPG HTTP/1.1" 200 4357 "-" "-"
192.114.71.13 - - [26/Feb/2013:21:03:00 +0100] "GET /db_micronair_70a1.jpg HTTP/1.1" 200 3396 "-" "-"
192.114.71.13 - - [26/Feb/2013:21:03:01 +0100] "GET /db_micronair_80a1.jpg HTTP/1.1" 200 1398 "-" "-"
192.114.71.13 - - [26/Feb/2013:21:03:03 +0100] "GET /Alle_auf_blau102.jpg HTTP/1.1" 200 6908 "-" "-"
192.114.71.13 - - [26/Feb/2013:21:03:04 +0100] "GET /Dexwet_NnBanner.gif HTTP/1.1" 200 5987 "-" "-"
192.114.71.13 - - [26/Feb/2013:21:03:04 +0100] "GET /Karte02.JPG HTTP/1.1" 200 14958 "-" "-"
192.114.71.13 - - [26/Feb/2013:21:03:07 +0100] "GET /Vorher-nachher1.jpg HTTP/1.1" 200 6971 "-" "-"
192.114.71.13 - - [26/Feb/2013:21:03:07 +0100] "GET /background.gif HTTP/1.1" 200 5457 "-" "-"
192.114.71.13 - - [26/Feb/2013:21:03:08 +0100] "GET /Sirius-LOGO102.JPG HTTP/1.1" 200 4357 "-" "-"
192.114.71.13 - - [26/Feb/2013:21:03:09 +0100] "GET /Service_Kontakt_NnBanner.gif HTTP/1.1" 200 6313 "-" "-"
192.114.71.13 - - [26/Feb/2013:21:03:10 +0100] "GET /TUV_Siegel1.jpg HTTP/1.1" 200 34036 "-" "-"
192.114.71.13 - - [26/Feb/2013:21:03:12 +0100] "GET /Shop_Np1.gif HTTP/1.1" 200 1699 "-" "-"
192.114.71.13 - - [26/Feb/2013:21:03:12 +0100] "GET /thumb_H11.jpg HTTP/1.1" 200 18558 "-" "-"
192.114.71.13 - - [26/Feb/2013:21:03:12 +0100] "GET /micronair_Ns1.gif HTTP/1.1" 200 1908 "-" "-"
192.114.71.13 - - [26/Feb/2013:21:03:13 +0100] "GET /thumb_Multipack.jpg HTTP/1.1" 200 22923 "-" "-"
192.114.71.13 - - [26/Feb/2013:21:03:16 +0100] "GET /Produkte_Np1.gif HTTP/1.1" 200 1744 "-" "-"
192.114.71.13 - - [26/Feb/2013:21:03:20 +0100] "GET /micronair_Logo102.jpg HTTP/1.1" 200 5727 "-" "-"
192.114.71.13 - - [26/Feb/2013:21:03:21 +0100] "GET /BuiltWithNOF.gif HTTP/1.1" 200 2587 "-" "-"
192.114.71.13 - - [26/Feb/2013:21:03:23 +0100] "GET /Tonerkartuschen_Hs1.gif HTTP/1.1" 200 1956 "-" "-"
192.114.71.13 - - [26/Feb/2013:21:03:23 +0100] "GET /Dexwet_logo1.jpg HTTP/1.1" 200 8184 "-" "-"
192.114.71.13 - - [26/Feb/2013:21:03:24 +0100] "GET /Service_Kontakt_Hp3.gif HTTP/1.1" 200 2451 "-" "-"
192.114.71.13 - - [26/Feb/2013:21:03:25 +0100] "GET /micronair_NnBanner.gif HTTP/1.1" 200 5954 "-" "-"
192.114.71.13 - - [26/Feb/2013:21:03:25 +0100] "GET /Home_NnBanner.gif HTTP/1.1" 200 5803 "-" "-"
192.114.71.13 - - [26/Feb/2013:21:03:28 +0100] "GET /Home_Np1.gif HTTP/1.1" 200 1706 "-" "-"
192.114.71.13 - - [26/Feb/2013:21:03:30 +0100] "GET /Feinstaubfilter_Hp3.gif HTTP/1.1" 200 1938 "-" "-"
81.30.151.218 - - [26/Feb/2013:22:29:43 +0100] "GET /robots.txt HTTP/1.1" 404 1256 "-" "Pixray-Seeker/2.0 (Pixray-Seeker; +http://www.pixray.com/pixraybot; +crawler@pixray.com)"
81.30.151.218 - - [26/Feb/2013:22:29:43 +0100] "GET /Produkte/Tintenpatronen/tintenpatronen.html HTTP/1.1" 200 15225 "-" "Pixray-Seeker/2.0 (Pixray-Seeker; +http://www.pixray.com/pixraybot; +crawler@pixray.com)"
81.144.138.34 - - [26/Feb/2013:22:44:35 +0100] "GET /robots.txt HTTP/1.1" 404 1256 "-" "Wotbox/2.01 (+http://www.wotbox.com/bot/)"
81.144.138.34 - - [26/Feb/2013:22:44:45 +0100] "GET / HTTP/1.1" 200 12828 "-" "Wotbox/2.01 (+http://www.wotbox.com/bot/)"
81.144.138.34 - - [26/Feb/2013:22:44:51 +0100] "GET /index.html HTTP/1.1" 200 12828 "-" "Wotbox/2.01 (+http://www.wotbox.com/bot/)"
81.144.138.34 - - [26/Feb/2013:22:44:57 +0100] "GET /Produkte/produkte.html HTTP/1.1" 200 17755 "-" "Wotbox/2.01 (+http://www.wotbox.com/bot/)"
81.144.138.34 - - [26/Feb/2013:22:45:02 +0100] "GET /Feinstaubfilter/feinstaubfilter.html HTTP/1.1" 200 13065 "-" "Wotbox/2.01 (+http://www.wotbox.com/bot/)"
81.144.138.34 - - [26/Feb/2013:22:45:08 +0100] "GET /Service_Kontakt/service_kontakt.html HTTP/1.1" 200 11157 "-" "Wotbox/2.01 (+http://www.wotbox.com/bot/)"
81.144.138.34 - - [26/Feb/2013:22:45:14 +0100] "GET /Impressum/impressum.html HTTP/1.1" 200 11991 "-" "Wotbox/2.01 (+http://www.wotbox.com/bot/)"
81.144.138.34 - - [26/Feb/2013:22:45:20 +0100] "GET /Shop/shop.html HTTP/1.1" 200 59578 "-" "Wotbox/2.01 (+http://www.wotbox.com/bot/)"
81.144.138.34 - - [26/Feb/2013:22:45:27 +0100] "GET /Produkte/Tonerkartuschen/tonerkartuschen.html HTTP/1.1" 200 13203 "-" "Wotbox/2.01 (+http://www.wotbox.com/bot/)"
81.144.138.34 - - [26/Feb/2013:22:45:33 +0100] "GET /Produkte/Tintenpatronen/tintenpatronen.html HTTP/1.1" 200 15225 "-" "Wotbox/2.01 (+http://www.wotbox.com/bot/)"
81.144.138.34 - - [26/Feb/2013:22:45:39 +0100] "GET /Produkte/weitere_Produkte/weitere_produkte.html HTTP/1.1" 200 12524 "-" "Wotbox/2.01 (+http://www.wotbox.com/bot/)"
81.144.138.34 - - [26/Feb/2013:22:45:44 +0100] "GET /Feinstaubfilter/Dexwet/dexwet.html HTTP/1.1" 200 16100 "-" "Wotbox/2.01 (+http://www.wotbox.com/bot/)"
81.144.138.34 - - [26/Feb/2013:22:45:50 +0100] "GET /Feinstaubfilter/micronair/micronair.html HTTP/1.1" 200 19812 "-" "Wotbox/2.01 (+http://www.wotbox.com/bot/)"
81.144.138.34 - - [26/Feb/2013:22:45:56 +0100] "GET /Shop/Filter/filter_0.html HTTP/1.1" 200 26544 "-" "Wotbox/2.01 (+http://www.wotbox.com/bot/)"
81.144.138.34 - - [26/Feb/2013:22:46:02 +0100] "GET /Shop/Filter/filter_1.html HTTP/1.1" 200 26543 "-" "Wotbox/2.01 (+http://www.wotbox.com/bot/)"
81.144.138.34 - - [26/Feb/2013:22:46:08 +0100] "GET /Shop/Filter/filter_2.html HTTP/1.1" 200 26547 "-" "Wotbox/2.01 (+http://www.wotbox.com/bot/)"
81.30.151.218 - - [27/Feb/2013:00:55:11 +0100] "GET /robots.txt HTTP/1.1" 404 1256 "-" "Pixray-Seeker/2.0 (Pixray-Seeker; +http://www.pixray.com/pixraybot; +crawler@pixray.com)"
81.30.151.218 - - [27/Feb/2013:00:55:11 +0100] "GET /micronair_Ns1.gif HTTP/1.1" 200 1908 "-" "Pixray-Seeker/2.0 (Pixray-Seeker; +http://www.pixray.com/pixraybot; +crawler@pixray.com)"
5.9.6.231 - - [27/Feb/2013:01:33:57 +0100] "GET / HTTP/1.1" 200 12828 "-" "Mozilla/5.0 (Windows NT 6.1; rv:8.0) Gecko/20100101 Firefox/8.0"
5.9.6.231 - - [27/Feb/2013:01:33:59 +0100] "GET / HTTP/1.1" 200 12828 "-" "Mozilla/5.0 (iPhone; U; CPU iPhone OS 3_0 like Mac OS X; en-us) AppleWebKit/528.18 (KHTML, like Gecko) Version/4.0 Mobile/7A341 Safari/528.16"
5.9.6.231 - - [27/Feb/2013:01:34:00 +0100] "GET / HTTP/1.1" 200 12828 "-" "Mozilla/5.0 (Windows NT 6.1; rv:8.0) Gecko/20100101 Firefox/8.0"
95.211.139.1 - - [27/Feb/2013:02:30:19 +0100] "GET /robots.txt HTTP/1.0" 404 1256 "-" "Mozilla/5.0 (compatible; AcoonBot/4.11.1; +http://www.acoon.de/robot.asp)"
95.211.139.1 - - [27/Feb/2013:02:30:19 +0100] "GET / HTTP/1.0" 200 12828 "-" "Mozilla/5.0 (compatible; AcoonBot/4.11.1; +http://www.acoon.de/robot.asp)"
141.8.147.12 - - [27/Feb/2013:05:33:10 +0100] "GET /robots.txt HTTP/1.1" 404 1256 "-" "Mozilla/5.0 (compatible; YandexBot/3.0; +http://yandex.com/bots)"
141.8.147.12 - - [27/Feb/2013:06:04:02 +0100] "GET / HTTP/1.1" 200 12828 "-" "Mozilla/5.0 (compatible; YandexBot/3.0; +http://yandex.com/bots)"
66.249.78.6 - - [27/Feb/2013:08:18:28 +0100] "GET /robots.txt HTTP/1.1" 404 1256 "-" "Mozilla/5.0 (compatible; Googlebot/2.1; +http://www.google.com/bot.html)"
66.249.78.6 - - [27/Feb/2013:08:18:28 +0100] "GET /Feinstaubfilter/feinstaubfilter.html HTTP/1.1" 304 - "-" "Mozilla/5.0 (iPhone; U; CPU iPhone OS 4_1 like Mac OS X; en-us) AppleWebKit/532.9 (KHTML, like Gecko) Version/4.0.5 Mobile/8B117 Safari/6531.22.7 (compatible; Googlebot-Mobile/2.1; +http://www.google.com/bot.html)"
66.249.78.6 - - [27/Feb/2013:12:01:32 +0100] "GET /Home_Np1.gif HTTP/1.1" 304 - "-" "Googlebot-Image/1.0"
85.214.21.33 - - [27/Feb/2013:13:16:23 +0100] "GET / HTTP/1.0" 200 12828 "-" "-"
85.214.21.33 - - [27/Feb/2013:13:16:24 +0100] "GET / HTTP/1.0" 200 12828 "-" "-"
173.199.120.147 - - [27/Feb/2013:17:51:06 +0100] "GET /Shop/shop.html HTTP/1.1" 200 59578 "-" "Mozilla/5.0 (compatible; AhrefsBot/4.0; +http://ahrefs.com/robot/)"
46.119.114.6 - - [27/Feb/2013:18:40:06 +0100] "GET /robots.txt HTTP/1.0" 404 1256 "-" "Mozilla/5.0 (compatible; MJ12bot/v1.4.3; http://www.majestic12.co.uk/bot.php?+)"
46.119.114.6 - - [27/Feb/2013:18:40:08 +0100] "GET / HTTP/1.1" 200 12828 "-" "Mozilla/5.0 (compatible; MJ12bot/v1.4.3; http://www.majestic12.co.uk/bot.php?+)"
173.199.120.147 - - [27/Feb/2013:19:33:36 +0100] "GET /Shop/Filter/filter_0.html HTTP/1.1" 200 26544 "-" "Mozilla/5.0 (compatible; AhrefsBot/4.0; +http://ahrefs.com/robot/)"
93.228.78.233 - - [27/Feb/2013:19:56:07 +0100] "GET / HTTP/1.1" 200 12828 "-" "Mozilla/4.0 (compatible; MSIE 7.0; Windows NT 6.0; WOW64; SLCC1; .NET CLR 2.0.50727; .NET CLR 1.1.4322)"
93.228.78.233 - - [27/Feb/2013:19:56:13 +0100] "GET /Impressum/impressum.html HTTP/1.1" 200 11991 "-" "Mozilla/4.0 (compatible; MSIE 8.0; Windows NT 6.0; .NET CLR 1.1.4322)"
141.8.147.12 - - [27/Feb/2013:20:12:51 +0100] "GET /robots.txt HTTP/1.1" 404 1256 "-" "Mozilla/5.0 (compatible; YandexBot/3.0; +http://yandex.com/bots)"
173.199.120.147 - - [27/Feb/2013:22:01:03 +0100] "GET /Produkte/weitere_Produkte/weitere_produkte.html HTTP/1.1" 200 12524 "-" "Mozilla/5.0 (compatible; AhrefsBot/4.0; +http://ahrefs.com/robot/)"
66.249.76.6 - - [28/Feb/2013:00:55:59 +0100] "GET /robots.txt HTTP/1.1" 404 1256 "-" "Mozilla/5.0 (compatible; Googlebot/2.1; +http://www.google.com/bot.html)"
66.249.76.6 - - [28/Feb/2013:00:55:59 +0100] "GET / HTTP/1.1" 200 12828 "-" "Mozilla/5.0 (iPhone; U; CPU iPhone OS 4_1 like Mac OS X; en-us) AppleWebKit/532.9 (KHTML, like Gecko) Version/4.0.5 Mobile/8B117 Safari/6531.22.7 (compatible; Googlebot-Mobile/2.1; +http://www.google.com/bot.html)"
66.249.76.6 - - [28/Feb/2013:01:37:09 +0100] "GET /micronair_Ns1.gif HTTP/1.1" 304 - "-" "Googlebot-Image/1.0"
173.199.120.147 - - [28/Feb/2013:03:23:59 +0100] "GET /Shop/Filter/filter_2.html HTTP/1.1" 200 26547 "-" "Mozilla/5.0 (compatible; AhrefsBot/4.0; +http://ahrefs.com/robot/)"
141.8.147.12 - - [28/Feb/2013:04:42:39 +0100] "GET / HTTP/1.1" 200 12828 "-" "Mozilla/5.0 (compatible; YandexBot/3.0; +http://yandex.com/bots)"
173.199.120.147 - - [28/Feb/2013:05:10:00 +0100] "GET / HTTP/1.1" 200 12828 "-" "Mozilla/5.0 (compatible; AhrefsBot/4.0; +http://ahrefs.com/robot/)"
66.249.76.6 - - [28/Feb/2013:07:15:19 +0100] "GET /Produkte/produkte.html HTTP/1.1" 304 - "-" "Mozilla/5.0 (iPhone; U; CPU iPhone OS 4_1 like Mac OS X; en-us) AppleWebKit/532.9 (KHTML, like Gecko) Version/4.0.5 Mobile/8B117 Safari/6531.22.7 (compatible; Googlebot-Mobile/2.1; +http://www.google.com/bot.html)"
173.199.120.147 - - [28/Feb/2013:08:15:56 +0100] "GET /Shop/Filter/filter_1.html HTTP/1.1" 200 26543 "-" "Mozilla/5.0 (compatible; AhrefsBot/4.0; +http://ahrefs.com/robot/)"
173.199.120.147 - - [28/Feb/2013:09:51:56 +0100] "GET /Service_Kontakt/service_kontakt.html HTTP/1.1" 200 11157 "-" "Mozilla/5.0 (compatible; AhrefsBot/4.0; +http://ahrefs.com/robot/)"
173.199.120.147 - - [28/Feb/2013:10:01:57 +0100] "GET /Feinstaubfilter/micronair/micronair.html HTTP/1.1" 200 19812 "-" "Mozilla/5.0 (compatible; AhrefsBot/4.0; +http://ahrefs.com/robot/)"
84.38.65.176 - - [28/Feb/2013:11:08:15 +0100] "GET / HTTP/1.0" 200 12828 "http://www.backlink-webkatalog.de/" "T-Online Browser"
173.199.118.171 - - [28/Feb/2013:11:25:44 +0100] "GET /robots.txt HTTP/1.1" 404 1256 "-" "Mozilla/5.0 (compatible; AhrefsBot/4.0; +http://ahrefs.com/robot/)"
194.169.216.2 - - [28/Feb/2013:13:05:14 +0100] "GET /Feinstaubfilter/Dexwet/dexwet.html HTTP/1.1" 200 16100 "http://www.bing.com/search?q=dexwet&src=IE-SearchBox&Form=IE8SRC" "Mozilla/4.0 (compatible; MSIE 8.0; Windows NT 5.1; Trident/4.0; .NET CLR 2.0.50727; .NET CLR 3.0.04506.648; .NET CLR 3.5.21022; .NET4.0C; .NET4.0E; .NET CLR 3.0.4506.2152; .NET CLR 3.5.30729)"
194.169.216.2 - - [28/Feb/2013:13:05:14 +0100] "GET /rollover.js HTTP/1.1" 200 32709 "http://www.sirius-berlin.de/Feinstaubfilter/Dexwet/dexwet.html" "Mozilla/4.0 (compatible; MSIE 8.0; Windows NT 5.1; Trident/4.0; .NET CLR 2.0.50727; .NET CLR 3.0.04506.648; .NET CLR 3.5.21022; .NET4.0C; .NET4.0E; .NET CLR 3.0.4506.2152; .NET CLR 3.5.30729)"
194.169.216.2 - - [28/Feb/2013:13:05:14 +0100] "GET /Sirius-LOGO21.JPG HTTP/1.1" 200 2563 "http://www.sirius-berlin.de/Feinstaubfilter/Dexwet/dexwet.html" "Mozilla/4.0 (compatible; MSIE 8.0; Windows NT 5.1; Trident/4.0; .NET CLR 2.0.50727; .NET CLR 3.0.04506.648; .NET CLR 3.5.21022; .NET4.0C; .NET4.0E; .NET CLR 3.0.4506.2152; .NET CLR 3.5.30729)"
194.169.216.2 - - [28/Feb/2013:13:05:14 +0100] "GET /clearpixel.gif HTTP/1.1" 200 43 "http://www.sirius-berlin.de/Feinstaubfilter/Dexwet/dexwet.html" "Mozilla/4.0 (compatible; MSIE 8.0; Windows NT 5.1; Trident/4.0; .NET CLR 2.0.50727; .NET CLR 3.0.04506.648; .NET CLR 3.5.21022; .NET4.0C; .NET4.0E; .NET CLR 3.0.4506.2152; .NET CLR 3.5.30729)"
194.169.216.2 - - [28/Feb/2013:13:05:14 +0100] "GET /background.gif HTTP/1.1" 200 5457 "http://www.sirius-berlin.de/Feinstaubfilter/Dexwet/dexwet.html" "Mozilla/4.0 (compatible; MSIE 8.0; Windows NT 5.1; Trident/4.0; .NET CLR 2.0.50727; .NET CLR 3.0.04506.648; .NET CLR 3.5.21022; .NET4.0C; .NET4.0E; .NET CLR 3.0.4506.2152; .NET CLR 3.5.30729)"
