66.249.78.6 - - [01/Feb/2013:01:05:38 +0100] "GET /robots.txt HTTP/1.1" 404 1256 "-" "Mozilla/5.0 (compatible; Googlebot/2.1; +http://www.google.com/bot.html)"
66.249.78.6 - - [01/Feb/2013:01:05:38 +0100] "GET /Produkte/Tonerkartuschen/tonerkartuschen.html HTTP/1.1" 200 13203 "-" "Mozilla/5.0 (compatible; Googlebot/2.1; +http://www.google.com/bot.html)"
37.140.141.34 - - [01/Feb/2013:04:10:48 +0100] "GET /robots.txt HTTP/1.1" 404 1256 "-" "Mozilla/5.0 (compatible; YandexImages/3.0; +http://yandex.com/bots)"
65.55.52.87 - - [01/Feb/2013:05:08:55 +0100] "GET /robots.txt HTTP/1.1" 404 1256 "-" "Mozilla/5.0 (compatible; bingbot/2.0; +http://www.bing.com/bingbot.htm)"
65.55.52.87 - - [01/Feb/2013:05:10:58 +0100] "GET / HTTP/1.1" 200 12828 "-" "Mozilla/5.0 (compatible; bingbot/2.0; +http://www.bing.com/bingbot.htm)"
157.55.33.31 - - [01/Feb/2013:05:15:10 +0100] "GET /Feinstaubfilter/Dexwet/dexwet.html HTTP/1.1" 200 16100 "-" "Mozilla/5.0 (compatible; bingbot/2.0; +http://www.bing.com/bingbot.htm)"
199.30.20.48 - - [01/Feb/2013:05:39:03 +0100] "GET /robots.txt HTTP/1.1" 404 1256 "-" "msnbot-media/1.1 (+http://search.msn.com/msnbot.htm)"
199.30.20.48 - - [01/Feb/2013:05:39:03 +0100] "GET /Shop/Filter/spacer1.gif HTTP/1.1" 200 43 "-" "msnbot-media/1.1 (+http://search.msn.com/msnbot.htm)"
157.55.32.83 - - [01/Feb/2013:06:00:28 +0100] "GET /robots.txt HTTP/1.1" 404 1256 "-" "Mozilla/5.0 (compatible; bingbot/2.0; +http://www.bing.com/bingbot.htm)"
157.55.32.83 - - [01/Feb/2013:06:02:29 +0100] "GET /Feinstaubfilter/micronair/micronair.html HTTP/1.1" 200 19812 "-" "Mozilla/5.0 (compatible; bingbot/2.0; +http://www.bing.com/bingbot.htm)"
157.55.35.87 - - [01/Feb/2013:06:10:30 +0100] "GET /index.html HTTP/1.1" 200 12828 "-" "Mozilla/5.0 (compatible; bingbot/2.0; +http://www.bing.com/bingbot.htm)"
157.56.93.194 - - [01/Feb/2013:06:27:38 +0100] "GET /Feinstaubfilter/feinstaubfilter.html HTTP/1.1" 200 13065 "-" "Mozilla/5.0 (compatible; bingbot/2.0; +http://www.bing.com/bingbot.htm)"
65.55.52.87 - - [01/Feb/2013:09:01:37 +0100] "GET /robots.txt HTTP/1.1" 404 1256 "-" "Mozilla/5.0 (compatible; bingbot/2.0; +http://www.bing.com/bingbot.htm)"
65.55.52.87 - - [01/Feb/2013:09:03:38 +0100] "GET / HTTP/1.1" 200 12828 "-" "Mozilla/5.0 (compatible; bingbot/2.0; +http://www.bing.com/bingbot.htm)"
85.214.21.33 - - [01/Feb/2013:11:53:06 +0100] "GET / HTTP/1.0" 200 12828 "-" "-"
85.214.21.33 - - [01/Feb/2013:11:53:06 +0100] "GET / HTTP/1.0" 200 12828 "-" "-"
199.30.16.30 - - [01/Feb/2013:12:26:15 +0100] "GET /robots.txt HTTP/1.1" 404 1256 "-" "msnbot-media/1.1 (+http://search.msn.com/msnbot.htm)"
199.30.16.30 - - [01/Feb/2013:12:26:16 +0100] "GET /Filter_NnBanner.gif HTTP/1.1" 200 5779 "-" "msnbot-media/1.1 (+http://search.msn.com/msnbot.htm)"
37.140.141.34 - - [01/Feb/2013:12:47:18 +0100] "GET /Shop_Np1.gif HTTP/1.1" 304 - "-" "Mozilla/5.0 (compatible; YandexImages/3.0; +http://yandex.com/bots)"
199.30.20.19 - - [01/Feb/2013:17:00:20 +0100] "GET /robots.txt HTTP/1.1" 404 1256 "-" "msnbot-media/1.1 (+http://search.msn.com/msnbot.htm)"
199.30.20.19 - - [01/Feb/2013:17:00:20 +0100] "GET /db_micronair_100a.jpg HTTP/1.1" 200 3548 "-" "msnbot-media/1.1 (+http://search.msn.com/msnbot.htm)"
178.77.126.55 - - [01/Feb/2013:17:07:48 +0100] "GET /robots.txt HTTP/1.1" 404 1256 "-" "Mozilla/5.0 (compatible; CareerBot/1.1; +http://www.career-x.de/bot.html)"
178.77.126.55 - - [01/Feb/2013:17:07:51 +0100] "GET / HTTP/1.1" 200 12828 "-" "Mozilla/5.0 (compatible; CareerBot/1.1; +http://www.career-x.de/bot.html)"
65.55.212.158 - - [01/Feb/2013:18:44:09 +0100] "GET /robots.txt HTTP/1.1" 404 1256 "-" "msnbot-media/1.1 (+http://search.msn.com/msnbot.htm)"
65.55.212.158 - - [01/Feb/2013:18:44:09 +0100] "GET /NavUp.gif HTTP/1.1" 200 289 "-" "msnbot-media/1.1 (+http://search.msn.com/msnbot.htm)"
81.30.151.218 - - [01/Feb/2013:22:06:06 +0100] "GET /robots.txt HTTP/1.1" 404 1256 "-" "Pixray-Seeker/2.0 (Pixray-Seeker; +http://www.pixray.com/pixraybot; +crawler@pixray.com)"
81.30.151.218 - - [01/Feb/2013:22:06:06 +0100] "GET /Impressum_Np1.gif HTTP/1.1" 200 1750 "-" "Pixray-Seeker/2.0 (Pixray-Seeker; +http://www.pixray.com/pixraybot; +crawler@pixray.com)"
208.115.111.66 - - [02/Feb/2013:01:02:26 +0100] "GET /robots.txt HTTP/1.1" 404 1256 "-" "Mozilla/5.0 (compatible; Ezooms/1.0; ezooms.bot@gmail.com)"
199.30.20.119 - - [02/Feb/2013:02:13:37 +0100] "GET /robots.txt HTTP/1.1" 404 1256 "-" "msnbot-media/1.1 (+http://search.msn.com/msnbot.htm)"
199.30.20.119 - - [02/Feb/2013:02:13:37 +0100] "GET /NavRight.gif HTTP/1.1" 200 280 "-" "msnbot-media/1.1 (+http://search.msn.com/msnbot.htm)"
208.115.111.66 - - [02/Feb/2013:03:02:02 +0100] "GET /Shop/Filter/filter_0.html HTTP/1.1" 200 26544 "-" "Mozilla/5.0 (compatible; Ezooms/1.0; ezooms.bot@gmail.com)"
93.220.228.57 - - [02/Feb/2013:03:18:50 +0100] "GET / HTTP/1.1" 200 12828 "-" "Mozilla/5.0 Gecko/2009042316 Firefox/2.0.0.x"
93.220.228.57 - - [02/Feb/2013:03:18:56 +0100] "GET /Impressum/impressum.html HTTP/1.1" 200 11991 "-" "Mozilla/4.0 (compatible; MSIE 8.0; Windows NT 6.0; .NET CLR 1.1.4322; .NET CLR 2.0.50727; .NET CLR 3.0.04506.30)"
157.56.93.194 - - [02/Feb/2013:03:57:31 +0100] "GET /robots.txt HTTP/1.1" 404 1256 "-" "Mozilla/5.0 (compatible; bingbot/2.0; +http://www.bing.com/bingbot.htm)"
157.56.93.194 - - [02/Feb/2013:03:58:53 +0100] "GET /Feinstaubfilter/feinstaubfilter.html HTTP/1.1" 200 13065 "-" "Mozilla/5.0 (compatible; bingbot/2.0; +http://www.bing.com/bingbot.htm)"
65.55.210.254 - - [02/Feb/2013:03:58:54 +0100] "GET /Feinstaubfilter/feinstaubfilter.html HTTP/1.1" 200 13065 "-" "Mozilla/5.0 (Windows NT 6.1; WOW64) AppleWebKit/534+ (KHTML, like Gecko) BingPreview/1.0b"
65.55.210.254 - - [02/Feb/2013:03:58:55 +0100] "GET /rollover.js HTTP/1.1" 200 32709 "http://www.sirius-berlin.de/Feinstaubfilter/feinstaubfilter.html" "Mozilla/5.0 (Windows NT 6.1; WOW64) AppleWebKit/534+ (KHTML, like Gecko) BingPreview/1.0b"
5.9.112.180 - - [02/Feb/2013:05:27:38 +0100] "GET /robots.txt HTTP/1.1" 404 1256 "-" "Mozilla/5.0 (compatible; SISTRIX Crawler; http://crawler.sistrix.net/)"
5.9.112.180 - - [02/Feb/2013:05:27:38 +0100] "GET / HTTP/1.1" 200 12828 "-" "Mozilla/5.0 (compatible; SISTRIX Crawler; http://crawler.sistrix.net/)"
5.9.112.180 - - [02/Feb/2013:05:27:38 +0100] "GET /index.html HTTP/1.1" 200 12828 "-" "Mozilla/5.0 (compatible; SISTRIX Crawler; http://crawler.sistrix.net/)"
5.9.112.180 - - [02/Feb/2013:05:27:38 +0100] "GET /Service_Kontakt/service_kontakt.html HTTP/1.1" 200 11157 "-" "Mozilla/5.0 (compatible; SISTRIX Crawler; http://crawler.sistrix.net/)"
5.9.112.180 - - [02/Feb/2013:05:27:38 +0100] "GET /Shop/shop.html HTTP/1.1" 200 59578 "-" "Mozilla/5.0 (compatible; SISTRIX Crawler; http://crawler.sistrix.net/)"
5.9.112.180 - - [02/Feb/2013:05:27:38 +0100] "GET /Produkte/produkte.html HTTP/1.1" 200 17755 "-" "Mozilla/5.0 (compatible; SISTRIX Crawler; http://crawler.sistrix.net/)"
5.9.112.180 - - [02/Feb/2013:05:27:39 +0100] "GET /Impressum/impressum.html HTTP/1.1" 200 11991 "-" "Mozilla/5.0 (compatible; SISTRIX Crawler; http://crawler.sistrix.net/)"
5.9.112.180 - - [02/Feb/2013:05:27:39 +0100] "GET /Feinstaubfilter/feinstaubfilter.html HTTP/1.1" 200 13065 "-" "Mozilla/5.0 (compatible; SISTRIX Crawler; http://crawler.sistrix.net/)"
5.9.112.180 - - [02/Feb/2013:05:27:39 +0100] "GET /Produkte/weitere_Produkte/weitere_produkte.html HTTP/1.1" 200 12524 "-" "Mozilla/5.0 (compatible; SISTRIX Crawler; http://crawler.sistrix.net/)"
5.9.112.180 - - [02/Feb/2013:05:27:39 +0100] "GET /Shop/Filter/filter_2.html HTTP/1.1" 200 26547 "-" "Mozilla/5.0 (compatible; SISTRIX Crawler; http://crawler.sistrix.net/)"
5.9.112.180 - - [02/Feb/2013:05:27:39 +0100] "GET /Produkte/Tintenpatronen/tintenpatronen.html HTTP/1.1" 200 15225 "-" "Mozilla/5.0 (compatible; SISTRIX Crawler; http://crawler.sistrix.net/)"
5.9.112.180 - - [02/Feb/2013:05:27:39 +0100] "GET /Shop/Filter/filter_0.html HTTP/1.1" 200 26544 "-" "Mozilla/5.0 (compatible; SISTRIX Crawler; http://crawler.sistrix.net/)"
5.9.112.180 - - [02/Feb/2013:05:27:39 +0100] "GET /Feinstaubfilter/Dexwet/dexwet.html HTTP/1.1" 200 16100 "-" "Mozilla/5.0 (compatible; SISTRIX Crawler; http://crawler.sistrix.net/)"
5.9.112.180 - - [02/Feb/2013:05:27:39 +0100] "GET /Shop/Filter/filter_1.html HTTP/1.1" 200 26543 "-" "Mozilla/5.0 (compatible; SISTRIX Crawler; http://crawler.sistrix.net/)"
5.9.112.180 - - [02/Feb/2013:05:27:39 +0100] "GET /Feinstaubfilter/micronair/micronair.html HTTP/1.1" 200 19812 "-" "Mozilla/5.0 (compatible; SISTRIX Crawler; http://crawler.sistrix.net/)"
5.9.112.180 - - [02/Feb/2013:05:27:40 +0100] "GET /Produkte/Tonerkartuschen/tonerkartuschen.html HTTP/1.1" 200 13203 "-" "Mozilla/5.0 (compatible; SISTRIX Crawler; http://crawler.sistrix.net/)"
131.253.38.99 - - [02/Feb/2013:07:56:27 +0100] "GET /robots.txt HTTP/1.1" 404 1256 "-" "msnbot-media/1.1 (+http://search.msn.com/msnbot.htm)"
131.253.38.99 - - [02/Feb/2013:07:56:28 +0100] "GET /db_micronair_70a1.jpg HTTP/1.1" 200 3396 "-" "msnbot-media/1.1 (+http://search.msn.com/msnbot.htm)"
216.145.14.142 - - [02/Feb/2013:09:16:14 +0100] "GET /robots.txt HTTP/1.0" 404 1256 "-" "Mozilla/5.0 (Windows; U; Windows NT 5.1; en; rv:1.9.0.13) Gecko/2009073022 Firefox/3.5.2 (.NET CLR 3.5.30729) SurveyBot/2.3 (DomainTools)"
216.145.14.142 - - [02/Feb/2013:09:16:14 +0100] "GET / HTTP/1.1" 200 12828 "http://whois.domaintools.com/sirius-berlin.de" "Mozilla/5.0 (Windows; U; Windows NT 5.1; en; rv:1.9.0.13) Gecko/2009073022 Firefox/3.5.2 (.NET CLR 3.5.30729) SurveyBot/2.3 (DomainTools)"
65.55.52.87 - - [02/Feb/2013:10:31:18 +0100] "GET /robots.txt HTTP/1.1" 404 1256 "-" "Mozilla/5.0 (compatible; bingbot/2.0; +http://www.bing.com/bingbot.htm)"
65.55.52.87 - - [02/Feb/2013:10:33:29 +0100] "GET / HTTP/1.1" 200 12828 "-" "Mozilla/5.0 (compatible; bingbot/2.0; +http://www.bing.com/bingbot.htm)"
157.55.33.31 - - [02/Feb/2013:10:36:00 +0100] "GET /Feinstaubfilter/feinstaubfilter.html HTTP/1.1" 200 13065 "-" "Mozilla/5.0 (compatible; bingbot/2.0; +http://www.bing.com/bingbot.htm)"
65.55.52.87 - - [02/Feb/2013:10:39:56 +0100] "GET / HTTP/1.1" 200 12828 "-" "Mozilla/5.0 (compatible; bingbot/2.0; +http://www.bing.com/bingbot.htm)"
157.55.33.31 - - [02/Feb/2013:10:39:59 +0100] "GET /Feinstaubfilter/feinstaubfilter.html HTTP/1.1" 200 13065 "-" "Mozilla/5.0 (compatible; bingbot/2.0; +http://www.bing.com/bingbot.htm)"
157.55.32.83 - - [02/Feb/2013:11:20:55 +0100] "GET /robots.txt HTTP/1.1" 404 1256 "-" "Mozilla/5.0 (compatible; bingbot/2.0; +http://www.bing.com/bingbot.htm)"
157.55.32.83 - - [02/Feb/2013:11:22:28 +0100] "GET /Feinstaubfilter/micronair/micronair.html HTTP/1.1" 200 19812 "-" "Mozilla/5.0 (compatible; bingbot/2.0; +http://www.bing.com/bingbot.htm)"
157.55.32.94 - - [02/Feb/2013:11:30:59 +0100] "GET /Feinstaubfilter/Dexwet/dexwet.html HTTP/1.1" 200 16100 "-" "Mozilla/5.0 (compatible; bingbot/2.0; +http://www.bing.com/bingbot.htm)"
157.55.35.87 - - [02/Feb/2013:11:35:28 +0100] "GET /index.html HTTP/1.1" 200 12828 "-" "Mozilla/5.0 (compatible; bingbot/2.0; +http://www.bing.com/bingbot.htm)"
157.55.35.87 - - [02/Feb/2013:11:35:28 +0100] "GET /Shop/Filter/filter_1.html HTTP/1.1" 200 26543 "-" "Mozilla/5.0 (compatible; bingbot/2.0; +http://www.bing.com/bingbot.htm)"
65.55.52.87 - - [02/Feb/2013:11:48:09 +0100] "GET / HTTP/1.1" 200 12828 "-" "Mozilla/5.0 (compatible; bingbot/2.0; +http://www.bing.com/bingbot.htm)"
157.55.32.99 - - [02/Feb/2013:12:04:58 +0100] "GET /Produkte/Tintenpatronen/tintenpatronen.html HTTP/1.1" 200 15225 "-" "Mozilla/5.0 (compatible; bingbot/2.0; +http://www.bing.com/bingbot.htm)"
157.55.33.31 - - [02/Feb/2013:12:18:31 +0100] "GET /Feinstaubfilter/feinstaubfilter.html HTTP/1.1" 200 13065 "-" "Mozilla/5.0 (compatible; bingbot/2.0; +http://www.bing.com/bingbot.htm)"
208.115.111.66 - - [02/Feb/2013:13:01:47 +0100] "GET /robots.txt HTTP/1.1" 404 1256 "-" "Mozilla/5.0 (compatible; Ezooms/1.0; ezooms.bot@gmail.com)"
199.30.16.30 - - [02/Feb/2013:14:57:09 +0100] "GET /robots.txt HTTP/1.1" 404 1256 "-" "msnbot-media/1.1 (+http://search.msn.com/msnbot.htm)"
199.30.16.30 - - [02/Feb/2013:14:57:09 +0100] "GET /Filter_NnBanner.gif HTTP/1.1" 200 5779 "-" "msnbot-media/1.1 (+http://search.msn.com/msnbot.htm)"
208.115.111.66 - - [02/Feb/2013:15:07:33 +0100] "GET /Feinstaubfilter/feinstaubfilter.html HTTP/1.1" 200 13065 "-" "Mozilla/5.0 (compatible; Ezooms/1.0; ezooms.bot@gmail.com)"
65.55.52.87 - - [02/Feb/2013:15:17:23 +0100] "GET /robots.txt HTTP/1.1" 404 1256 "-" "Mozilla/5.0 (compatible; bingbot/2.0; +http://www.bing.com/bingbot.htm)"
65.55.52.87 - - [02/Feb/2013:15:19:03 +0100] "GET / HTTP/1.1" 304 - "-" "Mozilla/5.0 (compatible; bingbot/2.0; +http://www.bing.com/bingbot.htm)"
88.198.24.173 - - [02/Feb/2013:16:00:36 +0100] "GET /robots.txt HTTP/1.1" 404 1256 "-" "ssearch_bot (sSearch Crawler; http://www.semantissimo.de)"
88.198.24.173 - - [02/Feb/2013:16:00:36 +0100] "GET / HTTP/1.1" 200 12828 "-" "ssearch_bot (sSearch Crawler; http://www.semantissimo.de)"
173.199.119.11 - - [02/Feb/2013:16:04:18 +0100] "GET /robots.txt HTTP/1.1" 404 1256 "-" "Mozilla/5.0 (compatible; AhrefsBot/4.0; +http://ahrefs.com/robot/)"
141.8.147.1 - - [02/Feb/2013:18:05:46 +0100] "GET /robots.txt HTTP/1.1" 404 1256 "-" "Mozilla/5.0 (compatible; YandexBot/3.0; +http://yandex.com/bots)"
66.249.76.6 - - [02/Feb/2013:18:49:17 +0100] "GET /robots.txt HTTP/1.1" 404 1256 "-" "Mozilla/5.0 (compatible; Googlebot/2.1; +http://www.google.com/bot.html)"
66.249.76.6 - - [02/Feb/2013:18:49:18 +0100] "GET /Feinstaubfilter/micronair/micronair.html HTTP/1.1" 304 - "-" "Mozilla/5.0 (compatible; Googlebot/2.1; +http://www.google.com/bot.html)"
66.249.76.6 - - [02/Feb/2013:19:21:21 +0100] "GET /Feinstaubfilter/feinstaubfilter.html HTTP/1.1" 304 - "-" "Mozilla/5.0 (compatible; Googlebot/2.1; +http://www.google.com/bot.html)"
66.249.76.6 - - [02/Feb/2013:19:25:24 +0100] "GET /Service_Kontakt/service_kontakt.html HTTP/1.1" 200 11157 "-" "Mozilla/5.0 (compatible; Googlebot/2.1; +http://www.google.com/bot.html)"
66.249.76.6 - - [02/Feb/2013:21:13:19 +0100] "GET /Feinstaubfilter/Dexwet/dexwet.html HTTP/1.1" 200 16100 "-" "Mozilla/5.0 (compatible; Googlebot/2.1; +http://www.google.com/bot.html)"
82.94.179.38 - - [02/Feb/2013:22:38:58 +0100] "GET /robots.txt HTTP/1.0" 404 1256 "-" "Mozilla/4.0 (compatible; Vagabondo/4.0/EU; http://webagent.wise-guys.nl/)"
82.94.179.38 - - [02/Feb/2013:22:38:58 +0100] "GET /index.html HTTP/1.1" 200 12828 "http://www.sirius-berlin.de" "Mozilla/4.0 (compatible; Vagabondo/4.0/EU; http://www.wise-guys.nl/)"
82.94.179.38 - - [02/Feb/2013:22:39:09 +0100] "GET / HTTP/1.1" 200 12828 "-" "Mozilla/4.0 (compatible; Vagabondo/4.0/EU; http://www.wise-guys.nl/)"
82.94.179.38 - - [02/Feb/2013:22:39:17 +0100] "GET /Feinstaubfilter/feinstaubfilter.html HTTP/1.1" 200 13065 "http://www.sirius-berlin.de" "Mozilla/4.0 (compatible; Vagabondo/4.0/EU; http://www.wise-guys.nl/)"
82.94.179.38 - - [02/Feb/2013:22:39:25 +0100] "GET /Feinstaubfilter/micronair/micronair.html HTTP/1.1" 200 19812 "http://www.sirius-berlin.de/Feinstaubfilter/feinstaubfilter.html" "Mozilla/4.0 (compatible; Vagabondo/4.0/EU; http://www.wise-guys.nl/)"
82.94.179.38 - - [02/Feb/2013:22:39:35 +0100] "GET /Shop/Filter/filter_1.html HTTP/1.1" 200 26543 "http://www.sirius-berlin.de/Shop/shop.html" "Mozilla/4.0 (compatible; Vagabondo/4.0/EU; http://www.wise-guys.nl/)"
82.94.179.38 - - [02/Feb/2013:22:39:45 +0100] "GET /Shop/Filter/filter_0.html HTTP/1.1" 200 26544 "http://www.sirius-berlin.de/Shop/shop.html" "Mozilla/4.0 (compatible; Vagabondo/4.0/EU; http://www.wise-guys.nl/)"
82.94.179.38 - - [02/Feb/2013:22:39:55 +0100] "GET /Service_Kontakt/service_kontakt.html HTTP/1.1" 200 11157 "http://www.sirius-berlin.de" "Mozilla/4.0 (compatible; Vagabondo/4.0/EU; http://www.wise-guys.nl/)"
82.94.179.38 - - [02/Feb/2013:22:40:03 +0100] "GET /Shop/Filter/filter_2.html HTTP/1.1" 200 26547 "http://www.sirius-berlin.de/Shop/shop.html" "Mozilla/4.0 (compatible; Vagabondo/4.0/EU; http://www.wise-guys.nl/)"
82.94.179.38 - - [02/Feb/2013:22:40:13 +0100] "GET /Produkte/Tonerkartuschen/tonerkartuschen.html HTTP/1.1" 200 13203 "http://www.sirius-berlin.de/Produkte/produkte.html" "Mozilla/4.0 (compatible; Vagabondo/4.0/EU; http://www.wise-guys.nl/)"
82.94.179.38 - - [02/Feb/2013:22:40:23 +0100] "GET /Produkte/produkte.html HTTP/1.1" 200 17755 "http://www.sirius-berlin.de" "Mozilla/4.0 (compatible; Vagabondo/4.0/EU; http://www.wise-guys.nl/)"
82.94.179.38 - - [02/Feb/2013:22:40:32 +0100] "GET /Shop/shop.html HTTP/1.1" 200 59578 "http://www.sirius-berlin.de" "Mozilla/4.0 (compatible; Vagabondo/4.0/EU; http://www.wise-guys.nl/)"
82.94.179.38 - - [02/Feb/2013:22:40:40 +0100] "GET /Impressum/impressum.html HTTP/1.1" 200 11991 "http://www.sirius-berlin.de" "Mozilla/4.0 (compatible; Vagabondo/4.0/EU; http://www.wise-guys.nl/)"
82.94.179.38 - - [02/Feb/2013:22:40:49 +0100] "GET /Produkte/weitere_Produkte/weitere_produkte.html HTTP/1.1" 200 12524 "http://www.sirius-berlin.de/Produkte/produkte.html" "Mozilla/4.0 (compatible; Vagabondo/4.0/EU; http://www.wise-guys.nl/)"
82.94.179.38 - - [02/Feb/2013:22:40:58 +0100] "GET /Produkte/Tintenpatronen/tintenpatronen.html HTTP/1.1" 200 15225 "http://www.sirius-berlin.de/Produkte/produkte.html" "Mozilla/4.0 (compatible; Vagabondo/4.0/EU; http://www.wise-guys.nl/)"
208.115.113.83 - - [02/Feb/2013:23:04:02 +0100] "GET /robots.txt HTTP/1.1" 404 1256 "-" "Mozilla/5.0 (compatible; Ezooms/1.0; ezooms.bot@gmail.com)"
66.249.76.6 - - [03/Feb/2013:01:13:38 +0100] "GET /Dexwet_HRs4.gif HTTP/1.1" 200 1880 "-" "Mozilla/5.0 (compatible; Googlebot/2.1; +http://www.google.com/bot.html)"
66.249.76.6 - - [03/Feb/2013:01:13:39 +0100] "GET /Dexwet_Hs1.gif HTTP/1.1" 200 1904 "-" "Mozilla/5.0 (compatible; Googlebot/2.1; +http://www.google.com/bot.html)"
66.249.76.6 - - [03/Feb/2013:01:13:39 +0100] "GET /DSC00127a03.JPG HTTP/1.1" 200 4277 "-" "Mozilla/5.0 (compatible; Googlebot/2.1; +http://www.google.com/bot.html)"
66.249.76.6 - - [03/Feb/2013:01:13:40 +0100] "GET /DSC00123a02.JPG HTTP/1.1" 200 4361 "-" "Mozilla/5.0 (compatible; Googlebot/2.1; +http://www.google.com/bot.html)"
66.249.76.6 - - [03/Feb/2013:01:13:40 +0100] "GET /Dexwet_NnBanner.gif HTTP/1.1" 200 5987 "-" "Mozilla/5.0 (compatible; Googlebot/2.1; +http://www.google.com/bot.html)"
66.249.76.6 - - [03/Feb/2013:01:13:41 +0100] "GET /Modular_Detail1.jpg HTTP/1.1" 200 8212 "-" "Mozilla/5.0 (compatible; Googlebot/2.1; +http://www.google.com/bot.html)"
208.115.113.83 - - [03/Feb/2013:01:19:03 +0100] "GET /Service_Kontakt/service_kontakt.html HTTP/1.1" 200 11157 "-" "Mozilla/5.0 (compatible; Ezooms/1.0; ezooms.bot@gmail.com)"
66.249.76.6 - - [03/Feb/2013:01:32:09 +0100] "GET /Impressum/impressum.html HTTP/1.1" 304 - "-" "Mozilla/5.0 (compatible; Googlebot/2.1; +http://www.google.com/bot.html)"
141.8.147.1 - - [03/Feb/2013:02:27:28 +0100] "GET /Service_Kontakt/service_kontakt.html HTTP/1.1" 200 11157 "-" "Mozilla/5.0 (compatible; YandexBot/3.0; +http://yandex.com/bots)"
66.249.76.6 - - [03/Feb/2013:03:38:02 +0100] "GET /Produkte/produkte.html HTTP/1.1" 304 - "-" "Mozilla/5.0 (compatible; Googlebot/2.1; +http://www.google.com/bot.html)"
66.249.76.6 - - [03/Feb/2013:03:40:58 +0100] "GET /Shop/shop.html HTTP/1.1" 304 - "-" "Mozilla/5.0 (compatible; Googlebot/2.1; +http://www.google.com/bot.html)"
87.189.126.134 - - [03/Feb/2013:05:50:53 +0100] "GET / HTTP/1.1" 200 12828 "-" "Mozilla/5.0 /Windows; U; Windows NT 6.1; de; rv:1.9.1.5) Gecko/20091102 Firefox/3.5.5"
87.189.126.134 - - [03/Feb/2013:05:50:56 +0100] "GET /index.html HTTP/1.1" 200 12828 "-" "Mozilla/5.0 /Windows; U; Windows NT 6.1; de; rv:1.9.1.5) Gecko/20091102 Firefox/3.5.5"
87.189.126.134 - - [03/Feb/2013:05:51:01 +0100] "GET /Produkte/produkte.html HTTP/1.1" 200 17755 "-" "Mozilla/5.0 /Windows; U; Windows NT 6.1; de; rv:1.9.1.5) Gecko/20091102 Firefox/3.5.5"
87.189.126.134 - - [03/Feb/2013:05:51:03 +0100] "GET /Produkte/produkte.html HTTP/1.1" 200 17755 "-" "Java/1.6.0_22"
87.189.126.134 - - [03/Feb/2013:05:51:06 +0100] "GET /index.html HTTP/1.1" 200 12828 "-" "Java/1.6.0_22"
87.189.126.134 - - [03/Feb/2013:05:51:10 +0100] "GET /Feinstaubfilter/feinstaubfilter.html HTTP/1.1" 200 13065 "-" "Mozilla/5.0 /Windows; U; Windows NT 6.1; de; rv:1.9.1.5) Gecko/20091102 Firefox/3.5.5"
87.189.126.134 - - [03/Feb/2013:05:51:13 +0100] "GET /Feinstaubfilter/feinstaubfilter.html HTTP/1.1" 200 13065 "-" "Java/1.6.0_22"
87.189.126.134 - - [03/Feb/2013:05:51:17 +0100] "GET /Service_Kontakt/service_kontakt.html HTTP/1.1" 200 11157 "-" "Mozilla/5.0 /Windows; U; Windows NT 6.1; de; rv:1.9.1.5) Gecko/20091102 Firefox/3.5.5"
87.189.126.134 - - [03/Feb/2013:05:51:21 +0100] "GET /Impressum/impressum.html HTTP/1.1" 200 11991 "-" "Mozilla/5.0 /Windows; U; Windows NT 6.1; de; rv:1.9.1.5) Gecko/20091102 Firefox/3.5.5"
87.189.126.134 - - [03/Feb/2013:05:51:23 +0100] "GET /Impressum/impressum.html HTTP/1.1" 200 11991 "-" "Java/1.6.0_22"
87.189.126.134 - - [03/Feb/2013:05:51:27 +0100] "GET /Service_Kontakt/service_kontakt.html HTTP/1.1" 200 11157 "-" "Java/1.6.0_22"
87.189.126.134 - - [03/Feb/2013:05:51:32 +0100] "GET /Shop/shop.html HTTP/1.1" 200 59578 "-" "Mozilla/5.0 /Windows; U; Windows NT 6.1; de; rv:1.9.1.5) Gecko/20091102 Firefox/3.5.5"
87.189.126.134 - - [03/Feb/2013:05:51:35 +0100] "GET /Shop/shop.html HTTP/1.1" 200 59578 "-" "Java/1.6.0_22"
87.189.126.134 - - [03/Feb/2013:05:51:37 +0100] "GET / HTTP/1.1" 200 12828 "-" "Java/1.6.0_22"
87.189.126.134 - - [03/Feb/2013:05:51:42 +0100] "GET /Service/Kontakt HTTP/1.1" 404 1256 "-" "Mozilla/5.0 /Windows; U; Windows NT 6.1; de; rv:1.9.1.5) Gecko/20091102 Firefox/3.5.5"
87.189.126.134 - - [03/Feb/2013:05:51:44 +0100] "GET /Service/Kontakt HTTP/1.1" 404 1256 "-" "Java/1.6.0_22"
66.249.76.6 - - [03/Feb/2013:07:54:17 +0100] "GET /robots.txt HTTP/1.1" 404 1256 "-" "Mozilla/5.0 (compatible; Googlebot/2.1; +http://www.google.com/bot.html)"
66.249.76.6 - - [03/Feb/2013:07:54:17 +0100] "GET /Produkte/produkte.html HTTP/1.1" 304 - "-" "Mozilla/5.0 (iPhone; U; CPU iPhone OS 4_1 like Mac OS X; en-us) AppleWebKit/532.9 (KHTML, like Gecko) Version/4.0.5 Mobile/8B117 Safari/6531.22.7 (compatible; Googlebot-Mobile/2.1; +http://www.google.com/bot.html)"
208.115.111.66 - - [03/Feb/2013:09:01:26 +0100] "GET /robots.txt HTTP/1.1" 404 1256 "-" "Mozilla/5.0 (compatible; Ezooms/1.0; ezooms.bot@gmail.com)"
66.249.76.6 - - [03/Feb/2013:09:20:52 +0100] "GET / HTTP/1.1" 304 - "-" "Mozilla/5.0 (compatible; Googlebot/2.1; +http://www.google.com/bot.html)"
141.8.147.1 - - [03/Feb/2013:09:33:13 +0100] "GET /robots.txt HTTP/1.1" 404 1256 "-" "Mozilla/5.0 (compatible; YandexBot/3.0; +http://yandex.com/bots)"
83.133.125.202 - - [03/Feb/2013:10:17:55 +0100] "GET / HTTP/1.1" 200 12828 "http://www.sumaja.de/?such_wert=berlin" "Mozilla/4.0 (compatible; MSIE 8.0; Windows NT 6.0; Trident/4.0; GTB0.0; SLCC1; .NET CLR 2.0.50727; Media Center PC 5.0; .NET CLR 3.5.30729; .NET CLR 3.0.30729; .NET4.0C)"
81.30.151.218 - - [03/Feb/2013:10:24:49 +0100] "GET /robots.txt HTTP/1.1" 404 1256 "-" "Pixray-Seeker/2.0 (Pixray-Seeker; +http://www.pixray.com/pixraybot; +crawler@pixray.com)"
81.30.151.218 - - [03/Feb/2013:10:24:49 +0100] "GET /Impressum_Hp3.gif HTTP/1.1" 200 1876 "-" "Pixray-Seeker/2.0 (Pixray-Seeker; +http://www.pixray.com/pixraybot; +crawler@pixray.com)"
208.115.111.66 - - [03/Feb/2013:11:04:53 +0100] "GET /Shop/Filter/filter_2.html HTTP/1.1" 200 26547 "-" "Mozilla/5.0 (compatible; Ezooms/1.0; ezooms.bot@gmail.com)"
141.8.147.1 - - [03/Feb/2013:13:39:10 +0100] "GET / HTTP/1.1" 200 12828 "-" "Mozilla/5.0 (compatible; YandexBot/3.0; +http://yandex.com/bots)"
77.88.31.247 - - [03/Feb/2013:13:59:24 +0100] "GET / HTTP/1.1" 200 12828 "-" "Mozilla/5.0 (compatible; YandexBot/3.0; +http://yandex.com/bots)"
66.249.76.6 - - [03/Feb/2013:19:46:02 +0100] "GET /robots.txt HTTP/1.1" 404 1256 "-" "Mozilla/5.0 (compatible; Googlebot/2.1; +http://www.google.com/bot.html)"
66.249.76.6 - - [03/Feb/2013:19:46:02 +0100] "GET /Feinstaubfilter/feinstaubfilter.html HTTP/1.1" 304 - "-" "Mozilla/5.0 (compatible; Googlebot/2.1; +http://www.google.com/bot.html)"
66.249.76.6 - - [03/Feb/2013:19:53:01 +0100] "GET /Service_Kontakt/service_kontakt.html HTTP/1.1" 304 - "-" "Mozilla/5.0 (compatible; Googlebot/2.1; +http://www.google.com/bot.html)"
157.55.32.94 - - [03/Feb/2013:21:13:26 +0100] "GET /robots.txt HTTP/1.1" 404 1256 "-" "Mozilla/5.0 (compatible; bingbot/2.0; +http://www.bing.com/bingbot.htm)"
157.55.32.94 - - [03/Feb/2013:21:15:13 +0100] "GET /Feinstaubfilter/Dexwet/dexwet.html HTTP/1.1" 200 16100 "-" "Mozilla/5.0 (compatible; bingbot/2.0; +http://www.bing.com/bingbot.htm)"
178.77.126.55 - - [04/Feb/2013:03:37:05 +0100] "GET /robots.txt HTTP/1.1" 404 1256 "-" "Mozilla/5.0 (compatible; CareerBot/1.1; +http://www.career-x.de/bot.html)"
178.77.126.55 - - [04/Feb/2013:03:37:05 +0100] "GET / HTTP/1.1" 200 12828 "-" "Mozilla/5.0 (compatible; CareerBot/1.1; +http://www.career-x.de/bot.html)"
66.249.76.6 - - [04/Feb/2013:06:41:23 +0100] "GET / HTTP/1.1" 200 12828 "-" "Mozilla/5.0 (iPhone; U; CPU iPhone OS 4_1 like Mac OS X; en-us) AppleWebKit/532.9 (KHTML, like Gecko) Version/4.0.5 Mobile/8B117 Safari/6531.22.7 (compatible; Googlebot-Mobile/2.1; +http://www.google.com/bot.html)"
178.255.215.70 - - [04/Feb/2013:07:51:36 +0100] "GET /robots.txt HTTP/1.1" 404 1256 "-" "Mozilla/5.0 (compatible; Exabot/3.0; +http://www.exabot.com/go/robot)"
178.255.215.70 - - [04/Feb/2013:07:51:36 +0100] "GET /Produkte/produkte.html HTTP/1.1" 304 - "-" "Mozilla/5.0 (compatible; Exabot/3.0; +http://www.exabot.com/go/robot)"
95.108.151.244 - - [04/Feb/2013:10:19:05 +0100] "GET /robots.txt HTTP/1.1" 404 1256 "-" "Mozilla/5.0 (compatible; YandexBot/3.0; +http://yandex.com/bots)"
95.108.151.244 - - [04/Feb/2013:10:19:06 +0100] "GET / HTTP/1.1" 200 12828 "-" "Mozilla/5.0 (compatible; YandexBot/3.0; +http://yandex.com/bots)"
95.108.151.244 - - [04/Feb/2013:10:19:07 +0100] "GET / HTTP/1.1" 200 12828 "-" "Mozilla/5.0 (compatible; YandexBot/3.0; +http://yandex.com/bots)"
208.115.113.83 - - [04/Feb/2013:11:05:20 +0100] "GET /robots.txt HTTP/1.1" 404 1256 "-" "Mozilla/5.0 (compatible; Ezooms/1.0; ezooms.bot@gmail.com)"
66.249.76.6 - - [04/Feb/2013:13:02:27 +0100] "GET /robots.txt HTTP/1.1" 404 1256 "-" "Mozilla/5.0 (compatible; Googlebot/2.1; +http://www.google.com/bot.html)"
66.249.76.6 - - [04/Feb/2013:13:02:27 +0100] "GET /Service_Kontakt/service_kontakt.html HTTP/1.1" 304 - "-" "Mozilla/5.0 (iPhone; U; CPU iPhone OS 4_1 like Mac OS X; en-us) AppleWebKit/532.9 (KHTML, like Gecko) Version/4.0.5 Mobile/8B117 Safari/6531.22.7 (compatible; Googlebot-Mobile/2.1; +http://www.google.com/bot.html)"
208.115.113.83 - - [04/Feb/2013:13:26:41 +0100] "GET /Produkte/Tintenpatronen/tintenpatronen.html HTTP/1.1" 200 15225 "-" "Mozilla/5.0 (compatible; Ezooms/1.0; ezooms.bot@gmail.com)"
92.224.39.48 - - [04/Feb/2013:16:35:27 +0100] "GET / HTTP/1.1" 200 12828 "-" "UserAgent: Apache-HttpClient/release (java 1.5)"
92.224.39.48 - - [04/Feb/2013:16:35:27 +0100] "GET /Impressum/impressum.html HTTP/1.1" 200 11991 "-" "UserAgent: Apache-HttpClient/release (java 1.5)"
85.214.21.33 - - [04/Feb/2013:19:03:09 +0100] "GET / HTTP/1.0" 200 12828 "-" "-"
85.214.21.33 - - [04/Feb/2013:19:03:09 +0100] "GET / HTTP/1.0" 200 12828 "-" "-"
82.94.179.38 - - [05/Feb/2013:04:20:19 +0100] "GET /robots.txt HTTP/1.0" 404 1256 "-" "Mozilla/4.0 (compatible; Vagabondo/4.0/EU; http://webagent.wise-guys.nl/)"
82.94.179.38 - - [05/Feb/2013:04:20:19 +0100] "GET /index.html HTTP/1.1" 200 12828 "http://www.sirius-berlin.de" "Mozilla/4.0 (compatible; Vagabondo/4.0/EU; http://www.wise-guys.nl/)"
82.94.179.38 - - [05/Feb/2013:04:20:27 +0100] "GET / HTTP/1.1" 200 12828 "-" "Mozilla/4.0 (compatible; Vagabondo/4.0/EU; http://www.wise-guys.nl/)"
82.94.179.38 - - [05/Feb/2013:04:20:35 +0100] "GET /Feinstaubfilter/micronair/micronair.html HTTP/1.1" 200 19812 "http://www.sirius-berlin.de/Feinstaubfilter/feinstaubfilter.html" "Mozilla/4.0 (compatible; Vagabondo/4.0/EU; http://www.wise-guys.nl/)"
82.94.179.38 - - [05/Feb/2013:04:20:42 +0100] "GET /Shop/Filter/filter_1.html HTTP/1.1" 200 26543 "http://www.sirius-berlin.de/Shop/shop.html" "Mozilla/4.0 (compatible; Vagabondo/4.0/EU; http://www.wise-guys.nl/)"
82.94.179.38 - - [05/Feb/2013:04:20:51 +0100] "GET /Shop/Filter/filter_0.html HTTP/1.1" 200 26544 "http://www.sirius-berlin.de/Shop/shop.html" "Mozilla/4.0 (compatible; Vagabondo/4.0/EU; http://www.wise-guys.nl/)"
82.94.179.38 - - [05/Feb/2013:04:20:59 +0100] "GET /Service_Kontakt/service_kontakt.html HTTP/1.1" 200 11157 "http://www.sirius-berlin.de" "Mozilla/4.0 (compatible; Vagabondo/4.0/EU; http://www.wise-guys.nl/)"
82.94.179.38 - - [05/Feb/2013:04:21:07 +0100] "GET /Shop/Filter/filter_2.html HTTP/1.1" 200 26547 "http://www.sirius-berlin.de/Shop/shop.html" "Mozilla/4.0 (compatible; Vagabondo/4.0/EU; http://www.wise-guys.nl/)"
82.94.179.38 - - [05/Feb/2013:04:21:15 +0100] "GET /Produkte/Tonerkartuschen/tonerkartuschen.html HTTP/1.1" 200 13203 "http://www.sirius-berlin.de/Produkte/produkte.html" "Mozilla/4.0 (compatible; Vagabondo/4.0/EU; http://www.wise-guys.nl/)"
82.94.179.38 - - [05/Feb/2013:04:21:24 +0100] "GET /Produkte/produkte.html HTTP/1.1" 200 17755 "http://www.sirius-berlin.de" "Mozilla/4.0 (compatible; Vagabondo/4.0/EU; http://www.wise-guys.nl/)"
82.94.179.38 - - [05/Feb/2013:04:21:32 +0100] "GET /Shop/shop.html HTTP/1.1" 200 59578 "http://www.sirius-berlin.de" "Mozilla/4.0 (compatible; Vagabondo/4.0/EU; http://www.wise-guys.nl/)"
82.94.179.38 - - [05/Feb/2013:04:21:40 +0100] "GET /Impressum/impressum.html HTTP/1.1" 200 11991 "http://www.sirius-berlin.de" "Mozilla/4.0 (compatible; Vagabondo/4.0/EU; http://www.wise-guys.nl/)"
82.94.179.38 - - [05/Feb/2013:04:21:47 +0100] "GET /Produkte/weitere_Produkte/weitere_produkte.html HTTP/1.1" 200 12524 "http://www.sirius-berlin.de/Produkte/produkte.html" "Mozilla/4.0 (compatible; Vagabondo/4.0/EU; http://www.wise-guys.nl/)"
82.94.179.38 - - [05/Feb/2013:04:21:55 +0100] "GET /Produkte/Tintenpatronen/tintenpatronen.html HTTP/1.1" 200 15225 "http://www.sirius-berlin.de/Produkte/produkte.html" "Mozilla/4.0 (compatible; Vagabondo/4.0/EU; http://www.wise-guys.nl/)"
217.225.183.57 - - [05/Feb/2013:12:48:30 +0100] "GET / HTTP/1.1" 200 12828 "http://www.backlink-webkatalog.de/" "Mozilla/4.0 (compatible; MSIE 8.0; Windows NT 5.1; Trident/4.0; FBSMTWB; ATC/1.0; .NET CLR 1.1.4322; ATC/1.0; .NET CLR 2.0.50727; .NET CLR 3.0.4506.2152; .NET CLR 3.5.30729)"
180.76.5.66 - - [05/Feb/2013:13:23:38 +0100] "GET /robots.txt HTTP/1.1" 404 1256 "-" "Mozilla/5.0 (Windows NT 5.1; rv:6.0.2) Gecko/20100101 Firefox/6.0.2"
208.115.111.66 - - [05/Feb/2013:17:00:23 +0100] "GET /robots.txt HTTP/1.1" 404 1256 "-" "Mozilla/5.0 (compatible; Ezooms/1.0; ezooms.bot@gmail.com)"
93.220.204.1 - - [05/Feb/2013:18:47:56 +0100] "GET / HTTP/1.1" 200 12828 "-" "Mozilla/4.0 (compatible; MSIE 7.0; Windows NT 6.0; WOW64; SLCC1; .NET CLR 2.0.50727; .NET CLR 1.1.4322; .NET CLR 3.5.21022; .NET CLR 3.0.04506)"
93.220.204.1 - - [05/Feb/2013:18:48:02 +0100] "GET /Impressum/impressum.html HTTP/1.1" 200 11991 "-" "Mozilla/4.0 (compatible; MSIE 8.0; Windows NT 6.0; .NET CLR 1.1.4322; .NET CLR 2.0.50727; .NET CLR 3.0.04506.30)"
208.115.111.66 - - [05/Feb/2013:19:07:20 +0100] "GET /Impressum/impressum.html HTTP/1.1" 200 11991 "-" "Mozilla/5.0 (compatible; Ezooms/1.0; ezooms.bot@gmail.com)"
141.8.147.1 - - [05/Feb/2013:21:11:58 +0100] "GET /robots.txt HTTP/1.1" 404 1256 "-" "Mozilla/5.0 (compatible; YandexBot/3.0; +http://yandex.com/bots)"
141.8.147.1 - - [05/Feb/2013:21:12:00 +0100] "GET / HTTP/1.1" 200 12828 "-" "Mozilla/5.0 (compatible; YandexBot/3.0; MirrorDetector; +http://yandex.com/bots)"
141.8.147.1 - - [05/Feb/2013:21:12:04 +0100] "GET / HTTP/1.1" 200 12828 "-" "Mozilla/5.0 (compatible; YandexBot/3.0; MirrorDetector; +http://yandex.com/bots)"
174.129.156.20 - - [05/Feb/2013:21:53:45 +0100] "GET / HTTP/1.0" 200 12828 "-" "Mozilla/5.0 (compatible; NetcraftSurveyAgent/1.0; +info@netcraft.com)"
178.255.215.70 - - [06/Feb/2013:00:11:24 +0100] "GET /robots.txt HTTP/1.1" 404 1256 "-" "Mozilla/5.0 (compatible; Exabot/3.0; +http://www.exabot.com/go/robot)"
178.255.215.70 - - [06/Feb/2013:00:11:25 +0100] "GET / HTTP/1.1" 304 - "-" "Mozilla/5.0 (compatible; Exabot/3.0; +http://www.exabot.com/go/robot)"
131.253.38.101 - - [06/Feb/2013:04:46:02 +0100] "GET /robots.txt HTTP/1.1" 404 1256 "-" "msnbot-media/1.1 (+http://search.msn.com/msnbot.htm)"
131.253.38.101 - - [06/Feb/2013:04:46:02 +0100] "GET /NavLeft.gif HTTP/1.1" 200 284 "-" "msnbot-media/1.1 (+http://search.msn.com/msnbot.htm)"
65.55.215.44 - - [06/Feb/2013:06:22:37 +0100] "GET /robots.txt HTTP/1.1" 404 1256 "-" "msnbot-media/1.1 (+http://search.msn.com/msnbot.htm)"
65.55.215.44 - - [06/Feb/2013:06:22:37 +0100] "GET /Shop/Filter/spacer1.gif HTTP/1.1" 200 43 "-" "msnbot-media/1.1 (+http://search.msn.com/msnbot.htm)"
199.30.16.29 - - [06/Feb/2013:06:35:27 +0100] "GET /robots.txt HTTP/1.1" 404 1256 "-" "msnbot-media/1.1 (+http://search.msn.com/msnbot.htm)"
199.30.16.29 - - [06/Feb/2013:06:35:28 +0100] "GET /Filter_NnBanner.gif HTTP/1.1" 200 5779 "-" "msnbot-media/1.1 (+http://search.msn.com/msnbot.htm)"
65.55.215.71 - - [06/Feb/2013:07:48:52 +0100] "GET /robots.txt HTTP/1.1" 404 1256 "-" "msnbot-media/1.1 (+http://search.msn.com/msnbot.htm)"
65.55.215.71 - - [06/Feb/2013:07:48:53 +0100] "GET /db_micronair_100a.jpg HTTP/1.1" 200 3548 "-" "msnbot-media/1.1 (+http://search.msn.com/msnbot.htm)"
66.249.78.6 - - [06/Feb/2013:09:37:28 +0100] "GET /robots.txt HTTP/1.1" 404 1256 "-" "Mozilla/5.0 (compatible; Googlebot/2.1; +http://www.google.com/bot.html)"
66.249.75.6 - - [06/Feb/2013:09:37:29 +0100] "GET / HTTP/1.1" 200 12828 "-" "Mozilla/5.0 (compatible; Googlebot/2.1; +http://www.google.com/bot.html)"
65.55.215.81 - - [06/Feb/2013:11:20:47 +0100] "GET /robots.txt HTTP/1.1" 404 1256 "-" "msnbot-media/1.1 (+http://search.msn.com/msnbot.htm)"
65.55.215.81 - - [06/Feb/2013:11:20:48 +0100] "GET /NavUp.gif HTTP/1.1" 200 289 "-" "msnbot-media/1.1 (+http://search.msn.com/msnbot.htm)"
199.30.20.50 - - [06/Feb/2013:13:31:30 +0100] "GET /robots.txt HTTP/1.1" 404 1256 "-" "msnbot-media/1.1 (+http://search.msn.com/msnbot.htm)"
199.30.20.50 - - [06/Feb/2013:13:31:30 +0100] "GET /Filter_Hs1.gif HTTP/1.1" 200 1891 "-" "msnbot-media/1.1 (+http://search.msn.com/msnbot.htm)"
178.77.126.55 - - [06/Feb/2013:15:21:15 +0100] "GET /robots.txt HTTP/1.1" 404 1256 "-" "Mozilla/5.0 (compatible; CareerBot/1.1; +http://www.career-x.de/bot.html)"
178.77.126.55 - - [06/Feb/2013:15:21:15 +0100] "GET / HTTP/1.1" 200 12828 "-" "Mozilla/5.0 (compatible; CareerBot/1.1; +http://www.career-x.de/bot.html)"
85.25.246.225 - - [06/Feb/2013:15:34:24 +0100] "GET /robots.txt HTTP/1.0" 404 1256 "-" "Mozilla/5.0 (compatible; MJ12bot/v1.4.3; http://www.majestic12.co.uk/bot.php?+)"
85.25.246.225 - - [06/Feb/2013:15:34:25 +0100] "GET / HTTP/1.0" 200 12828 "-" "Mozilla/5.0 (compatible; MJ12bot/v1.4.3; http://www.majestic12.co.uk/bot.php?+)"
173.199.116.211 - - [06/Feb/2013:16:14:47 +0100] "GET /Shop/Filter/filter_2.html HTTP/1.1" 200 26547 "-" "Mozilla/5.0 (compatible; AhrefsBot/4.0; +http://ahrefs.com/robot/)"
65.55.215.59 - - [06/Feb/2013:18:07:05 +0100] "GET /robots.txt HTTP/1.1" 404 1256 "-" "msnbot-media/1.1 (+http://search.msn.com/msnbot.htm)"
65.55.215.59 - - [06/Feb/2013:18:07:06 +0100] "GET /db_micronair_70a1.jpg HTTP/1.1" 200 3396 "-" "msnbot-media/1.1 (+http://search.msn.com/msnbot.htm)"
173.199.119.11 - - [06/Feb/2013:19:21:02 +0100] "GET /robots.txt HTTP/1.1" 404 1256 "-" "Mozilla/5.0 (compatible; AhrefsBot/4.0; +http://ahrefs.com/robot/)"
180.76.5.137 - - [06/Feb/2013:20:31:25 +0100] "GET /robots.txt HTTP/1.1" 404 1256 "-" "Mozilla/5.0 (Windows NT 5.1; rv:6.0.2) Gecko/20100101 Firefox/6.0.2"
199.30.20.117 - - [07/Feb/2013:02:41:22 +0100] "GET /robots.txt HTTP/1.1" 404 1256 "-" "msnbot-media/1.1 (+http://search.msn.com/msnbot.htm)"
199.30.20.117 - - [07/Feb/2013:02:41:23 +0100] "GET /NavRight.gif HTTP/1.1" 200 280 "-" "msnbot-media/1.1 (+http://search.msn.com/msnbot.htm)"
157.55.32.190 - - [07/Feb/2013:03:13:32 +0100] "GET /robots.txt HTTP/1.1" 404 1256 "-" "Mozilla/5.0 (compatible; bingbot/2.0; +http://www.bing.com/bingbot.htm)"
157.55.32.190 - - [07/Feb/2013:03:15:29 +0100] "GET /Produkte/weitere_Produkte/weitere_produkte.html HTTP/1.1" 304 - "-" "Mozilla/5.0 (compatible; bingbot/2.0; +http://www.bing.com/bingbot.htm)"
93.220.253.14 - - [07/Feb/2013:05:21:11 +0100] "GET / HTTP/1.1" 200 12828 "-" "Mozilla/4.0 (compatible; MSIE 8.0; Windows NT 6.0; .NET CLR 1.1.4322; .NET CLR 2.0.50110; InfoPath.1)"
93.220.253.14 - - [07/Feb/2013:05:21:22 +0100] "GET /Impressum/impressum.html HTTP/1.1" 200 11991 "-" "Mozilla/4.0 (compatible; MSIE 7.0; Windows NT 6.0; WOW64; SLCC1; .NET CLR 2.0.50727; .NET CLR 3.0.04320)"
173.199.116.211 - - [07/Feb/2013:08:39:08 +0100] "GET /Shop/Filter/filter_0.html HTTP/1.1" 200 26544 "-" "Mozilla/5.0 (compatible; AhrefsBot/4.0; +http://ahrefs.com/robot/)"
85.19.205.124 - - [07/Feb/2013:08:45:09 +0100] "GET /robots.txt HTTP/1.0" 404 1256 "-" "Mozilla/5.0 (compatible; MJ12bot/v1.4.3; http://www.majestic12.co.uk/bot.php?+)"
85.19.205.124 - - [07/Feb/2013:08:45:11 +0100] "GET /Feinstaubfilter/feinstaubfilter.html HTTP/1.1" 200 13065 "-" "Mozilla/5.0 (compatible; MJ12bot/v1.4.3; http://www.majestic12.co.uk/bot.php?+)"
85.19.205.124 - - [07/Feb/2013:08:45:12 +0100] "GET /Impressum/impressum.html HTTP/1.1" 200 11991 "-" "Mozilla/5.0 (compatible; MJ12bot/v1.4.3; http://www.majestic12.co.uk/bot.php?+)"
85.19.205.124 - - [07/Feb/2013:08:45:14 +0100] "GET /Produkte/produkte.html HTTP/1.1" 200 17755 "-" "Mozilla/5.0 (compatible; MJ12bot/v1.4.3; http://www.majestic12.co.uk/bot.php?+)"
85.19.205.124 - - [07/Feb/2013:08:45:16 +0100] "GET /Service_Kontakt/service_kontakt.html HTTP/1.1" 200 11157 "-" "Mozilla/5.0 (compatible; MJ12bot/v1.4.3; http://www.majestic12.co.uk/bot.php?+)"
85.19.205.124 - - [07/Feb/2013:08:45:17 +0100] "GET /Shop/shop.html HTTP/1.1" 200 59578 "-" "Mozilla/5.0 (compatible; MJ12bot/v1.4.3; http://www.majestic12.co.uk/bot.php?+)"
178.255.215.70 - - [07/Feb/2013:09:19:27 +0100] "GET /robots.txt HTTP/1.1" 404 1256 "-" "Mozilla/5.0 (compatible; Exabot/3.0; +http://www.exabot.com/go/robot)"
178.255.215.70 - - [07/Feb/2013:09:19:27 +0100] "GET /Produkte/Tonerkartuschen/tonerkartuschen.html HTTP/1.1" 200 13203 "-" "Mozilla/5.0 (compatible; Exabot/3.0; +http://www.exabot.com/go/robot)"
178.255.215.70 - - [07/Feb/2013:09:19:30 +0100] "GET /Produkte/Tintenpatronen/tintenpatronen.html HTTP/1.1" 200 15225 "-" "Mozilla/5.0 (compatible; Exabot/3.0; +http://www.exabot.com/go/robot)"
178.255.215.70 - - [07/Feb/2013:09:19:32 +0100] "GET /Produkte/weitere_Produkte/weitere_produkte.html HTTP/1.1" 200 12524 "-" "Mozilla/5.0 (compatible; Exabot/3.0; +http://www.exabot.com/go/robot)"
89.247.134.172 - - [07/Feb/2013:10:12:02 +0100] "GET / HTTP/1.1" 200 12828 "http://plus.url.google.com/url?sa=z&n=1360228283772&url=http%3A%2F%2Fwww.sirius-berlin.de%2F&usg=VCnIcl2GuKPwPVjr5E-nIZWGOB4." "Mozilla/5.0 (Windows NT 5.1; rv:14.0) Gecko/20100101 Firefox/14.0.1"
89.247.134.172 - - [07/Feb/2013:10:12:02 +0100] "GET /rollover.js HTTP/1.1" 200 32709 "http://www.sirius-berlin.de/" "Mozilla/5.0 (Windows NT 5.1; rv:14.0) Gecko/20100101 Firefox/14.0.1"
89.247.134.172 - - [07/Feb/2013:10:12:02 +0100] "GET /Home_Hp3.gif HTTP/1.1" 200 1773 "http://www.sirius-berlin.de/" "Mozilla/5.0 (Windows NT 5.1; rv:14.0) Gecko/20100101 Firefox/14.0.1"
89.247.134.172 - - [07/Feb/2013:10:12:02 +0100] "GET /Sirius-LOGO21.JPG HTTP/1.1" 200 2563 "http://www.sirius-berlin.de/" "Mozilla/5.0 (Windows NT 5.1; rv:14.0) Gecko/20100101 Firefox/14.0.1"
89.247.134.172 - - [07/Feb/2013:10:12:02 +0100] "GET /Produkte_Np1.gif HTTP/1.1" 200 1744 "http://www.sirius-berlin.de/" "Mozilla/5.0 (Windows NT 5.1; rv:14.0) Gecko/20100101 Firefox/14.0.1"
89.247.134.172 - - [07/Feb/2013:10:12:02 +0100] "GET /Feinstaubfilter_Np1.gif HTTP/1.1" 200 1780 "http://www.sirius-berlin.de/" "Mozilla/5.0 (Windows NT 5.1; rv:14.0) Gecko/20100101 Firefox/14.0.1"
89.247.134.172 - - [07/Feb/2013:10:12:02 +0100] "GET /clearpixel.gif HTTP/1.1" 200 43 "http://www.sirius-berlin.de/" "Mozilla/5.0 (Windows NT 5.1; rv:14.0) Gecko/20100101 Firefox/14.0.1"
89.247.134.172 - - [07/Feb/2013:10:12:02 +0100] "GET /Service_Kontakt_Np1.gif HTTP/1.1" 200 1794 "http://www.sirius-berlin.de/" "Mozilla/5.0 (Windows NT 5.1; rv:14.0) Gecko/20100101 Firefox/14.0.1"
89.247.134.172 - - [07/Feb/2013:10:12:02 +0100] "GET /Impressum_Np1.gif HTTP/1.1" 200 1750 "http://www.sirius-berlin.de/" "Mozilla/5.0 (Windows NT 5.1; rv:14.0) Gecko/20100101 Firefox/14.0.1"
89.247.134.172 - - [07/Feb/2013:10:12:02 +0100] "GET /Shop_Np1.gif HTTP/1.1" 200 1699 "http://www.sirius-berlin.de/" "Mozilla/5.0 (Windows NT 5.1; rv:14.0) Gecko/20100101 Firefox/14.0.1"
89.247.134.172 - - [07/Feb/2013:10:12:03 +0100] "GET /Home_NnBanner.gif HTTP/1.1" 200 5803 "http://www.sirius-berlin.de/" "Mozilla/5.0 (Windows NT 5.1; rv:14.0) Gecko/20100101 Firefox/14.0.1"
89.247.134.172 - - [07/Feb/2013:10:12:03 +0100] "GET /BuiltWithNOF.gif HTTP/1.1" 200 2587 "http://www.sirius-berlin.de/" "Mozilla/5.0 (Windows NT 5.1; rv:14.0) Gecko/20100101 Firefox/14.0.1"
89.247.134.172 - - [07/Feb/2013:10:12:03 +0100] "GET /DSC0019902.JPG HTTP/1.1" 200 7772 "http://www.sirius-berlin.de/" "Mozilla/5.0 (Windows NT 5.1; rv:14.0) Gecko/20100101 Firefox/14.0.1"
89.247.134.172 - - [07/Feb/2013:10:12:03 +0100] "GET /Sirius-LOGO1.JPG HTTP/1.1" 200 4357 "http://www.sirius-berlin.de/" "Mozilla/5.0 (Windows NT 5.1; rv:14.0) Gecko/20100101 Firefox/14.0.1"
89.247.134.172 - - [07/Feb/2013:10:12:03 +0100] "GET /Home_HRp4.gif HTTP/1.1" 200 2027 "http://www.sirius-berlin.de/" "Mozilla/5.0 (Windows NT 5.1; rv:14.0) Gecko/20100101 Firefox/14.0.1"
89.247.134.172 - - [07/Feb/2013:10:12:03 +0100] "GET /Produkte_NRp2.gif HTTP/1.1" 200 2001 "http://www.sirius-berlin.de/" "Mozilla/5.0 (Windows NT 5.1; rv:14.0) Gecko/20100101 Firefox/14.0.1"
89.247.134.172 - - [07/Feb/2013:10:12:03 +0100] "GET /Feinstaubfilter_NRp2.gif HTTP/1.1" 200 2034 "http://www.sirius-berlin.de/" "Mozilla/5.0 (Windows NT 5.1; rv:14.0) Gecko/20100101 Firefox/14.0.1"
89.247.134.172 - - [07/Feb/2013:10:12:03 +0100] "GET /Service_Kontakt_NRp2.gif HTTP/1.1" 200 2044 "http://www.sirius-berlin.de/" "Mozilla/5.0 (Windows NT 5.1; rv:14.0) Gecko/20100101 Firefox/14.0.1"
89.247.134.172 - - [07/Feb/2013:10:12:03 +0100] "GET /Impressum_NRp2.gif HTTP/1.1" 200 2011 "http://www.sirius-berlin.de/" "Mozilla/5.0 (Windows NT 5.1; rv:14.0) Gecko/20100101 Firefox/14.0.1"
89.247.134.172 - - [07/Feb/2013:10:12:03 +0100] "GET /Shop_NRp2.gif HTTP/1.1" 200 1954 "http://www.sirius-berlin.de/" "Mozilla/5.0 (Windows NT 5.1; rv:14.0) Gecko/20100101 Firefox/14.0.1"
89.247.134.172 - - [07/Feb/2013:10:12:03 +0100] "GET /background.gif HTTP/1.1" 200 5457 "http://www.sirius-berlin.de/" "Mozilla/5.0 (Windows NT 5.1; rv:14.0) Gecko/20100101 Firefox/14.0.1"
89.247.134.172 - - [07/Feb/2013:10:12:04 +0100] "GET /favicon.ico HTTP/1.1" 404 1256 "-" "Mozilla/5.0 (Windows NT 5.1; rv:14.0) Gecko/20100101 Firefox/14.0.1"
89.247.134.172 - - [07/Feb/2013:10:12:05 +0100] "GET /favicon.ico HTTP/1.1" 404 1256 "-" "Mozilla/5.0 (Windows NT 5.1; rv:14.0) Gecko/20100101 Firefox/14.0.1"
89.247.134.172 - - [07/Feb/2013:10:12:08 +0100] "GET /Impressum/impressum.html HTTP/1.1" 200 11991 "http://www.sirius-berlin.de/" "Mozilla/5.0 (Windows NT 5.1; rv:14.0) Gecko/20100101 Firefox/14.0.1"
89.247.134.172 - - [07/Feb/2013:10:12:08 +0100] "GET /Home_Np1.gif HTTP/1.1" 200 1706 "http://www.sirius-berlin.de/Impressum/impressum.html" "Mozilla/5.0 (Windows NT 5.1; rv:14.0) Gecko/20100101 Firefox/14.0.1"
89.247.134.172 - - [07/Feb/2013:10:12:08 +0100] "GET /Impressum_NnBanner.gif HTTP/1.1" 200 5996 "http://www.sirius-berlin.de/Impressum/impressum.html" "Mozilla/5.0 (Windows NT 5.1; rv:14.0) Gecko/20100101 Firefox/14.0.1"
89.247.134.172 - - [07/Feb/2013:10:12:08 +0100] "GET /Sirius-LOGO102.JPG HTTP/1.1" 200 4357 "http://www.sirius-berlin.de/Impressum/impressum.html" "Mozilla/5.0 (Windows NT 5.1; rv:14.0) Gecko/20100101 Firefox/14.0.1"
89.247.134.172 - - [07/Feb/2013:10:12:08 +0100] "GET /Karte02.JPG HTTP/1.1" 200 14958 "http://www.sirius-berlin.de/Impressum/impressum.html" "Mozilla/5.0 (Windows NT 5.1; rv:14.0) Gecko/20100101 Firefox/14.0.1"
89.247.134.172 - - [07/Feb/2013:10:12:08 +0100] "GET /Impressum_Hp3.gif HTTP/1.1" 200 1876 "http://www.sirius-berlin.de/Impressum/impressum.html" "Mozilla/5.0 (Windows NT 5.1; rv:14.0) Gecko/20100101 Firefox/14.0.1"
89.247.134.172 - - [07/Feb/2013:10:12:08 +0100] "GET /Home_NRp2.gif HTTP/1.1" 200 1965 "http://www.sirius-berlin.de/Impressum/impressum.html" "Mozilla/5.0 (Windows NT 5.1; rv:14.0) Gecko/20100101 Firefox/14.0.1"
89.247.134.172 - - [07/Feb/2013:10:12:08 +0100] "GET /Impressum_HRp4.gif HTTP/1.1" 200 2143 "http://www.sirius-berlin.de/Impressum/impressum.html" "Mozilla/5.0 (Windows NT 5.1; rv:14.0) Gecko/20100101 Firefox/14.0.1"
89.247.134.172 - - [07/Feb/2013:10:12:20 +0100] "GET /index.html HTTP/1.1" 200 12828 "http://www.sirius-berlin.de/Impressum/impressum.html" "Mozilla/5.0 (Windows NT 5.1; rv:14.0) Gecko/20100101 Firefox/14.0.1"
173.199.116.211 - - [07/Feb/2013:11:44:59 +0100] "GET /Shop/Filter/filter_1.html HTTP/1.1" 200 26543 "-" "Mozilla/5.0 (compatible; AhrefsBot/4.0; +http://ahrefs.com/robot/)"
173.199.116.211 - - [07/Feb/2013:12:59:50 +0100] "GET /Produkte/weitere_Produkte/weitere_produkte.html HTTP/1.1" 200 12524 "-" "Mozilla/5.0 (compatible; AhrefsBot/4.0; +http://ahrefs.com/robot/)"
157.55.35.87 - - [07/Feb/2013:13:12:50 +0100] "GET /robots.txt HTTP/1.1" 404 1256 "-" "Mozilla/5.0 (compatible; bingbot/2.0; +http://www.bing.com/bingbot.htm)"
157.55.35.87 - - [07/Feb/2013:13:14:20 +0100] "GET /index.html HTTP/1.1" 200 12828 "-" "Mozilla/5.0 (compatible; bingbot/2.0; +http://www.bing.com/bingbot.htm)"
65.55.215.104 - - [07/Feb/2013:15:48:53 +0100] "GET /robots.txt HTTP/1.1" 404 1256 "-" "msnbot-media/1.1 (+http://search.msn.com/msnbot.htm)"
65.55.215.104 - - [07/Feb/2013:15:48:53 +0100] "GET /thumb_Carrier.jpg HTTP/1.1" 200 12791 "-" "msnbot-media/1.1 (+http://search.msn.com/msnbot.htm)"
65.55.52.87 - - [07/Feb/2013:16:30:09 +0100] "GET /robots.txt HTTP/1.1" 404 1256 "-" "Mozilla/5.0 (compatible; bingbot/2.0; +http://www.bing.com/bingbot.htm)"
65.55.52.87 - - [07/Feb/2013:16:31:51 +0100] "GET / HTTP/1.1" 200 12828 "-" "Mozilla/5.0 (compatible; bingbot/2.0; +http://www.bing.com/bingbot.htm)"
173.199.116.211 - - [07/Feb/2013:17:40:49 +0100] "GET /index.html HTTP/1.1" 200 12828 "-" "Mozilla/5.0 (compatible; AhrefsBot/4.0; +http://ahrefs.com/robot/)"
208.115.113.83 - - [07/Feb/2013:19:11:35 +0100] "GET /robots.txt HTTP/1.1" 404 1256 "-" "Mozilla/5.0 (compatible; Ezooms/1.0; ezooms.bot@gmail.com)"
208.115.113.83 - - [07/Feb/2013:19:27:58 +0100] "GET / HTTP/1.1" 200 12828 "-" "Mozilla/5.0 (compatible; Ezooms/1.0; ezooms.bot@gmail.com)"
173.199.116.211 - - [07/Feb/2013:20:58:39 +0100] "GET /Feinstaubfilter/Dexwet/dexwet.html HTTP/1.1" 200 16100 "-" "Mozilla/5.0 (compatible; AhrefsBot/4.0; +http://ahrefs.com/robot/)"
83.133.125.202 - - [07/Feb/2013:21:13:07 +0100] "GET / HTTP/1.1" 200 12828 "http://www.bigfinder.de/online-11.html" "Mozilla/4.0 (compatible; MSIE 9.0; Windows NT 5.1)"
83.133.125.202 - - [07/Feb/2013:21:13:07 +0100] "GET / HTTP/1.0" 200 12828 "-" "-"
83.133.125.202 - - [07/Feb/2013:21:13:07 +0100] "GET / HTTP/1.0" 200 12828 "-" "-"
173.199.116.211 - - [07/Feb/2013:23:45:40 +0100] "GET /Impressum/impressum.html HTTP/1.1" 200 11991 "-" "Mozilla/5.0 (compatible; AhrefsBot/4.0; +http://ahrefs.com/robot/)"
173.199.116.211 - - [08/Feb/2013:01:20:22 +0100] "GET /Feinstaubfilter/micronair/micronair.html HTTP/1.1" 200 19812 "-" "Mozilla/5.0 (compatible; AhrefsBot/4.0; +http://ahrefs.com/robot/)"
173.199.116.211 - - [08/Feb/2013:01:52:30 +0100] "GET /Service_Kontakt/service_kontakt.html HTTP/1.1" 200 11157 "-" "Mozilla/5.0 (compatible; AhrefsBot/4.0; +http://ahrefs.com/robot/)"
85.214.21.33 - - [08/Feb/2013:09:30:55 +0100] "GET / HTTP/1.0" 200 12828 "-" "-"
85.214.21.33 - - [08/Feb/2013:09:30:55 +0100] "GET / HTTP/1.0" 200 12828 "-" "-"
208.115.111.66 - - [08/Feb/2013:13:03:25 +0100] "GET /robots.txt HTTP/1.1" 404 1256 "-" "Mozilla/5.0 (compatible; Ezooms/1.0; ezooms.bot@gmail.com)"
180.76.6.212 - - [08/Feb/2013:13:25:11 +0100] "GET / HTTP/1.1" 200 12828 "-" "Mozilla/5.0 (compatible; Baiduspider/2.0; +http://www.baidu.com/search/spider.html)"
173.199.116.211 - - [08/Feb/2013:13:28:06 +0100] "GET /Produkte/produkte.html HTTP/1.1" 200 17755 "-" "Mozilla/5.0 (compatible; AhrefsBot/4.0; +http://ahrefs.com/robot/)"
208.115.111.66 - - [08/Feb/2013:15:11:20 +0100] "GET /Produkte/Tonerkartuschen/tonerkartuschen.html HTTP/1.1" 200 13203 "-" "Mozilla/5.0 (compatible; Ezooms/1.0; ezooms.bot@gmail.com)"
208.115.111.66 - - [08/Feb/2013:15:11:23 +0100] "GET /Produkte/produkte.html HTTP/1.1" 200 17755 "-" "Mozilla/5.0 (compatible; Ezooms/1.0; ezooms.bot@gmail.com)"
95.97.231.194 - - [08/Feb/2013:15:32:29 +0100] "GET / HTTP/1.1" 200 12828 "-" "Mozilla/4.0 (compatible; MSIE 7.0; Windows NT 6.1; Trident/5.0; SLCC2; .NET CLR 2.0.50727; .NET CLR 3.5.30729; .NET CLR 3.0.30729; Media Center PC 6.0; .NET4.0C; .NET CLR 1.1.4322)"
95.97.231.194 - - [08/Feb/2013:15:32:29 +0100] "GET /Produkte_Np1.gif HTTP/1.1" 200 1744 "http://www.sirius-berlin.de/" "Mozilla/5.0 (compatible; MSIE 9.0; Windows NT 6.1; Trident/5.0)"
95.97.231.194 - - [08/Feb/2013:15:32:29 +0100] "GET /rollover.js HTTP/1.1" 200 32709 "http://www.sirius-berlin.de/" "Mozilla/5.0 (compatible; MSIE 9.0; Windows NT 6.1; Trident/5.0)"
95.97.231.194 - - [08/Feb/2013:15:32:29 +0100] "GET /BuiltWithNOF.gif HTTP/1.1" 200 2587 "http://www.sirius-berlin.de/" "Mozilla/5.0 (compatible; MSIE 9.0; Windows NT 6.1; Trident/5.0)"
95.97.231.194 - - [08/Feb/2013:15:32:29 +0100] "GET /Service_Kontakt_Np1.gif HTTP/1.1" 200 1794 "http://www.sirius-berlin.de/" "Mozilla/5.0 (compatible; MSIE 9.0; Windows NT 6.1; Trident/5.0)"
