194.153.113.12 - - [28/Jan/2013:05:31:19 +0100] "HEAD /Produkte_Np1.gif HTTP/1.1" 200 - "-" "Mozilla/5.0 (compatible; oBot/2.3.1; +http://www-935.ibm.com/services/us/index.wss/detail/iss/a1029077?cntxt=a1027244)"
194.153.113.12 - - [28/Jan/2013:05:31:19 +0100] "HEAD /Home_Hp3.gif HTTP/1.1" 200 - "-" "Mozilla/5.0 (compatible; oBot/2.3.1; +http://www-935.ibm.com/services/us/index.wss/detail/iss/a1029077?cntxt=a1027244)"
194.153.113.12 - - [28/Jan/2013:05:31:19 +0100] "HEAD /background.gif HTTP/1.1" 200 - "-" "Mozilla/5.0 (compatible; oBot/2.3.1; +http://www-935.ibm.com/services/us/index.wss/detail/iss/a1029077?cntxt=a1027244)"
194.153.113.12 - - [28/Jan/2013:05:31:19 +0100] "HEAD /Home_NnBanner.gif HTTP/1.1" 200 - "-" "Mozilla/5.0 (compatible; oBot/2.3.1; +http://www-935.ibm.com/services/us/index.wss/detail/iss/a1029077?cntxt=a1027244)"
194.153.113.12 - - [28/Jan/2013:05:31:19 +0100] "HEAD /Sirius-LOGO21.JPG HTTP/1.1" 200 - "-" "Mozilla/5.0 (compatible; oBot/2.3.1; +http://www-935.ibm.com/services/us/index.wss/detail/iss/a1029077?cntxt=a1027244)"
194.153.113.12 - - [28/Jan/2013:05:31:19 +0100] "HEAD /dsc0019902.jpg HTTP/1.1" 404 - "-" "Mozilla/5.0 (compatible; oBot/2.3.1; +http://www-935.ibm.com/services/us/index.wss/detail/iss/a1029077?cntxt=a1027244)"
194.153.113.12 - - [28/Jan/2013:05:31:20 +0100] "HEAD /Shop_Np1.gif HTTP/1.1" 200 - "-" "Mozilla/5.0 (compatible; oBot/2.3.1; +http://www-935.ibm.com/services/us/index.wss/detail/iss/a1029077?cntxt=a1027244)"
194.153.113.12 - - [28/Jan/2013:05:31:20 +0100] "HEAD /Sirius-LOGO1.JPG HTTP/1.1" 200 - "-" "Mozilla/5.0 (compatible; oBot/2.3.1; +http://www-935.ibm.com/services/us/index.wss/detail/iss/a1029077?cntxt=a1027244)"
194.153.113.12 - - [28/Jan/2013:05:31:20 +0100] "HEAD /Service_Kontakt_Np1.gif HTTP/1.1" 200 - "-" "Mozilla/5.0 (compatible; oBot/2.3.1; +http://www-935.ibm.com/services/us/index.wss/detail/iss/a1029077?cntxt=a1027244)"
194.153.113.12 - - [28/Jan/2013:05:31:20 +0100] "HEAD /Impressum_Np1.gif HTTP/1.1" 200 - "-" "Mozilla/5.0 (compatible; oBot/2.3.1; +http://www-935.ibm.com/services/us/index.wss/detail/iss/a1029077?cntxt=a1027244)"
194.153.113.12 - - [28/Jan/2013:05:31:21 +0100] "HEAD /BuiltWithNOF.gif HTTP/1.1" 200 - "-" "Mozilla/5.0 (compatible; oBot/2.3.1; +http://www-935.ibm.com/services/us/index.wss/detail/iss/a1029077?cntxt=a1027244)"
188.40.82.78 - - [28/Jan/2013:06:11:18 +0100] "HEAD / HTTP/1.1" 200 - "-" "Mozilla/5.0 (X11; Ubuntu; Linux x86_64; rv:17.0) Gecko/20100101 Firefox/17.0"
188.40.82.78 - - [28/Jan/2013:06:11:18 +0100] "GET / HTTP/1.1" 200 12828 "-" "Mozilla/5.0 (X11; Ubuntu; Linux x86_64; rv:17.0) Gecko/20100101 Firefox/17.0"
206.253.226.22 - - [28/Jan/2013:14:02:49 +0100] "GET /robots.txt HTTP/1.1" 404 1256 "-" "Mozilla/5.0 (compatible; oBot/2.3.1; +http://www-935.ibm.com/services/us/index.wss/detail/iss/a1029077?cntxt=a1027244)"
206.253.226.22 - - [28/Jan/2013:14:02:49 +0100] "HEAD /dsc0019902.jpg HTTP/1.1" 404 - "-" "Mozilla/5.0 (compatible; oBot/2.3.1; +http://www-935.ibm.com/services/us/index.wss/detail/iss/a1029077?cntxt=a1027244)"
65.55.52.87 - - [28/Jan/2013:15:44:03 +0100] "GET /robots.txt HTTP/1.1" 404 1256 "-" "Mozilla/5.0 (compatible; bingbot/2.0; +http://www.bing.com/bingbot.htm)"
65.55.52.87 - - [28/Jan/2013:15:45:57 +0100] "GET / HTTP/1.1" 304 - "-" "Mozilla/5.0 (compatible; bingbot/2.0; +http://www.bing.com/bingbot.htm)"
85.214.21.33 - - [29/Jan/2013:01:22:04 +0100] "GET / HTTP/1.0" 200 12828 "-" "-"
85.214.21.33 - - [29/Jan/2013:01:22:04 +0100] "GET / HTTP/1.0" 200 12828 "-" "-"
93.220.236.17 - - [29/Jan/2013:06:23:00 +0100] "GET / HTTP/1.1" 200 12828 "-" "Mozilla/4.0 (compatible; MSIE 8.0; Windows NT 6.0; .NET CLR 1.0.3705; .NET CLR 1.1.4322; Media Center PC 4.0; .NET CLR 2.0.50727)"
93.220.236.17 - - [29/Jan/2013:06:23:10 +0100] "GET /Impressum/impressum.html HTTP/1.1" 200 11991 "-" "Mozilla/4.0 (compatible; MSIE 8.0; Windows NT 6.0; .NET CLR 1.0.3705; .NET CLR 1.1.4322; Media Center PC 4.0; .NET CLR 2.0.50727)"
208.115.113.83 - - [29/Jan/2013:07:07:35 +0100] "GET /robots.txt HTTP/1.1" 404 1256 "-" "Mozilla/5.0 (compatible; Ezooms/1.0; ezooms.bot@gmail.com)"
208.115.111.66 - - [29/Jan/2013:08:58:23 +0100] "GET /robots.txt HTTP/1.1" 404 1256 "-" "Mozilla/5.0 (compatible; Ezooms/1.0; ezooms.bot@gmail.com)"
208.115.113.83 - - [29/Jan/2013:09:25:20 +0100] "GET /Produkte/weitere_Produkte/weitere_produkte.html HTTP/1.1" 200 12524 "-" "Mozilla/5.0 (compatible; Ezooms/1.0; ezooms.bot@gmail.com)"
65.55.52.87 - - [29/Jan/2013:09:48:49 +0100] "GET /robots.txt HTTP/1.1" 404 1256 "-" "Mozilla/5.0 (compatible; bingbot/2.0; +http://www.bing.com/bingbot.htm)"
65.55.52.87 - - [29/Jan/2013:09:50:50 +0100] "GET / HTTP/1.1" 304 - "-" "Mozilla/5.0 (compatible; bingbot/2.0; +http://www.bing.com/bingbot.htm)"
208.115.111.66 - - [29/Jan/2013:11:07:49 +0100] "GET /index.html HTTP/1.1" 200 12828 "-" "Mozilla/5.0 (compatible; Ezooms/1.0; ezooms.bot@gmail.com)"
5.135.7.253 - - [29/Jan/2013:11:44:43 +0100] "HEAD / HTTP/1.1" 200 - "-" "Mozilla/5.0 (Windows NT 6.1; WOW64; rv:6.0) Gecko/20100101 Firefox/6.0"
5.135.7.253 - - [29/Jan/2013:11:44:43 +0100] "HEAD / HTTP/1.1" 200 - "-" "SEOstats 2.1.0 https://github.com/eyecatchup/SEOstats"
66.249.76.6 - - [29/Jan/2013:11:58:10 +0100] "GET /robots.txt HTTP/1.1" 404 1256 "-" "Mozilla/5.0 (compatible; Googlebot/2.1; +http://www.google.com/bot.html)"
66.249.78.6 - - [29/Jan/2013:11:58:10 +0100] "GET /Impressum/impressum.html HTTP/1.1" 304 - "-" "Mozilla/5.0 (iPhone; U; CPU iPhone OS 4_1 like Mac OS X; en-us) AppleWebKit/532.9 (KHTML, like Gecko) Version/4.0.5 Mobile/8B117 Safari/6531.22.7 (compatible; Googlebot-Mobile/2.1; +http://www.google.com/bot.html)"
141.8.147.1 - - [29/Jan/2013:13:31:50 +0100] "GET /robots.txt HTTP/1.1" 404 1256 "-" "Mozilla/5.0 (compatible; YandexBot/3.0; +http://yandex.com/bots)"
217.117.205.182 - - [29/Jan/2013:14:25:15 +0100] "GET /Feinstaubfilter/micronair/micronair.html HTTP/1.1" 200 19812 "http://www.bing.com/search?q=welcher+drucker+feinstaub&src=ie9tr&adlt=strict&first=9&FORM=PERE" "Mozilla/5.0 (compatible; MSIE 9.0; Windows NT 6.1; Trident/5.0; VdL)"
199.19.249.196 - - [29/Jan/2013:14:25:15 +0100] "GET /Feinstaubfilter/micronair/micronair.html HTTP/1.1" 200 19812 "-" "Mozilla/4.0 (compatible; MSIE 7.0; Windows NT 5.1; InfoPath.1; .NET CLR 2.0.50727; .NET CLR 1.1.4322; MS-RTC LM 8; .NET CLR 3.0.4506.2152; .NET CLR 3.5.30729)"
217.117.205.182 - - [29/Jan/2013:14:25:15 +0100] "GET /rollover.js HTTP/1.1" 200 32709 "http://www.sirius-berlin.de/Feinstaubfilter/micronair/micronair.html" "Mozilla/5.0 (compatible; MSIE 9.0; Windows NT 6.1; Trident/5.0; VdL)"
217.117.205.182 - - [29/Jan/2013:14:25:15 +0100] "GET /clearpixel.gif HTTP/1.1" 200 43 "http://www.sirius-berlin.de/Feinstaubfilter/micronair/micronair.html" "Mozilla/5.0 (compatible; MSIE 9.0; Windows NT 6.1; Trident/5.0; VdL)"
217.117.205.182 - - [29/Jan/2013:14:25:15 +0100] "GET /Sirius-LOGO21.JPG HTTP/1.1" 200 2563 "http://www.sirius-berlin.de/Feinstaubfilter/micronair/micronair.html" "Mozilla/5.0 (compatible; MSIE 9.0; Windows NT 6.1; Trident/5.0; VdL)"
217.117.205.182 - - [29/Jan/2013:14:25:16 +0100] "GET /Home_Np1.gif HTTP/1.1" 200 1706 "http://www.sirius-berlin.de/Feinstaubfilter/micronair/micronair.html" "Mozilla/5.0 (compatible; MSIE 9.0; Windows NT 6.1; Trident/5.0; VdL)"
217.117.205.182 - - [29/Jan/2013:14:25:16 +0100] "GET /BuiltWithNOF.gif HTTP/1.1" 200 2587 "http://www.sirius-berlin.de/Feinstaubfilter/micronair/micronair.html" "Mozilla/5.0 (compatible; MSIE 9.0; Windows NT 6.1; Trident/5.0; VdL)"
217.117.205.182 - - [29/Jan/2013:14:25:16 +0100] "GET /Produkte_Np1.gif HTTP/1.1" 200 1744 "http://www.sirius-berlin.de/Feinstaubfilter/micronair/micronair.html" "Mozilla/5.0 (compatible; MSIE 9.0; Windows NT 6.1; Trident/5.0; VdL)"
217.117.205.182 - - [29/Jan/2013:14:25:16 +0100] "GET /micronair_NnBanner.gif HTTP/1.1" 200 5954 "http://www.sirius-berlin.de/Feinstaubfilter/micronair/micronair.html" "Mozilla/5.0 (compatible; MSIE 9.0; Windows NT 6.1; Trident/5.0; VdL)"
217.117.205.182 - - [29/Jan/2013:14:25:16 +0100] "GET /Dexwet_Ns1.gif HTTP/1.1" 200 1904 "http://www.sirius-berlin.de/Feinstaubfilter/micronair/micronair.html" "Mozilla/5.0 (compatible; MSIE 9.0; Windows NT 6.1; Trident/5.0; VdL)"
217.117.205.182 - - [29/Jan/2013:14:25:16 +0100] "GET /Feinstaubfilter_Hp3.gif HTTP/1.1" 200 1938 "http://www.sirius-berlin.de/Feinstaubfilter/micronair/micronair.html" "Mozilla/5.0 (compatible; MSIE 9.0; Windows NT 6.1; Trident/5.0; VdL)"
217.117.205.182 - - [29/Jan/2013:14:25:16 +0100] "GET /Alle_auf_blau102.jpg HTTP/1.1" 200 6908 "http://www.sirius-berlin.de/Feinstaubfilter/micronair/micronair.html" "Mozilla/5.0 (compatible; MSIE 9.0; Windows NT 6.1; Trident/5.0; VdL)"
217.117.205.182 - - [29/Jan/2013:14:25:16 +0100] "GET /Aufbau1.jpg HTTP/1.1" 200 10250 "http://www.sirius-berlin.de/Feinstaubfilter/micronair/micronair.html" "Mozilla/5.0 (compatible; MSIE 9.0; Windows NT 6.1; Trident/5.0; VdL)"
217.117.205.182 - - [29/Jan/2013:14:25:16 +0100] "GET /Aufbau_Detail1.jpg HTTP/1.1" 200 15510 "http://www.sirius-berlin.de/Feinstaubfilter/micronair/micronair.html" "Mozilla/5.0 (compatible; MSIE 9.0; Windows NT 6.1; Trident/5.0; VdL)"
217.117.205.182 - - [29/Jan/2013:14:25:16 +0100] "GET /Vorher-nachher1.jpg HTTP/1.1" 200 6971 "http://www.sirius-berlin.de/Feinstaubfilter/micronair/micronair.html" "Mozilla/5.0 (compatible; MSIE 9.0; Windows NT 6.1; Trident/5.0; VdL)"
217.117.205.182 - - [29/Jan/2013:14:25:16 +0100] "GET /background.gif HTTP/1.1" 200 5457 "http://www.sirius-berlin.de/Feinstaubfilter/micronair/micronair.html" "Mozilla/5.0 (compatible; MSIE 9.0; Windows NT 6.1; Trident/5.0; VdL)"
217.117.205.182 - - [29/Jan/2013:14:25:16 +0100] "GET /Home_NRp2.gif HTTP/1.1" 200 1965 "http://www.sirius-berlin.de/Feinstaubfilter/micronair/micronair.html" "Mozilla/5.0 (compatible; MSIE 9.0; Windows NT 6.1; Trident/5.0; VdL)"
217.117.205.182 - - [29/Jan/2013:14:25:16 +0100] "GET /Produkte_NRp2.gif HTTP/1.1" 200 2001 "http://www.sirius-berlin.de/Feinstaubfilter/micronair/micronair.html" "Mozilla/5.0 (compatible; MSIE 9.0; Windows NT 6.1; Trident/5.0; VdL)"
217.117.205.182 - - [29/Jan/2013:14:25:16 +0100] "GET /micronair_Hs1.gif HTTP/1.1" 200 1908 "http://www.sirius-berlin.de/Feinstaubfilter/micronair/micronair.html" "Mozilla/5.0 (compatible; MSIE 9.0; Windows NT 6.1; Trident/5.0; VdL)"
217.117.205.182 - - [29/Jan/2013:14:25:16 +0100] "GET /Service_Kontakt_Np1.gif HTTP/1.1" 200 1794 "http://www.sirius-berlin.de/Feinstaubfilter/micronair/micronair.html" "Mozilla/5.0 (compatible; MSIE 9.0; Windows NT 6.1; Trident/5.0; VdL)"
217.117.205.182 - - [29/Jan/2013:14:25:16 +0100] "GET /Impressum_Np1.gif HTTP/1.1" 200 1750 "http://www.sirius-berlin.de/Feinstaubfilter/micronair/micronair.html" "Mozilla/5.0 (compatible; MSIE 9.0; Windows NT 6.1; Trident/5.0; VdL)"
217.117.205.182 - - [29/Jan/2013:14:25:16 +0100] "GET /Feinstaubfilter_HRp4.gif HTTP/1.1" 200 2579 "http://www.sirius-berlin.de/Feinstaubfilter/micronair/micronair.html" "Mozilla/5.0 (compatible; MSIE 9.0; Windows NT 6.1; Trident/5.0; VdL)"
217.117.205.182 - - [29/Jan/2013:14:25:16 +0100] "GET /micronair_HRs4.gif HTTP/1.1" 200 1885 "http://www.sirius-berlin.de/Feinstaubfilter/micronair/micronair.html" "Mozilla/5.0 (compatible; MSIE 9.0; Windows NT 6.1; Trident/5.0; VdL)"
217.117.205.182 - - [29/Jan/2013:14:25:16 +0100] "GET /Service_Kontakt_NRp2.gif HTTP/1.1" 200 2044 "http://www.sirius-berlin.de/Feinstaubfilter/micronair/micronair.html" "Mozilla/5.0 (compatible; MSIE 9.0; Windows NT 6.1; Trident/5.0; VdL)"
217.117.205.182 - - [29/Jan/2013:14:25:16 +0100] "GET /Impressum_NRp2.gif HTTP/1.1" 200 2011 "http://www.sirius-berlin.de/Feinstaubfilter/micronair/micronair.html" "Mozilla/5.0 (compatible; MSIE 9.0; Windows NT 6.1; Trident/5.0; VdL)"
217.117.205.182 - - [29/Jan/2013:14:25:16 +0100] "GET /Dexwet_NRs2.gif HTTP/1.1" 200 1880 "http://www.sirius-berlin.de/Feinstaubfilter/micronair/micronair.html" "Mozilla/5.0 (compatible; MSIE 9.0; Windows NT 6.1; Trident/5.0; VdL)"
217.117.205.182 - - [29/Jan/2013:14:25:16 +0100] "GET /Shop_Np1.gif HTTP/1.1" 200 1699 "http://www.sirius-berlin.de/Feinstaubfilter/micronair/micronair.html" "Mozilla/5.0 (compatible; MSIE 9.0; Windows NT 6.1; Trident/5.0; VdL)"
217.117.205.182 - - [29/Jan/2013:14:25:16 +0100] "GET /Shop_NRp2.gif HTTP/1.1" 200 1954 "http://www.sirius-berlin.de/Feinstaubfilter/micronair/micronair.html" "Mozilla/5.0 (compatible; MSIE 9.0; Windows NT 6.1; Trident/5.0; VdL)"
217.117.205.182 - - [29/Jan/2013:14:25:17 +0100] "GET /favicon.ico HTTP/1.1" 404 1256 "-" "Mozilla/5.0 (compatible; MSIE 9.0; Windows NT 6.1; Trident/5.0; VdL)"
217.117.205.182 - - [29/Jan/2013:14:25:25 +0100] "GET /Produkte/produkte.html HTTP/1.1" 200 17755 "http://www.sirius-berlin.de/Feinstaubfilter/micronair/micronair.html" "Mozilla/5.0 (compatible; MSIE 9.0; Windows NT 6.1; Trident/5.0; VdL)"
199.19.249.196 - - [29/Jan/2013:14:25:25 +0100] "GET /Produkte/produkte.html HTTP/1.1" 200 17755 "-" "Mozilla/4.0 (compatible; MSIE 7.0; Windows NT 5.1; InfoPath.1; .NET CLR 2.0.50727; .NET CLR 1.1.4322; MS-RTC LM 8; .NET CLR 3.0.4506.2152; .NET CLR 3.5.30729)"
217.117.205.182 - - [29/Jan/2013:14:25:25 +0100] "GET /Tintenpatronen_Ns1.gif HTTP/1.1" 200 1954 "http://www.sirius-berlin.de/Produkte/produkte.html" "Mozilla/5.0 (compatible; MSIE 9.0; Windows NT 6.1; Trident/5.0; VdL)"
217.117.205.182 - - [29/Jan/2013:14:25:25 +0100] "GET /Feinstaubfilter_Np1.gif HTTP/1.1" 200 1780 "http://www.sirius-berlin.de/Produkte/produkte.html" "Mozilla/5.0 (compatible; MSIE 9.0; Windows NT 6.1; Trident/5.0; VdL)"
217.117.205.182 - - [29/Jan/2013:14:25:25 +0100] "GET /Tonerkartuschen_Ns1.gif HTTP/1.1" 200 1960 "http://www.sirius-berlin.de/Produkte/produkte.html" "Mozilla/5.0 (compatible; MSIE 9.0; Windows NT 6.1; Trident/5.0; VdL)"
217.117.205.182 - - [29/Jan/2013:14:25:25 +0100] "GET /weitere_Produkte_Ns1.gif HTTP/1.1" 200 1960 "http://www.sirius-berlin.de/Produkte/produkte.html" "Mozilla/5.0 (compatible; MSIE 9.0; Windows NT 6.1; Trident/5.0; VdL)"
217.117.205.182 - - [29/Jan/2013:14:25:25 +0100] "GET /Produkte_Hp3.gif HTTP/1.1" 200 1878 "http://www.sirius-berlin.de/Produkte/produkte.html" "Mozilla/5.0 (compatible; MSIE 9.0; Windows NT 6.1; Trident/5.0; VdL)"
217.117.205.182 - - [29/Jan/2013:14:25:25 +0100] "GET /Tintenpatronen_NRs2.gif HTTP/1.1" 200 1930 "http://www.sirius-berlin.de/Produkte/produkte.html" "Mozilla/5.0 (compatible; MSIE 9.0; Windows NT 6.1; Trident/5.0; VdL)"
217.117.205.182 - - [29/Jan/2013:14:25:25 +0100] "GET /Tonerkartuschen_NRs2.gif HTTP/1.1" 200 1935 "http://www.sirius-berlin.de/Produkte/produkte.html" "Mozilla/5.0 (compatible; MSIE 9.0; Windows NT 6.1; Trident/5.0; VdL)"
217.117.205.182 - - [29/Jan/2013:14:25:25 +0100] "GET /weitere_Produkte_NRs2.gif HTTP/1.1" 200 1935 "http://www.sirius-berlin.de/Produkte/produkte.html" "Mozilla/5.0 (compatible; MSIE 9.0; Windows NT 6.1; Trident/5.0; VdL)"
217.117.205.182 - - [29/Jan/2013:14:25:25 +0100] "GET /Feinstaubfilter_NRp2.gif HTTP/1.1" 200 2034 "http://www.sirius-berlin.de/Produkte/produkte.html" "Mozilla/5.0 (compatible; MSIE 9.0; Windows NT 6.1; Trident/5.0; VdL)"
217.117.205.182 - - [29/Jan/2013:14:25:25 +0100] "GET /Produkte_HRp4.gif HTTP/1.1" 200 2518 "http://www.sirius-berlin.de/Produkte/produkte.html" "Mozilla/5.0 (compatible; MSIE 9.0; Windows NT 6.1; Trident/5.0; VdL)"
217.117.205.182 - - [29/Jan/2013:14:25:25 +0100] "GET /Produkte_NnBanner.gif HTTP/1.1" 200 5997 "http://www.sirius-berlin.de/Produkte/produkte.html" "Mozilla/5.0 (compatible; MSIE 9.0; Windows NT 6.1; Trident/5.0; VdL)"
217.117.205.182 - - [29/Jan/2013:14:25:25 +0100] "GET /Produkte/a_thumb_Multipack02.jpg HTTP/1.1" 200 19266 "http://www.sirius-berlin.de/Produkte/produkte.html" "Mozilla/5.0 (compatible; MSIE 9.0; Windows NT 6.1; Trident/5.0; VdL)"
217.117.205.182 - - [29/Jan/2013:14:25:25 +0100] "GET /DSC00199.JPG HTTP/1.1" 200 7772 "http://www.sirius-berlin.de/Produkte/produkte.html" "Mozilla/5.0 (compatible; MSIE 9.0; Windows NT 6.1; Trident/5.0; VdL)"
217.117.205.182 - - [29/Jan/2013:14:25:25 +0100] "GET /zertifikat04.gif HTTP/1.1" 200 18090 "http://www.sirius-berlin.de/Produkte/produkte.html" "Mozilla/5.0 (compatible; MSIE 9.0; Windows NT 6.1; Trident/5.0; VdL)"
217.117.205.182 - - [29/Jan/2013:14:25:25 +0100] "GET /RAL-UZ-55-FEB-2004_16003.jpg HTTP/1.1" 200 52762 "http://www.sirius-berlin.de/Produkte/produkte.html" "Mozilla/5.0 (compatible; MSIE 9.0; Windows NT 6.1; Trident/5.0; VdL)"
217.117.205.182 - - [29/Jan/2013:14:25:26 +0100] "GET /favicon.ico HTTP/1.1" 404 1256 "-" "Mozilla/5.0 (compatible; MSIE 9.0; Windows NT 6.1; Trident/5.0; VdL)"
217.117.205.182 - - [29/Jan/2013:14:25:32 +0100] "GET /Produkte/Tintenpatronen/tintenpatronen.html HTTP/1.1" 200 15225 "http://www.sirius-berlin.de/Produkte/produkte.html" "Mozilla/5.0 (compatible; MSIE 9.0; Windows NT 6.1; Trident/5.0; VdL)"
199.19.249.196 - - [29/Jan/2013:14:25:32 +0100] "GET /Produkte/Tintenpatronen/tintenpatronen.html HTTP/1.1" 200 15225 "-" "Mozilla/4.0 (compatible; MSIE 7.0; Windows NT 5.1; InfoPath.1; .NET CLR 2.0.50727; .NET CLR 1.1.4322; MS-RTC LM 8; .NET CLR 3.0.4506.2152; .NET CLR 3.5.30729)"
217.117.205.182 - - [29/Jan/2013:14:25:32 +0100] "GET /Tintenpatronen_Hs1.gif HTTP/1.1" 200 1945 "http://www.sirius-berlin.de/Produkte/Tintenpatronen/tintenpatronen.html" "Mozilla/5.0 (compatible; MSIE 9.0; Windows NT 6.1; Trident/5.0; VdL)"
217.117.205.182 - - [29/Jan/2013:14:25:32 +0100] "GET /Tintenpatronen_NnBanner.gif HTTP/1.1" 200 6155 "http://www.sirius-berlin.de/Produkte/Tintenpatronen/tintenpatronen.html" "Mozilla/5.0 (compatible; MSIE 9.0; Windows NT 6.1; Trident/5.0; VdL)"
217.117.205.182 - - [29/Jan/2013:14:25:32 +0100] "GET /thumb_Carrier.jpg HTTP/1.1" 200 12791 "http://www.sirius-berlin.de/Produkte/Tintenpatronen/tintenpatronen.html" "Mozilla/5.0 (compatible; MSIE 9.0; Windows NT 6.1; Trident/5.0; VdL)"
217.117.205.182 - - [29/Jan/2013:14:25:32 +0100] "GET /thumb_Tintentank.jpg HTTP/1.1" 200 12149 "http://www.sirius-berlin.de/Produkte/Tintenpatronen/tintenpatronen.html" "Mozilla/5.0 (compatible; MSIE 9.0; Windows NT 6.1; Trident/5.0; VdL)"
217.117.205.182 - - [29/Jan/2013:14:25:32 +0100] "GET /thumb_H11.jpg HTTP/1.1" 200 18558 "http://www.sirius-berlin.de/Produkte/Tintenpatronen/tintenpatronen.html" "Mozilla/5.0 (compatible; MSIE 9.0; Windows NT 6.1; Trident/5.0; VdL)"
217.117.205.182 - - [29/Jan/2013:14:25:32 +0100] "GET /thumb_Multipack.jpg HTTP/1.1" 200 22923 "http://www.sirius-berlin.de/Produkte/Tintenpatronen/tintenpatronen.html" "Mozilla/5.0 (compatible; MSIE 9.0; Windows NT 6.1; Trident/5.0; VdL)"
217.117.205.182 - - [29/Jan/2013:14:25:32 +0100] "GET /thumb_C35.jpg HTTP/1.1" 200 17851 "http://www.sirius-berlin.de/Produkte/Tintenpatronen/tintenpatronen.html" "Mozilla/5.0 (compatible; MSIE 9.0; Windows NT 6.1; Trident/5.0; VdL)"
217.117.205.182 - - [29/Jan/2013:14:25:32 +0100] "GET /Tintenpatronen_HRs4.gif HTTP/1.1" 200 1922 "http://www.sirius-berlin.de/Produkte/Tintenpatronen/tintenpatronen.html" "Mozilla/5.0 (compatible; MSIE 9.0; Windows NT 6.1; Trident/5.0; VdL)"
141.8.147.1 - - [29/Jan/2013:16:23:09 +0100] "GET / HTTP/1.1" 200 12828 "-" "Mozilla/5.0 (compatible; YandexBot/3.0; +http://yandex.com/bots)"
65.55.52.87 - - [29/Jan/2013:18:45:53 +0100] "GET /robots.txt HTTP/1.1" 404 1256 "-" "Mozilla/5.0 (compatible; bingbot/2.0; +http://www.bing.com/bingbot.htm)"
65.55.52.87 - - [29/Jan/2013:18:48:21 +0100] "GET / HTTP/1.1" 304 - "-" "Mozilla/5.0 (compatible; bingbot/2.0; +http://www.bing.com/bingbot.htm)"
208.115.113.83 - - [29/Jan/2013:19:02:59 +0100] "GET /robots.txt HTTP/1.1" 404 1256 "-" "Mozilla/5.0 (compatible; Ezooms/1.0; ezooms.bot@gmail.com)"
208.115.113.83 - - [29/Jan/2013:21:23:53 +0100] "GET /Shop/shop.html HTTP/1.1" 200 59578 "-" "Mozilla/5.0 (compatible; Ezooms/1.0; ezooms.bot@gmail.com)"
23.20.116.7 - - [29/Jan/2013:22:09:13 +0100] "GET / HTTP/1.0" 200 12828 "http://www.eatree.com" "Mozilla/5.0 (compatible; MSIE 9.0; Windows NT 6.1; Trident/5.0)"
178.77.126.55 - - [29/Jan/2013:23:55:53 +0100] "GET /robots.txt HTTP/1.1" 404 1256 "-" "Mozilla/5.0 (compatible; CareerBot/1.1; +http://www.career-x.de/bot.html)"
178.77.126.55 - - [29/Jan/2013:23:55:53 +0100] "GET / HTTP/1.1" 200 12828 "-" "Mozilla/5.0 (compatible; CareerBot/1.1; +http://www.career-x.de/bot.html)"
87.213.215.2 - - [30/Jan/2013:12:23:57 +0100] "GET / HTTP/1.1" 200 12828 "http://www.google.com/url?sa=D&q=http://www.sirius-berlin.de/&usg=AFQjCNF-1xHsNhTMlQ4iiprrMnVX6ceOsw" "Mozilla/5.0 (Windows NT 6.1) AppleWebKit/537.11 (KHTML, like Gecko) Chrome/23.0.1271.95 Safari/537.11"
87.213.215.2 - - [30/Jan/2013:12:23:57 +0100] "GET /rollover.js HTTP/1.1" 200 32709 "http://www.sirius-berlin.de/" "Mozilla/5.0 (Windows NT 6.1) AppleWebKit/537.11 (KHTML, like Gecko) Chrome/23.0.1271.95 Safari/537.11"
87.213.215.2 - - [30/Jan/2013:12:23:57 +0100] "GET /clearpixel.gif HTTP/1.1" 200 43 "http://www.sirius-berlin.de/" "Mozilla/5.0 (Windows NT 6.1) AppleWebKit/537.11 (KHTML, like Gecko) Chrome/23.0.1271.95 Safari/537.11"
87.213.215.2 - - [30/Jan/2013:12:23:57 +0100] "GET /Sirius-LOGO21.JPG HTTP/1.1" 200 2563 "http://www.sirius-berlin.de/" "Mozilla/5.0 (Windows NT 6.1) AppleWebKit/537.11 (KHTML, like Gecko) Chrome/23.0.1271.95 Safari/537.11"
87.213.215.2 - - [30/Jan/2013:12:23:57 +0100] "GET /Home_Hp3.gif HTTP/1.1" 200 1773 "http://www.sirius-berlin.de/" "Mozilla/5.0 (Windows NT 6.1) AppleWebKit/537.11 (KHTML, like Gecko) Chrome/23.0.1271.95 Safari/537.11"
87.213.215.2 - - [30/Jan/2013:12:23:57 +0100] "GET /Feinstaubfilter_Np1.gif HTTP/1.1" 200 1780 "http://www.sirius-berlin.de/" "Mozilla/5.0 (Windows NT 6.1) AppleWebKit/537.11 (KHTML, like Gecko) Chrome/23.0.1271.95 Safari/537.11"
87.213.215.2 - - [30/Jan/2013:12:23:57 +0100] "GET /Produkte_Np1.gif HTTP/1.1" 200 1744 "http://www.sirius-berlin.de/" "Mozilla/5.0 (Windows NT 6.1) AppleWebKit/537.11 (KHTML, like Gecko) Chrome/23.0.1271.95 Safari/537.11"
87.213.215.2 - - [30/Jan/2013:12:23:57 +0100] "GET /Impressum_Np1.gif HTTP/1.1" 200 1750 "http://www.sirius-berlin.de/" "Mozilla/5.0 (Windows NT 6.1) AppleWebKit/537.11 (KHTML, like Gecko) Chrome/23.0.1271.95 Safari/537.11"
87.213.215.2 - - [30/Jan/2013:12:23:57 +0100] "GET /Shop_Np1.gif HTTP/1.1" 200 1699 "http://www.sirius-berlin.de/" "Mozilla/5.0 (Windows NT 6.1) AppleWebKit/537.11 (KHTML, like Gecko) Chrome/23.0.1271.95 Safari/537.11"
87.213.215.2 - - [30/Jan/2013:12:23:57 +0100] "GET /BuiltWithNOF.gif HTTP/1.1" 200 2587 "http://www.sirius-berlin.de/" "Mozilla/5.0 (Windows NT 6.1) AppleWebKit/537.11 (KHTML, like Gecko) Chrome/23.0.1271.95 Safari/537.11"
87.213.215.2 - - [30/Jan/2013:12:23:57 +0100] "GET /Home_NnBanner.gif HTTP/1.1" 200 5803 "http://www.sirius-berlin.de/" "Mozilla/5.0 (Windows NT 6.1) AppleWebKit/537.11 (KHTML, like Gecko) Chrome/23.0.1271.95 Safari/537.11"
87.213.215.2 - - [30/Jan/2013:12:23:58 +0100] "GET /Sirius-LOGO1.JPG HTTP/1.1" 200 4357 "http://www.sirius-berlin.de/" "Mozilla/5.0 (Windows NT 6.1) AppleWebKit/537.11 (KHTML, like Gecko) Chrome/23.0.1271.95 Safari/537.11"
87.213.215.2 - - [30/Jan/2013:12:23:58 +0100] "GET /DSC0019902.JPG HTTP/1.1" 200 7772 "http://www.sirius-berlin.de/" "Mozilla/5.0 (Windows NT 6.1) AppleWebKit/537.11 (KHTML, like Gecko) Chrome/23.0.1271.95 Safari/537.11"
87.213.215.2 - - [30/Jan/2013:12:23:58 +0100] "GET /background.gif HTTP/1.1" 200 5457 "http://www.sirius-berlin.de/" "Mozilla/5.0 (Windows NT 6.1) AppleWebKit/537.11 (KHTML, like Gecko) Chrome/23.0.1271.95 Safari/537.11"
87.213.215.2 - - [30/Jan/2013:12:23:58 +0100] "GET /Produkte_NRp2.gif HTTP/1.1" 200 2001 "http://www.sirius-berlin.de/" "Mozilla/5.0 (Windows NT 6.1) AppleWebKit/537.11 (KHTML, like Gecko) Chrome/23.0.1271.95 Safari/537.11"
87.213.215.2 - - [30/Jan/2013:12:23:58 +0100] "GET /Impressum_NRp2.gif HTTP/1.1" 200 2011 "http://www.sirius-berlin.de/" "Mozilla/5.0 (Windows NT 6.1) AppleWebKit/537.11 (KHTML, like Gecko) Chrome/23.0.1271.95 Safari/537.11"
87.213.215.2 - - [30/Jan/2013:12:23:58 +0100] "GET /Feinstaubfilter_NRp2.gif HTTP/1.1" 200 2034 "http://www.sirius-berlin.de/" "Mozilla/5.0 (Windows NT 6.1) AppleWebKit/537.11 (KHTML, like Gecko) Chrome/23.0.1271.95 Safari/537.11"
87.213.215.2 - - [30/Jan/2013:12:23:58 +0100] "GET /Shop_NRp2.gif HTTP/1.1" 200 1954 "http://www.sirius-berlin.de/" "Mozilla/5.0 (Windows NT 6.1) AppleWebKit/537.11 (KHTML, like Gecko) Chrome/23.0.1271.95 Safari/537.11"
87.213.215.2 - - [30/Jan/2013:12:23:58 +0100] "GET /Home_HRp4.gif HTTP/1.1" 200 2027 "http://www.sirius-berlin.de/" "Mozilla/5.0 (Windows NT 6.1) AppleWebKit/537.11 (KHTML, like Gecko) Chrome/23.0.1271.95 Safari/537.11"
87.213.215.2 - - [30/Jan/2013:12:23:58 +0100] "GET /Service_Kontakt_Np1.gif HTTP/1.1" 200 1794 "http://www.sirius-berlin.de/" "Mozilla/5.0 (Windows NT 6.1) AppleWebKit/537.11 (KHTML, like Gecko) Chrome/23.0.1271.95 Safari/537.11"
87.213.215.2 - - [30/Jan/2013:12:23:58 +0100] "GET /Service_Kontakt_NRp2.gif HTTP/1.1" 200 2044 "http://www.sirius-berlin.de/" "Mozilla/5.0 (Windows NT 6.1) AppleWebKit/537.11 (KHTML, like Gecko) Chrome/23.0.1271.95 Safari/537.11"
87.213.215.2 - - [30/Jan/2013:12:23:58 +0100] "GET /favicon.ico HTTP/1.1" 404 1256 "-" "Mozilla/5.0 (Windows NT 6.1) AppleWebKit/537.11 (KHTML, like Gecko) Chrome/23.0.1271.95 Safari/537.11"
74.118.192.202 - - [30/Jan/2013:15:11:27 +0100] "GET /robots.txt HTTP/1.0" 404 1256 "-" "Mozilla/5.0 (compatible; MJ12bot/v1.4.3; http://www.majestic12.co.uk/bot.php?+)"
74.118.192.202 - - [30/Jan/2013:15:11:29 +0100] "GET / HTTP/1.0" 200 12828 "-" "Mozilla/5.0 (compatible; MJ12bot/v1.4.3; http://www.majestic12.co.uk/bot.php?+)"
37.140.141.34 - - [30/Jan/2013:15:59:02 +0100] "GET /robots.txt HTTP/1.1" 404 1256 "-" "Mozilla/5.0 (compatible; YandexImages/3.0; +http://yandex.com/bots)"
95.128.200.200 - - [30/Jan/2013:16:09:59 +0100] "GET / HTTP/1.1" 200 12828 "-" "Mozilla/5.0 (Windows; U; MSIE 9.0; WIndows NT 9.0; de-DE))"
95.128.200.200 - - [30/Jan/2013:16:09:59 +0100] "GET /Impressum/impressum.html HTTP/1.1" 200 11991 "-" "Mozilla/5.0 (Windows NT 6.1; rv:12.0) Gecko/20120403211507 Firefox/12.0"
37.140.141.34 - - [30/Jan/2013:21:16:45 +0100] "GET /DSC0019902.JPG HTTP/1.1" 304 - "-" "Mozilla/5.0 (compatible; YandexImages/3.0; +http://yandex.com/bots)"
178.255.215.70 - - [30/Jan/2013:22:53:08 +0100] "GET /robots.txt HTTP/1.1" 404 1256 "-" "Mozilla/5.0 (compatible; Exabot/3.0; +http://www.exabot.com/go/robot)"
178.255.215.70 - - [30/Jan/2013:22:53:08 +0100] "GET / HTTP/1.1" 304 - "-" "Mozilla/5.0 (compatible; Exabot/3.0; +http://www.exabot.com/go/robot)"
173.199.114.235 - - [31/Jan/2013:00:58:21 +0100] "GET / HTTP/1.1" 200 12828 "-" "Mozilla/5.0 (compatible; AhrefsBot/4.0; +http://ahrefs.com/robot/)"
64.125.222.50 - - [31/Jan/2013:01:29:49 +0100] "GET /robots.txt HTTP/1.1" 404 1256 "-" "Mozilla/5.0 (compatible; 008/0.83; http://www.80legs.com/webcrawler.html;) Gecko/2008032620"
31.128.70.9 - - [31/Jan/2013:02:14:17 +0100] "GET / HTTP/1.1" 200 12828 "-" "Mozilla/5.0 (compatible; 008/0.85; http://www.80legs.com/webcrawler.html) Gecko/2008032620"
37.140.141.34 - - [31/Jan/2013:02:23:33 +0100] "GET /Produkte_Np1.gif HTTP/1.1" 304 - "-" "Mozilla/5.0 (compatible; YandexImages/3.0; +http://yandex.com/bots)"
37.113.218.204 - - [31/Jan/2013:02:45:36 +0100] "GET / HTTP/1.1" 200 12828 "-" "Mozilla/5.0 (compatible; 008/0.85; http://www.80legs.com/webcrawler.html) Gecko/2008032620"
64.125.222.50 - - [31/Jan/2013:04:33:21 +0100] "GET /robots.txt HTTP/1.1" 404 1256 "-" "Mozilla/5.0 (compatible; 008/0.83; http://www.80legs.com/webcrawler.html;) Gecko/2008032620"
173.199.114.235 - - [31/Jan/2013:04:37:12 +0100] "GET /Shop/Filter/filter_0.html HTTP/1.1" 200 26544 "-" "Mozilla/5.0 (compatible; AhrefsBot/4.0; +http://ahrefs.com/robot/)"
173.199.114.235 - - [31/Jan/2013:04:51:16 +0100] "GET /Feinstaubfilter/Dexwet/dexwet.html HTTP/1.1" 200 16100 "-" "Mozilla/5.0 (compatible; AhrefsBot/4.0; +http://ahrefs.com/robot/)"
95.140.92.22 - - [31/Jan/2013:05:49:15 +0100] "GET /Feinstaubfilter/feinstaubfilter.html HTTP/1.1" 200 13065 "-" "Mozilla/5.0 (compatible; 008/0.85; http://www.80legs.com/webcrawler.html) Gecko/2008032620"
95.140.92.22 - - [31/Jan/2013:05:49:17 +0100] "GET /Shop/shop.html HTTP/1.1" 200 59578 "-" "Mozilla/5.0 (compatible; 008/0.85; http://www.80legs.com/webcrawler.html) Gecko/2008032620"
173.199.114.235 - - [31/Jan/2013:06:13:25 +0100] "GET /Produkte/weitere_Produkte/weitere_produkte.html HTTP/1.1" 200 12524 "-" "Mozilla/5.0 (compatible; AhrefsBot/4.0; +http://ahrefs.com/robot/)"
27.99.6.127 - - [31/Jan/2013:06:14:28 +0100] "GET /Service_Kontakt/service_kontakt.html HTTP/1.1" 200 11157 "-" "Mozilla/5.0 (compatible; 008/0.85; http://www.80legs.com/webcrawler.html) Gecko/2008032620"
195.54.42.223 - - [31/Jan/2013:06:19:27 +0100] "GET /Impressum/impressum.html HTTP/1.1" 200 11991 "-" "Mozilla/5.0 (compatible; 008/0.85; http://www.80legs.com/webcrawler.html) Gecko/2008032620"
91.226.120.109 - - [31/Jan/2013:06:28:34 +0100] "GET /index.html HTTP/1.1" 200 12828 "-" "Mozilla/5.0 (compatible; 008/0.85; http://www.80legs.com/webcrawler.html) Gecko/2008032620"
176.53.219.129 - - [31/Jan/2013:06:31:07 +0100] "GET /Produkte/produkte.html HTTP/1.1" 200 17755 "-" "Mozilla/5.0 (compatible; 008/0.85; http://www.80legs.com/webcrawler.html) Gecko/2008032620"
78.27.155.128 - - [31/Jan/2013:06:43:20 +0100] "GET /Produkte/produkte.html HTTP/1.1" 200 17755 "-" "Mozilla/5.0 (compatible; 008/0.85; http://www.80legs.com/webcrawler.html) Gecko/2008032620"
37.140.141.34 - - [31/Jan/2013:06:45:35 +0100] "GET /BuiltWithNOF.gif HTTP/1.1" 304 - "-" "Mozilla/5.0 (compatible; YandexImages/3.0; +http://yandex.com/bots)"
176.53.219.129 - - [31/Jan/2013:06:46:14 +0100] "GET /index.html HTTP/1.1" 200 12828 "-" "Mozilla/5.0 (compatible; 008/0.85; http://www.80legs.com/webcrawler.html) Gecko/2008032620"
92.125.213.158 - - [31/Jan/2013:06:53:23 +0100] "GET /Service_Kontakt/service_kontakt.html HTTP/1.1" 200 11157 "-" "Mozilla/5.0 (compatible; 008/0.85; http://www.80legs.com/webcrawler.html) Gecko/2008032620"
87.103.129.232 - - [31/Jan/2013:07:06:16 +0100] "GET /Impressum/impressum.html HTTP/1.1" 200 11991 "-" "Mozilla/5.0 (compatible; 008/0.85; http://www.80legs.com/webcrawler.html) Gecko/2008032620"
66.249.78.6 - - [31/Jan/2013:07:43:30 +0100] "GET /robots.txt HTTP/1.1" 404 1256 "-" "Mozilla/5.0 (compatible; Googlebot/2.1; +http://www.google.com/bot.html)"
66.249.78.6 - - [31/Jan/2013:07:43:31 +0100] "GET /Feinstaubfilter/feinstaubfilter.html HTTP/1.1" 304 - "-" "Mozilla/5.0 (iPhone; U; CPU iPhone OS 4_1 like Mac OS X; en-us) AppleWebKit/532.9 (KHTML, like Gecko) Version/4.0.5 Mobile/8B117 Safari/6531.22.7 (compatible; Googlebot-Mobile/2.1; +http://www.google.com/bot.html)"
173.199.114.235 - - [31/Jan/2013:08:08:18 +0100] "GET /Shop/shop.html HTTP/1.1" 200 59578 "-" "Mozilla/5.0 (compatible; AhrefsBot/4.0; +http://ahrefs.com/robot/)"
64.125.222.50 - - [31/Jan/2013:08:34:44 +0100] "GET /robots.txt HTTP/1.1" 404 1256 "-" "Mozilla/5.0 (compatible; 008/0.83; http://www.80legs.com/webcrawler.html;) Gecko/2008032620"
5.128.36.2 - - [31/Jan/2013:08:59:05 +0100] "GET /Shop/Filter/filter_0.html HTTP/1.1" 200 26544 "-" "Mozilla/5.0 (compatible; 008/0.85; http://www.80legs.com/webcrawler.html) Gecko/2008032620"
173.199.114.235 - - [31/Jan/2013:09:05:34 +0100] "GET /Service_Kontakt/service_kontakt.html HTTP/1.1" 200 11157 "-" "Mozilla/5.0 (compatible; AhrefsBot/4.0; +http://ahrefs.com/robot/)"
188.230.73.156 - - [31/Jan/2013:09:14:03 +0100] "GET /Produkte/weitere_Produkte/weitere_produkte.html HTTP/1.1" 200 12524 "-" "Mozilla/5.0 (compatible; 008/0.85; http://www.80legs.com/webcrawler.html) Gecko/2008032620"
178.162.38.199 - - [31/Jan/2013:09:20:32 +0100] "GET /Produkte/Tintenpatronen/tintenpatronen.html HTTP/1.1" 200 15225 "-" "Mozilla/5.0 (compatible; 008/0.85; http://www.80legs.com/webcrawler.html) Gecko/2008032620"
178.162.38.199 - - [31/Jan/2013:09:28:45 +0100] "GET /Shop/Filter/filter_2.html HTTP/1.1" 200 26547 "-" "Mozilla/5.0 (compatible; 008/0.85; http://www.80legs.com/webcrawler.html) Gecko/2008032620"
173.199.114.235 - - [31/Jan/2013:09:35:24 +0100] "GET /Produkte/produkte.html HTTP/1.1" 200 17755 "-" "Mozilla/5.0 (compatible; AhrefsBot/4.0; +http://ahrefs.com/robot/)"
83.149.46.31 - - [31/Jan/2013:09:36:05 +0100] "GET /Shop/Filter/filter_2.html HTTP/1.1" 200 26547 "-" "Mozilla/5.0 (compatible; 008/0.85; http://www.80legs.com/webcrawler.html) Gecko/2008032620"
92.112.158.13 - - [31/Jan/2013:09:49:27 +0100] "GET /Feinstaubfilter/Dexwet/dexwet.html HTTP/1.1" 200 16100 "-" "Mozilla/5.0 (compatible; 008/0.85; http://www.80legs.com/webcrawler.html) Gecko/2008032620"
92.112.158.13 - - [31/Jan/2013:09:49:28 +0100] "GET /Shop/Filter/filter_2.html HTTP/1.1" 200 26547 "-" "Mozilla/5.0 (compatible; 008/0.85; http://www.80legs.com/webcrawler.html) Gecko/2008032620"
66.249.78.6 - - [31/Jan/2013:10:09:54 +0100] "GET / HTTP/1.1" 200 12828 "-" "Mozilla/5.0 (compatible; Googlebot/2.1; +http://www.google.com/bot.html)"
178.151.22.202 - - [31/Jan/2013:10:19:30 +0100] "GET /Feinstaubfilter/feinstaubfilter.html HTTP/1.1" 200 13065 "-" "Mozilla/5.0 (compatible; 008/0.85; http://www.80legs.com/webcrawler.html) Gecko/2008032620"
178.67.107.231 - - [31/Jan/2013:10:20:48 +0100] "GET /Feinstaubfilter/feinstaubfilter.html HTTP/1.1" 200 13065 "-" "Mozilla/5.0 (compatible; 008/0.85; http://www.80legs.com/webcrawler.html) Gecko/2008032620"
178.151.22.202 - - [31/Jan/2013:10:20:55 +0100] "GET /Feinstaubfilter/feinstaubfilter.html HTTP/1.1" 200 13065 "-" "Mozilla/5.0 (compatible; 008/0.85; http://www.80legs.com/webcrawler.html) Gecko/2008032620"
78.26.128.195 - - [31/Jan/2013:10:23:13 +0100] "GET /Feinstaubfilter/feinstaubfilter.html HTTP/1.1" 200 13065 "-" "Mozilla/5.0 (compatible; 008/0.85; http://www.80legs.com/webcrawler.html) Gecko/2008032620"
87.252.227.84 - - [31/Jan/2013:10:40:40 +0100] "GET /Shop/Filter/filter_1.html HTTP/1.1" 200 26543 "-" "Mozilla/5.0 (compatible; 008/0.85; http://www.80legs.com/webcrawler.html) Gecko/2008032620"
46.229.140.12 - - [31/Jan/2013:10:40:47 +0100] "GET /Shop/Filter/filter_1.html HTTP/1.1" 200 26543 "-" "Mozilla/5.0 (compatible; 008/0.85; http://www.80legs.com/webcrawler.html) Gecko/2008032620"
95.133.38.80 - - [31/Jan/2013:10:54:42 +0100] "GET /Feinstaubfilter/micronair/micronair.html HTTP/1.1" 200 19812 "-" "Mozilla/5.0 (compatible; 008/0.85; http://www.80legs.com/webcrawler.html) Gecko/2008032620"
95.133.38.80 - - [31/Jan/2013:10:54:43 +0100] "GET /Produkte/Tonerkartuschen/tonerkartuschen.html HTTP/1.1" 200 13203 "-" "Mozilla/5.0 (compatible; 008/0.85; http://www.80legs.com/webcrawler.html) Gecko/2008032620"
173.199.114.235 - - [31/Jan/2013:11:51:45 +0100] "GET /Shop/Filter/filter_1.html HTTP/1.1" 200 26543 "-" "Mozilla/5.0 (compatible; AhrefsBot/4.0; +http://ahrefs.com/robot/)"
173.199.114.235 - - [31/Jan/2013:12:54:32 +0100] "GET /index.html HTTP/1.1" 200 12828 "-" "Mozilla/5.0 (compatible; AhrefsBot/4.0; +http://ahrefs.com/robot/)"
37.140.141.34 - - [31/Jan/2013:12:56:26 +0100] "GET /Shop_Np1.gif HTTP/1.1" 304 - "-" "Mozilla/5.0 (compatible; YandexImages/3.0; +http://yandex.com/bots)"
173.199.114.235 - - [31/Jan/2013:13:47:32 +0100] "GET /Shop/Filter/filter_2.html HTTP/1.1" 200 26547 "-" "Mozilla/5.0 (compatible; AhrefsBot/4.0; +http://ahrefs.com/robot/)"
93.228.72.216 - - [31/Jan/2013:16:05:45 +0100] "GET / HTTP/1.1" 200 12828 "-" "Mozilla/4.0 (compatible; MSIE 8.0; Windows NT 6.0; .NET CLR 1.1.4322; .NET CLR 2.0.50110; InfoPath.1)"
93.228.72.216 - - [31/Jan/2013:16:05:50 +0100] "GET /Impressum/impressum.html HTTP/1.1" 200 11991 "-" "Mozilla/4.0 (compatible; MSIE 8.0; Windows NT 6.0; .NET CLR 1.1.4322)"
66.249.78.6 - - [31/Jan/2013:18:16:00 +0100] "GET /Shop/Filter/filter_1.html HTTP/1.1" 200 26543 "-" "Mozilla/5.0 (compatible; Googlebot/2.1; +http://www.google.com/bot.html)"
85.214.212.178 - - [31/Jan/2013:20:44:03 +0100] "GET /Impressum/impressum.html HTTP/1.1" 200 11991 "-" "Mozilla/4.0 (compatible; MSIE 8.0; Windows NT 5.1; Trident/4.0; FunWebProducts; GTB6.4)"
85.214.212.178 - - [31/Jan/2013:20:44:03 +0100] "GET /Service_Kontakt/service_kontakt.html HTTP/1.1" 200 11157 "-" "Mozilla/4.0 (compatible; MSIE 8.0; Windows NT 6.0; Trident/4.0; SLCC1;)"
85.214.212.178 - - [31/Jan/2013:20:44:04 +0100] "GET /Produkte/produkte.html HTTP/1.1" 200 17755 "-" "Mozilla/4.0 (compatible; MSIE 8.0; Windows NT 6.1; de) Opera 11.01"
85.214.212.178 - - [31/Jan/2013:20:44:04 +0100] "GET / HTTP/1.1" 200 12828 "-" "Mozilla/4.0 (compatible; MSIE 8.0; Windows NT 5.1; Trident/4.0; SV1)"
85.214.212.178 - - [31/Jan/2013:20:44:06 +0100] "GET /Impressum/impressum.html HTTP/1.1" 200 11991 "-" "Mozilla/5.0 (Windows NT 6.0; WOW64) AppleWebKit/535.19 (KHTML, like Gecko) Chrome/18.0.1025.45 Safari/535.19"
85.214.212.178 - - [31/Jan/2013:20:44:10 +0100] "GET /Service_Kontakt/service_kontakt.html HTTP/1.1" 200 11157 "-" "Mozilla/5.0 (Windows NT 6.2; WOW64) AppleWebKit/537.1 (KHTML, like Gecko) Chrome/19.77.34.5 Safari/537.1"
85.214.212.178 - - [31/Jan/2013:20:44:14 +0100] "GET /Produkte/produkte.html HTTP/1.1" 200 17755 "-" "Mozilla/4.0 (compatible; MSIE 8.0; Windows NT 5.1; Trident/4.0; GTB6; chromeframe; .NET CLR 2.0.50727; InfoPath.1)"
131.253.38.102 - - [31/Jan/2013:22:41:58 +0100] "GET /robots.txt HTTP/1.1" 404 1256 "-" "msnbot-media/1.1 (+http://search.msn.com/msnbot.htm)"
131.253.38.102 - - [31/Jan/2013:22:41:59 +0100] "GET /NavLeft.gif HTTP/1.1" 200 284 "-" "msnbot-media/1.1 (+http://search.msn.com/msnbot.htm)"
65.55.215.96 - - [31/Jan/2013:22:43:16 +0100] "GET /robots.txt HTTP/1.1" 404 1256 "-" "msnbot-media/1.1 (+http://search.msn.com/msnbot.htm)"
65.55.215.96 - - [31/Jan/2013:22:43:16 +0100] "GET /Filter_Hs1.gif HTTP/1.1" 200 1891 "-" "msnbot-media/1.1 (+http://search.msn.com/msnbot.htm)"