91.32.64.105 - - [18/Oct/2012:22:28:09 +0200] "GET /Feinstaubfilter_Np1.gif HTTP/1.1" 200 1780 "http://www.sirius-berlin.de/" "Mozilla/5.0 (Windows NT 5.1; rv:12.0) Gecko/20100101 Firefox/12.0"
91.32.64.105 - - [18/Oct/2012:22:28:09 +0200] "GET /Service_Kontakt_Np1.gif HTTP/1.1" 200 1794 "http://www.sirius-berlin.de/" "Mozilla/5.0 (Windows NT 5.1; rv:12.0) Gecko/20100101 Firefox/12.0"
91.32.64.105 - - [18/Oct/2012:22:28:09 +0200] "GET /Impressum_Np1.gif HTTP/1.1" 200 1750 "http://www.sirius-berlin.de/" "Mozilla/5.0 (Windows NT 5.1; rv:12.0) Gecko/20100101 Firefox/12.0"
91.32.64.105 - - [18/Oct/2012:22:28:09 +0200] "GET /Shop_Np1.gif HTTP/1.1" 200 1699 "http://www.sirius-berlin.de/" "Mozilla/5.0 (Windows NT 5.1; rv:12.0) Gecko/20100101 Firefox/12.0"
91.32.64.105 - - [18/Oct/2012:22:28:09 +0200] "GET /BuiltWithNOF.gif HTTP/1.1" 200 2587 "http://www.sirius-berlin.de/" "Mozilla/5.0 (Windows NT 5.1; rv:12.0) Gecko/20100101 Firefox/12.0"
91.32.64.105 - - [18/Oct/2012:22:28:09 +0200] "GET /Home_NnBanner.gif HTTP/1.1" 200 5803 "http://www.sirius-berlin.de/" "Mozilla/5.0 (Windows NT 5.1; rv:12.0) Gecko/20100101 Firefox/12.0"
91.32.64.105 - - [18/Oct/2012:22:28:09 +0200] "GET /Sirius-LOGO1.JPG HTTP/1.1" 200 4357 "http://www.sirius-berlin.de/" "Mozilla/5.0 (Windows NT 5.1; rv:12.0) Gecko/20100101 Firefox/12.0"
91.32.64.105 - - [18/Oct/2012:22:28:09 +0200] "GET /DSC0019902.JPG HTTP/1.1" 200 7772 "http://www.sirius-berlin.de/" "Mozilla/5.0 (Windows NT 5.1; rv:12.0) Gecko/20100101 Firefox/12.0"
91.32.64.105 - - [18/Oct/2012:22:28:09 +0200] "GET /rollover.js HTTP/1.1" 200 32709 "http://www.sirius-berlin.de/" "Mozilla/5.0 (Windows NT 5.1; rv:12.0) Gecko/20100101 Firefox/12.0"
91.32.64.105 - - [18/Oct/2012:22:28:09 +0200] "GET /Home_HRp4.gif HTTP/1.1" 200 2027 "http://www.sirius-berlin.de/" "Mozilla/5.0 (Windows NT 5.1; rv:12.0) Gecko/20100101 Firefox/12.0"
91.32.64.105 - - [18/Oct/2012:22:28:09 +0200] "GET /Produkte_NRp2.gif HTTP/1.1" 200 2001 "http://www.sirius-berlin.de/" "Mozilla/5.0 (Windows NT 5.1; rv:12.0) Gecko/20100101 Firefox/12.0"
91.32.64.105 - - [18/Oct/2012:22:28:09 +0200] "GET /Feinstaubfilter_NRp2.gif HTTP/1.1" 200 2034 "http://www.sirius-berlin.de/" "Mozilla/5.0 (Windows NT 5.1; rv:12.0) Gecko/20100101 Firefox/12.0"
91.32.64.105 - - [18/Oct/2012:22:28:09 +0200] "GET /Service_Kontakt_NRp2.gif HTTP/1.1" 200 2044 "http://www.sirius-berlin.de/" "Mozilla/5.0 (Windows NT 5.1; rv:12.0) Gecko/20100101 Firefox/12.0"
91.32.64.105 - - [18/Oct/2012:22:28:09 +0200] "GET /Impressum_NRp2.gif HTTP/1.1" 200 2011 "http://www.sirius-berlin.de/" "Mozilla/5.0 (Windows NT 5.1; rv:12.0) Gecko/20100101 Firefox/12.0"
91.32.64.105 - - [18/Oct/2012:22:28:09 +0200] "GET /Shop_NRp2.gif HTTP/1.1" 200 1954 "http://www.sirius-berlin.de/" "Mozilla/5.0 (Windows NT 5.1; rv:12.0) Gecko/20100101 Firefox/12.0"
91.32.64.105 - - [18/Oct/2012:22:28:09 +0200] "GET /background.gif HTTP/1.1" 200 5457 "http://www.sirius-berlin.de/" "Mozilla/5.0 (Windows NT 5.1; rv:12.0) Gecko/20100101 Firefox/12.0"
91.32.64.105 - - [18/Oct/2012:22:28:10 +0200] "GET /favicon.ico HTTP/1.1" 404 1256 "-" "Mozilla/5.0 (Windows NT 5.1; rv:12.0) Gecko/20100101 Firefox/12.0"
91.32.64.105 - - [18/Oct/2012:22:28:11 +0200] "GET /favicon.ico HTTP/1.1" 404 1256 "-" "Mozilla/5.0 (Windows NT 5.1; rv:12.0) Gecko/20100101 Firefox/12.0"
91.32.64.105 - - [18/Oct/2012:22:28:21 +0200] "GET /Impressum/impressum.html HTTP/1.1" 200 11991 "http://www.sirius-berlin.de/" "Mozilla/5.0 (Windows NT 5.1; rv:12.0) Gecko/20100101 Firefox/12.0"
91.32.64.105 - - [18/Oct/2012:22:28:21 +0200] "GET /Home_Np1.gif HTTP/1.1" 200 1706 "http://www.sirius-berlin.de/Impressum/impressum.html" "Mozilla/5.0 (Windows NT 5.1; rv:12.0) Gecko/20100101 Firefox/12.0"
91.32.64.105 - - [18/Oct/2012:22:28:21 +0200] "GET /Impressum_Hp3.gif HTTP/1.1" 200 1876 "http://www.sirius-berlin.de/Impressum/impressum.html" "Mozilla/5.0 (Windows NT 5.1; rv:12.0) Gecko/20100101 Firefox/12.0"
91.32.64.105 - - [18/Oct/2012:22:28:21 +0200] "GET /Impressum_NnBanner.gif HTTP/1.1" 200 5996 "http://www.sirius-berlin.de/Impressum/impressum.html" "Mozilla/5.0 (Windows NT 5.1; rv:12.0) Gecko/20100101 Firefox/12.0"
91.32.64.105 - - [18/Oct/2012:22:28:21 +0200] "GET /Sirius-LOGO102.JPG HTTP/1.1" 200 4357 "http://www.sirius-berlin.de/Impressum/impressum.html" "Mozilla/5.0 (Windows NT 5.1; rv:12.0) Gecko/20100101 Firefox/12.0"
91.32.64.105 - - [18/Oct/2012:22:28:21 +0200] "GET /Karte02.JPG HTTP/1.1" 200 14958 "http://www.sirius-berlin.de/Impressum/impressum.html" "Mozilla/5.0 (Windows NT 5.1; rv:12.0) Gecko/20100101 Firefox/12.0"
91.32.64.105 - - [18/Oct/2012:22:28:21 +0200] "GET /Home_NRp2.gif HTTP/1.1" 200 1965 "http://www.sirius-berlin.de/Impressum/impressum.html" "Mozilla/5.0 (Windows NT 5.1; rv:12.0) Gecko/20100101 Firefox/12.0"
91.32.64.105 - - [18/Oct/2012:22:28:21 +0200] "GET /Impressum_HRp4.gif HTTP/1.1" 200 2143 "http://www.sirius-berlin.de/Impressum/impressum.html" "Mozilla/5.0 (Windows NT 5.1; rv:12.0) Gecko/20100101 Firefox/12.0"
157.55.32.81 - - [18/Oct/2012:23:56:01 +0200] "GET /robots.txt HTTP/1.1" 404 1256 "-" "Mozilla/5.0 (compatible; bingbot/2.0; +http://www.bing.com/bingbot.htm)"
157.55.32.81 - - [18/Oct/2012:23:56:53 +0200] "GET /Produkte/Tonerkartuschen/tonerkartuschen.html HTTP/1.1" 200 13203 "-" "Mozilla/5.0 (compatible; bingbot/2.0; +http://www.bing.com/bingbot.htm)"
95.108.151.244 - - [19/Oct/2012:05:29:34 +0200] "GET /robots.txt HTTP/1.1" 404 1256 "-" "Mozilla/5.0 (compatible; YandexBot/3.0; +http://yandex.com/bots)"
95.108.151.244 - - [19/Oct/2012:05:29:35 +0200] "GET / HTTP/1.1" 200 12828 "-" "Mozilla/5.0 (compatible; YandexBot/3.0; +http://yandex.com/bots)"
95.108.151.244 - - [19/Oct/2012:05:29:36 +0200] "GET / HTTP/1.1" 200 12828 "-" "Mozilla/5.0 (compatible; YandexBot/3.0; +http://yandex.com/bots)"
178.77.126.55 - - [19/Oct/2012:07:06:09 +0200] "GET /robots.txt HTTP/1.1" 404 1256 "-" "Mozilla/5.0 (compatible; CareerBot/1.1; +http://www.career-x.de/bot.html)"
178.77.126.55 - - [19/Oct/2012:07:06:09 +0200] "GET / HTTP/1.1" 200 12828 "-" "Mozilla/5.0 (compatible; CareerBot/1.1; +http://www.career-x.de/bot.html)"
66.249.76.6 - - [19/Oct/2012:07:39:39 +0200] "GET /robots.txt HTTP/1.1" 404 1256 "-" "Mozilla/5.0 (compatible; Googlebot/2.1; +http://www.google.com/bot.html)"
66.249.76.6 - - [19/Oct/2012:07:39:39 +0200] "GET / HTTP/1.1" 200 12828 "-" "Mozilla/5.0 (compatible; Googlebot/2.1; +http://www.google.com/bot.html)"
66.249.76.6 - - [19/Oct/2012:07:49:40 +0200] "GET /Home_HRp4.gif HTTP/1.1" 200 2027 "-" "Mozilla/5.0 (compatible; Googlebot/2.1; +http://www.google.com/bot.html)"
66.249.76.6 - - [19/Oct/2012:07:49:40 +0200] "GET /Home_Hp3.gif HTTP/1.1" 200 1773 "-" "Mozilla/5.0 (compatible; Googlebot/2.1; +http://www.google.com/bot.html)"
66.249.76.6 - - [19/Oct/2012:07:49:41 +0200] "GET /DSC0019902.JPG HTTP/1.1" 200 7772 "-" "Mozilla/5.0 (compatible; Googlebot/2.1; +http://www.google.com/bot.html)"
66.249.76.6 - - [19/Oct/2012:07:49:41 +0200] "GET /Sirius-LOGO1.JPG HTTP/1.1" 200 4357 "-" "Mozilla/5.0 (compatible; Googlebot/2.1; +http://www.google.com/bot.html)"
66.249.76.6 - - [19/Oct/2012:07:49:42 +0200] "GET /Home_NnBanner.gif HTTP/1.1" 200 5803 "-" "Mozilla/5.0 (compatible; Googlebot/2.1; +http://www.google.com/bot.html)"
66.249.76.6 - - [19/Oct/2012:09:47:14 +0200] "GET /index.html HTTP/1.1" 304 - "-" "Mozilla/5.0 (compatible; Googlebot/2.1; +http://www.google.com/bot.html)"
93.228.69.71 - - [19/Oct/2012:15:41:02 +0200] "GET / HTTP/1.1" 200 12828 "-" "Mozilla/4.0 (compatible; MSIE 8.0; Windows NT 6.0; .NET CLR 1.1.4322; .NET CLR 2.0.50727)"
93.228.69.71 - - [19/Oct/2012:15:41:09 +0200] "GET /Impressum/impressum.html HTTP/1.1" 200 11991 "-" "Mozilla/4.0 (compatible; MSIE 8.0; Windows NT 6.0; .NET CLR 1.1.4322)"
66.249.76.6 - - [19/Oct/2012:16:55:32 +0200] "GET /robots.txt HTTP/1.1" 404 1256 "-" "Mozilla/5.0 (compatible; Googlebot/2.1; +http://www.google.com/bot.html)"
66.249.76.6 - - [19/Oct/2012:16:55:32 +0200] "GET /Produkte/produkte.html HTTP/1.1" 200 17755 "-" "Mozilla/5.0 (iPhone; U; CPU iPhone OS 4_1 like Mac OS X; en-us) AppleWebKit/532.9 (KHTML, like Gecko) Version/4.0.5 Mobile/8B117 Safari/6531.22.7 (compatible; Googlebot-Mobile/2.1; +http://www.google.com/bot.html)"
188.103.26.220 - - [19/Oct/2012:18:10:40 +0200] "GET / HTTP/1.1" 200 12828 "http://www.google.de/url?sa=t&rct=j&q=&esrc=s&source=web&cd=6&sqi=2&ved=0CEcQFjAF&url=http%3A%2F%2Fwww.sirius-berlin.de%2F&ei=EXuBUJGWIbGM4gSC_oDwAw&usg=AFQjCNGPtAUXJumSlzcucuvDG92yo-pnyg&sig2=dXTlJBFsbgBWZCP9AJ5qsw" "Mozilla/5.0 (Macintosh; Intel Mac OS X 10.8; rv:16.0) Gecko/20100101 Firefox/16.0"
188.103.26.220 - - [19/Oct/2012:18:10:40 +0200] "GET /rollover.js HTTP/1.1" 200 32709 "http://www.sirius-berlin.de/" "Mozilla/5.0 (Macintosh; Intel Mac OS X 10.8; rv:16.0) Gecko/20100101 Firefox/16.0"
188.103.26.220 - - [19/Oct/2012:18:10:40 +0200] "GET /Sirius-LOGO21.JPG HTTP/1.1" 200 2563 "http://www.sirius-berlin.de/" "Mozilla/5.0 (Macintosh; Intel Mac OS X 10.8; rv:16.0) Gecko/20100101 Firefox/16.0"
188.103.26.220 - - [19/Oct/2012:18:10:40 +0200] "GET /clearpixel.gif HTTP/1.1" 200 43 "http://www.sirius-berlin.de/" "Mozilla/5.0 (Macintosh; Intel Mac OS X 10.8; rv:16.0) Gecko/20100101 Firefox/16.0"
188.103.26.220 - - [19/Oct/2012:18:10:40 +0200] "GET /Home_Hp3.gif HTTP/1.1" 200 1773 "http://www.sirius-berlin.de/" "Mozilla/5.0 (Macintosh; Intel Mac OS X 10.8; rv:16.0) Gecko/20100101 Firefox/16.0"
188.103.26.220 - - [19/Oct/2012:18:10:40 +0200] "GET /Produkte_Np1.gif HTTP/1.1" 200 1744 "http://www.sirius-berlin.de/" "Mozilla/5.0 (Macintosh; Intel Mac OS X 10.8; rv:16.0) Gecko/20100101 Firefox/16.0"
188.103.26.220 - - [19/Oct/2012:18:10:40 +0200] "GET /Feinstaubfilter_Np1.gif HTTP/1.1" 200 1780 "http://www.sirius-berlin.de/" "Mozilla/5.0 (Macintosh; Intel Mac OS X 10.8; rv:16.0) Gecko/20100101 Firefox/16.0"
188.103.26.220 - - [19/Oct/2012:18:10:40 +0200] "GET /Shop_Np1.gif HTTP/1.1" 200 1699 "http://www.sirius-berlin.de/" "Mozilla/5.0 (Macintosh; Intel Mac OS X 10.8; rv:16.0) Gecko/20100101 Firefox/16.0"
188.103.26.220 - - [19/Oct/2012:18:10:40 +0200] "GET /BuiltWithNOF.gif HTTP/1.1" 200 2587 "http://www.sirius-berlin.de/" "Mozilla/5.0 (Macintosh; Intel Mac OS X 10.8; rv:16.0) Gecko/20100101 Firefox/16.0"
188.103.26.220 - - [19/Oct/2012:18:10:40 +0200] "GET /Impressum_Np1.gif HTTP/1.1" 200 1750 "http://www.sirius-berlin.de/" "Mozilla/5.0 (Macintosh; Intel Mac OS X 10.8; rv:16.0) Gecko/20100101 Firefox/16.0"
188.103.26.220 - - [19/Oct/2012:18:10:40 +0200] "GET /Service_Kontakt_Np1.gif HTTP/1.1" 200 1794 "http://www.sirius-berlin.de/" "Mozilla/5.0 (Macintosh; Intel Mac OS X 10.8; rv:16.0) Gecko/20100101 Firefox/16.0"
188.103.26.220 - - [19/Oct/2012:18:10:40 +0200] "GET /Home_NnBanner.gif HTTP/1.1" 200 5803 "http://www.sirius-berlin.de/" "Mozilla/5.0 (Macintosh; Intel Mac OS X 10.8; rv:16.0) Gecko/20100101 Firefox/16.0"
188.103.26.220 - - [19/Oct/2012:18:10:40 +0200] "GET /Sirius-LOGO1.JPG HTTP/1.1" 200 4357 "http://www.sirius-berlin.de/" "Mozilla/5.0 (Macintosh; Intel Mac OS X 10.8; rv:16.0) Gecko/20100101 Firefox/16.0"
188.103.26.220 - - [19/Oct/2012:18:10:40 +0200] "GET /DSC0019902.JPG HTTP/1.1" 200 7772 "http://www.sirius-berlin.de/" "Mozilla/5.0 (Macintosh; Intel Mac OS X 10.8; rv:16.0) Gecko/20100101 Firefox/16.0"
188.103.26.220 - - [19/Oct/2012:18:10:40 +0200] "GET /Home_HRp4.gif HTTP/1.1" 200 2027 "http://www.sirius-berlin.de/" "Mozilla/5.0 (Macintosh; Intel Mac OS X 10.8; rv:16.0) Gecko/20100101 Firefox/16.0"
188.103.26.220 - - [19/Oct/2012:18:10:40 +0200] "GET /Produkte_NRp2.gif HTTP/1.1" 200 2001 "http://www.sirius-berlin.de/" "Mozilla/5.0 (Macintosh; Intel Mac OS X 10.8; rv:16.0) Gecko/20100101 Firefox/16.0"
188.103.26.220 - - [19/Oct/2012:18:10:40 +0200] "GET /Feinstaubfilter_NRp2.gif HTTP/1.1" 200 2034 "http://www.sirius-berlin.de/" "Mozilla/5.0 (Macintosh; Intel Mac OS X 10.8; rv:16.0) Gecko/20100101 Firefox/16.0"
188.103.26.220 - - [19/Oct/2012:18:10:40 +0200] "GET /Service_Kontakt_NRp2.gif HTTP/1.1" 200 2044 "http://www.sirius-berlin.de/" "Mozilla/5.0 (Macintosh; Intel Mac OS X 10.8; rv:16.0) Gecko/20100101 Firefox/16.0"
188.103.26.220 - - [19/Oct/2012:18:10:40 +0200] "GET /Impressum_NRp2.gif HTTP/1.1" 200 2011 "http://www.sirius-berlin.de/" "Mozilla/5.0 (Macintosh; Intel Mac OS X 10.8; rv:16.0) Gecko/20100101 Firefox/16.0"
188.103.26.220 - - [19/Oct/2012:18:10:40 +0200] "GET /background.gif HTTP/1.1" 200 5457 "http://www.sirius-berlin.de/" "Mozilla/5.0 (Macintosh; Intel Mac OS X 10.8; rv:16.0) Gecko/20100101 Firefox/16.0"
188.103.26.220 - - [19/Oct/2012:18:10:40 +0200] "GET /Shop_NRp2.gif HTTP/1.1" 200 1954 "http://www.sirius-berlin.de/" "Mozilla/5.0 (Macintosh; Intel Mac OS X 10.8; rv:16.0) Gecko/20100101 Firefox/16.0"
188.103.26.220 - - [19/Oct/2012:18:10:41 +0200] "GET /favicon.ico HTTP/1.1" 404 1256 "-" "Mozilla/5.0 (Macintosh; Intel Mac OS X 10.8; rv:16.0) Gecko/20100101 Firefox/16.0"
208.115.113.83 - - [19/Oct/2012:20:11:59 +0200] "GET /robots.txt HTTP/1.1" 404 1256 "-" "Mozilla/5.0 (compatible; Ezooms/1.0; ezooms.bot@gmail.com)"
178.154.179.250 - - [19/Oct/2012:22:18:03 +0200] "GET /robots.txt HTTP/1.1" 404 1256 "-" "Mozilla/5.0 (compatible; YandexBot/3.0; +http://yandex.com/bots)"
208.115.113.83 - - [19/Oct/2012:22:43:38 +0200] "GET /Service_Kontakt/service_kontakt.html HTTP/1.1" 200 11157 "-" "Mozilla/5.0 (compatible; Ezooms/1.0; ezooms.bot@gmail.com)"
178.154.179.250 - - [20/Oct/2012:02:00:18 +0200] "GET /Feinstaubfilter/Dexwet/dexwet.html HTTP/1.1" 304 - "-" "Mozilla/5.0 (compatible; YandexBot/3.0; +http://yandex.com/bots)"
178.154.179.250 - - [20/Oct/2012:07:50:09 +0200] "GET /Shop/Filter/filter_1.html HTTP/1.1" 304 - "-" "Mozilla/5.0 (compatible; YandexBot/3.0; +http://yandex.com/bots)"
157.55.35.53 - - [20/Oct/2012:12:15:55 +0200] "GET /robots.txt HTTP/1.1" 404 1256 "-" "Mozilla/5.0 (compatible; bingbot/2.0; +http://www.bing.com/bingbot.htm)"
157.55.35.53 - - [20/Oct/2012:12:22:16 +0200] "GET / HTTP/1.1" 304 - "-" "Mozilla/5.0 (compatible; bingbot/2.0; +http://www.bing.com/bingbot.htm)"
85.13.131.53 - - [20/Oct/2012:13:33:06 +0200] "GET / HTTP/1.0" 200 12828 "-" "-"
85.13.131.53 - - [20/Oct/2012:13:33:06 +0200] "GET / HTTP/1.0" 200 12828 "-" "-"
66.249.76.6 - - [20/Oct/2012:13:51:53 +0200] "GET /robots.txt HTTP/1.1" 404 1256 "-" "Mozilla/5.0 (compatible; Googlebot/2.1; +http://www.google.com/bot.html)"
66.249.76.6 - - [20/Oct/2012:13:51:53 +0200] "GET /Service_Kontakt/service_kontakt.html HTTP/1.1" 200 11157 "-" "Mozilla/5.0 (iPhone; U; CPU iPhone OS 4_1 like Mac OS X; en-us) AppleWebKit/532.9 (KHTML, like Gecko) Version/4.0.5 Mobile/8B117 Safari/6531.22.7 (compatible; Googlebot-Mobile/2.1; +http://www.google.com/bot.html)"
66.249.76.6 - - [20/Oct/2012:13:57:28 +0200] "GET /Service_Kontakt_NnBanner.gif HTTP/1.1" 200 6313 "-" "Mozilla/5.0 (compatible; Googlebot/2.1; +http://www.google.com/bot.html)"
66.249.76.6 - - [20/Oct/2012:13:57:29 +0200] "GET /Service_Kontakt_HRp4.gif HTTP/1.1" 200 2700 "-" "Mozilla/5.0 (compatible; Googlebot/2.1; +http://www.google.com/bot.html)"
66.249.76.6 - - [20/Oct/2012:13:57:29 +0200] "GET /Service_Kontakt_Hp3.gif HTTP/1.1" 200 2451 "-" "Mozilla/5.0 (compatible; Googlebot/2.1; +http://www.google.com/bot.html)"
157.55.32.154 - - [20/Oct/2012:14:19:32 +0200] "GET /robots.txt HTTP/1.1" 404 1256 "-" "Mozilla/5.0 (compatible; bingbot/2.0; +http://www.bing.com/bingbot.htm)"
157.55.32.154 - - [20/Oct/2012:14:26:05 +0200] "GET /index.html HTTP/1.1" 304 - "-" "Mozilla/5.0 (compatible; bingbot/2.0; +http://www.bing.com/bingbot.htm)"
37.140.141.34 - - [20/Oct/2012:18:25:30 +0200] "GET /robots.txt HTTP/1.1" 404 1256 "-" "Mozilla/5.0 (compatible; YandexImages/3.0; +http://yandex.com/bots)"
37.140.141.34 - - [20/Oct/2012:21:06:37 +0200] "GET /Home_Hp3.gif HTTP/1.1" 200 1773 "-" "Mozilla/5.0 (compatible; YandexImages/3.0; +http://yandex.com/bots)"
37.140.141.34 - - [20/Oct/2012:23:49:56 +0200] "GET /Feinstaubfilter_Np1.gif HTTP/1.1" 200 1780 "-" "Mozilla/5.0 (compatible; YandexImages/3.0; +http://yandex.com/bots)"
178.154.179.250 - - [21/Oct/2012:00:08:18 +0200] "GET /robots.txt HTTP/1.1" 404 1256 "-" "Mozilla/5.0 (compatible; YandexBot/3.0; +http://yandex.com/bots)"
93.228.77.241 - - [21/Oct/2012:01:44:26 +0200] "GET / HTTP/1.1" 200 12828 "-" "Mozilla/4.0 (compatible; MSIE 8.0; Windows NT 6.0; .NET CLR 1.1.4322; .NET CLR 2.0.50110; InfoPath.1)"
93.228.77.241 - - [21/Oct/2012:01:44:32 +0200] "GET /Impressum/impressum.html HTTP/1.1" 200 11991 "-" "Mozilla/4.0 (compatible; MSIE 7.0; Windows NT 6.0; WOW64; SLCC1; .NET CLR 2.0.50727; .NET CLR 1.1.4322; .NET CLR 3.5.21022; .NET CLR 3.0.04506)"
178.77.126.55 - - [21/Oct/2012:02:07:34 +0200] "GET /robots.txt HTTP/1.1" 404 1256 "-" "Mozilla/5.0 (compatible; CareerBot/1.1; +http://www.career-x.de/bot.html)"
178.77.126.55 - - [21/Oct/2012:02:07:34 +0200] "GET / HTTP/1.1" 200 12828 "-" "Mozilla/5.0 (compatible; CareerBot/1.1; +http://www.career-x.de/bot.html)"
65.55.24.237 - - [21/Oct/2012:02:26:31 +0200] "GET /robots.txt HTTP/1.1" 404 1256 "-" "Mozilla/5.0 (compatible; bingbot/2.0; +http://www.bing.com/bingbot.htm)"
178.154.179.250 - - [21/Oct/2012:02:27:22 +0200] "GET /Produkte/weitere_Produkte/weitere_produkte.html HTTP/1.1" 200 12524 "-" "Mozilla/5.0 (compatible; YandexBot/3.0; +http://yandex.com/bots)"
65.55.24.237 - - [21/Oct/2012:02:49:10 +0200] "GET /Produkte/weitere_Produkte/weitere_produkte.html HTTP/1.1" 304 - "-" "Mozilla/5.0 (compatible; bingbot/2.0; +http://www.bing.com/bingbot.htm)"
37.140.141.34 - - [21/Oct/2012:02:50:21 +0200] "GET /DSC0019902.JPG HTTP/1.1" 200 7772 "-" "Mozilla/5.0 (compatible; YandexImages/3.0; +http://yandex.com/bots)"
178.154.179.250 - - [21/Oct/2012:04:09:58 +0200] "GET / HTTP/1.1" 200 12828 "-" "Mozilla/5.0 (compatible; YandexBot/3.0; +http://yandex.com/bots)"
37.140.141.34 - - [21/Oct/2012:06:07:29 +0200] "GET /BuiltWithNOF.gif HTTP/1.1" 200 2587 "-" "Mozilla/5.0 (compatible; YandexImages/3.0; +http://yandex.com/bots)"
24.230.33.22 - - [21/Oct/2012:09:24:25 +0200] "GET /robots.txt HTTP/1.0" 404 1256 "-" "Mozilla/5.0 (compatible; MJ12bot/v1.4.3; http://www.majestic12.co.uk/bot.php?+)"
24.230.33.22 - - [21/Oct/2012:09:24:30 +0200] "GET /Feinstaubfilter/feinstaubfilter.html HTTP/1.1" 200 13065 "-" "Mozilla/5.0 (compatible; MJ12bot/v1.4.3; http://www.majestic12.co.uk/bot.php?+)"
24.230.33.22 - - [21/Oct/2012:09:24:34 +0200] "GET /Impressum/impressum.html HTTP/1.1" 200 11991 "-" "Mozilla/5.0 (compatible; MJ12bot/v1.4.3; http://www.majestic12.co.uk/bot.php?+)"
24.230.33.22 - - [21/Oct/2012:09:24:36 +0200] "GET /Produkte/produkte.html HTTP/1.1" 200 17755 "-" "Mozilla/5.0 (compatible; MJ12bot/v1.4.3; http://www.majestic12.co.uk/bot.php?+)"
24.230.33.22 - - [21/Oct/2012:09:24:39 +0200] "GET /Service_Kontakt/service_kontakt.html HTTP/1.1" 200 11157 "-" "Mozilla/5.0 (compatible; MJ12bot/v1.4.3; http://www.majestic12.co.uk/bot.php?+)"
24.230.33.22 - - [21/Oct/2012:09:24:41 +0200] "GET /Shop/shop.html HTTP/1.1" 200 59578 "-" "Mozilla/5.0 (compatible; MJ12bot/v1.4.3; http://www.majestic12.co.uk/bot.php?+)"
24.230.33.22 - - [21/Oct/2012:09:24:44 +0200] "GET /index.html HTTP/1.1" 200 12828 "-" "Mozilla/5.0 (compatible; MJ12bot/v1.4.3; http://www.majestic12.co.uk/bot.php?+)"
37.140.141.34 - - [21/Oct/2012:11:06:28 +0200] "GET /Sirius-LOGO21.JPG HTTP/1.1" 200 2563 "-" "Mozilla/5.0 (compatible; YandexImages/3.0; +http://yandex.com/bots)"
37.140.141.34 - - [21/Oct/2012:15:47:04 +0200] "GET /Produkte_Np1.gif HTTP/1.1" 200 1744 "-" "Mozilla/5.0 (compatible; YandexImages/3.0; +http://yandex.com/bots)"
178.154.179.250 - - [21/Oct/2012:19:09:43 +0200] "GET /index.html HTTP/1.1" 200 12828 "-" "Mozilla/5.0 (compatible; YandexBot/3.0; +http://yandex.com/bots)"
66.249.73.56 - - [21/Oct/2012:22:07:08 +0200] "GET /robots.txt HTTP/1.1" 404 1256 "-" "Mozilla/5.0 (compatible; Googlebot/2.1; +http://www.google.com/bot.html)"
66.249.73.56 - - [21/Oct/2012:22:07:08 +0200] "GET /Shop/Filter/filter_1.html HTTP/1.1" 200 26543 "-" "Mozilla/5.0 (compatible; Googlebot/2.1; +http://www.google.com/bot.html)"
85.177.78.224 - - [21/Oct/2012:22:27:40 +0200] "GET / HTTP/1.1" 200 12828 "-" "Jakarta Commons-HttpClient/3.1"
85.177.78.224 - - [21/Oct/2012:22:27:40 +0200] "GET /Impressum/impressum.html HTTP/1.1" 200 11991 "-" "Jakarta Commons-HttpClient/3.1"
157.55.33.251 - - [21/Oct/2012:22:41:32 +0200] "GET /robots.txt HTTP/1.1" 404 1256 "-" "Mozilla/5.0 (compatible; bingbot/2.0; +http://www.bing.com/bingbot.htm)"
157.55.33.251 - - [21/Oct/2012:23:04:21 +0200] "GET /Service_Kontakt/service_kontakt.html HTTP/1.1" 200 11157 "-" "Mozilla/5.0 (compatible; bingbot/2.0; +http://www.bing.com/bingbot.htm)"
157.55.33.251 - - [21/Oct/2012:23:04:26 +0200] "GET /Shop/shop.html HTTP/1.1" 200 59578 "-" "Mozilla/5.0 (compatible; bingbot/2.0; +http://www.bing.com/bingbot.htm)"
65.55.24.237 - - [21/Oct/2012:23:30:59 +0200] "GET /Produkte/weitere_Produkte/weitere_produkte.html HTTP/1.1" 200 12524 "-" "Mozilla/5.0 (compatible; bingbot/2.0; +http://www.bing.com/bingbot.htm)"
66.249.73.56 - - [22/Oct/2012:00:29:13 +0200] "GET /Feinstaubfilter/Dexwet/dexwet.html HTTP/1.1" 200 16100 "-" "Mozilla/5.0 (compatible; Googlebot/2.1; +http://www.google.com/bot.html)"
157.55.32.81 - - [22/Oct/2012:00:29:49 +0200] "GET /robots.txt HTTP/1.1" 404 1256 "-" "Mozilla/5.0 (compatible; bingbot/2.0; +http://www.bing.com/bingbot.htm)"
66.249.73.56 - - [22/Oct/2012:00:46:34 +0200] "GET /Feinstaubfilter/micronair/micronair.html HTTP/1.1" 304 - "-" "Mozilla/5.0 (compatible; Googlebot/2.1; +http://www.google.com/bot.html)"
66.249.73.56 - - [22/Oct/2012:01:22:19 +0200] "GET /Produkte/Tonerkartuschen/tonerkartuschen.html HTTP/1.1" 304 - "-" "Mozilla/5.0 (compatible; Googlebot/2.1; +http://www.google.com/bot.html)"
157.55.33.81 - - [22/Oct/2012:01:35:34 +0200] "GET /Impressum/impressum.html HTTP/1.1" 200 11991 "-" "Mozilla/5.0 (compatible; bingbot/2.0; +http://www.bing.com/bingbot.htm)"
157.55.32.81 - - [22/Oct/2012:01:51:02 +0200] "GET /Produkte/Tonerkartuschen/tonerkartuschen.html HTTP/1.1" 200 13203 "-" "Mozilla/5.0 (compatible; bingbot/2.0; +http://www.bing.com/bingbot.htm)"
66.249.73.56 - - [22/Oct/2012:04:19:47 +0200] "GET /robots.txt HTTP/1.1" 404 1256 "-" "Mozilla/5.0 (compatible; Googlebot/2.1; +http://www.google.com/bot.html)"
66.249.73.56 - - [22/Oct/2012:04:19:47 +0200] "GET / HTTP/1.1" 200 12828 "-" "Mozilla/5.0 (compatible; Googlebot/2.1; +http://www.google.com/bot.html)"
217.88.85.252 - - [22/Oct/2012:11:39:05 +0200] "GET / HTTP/1.0" 200 12828 "http://www.backlink-webkatalog.de/" "Mozilla/4.0 (compatible; MSIE 7.0; Windows NT 6.0; GTB6; SLCC1; .NET CLR 2.0.50727; Media Center PC 5.0; eSobiSubscriber 2.0.4.16; .NET CLR 3.5.30729; .NET CLR 3.0.30729; .NET4.0C)"
37.140.141.34 - - [22/Oct/2012:12:16:12 +0200] "GET /robots.txt HTTP/1.1" 404 1256 "-" "Mozilla/5.0 (compatible; YandexImages/3.0; +http://yandex.com/bots)"
85.176.118.24 - - [22/Oct/2012:12:52:37 +0200] "HEAD /robots.txt HTTP/1.1" 404 - "-" "Toplistbot"
85.176.118.24 - - [22/Oct/2012:12:52:39 +0200] "GET / HTTP/1.1" 206 12828 "-" "Toplistbot"
85.176.118.24 - - [22/Oct/2012:12:52:43 +0200] "GET /Produkte/produkte.html HTTP/1.1" 206 17755 "-" "Toplistbot"
157.55.32.190 - - [22/Oct/2012:13:32:23 +0200] "GET /robots.txt HTTP/1.1" 404 1256 "-" "Mozilla/5.0 (compatible; bingbot/2.0; +http://www.bing.com/bingbot.htm)"
157.55.32.190 - - [22/Oct/2012:14:01:38 +0200] "GET / HTTP/1.1" 304 - "-" "Mozilla/5.0 (compatible; bingbot/2.0; +http://www.bing.com/bingbot.htm)"
37.140.141.34 - - [22/Oct/2012:17:11:25 +0200] "GET /Sirius-LOGO1.JPG HTTP/1.1" 200 4357 "-" "Mozilla/5.0 (compatible; YandexImages/3.0; +http://yandex.com/bots)"
93.180.64.145 - - [23/Oct/2012:03:30:42 +0200] "GET /robots.txt HTTP/1.1" 404 1256 "-" "Mozilla/5.0 (compatible; Plukkie/1.5; http://www.botje.com/plukkie.htm)"
93.180.64.145 - - [23/Oct/2012:03:30:42 +0200] "GET / HTTP/1.1" 200 12828 "-" "Mozilla/5.0 (compatible; Plukkie/1.5; http://www.botje.com/plukkie.htm)"
85.186.103.66 - - [23/Oct/2012:08:12:39 +0200] "GET / HTTP/1.1" 200 12828 "-" "Mozilla/5.0 (Windows; U; Windows NT 5.1; en-US; rv:1.8.1.1) Gecko/20061204 Firefox/2.0.0.1"
208.115.111.67 - - [23/Oct/2012:09:44:49 +0200] "GET /robots.txt HTTP/1.1" 404 1256 "-" "Mozilla/5.0 (compatible; Ezooms/1.0; ezooms.bot@gmail.com)"
178.77.126.55 - - [23/Oct/2012:10:11:24 +0200] "GET /robots.txt HTTP/1.1" 404 1256 "-" "Mozilla/5.0 (compatible; CareerBot/1.1; +http://www.career-x.de/bot.html)"
178.77.126.55 - - [23/Oct/2012:10:11:24 +0200] "GET / HTTP/1.1" 200 12828 "-" "Mozilla/5.0 (compatible; CareerBot/1.1; +http://www.career-x.de/bot.html)"
92.206.98.186 - - [23/Oct/2012:10:57:10 +0200] "GET / HTTP/1.1" 200 12828 "http://maps.google.de/maps?hl=de&bav=on.2,or.r_gc.r_pw.r_qf.&bpcl=35466521&biw=1280&bih=673&um=1&ie=UTF-8&q=b%C3%BCrobedarf+berlin+13127&fb=1&gl=de&hq=b%C3%BCrobedarf&hnear=0x47a852ba330244a3:0x1c212049953de980,D-13127+Berlin&sa=X&ei=XluGULjuHZP34QTn4oGIDA&ved=0CMUBELYD" "Mozilla/5.0 (Windows NT 5.1) AppleWebKit/537.4 (KHTML, like Gecko) Chrome/22.0.1229.94 Safari/537.4"
92.206.98.186 - - [23/Oct/2012:10:57:10 +0200] "GET /rollover.js HTTP/1.1" 200 32709 "http://www.sirius-berlin.de/" "Mozilla/5.0 (Windows NT 5.1) AppleWebKit/537.4 (KHTML, like Gecko) Chrome/22.0.1229.94 Safari/537.4"
92.206.98.186 - - [23/Oct/2012:10:57:11 +0200] "GET /clearpixel.gif HTTP/1.1" 200 43 "http://www.sirius-berlin.de/" "Mozilla/5.0 (Windows NT 5.1) AppleWebKit/537.4 (KHTML, like Gecko) Chrome/22.0.1229.94 Safari/537.4"
92.206.98.186 - - [23/Oct/2012:10:57:11 +0200] "GET /Feinstaubfilter_Np1.gif HTTP/1.1" 200 1780 "http://www.sirius-berlin.de/" "Mozilla/5.0 (Windows NT 5.1) AppleWebKit/537.4 (KHTML, like Gecko) Chrome/22.0.1229.94 Safari/537.4"
92.206.98.186 - - [23/Oct/2012:10:57:11 +0200] "GET /Service_Kontakt_Np1.gif HTTP/1.1" 200 1794 "http://www.sirius-berlin.de/" "Mozilla/5.0 (Windows NT 5.1) AppleWebKit/537.4 (KHTML, like Gecko) Chrome/22.0.1229.94 Safari/537.4"
92.206.98.186 - - [23/Oct/2012:10:57:11 +0200] "GET /Impressum_Np1.gif HTTP/1.1" 200 1750 "http://www.sirius-berlin.de/" "Mozilla/5.0 (Windows NT 5.1) AppleWebKit/537.4 (KHTML, like Gecko) Chrome/22.0.1229.94 Safari/537.4"
92.206.98.186 - - [23/Oct/2012:10:57:11 +0200] "GET /Home_Hp3.gif HTTP/1.1" 200 1773 "http://www.sirius-berlin.de/" "Mozilla/5.0 (Windows NT 5.1) AppleWebKit/537.4 (KHTML, like Gecko) Chrome/22.0.1229.94 Safari/537.4"
92.206.98.186 - - [23/Oct/2012:10:57:11 +0200] "GET /Sirius-LOGO21.JPG HTTP/1.1" 200 2563 "http://www.sirius-berlin.de/" "Mozilla/5.0 (Windows NT 5.1) AppleWebKit/537.4 (KHTML, like Gecko) Chrome/22.0.1229.94 Safari/537.4"
92.206.98.186 - - [23/Oct/2012:10:57:11 +0200] "GET /Produkte_Np1.gif HTTP/1.1" 200 1744 "http://www.sirius-berlin.de/" "Mozilla/5.0 (Windows NT 5.1) AppleWebKit/537.4 (KHTML, like Gecko) Chrome/22.0.1229.94 Safari/537.4"
92.206.98.186 - - [23/Oct/2012:10:57:11 +0200] "GET /Shop_Np1.gif HTTP/1.1" 200 1699 "http://www.sirius-berlin.de/" "Mozilla/5.0 (Windows NT 5.1) AppleWebKit/537.4 (KHTML, like Gecko) Chrome/22.0.1229.94 Safari/537.4"
92.206.98.186 - - [23/Oct/2012:10:57:11 +0200] "GET /BuiltWithNOF.gif HTTP/1.1" 200 2587 "http://www.sirius-berlin.de/" "Mozilla/5.0 (Windows NT 5.1) AppleWebKit/537.4 (KHTML, like Gecko) Chrome/22.0.1229.94 Safari/537.4"
92.206.98.186 - - [23/Oct/2012:10:57:11 +0200] "GET /Home_NnBanner.gif HTTP/1.1" 200 5803 "http://www.sirius-berlin.de/" "Mozilla/5.0 (Windows NT 5.1) AppleWebKit/537.4 (KHTML, like Gecko) Chrome/22.0.1229.94 Safari/537.4"
92.206.98.186 - - [23/Oct/2012:10:57:11 +0200] "GET /Sirius-LOGO1.JPG HTTP/1.1" 200 4357 "http://www.sirius-berlin.de/" "Mozilla/5.0 (Windows NT 5.1) AppleWebKit/537.4 (KHTML, like Gecko) Chrome/22.0.1229.94 Safari/537.4"
92.206.98.186 - - [23/Oct/2012:10:57:11 +0200] "GET /DSC0019902.JPG HTTP/1.1" 200 7772 "http://www.sirius-berlin.de/" "Mozilla/5.0 (Windows NT 5.1) AppleWebKit/537.4 (KHTML, like Gecko) Chrome/22.0.1229.94 Safari/537.4"
92.206.98.186 - - [23/Oct/2012:10:57:11 +0200] "GET /background.gif HTTP/1.1" 200 5457 "http://www.sirius-berlin.de/" "Mozilla/5.0 (Windows NT 5.1) AppleWebKit/537.4 (KHTML, like Gecko) Chrome/22.0.1229.94 Safari/537.4"
92.206.98.186 - - [23/Oct/2012:10:57:11 +0200] "GET /Feinstaubfilter_NRp2.gif HTTP/1.1" 200 2034 "http://www.sirius-berlin.de/" "Mozilla/5.0 (Windows NT 5.1) AppleWebKit/537.4 (KHTML, like Gecko) Chrome/22.0.1229.94 Safari/537.4"
92.206.98.186 - - [23/Oct/2012:10:57:11 +0200] "GET /Service_Kontakt_NRp2.gif HTTP/1.1" 200 2044 "http://www.sirius-berlin.de/" "Mozilla/5.0 (Windows NT 5.1) AppleWebKit/537.4 (KHTML, like Gecko) Chrome/22.0.1229.94 Safari/537.4"
92.206.98.186 - - [23/Oct/2012:10:57:11 +0200] "GET /Impressum_NRp2.gif HTTP/1.1" 200 2011 "http://www.sirius-berlin.de/" "Mozilla/5.0 (Windows NT 5.1) AppleWebKit/537.4 (KHTML, like Gecko) Chrome/22.0.1229.94 Safari/537.4"
92.206.98.186 - - [23/Oct/2012:10:57:11 +0200] "GET /Home_HRp4.gif HTTP/1.1" 200 2027 "http://www.sirius-berlin.de/" "Mozilla/5.0 (Windows NT 5.1) AppleWebKit/537.4 (KHTML, like Gecko) Chrome/22.0.1229.94 Safari/537.4"
92.206.98.186 - - [23/Oct/2012:10:57:11 +0200] "GET /Produkte_NRp2.gif HTTP/1.1" 200 2001 "http://www.sirius-berlin.de/" "Mozilla/5.0 (Windows NT 5.1) AppleWebKit/537.4 (KHTML, like Gecko) Chrome/22.0.1229.94 Safari/537.4"
92.206.98.186 - - [23/Oct/2012:10:57:11 +0200] "GET /Shop_NRp2.gif HTTP/1.1" 200 1954 "http://www.sirius-berlin.de/" "Mozilla/5.0 (Windows NT 5.1) AppleWebKit/537.4 (KHTML, like Gecko) Chrome/22.0.1229.94 Safari/537.4"
92.206.98.186 - - [23/Oct/2012:10:57:11 +0200] "GET /favicon.ico HTTP/1.1" 404 1256 "-" "Mozilla/5.0 (Windows NT 5.1) AppleWebKit/537.4 (KHTML, like Gecko) Chrome/22.0.1229.94 Safari/537.4"
178.154.179.250 - - [23/Oct/2012:12:20:23 +0200] "GET /robots.txt HTTP/1.1" 404 1256 "-" "Mozilla/5.0 (compatible; YandexBot/3.0; +http://yandex.com/bots)"
178.154.179.250 - - [23/Oct/2012:12:20:26 +0200] "GET /Shop/shop.html HTTP/1.1" 304 - "-" "Mozilla/5.0 (compatible; YandexBot/3.0; +http://yandex.com/bots)"
157.55.33.251 - - [23/Oct/2012:18:07:29 +0200] "GET /robots.txt HTTP/1.1" 404 1256 "-" "Mozilla/5.0 (compatible; bingbot/2.0; +http://www.bing.com/bingbot.htm)"
157.55.33.251 - - [23/Oct/2012:18:15:44 +0200] "GET /Shop/shop.html HTTP/1.1" 304 - "-" "Mozilla/5.0 (compatible; bingbot/2.0; +http://www.bing.com/bingbot.htm)"
178.154.179.250 - - [24/Oct/2012:00:27:11 +0200] "GET /Feinstaubfilter/Dexwet/dexwet.html HTTP/1.1" 304 - "-" "Mozilla/5.0 (compatible; YandexBot/3.0; +http://yandex.com/bots)"
178.255.215.70 - - [24/Oct/2012:02:45:20 +0200] "GET /robots.txt HTTP/1.1" 404 1256 "-" "Mozilla/5.0 (compatible; Exabot/3.0; +http://www.exabot.com/go/robot)"
178.255.215.70 - - [24/Oct/2012:02:45:20 +0200] "GET / HTTP/1.1" 304 - "-" "Mozilla/5.0 (compatible; Exabot/3.0; +http://www.exabot.com/go/robot)"
178.154.179.250 - - [24/Oct/2012:03:38:50 +0200] "GET /Shop/Filter/filter_0.html HTTP/1.1" 200 26544 "-" "Mozilla/5.0 (compatible; YandexBot/3.0; +http://yandex.com/bots)"
62.217.61.38 - - [24/Oct/2012:04:21:01 +0200] "GET / HTTP/1.1" 200 12828 "-" "-"
178.154.179.250 - - [24/Oct/2012:06:36:55 +0200] "GET / HTTP/1.1" 200 12828 "-" "Mozilla/5.0 (compatible; YandexBot/3.0; +http://yandex.com/bots)"
178.154.179.250 - - [24/Oct/2012:07:22:14 +0200] "GET /Shop/Filter/filter_1.html HTTP/1.1" 304 - "-" "Mozilla/5.0 (compatible; YandexBot/3.0; +http://yandex.com/bots)"
88.112.51.30 - - [24/Oct/2012:08:09:21 +0200] "GET /robots.txt HTTP/1.0" 404 1256 "-" "Mozilla/5.0 (compatible; MJ12bot/v1.4.3; http://www.majestic12.co.uk/bot.php?+)"
88.112.51.30 - - [24/Oct/2012:08:09:22 +0200] "GET / HTTP/1.1" 200 12828 "-" "Mozilla/5.0 (compatible; MJ12bot/v1.4.3; http://www.majestic12.co.uk/bot.php?+)"
37.140.141.34 - - [24/Oct/2012:08:51:06 +0200] "GET /robots.txt HTTP/1.1" 404 1256 "-" "Mozilla/5.0 (compatible; YandexImages/3.0; +http://yandex.com/bots)"
178.154.179.250 - - [24/Oct/2012:09:00:07 +0200] "GET /Produkte/weitere_Produkte/weitere_produkte.html HTTP/1.1" 200 12524 "-" "Mozilla/5.0 (compatible; YandexBot/3.0; +http://yandex.com/bots)"
66.249.73.56 - - [24/Oct/2012:10:39:30 +0200] "GET /robots.txt HTTP/1.1" 404 1256 "-" "Mozilla/5.0 (compatible; Googlebot/2.1; +http://www.google.com/bot.html)"
66.249.73.56 - - [24/Oct/2012:10:39:31 +0200] "GET / HTTP/1.1" 200 12828 "-" "Mozilla/5.0 (iPhone; U; CPU iPhone OS 4_1 like Mac OS X; en-us) AppleWebKit/532.9 (KHTML, like Gecko) Version/4.0.5 Mobile/8B117 Safari/6531.22.7 (compatible; Googlebot-Mobile/2.1; +http://www.google.com/bot.html)"
37.140.141.34 - - [24/Oct/2012:12:13:07 +0200] "GET /Home_Np1.gif HTTP/1.1" 200 1706 "-" "Mozilla/5.0 (compatible; YandexImages/3.0; +http://yandex.com/bots)"
37.140.141.34 - - [24/Oct/2012:15:44:38 +0200] "GET /Service_Kontakt_Np1.gif HTTP/1.1" 200 1794 "-" "Mozilla/5.0 (compatible; YandexImages/3.0; +http://yandex.com/bots)"
83.189.63.60 - - [24/Oct/2012:15:58:44 +0200] "GET / HTTP/1.1" 200 12828 "http://www.berlin.city-map.de/01110000/sirius-technischer-buerobedarf" "Mozilla/5.0 (compatible; MSIE 9.0; Windows NT 6.1; WOW64; Trident/5.0)"
83.189.63.60 - - [24/Oct/2012:15:58:44 +0200] "GET /rollover.js HTTP/1.1" 200 32709 "http://www.sirius-berlin.de/" "Mozilla/5.0 (compatible; MSIE 9.0; Windows NT 6.1; WOW64; Trident/5.0)"
83.189.63.60 - - [24/Oct/2012:15:58:44 +0200] "GET /clearpixel.gif HTTP/1.1" 200 43 "http://www.sirius-berlin.de/" "Mozilla/5.0 (compatible; MSIE 9.0; Windows NT 6.1; WOW64; Trident/5.0)"
83.189.63.60 - - [24/Oct/2012:15:58:44 +0200] "GET /Sirius-LOGO21.JPG HTTP/1.1" 200 2563 "http://www.sirius-berlin.de/" "Mozilla/5.0 (compatible; MSIE 9.0; Windows NT 6.1; WOW64; Trident/5.0)"
83.189.63.60 - - [24/Oct/2012:15:58:44 +0200] "GET /Home_Hp3.gif HTTP/1.1" 200 1773 "http://www.sirius-berlin.de/" "Mozilla/5.0 (compatible; MSIE 9.0; Windows NT 6.1; WOW64; Trident/5.0)"
83.189.63.60 - - [24/Oct/2012:15:58:44 +0200] "GET /Produkte_Np1.gif HTTP/1.1" 200 1744 "http://www.sirius-berlin.de/" "Mozilla/5.0 (compatible; MSIE 9.0; Windows NT 6.1; WOW64; Trident/5.0)"
83.189.63.60 - - [24/Oct/2012:15:58:44 +0200] "GET /Feinstaubfilter_Np1.gif HTTP/1.1" 200 1780 "http://www.sirius-berlin.de/" "Mozilla/5.0 (compatible; MSIE 9.0; Windows NT 6.1; WOW64; Trident/5.0)"
83.189.63.60 - - [24/Oct/2012:15:58:44 +0200] "GET /Service_Kontakt_Np1.gif HTTP/1.1" 200 1794 "http://www.sirius-berlin.de/" "Mozilla/5.0 (compatible; MSIE 9.0; Windows NT 6.1; WOW64; Trident/5.0)"
83.189.63.60 - - [24/Oct/2012:15:58:44 +0200] "GET /Impressum_Np1.gif HTTP/1.1" 200 1750 "http://www.sirius-berlin.de/" "Mozilla/5.0 (compatible; MSIE 9.0; Windows NT 6.1; WOW64; Trident/5.0)"
83.189.63.60 - - [24/Oct/2012:15:58:44 +0200] "GET /Shop_Np1.gif HTTP/1.1" 200 1699 "http://www.sirius-berlin.de/" "Mozilla/5.0 (compatible; MSIE 9.0; Windows NT 6.1; WOW64; Trident/5.0)"
83.189.63.60 - - [24/Oct/2012:15:58:44 +0200] "GET /BuiltWithNOF.gif HTTP/1.1" 200 2587 "http://www.sirius-berlin.de/" "Mozilla/5.0 (compatible; MSIE 9.0; Windows NT 6.1; WOW64; Trident/5.0)"
83.189.63.60 - - [24/Oct/2012:15:58:44 +0200] "GET /Home_NnBanner.gif HTTP/1.1" 200 5803 "http://www.sirius-berlin.de/" "Mozilla/5.0 (compatible; MSIE 9.0; Windows NT 6.1; WOW64; Trident/5.0)"
83.189.63.60 - - [24/Oct/2012:15:58:44 +0200] "GET /Sirius-LOGO1.JPG HTTP/1.1" 200 4357 "http://www.sirius-berlin.de/" "Mozilla/5.0 (compatible; MSIE 9.0; Windows NT 6.1; WOW64; Trident/5.0)"
83.189.63.60 - - [24/Oct/2012:15:58:44 +0200] "GET /DSC0019902.JPG HTTP/1.1" 200 7772 "http://www.sirius-berlin.de/" "Mozilla/5.0 (compatible; MSIE 9.0; Windows NT 6.1; WOW64; Trident/5.0)"
83.189.63.60 - - [24/Oct/2012:15:58:44 +0200] "GET /rollover.js HTTP/1.1" 200 32709 "http://www.sirius-berlin.de/" "Mozilla/5.0 (compatible; MSIE 9.0; Windows NT 6.1; WOW64; Trident/5.0)"
83.189.63.60 - - [24/Oct/2012:15:58:45 +0200] "GET /background.gif HTTP/1.1" 200 5457 "http://www.sirius-berlin.de/" "Mozilla/5.0 (compatible; MSIE 9.0; Windows NT 6.1; WOW64; Trident/5.0)"
83.189.63.60 - - [24/Oct/2012:15:58:45 +0200] "GET /Home_HRp4.gif HTTP/1.1" 200 2027 "http://www.sirius-berlin.de/" "Mozilla/5.0 (compatible; MSIE 9.0; Windows NT 6.1; WOW64; Trident/5.0)"
83.189.63.60 - - [24/Oct/2012:15:58:45 +0200] "GET /Produkte_NRp2.gif HTTP/1.1" 200 2001 "http://www.sirius-berlin.de/" "Mozilla/5.0 (compatible; MSIE 9.0; Windows NT 6.1; WOW64; Trident/5.0)"
83.189.63.60 - - [24/Oct/2012:15:58:45 +0200] "GET /Feinstaubfilter_NRp2.gif HTTP/1.1" 200 2034 "http://www.sirius-berlin.de/" "Mozilla/5.0 (compatible; MSIE 9.0; Windows NT 6.1; WOW64; Trident/5.0)"
83.189.63.60 - - [24/Oct/2012:15:58:45 +0200] "GET /Service_Kontakt_NRp2.gif HTTP/1.1" 200 2044 "http://www.sirius-berlin.de/" "Mozilla/5.0 (compatible; MSIE 9.0; Windows NT 6.1; WOW64; Trident/5.0)"
83.189.63.60 - - [24/Oct/2012:15:58:45 +0200] "GET /Impressum_NRp2.gif HTTP/1.1" 200 2011 "http://www.sirius-berlin.de/" "Mozilla/5.0 (compatible; MSIE 9.0; Windows NT 6.1; WOW64; Trident/5.0)"
83.189.63.60 - - [24/Oct/2012:15:58:45 +0200] "GET /Shop_NRp2.gif HTTP/1.1" 200 1954 "http://www.sirius-berlin.de/" "Mozilla/5.0 (compatible; MSIE 9.0; Windows NT 6.1; WOW64; Trident/5.0)"
83.189.63.60 - - [24/Oct/2012:15:58:45 +0200] "GET /favicon.ico HTTP/1.1" 404 1256 "-" "Mozilla/5.0 (compatible; MSIE 9.0; Windows NT 6.1; WOW64; Trident/5.0)"
83.189.63.60 - - [24/Oct/2012:15:58:48 +0200] "GET /Produkte/produkte.html HTTP/1.1" 200 17755 "http://www.sirius-berlin.de/" "Mozilla/5.0 (compatible; MSIE 9.0; Windows NT 6.1; WOW64; Trident/5.0)"
83.189.63.60 - - [24/Oct/2012:15:58:48 +0200] "GET /Home_Np1.gif HTTP/1.1" 200 1706 "http://www.sirius-berlin.de/Produkte/produkte.html" "Mozilla/5.0 (compatible; MSIE 9.0; Windows NT 6.1; WOW64; Trident/5.0)"
83.189.63.60 - - [24/Oct/2012:15:58:48 +0200] "GET /Produkte_Hp3.gif HTTP/1.1" 200 1878 "http://www.sirius-berlin.de/Produkte/produkte.html" "Mozilla/5.0 (compatible; MSIE 9.0; Windows NT 6.1; WOW64; Trident/5.0)"
83.189.63.60 - - [24/Oct/2012:15:58:48 +0200] "GET /Tintenpatronen_Ns1.gif HTTP/1.1" 200 1954 "http://www.sirius-berlin.de/Produkte/produkte.html" "Mozilla/5.0 (compatible; MSIE 9.0; Windows NT 6.1; WOW64; Trident/5.0)"
83.189.63.60 - - [24/Oct/2012:15:58:48 +0200] "GET /Tonerkartuschen_Ns1.gif HTTP/1.1" 200 1960 "http://www.sirius-berlin.de/Produkte/produkte.html" "Mozilla/5.0 (compatible; MSIE 9.0; Windows NT 6.1; WOW64; Trident/5.0)"
83.189.63.60 - - [24/Oct/2012:15:58:48 +0200] "GET /Home_NRp2.gif HTTP/1.1" 200 1965 "http://www.sirius-berlin.de/Produkte/produkte.html" "Mozilla/5.0 (compatible; MSIE 9.0; Windows NT 6.1; WOW64; Trident/5.0)"
83.189.63.60 - - [24/Oct/2012:15:58:48 +0200] "GET /Produkte_HRp4.gif HTTP/1.1" 200 2518 "http://www.sirius-berlin.de/Produkte/produkte.html" "Mozilla/5.0 (compatible; MSIE 9.0; Windows NT 6.1; WOW64; Trident/5.0)"
83.189.63.60 - - [24/Oct/2012:15:58:48 +0200] "GET /Produkte_NnBanner.gif HTTP/1.1" 200 5997 "http://www.sirius-berlin.de/Produkte/produkte.html" "Mozilla/5.0 (compatible; MSIE 9.0; Windows NT 6.1; WOW64; Trident/5.0)"
83.189.63.60 - - [24/Oct/2012:15:58:49 +0200] "GET /weitere_Produkte_Ns1.gif HTTP/1.1" 200 1960 "http://www.sirius-berlin.de/Produkte/produkte.html" "Mozilla/5.0 (compatible; MSIE 9.0; Windows NT 6.1; WOW64; Trident/5.0)"
83.189.63.60 - - [24/Oct/2012:15:58:49 +0200] "GET /Produkte/a_thumb_Multipack02.jpg HTTP/1.1" 200 19266 "http://www.sirius-berlin.de/Produkte/produkte.html" "Mozilla/5.0 (compatible; MSIE 9.0; Windows NT 6.1; WOW64; Trident/5.0)"
83.189.63.60 - - [24/Oct/2012:15:58:49 +0200] "GET /DSC00199.JPG HTTP/1.1" 200 7772 "http://www.sirius-berlin.de/Produkte/produkte.html" "Mozilla/5.0 (compatible; MSIE 9.0; Windows NT 6.1; WOW64; Trident/5.0)"
83.189.63.60 - - [24/Oct/2012:15:58:49 +0200] "GET /Tonerkartuschen_NRs2.gif HTTP/1.1" 200 1935 "http://www.sirius-berlin.de/Produkte/produkte.html" "Mozilla/5.0 (compatible; MSIE 9.0; Windows NT 6.1; WOW64; Trident/5.0)"
83.189.63.60 - - [24/Oct/2012:15:58:49 +0200] "GET /Tintenpatronen_NRs2.gif HTTP/1.1" 200 1930 "http://www.sirius-berlin.de/Produkte/produkte.html" "Mozilla/5.0 (compatible; MSIE 9.0; Windows NT 6.1; WOW64; Trident/5.0)"
83.189.63.60 - - [24/Oct/2012:15:58:49 +0200] "GET /zertifikat04.gif HTTP/1.1" 200 18090 "http://www.sirius-berlin.de/Produkte/produkte.html" "Mozilla/5.0 (compatible; MSIE 9.0; Windows NT 6.1; WOW64; Trident/5.0)"
83.189.63.60 - - [24/Oct/2012:15:58:49 +0200] "GET /weitere_Produkte_NRs2.gif HTTP/1.1" 200 1935 "http://www.sirius-berlin.de/Produkte/produkte.html" "Mozilla/5.0 (compatible; MSIE 9.0; Windows NT 6.1; WOW64; Trident/5.0)"
83.189.63.60 - - [24/Oct/2012:15:58:49 +0200] "GET /RAL-UZ-55-FEB-2004_16003.jpg HTTP/1.1" 200 52762 "http://www.sirius-berlin.de/Produkte/produkte.html" "Mozilla/5.0 (compatible; MSIE 9.0; Windows NT 6.1; WOW64; Trident/5.0)"
83.189.63.60 - - [24/Oct/2012:15:58:50 +0200] "GET /favicon.ico HTTP/1.1" 404 1256 "-" "Mozilla/5.0 (compatible; MSIE 9.0; Windows NT 6.1; WOW64; Trident/5.0)"
83.189.63.60 - - [24/Oct/2012:15:58:57 +0200] "GET /Produkte/weitere_Produkte/weitere_produkte.html HTTP/1.1" 200 12524 "http://www.sirius-berlin.de/Produkte/produkte.html" "Mozilla/5.0 (compatible; MSIE 9.0; Windows NT 6.1; WOW64; Trident/5.0)"
83.189.63.60 - - [24/Oct/2012:15:58:58 +0200] "GET /weitere_Produkte_Hs1.gif HTTP/1.1" 200 1960 "http://www.sirius-berlin.de/Produkte/weitere_Produkte/weitere_produkte.html" "Mozilla/5.0 (compatible; MSIE 9.0; Windows NT 6.1; WOW64; Trident/5.0)"
83.189.63.60 - - [24/Oct/2012:15:58:58 +0200] "GET /weitere_Produkte_NnBanner.gif HTTP/1.1" 200 6305 "http://www.sirius-berlin.de/Produkte/weitere_Produkte/weitere_produkte.html" "Mozilla/5.0 (compatible; MSIE 9.0; Windows NT 6.1; WOW64; Trident/5.0)"
83.189.63.60 - - [24/Oct/2012:15:58:58 +0200] "GET /weitere_Produkte_HRs4.gif HTTP/1.1" 200 1935 "http://www.sirius-berlin.de/Produkte/weitere_Produkte/weitere_produkte.html" "Mozilla/5.0 (compatible; MSIE 9.0; Windows NT 6.1; WOW64; Trident/5.0)"
83.189.63.60 - - [24/Oct/2012:15:58:58 +0200] "GET /Gruppe02.jpg HTTP/1.1" 200 57869 "http://www.sirius-berlin.de/Produkte/weitere_Produkte/weitere_produkte.html" "Mozilla/5.0 (compatible; MSIE 9.0; Windows NT 6.1; WOW64; Trident/5.0)"
66.249.71.211 - - [24/Oct/2012:17:11:31 +0200] "GET /robots.txt HTTP/1.1" 404 1256 "-" "Mozilla/5.0 (compatible; Googlebot/2.1; +http://www.google.com/bot.html)"
66.249.71.211 - - [24/Oct/2012:17:11:31 +0200] "GET /Impressum/impressum.html HTTP/1.1" 200 11991 "-" "Mozilla/5.0 (compatible; Googlebot/2.1; +http://www.google.com/bot.html)"
66.249.71.211 - - [24/Oct/2012:19:14:48 +0200] "GET / HTTP/1.1" 304 - "-" "Mozilla/5.0 (compatible; Googlebot/2.1; +http://www.google.com/bot.html)"
37.140.141.34 - - [24/Oct/2012:20:44:06 +0200] "GET /Feinstaubfilter_Np1.gif HTTP/1.1" 200 1780 "-" "Mozilla/5.0 (compatible; YandexImages/3.0; +http://yandex.com/bots)"
178.154.179.250 - - [24/Oct/2012:20:57:32 +0200] "GET /robots.txt HTTP/1.1" 404 1256 "-" "Mozilla/5.0 (compatible; YandexBot/3.0; +http://yandex.com/bots)"
178.63.44.73 - - [24/Oct/2012:21:30:14 +0200] "GET /robots.txt HTTP/1.1" 404 1256 "-" "Mozilla/5.0 (compatible; SearchmetricsBot; http://www.searchmetrics.com/en/searchmetrics-bot/)"
178.63.44.73 - - [24/Oct/2012:21:30:14 +0200] "GET / HTTP/1.1" 200 12828 "-" "Mozilla/5.0 (compatible; SearchmetricsBot; http://www.searchmetrics.com/en/searchmetrics-bot/)"
178.63.44.73 - - [24/Oct/2012:21:30:14 +0200] "GET /Produkte/produkte.html HTTP/1.1" 200 17755 "-" "Mozilla/5.0 (compatible; SearchmetricsBot; http://www.searchmetrics.com/en/searchmetrics-bot/)"
178.63.44.73 - - [24/Oct/2012:21:30:14 +0200] "GET /Service_Kontakt/service_kontakt.html HTTP/1.1" 200 11157 "-" "Mozilla/5.0 (compatible; SearchmetricsBot; http://www.searchmetrics.com/en/searchmetrics-bot/)"
178.63.44.73 - - [24/Oct/2012:21:30:15 +0200] "GET /Impressum/impressum.html HTTP/1.1" 200 11991 "-" "Mozilla/5.0 (compatible; SearchmetricsBot; http://www.searchmetrics.com/en/searchmetrics-bot/)"
178.63.44.73 - - [24/Oct/2012:21:30:15 +0200] "GET /Feinstaubfilter/feinstaubfilter.html HTTP/1.1" 200 13065 "-" "Mozilla/5.0 (compatible; SearchmetricsBot; http://www.searchmetrics.com/en/searchmetrics-bot/)"
178.63.44.73 - - [24/Oct/2012:21:30:15 +0200] "GET /Shop/shop.html HTTP/1.1" 200 59578 "-" "Mozilla/5.0 (compatible; SearchmetricsBot; http://www.searchmetrics.com/en/searchmetrics-bot/)"
178.63.44.73 - - [24/Oct/2012:21:30:15 +0200] "GET /index.html HTTP/1.1" 200 12828 "-" "Mozilla/5.0 (compatible; SearchmetricsBot; http://www.searchmetrics.com/en/searchmetrics-bot/)"
178.63.44.73 - - [24/Oct/2012:21:30:15 +0200] "GET /Produkte/weitere_Produkte/weitere_produkte.html HTTP/1.1" 200 12524 "-" "Mozilla/5.0 (compatible; SearchmetricsBot; http://www.searchmetrics.com/en/searchmetrics-bot/)"
178.63.44.73 - - [24/Oct/2012:21:30:15 +0200] "GET /Shop/Filter/filter_2.html HTTP/1.1" 200 26547 "-" "Mozilla/5.0 (compatible; SearchmetricsBot; http://www.searchmetrics.com/en/searchmetrics-bot/)"
178.63.44.73 - - [24/Oct/2012:21:30:15 +0200] "GET /Feinstaubfilter/Dexwet/dexwet.html HTTP/1.1" 200 16100 "-" "Mozilla/5.0 (compatible; SearchmetricsBot; http://www.searchmetrics.com/en/searchmetrics-bot/)"
178.63.44.73 - - [24/Oct/2012:21:30:15 +0200] "GET /Produkte/Tintenpatronen/tintenpatronen.html HTTP/1.1" 200 15225 "-" "Mozilla/5.0 (compatible; SearchmetricsBot; http://www.searchmetrics.com/en/searchmetrics-bot/)"
178.63.44.73 - - [24/Oct/2012:21:30:15 +0200] "GET /Shop/Filter/filter_0.html HTTP/1.1" 200 26544 "-" "Mozilla/5.0 (compatible; SearchmetricsBot; http://www.searchmetrics.com/en/searchmetrics-bot/)"
178.63.44.73 - - [24/Oct/2012:21:30:15 +0200] "GET /Feinstaubfilter/micronair/micronair.html HTTP/1.1" 200 19812 "-" "Mozilla/5.0 (compatible; SearchmetricsBot; http://www.searchmetrics.com/en/searchmetrics-bot/)"
178.63.44.73 - - [24/Oct/2012:21:30:15 +0200] "GET /Produkte/Tonerkartuschen/tonerkartuschen.html HTTP/1.1" 200 13203 "-" "Mozilla/5.0 (compatible; SearchmetricsBot; http://www.searchmetrics.com/en/searchmetrics-bot/)"
178.63.44.73 - - [24/Oct/2012:21:30:16 +0200] "GET /Shop/Filter/filter_1.html HTTP/1.1" 200 26543 "-" "Mozilla/5.0 (compatible; SearchmetricsBot; http://www.searchmetrics.com/en/searchmetrics-bot/)"
178.154.179.250 - - [24/Oct/2012:23:14:02 +0200] "GET /index.html HTTP/1.1" 200 12828 "-" "Mozilla/5.0 (compatible; YandexBot/3.0; +http://yandex.com/bots)"
93.228.64.166 - - [25/Oct/2012:02:39:05 +0200] "GET / HTTP/1.1" 200 12828 "-" "Mozilla/4.0 (compatible; MSIE 8.0; Windows NT 6.0; .NET CLR 1.1.4322)"
93.228.64.166 - - [25/Oct/2012:02:39:10 +0200] "GET /Impressum/impressum.html HTTP/1.1" 200 11991 "-" "Mozilla/4.0 (compatible; MSIE 8.0; Windows NT 6.0; .NET CLR 1.0.3705; .NET CLR 1.1.4322; Media Center PC 4.0; .NET CLR 2.0.50727)"
37.140.141.34 - - [25/Oct/2012:02:57:34 +0200] "GET /BuiltWithNOF.gif HTTP/1.1" 200 2587 "-" "Mozilla/5.0 (compatible; YandexImages/3.0; +http://yandex.com/bots)"
85.214.21.33 - - [25/Oct/2012:06:09:40 +0200] "GET / HTTP/1.0" 200 12828 "-" "-"
85.214.21.33 - - [25/Oct/2012:06:09:40 +0200] "GET / HTTP/1.0" 200 12828 "-" "-"
202.85.220.77 - - [25/Oct/2012:09:33:26 +0200] "GET /robots.txt HTTP/1.0" 404 1256 "-" "nutch-1.4/Nutch-1.4"
37.140.141.34 - - [25/Oct/2012:11:20:29 +0200] "GET /robots.txt HTTP/1.1" 404 1256 "-" "Mozilla/5.0 (compatible; YandexImages/3.0; +http://yandex.com/bots)"
178.154.179.250 - - [25/Oct/2012:12:19:28 +0200] "GET / HTTP/1.1" 200 12828 "-" "Mozilla/5.0 (compatible; YandexBot/3.0; +http://yandex.com/bots)"
217.231.234.55 - - [25/Oct/2012:12:22:15 +0200] "GET / HTTP/1.1" 200 12828 "http://adresse.gelbeseiten.de/1028306106/sirius-technischer-buerobedarf-buerobedarf-und-edv-zubehoer/berlin/buchholz" "Mozilla/5.0 (X11; Ubuntu; Linux i686; rv:16.0) Gecko/20100101 Firefox/16.0"
217.231.234.55 - - [25/Oct/2012:12:22:15 +0200] "GET /Sirius-LOGO21.JPG HTTP/1.1" 200 2563 "http://www.sirius-berlin.de/" "Mozilla/5.0 (X11; Ubuntu; Linux i686; rv:16.0) Gecko/20100101 Firefox/16.0"
217.231.234.55 - - [25/Oct/2012:12:22:15 +0200] "GET /clearpixel.gif HTTP/1.1" 200 43 "http://www.sirius-berlin.de/" "Mozilla/5.0 (X11; Ubuntu; Linux i686; rv:16.0) Gecko/20100101 Firefox/16.0"
217.231.234.55 - - [25/Oct/2012:12:22:15 +0200] "GET /Produkte_Np1.gif HTTP/1.1" 200 1744 "http://www.sirius-berlin.de/" "Mozilla/5.0 (X11; Ubuntu; Linux i686; rv:16.0) Gecko/20100101 Firefox/16.0"
217.231.234.55 - - [25/Oct/2012:12:22:15 +0200] "GET /Home_Hp3.gif HTTP/1.1" 200 1773 "http://www.sirius-berlin.de/" "Mozilla/5.0 (X11; Ubuntu; Linux i686; rv:16.0) Gecko/20100101 Firefox/16.0"
217.231.234.55 - - [25/Oct/2012:12:22:15 +0200] "GET /Feinstaubfilter_Np1.gif HTTP/1.1" 200 1780 "http://www.sirius-berlin.de/" "Mozilla/5.0 (X11; Ubuntu; Linux i686; rv:16.0) Gecko/20100101 Firefox/16.0"
217.231.234.55 - - [25/Oct/2012:12:22:15 +0200] "GET /Service_Kontakt_Np1.gif HTTP/1.1" 200 1794 "http://www.sirius-berlin.de/" "Mozilla/5.0 (X11; Ubuntu; Linux i686; rv:16.0) Gecko/20100101 Firefox/16.0"
217.231.234.55 - - [25/Oct/2012:12:22:15 +0200] "GET /Impressum_Np1.gif HTTP/1.1" 200 1750 "http://www.sirius-berlin.de/" "Mozilla/5.0 (X11; Ubuntu; Linux i686; rv:16.0) Gecko/20100101 Firefox/16.0"
217.231.234.55 - - [25/Oct/2012:12:22:15 +0200] "GET /Shop_Np1.gif HTTP/1.1" 200 1699 "http://www.sirius-berlin.de/" "Mozilla/5.0 (X11; Ubuntu; Linux i686; rv:16.0) Gecko/20100101 Firefox/16.0"
217.231.234.55 - - [25/Oct/2012:12:22:15 +0200] "GET /BuiltWithNOF.gif HTTP/1.1" 200 2587 "http://www.sirius-berlin.de/" "Mozilla/5.0 (X11; Ubuntu; Linux i686; rv:16.0) Gecko/20100101 Firefox/16.0"
217.231.234.55 - - [25/Oct/2012:12:22:15 +0200] "GET /Home_NnBanner.gif HTTP/1.1" 200 5803 "http://www.sirius-berlin.de/" "Mozilla/5.0 (X11; Ubuntu; Linux i686; rv:16.0) Gecko/20100101 Firefox/16.0"
217.231.234.55 - - [25/Oct/2012:12:22:15 +0200] "GET /Sirius-LOGO1.JPG HTTP/1.1" 200 4357 "http://www.sirius-berlin.de/" "Mozilla/5.0 (X11; Ubuntu; Linux i686; rv:16.0) Gecko/20100101 Firefox/16.0"
