157.55.35.98 - - [08/Oct/2012:15:54:53 +0200] "GET /Impressum/impressum.html HTTP/1.1" 200 11991 "-" "Mozilla/5.0 (compatible; bingbot/2.0; +http://www.bing.com/bingbot.htm)"
23.20.23.192 - - [08/Oct/2012:16:11:15 +0200] "GET / HTTP/1.0" 200 12828 "-" "Mozilla/5.0 (compatible; NetcraftSurveyAgent/1.0; +info@netcraft.com)"
157.55.34.35 - - [08/Oct/2012:21:22:33 +0200] "GET /robots.txt HTTP/1.1" 404 1256 "-" "Mozilla/5.0 (compatible; bingbot/2.0; +http://www.bing.com/bingbot.htm)"
157.55.34.35 - - [08/Oct/2012:21:26:16 +0200] "GET /index.html HTTP/1.1" 304 - "-" "Mozilla/5.0 (compatible; bingbot/2.0; +http://www.bing.com/bingbot.htm)"
85.13.131.53 - - [09/Oct/2012:01:11:10 +0200] "GET / HTTP/1.0" 200 12828 "-" "-"
85.13.131.53 - - [09/Oct/2012:01:11:12 +0200] "GET / HTTP/1.0" 200 12828 "-" "-"
178.77.126.55 - - [09/Oct/2012:03:05:38 +0200] "GET /robots.txt HTTP/1.1" 404 1256 "-" "Mozilla/5.0 (compatible; CareerBot/1.1; +http://www.career-x.de/bot.html)"
178.77.126.55 - - [09/Oct/2012:03:05:38 +0200] "GET / HTTP/1.1" 200 12828 "-" "Mozilla/5.0 (compatible; CareerBot/1.1; +http://www.career-x.de/bot.html)"
37.59.4.134 - - [09/Oct/2012:03:44:31 +0200] "HEAD / HTTP/1.1" 200 - "-" "Mozilla/5.0 (Windows NT 6.1; WOW64; rv:6.0) Gecko/20100101 Firefox/6.0"
37.59.4.134 - - [09/Oct/2012:03:44:31 +0200] "HEAD / HTTP/1.1" 200 - "-" "SEOstats 2.1.0 https://github.com/eyecatchup/SEOstats"
178.255.215.70 - - [09/Oct/2012:09:07:51 +0200] "GET /robots.txt HTTP/1.1" 404 1256 "-" "Mozilla/5.0 (compatible; Exabot/3.0; +http://www.exabot.com/go/robot)"
178.255.215.70 - - [09/Oct/2012:09:07:51 +0200] "GET / HTTP/1.1" 304 - "-" "Mozilla/5.0 (compatible; Exabot/3.0; +http://www.exabot.com/go/robot)"
178.154.179.250 - - [09/Oct/2012:15:25:31 +0200] "GET /robots.txt HTTP/1.1" 404 1256 "-" "Mozilla/5.0 (compatible; YandexBot/3.0; +http://yandex.com/bots)"
208.115.113.83 - - [09/Oct/2012:15:59:04 +0200] "GET /robots.txt HTTP/1.1" 404 1256 "-" "Mozilla/5.0 (compatible; Ezooms/1.0; ezooms.bot@gmail.com)"
208.115.113.83 - - [09/Oct/2012:16:26:52 +0200] "GET / HTTP/1.1" 200 12828 "-" "Mozilla/5.0 (compatible; Ezooms/1.0; ezooms.bot@gmail.com)"
66.249.71.173 - - [09/Oct/2012:19:06:56 +0200] "GET /robots.txt HTTP/1.1" 404 1256 "-" "Mozilla/5.0 (compatible; Googlebot/2.1; +http://www.google.com/bot.html)"
66.249.71.173 - - [09/Oct/2012:19:06:56 +0200] "GET / HTTP/1.1" 200 12828 "-" "Mozilla/5.0 (compatible; Googlebot/2.1; +http://www.google.com/bot.html)"
93.196.31.71 - - [09/Oct/2012:19:33:41 +0200] "GET / HTTP/1.1" 200 12828 "-" "Jakarta Commons-HttpClient/3.1"
93.196.31.71 - - [09/Oct/2012:19:33:41 +0200] "GET /Impressum/impressum.html HTTP/1.1" 200 11991 "-" "Jakarta Commons-HttpClient/3.1"
178.154.179.250 - - [09/Oct/2012:20:44:43 +0200] "GET /Produkte/produkte.html HTTP/1.1" 200 17755 "-" "Mozilla/5.0 (compatible; YandexBot/3.0; +http://yandex.com/bots)"
178.154.179.250 - - [09/Oct/2012:23:17:29 +0200] "GET / HTTP/1.1" 200 12828 "-" "Mozilla/5.0 (compatible; YandexBot/3.0; +http://yandex.com/bots)"
66.249.71.173 - - [10/Oct/2012:00:50:33 +0200] "GET /Shop/Filter/filter_0.html HTTP/1.1" 200 26544 "-" "Mozilla/5.0 (compatible; Googlebot/2.1; +http://www.google.com/bot.html)"
66.249.71.173 - - [10/Oct/2012:03:05:27 +0200] "GET /Shop/Filter/filter_1.html HTTP/1.1" 200 26543 "-" "Mozilla/5.0 (compatible; Googlebot/2.1; +http://www.google.com/bot.html)"
178.25.93.230 - - [10/Oct/2012:06:53:45 +0200] "GET /robots.txt HTTP/1.0" 404 1256 "-" "Mozilla/5.0 (compatible; MJ12bot/v1.4.3; http://www.majestic12.co.uk/bot.php?+)"
178.25.93.230 - - [10/Oct/2012:06:53:47 +0200] "GET / HTTP/1.1" 200 12828 "-" "Mozilla/5.0 (compatible; MJ12bot/v1.4.3; http://www.majestic12.co.uk/bot.php?+)"
209.160.65.104 - - [10/Oct/2012:08:46:31 +0200] "HEAD / HTTP/1.0" 200 - "-" "MS Internet Explorer"
85.13.131.53 - - [10/Oct/2012:08:47:52 +0200] "GET / HTTP/1.0" 200 12828 "-" "-"
85.13.131.53 - - [10/Oct/2012:08:47:52 +0200] "GET / HTTP/1.0" 200 12828 "-" "-"
66.249.71.173 - - [10/Oct/2012:09:44:00 +0200] "GET /robots.txt HTTP/1.1" 404 1256 "-" "Mozilla/5.0 (compatible; Googlebot/2.1; +http://www.google.com/bot.html)"
66.249.71.173 - - [10/Oct/2012:09:44:00 +0200] "GET /Feinstaubfilter/Dexwet/dexwet.html HTTP/1.1" 200 16100 "-" "Mozilla/5.0 (compatible; Googlebot/2.1; +http://www.google.com/bot.html)"
5.9.25.72 - - [10/Oct/2012:13:46:20 +0200] "GET /robots.txt HTTP/1.1" 404 1256 "-" "Mozilla/5.0 (Windows NT 6.1; WOW64) AppleWebKit/537.4 (KHTML, like Gecko) Chrome/22.0.1229.79 Safari/537.4"
5.9.25.72 - - [10/Oct/2012:13:46:20 +0200] "GET /Shop/Filter/filter_2.html HTTP/1.1" 304 - "-" "Mozilla/5.0 (Windows NT 6.1; WOW64) AppleWebKit/537.4 (KHTML, like Gecko) Chrome/22.0.1229.79 Safari/537.4"
66.249.71.173 - - [10/Oct/2012:14:18:53 +0200] "GET /Feinstaubfilter/micronair/micronair.html HTTP/1.1" 200 19812 "-" "Mozilla/5.0 (compatible; Googlebot/2.1; +http://www.google.com/bot.html)"
66.249.71.173 - - [10/Oct/2012:15:42:25 +0200] "GET /Produkte/Tintenpatronen/tintenpatronen.html HTTP/1.1" 200 15225 "-" "Mozilla/5.0 (compatible; Googlebot/2.1; +http://www.google.com/bot.html)"
66.249.71.173 - - [10/Oct/2012:16:48:27 +0200] "GET /Produkte/produkte.html HTTP/1.1" 200 17755 "-" "Mozilla/5.0 (compatible; Googlebot/2.1; +http://www.google.com/bot.html)"
66.249.71.173 - - [10/Oct/2012:16:50:38 +0200] "GET /weitere_Produkte_Ns1.gif HTTP/1.1" 200 1960 "http://www.sirius-berlin.de/Produkte/produkte.html" "Mozilla/5.0 (compatible; Googlebot/2.1; +http://www.google.com/bot.html)"
66.249.71.173 - - [10/Oct/2012:16:50:39 +0200] "GET /Tonerkartuschen_Ns1.gif HTTP/1.1" 200 1960 "http://www.sirius-berlin.de/Produkte/produkte.html" "Mozilla/5.0 (compatible; Googlebot/2.1; +http://www.google.com/bot.html)"
66.249.71.173 - - [10/Oct/2012:16:50:39 +0200] "GET /zertifikat04.gif HTTP/1.1" 200 18090 "http://www.sirius-berlin.de/Produkte/produkte.html" "Mozilla/5.0 (compatible; Googlebot/2.1; +http://www.google.com/bot.html)"
66.249.71.173 - - [10/Oct/2012:16:50:40 +0200] "GET /Tintenpatronen_Ns1.gif HTTP/1.1" 200 1954 "http://www.sirius-berlin.de/Produkte/produkte.html" "Mozilla/5.0 (compatible; Googlebot/2.1; +http://www.google.com/bot.html)"
66.249.71.173 - - [10/Oct/2012:16:50:40 +0200] "GET /Produkte_NnBanner.gif HTTP/1.1" 200 5997 "http://www.sirius-berlin.de/Produkte/produkte.html" "Mozilla/5.0 (compatible; Googlebot/2.1; +http://www.google.com/bot.html)"
66.249.71.173 - - [10/Oct/2012:16:50:41 +0200] "GET /Produkte_Hp3.gif HTTP/1.1" 200 1878 "http://www.sirius-berlin.de/Produkte/produkte.html" "Mozilla/5.0 (compatible; Googlebot/2.1; +http://www.google.com/bot.html)"
66.249.71.173 - - [10/Oct/2012:16:50:41 +0200] "GET /RAL-UZ-55-FEB-2004_16003.jpg HTTP/1.1" 200 52762 "http://www.sirius-berlin.de/Produkte/produkte.html" "Mozilla/5.0 (compatible; Googlebot/2.1; +http://www.google.com/bot.html)"
66.249.71.173 - - [10/Oct/2012:16:50:42 +0200] "GET /DSC00199.JPG HTTP/1.1" 200 7772 "http://www.sirius-berlin.de/Produkte/produkte.html" "Mozilla/5.0 (compatible; Googlebot/2.1; +http://www.google.com/bot.html)"
66.249.71.173 - - [10/Oct/2012:16:50:42 +0200] "GET /Produkte/a_thumb_Multipack02.jpg HTTP/1.1" 200 19266 "http://www.sirius-berlin.de/Produkte/produkte.html" "Mozilla/5.0 (compatible; Googlebot/2.1; +http://www.google.com/bot.html)"
66.249.71.173 - - [10/Oct/2012:16:50:44 +0200] "GET /Tonerkartuschen_NRs2.gif HTTP/1.1" 200 1935 "http://www.sirius-berlin.de/Produkte/produkte.html" "Mozilla/5.0 (compatible; Googlebot/2.1; +http://www.google.com/bot.html)"
66.249.71.173 - - [10/Oct/2012:16:50:45 +0200] "GET /Produkte_HRp4.gif HTTP/1.1" 200 2518 "http://www.sirius-berlin.de/Produkte/produkte.html" "Mozilla/5.0 (compatible; Googlebot/2.1; +http://www.google.com/bot.html)"
66.249.71.173 - - [10/Oct/2012:16:50:45 +0200] "GET /Tintenpatronen_NRs2.gif HTTP/1.1" 200 1930 "http://www.sirius-berlin.de/Produkte/produkte.html" "Mozilla/5.0 (compatible; Googlebot/2.1; +http://www.google.com/bot.html)"
66.249.71.173 - - [10/Oct/2012:16:50:46 +0200] "GET /weitere_Produkte_NRs2.gif HTTP/1.1" 200 1935 "http://www.sirius-berlin.de/Produkte/produkte.html" "Mozilla/5.0 (compatible; Googlebot/2.1; +http://www.google.com/bot.html)"
66.249.71.173 - - [10/Oct/2012:19:50:51 +0200] "GET /Produkte/Tonerkartuschen/tonerkartuschen.html HTTP/1.1" 200 13203 "-" "Mozilla/5.0 (compatible; Googlebot/2.1; +http://www.google.com/bot.html)"
66.249.71.173 - - [10/Oct/2012:20:11:16 +0200] "GET /Produkte/weitere_Produkte/weitere_produkte.html HTTP/1.1" 200 12524 "-" "Mozilla/5.0 (compatible; Googlebot/2.1; +http://www.google.com/bot.html)"
37.140.141.34 - - [10/Oct/2012:22:48:06 +0200] "GET /robots.txt HTTP/1.1" 404 1256 "-" "Mozilla/5.0 (compatible; YandexImages/3.0; +http://yandex.com/bots)"
66.249.71.173 - - [11/Oct/2012:00:30:30 +0200] "GET /robots.txt HTTP/1.1" 404 1256 "-" "Mozilla/5.0 (compatible; Googlebot/2.1; +http://www.google.com/bot.html)"
66.249.71.173 - - [11/Oct/2012:00:30:30 +0200] "GET /Feinstaubfilter/feinstaubfilter.html HTTP/1.1" 304 - "-" "Mozilla/5.0 (compatible; Googlebot/2.1; +http://www.google.com/bot.html)"
37.140.141.34 - - [11/Oct/2012:00:34:25 +0200] "GET /Shop_Np1.gif HTTP/1.1" 200 1699 "-" "Mozilla/5.0 (compatible; YandexImages/3.0; +http://yandex.com/bots)"
37.140.141.34 - - [11/Oct/2012:02:35:37 +0200] "GET /clearpixel.gif HTTP/1.1" 200 43 "-" "Mozilla/5.0 (compatible; YandexImages/3.0; +http://yandex.com/bots)"
93.220.230.63 - - [11/Oct/2012:03:00:13 +0200] "GET / HTTP/1.1" 200 12828 "-" "Mozilla/4.0 (compatible; MSIE 8.0; Windows NT 6.0; .NET CLR 1.1.4322; .NET CLR 2.0.50110; InfoPath.1)"
93.220.230.63 - - [11/Oct/2012:03:00:19 +0200] "GET /Impressum/impressum.html HTTP/1.1" 200 11991 "-" "Mozilla/4.0 (compatible; MSIE 8.0; Windows NT 6.0; .NET CLR 1.1.4322)"
157.56.229.88 - - [11/Oct/2012:03:19:16 +0200] "GET /robots.txt HTTP/1.1" 404 1256 "-" "Mozilla/5.0 (compatible; bingbot/2.0; +http://www.bing.com/bingbot.htm)"
157.56.93.187 - - [11/Oct/2012:03:23:31 +0200] "GET /Feinstaubfilter/Dexwet/dexwet.html HTTP/1.1" 200 16100 "-" "Mozilla/5.0 (compatible; bingbot/2.0; +http://www.bing.com/bingbot.htm)"
157.55.35.53 - - [11/Oct/2012:03:23:50 +0200] "GET /Feinstaubfilter/micronair/micronair.html HTTP/1.1" 200 19812 "-" "Mozilla/5.0 (compatible; bingbot/2.0; +http://www.bing.com/bingbot.htm)"
157.55.33.110 - - [11/Oct/2012:03:25:02 +0200] "GET /Feinstaubfilter/feinstaubfilter.html HTTP/1.1" 200 13065 "-" "Mozilla/5.0 (compatible; bingbot/2.0; +http://www.bing.com/bingbot.htm)"
157.55.35.82 - - [11/Oct/2012:03:25:12 +0200] "GET /index.html HTTP/1.1" 200 12828 "-" "Mozilla/5.0 (compatible; bingbot/2.0; +http://www.bing.com/bingbot.htm)"
157.55.35.82 - - [11/Oct/2012:03:25:12 +0200] "GET /Produkte/produkte.html HTTP/1.1" 200 17755 "-" "Mozilla/5.0 (compatible; bingbot/2.0; +http://www.bing.com/bingbot.htm)"
65.55.52.117 - - [11/Oct/2012:03:55:23 +0200] "GET / HTTP/1.1" 200 12828 "-" "Mozilla/5.0 (compatible; bingbot/2.0; +http://www.bing.com/bingbot.htm)"
37.140.141.34 - - [11/Oct/2012:04:43:55 +0200] "GET /Service_Kontakt_Hp3.gif HTTP/1.1" 200 2451 "-" "Mozilla/5.0 (compatible; YandexImages/3.0; +http://yandex.com/bots)"
178.77.126.55 - - [11/Oct/2012:06:19:09 +0200] "GET /robots.txt HTTP/1.1" 404 1256 "-" "Mozilla/5.0 (compatible; CareerBot/1.1; +http://www.career-x.de/bot.html)"
178.77.126.55 - - [11/Oct/2012:06:19:09 +0200] "GET / HTTP/1.1" 200 12828 "-" "Mozilla/5.0 (compatible; CareerBot/1.1; +http://www.career-x.de/bot.html)"
83.133.125.202 - - [11/Oct/2012:06:42:23 +0200] "GET / HTTP/1.1" 200 12828 "http://www.sumaja.de/?such_wert=berlin" "T-Online Browser (Windows NT 6.1; de)"
176.9.38.139 - - [11/Oct/2012:08:11:50 +0200] "GET / HTTP/1.1" 200 12828 "-" "Mozilla/5.0 (X11; Linux i686; rv:7.0) Gecko/20100101 Firefox/7.0"
66.249.71.173 - - [11/Oct/2012:08:54:12 +0200] "GET /robots.txt HTTP/1.1" 404 1256 "-" "Mozilla/5.0 (compatible; Googlebot/2.1; +http://www.google.com/bot.html)"
66.249.71.173 - - [11/Oct/2012:13:06:46 +0200] "GET /Shop/Filter/filter_2.html HTTP/1.1" 304 - "-" "Mozilla/5.0 (compatible; Googlebot/2.1; +http://www.google.com/bot.html)"
66.249.71.173 - - [11/Oct/2012:14:26:02 +0200] "GET /Shop/Filter/filter_0.html HTTP/1.1" 304 - "-" "Mozilla/5.0 (compatible; Googlebot/2.1; +http://www.google.com/bot.html)"
66.249.71.173 - - [11/Oct/2012:15:12:35 +0200] "GET /Shop/Filter/filter_2.html HTTP/1.1" 304 - "-" "Mozilla/5.0 (compatible; Googlebot/2.1; +http://www.google.com/bot.html)"
208.115.111.67 - - [11/Oct/2012:22:00:02 +0200] "GET /robots.txt HTTP/1.1" 404 1256 "-" "Mozilla/5.0 (compatible; Ezooms/1.0; ezooms.bot@gmail.com)"
157.55.33.109 - - [11/Oct/2012:22:11:15 +0200] "GET /robots.txt HTTP/1.1" 404 1256 "-" "Mozilla/5.0 (compatible; bingbot/2.0; +http://www.bing.com/bingbot.htm)"
157.55.33.109 - - [11/Oct/2012:22:18:19 +0200] "GET / HTTP/1.1" 304 - "-" "Mozilla/5.0 (compatible; bingbot/2.0; +http://www.bing.com/bingbot.htm)"
208.115.113.83 - - [12/Oct/2012:00:09:49 +0200] "GET /robots.txt HTTP/1.1" 404 1256 "-" "Mozilla/5.0 (compatible; Ezooms/1.0; ezooms.bot@gmail.com)"
157.55.33.31 - - [12/Oct/2012:00:37:16 +0200] "GET /robots.txt HTTP/1.1" 404 1256 "-" "Mozilla/5.0 (compatible; bingbot/2.0; +http://www.bing.com/bingbot.htm)"
157.55.33.31 - - [12/Oct/2012:00:37:58 +0200] "GET /Produkte/Tonerkartuschen/tonerkartuschen.html HTTP/1.1" 304 - "-" "Mozilla/5.0 (compatible; bingbot/2.0; +http://www.bing.com/bingbot.htm)"
208.115.113.83 - - [12/Oct/2012:02:23:27 +0200] "GET /Feinstaubfilter/micronair/micronair.html HTTP/1.1" 200 19812 "-" "Mozilla/5.0 (compatible; Ezooms/1.0; ezooms.bot@gmail.com)"
208.115.111.67 - - [12/Oct/2012:09:50:43 +0200] "GET /robots.txt HTTP/1.1" 404 1256 "-" "Mozilla/5.0 (compatible; Ezooms/1.0; ezooms.bot@gmail.com)"
93.220.220.243 - - [12/Oct/2012:11:13:40 +0200] "GET / HTTP/1.1" 200 12828 "-" "Mozilla/4.0 (compatible; MSIE 7.0; Windows NT 6.0; WOW64; SLCC1; .NET CLR 2.0.50727; .NET CLR 1.1.4322)"
178.154.179.250 - - [12/Oct/2012:15:12:12 +0200] "GET /robots.txt HTTP/1.1" 404 1256 "-" "Mozilla/5.0 (compatible; YandexBot/3.0; +http://yandex.com/bots)"
208.115.113.83 - - [12/Oct/2012:16:07:57 +0200] "GET /robots.txt HTTP/1.1" 404 1256 "-" "Mozilla/5.0 (compatible; Ezooms/1.0; ezooms.bot@gmail.com)"
208.115.113.83 - - [12/Oct/2012:18:20:46 +0200] "GET /Feinstaubfilter/Dexwet/dexwet.html HTTP/1.1" 200 16100 "-" "Mozilla/5.0 (compatible; Ezooms/1.0; ezooms.bot@gmail.com)"
141.105.120.152 - - [12/Oct/2012:20:45:10 +0200] "GET /robots.txt HTTP/1.0" 404 1256 "-" "Mozilla/5.0 (compatible; OpenindexSpider; +http://www.openindex.io/en/webmasters/spider.html)"
141.105.120.152 - - [12/Oct/2012:20:45:10 +0200] "GET /index.html HTTP/1.0" 304 - "-" "Mozilla/5.0 (compatible; OpenindexSpider; +http://www.openindex.io/en/webmasters/spider.html)"
178.154.179.250 - - [12/Oct/2012:21:20:57 +0200] "GET /Impressum/impressum.html HTTP/1.1" 200 11991 "-" "Mozilla/5.0 (compatible; YandexBot/3.0; +http://yandex.com/bots)"
213.186.127.10 - - [12/Oct/2012:22:14:13 +0200] "GET /Shop/shop.html HTTP/1.1" 200 59578 "-" "Mozilla/5.0 (compatible; AhrefsBot/3.1; +http://ahrefs.com/robot/)"
157.56.93.193 - - [13/Oct/2012:01:24:19 +0200] "GET /robots.txt HTTP/1.1" 404 1256 "-" "Mozilla/5.0 (compatible; bingbot/2.0; +http://www.bing.com/bingbot.htm)"
65.55.24.237 - - [13/Oct/2012:01:26:22 +0200] "GET /Produkte/weitere_Produkte/weitere_produkte.html HTTP/1.1" 200 12524 "-" "Mozilla/5.0 (compatible; bingbot/2.0; +http://www.bing.com/bingbot.htm)"
157.56.93.193 - - [13/Oct/2012:01:26:24 +0200] "GET /Produkte/Tonerkartuschen/tonerkartuschen.html HTTP/1.1" 200 13203 "-" "Mozilla/5.0 (compatible; bingbot/2.0; +http://www.bing.com/bingbot.htm)"
157.55.35.53 - - [13/Oct/2012:01:54:20 +0200] "GET / HTTP/1.1" 304 - "-" "Mozilla/5.0 (compatible; bingbot/2.0; +http://www.bing.com/bingbot.htm)"
157.55.32.83 - - [13/Oct/2012:02:09:43 +0200] "GET /Service_Kontakt/service_kontakt.html HTTP/1.1" 200 11157 "-" "Mozilla/5.0 (compatible; bingbot/2.0; +http://www.bing.com/bingbot.htm)"
157.55.33.31 - - [13/Oct/2012:02:14:38 +0200] "GET /Impressum/impressum.html HTTP/1.1" 200 11991 "-" "Mozilla/5.0 (compatible; bingbot/2.0; +http://www.bing.com/bingbot.htm)"
157.55.32.83 - - [13/Oct/2012:02:25:48 +0200] "GET /Shop/shop.html HTTP/1.1" 200 59578 "-" "Mozilla/5.0 (compatible; bingbot/2.0; +http://www.bing.com/bingbot.htm)"
212.113.37.106 - - [13/Oct/2012:02:44:15 +0200] "GET /Produkte/Tonerkartuschen/tonerkartuschen.html HTTP/1.1" 200 13203 "-" "Mozilla/5.0 (compatible; AhrefsBot/3.1; +http://ahrefs.com/robot/)"
178.77.126.55 - - [13/Oct/2012:02:44:20 +0200] "GET /robots.txt HTTP/1.1" 404 1256 "-" "Mozilla/5.0 (compatible; CareerBot/1.1; +http://www.career-x.de/bot.html)"
178.77.126.55 - - [13/Oct/2012:02:44:20 +0200] "GET / HTTP/1.1" 200 12828 "-" "Mozilla/5.0 (compatible; CareerBot/1.1; +http://www.career-x.de/bot.html)"
213.186.120.196 - - [13/Oct/2012:04:52:40 +0200] "GET /robots.txt HTTP/1.1" 404 1256 "-" "Mozilla/5.0 (compatible; AhrefsBot/3.1; +http://ahrefs.com/robot/)"
65.55.24.237 - - [13/Oct/2012:06:10:17 +0200] "GET /robots.txt HTTP/1.1" 404 1256 "-" "Mozilla/5.0 (compatible; bingbot/2.0; +http://www.bing.com/bingbot.htm)"
157.56.93.193 - - [13/Oct/2012:06:12:58 +0200] "GET /Produkte/Tonerkartuschen/tonerkartuschen.html HTTP/1.1" 200 13203 "-" "Mozilla/5.0 (compatible; bingbot/2.0; +http://www.bing.com/bingbot.htm)"
65.55.24.237 - - [13/Oct/2012:06:13:31 +0200] "GET /Produkte/weitere_Produkte/weitere_produkte.html HTTP/1.1" 200 12524 "-" "Mozilla/5.0 (compatible; bingbot/2.0; +http://www.bing.com/bingbot.htm)"
157.55.33.251 - - [13/Oct/2012:06:24:08 +0200] "GET /Impressum/impressum.html HTTP/1.1" 200 11991 "-" "Mozilla/5.0 (compatible; bingbot/2.0; +http://www.bing.com/bingbot.htm)"
157.55.35.53 - - [13/Oct/2012:07:14:31 +0200] "GET /robots.txt HTTP/1.1" 404 1256 "-" "Mozilla/5.0 (compatible; bingbot/2.0; +http://www.bing.com/bingbot.htm)"
157.55.35.53 - - [13/Oct/2012:07:16:09 +0200] "GET / HTTP/1.1" 200 12828 "-" "Mozilla/5.0 (compatible; bingbot/2.0; +http://www.bing.com/bingbot.htm)"
157.55.32.83 - - [13/Oct/2012:07:18:13 +0200] "GET /Service_Kontakt/service_kontakt.html HTTP/1.1" 200 11157 "-" "Mozilla/5.0 (compatible; bingbot/2.0; +http://www.bing.com/bingbot.htm)"
157.55.32.83 - - [13/Oct/2012:07:27:49 +0200] "GET /Shop/shop.html HTTP/1.1" 200 59578 "-" "Mozilla/5.0 (compatible; bingbot/2.0; +http://www.bing.com/bingbot.htm)"
66.249.74.226 - - [13/Oct/2012:10:31:20 +0200] "GET /robots.txt HTTP/1.1" 404 1256 "-" "Mozilla/5.0 (compatible; Googlebot/2.1; +http://www.google.com/bot.html)"
66.249.74.226 - - [13/Oct/2012:10:31:20 +0200] "GET / HTTP/1.1" 200 12828 "-" "Mozilla/5.0 (compatible; Googlebot/2.1; +http://www.google.com/bot.html)"
178.154.179.250 - - [13/Oct/2012:13:07:36 +0200] "GET /robots.txt HTTP/1.1" 404 1256 "-" "Mozilla/5.0 (compatible; YandexBot/3.0; +http://yandex.com/bots)"
81.144.138.34 - - [13/Oct/2012:13:58:43 +0200] "GET /robots.txt HTTP/1.1" 404 1256 "-" "Wotbox/2.01 (+http://www.wotbox.com/bot/)"
81.144.138.34 - - [13/Oct/2012:13:58:57 +0200] "GET / HTTP/1.1" 200 12828 "-" "Wotbox/2.01 (+http://www.wotbox.com/bot/)"
81.144.138.34 - - [13/Oct/2012:13:59:04 +0200] "GET /index.html HTTP/1.1" 200 12828 "-" "Wotbox/2.01 (+http://www.wotbox.com/bot/)"
81.144.138.34 - - [13/Oct/2012:13:59:12 +0200] "GET /Produkte/produkte.html HTTP/1.1" 200 17755 "-" "Wotbox/2.01 (+http://www.wotbox.com/bot/)"
81.144.138.34 - - [13/Oct/2012:13:59:19 +0200] "GET /Feinstaubfilter/feinstaubfilter.html HTTP/1.1" 200 13065 "-" "Wotbox/2.01 (+http://www.wotbox.com/bot/)"
81.144.138.34 - - [13/Oct/2012:13:59:26 +0200] "GET /Service_Kontakt/service_kontakt.html HTTP/1.1" 200 11157 "-" "Wotbox/2.01 (+http://www.wotbox.com/bot/)"
81.144.138.34 - - [13/Oct/2012:13:59:31 +0200] "GET /Impressum/impressum.html HTTP/1.1" 200 11991 "-" "Wotbox/2.01 (+http://www.wotbox.com/bot/)"
81.144.138.34 - - [13/Oct/2012:13:59:39 +0200] "GET /Shop/shop.html HTTP/1.1" 200 59578 "-" "Wotbox/2.01 (+http://www.wotbox.com/bot/)"
81.144.138.34 - - [13/Oct/2012:13:59:47 +0200] "GET /Produkte/Tonerkartuschen/tonerkartuschen.html HTTP/1.1" 200 13203 "-" "Wotbox/2.01 (+http://www.wotbox.com/bot/)"
81.144.138.34 - - [13/Oct/2012:13:59:52 +0200] "GET /Produkte/Tintenpatronen/tintenpatronen.html HTTP/1.1" 200 15225 "-" "Wotbox/2.01 (+http://www.wotbox.com/bot/)"
81.144.138.34 - - [13/Oct/2012:13:59:58 +0200] "GET /Produkte/weitere_Produkte/weitere_produkte.html HTTP/1.1" 200 12524 "-" "Wotbox/2.01 (+http://www.wotbox.com/bot/)"
81.144.138.34 - - [13/Oct/2012:14:00:04 +0200] "GET /Feinstaubfilter/Dexwet/dexwet.html HTTP/1.1" 200 16100 "-" "Wotbox/2.01 (+http://www.wotbox.com/bot/)"
81.144.138.34 - - [13/Oct/2012:14:00:10 +0200] "GET /Feinstaubfilter/micronair/micronair.html HTTP/1.1" 200 19812 "-" "Wotbox/2.01 (+http://www.wotbox.com/bot/)"
81.144.138.34 - - [13/Oct/2012:14:00:17 +0200] "GET /Shop/Filter/filter_0.html HTTP/1.1" 200 26544 "-" "Wotbox/2.01 (+http://www.wotbox.com/bot/)"
81.144.138.34 - - [13/Oct/2012:14:00:25 +0200] "GET /Shop/Filter/filter_1.html HTTP/1.1" 200 26543 "-" "Wotbox/2.01 (+http://www.wotbox.com/bot/)"
81.144.138.34 - - [13/Oct/2012:14:00:32 +0200] "GET /Shop/Filter/filter_2.html HTTP/1.1" 200 26547 "-" "Wotbox/2.01 (+http://www.wotbox.com/bot/)"
178.154.179.250 - - [13/Oct/2012:14:19:42 +0200] "GET / HTTP/1.1" 200 12828 "-" "Mozilla/5.0 (compatible; YandexBot/3.0; +http://yandex.com/bots)"
178.154.179.250 - - [13/Oct/2012:14:45:46 +0200] "GET /index.html HTTP/1.1" 200 12828 "-" "Mozilla/5.0 (compatible; YandexBot/3.0; +http://yandex.com/bots)"
37.140.141.34 - - [14/Oct/2012:00:08:18 +0200] "GET /robots.txt HTTP/1.1" 404 1256 "-" "Mozilla/5.0 (compatible; YandexImages/3.0; +http://yandex.com/bots)"
194.7.35.200 - - [14/Oct/2012:01:08:23 +0200] "GET / HTTP/1.1" 200 12828 "-" "-"
194.7.35.200 - - [14/Oct/2012:01:08:34 +0200] "GET /Feinstaubfilter/feinstaubfilter.html HTTP/1.1" 200 13065 "-" "Mozilla/5.0 (Windows NT 6.1; WOW64) AppleWebKit/536.6 (KHTML, like Gecko) Chrome/20.0.1092.0 Safari/536.6"
194.7.35.200 - - [14/Oct/2012:01:08:35 +0200] "GET /Impressum/impressum.html HTTP/1.1" 200 11991 "-" "Mozilla/5.0 (Windows NT 6.1; WOW64) AppleWebKit/536.6 (KHTML, like Gecko) Chrome/20.0.1092.0 Safari/536.6"
194.7.35.200 - - [14/Oct/2012:01:08:35 +0200] "GET /index.html HTTP/1.1" 200 12828 "-" "Mozilla/5.0 (Windows NT 6.1; WOW64) AppleWebKit/536.6 (KHTML, like Gecko) Chrome/20.0.1092.0 Safari/536.6"
194.7.35.200 - - [14/Oct/2012:01:08:36 +0200] "GET /Produkte/produkte.html HTTP/1.1" 200 17755 "-" "Mozilla/5.0 (Windows NT 6.1; WOW64) AppleWebKit/536.6 (KHTML, like Gecko) Chrome/20.0.1092.0 Safari/536.6"
194.7.35.200 - - [14/Oct/2012:01:08:37 +0200] "GET /Service_Kontakt/service_kontakt.html HTTP/1.1" 200 11157 "-" "Mozilla/5.0 (Windows NT 6.1; WOW64) AppleWebKit/536.6 (KHTML, like Gecko) Chrome/20.0.1092.0 Safari/536.6"
194.7.35.200 - - [14/Oct/2012:01:08:37 +0200] "GET /Shop/shop.html HTTP/1.1" 200 59578 "-" "Mozilla/5.0 (Windows NT 6.1; WOW64) AppleWebKit/536.6 (KHTML, like Gecko) Chrome/20.0.1092.0 Safari/536.6"
194.7.35.200 - - [14/Oct/2012:01:08:38 +0200] "GET / HTTP/1.1" 200 12828 "-" "Mozilla/5.0 (Windows NT 6.1; WOW64) AppleWebKit/536.6 (KHTML, like Gecko) Chrome/20.0.1092.0 Safari/536.6"
194.7.35.200 - - [14/Oct/2012:01:08:38 +0200] "GET / HTTP/1.1" 200 12828 "-" "Mozilla/4.0 (compatible: MSIE 7.0; Windows Phone OS 7.0; Trident/3.1; IEMobile/7.0; HTC; 7 Trophy)"
37.140.141.34 - - [14/Oct/2012:03:07:28 +0200] "GET /clearpixel.gif HTTP/1.1" 200 43 "-" "Mozilla/5.0 (compatible; YandexImages/3.0; +http://yandex.com/bots)"
66.249.76.6 - - [14/Oct/2012:06:22:44 +0200] "GET /robots.txt HTTP/1.1" 404 1256 "-" "Mozilla/5.0 (compatible; Googlebot/2.1; +http://www.google.com/bot.html)"
66.249.76.6 - - [14/Oct/2012:06:22:44 +0200] "GET / HTTP/1.1" 200 12828 "-" "Mozilla/5.0 (iPhone; U; CPU iPhone OS 4_1 like Mac OS X; en-us) AppleWebKit/532.9 (KHTML, like Gecko) Version/4.0.5 Mobile/8B117 Safari/6531.22.7 (compatible; Googlebot-Mobile/2.1; +http://www.google.com/bot.html)"
37.140.141.34 - - [14/Oct/2012:07:30:48 +0200] "GET /Shop_Np1.gif HTTP/1.1" 200 1699 "-" "Mozilla/5.0 (compatible; YandexImages/3.0; +http://yandex.com/bots)"
37.140.141.34 - - [14/Oct/2012:11:31:39 +0200] "GET /Service_Kontakt_Hp3.gif HTTP/1.1" 200 2451 "-" "Mozilla/5.0 (compatible; YandexImages/3.0; +http://yandex.com/bots)"
37.140.141.34 - - [14/Oct/2012:15:27:24 +0200] "GET /Sirius-LOGO1.JPG HTTP/1.1" 200 4357 "-" "Mozilla/5.0 (compatible; YandexImages/3.0; +http://yandex.com/bots)"
69.58.178.58 - - [14/Oct/2012:15:30:43 +0200] "GET /robots.txt HTTP/1.1" 404 1256 "-" "Mozilla/5.0 (X11; U; Linux i686; en-US; rv:1.9.1.3; ips-agent) Gecko/20090824 Fedora/1.0.7-1.1.fc4 Firefox/3.5.3"
69.58.178.58 - - [14/Oct/2012:15:30:44 +0200] "GET / HTTP/1.1" 200 12828 "-" "Mozilla/5.0 (X11; U; Linux i686; en-US; rv:1.9.1.3; ips-agent) Gecko/20090824 Fedora/1.0.7-1.1.fc4 Firefox/3.5.3"
69.58.178.58 - - [14/Oct/2012:15:30:45 +0200] "GET /index.html HTTP/1.1" 200 12828 "-" "Mozilla/5.0 (X11; U; Linux i686; en-US; rv:1.9.1.3; ips-agent) Gecko/20090824 Fedora/1.0.7-1.1.fc4 Firefox/3.5.3"
69.58.178.58 - - [14/Oct/2012:15:30:47 +0200] "GET /Produkte/produkte.html HTTP/1.1" 200 17755 "-" "Mozilla/5.0 (X11; U; Linux i686; en-US; rv:1.9.1.3; ips-agent) Gecko/20090824 Fedora/1.0.7-1.1.fc4 Firefox/3.5.3"
69.58.178.58 - - [14/Oct/2012:15:30:48 +0200] "GET /Feinstaubfilter/feinstaubfilter.html HTTP/1.1" 200 13065 "-" "Mozilla/5.0 (X11; U; Linux i686; en-US; rv:1.9.1.3; ips-agent) Gecko/20090824 Fedora/1.0.7-1.1.fc4 Firefox/3.5.3"
69.58.178.58 - - [14/Oct/2012:15:30:49 +0200] "GET /Service_Kontakt/service_kontakt.html HTTP/1.1" 200 11157 "-" "Mozilla/5.0 (X11; U; Linux i686; en-US; rv:1.9.1.3; ips-agent) Gecko/20090824 Fedora/1.0.7-1.1.fc4 Firefox/3.5.3"
69.58.178.58 - - [14/Oct/2012:15:30:51 +0200] "GET /Impressum/impressum.html HTTP/1.1" 200 11991 "-" "Mozilla/5.0 (X11; U; Linux i686; en-US; rv:1.9.1.3; ips-agent) Gecko/20090824 Fedora/1.0.7-1.1.fc4 Firefox/3.5.3"
69.58.178.58 - - [14/Oct/2012:15:30:52 +0200] "GET /Shop/shop.html HTTP/1.1" 200 59578 "-" "Mozilla/5.0 (X11; U; Linux i686; en-US; rv:1.9.1.3; ips-agent) Gecko/20090824 Fedora/1.0.7-1.1.fc4 Firefox/3.5.3"
69.58.178.58 - - [14/Oct/2012:15:30:54 +0200] "GET /Produkte/Tonerkartuschen/tonerkartuschen.html HTTP/1.1" 200 13203 "-" "Mozilla/5.0 (X11; U; Linux i686; en-US; rv:1.9.1.3; ips-agent) Gecko/20090824 Fedora/1.0.7-1.1.fc4 Firefox/3.5.3"
69.58.178.58 - - [14/Oct/2012:15:30:55 +0200] "GET /Produkte/Tintenpatronen/tintenpatronen.html HTTP/1.1" 200 15225 "-" "Mozilla/5.0 (X11; U; Linux i686; en-US; rv:1.9.1.3; ips-agent) Gecko/20090824 Fedora/1.0.7-1.1.fc4 Firefox/3.5.3"
69.58.178.58 - - [14/Oct/2012:15:30:56 +0200] "GET /Produkte/weitere_Produkte/weitere_produkte.html HTTP/1.1" 200 12524 "-" "Mozilla/5.0 (X11; U; Linux i686; en-US; rv:1.9.1.3; ips-agent) Gecko/20090824 Fedora/1.0.7-1.1.fc4 Firefox/3.5.3"
66.249.76.6 - - [14/Oct/2012:18:56:14 +0200] "GET /robots.txt HTTP/1.1" 404 1256 "-" "Mozilla/5.0 (compatible; Googlebot/2.1; +http://www.google.com/bot.html)"
66.249.76.6 - - [14/Oct/2012:18:56:15 +0200] "GET /Impressum/impressum.html HTTP/1.1" 200 11991 "-" "Mozilla/5.0 (iPhone; U; CPU iPhone OS 4_1 like Mac OS X; en-us) AppleWebKit/532.9 (KHTML, like Gecko) Version/4.0.5 Mobile/8B117 Safari/6531.22.7 (compatible; Googlebot-Mobile/2.1; +http://www.google.com/bot.html)"
37.140.141.34 - - [14/Oct/2012:21:19:00 +0200] "GET /robots.txt HTTP/1.1" 404 1256 "-" "Mozilla/5.0 (compatible; YandexImages/3.0; +http://yandex.com/bots)"
37.140.141.34 - - [14/Oct/2012:23:46:45 +0200] "GET /Sirius-LOGO21.JPG HTTP/1.1" 200 2563 "-" "Mozilla/5.0 (compatible; YandexImages/3.0; +http://yandex.com/bots)"
178.77.126.55 - - [15/Oct/2012:00:01:06 +0200] "GET /robots.txt HTTP/1.1" 404 1256 "-" "Mozilla/5.0 (compatible; CareerBot/1.1; +http://www.career-x.de/bot.html)"
178.77.126.55 - - [15/Oct/2012:00:01:06 +0200] "GET / HTTP/1.1" 200 12828 "-" "Mozilla/5.0 (compatible; CareerBot/1.1; +http://www.career-x.de/bot.html)"
178.255.215.70 - - [15/Oct/2012:00:03:19 +0200] "GET /robots.txt HTTP/1.1" 404 1256 "-" "Mozilla/5.0 (compatible; Exabot/3.0; +http://www.exabot.com/go/robot)"
178.255.215.70 - - [15/Oct/2012:00:03:19 +0200] "GET /Service_Kontakt/service_kontakt.html HTTP/1.1" 304 - "-" "Mozilla/5.0 (compatible; Exabot/3.0; +http://www.exabot.com/go/robot)"
64.246.178.34 - - [15/Oct/2012:00:28:29 +0200] "GET /robots.txt HTTP/1.0" 404 1256 "-" "Mozilla/5.0 (Windows; U; Windows NT 5.1; en; rv:1.9.0.13) Gecko/2009073022 Firefox/3.5.2 (.NET CLR 3.5.30729) SurveyBot/2.3 (DomainTools)"
64.246.178.34 - - [15/Oct/2012:00:28:29 +0200] "GET / HTTP/1.1" 200 12828 "http://whois.domaintools.com/sirius-berlin.de" "Mozilla/5.0 (Windows; U; Windows NT 5.1; en; rv:1.9.0.13) Gecko/2009073022 Firefox/3.5.2 (.NET CLR 3.5.30729) SurveyBot/2.3 (DomainTools)"
66.249.76.6 - - [15/Oct/2012:02:01:50 +0200] "GET /Produkte/weitere_Produkte/weitere_produkte.html HTTP/1.1" 304 - "-" "Mozilla/5.0 (compatible; Googlebot/2.1; +http://www.google.com/bot.html)"
66.249.76.6 - - [15/Oct/2012:02:07:05 +0200] "GET /Produkte/Tonerkartuschen/tonerkartuschen.html HTTP/1.1" 200 13203 "-" "Mozilla/5.0 (compatible; Googlebot/2.1; +http://www.google.com/bot.html)"
37.140.141.34 - - [15/Oct/2012:02:10:38 +0200] "GET /Home_Hp3.gif HTTP/1.1" 200 1773 "-" "Mozilla/5.0 (compatible; YandexImages/3.0; +http://yandex.com/bots)"
37.140.141.34 - - [15/Oct/2012:02:51:56 +0200] "GET /DSC0019902.JPG HTTP/1.1" 200 7772 "-" "Mozilla/5.0 (compatible; YandexImages/3.0; +http://yandex.com/bots)"
178.154.179.250 - - [15/Oct/2012:07:43:36 +0200] "GET /robots.txt HTTP/1.1" 404 1256 "-" "Mozilla/5.0 (compatible; YandexBot/3.0; +http://yandex.com/bots)"
178.154.179.250 - - [15/Oct/2012:08:05:47 +0200] "GET / HTTP/1.1" 200 12828 "-" "Mozilla/5.0 (compatible; YandexBot/3.0; +http://yandex.com/bots)"
157.55.33.31 - - [15/Oct/2012:08:07:53 +0200] "GET /robots.txt HTTP/1.1" 404 1256 "-" "Mozilla/5.0 (compatible; bingbot/2.0; +http://www.bing.com/bingbot.htm)"
93.228.74.37 - - [15/Oct/2012:08:53:45 +0200] "GET / HTTP/1.1" 200 12828 "-" "Mozilla/5.0 (Windows; U; Windows NT 5.1; de; rv:1.9.0.10) Gecko/2009042316 Firefox/3.0.10 (.NET CLR 3.5.30729)"
93.228.74.37 - - [15/Oct/2012:08:53:50 +0200] "GET /Impressum/impressum.html HTTP/1.1" 200 11991 "-" "Mozilla/4.0 (compatible; MSIE 8.0; Windows NT 6.0; .NET CLR 1.1.4322; .NET CLR 2.0.50110; InfoPath.1)"
157.55.33.31 - - [15/Oct/2012:09:05:48 +0200] "GET / HTTP/1.1" 304 - "-" "Mozilla/5.0 (compatible; bingbot/2.0; +http://www.bing.com/bingbot.htm)"
157.55.35.82 - - [15/Oct/2012:13:23:58 +0200] "GET /robots.txt HTTP/1.1" 404 1256 "-" "Mozilla/5.0 (compatible; bingbot/2.0; +http://www.bing.com/bingbot.htm)"
157.55.35.82 - - [15/Oct/2012:13:33:23 +0200] "GET /Produkte/produkte.html HTTP/1.1" 304 - "-" "Mozilla/5.0 (compatible; bingbot/2.0; +http://www.bing.com/bingbot.htm)"
208.115.111.67 - - [15/Oct/2012:13:58:53 +0200] "GET /robots.txt HTTP/1.1" 404 1256 "-" "Mozilla/5.0 (compatible; Ezooms/1.0; ezooms.bot@gmail.com)"
78.46.92.78 - - [15/Oct/2012:15:02:33 +0200] "GET / HTTP/1.1" 200 12828 "http://www.google.de/" "Mozilla/5.0 (X11; U; Linux x86_64; de; rv:1.9.2.8) Gecko/20100723 Ubuntu/10.04 (lucid) Firefox/3.6.8"
208.115.113.83 - - [15/Oct/2012:16:17:53 +0200] "GET /robots.txt HTTP/1.1" 404 1256 "-" "Mozilla/5.0 (compatible; Ezooms/1.0; ezooms.bot@gmail.com)"
208.115.113.83 - - [15/Oct/2012:18:32:37 +0200] "GET /Shop/shop.html HTTP/1.1" 200 59578 "-" "Mozilla/5.0 (compatible; Ezooms/1.0; ezooms.bot@gmail.com)"
66.249.76.6 - - [15/Oct/2012:20:36:41 +0200] "GET /robots.txt HTTP/1.1" 404 1256 "-" "Mozilla/5.0 (compatible; Googlebot/2.1; +http://www.google.com/bot.html)"
66.249.76.6 - - [15/Oct/2012:20:36:41 +0200] "GET /Service_Kontakt/service_kontakt.html HTTP/1.1" 304 - "-" "Mozilla/5.0 (compatible; Googlebot/2.1; +http://www.google.com/bot.html)"
66.249.76.6 - - [15/Oct/2012:21:14:14 +0200] "GET /Shop/shop.html HTTP/1.1" 200 59578 "-" "Mozilla/5.0 (compatible; Googlebot/2.1; +http://www.google.com/bot.html)"
66.249.76.6 - - [15/Oct/2012:21:27:25 +0200] "GET /Filter_NRs2.gif HTTP/1.1" 200 1863 "-" "Mozilla/5.0 (compatible; Googlebot/2.1; +http://www.google.com/bot.html)"
66.249.76.6 - - [15/Oct/2012:21:27:26 +0200] "GET /Shop/spacer.gif HTTP/1.1" 200 43 "-" "Mozilla/5.0 (compatible; Googlebot/2.1; +http://www.google.com/bot.html)"
66.249.76.6 - - [15/Oct/2012:21:27:26 +0200] "GET /Filter_Ns1.gif HTTP/1.1" 200 1886 "-" "Mozilla/5.0 (compatible; Googlebot/2.1; +http://www.google.com/bot.html)"
66.249.76.6 - - [15/Oct/2012:21:27:27 +0200] "GET /db_micronair_70a.jpg HTTP/1.1" 200 1386 "-" "Mozilla/5.0 (compatible; Googlebot/2.1; +http://www.google.com/bot.html)"
66.249.76.6 - - [15/Oct/2012:21:27:27 +0200] "GET /db_micronair_80a1.jpg HTTP/1.1" 200 1398 "-" "Mozilla/5.0 (compatible; Googlebot/2.1; +http://www.google.com/bot.html)"
66.249.76.6 - - [15/Oct/2012:21:27:28 +0200] "GET /db_micronair_100a1.jpg HTTP/1.1" 200 1448 "-" "Mozilla/5.0 (compatible; Googlebot/2.1; +http://www.google.com/bot.html)"
66.249.76.6 - - [15/Oct/2012:21:27:29 +0200] "GET /store.js HTTP/1.1" 200 4275 "-" "Mozilla/5.0 (compatible; Googlebot/2.1; +http://www.google.com/bot.html)"
66.249.76.6 - - [15/Oct/2012:21:27:30 +0200] "GET /Shop_NnBanner.gif HTTP/1.1" 200 5825 "-" "Mozilla/5.0 (compatible; Googlebot/2.1; +http://www.google.com/bot.html)"
66.249.76.6 - - [15/Oct/2012:21:27:30 +0200] "GET /TUV_Siegel1.jpg HTTP/1.1" 200 34036 "-" "Mozilla/5.0 (compatible; Googlebot/2.1; +http://www.google.com/bot.html)"
213.193.106.222 - - [15/Oct/2012:22:30:15 +0200] "HEAD /index.html HTTP/1.1" 200 - "-" "Xenu Link Sleuth/1.3.8"
157.55.33.31 - - [15/Oct/2012:23:37:01 +0200] "GET /robots.txt HTTP/1.1" 404 1256 "-" "Mozilla/5.0 (compatible; bingbot/2.0; +http://www.bing.com/bingbot.htm)"
157.55.33.31 - - [16/Oct/2012:00:16:29 +0200] "GET / HTTP/1.1" 304 - "-" "Mozilla/5.0 (compatible; bingbot/2.0; +http://www.bing.com/bingbot.htm)"
66.249.76.6 - - [16/Oct/2012:00:21:50 +0200] "GET / HTTP/1.1" 304 - "-" "Mozilla/5.0 (compatible; Googlebot/2.1; +http://www.google.com/bot.html)"
157.55.33.31 - - [16/Oct/2012:01:03:29 +0200] "GET /robots.txt HTTP/1.1" 404 1256 "-" "Mozilla/5.0 (compatible; bingbot/2.0; +http://www.bing.com/bingbot.htm)"
157.55.33.31 - - [16/Oct/2012:02:34:04 +0200] "GET / HTTP/1.1" 304 - "-" "Mozilla/5.0 (compatible; bingbot/2.0; +http://www.bing.com/bingbot.htm)"
178.154.179.250 - - [16/Oct/2012:07:48:10 +0200] "GET /robots.txt HTTP/1.1" 404 1256 "-" "Mozilla/5.0 (compatible; YandexBot/3.0; +http://yandex.com/bots)"
178.154.179.250 - - [16/Oct/2012:08:41:35 +0200] "GET / HTTP/1.1" 200 12828 "-" "Mozilla/5.0 (compatible; YandexBot/3.0; +http://yandex.com/bots)"
66.249.76.6 - - [16/Oct/2012:10:37:29 +0200] "GET /robots.txt HTTP/1.1" 404 1256 "-" "Mozilla/5.0 (compatible; Googlebot/2.1; +http://www.google.com/bot.html)"
66.249.76.6 - - [16/Oct/2012:10:37:29 +0200] "GET /zertifikat04.gif HTTP/1.1" 304 - "-" "Googlebot-Image/1.0"
217.91.129.109 - - [16/Oct/2012:14:03:43 +0200] "GET / HTTP/1.0" 200 12828 "http://www.google.de/url?sa=t&rct=j&q=Sirius+Toner+Preise&source=web&cd=1&ved=0CD0QFjAA&url=http%3A%2F%2Fwww.sirius-berlin.de%2F&ei=D019UOa0IIbotQb_8YFw&usg=AFQjCNGPtAUXJumSlzcucuvDG92yo-pnyg" "Mozilla/5.0 (compatible; MSIE 9.0; Windows NT 6.1; Win64; x64; Trident/5.0)"
217.91.129.109 - - [16/Oct/2012:14:03:43 +0200] "GET /clearpixel.gif HTTP/1.0" 200 43 "http://www.sirius-berlin.de/" "Mozilla/5.0 (compatible; MSIE 9.0; Windows NT 6.1; Win64; x64; Trident/5.0)"
217.91.129.109 - - [16/Oct/2012:14:03:44 +0200] "GET /Sirius-LOGO21.JPG HTTP/1.0" 200 2563 "http://www.sirius-berlin.de/" "Mozilla/5.0 (compatible; MSIE 9.0; Windows NT 6.1; Win64; x64; Trident/5.0)"
217.91.129.109 - - [16/Oct/2012:14:03:44 +0200] "GET /Home_NnBanner.gif HTTP/1.0" 200 5803 "http://www.sirius-berlin.de/" "Mozilla/5.0 (compatible; MSIE 9.0; Windows NT 6.1; Win64; x64; Trident/5.0)"
217.91.129.109 - - [16/Oct/2012:14:03:44 +0200] "GET /Home_Hp3.gif HTTP/1.0" 200 1773 "http://www.sirius-berlin.de/" "Mozilla/5.0 (compatible; MSIE 9.0; Windows NT 6.1; Win64; x64; Trident/5.0)"
217.91.129.109 - - [16/Oct/2012:14:03:44 +0200] "GET /Produkte_Np1.gif HTTP/1.0" 200 1744 "http://www.sirius-berlin.de/" "Mozilla/5.0 (compatible; MSIE 9.0; Windows NT 6.1; Win64; x64; Trident/5.0)"
217.91.129.109 - - [16/Oct/2012:14:03:44 +0200] "GET /Feinstaubfilter_Np1.gif HTTP/1.0" 200 1780 "http://www.sirius-berlin.de/" "Mozilla/5.0 (compatible; MSIE 9.0; Windows NT 6.1; Win64; x64; Trident/5.0)"
217.91.129.109 - - [16/Oct/2012:14:03:44 +0200] "GET /Service_Kontakt_Np1.gif HTTP/1.0" 200 1794 "http://www.sirius-berlin.de/" "Mozilla/5.0 (compatible; MSIE 9.0; Windows NT 6.1; Win64; x64; Trident/5.0)"
217.91.129.109 - - [16/Oct/2012:14:03:44 +0200] "GET /Shop_Np1.gif HTTP/1.0" 200 1699 "http://www.sirius-berlin.de/" "Mozilla/5.0 (compatible; MSIE 9.0; Windows NT 6.1; Win64; x64; Trident/5.0)"
217.91.129.109 - - [16/Oct/2012:14:03:44 +0200] "GET /Impressum_Np1.gif HTTP/1.0" 200 1750 "http://www.sirius-berlin.de/" "Mozilla/5.0 (compatible; MSIE 9.0; Windows NT 6.1; Win64; x64; Trident/5.0)"
217.91.129.109 - - [16/Oct/2012:14:03:44 +0200] "GET /Sirius-LOGO1.JPG HTTP/1.0" 200 4357 "http://www.sirius-berlin.de/" "Mozilla/5.0 (compatible; MSIE 9.0; Windows NT 6.1; Win64; x64; Trident/5.0)"
217.91.129.109 - - [16/Oct/2012:14:03:44 +0200] "GET /BuiltWithNOF.gif HTTP/1.0" 200 2587 "http://www.sirius-berlin.de/" "Mozilla/5.0 (compatible; MSIE 9.0; Windows NT 6.1; Win64; x64; Trident/5.0)"
217.91.129.109 - - [16/Oct/2012:14:03:44 +0200] "GET /rollover.js HTTP/1.0" 200 32709 "http://www.sirius-berlin.de/" "Mozilla/5.0 (compatible; MSIE 9.0; Windows NT 6.1; Win64; x64; Trident/5.0)"
217.91.129.109 - - [16/Oct/2012:14:03:44 +0200] "GET /DSC0019902.JPG HTTP/1.0" 200 7772 "http://www.sirius-berlin.de/" "Mozilla/5.0 (compatible; MSIE 9.0; Windows NT 6.1; Win64; x64; Trident/5.0)"
217.91.129.109 - - [16/Oct/2012:14:03:44 +0200] "GET /background.gif HTTP/1.0" 200 5457 "http://www.sirius-berlin.de/" "Mozilla/5.0 (compatible; MSIE 9.0; Windows NT 6.1; Win64; x64; Trident/5.0)"
217.91.129.109 - - [16/Oct/2012:14:03:44 +0200] "GET /Home_HRp4.gif HTTP/1.0" 200 2027 "http://www.sirius-berlin.de/" "Mozilla/5.0 (compatible; MSIE 9.0; Windows NT 6.1; Win64; x64; Trident/5.0)"
217.91.129.109 - - [16/Oct/2012:14:03:44 +0200] "GET /Produkte_NRp2.gif HTTP/1.0" 200 2001 "http://www.sirius-berlin.de/" "Mozilla/5.0 (compatible; MSIE 9.0; Windows NT 6.1; Win64; x64; Trident/5.0)"
217.91.129.109 - - [16/Oct/2012:14:03:44 +0200] "GET /Feinstaubfilter_NRp2.gif HTTP/1.0" 200 2034 "http://www.sirius-berlin.de/" "Mozilla/5.0 (compatible; MSIE 9.0; Windows NT 6.1; Win64; x64; Trident/5.0)"
217.91.129.109 - - [16/Oct/2012:14:03:44 +0200] "GET /Impressum_NRp2.gif HTTP/1.0" 200 2011 "http://www.sirius-berlin.de/" "Mozilla/5.0 (compatible; MSIE 9.0; Windows NT 6.1; Win64; x64; Trident/5.0)"
217.91.129.109 - - [16/Oct/2012:14:03:44 +0200] "GET /Shop_NRp2.gif HTTP/1.0" 200 1954 "http://www.sirius-berlin.de/" "Mozilla/5.0 (compatible; MSIE 9.0; Windows NT 6.1; Win64; x64; Trident/5.0)"
217.91.129.109 - - [16/Oct/2012:14:03:44 +0200] "GET /Service_Kontakt_NRp2.gif HTTP/1.0" 200 2044 "http://www.sirius-berlin.de/" "Mozilla/5.0 (compatible; MSIE 9.0; Windows NT 6.1; Win64; x64; Trident/5.0)"
217.91.129.109 - - [16/Oct/2012:14:03:45 +0200] "GET /favicon.ico HTTP/1.0" 404 1256 "-" "Mozilla/5.0 (compatible; MSIE 9.0; Windows NT 6.1; Win64; x64; Trident/5.0)"
217.91.129.109 - - [16/Oct/2012:14:03:51 +0200] "GET /Produkte/produkte.html HTTP/1.0" 200 17755 "http://www.sirius-berlin.de/" "Mozilla/5.0 (compatible; MSIE 9.0; Windows NT 6.1; Win64; x64; Trident/5.0)"
217.91.129.109 - - [16/Oct/2012:14:03:52 +0200] "GET /Home_Np1.gif HTTP/1.0" 200 1706 "http://www.sirius-berlin.de/Produkte/produkte.html" "Mozilla/5.0 (compatible; MSIE 9.0; Windows NT 6.1; Win64; x64; Trident/5.0)"
217.91.129.109 - - [16/Oct/2012:14:03:52 +0200] "GET /Produkte_Hp3.gif HTTP/1.0" 200 1878 "http://www.sirius-berlin.de/Produkte/produkte.html" "Mozilla/5.0 (compatible; MSIE 9.0; Windows NT 6.1; Win64; x64; Trident/5.0)"
217.91.129.109 - - [16/Oct/2012:14:03:52 +0200] "GET /Home_Np1.gif HTTP/1.0" 200 1706 "http://www.sirius-berlin.de/Produkte/produkte.html" "Mozilla/5.0 (compatible; MSIE 9.0; Windows NT 6.1; Win64; x64; Trident/5.0)"
217.91.129.109 - - [16/Oct/2012:14:03:52 +0200] "GET /Produkte_Hp3.gif HTTP/1.0" 200 1878 "http://www.sirius-berlin.de/Produkte/produkte.html" "Mozilla/5.0 (compatible; MSIE 9.0; Windows NT 6.1; Win64; x64; Trident/5.0)"
217.91.129.109 - - [16/Oct/2012:14:03:52 +0200] "GET /Tintenpatronen_Ns1.gif HTTP/1.0" 200 1954 "http://www.sirius-berlin.de/Produkte/produkte.html" "Mozilla/5.0 (compatible; MSIE 9.0; Windows NT 6.1; Win64; x64; Trident/5.0)"
217.91.129.109 - - [16/Oct/2012:14:03:52 +0200] "GET /Tonerkartuschen_Ns1.gif HTTP/1.0" 200 1960 "http://www.sirius-berlin.de/Produkte/produkte.html" "Mozilla/5.0 (compatible; MSIE 9.0; Windows NT 6.1; Win64; x64; Trident/5.0)"
217.91.129.109 - - [16/Oct/2012:14:03:52 +0200] "GET /weitere_Produkte_Ns1.gif HTTP/1.0" 200 1960 "http://www.sirius-berlin.de/Produkte/produkte.html" "Mozilla/5.0 (compatible; MSIE 9.0; Windows NT 6.1; Win64; x64; Trident/5.0)"
217.91.129.109 - - [16/Oct/2012:14:03:52 +0200] "GET /Home_NRp2.gif HTTP/1.0" 200 1965 "http://www.sirius-berlin.de/Produkte/produkte.html" "Mozilla/5.0 (compatible; MSIE 9.0; Windows NT 6.1; Win64; x64; Trident/5.0)"
217.91.129.109 - - [16/Oct/2012:14:03:52 +0200] "GET /Produkte_HRp4.gif HTTP/1.0" 200 2518 "http://www.sirius-berlin.de/Produkte/produkte.html" "Mozilla/5.0 (compatible; MSIE 9.0; Windows NT 6.1; Win64; x64; Trident/5.0)"
217.91.129.109 - - [16/Oct/2012:14:03:52 +0200] "GET /Produkte_NnBanner.gif HTTP/1.0" 200 5997 "http://www.sirius-berlin.de/Produkte/produkte.html" "Mozilla/5.0 (compatible; MSIE 9.0; Windows NT 6.1; Win64; x64; Trident/5.0)"
217.91.129.109 - - [16/Oct/2012:14:03:52 +0200] "GET /DSC00199.JPG HTTP/1.0" 200 7772 "http://www.sirius-berlin.de/Produkte/produkte.html" "Mozilla/5.0 (compatible; MSIE 9.0; Windows NT 6.1; Win64; x64; Trident/5.0)"
217.91.129.109 - - [16/Oct/2012:14:03:52 +0200] "GET /weitere_Produkte_NRs2.gif HTTP/1.0" 200 1935 "http://www.sirius-berlin.de/Produkte/produkte.html" "Mozilla/5.0 (compatible; MSIE 9.0; Windows NT 6.1; Win64; x64; Trident/5.0)"
217.91.129.109 - - [16/Oct/2012:14:03:52 +0200] "GET /Tonerkartuschen_NRs2.gif HTTP/1.0" 200 1935 "http://www.sirius-berlin.de/Produkte/produkte.html" "Mozilla/5.0 (compatible; MSIE 9.0; Windows NT 6.1; Win64; x64; Trident/5.0)"
217.91.129.109 - - [16/Oct/2012:14:03:52 +0200] "GET /Tintenpatronen_NRs2.gif HTTP/1.0" 200 1930 "http://www.sirius-berlin.de/Produkte/produkte.html" "Mozilla/5.0 (compatible; MSIE 9.0; Windows NT 6.1; Win64; x64; Trident/5.0)"
217.91.129.109 - - [16/Oct/2012:14:03:52 +0200] "GET /Produkte/a_thumb_Multipack02.jpg HTTP/1.0" 200 19266 "http://www.sirius-berlin.de/Produkte/produkte.html" "Mozilla/5.0 (compatible; MSIE 9.0; Windows NT 6.1; Win64; x64; Trident/5.0)"
217.91.129.109 - - [16/Oct/2012:14:03:52 +0200] "GET /RAL-UZ-55-FEB-2004_16003.jpg HTTP/1.0" 200 52762 "http://www.sirius-berlin.de/Produkte/produkte.html" "Mozilla/5.0 (compatible; MSIE 9.0; Windows NT 6.1; Win64; x64; Trident/5.0)"
217.91.129.109 - - [16/Oct/2012:14:03:52 +0200] "GET /zertifikat04.gif HTTP/1.0" 200 18090 "http://www.sirius-berlin.de/Produkte/produkte.html" "Mozilla/5.0 (compatible; MSIE 9.0; Windows NT 6.1; Win64; x64; Trident/5.0)"
217.91.129.109 - - [16/Oct/2012:14:03:54 +0200] "GET /Produkte/Tonerkartuschen/tonerkartuschen.html HTTP/1.0" 200 13203 "http://www.sirius-berlin.de/Produkte/produkte.html" "Mozilla/5.0 (compatible; MSIE 9.0; Windows NT 6.1; Win64; x64; Trident/5.0)"
217.91.129.109 - - [16/Oct/2012:14:03:55 +0200] "GET /Tonerkartuschen_Hs1.gif HTTP/1.0" 200 1956 "http://www.sirius-berlin.de/Produkte/Tonerkartuschen/tonerkartuschen.html" "Mozilla/5.0 (compatible; MSIE 9.0; Windows NT 6.1; Win64; x64; Trident/5.0)"
217.91.129.109 - - [16/Oct/2012:14:03:55 +0200] "GET /Tonerkartuschen_NnBanner.gif HTTP/1.0" 200 6237 "http://www.sirius-berlin.de/Produkte/Tonerkartuschen/tonerkartuschen.html" "Mozilla/5.0 (compatible; MSIE 9.0; Windows NT 6.1; Win64; x64; Trident/5.0)"
217.91.129.109 - - [16/Oct/2012:14:03:55 +0200] "GET /thumb_Grafik_Toner.jpg HTTP/1.0" 200 13262 "http://www.sirius-berlin.de/Produkte/Tonerkartuschen/tonerkartuschen.html" "Mozilla/5.0 (compatible; MSIE 9.0; Windows NT 6.1; Win64; x64; Trident/5.0)"
217.91.129.109 - - [16/Oct/2012:14:03:55 +0200] "GET /Tonerkartuschen_HRs4.gif HTTP/1.0" 200 1931 "http://www.sirius-berlin.de/Produkte/Tonerkartuschen/tonerkartuschen.html" "Mozilla/5.0 (compatible; MSIE 9.0; Windows NT 6.1; Win64; x64; Trident/5.0)"
217.91.129.109 - - [16/Oct/2012:14:05:42 +0200] "GET /Produkte/Tintenpatronen/tintenpatronen.html HTTP/1.0" 200 15225 "http://www.sirius-berlin.de/Produkte/Tonerkartuschen/tonerkartuschen.html" "Mozilla/5.0 (compatible; MSIE 9.0; Windows NT 6.1; Win64; x64; Trident/5.0)"
217.91.129.109 - - [16/Oct/2012:14:05:42 +0200] "GET /Tintenpatronen_Hs1.gif HTTP/1.0" 200 1945 "http://www.sirius-berlin.de/Produkte/Tintenpatronen/tintenpatronen.html" "Mozilla/5.0 (compatible; MSIE 9.0; Windows NT 6.1; Win64; x64; Trident/5.0)"
217.91.129.109 - - [16/Oct/2012:14:05:42 +0200] "GET /thumb_H11.jpg HTTP/1.0" 200 18558 "http://www.sirius-berlin.de/Produkte/Tintenpatronen/tintenpatronen.html" "Mozilla/5.0 (compatible; MSIE 9.0; Windows NT 6.1; Win64; x64; Trident/5.0)"
217.91.129.109 - - [16/Oct/2012:14:05:42 +0200] "GET /Tintenpatronen_NnBanner.gif HTTP/1.0" 200 6155 "http://www.sirius-berlin.de/Produkte/Tintenpatronen/tintenpatronen.html" "Mozilla/5.0 (compatible; MSIE 9.0; Windows NT 6.1; Win64; x64; Trident/5.0)"
217.91.129.109 - - [16/Oct/2012:14:05:42 +0200] "GET /thumb_Tintentank.jpg HTTP/1.0" 200 12149 "http://www.sirius-berlin.de/Produkte/Tintenpatronen/tintenpatronen.html" "Mozilla/5.0 (compatible; MSIE 9.0; Windows NT 6.1; Win64; x64; Trident/5.0)"
217.91.129.109 - - [16/Oct/2012:14:05:42 +0200] "GET /thumb_Carrier.jpg HTTP/1.0" 200 12791 "http://www.sirius-berlin.de/Produkte/Tintenpatronen/tintenpatronen.html" "Mozilla/5.0 (compatible; MSIE 9.0; Windows NT 6.1; Win64; x64; Trident/5.0)"
217.91.129.109 - - [16/Oct/2012:14:05:42 +0200] "GET /Tintenpatronen_HRs4.gif HTTP/1.0" 200 1922 "http://www.sirius-berlin.de/Produkte/Tintenpatronen/tintenpatronen.html" "Mozilla/5.0 (compatible; MSIE 9.0; Windows NT 6.1; Win64; x64; Trident/5.0)"
217.91.129.109 - - [16/Oct/2012:14:05:42 +0200] "GET /thumb_Multipack.jpg HTTP/1.0" 200 22923 "http://www.sirius-berlin.de/Produkte/Tintenpatronen/tintenpatronen.html" "Mozilla/5.0 (compatible; MSIE 9.0; Windows NT 6.1; Win64; x64; Trident/5.0)"
217.91.129.109 - - [16/Oct/2012:14:05:42 +0200] "GET /thumb_C35.jpg HTTP/1.0" 200 17851 "http://www.sirius-berlin.de/Produkte/Tintenpatronen/tintenpatronen.html" "Mozilla/5.0 (compatible; MSIE 9.0; Windows NT 6.1; Win64; x64; Trident/5.0)"
217.91.129.109 - - [16/Oct/2012:14:06:20 +0200] "GET /Shop/shop.html HTTP/1.0" 200 59578 "http://www.sirius-berlin.de/Produkte/Tonerkartuschen/tonerkartuschen.html" "Mozilla/5.0 (compatible; MSIE 9.0; Windows NT 6.1; Win64; x64; Trident/5.0)"
217.91.129.109 - - [16/Oct/2012:14:06:20 +0200] "GET /Filter_Ns1.gif HTTP/1.0" 200 1886 "http://www.sirius-berlin.de/Shop/shop.html" "Mozilla/5.0 (compatible; MSIE 9.0; Windows NT 6.1; Win64; x64; Trident/5.0)"
217.91.129.109 - - [16/Oct/2012:14:06:20 +0200] "GET /Shop_NnBanner.gif HTTP/1.0" 200 5825 "http://www.sirius-berlin.de/Shop/shop.html" "Mozilla/5.0 (compatible; MSIE 9.0; Windows NT 6.1; Win64; x64; Trident/5.0)"
217.91.129.109 - - [16/Oct/2012:14:06:20 +0200] "GET /store.js HTTP/1.0" 200 4275 "http://www.sirius-berlin.de/Shop/shop.html" "Mozilla/5.0 (compatible; MSIE 9.0; Windows NT 6.1; Win64; x64; Trident/5.0)"
217.91.129.109 - - [16/Oct/2012:14:06:20 +0200] "GET /Shop/spacer.gif HTTP/1.0" 200 43 "http://www.sirius-berlin.de/Shop/shop.html" "Mozilla/5.0 (compatible; MSIE 9.0; Windows NT 6.1; Win64; x64; Trident/5.0)"
217.91.129.109 - - [16/Oct/2012:14:06:20 +0200] "GET /db_micronair_70a.jpg HTTP/1.0" 200 1386 "http://www.sirius-berlin.de/Shop/shop.html" "Mozilla/5.0 (compatible; MSIE 9.0; Windows NT 6.1; Win64; x64; Trident/5.0)"
217.91.129.109 - - [16/Oct/2012:14:06:20 +0200] "GET /Shop_Hp3.gif HTTP/1.0" 200 1803 "http://www.sirius-berlin.de/Shop/shop.html" "Mozilla/5.0 (compatible; MSIE 9.0; Windows NT 6.1; Win64; x64; Trident/5.0)"
217.91.129.109 - - [16/Oct/2012:14:06:20 +0200] "GET /Filter_NRs2.gif HTTP/1.0" 200 1863 "http://www.sirius-berlin.de/Shop/shop.html" "Mozilla/5.0 (compatible; MSIE 9.0; Windows NT 6.1; Win64; x64; Trident/5.0)"
217.91.129.109 - - [16/Oct/2012:14:06:20 +0200] "GET /Shop_HRp4.gif HTTP/1.0" 200 2051 "http://www.sirius-berlin.de/Shop/shop.html" "Mozilla/5.0 (compatible; MSIE 9.0; Windows NT 6.1; Win64; x64; Trident/5.0)"
217.91.129.109 - - [16/Oct/2012:14:06:20 +0200] "GET /db_micronair_80a1.jpg HTTP/1.0" 200 1398 "http://www.sirius-berlin.de/Shop/shop.html" "Mozilla/5.0 (compatible; MSIE 9.0; Windows NT 6.1; Win64; x64; Trident/5.0)"
217.91.129.109 - - [16/Oct/2012:14:06:20 +0200] "GET /db_micronair_100a1.jpg HTTP/1.0" 200 1448 "http://www.sirius-berlin.de/Shop/shop.html" "Mozilla/5.0 (compatible; MSIE 9.0; Windows NT 6.1; Win64; x64; Trident/5.0)"
217.91.129.109 - - [16/Oct/2012:14:06:20 +0200] "GET /TUV_Siegel1.jpg HTTP/1.0" 200 34036 "http://www.sirius-berlin.de/Shop/shop.html" "Mozilla/5.0 (compatible; MSIE 9.0; Windows NT 6.1; Win64; x64; Trident/5.0)"
217.91.129.109 - - [16/Oct/2012:14:06:29 +0200] "GET /Service_Kontakt/service_kontakt.html HTTP/1.0" 200 11157 "http://www.sirius-berlin.de/Shop/shop.html" "Mozilla/5.0 (compatible; MSIE 9.0; Windows NT 6.1; Win64; x64; Trident/5.0)"
