207.46.13.163 - - [01/Apr/2012:00:50:23 +0200] "GET /robots.txt HTTP/1.1" 404 1256 "-" "Mozilla/5.0 (compatible; bingbot/2.0; +http://www.bing.com/bingbot.htm)"
207.46.13.163 - - [01/Apr/2012:00:51:36 +0200] "GET / HTTP/1.1" 304 - "-" "Mozilla/5.0 (compatible; bingbot/2.0; +http://www.bing.com/bingbot.htm)"
66.249.71.141 - - [01/Apr/2012:05:50:13 +0200] "GET /robots.txt HTTP/1.1" 404 1256 "-" "Mozilla/5.0 (compatible; Googlebot/2.1; +http://www.google.com/bot.html)"
66.249.71.141 - - [01/Apr/2012:05:50:14 +0200] "GET /Impressum/impressum.html HTTP/1.1" 200 11991 "-" "Mozilla/5.0 (compatible; Googlebot/2.1; +http://www.google.com/bot.html)"
66.249.71.141 - - [01/Apr/2012:06:59:57 +0200] "GET /Impressum_Hp3.gif HTTP/1.1" 200 1876 "-" "Mozilla/5.0 (compatible; Googlebot/2.1; +http://www.google.com/bot.html)"
66.249.71.141 - - [01/Apr/2012:06:59:58 +0200] "GET /Impressum_HRp4.gif HTTP/1.1" 200 2143 "-" "Mozilla/5.0 (compatible; Googlebot/2.1; +http://www.google.com/bot.html)"
66.249.71.141 - - [01/Apr/2012:06:59:59 +0200] "GET /Sirius-LOGO102.JPG HTTP/1.1" 200 4357 "-" "Mozilla/5.0 (compatible; Googlebot/2.1; +http://www.google.com/bot.html)"
66.249.71.141 - - [01/Apr/2012:07:00:00 +0200] "GET /Feinstaubfilter_NRp2.gif HTTP/1.1" 200 2034 "-" "Mozilla/5.0 (compatible; Googlebot/2.1; +http://www.google.com/bot.html)"
66.249.71.141 - - [01/Apr/2012:07:00:01 +0200] "GET /Feinstaubfilter_Np1.gif HTTP/1.1" 200 1780 "-" "Mozilla/5.0 (compatible; Googlebot/2.1; +http://www.google.com/bot.html)"
66.249.71.141 - - [01/Apr/2012:07:00:02 +0200] "GET /Impressum_NnBanner.gif HTTP/1.1" 200 5996 "-" "Mozilla/5.0 (compatible; Googlebot/2.1; +http://www.google.com/bot.html)"
66.249.71.141 - - [01/Apr/2012:07:00:03 +0200] "GET /Karte02.JPG HTTP/1.1" 200 14958 "-" "Mozilla/5.0 (compatible; Googlebot/2.1; +http://www.google.com/bot.html)"
85.88.17.62 - - [01/Apr/2012:13:32:38 +0200] "GET / HTTP/1.1" 200 12828 "-" "Mozilla/5.0 (Windows; U; Windows NT 5.1; de-DE; rv:1.7.12) Gecko/20120219 Firefox/3.6.23"
88.74.79.173 - - [01/Apr/2012:14:40:09 +0200] "GET / HTTP/1.1" 200 12828 "-" "Mozilla/5.0 (Windows NT 6.1; WOW64; rv:11.0) Gecko/20100101 Firefox/11.0"
88.74.79.173 - - [01/Apr/2012:14:40:09 +0200] "GET /Sirius-LOGO21.JPG HTTP/1.1" 200 2563 "http://www.sirius-berlin.de/" "Mozilla/5.0 (Windows NT 6.1; WOW64; rv:11.0) Gecko/20100101 Firefox/11.0"
88.74.79.173 - - [01/Apr/2012:14:40:09 +0200] "GET /clearpixel.gif HTTP/1.1" 200 43 "http://www.sirius-berlin.de/" "Mozilla/5.0 (Windows NT 6.1; WOW64; rv:11.0) Gecko/20100101 Firefox/11.0"
88.74.79.173 - - [01/Apr/2012:14:40:09 +0200] "GET /Home_Hp3.gif HTTP/1.1" 200 1773 "http://www.sirius-berlin.de/" "Mozilla/5.0 (Windows NT 6.1; WOW64; rv:11.0) Gecko/20100101 Firefox/11.0"
88.74.79.173 - - [01/Apr/2012:14:40:09 +0200] "GET /Produkte_Np1.gif HTTP/1.1" 200 1744 "http://www.sirius-berlin.de/" "Mozilla/5.0 (Windows NT 6.1; WOW64; rv:11.0) Gecko/20100101 Firefox/11.0"
88.74.79.173 - - [01/Apr/2012:14:40:09 +0200] "GET /Feinstaubfilter_Np1.gif HTTP/1.1" 200 1780 "http://www.sirius-berlin.de/" "Mozilla/5.0 (Windows NT 6.1; WOW64; rv:11.0) Gecko/20100101 Firefox/11.0"
88.74.79.173 - - [01/Apr/2012:14:40:09 +0200] "GET /Service_Kontakt_Np1.gif HTTP/1.1" 200 1794 "http://www.sirius-berlin.de/" "Mozilla/5.0 (Windows NT 6.1; WOW64; rv:11.0) Gecko/20100101 Firefox/11.0"
88.74.79.173 - - [01/Apr/2012:14:40:09 +0200] "GET /Impressum_Np1.gif HTTP/1.1" 200 1750 "http://www.sirius-berlin.de/" "Mozilla/5.0 (Windows NT 6.1; WOW64; rv:11.0) Gecko/20100101 Firefox/11.0"
88.74.79.173 - - [01/Apr/2012:14:40:09 +0200] "GET /Shop_Np1.gif HTTP/1.1" 200 1699 "http://www.sirius-berlin.de/" "Mozilla/5.0 (Windows NT 6.1; WOW64; rv:11.0) Gecko/20100101 Firefox/11.0"
88.74.79.173 - - [01/Apr/2012:14:40:09 +0200] "GET /BuiltWithNOF.gif HTTP/1.1" 200 2587 "http://www.sirius-berlin.de/" "Mozilla/5.0 (Windows NT 6.1; WOW64; rv:11.0) Gecko/20100101 Firefox/11.0"
88.74.79.173 - - [01/Apr/2012:14:40:09 +0200] "GET /Home_NnBanner.gif HTTP/1.1" 200 5803 "http://www.sirius-berlin.de/" "Mozilla/5.0 (Windows NT 6.1; WOW64; rv:11.0) Gecko/20100101 Firefox/11.0"
88.74.79.173 - - [01/Apr/2012:14:40:09 +0200] "GET /Sirius-LOGO1.JPG HTTP/1.1" 200 4357 "http://www.sirius-berlin.de/" "Mozilla/5.0 (Windows NT 6.1; WOW64; rv:11.0) Gecko/20100101 Firefox/11.0"
88.74.79.173 - - [01/Apr/2012:14:40:09 +0200] "GET /DSC0019902.JPG HTTP/1.1" 200 7772 "http://www.sirius-berlin.de/" "Mozilla/5.0 (Windows NT 6.1; WOW64; rv:11.0) Gecko/20100101 Firefox/11.0"
88.74.79.173 - - [01/Apr/2012:14:40:09 +0200] "GET /rollover.js HTTP/1.1" 200 32709 "http://www.sirius-berlin.de/" "Mozilla/5.0 (Windows NT 6.1; WOW64; rv:11.0) Gecko/20100101 Firefox/11.0"
88.74.79.173 - - [01/Apr/2012:14:40:10 +0200] "GET /Home_HRp4.gif HTTP/1.1" 200 2027 "http://www.sirius-berlin.de/" "Mozilla/5.0 (Windows NT 6.1; WOW64; rv:11.0) Gecko/20100101 Firefox/11.0"
88.74.79.173 - - [01/Apr/2012:14:40:10 +0200] "GET /Produkte_NRp2.gif HTTP/1.1" 200 2001 "http://www.sirius-berlin.de/" "Mozilla/5.0 (Windows NT 6.1; WOW64; rv:11.0) Gecko/20100101 Firefox/11.0"
88.74.79.173 - - [01/Apr/2012:14:40:10 +0200] "GET /Feinstaubfilter_NRp2.gif HTTP/1.1" 200 2034 "http://www.sirius-berlin.de/" "Mozilla/5.0 (Windows NT 6.1; WOW64; rv:11.0) Gecko/20100101 Firefox/11.0"
88.74.79.173 - - [01/Apr/2012:14:40:10 +0200] "GET /Service_Kontakt_NRp2.gif HTTP/1.1" 200 2044 "http://www.sirius-berlin.de/" "Mozilla/5.0 (Windows NT 6.1; WOW64; rv:11.0) Gecko/20100101 Firefox/11.0"
88.74.79.173 - - [01/Apr/2012:14:40:10 +0200] "GET /Impressum_NRp2.gif HTTP/1.1" 200 2011 "http://www.sirius-berlin.de/" "Mozilla/5.0 (Windows NT 6.1; WOW64; rv:11.0) Gecko/20100101 Firefox/11.0"
88.74.79.173 - - [01/Apr/2012:14:40:10 +0200] "GET /Shop_NRp2.gif HTTP/1.1" 200 1954 "http://www.sirius-berlin.de/" "Mozilla/5.0 (Windows NT 6.1; WOW64; rv:11.0) Gecko/20100101 Firefox/11.0"
88.74.79.173 - - [01/Apr/2012:14:40:10 +0200] "GET /background.gif HTTP/1.1" 200 5457 "http://www.sirius-berlin.de/" "Mozilla/5.0 (Windows NT 6.1; WOW64; rv:11.0) Gecko/20100101 Firefox/11.0"
88.74.79.173 - - [01/Apr/2012:14:40:10 +0200] "GET /favicon.ico HTTP/1.1" 404 1256 "-" "Mozilla/5.0 (Windows NT 6.1; WOW64; rv:11.0) Gecko/20100101 Firefox/11.0"
88.74.79.173 - - [01/Apr/2012:14:40:10 +0200] "GET /favicon.ico HTTP/1.1" 404 1256 "-" "Mozilla/5.0 (Windows NT 6.1; WOW64; rv:11.0) Gecko/20100101 Firefox/11.0"
88.74.79.173 - - [01/Apr/2012:14:40:10 +0200] "GET /favicon.ico HTTP/1.1" 404 1256 "-" "Mozilla/5.0 (Windows NT 6.1; WOW64; rv:11.0) Gecko/20100101 Firefox/11.0"
213.186.127.12 - - [01/Apr/2012:15:18:10 +0200] "GET /robots.txt HTTP/1.1" 404 1256 "-" "Mozilla/5.0 (compatible; AhrefsBot/2.0; +http://ahrefs.com/robot/)"
207.46.204.192 - - [01/Apr/2012:15:25:21 +0200] "GET /robots.txt HTTP/1.1" 404 1256 "-" "Mozilla/5.0 (compatible; bingbot/2.0; +http://www.bing.com/bingbot.htm)"
207.46.204.192 - - [01/Apr/2012:15:26:06 +0200] "GET /Shop/shop.html HTTP/1.1" 304 - "-" "Mozilla/5.0 (compatible; bingbot/2.0; +http://www.bing.com/bingbot.htm)"
217.212.224.183 - - [01/Apr/2012:16:56:02 +0200] "GET /robots.txt HTTP/1.0" 404 1256 "-" "psbot/0.1 (+http://www.picsearch.com/bot.html)"
217.212.224.181 - - [01/Apr/2012:16:56:02 +0200] "GET /Impressum/impressum.html HTTP/1.0" 304 - "-" "psbot/0.1 (+http://www.picsearch.com/bot.html)"
217.212.224.181 - - [01/Apr/2012:17:47:12 +0200] "GET /Feinstaubfilter/feinstaubfilter.html HTTP/1.0" 304 - "-" "psbot/0.1 (+http://www.picsearch.com/bot.html)"
95.108.128.242 - - [01/Apr/2012:17:53:19 +0200] "GET /robots.txt HTTP/1.1" 404 1256 "-" "Mozilla/5.0 (compatible; YandexBot/3.0; +http://yandex.com/bots)"
95.108.128.242 - - [01/Apr/2012:17:53:21 +0200] "GET / HTTP/1.1" 304 - "-" "Mozilla/5.0 (compatible; YandexBot/3.0; +http://yandex.com/bots)"
95.108.128.242 - - [01/Apr/2012:17:55:55 +0200] "GET /Produkte/produkte.html HTTP/1.1" 200 17755 "-" "Mozilla/5.0 (compatible; YandexBot/3.0; +http://yandex.com/bots)"
95.108.128.242 - - [01/Apr/2012:18:34:59 +0200] "GET /index.html HTTP/1.1" 304 - "-" "Mozilla/5.0 (compatible; YandexBot/3.0; +http://yandex.com/bots)"
217.212.224.181 - - [01/Apr/2012:18:56:55 +0200] "GET /Produkte/produkte.html HTTP/1.0" 304 - "-" "psbot/0.1 (+http://www.picsearch.com/bot.html)"
95.108.128.242 - - [01/Apr/2012:19:16:33 +0200] "GET /Impressum/impressum.html HTTP/1.1" 200 11991 "-" "Mozilla/5.0 (compatible; YandexBot/3.0; +http://yandex.com/bots)"
95.108.128.242 - - [01/Apr/2012:19:49:02 +0200] "GET /Service_Kontakt/service_kontakt.html HTTP/1.1" 200 11157 "-" "Mozilla/5.0 (compatible; YandexBot/3.0; +http://yandex.com/bots)"
93.196.12.94 - - [02/Apr/2012:04:58:19 +0200] "GET / HTTP/1.1" 200 12828 "-" "Jakarta Commons-HttpClient/3.1"
93.196.12.94 - - [02/Apr/2012:04:58:19 +0200] "GET /Impressum/impressum.html HTTP/1.1" 200 11991 "-" "Jakarta Commons-HttpClient/3.1"
95.108.128.242 - - [02/Apr/2012:05:43:48 +0200] "GET / HTTP/1.1" 200 12828 "-" "Mozilla/5.0 (compatible; YandexBot/3.0; +http://yandex.com/bots)"
93.220.252.132 - - [02/Apr/2012:08:29:44 +0200] "GET / HTTP/1.1" 200 12828 "-" "Mozilla/4.0 (compatible; MSIE 7.0; Windows NT 6.0; WOW64; SLCC1; .NET CLR 2.0.50727; .NET CLR 1.1.4322)"
93.220.252.132 - - [02/Apr/2012:08:29:49 +0200] "GET /Impressum/impressum.html HTTP/1.1" 200 11991 "-" "Mozilla/4.0 (compatible; MSIE 8.0; Windows NT 6.0; .NET CLR 1.0.3705; .NET CLR 1.1.4322; Media Center PC 4.0; .NET CLR 2.0.50727)"
107.22.153.128 - - [02/Apr/2012:11:57:20 +0200] "GET / HTTP/1.0" 200 12828 "-" "Mozilla/5.0 (compatible; NetcraftSurveyAgent/1.0; +info@netcraft.com)"
95.108.128.242 - - [02/Apr/2012:14:42:05 +0200] "GET /index.html HTTP/1.1" 200 12828 "-" "Mozilla/5.0 (compatible; YandexBot/3.0; +http://yandex.com/bots)"
208.80.194.28 - - [02/Apr/2012:16:04:08 +0200] "GET / HTTP/1.0" 200 12828 "-" "Mozilla/4.0 (compatible; MSIE 7.0; Windows NT 5.1; AT&T CSM8.0; .NET CLR 1.1.4322; .NET CLR 2.0.50727; IEMB3; IEMB3)"
76.164.186.222 - - [02/Apr/2012:16:43:29 +0200] "GET /muieblackcat HTTP/1.1" 404 1256 "-" "-"
76.164.186.222 - - [02/Apr/2012:16:43:30 +0200] "GET //FCKeditor/editor/plugins/ajaxfilemanager/inc/data.php HTTP/1.1" 404 1256 "-" "-"
76.164.186.222 - - [02/Apr/2012:16:43:30 +0200] "GET //admin/fckeditor/editor/plugins/ajaxfilemanager/inc/data.php HTTP/1.1" 404 1256 "-" "-"
76.164.186.222 - - [02/Apr/2012:16:43:30 +0200] "GET //admin/tiny_mce/plugins/ajaxfilemanager/inc/data.php HTTP/1.1" 404 1256 "-" "-"
76.164.186.222 - - [02/Apr/2012:16:43:30 +0200] "GET //ajaxfilemanager/jscripts/tiny_mce/plugins/ajaxfilemanager/inc/data.php HTTP/1.1" 404 1256 "-" "-"
76.164.186.222 - - [02/Apr/2012:16:43:31 +0200] "GET //faq/admin/editor/plugins/ajaxfilemanager/inc/data.php HTTP/1.1" 404 1256 "-" "-"
76.164.186.222 - - [02/Apr/2012:16:43:31 +0200] "GET //fckeditor/editor/plugins/ajaxfilemanager/inc/data.php HTTP/1.1" 404 1256 "-" "-"
76.164.186.222 - - [02/Apr/2012:16:43:31 +0200] "GET //gallery/zp-core/zp-extensions/tiny_mce/plugins/ajaxfilemanager/inc/data.php HTTP/1.1" 404 1256 "-" "-"
76.164.186.222 - - [02/Apr/2012:16:43:35 +0200] "GET //includes/tinymce/plugins/ajaxfilemanager/inc/data.php HTTP/1.1" 404 1256 "-" "-"
76.164.186.222 - - [02/Apr/2012:16:43:35 +0200] "GET //javascript/tinymce/jscripts/tiny_mce/plugins/ajaxfilemanager/inc/data.php HTTP/1.1" 404 1256 "-" "-"
76.164.186.222 - - [02/Apr/2012:16:43:38 +0200] "GET //js/tiny_mce/plugins/ajaxfilemanager/inc/data.php HTTP/1.1" 404 1256 "-" "-"
76.164.186.222 - - [02/Apr/2012:16:43:38 +0200] "GET //jscripts/tiny_mce/plugins/ajaxfilemanager/inc/data.php HTTP/1.1" 404 1256 "-" "-"
76.164.186.222 - - [02/Apr/2012:16:43:39 +0200] "GET //main/inc/lib/fckeditor/editor/plugins/ajaxfilemanager/inc/data.php HTTP/1.1" 404 1256 "-" "-"
76.164.186.222 - - [02/Apr/2012:16:43:42 +0200] "GET //scripts/tiny_mce/plugins/ajaxfilemanager/inc/data.php HTTP/1.1" 404 1256 "-" "-"
76.164.186.222 - - [02/Apr/2012:16:43:42 +0200] "GET //shop/admin/includes/javascript/tiny_mce/plugins/ajaxfilemanager/inc/data.php HTTP/1.1" 404 1256 "-" "-"
76.164.186.222 - - [02/Apr/2012:16:43:42 +0200] "GET //tiny_mce/plugins/ajaxfilemanager/inc/data.php HTTP/1.1" 404 1256 "-" "-"
76.164.186.222 - - [02/Apr/2012:16:43:46 +0200] "GET //zenphoto/zp-core/zp-extensions/tiny_mce/plugins/ajaxfilemanager/inc/data.php HTTP/1.1" 404 1256 "-" "-"
76.164.186.222 - - [02/Apr/2012:16:43:49 +0200] "GET //edit/editor/plugins/ajaxfilemanager/inc/data.php HTTP/1.1" 404 1256 "-" "-"
76.164.186.222 - - [02/Apr/2012:16:43:49 +0200] "GET //public/javascript/tinymce/plugins/ajaxfilemanager/inc/data.php HTTP/1.1" 404 1256 "-" "-"
76.164.186.222 - - [02/Apr/2012:16:43:49 +0200] "GET //modul/tinymce/plugins/ajaxfilemanager/inc/data.php HTTP/1.1" 404 1256 "-" "-"
76.164.186.222 - - [02/Apr/2012:16:43:50 +0200] "GET //intern/tinymce/jscripts/tiny_mce/plugins/ajaxfilemanager/inc/data.php HTTP/1.1" 404 1256 "-" "-"
76.164.186.222 - - [02/Apr/2012:16:43:50 +0200] "GET //admin/view/javascript/fckeditor/plugins/ajaxfilemanager/inc/data.php HTTP/1.1" 404 1256 "-" "-"
76.164.186.222 - - [02/Apr/2012:16:43:50 +0200] "GET //admin/editor/plugins/ajaxfilemanager/inc/data.php HTTP/1.1" 404 1256 "-" "-"
76.164.186.222 - - [02/Apr/2012:16:43:54 +0200] "GET //addons/tinymce/jscripts/tiny_mce/plugins/ajaxfilemanager/inc/data.php HTTP/1.1" 404 1256 "-" "-"
76.164.186.222 - - [02/Apr/2012:16:44:00 +0200] "GET //user/js/jquery.tinymce/jscripts/tiny_mce/plugins/ajaxfilemanager/inc/data.php HTTP/1.1" 404 1256 "-" "-"
76.164.186.222 - - [02/Apr/2012:16:44:00 +0200] "GET //jscripts/tinymce/plugins/ajaxfilemanager/inc/data.php HTTP/1.1" 404 1256 "-" "-"
76.164.186.222 - - [02/Apr/2012:16:44:00 +0200] "GET //modules/news/tinymce/jscripts/tiny_mce/plugins/ajaxfilemanager/inc/data.php HTTP/1.1" 404 1256 "-" "-"
76.164.186.222 - - [02/Apr/2012:16:44:01 +0200] "GET //public/js/library/tiny_mce/plugins/ajaxfilemanager/inc/data.php HTTP/1.1" 404 1256 "-" "-"
208.115.111.67 - - [02/Apr/2012:17:12:26 +0200] "GET /robots.txt HTTP/1.1" 404 1256 "-" "Mozilla/5.0 (compatible; Ezooms/1.0; ezooms.bot@gmail.com)"
64.246.165.180 - - [02/Apr/2012:17:26:12 +0200] "GET /robots.txt HTTP/1.0" 404 1256 "-" "Mozilla/5.0 (Windows; U; Windows NT 5.1; en; rv:1.9.0.13) Gecko/2009073022 Firefox/3.5.2 (.NET CLR 3.5.30729) SurveyBot/2.3 (DomainTools)"
64.246.165.180 - - [02/Apr/2012:17:26:12 +0200] "GET / HTTP/1.1" 200 12828 "http://whois.domaintools.com/sirius-berlin.de" "Mozilla/5.0 (Windows; U; Windows NT 5.1; en; rv:1.9.0.13) Gecko/2009073022 Firefox/3.5.2 (.NET CLR 3.5.30729) SurveyBot/2.3 (DomainTools)"
217.69.173.133 - - [02/Apr/2012:19:02:55 +0200] "GET /phpmyadmin/scripts/setup.php HTTP/1.1" 404 1256 "-" "Plesk"
217.69.173.133 - - [02/Apr/2012:19:07:55 +0200] "GET /phpMyAdmin/scripts/setup.php HTTP/1.1" 404 1256 "-" "Plesk"
217.69.173.133 - - [02/Apr/2012:19:12:55 +0200] "GET /pma/scripts/setup.php HTTP/1.1" 404 1256 "-" "Plesk"
95.108.128.242 - - [02/Apr/2012:20:03:44 +0200] "GET /robots.txt HTTP/1.1" 404 1256 "-" "Mozilla/5.0 (compatible; YandexBot/3.0; +http://yandex.com/bots)"
95.108.128.242 - - [02/Apr/2012:22:48:54 +0200] "GET / HTTP/1.1" 200 12828 "-" "Mozilla/5.0 (compatible; YandexBot/3.0; +http://yandex.com/bots)"
88.198.0.41 - - [03/Apr/2012:01:16:27 +0200] "GET / HTTP/1.1" 200 12828 "-" "User-Agent: Mozilla/4.0 (compatible; MSIE 7.0; Windows NT 6.0; SLCC1; .NET CLR 2.0.50727; Media Center PC 5.0; .NET CLR 3.0.04506; InfoPath.2)"
88.198.0.41 - - [03/Apr/2012:01:16:27 +0200] "GET /robots.txt HTTP/1.1" 404 1256 "-" "libwww-perl/5.837"
88.198.0.41 - - [03/Apr/2012:01:16:28 +0200] "GET / HTTP/1.1" 200 12828 "-" "User-Agent: Mozilla/4.0 (compatible; MSIE 7.0; Windows NT 6.0; SLCC1; .NET CLR 2.0.50727; Media Center PC 5.0; .NET CLR 3.0.04506; InfoPath.2)"
88.198.0.41 - - [03/Apr/2012:01:16:28 +0200] "GET /Shop/shop.html HTTP/1.1" 200 59578 "http://www.sirius-berlin.de/" "User-Agent: Mozilla/4.0 (compatible; MSIE 7.0; Windows NT 6.0; SLCC1; .NET CLR 2.0.50727; Media Center PC 5.0; .NET CLR 3.0.04506; InfoPath.2)"
88.198.0.41 - - [03/Apr/2012:01:16:28 +0200] "GET /Feinstaubfilter/feinstaubfilter.html HTTP/1.1" 200 13065 "http://www.sirius-berlin.de/Shop/shop.html" "User-Agent: Mozilla/4.0 (compatible; MSIE 7.0; Windows NT 6.0; SLCC1; .NET CLR 2.0.50727; Media Center PC 5.0; .NET CLR 3.0.04506; InfoPath.2)"
88.198.0.41 - - [03/Apr/2012:01:16:28 +0200] "GET /Feinstaubfilter/micronair/micronair.html HTTP/1.1" 200 19812 "http://www.sirius-berlin.de/Feinstaubfilter/feinstaubfilter.html" "User-Agent: Mozilla/4.0 (compatible; MSIE 7.0; Windows NT 6.0; SLCC1; .NET CLR 2.0.50727; Media Center PC 5.0; .NET CLR 3.0.04506; InfoPath.2)"
88.198.0.41 - - [03/Apr/2012:01:16:28 +0200] "GET /Shop/Filter/filter_0.html HTTP/1.1" 200 26544 "http://www.sirius-berlin.de/Feinstaubfilter/micronair/micronair.html" "User-Agent: Mozilla/4.0 (compatible; MSIE 7.0; Windows NT 6.0; SLCC1; .NET CLR 2.0.50727; Media Center PC 5.0; .NET CLR 3.0.04506; InfoPath.2)"
88.198.0.41 - - [03/Apr/2012:01:16:28 +0200] "GET /Shop/Filter/filter_2.html HTTP/1.1" 200 26547 "http://www.sirius-berlin.de/Shop/Filter/filter_0.html" "User-Agent: Mozilla/4.0 (compatible; MSIE 7.0; Windows NT 6.0; SLCC1; .NET CLR 2.0.50727; Media Center PC 5.0; .NET CLR 3.0.04506; InfoPath.2)"
88.198.0.41 - - [03/Apr/2012:01:16:28 +0200] "GET /Produkte/produkte.html HTTP/1.1" 200 17755 "http://www.sirius-berlin.de/Shop/Filter/filter_2.html" "User-Agent: Mozilla/4.0 (compatible; MSIE 7.0; Windows NT 6.0; SLCC1; .NET CLR 2.0.50727; Media Center PC 5.0; .NET CLR 3.0.04506; InfoPath.2)"
88.198.0.41 - - [03/Apr/2012:01:16:28 +0200] "GET /Produkte/Tonerkartuschen/tonerkartuschen.html HTTP/1.1" 200 13203 "http://www.sirius-berlin.de/Produkte/produkte.html" "User-Agent: Mozilla/4.0 (compatible; MSIE 7.0; Windows NT 6.0; SLCC1; .NET CLR 2.0.50727; Media Center PC 5.0; .NET CLR 3.0.04506; InfoPath.2)"
88.198.0.41 - - [03/Apr/2012:01:16:28 +0200] "GET /Produkte/weitere_Produkte/weitere_produkte.html HTTP/1.1" 200 12524 "http://www.sirius-berlin.de/Produkte/Tonerkartuschen/tonerkartuschen.html" "User-Agent: Mozilla/4.0 (compatible; MSIE 7.0; Windows NT 6.0; SLCC1; .NET CLR 2.0.50727; Media Center PC 5.0; .NET CLR 3.0.04506; InfoPath.2)"
88.198.0.41 - - [03/Apr/2012:01:16:28 +0200] "GET /Shop/Filter/filter_1.html HTTP/1.1" 200 26543 "http://www.sirius-berlin.de/Produkte/weitere_Produkte/weitere_produkte.html" "User-Agent: Mozilla/4.0 (compatible; MSIE 7.0; Windows NT 6.0; SLCC1; .NET CLR 2.0.50727; Media Center PC 5.0; .NET CLR 3.0.04506; InfoPath.2)"
88.198.0.41 - - [03/Apr/2012:01:16:28 +0200] "GET /index.html HTTP/1.1" 200 12828 "http://www.sirius-berlin.de/Shop/Filter/filter_1.html" "User-Agent: Mozilla/4.0 (compatible; MSIE 7.0; Windows NT 6.0; SLCC1; .NET CLR 2.0.50727; Media Center PC 5.0; .NET CLR 3.0.04506; InfoPath.2)"
88.198.0.41 - - [03/Apr/2012:01:16:28 +0200] "GET /Service_Kontakt/service_kontakt.html HTTP/1.1" 200 11157 "http://www.sirius-berlin.de/index.html" "User-Agent: Mozilla/4.0 (compatible; MSIE 7.0; Windows NT 6.0; SLCC1; .NET CLR 2.0.50727; Media Center PC 5.0; .NET CLR 3.0.04506; InfoPath.2)"
88.198.0.41 - - [03/Apr/2012:01:16:28 +0200] "GET /Produkte/Tintenpatronen/tintenpatronen.html HTTP/1.1" 200 15225 "http://www.sirius-berlin.de/Service_Kontakt/service_kontakt.html" "User-Agent: Mozilla/4.0 (compatible; MSIE 7.0; Windows NT 6.0; SLCC1; .NET CLR 2.0.50727; Media Center PC 5.0; .NET CLR 3.0.04506; InfoPath.2)"
88.198.0.41 - - [03/Apr/2012:01:16:29 +0200] "GET /Feinstaubfilter/Dexwet/dexwet.html HTTP/1.1" 200 16100 "http://www.sirius-berlin.de/Produkte/Tintenpatronen/tintenpatronen.html" "User-Agent: Mozilla/4.0 (compatible; MSIE 7.0; Windows NT 6.0; SLCC1; .NET CLR 2.0.50727; Media Center PC 5.0; .NET CLR 3.0.04506; InfoPath.2)"
88.198.0.41 - - [03/Apr/2012:01:16:29 +0200] "GET /Impressum/impressum.html HTTP/1.1" 200 11991 "http://www.sirius-berlin.de/Feinstaubfilter/Dexwet/dexwet.html" "User-Agent: Mozilla/4.0 (compatible; MSIE 7.0; Windows NT 6.0; SLCC1; .NET CLR 2.0.50727; Media Center PC 5.0; .NET CLR 3.0.04506; InfoPath.2)"
188.100.110.26 - - [03/Apr/2012:02:27:38 +0200] "GET /robots.txt HTTP/1.0" 404 1256 "-" "Mozilla/5.0 (X11; SunOS i86pc; rv:2.0) Gecko/20100101 Firefox/4.0"
95.108.128.242 - - [03/Apr/2012:02:46:14 +0200] "GET /index.html HTTP/1.1" 200 12828 "-" "Mozilla/5.0 (compatible; YandexBot/3.0; +http://yandex.com/bots)"
85.88.17.62 - - [03/Apr/2012:05:16:15 +0200] "GET / HTTP/1.1" 200 12828 "-" "Mozilla/5.0 (Windows; U; Windows NT 5.1; de-DE; rv:1.7.12) Gecko/20120219 Firefox/3.6.23"
95.108.128.242 - - [03/Apr/2012:07:48:43 +0200] "GET /Impressum/impressum.html HTTP/1.1" 304 - "-" "Mozilla/5.0 (compatible; YandexBot/3.0; +http://yandex.com/bots)"
213.186.127.12 - - [03/Apr/2012:08:43:11 +0200] "GET /robots.txt HTTP/1.1" 404 1256 "-" "Mozilla/5.0 (compatible; AhrefsBot/2.0; +http://ahrefs.com/robot/)"
2.127.217.253 - - [03/Apr/2012:11:46:08 +0200] "GET / HTTP/1.1" 200 12828 "-" "Mozilla/5.0 (compatible; MSIE 9.0; Windows NT 6.1; WOW64; Trident/5.0)"
2.127.217.253 - - [03/Apr/2012:11:46:08 +0200] "GET /rollover.js HTTP/1.1" 200 32709 "http://www.sirius-berlin.de/" "Mozilla/5.0 (compatible; MSIE 9.0; Windows NT 6.1; WOW64; Trident/5.0)"
2.127.217.253 - - [03/Apr/2012:11:46:08 +0200] "GET /Sirius-LOGO21.JPG HTTP/1.1" 200 2563 "http://www.sirius-berlin.de/" "Mozilla/5.0 (compatible; MSIE 9.0; Windows NT 6.1; WOW64; Trident/5.0)"
2.127.217.253 - - [03/Apr/2012:11:46:08 +0200] "GET /clearpixel.gif HTTP/1.1" 200 43 "http://www.sirius-berlin.de/" "Mozilla/5.0 (compatible; MSIE 9.0; Windows NT 6.1; WOW64; Trident/5.0)"
2.127.217.253 - - [03/Apr/2012:11:46:08 +0200] "GET /Feinstaubfilter_Np1.gif HTTP/1.1" 200 1780 "http://www.sirius-berlin.de/" "Mozilla/5.0 (compatible; MSIE 9.0; Windows NT 6.1; WOW64; Trident/5.0)"
2.127.217.253 - - [03/Apr/2012:11:46:08 +0200] "GET /Home_Hp3.gif HTTP/1.1" 200 1773 "http://www.sirius-berlin.de/" "Mozilla/5.0 (compatible; MSIE 9.0; Windows NT 6.1; WOW64; Trident/5.0)"
2.127.217.253 - - [03/Apr/2012:11:46:08 +0200] "GET /Produkte_Np1.gif HTTP/1.1" 200 1744 "http://www.sirius-berlin.de/" "Mozilla/5.0 (compatible; MSIE 9.0; Windows NT 6.1; WOW64; Trident/5.0)"
2.127.217.253 - - [03/Apr/2012:11:46:08 +0200] "GET /Service_Kontakt_Np1.gif HTTP/1.1" 200 1794 "http://www.sirius-berlin.de/" "Mozilla/5.0 (compatible; MSIE 9.0; Windows NT 6.1; WOW64; Trident/5.0)"
2.127.217.253 - - [03/Apr/2012:11:46:08 +0200] "GET /Impressum_Np1.gif HTTP/1.1" 200 1750 "http://www.sirius-berlin.de/" "Mozilla/5.0 (compatible; MSIE 9.0; Windows NT 6.1; WOW64; Trident/5.0)"
2.127.217.253 - - [03/Apr/2012:11:46:08 +0200] "GET /BuiltWithNOF.gif HTTP/1.1" 200 2587 "http://www.sirius-berlin.de/" "Mozilla/5.0 (compatible; MSIE 9.0; Windows NT 6.1; WOW64; Trident/5.0)"
2.127.217.253 - - [03/Apr/2012:11:46:08 +0200] "GET /Home_NnBanner.gif HTTP/1.1" 200 5803 "http://www.sirius-berlin.de/" "Mozilla/5.0 (compatible; MSIE 9.0; Windows NT 6.1; WOW64; Trident/5.0)"
2.127.217.253 - - [03/Apr/2012:11:46:08 +0200] "GET /Sirius-LOGO1.JPG HTTP/1.1" 200 4357 "http://www.sirius-berlin.de/" "Mozilla/5.0 (compatible; MSIE 9.0; Windows NT 6.1; WOW64; Trident/5.0)"
2.127.217.253 - - [03/Apr/2012:11:46:08 +0200] "GET /Shop_Np1.gif HTTP/1.1" 200 1699 "http://www.sirius-berlin.de/" "Mozilla/5.0 (compatible; MSIE 9.0; Windows NT 6.1; WOW64; Trident/5.0)"
2.127.217.253 - - [03/Apr/2012:11:46:08 +0200] "GET /DSC0019902.JPG HTTP/1.1" 200 7772 "http://www.sirius-berlin.de/" "Mozilla/5.0 (compatible; MSIE 9.0; Windows NT 6.1; WOW64; Trident/5.0)"
2.127.217.253 - - [03/Apr/2012:11:46:08 +0200] "GET /rollover.js HTTP/1.1" 200 32709 "http://www.sirius-berlin.de/" "Mozilla/5.0 (compatible; MSIE 9.0; Windows NT 6.1; WOW64; Trident/5.0)"
2.127.217.253 - - [03/Apr/2012:11:46:08 +0200] "GET /background.gif HTTP/1.1" 200 5457 "http://www.sirius-berlin.de/" "Mozilla/5.0 (compatible; MSIE 9.0; Windows NT 6.1; WOW64; Trident/5.0)"
2.127.217.253 - - [03/Apr/2012:11:46:09 +0200] "GET /Home_HRp4.gif HTTP/1.1" 200 2027 "http://www.sirius-berlin.de/" "Mozilla/5.0 (compatible; MSIE 9.0; Windows NT 6.1; WOW64; Trident/5.0)"
2.127.217.253 - - [03/Apr/2012:11:46:09 +0200] "GET /Produkte_NRp2.gif HTTP/1.1" 200 2001 "http://www.sirius-berlin.de/" "Mozilla/5.0 (compatible; MSIE 9.0; Windows NT 6.1; WOW64; Trident/5.0)"
2.127.217.253 - - [03/Apr/2012:11:46:09 +0200] "GET /Feinstaubfilter_NRp2.gif HTTP/1.1" 200 2034 "http://www.sirius-berlin.de/" "Mozilla/5.0 (compatible; MSIE 9.0; Windows NT 6.1; WOW64; Trident/5.0)"
2.127.217.253 - - [03/Apr/2012:11:46:09 +0200] "GET /Service_Kontakt_NRp2.gif HTTP/1.1" 200 2044 "http://www.sirius-berlin.de/" "Mozilla/5.0 (compatible; MSIE 9.0; Windows NT 6.1; WOW64; Trident/5.0)"
2.127.217.253 - - [03/Apr/2012:11:46:09 +0200] "GET /Impressum_NRp2.gif HTTP/1.1" 200 2011 "http://www.sirius-berlin.de/" "Mozilla/5.0 (compatible; MSIE 9.0; Windows NT 6.1; WOW64; Trident/5.0)"
2.127.217.253 - - [03/Apr/2012:11:46:09 +0200] "GET /Shop_NRp2.gif HTTP/1.1" 200 1954 "http://www.sirius-berlin.de/" "Mozilla/5.0 (compatible; MSIE 9.0; Windows NT 6.1; WOW64; Trident/5.0)"
2.127.217.253 - - [03/Apr/2012:11:46:09 +0200] "GET /favicon.ico HTTP/1.1" 404 1256 "-" "Mozilla/5.0 (compatible; MSIE 9.0; Windows NT 6.1; WOW64; Trident/5.0)"
50.17.122.197 - - [03/Apr/2012:12:06:24 +0200] "GET / HTTP/1.0" 200 12828 "http://www.talkfusion-friends.com" "Mozilla/4.0 (compatible; MSIE 7.0; Windows NT 6.0; Trident/4.0)"
213.93.87.91 - - [03/Apr/2012:14:56:07 +0200] "GET /robots.txt HTTP/1.0" 404 1256 "-" "Mozilla/5.0 (compatible; MJ12bot/v1.4.2; http://www.majestic12.co.uk/bot.php?+)"
213.93.87.91 - - [03/Apr/2012:14:56:08 +0200] "GET / HTTP/1.0" 200 12828 "-" "Mozilla/5.0 (compatible; MJ12bot/v1.4.2; http://www.majestic12.co.uk/bot.php?+)"
66.249.71.141 - - [03/Apr/2012:15:48:52 +0200] "GET /robots.txt HTTP/1.1" 404 1256 "-" "Mozilla/5.0 (compatible; Googlebot/2.1; +http://www.google.com/bot.html)"
66.249.71.141 - - [03/Apr/2012:15:48:52 +0200] "GET /Home_Hp3.gif HTTP/1.1" 304 - "-" "Googlebot-Image/1.0"
93.220.208.211 - - [03/Apr/2012:15:55:29 +0200] "GET / HTTP/1.1" 200 12828 "-" "Mozilla/4.0 (compatible; MSIE 7.0; Windows NT 6.0; WOW64; SLCC1; .NET CLR 2.0.50727; .NET CLR 1.1.4322; .NET CLR 3.5.21022; .NET CLR 3.0.04506)"
93.220.208.211 - - [03/Apr/2012:15:55:35 +0200] "GET /Impressum/impressum.html HTTP/1.1" 200 11991 "-" "Mozilla/4.0 (compatible; MSIE 8.0; Windows NT 6.0; .NET CLR 1.1.4322; .NET CLR 2.0.50110; InfoPath.1)"
208.115.113.83 - - [03/Apr/2012:16:37:35 +0200] "GET /robots.txt HTTP/1.1" 404 1256 "-" "Mozilla/5.0 (compatible; Ezooms/1.0; ezooms.bot@gmail.com)"
208.115.113.83 - - [03/Apr/2012:18:21:31 +0200] "GET /Feinstaubfilter/feinstaubfilter.html HTTP/1.1" 200 13065 "-" "Mozilla/5.0 (compatible; Ezooms/1.0; ezooms.bot@gmail.com)"
188.165.195.156 - - [03/Apr/2012:23:18:46 +0200] "HEAD / HTTP/1.1" 200 - "-" "Mozilla/4.0 (compatible; MSIE 5.01; Windows NT 5.0)"
65.52.104.88 - - [04/Apr/2012:00:34:02 +0200] "GET /robots.txt HTTP/1.1" 404 1256 "-" "Mozilla/5.0 (compatible; bingbot/2.0; +http://www.bing.com/bingbot.htm)"
65.52.104.88 - - [04/Apr/2012:00:34:50 +0200] "GET /Produkte/weitere_Produkte/weitere_produkte.html HTTP/1.1" 304 - "-" "Mozilla/5.0 (compatible; bingbot/2.0; +http://www.bing.com/bingbot.htm)"
66.249.71.141 - - [04/Apr/2012:03:36:15 +0200] "GET / HTTP/1.1" 304 - "-" "Mozilla/5.0 (iPhone; U; CPU iPhone OS 4_1 like Mac OS X; en-us) AppleWebKit/532.9 (KHTML, like Gecko) Version/4.0.5 Mobile/8B117 Safari/6531.22.7 (compatible; Googlebot-Mobile/2.1; +http://www.google.com/bot.html)"
66.249.71.141 - - [04/Apr/2012:05:54:39 +0200] "GET /robots.txt HTTP/1.1" 404 1256 "-" "Mozilla/5.0 (compatible; Googlebot/2.1; +http://www.google.com/bot.html)"
66.249.71.141 - - [04/Apr/2012:05:54:40 +0200] "GET /Home_Hp3.gif HTTP/1.1" 304 - "-" "Googlebot-Image/1.0"
157.55.17.200 - - [04/Apr/2012:07:07:47 +0200] "GET /robots.txt HTTP/1.1" 404 1256 "-" "Mozilla/5.0 (compatible; bingbot/2.0; +http://www.bing.com/bingbot.htm)"
157.55.17.200 - - [04/Apr/2012:07:08:47 +0200] "GET /Produkte/produkte.html HTTP/1.1" 304 - "-" "Mozilla/5.0 (compatible; bingbot/2.0; +http://www.bing.com/bingbot.htm)"
207.46.13.163 - - [04/Apr/2012:13:57:29 +0200] "GET /robots.txt HTTP/1.1" 404 1256 "-" "Mozilla/5.0 (compatible; bingbot/2.0; +http://www.bing.com/bingbot.htm)"
207.46.13.163 - - [04/Apr/2012:13:58:22 +0200] "GET / HTTP/1.1" 304 - "-" "Mozilla/5.0 (compatible; bingbot/2.0; +http://www.bing.com/bingbot.htm)"
208.80.194.30 - - [04/Apr/2012:14:07:37 +0200] "GET / HTTP/1.0" 200 12828 "-" "Mozilla/4.0 (compatible; MSIE 7.0; Windows NT 5.1; SIMBAR Enabled; SIMBAR={96D0B744-684C-460e-BF3E-AE55EC133AC2}; .NET CLR 1.1.4322; .NET CLR 2.0.50727)"
66.249.71.141 - - [04/Apr/2012:14:23:21 +0200] "GET /Shop/shop.html HTTP/1.1" 200 59578 "-" "Mozilla/5.0 (compatible; Googlebot/2.1; +http://www.google.com/bot.html)"
76.72.167.162 - - [04/Apr/2012:15:31:16 +0200] "GET /robots.txt HTTP/1.0" 404 1256 "-" "Mozilla/5.0 (compatible; MJ12bot/v1.4.2; http://www.majestic12.co.uk/bot.php?+)"
76.72.167.162 - - [04/Apr/2012:15:31:19 +0200] "GET / HTTP/1.0" 200 12828 "-" "Mozilla/5.0 (compatible; MJ12bot/v1.4.2; http://www.majestic12.co.uk/bot.php?+)"
208.115.113.83 - - [04/Apr/2012:18:40:53 +0200] "GET /robots.txt HTTP/1.1" 404 1256 "-" "Mozilla/5.0 (compatible; Ezooms/1.0; ezooms.bot@gmail.com)"
85.88.17.62 - - [04/Apr/2012:20:09:25 +0200] "GET / HTTP/1.1" 200 12828 "-" "Mozilla/5.0 (Windows; U; Windows NT 5.1; de-DE; rv:1.7.12) Gecko/20120219 Firefox/3.6.23"
208.115.113.83 - - [04/Apr/2012:20:14:26 +0200] "GET /Shop/Filter/filter_2.html HTTP/1.1" 200 26547 "-" "Mozilla/5.0 (compatible; Ezooms/1.0; ezooms.bot@gmail.com)"
93.220.207.157 - - [04/Apr/2012:23:22:00 +0200] "GET / HTTP/1.1" 200 12828 "-" "Mozilla/4.0+(compatible;+MSIE+7.0;+Windows+NT+5.1)"
93.220.207.157 - - [04/Apr/2012:23:22:07 +0200] "GET /Impressum/impressum.html HTTP/1.1" 200 11991 "-" "Mozilla/4.0 (compatible; MSIE 8.0; Windows NT 6.0; .NET CLR 1.1.4322; .NET CLR 1.0.3705; .NET CLR 2.0.50727; .NET CLR 3.0.04506.30; .NET CLR 3.0.04506.648; .NET CLR 3.5.21022)"
207.46.13.163 - - [05/Apr/2012:03:45:15 +0200] "GET /robots.txt HTTP/1.1" 404 1256 "-" "Mozilla/5.0 (compatible; bingbot/2.0; +http://www.bing.com/bingbot.htm)"
207.46.13.163 - - [05/Apr/2012:03:47:24 +0200] "GET / HTTP/1.1" 304 - "-" "Mozilla/5.0 (compatible; bingbot/2.0; +http://www.bing.com/bingbot.htm)"
207.46.13.163 - - [05/Apr/2012:08:01:18 +0200] "GET /robots.txt HTTP/1.1" 404 1256 "-" "Mozilla/5.0 (compatible; bingbot/2.0; +http://www.bing.com/bingbot.htm)"
95.108.128.242 - - [05/Apr/2012:09:13:12 +0200] "GET /robots.txt HTTP/1.1" 404 1256 "-" "Mozilla/5.0 (compatible; YandexBot/3.0; +http://yandex.com/bots)"
84.139.83.57 - - [05/Apr/2012:12:05:01 +0200] "GET / HTTP/1.1" 200 12828 "http://www.google.de/url?sa=t&rct=j&q=sirius%20berlin&source=web&cd=7&sqi=2&ved=0CHYQFjAG&url=http%3A%2F%2Fwww.sirius-berlin.de%2F&ei=PW59T5fFO4vUsgbX19i2CQ&usg=AFQjCNGPtAUXJumSlzcucuvDG92yo-pnyg" "Mozilla/5.0 (Windows NT 6.0; rv:11.0) Gecko/20100101 Firefox/11.0"
84.139.83.57 - - [05/Apr/2012:12:05:01 +0200] "GET /clearpixel.gif HTTP/1.1" 200 43 "http://www.sirius-berlin.de/" "Mozilla/5.0 (Windows NT 6.0; rv:11.0) Gecko/20100101 Firefox/11.0"
84.139.83.57 - - [05/Apr/2012:12:05:01 +0200] "GET /Produkte_Np1.gif HTTP/1.1" 200 1744 "http://www.sirius-berlin.de/" "Mozilla/5.0 (Windows NT 6.0; rv:11.0) Gecko/20100101 Firefox/11.0"
84.139.83.57 - - [05/Apr/2012:12:05:01 +0200] "GET /Sirius-LOGO21.JPG HTTP/1.1" 200 2563 "http://www.sirius-berlin.de/" "Mozilla/5.0 (Windows NT 6.0; rv:11.0) Gecko/20100101 Firefox/11.0"
84.139.83.57 - - [05/Apr/2012:12:05:01 +0200] "GET /Feinstaubfilter_Np1.gif HTTP/1.1" 200 1780 "http://www.sirius-berlin.de/" "Mozilla/5.0 (Windows NT 6.0; rv:11.0) Gecko/20100101 Firefox/11.0"
84.139.83.57 - - [05/Apr/2012:12:05:01 +0200] "GET /Home_Hp3.gif HTTP/1.1" 200 1773 "http://www.sirius-berlin.de/" "Mozilla/5.0 (Windows NT 6.0; rv:11.0) Gecko/20100101 Firefox/11.0"
84.139.83.57 - - [05/Apr/2012:12:05:01 +0200] "GET /Service_Kontakt_Np1.gif HTTP/1.1" 200 1794 "http://www.sirius-berlin.de/" "Mozilla/5.0 (Windows NT 6.0; rv:11.0) Gecko/20100101 Firefox/11.0"
84.139.83.57 - - [05/Apr/2012:12:05:01 +0200] "GET /Impressum_Np1.gif HTTP/1.1" 200 1750 "http://www.sirius-berlin.de/" "Mozilla/5.0 (Windows NT 6.0; rv:11.0) Gecko/20100101 Firefox/11.0"
84.139.83.57 - - [05/Apr/2012:12:05:01 +0200] "GET /Shop_Np1.gif HTTP/1.1" 200 1699 "http://www.sirius-berlin.de/" "Mozilla/5.0 (Windows NT 6.0; rv:11.0) Gecko/20100101 Firefox/11.0"
84.139.83.57 - - [05/Apr/2012:12:05:01 +0200] "GET /BuiltWithNOF.gif HTTP/1.1" 200 2587 "http://www.sirius-berlin.de/" "Mozilla/5.0 (Windows NT 6.0; rv:11.0) Gecko/20100101 Firefox/11.0"
84.139.83.57 - - [05/Apr/2012:12:05:01 +0200] "GET /Home_NnBanner.gif HTTP/1.1" 200 5803 "http://www.sirius-berlin.de/" "Mozilla/5.0 (Windows NT 6.0; rv:11.0) Gecko/20100101 Firefox/11.0"
84.139.83.57 - - [05/Apr/2012:12:05:01 +0200] "GET /rollover.js HTTP/1.1" 200 32709 "http://www.sirius-berlin.de/" "Mozilla/5.0 (Windows NT 6.0; rv:11.0) Gecko/20100101 Firefox/11.0"
84.139.83.57 - - [05/Apr/2012:12:05:01 +0200] "GET /Sirius-LOGO1.JPG HTTP/1.1" 200 4357 "http://www.sirius-berlin.de/" "Mozilla/5.0 (Windows NT 6.0; rv:11.0) Gecko/20100101 Firefox/11.0"
84.139.83.57 - - [05/Apr/2012:12:05:01 +0200] "GET /DSC0019902.JPG HTTP/1.1" 200 7772 "http://www.sirius-berlin.de/" "Mozilla/5.0 (Windows NT 6.0; rv:11.0) Gecko/20100101 Firefox/11.0"
84.139.83.57 - - [05/Apr/2012:12:05:01 +0200] "GET /Home_HRp4.gif HTTP/1.1" 200 2027 "http://www.sirius-berlin.de/" "Mozilla/5.0 (Windows NT 6.0; rv:11.0) Gecko/20100101 Firefox/11.0"
84.139.83.57 - - [05/Apr/2012:12:05:01 +0200] "GET /Produkte_NRp2.gif HTTP/1.1" 200 2001 "http://www.sirius-berlin.de/" "Mozilla/5.0 (Windows NT 6.0; rv:11.0) Gecko/20100101 Firefox/11.0"
84.139.83.57 - - [05/Apr/2012:12:05:01 +0200] "GET /Feinstaubfilter_NRp2.gif HTTP/1.1" 200 2034 "http://www.sirius-berlin.de/" "Mozilla/5.0 (Windows NT 6.0; rv:11.0) Gecko/20100101 Firefox/11.0"
84.139.83.57 - - [05/Apr/2012:12:05:01 +0200] "GET /Service_Kontakt_NRp2.gif HTTP/1.1" 200 2044 "http://www.sirius-berlin.de/" "Mozilla/5.0 (Windows NT 6.0; rv:11.0) Gecko/20100101 Firefox/11.0"
84.139.83.57 - - [05/Apr/2012:12:05:01 +0200] "GET /Impressum_NRp2.gif HTTP/1.1" 200 2011 "http://www.sirius-berlin.de/" "Mozilla/5.0 (Windows NT 6.0; rv:11.0) Gecko/20100101 Firefox/11.0"
84.139.83.57 - - [05/Apr/2012:12:05:01 +0200] "GET /Shop_NRp2.gif HTTP/1.1" 200 1954 "http://www.sirius-berlin.de/" "Mozilla/5.0 (Windows NT 6.0; rv:11.0) Gecko/20100101 Firefox/11.0"
84.139.83.57 - - [05/Apr/2012:12:05:01 +0200] "GET /background.gif HTTP/1.1" 200 5457 "http://www.sirius-berlin.de/" "Mozilla/5.0 (Windows NT 6.0; rv:11.0) Gecko/20100101 Firefox/11.0"
84.139.83.57 - - [05/Apr/2012:12:05:02 +0200] "GET /favicon.ico HTTP/1.1" 404 1256 "-" "Mozilla/5.0 (Windows NT 6.0; rv:11.0) Gecko/20100101 Firefox/11.0"
84.139.83.57 - - [05/Apr/2012:12:05:02 +0200] "GET /favicon.ico HTTP/1.1" 404 1256 "-" "Mozilla/5.0 (Windows NT 6.0; rv:11.0) Gecko/20100101 Firefox/11.0"
195.49.158.14 - - [05/Apr/2012:15:36:50 +0200] "GET / HTTP/1.0" 200 12828 "http://www.google.de/url?sa=t&rct=j&q=http%3A%2F%2Fwww.sirius-berlin.de%2F&source=web&cd=1&ved=0CDkQFjAA&url=http%3A%2F%2Fwww.sirius-berlin.de%2F&ei=7599T9i3FMGKswb_0bDbBA&usg=AFQjCNGPtAUXJumSlzcucuvDG92yo-pnyg" "Mozilla/5.0 (Windows NT 6.1; rv:11.0) Gecko/20100101 Firefox/11.0"
195.49.158.14 - - [05/Apr/2012:15:36:50 +0200] "GET /clearpixel.gif HTTP/1.0" 200 43 "http://www.sirius-berlin.de/" "Mozilla/5.0 (Windows NT 6.1; rv:11.0) Gecko/20100101 Firefox/11.0"
195.49.158.14 - - [05/Apr/2012:15:36:50 +0200] "GET /Home_Hp3.gif HTTP/1.0" 200 1773 "http://www.sirius-berlin.de/" "Mozilla/5.0 (Windows NT 6.1; rv:11.0) Gecko/20100101 Firefox/11.0"
195.49.158.14 - - [05/Apr/2012:15:36:50 +0200] "GET /Sirius-LOGO21.JPG HTTP/1.0" 200 2563 "http://www.sirius-berlin.de/" "Mozilla/5.0 (Windows NT 6.1; rv:11.0) Gecko/20100101 Firefox/11.0"
195.49.158.14 - - [05/Apr/2012:15:36:50 +0200] "GET /Feinstaubfilter_Np1.gif HTTP/1.0" 200 1780 "http://www.sirius-berlin.de/" "Mozilla/5.0 (Windows NT 6.1; rv:11.0) Gecko/20100101 Firefox/11.0"
195.49.158.14 - - [05/Apr/2012:15:36:50 +0200] "GET /Produkte_Np1.gif HTTP/1.0" 200 1744 "http://www.sirius-berlin.de/" "Mozilla/5.0 (Windows NT 6.1; rv:11.0) Gecko/20100101 Firefox/11.0"
195.49.158.14 - - [05/Apr/2012:15:36:50 +0200] "GET /Service_Kontakt_Np1.gif HTTP/1.0" 200 1794 "http://www.sirius-berlin.de/" "Mozilla/5.0 (Windows NT 6.1; rv:11.0) Gecko/20100101 Firefox/11.0"
195.49.158.14 - - [05/Apr/2012:15:36:50 +0200] "GET /Impressum_Np1.gif HTTP/1.0" 200 1750 "http://www.sirius-berlin.de/" "Mozilla/5.0 (Windows NT 6.1; rv:11.0) Gecko/20100101 Firefox/11.0"
195.49.158.14 - - [05/Apr/2012:15:36:50 +0200] "GET /Shop_Np1.gif HTTP/1.0" 200 1699 "http://www.sirius-berlin.de/" "Mozilla/5.0 (Windows NT 6.1; rv:11.0) Gecko/20100101 Firefox/11.0"
195.49.158.14 - - [05/Apr/2012:15:36:50 +0200] "GET /BuiltWithNOF.gif HTTP/1.0" 200 2587 "http://www.sirius-berlin.de/" "Mozilla/5.0 (Windows NT 6.1; rv:11.0) Gecko/20100101 Firefox/11.0"
195.49.158.14 - - [05/Apr/2012:15:36:50 +0200] "GET /Sirius-LOGO1.JPG HTTP/1.0" 200 4357 "http://www.sirius-berlin.de/" "Mozilla/5.0 (Windows NT 6.1; rv:11.0) Gecko/20100101 Firefox/11.0"
195.49.158.14 - - [05/Apr/2012:15:36:50 +0200] "GET /DSC0019902.JPG HTTP/1.0" 200 7772 "http://www.sirius-berlin.de/" "Mozilla/5.0 (Windows NT 6.1; rv:11.0) Gecko/20100101 Firefox/11.0"
195.49.158.14 - - [05/Apr/2012:15:36:50 +0200] "GET /Home_NnBanner.gif HTTP/1.0" 200 5803 "http://www.sirius-berlin.de/" "Mozilla/5.0 (Windows NT 6.1; rv:11.0) Gecko/20100101 Firefox/11.0"
195.49.158.14 - - [05/Apr/2012:15:36:50 +0200] "GET /rollover.js HTTP/1.0" 200 32709 "http://www.sirius-berlin.de/" "Mozilla/5.0 (Windows NT 6.1; rv:11.0) Gecko/20100101 Firefox/11.0"
195.49.158.14 - - [05/Apr/2012:15:36:50 +0200] "GET /Home_HRp4.gif HTTP/1.0" 200 2027 "http://www.sirius-berlin.de/" "Mozilla/5.0 (Windows NT 6.1; rv:11.0) Gecko/20100101 Firefox/11.0"
195.49.158.14 - - [05/Apr/2012:15:36:50 +0200] "GET /Produkte_NRp2.gif HTTP/1.0" 200 2001 "http://www.sirius-berlin.de/" "Mozilla/5.0 (Windows NT 6.1; rv:11.0) Gecko/20100101 Firefox/11.0"
195.49.158.14 - - [05/Apr/2012:15:36:50 +0200] "GET /Service_Kontakt_NRp2.gif HTTP/1.0" 200 2044 "http://www.sirius-berlin.de/" "Mozilla/5.0 (Windows NT 6.1; rv:11.0) Gecko/20100101 Firefox/11.0"
195.49.158.14 - - [05/Apr/2012:15:36:50 +0200] "GET /Feinstaubfilter_NRp2.gif HTTP/1.0" 200 2034 "http://www.sirius-berlin.de/" "Mozilla/5.0 (Windows NT 6.1; rv:11.0) Gecko/20100101 Firefox/11.0"
195.49.158.14 - - [05/Apr/2012:15:36:50 +0200] "GET /Shop_NRp2.gif HTTP/1.0" 200 1954 "http://www.sirius-berlin.de/" "Mozilla/5.0 (Windows NT 6.1; rv:11.0) Gecko/20100101 Firefox/11.0"
195.49.158.14 - - [05/Apr/2012:15:36:50 +0200] "GET /background.gif HTTP/1.0" 200 5457 "http://www.sirius-berlin.de/" "Mozilla/5.0 (Windows NT 6.1; rv:11.0) Gecko/20100101 Firefox/11.0"
195.49.158.14 - - [05/Apr/2012:15:36:50 +0200] "GET /Impressum_NRp2.gif HTTP/1.0" 200 2011 "http://www.sirius-berlin.de/" "Mozilla/5.0 (Windows NT 6.1; rv:11.0) Gecko/20100101 Firefox/11.0"
195.49.158.14 - - [05/Apr/2012:15:36:51 +0200] "GET /favicon.ico HTTP/1.0" 404 1256 "-" "Mozilla/5.0 (Windows NT 6.1; rv:11.0) Gecko/20100101 Firefox/11.0"
195.49.158.14 - - [05/Apr/2012:15:37:59 +0200] "GET /Impressum/impressum.html HTTP/1.0" 200 11991 "http://www.sirius-berlin.de/" "Mozilla/5.0 (Windows NT 6.1; rv:11.0) Gecko/20100101 Firefox/11.0"
195.49.158.14 - - [05/Apr/2012:15:37:59 +0200] "GET /Home_Np1.gif HTTP/1.0" 200 1706 "http://www.sirius-berlin.de/Impressum/impressum.html" "Mozilla/5.0 (Windows NT 6.1; rv:11.0) Gecko/20100101 Firefox/11.0"
195.49.158.14 - - [05/Apr/2012:15:37:59 +0200] "GET /Impressum_Hp3.gif HTTP/1.0" 200 1876 "http://www.sirius-berlin.de/Impressum/impressum.html" "Mozilla/5.0 (Windows NT 6.1; rv:11.0) Gecko/20100101 Firefox/11.0"
195.49.158.14 - - [05/Apr/2012:15:37:59 +0200] "GET /Impressum_NnBanner.gif HTTP/1.0" 200 5996 "http://www.sirius-berlin.de/Impressum/impressum.html" "Mozilla/5.0 (Windows NT 6.1; rv:11.0) Gecko/20100101 Firefox/11.0"
195.49.158.14 - - [05/Apr/2012:15:37:59 +0200] "GET /Karte02.JPG HTTP/1.0" 200 14958 "http://www.sirius-berlin.de/Impressum/impressum.html" "Mozilla/5.0 (Windows NT 6.1; rv:11.0) Gecko/20100101 Firefox/11.0"
195.49.158.14 - - [05/Apr/2012:15:37:59 +0200] "GET /Sirius-LOGO102.JPG HTTP/1.0" 200 4357 "http://www.sirius-berlin.de/Impressum/impressum.html" "Mozilla/5.0 (Windows NT 6.1; rv:11.0) Gecko/20100101 Firefox/11.0"
195.49.158.14 - - [05/Apr/2012:15:37:59 +0200] "GET /Home_NRp2.gif HTTP/1.0" 200 1965 "http://www.sirius-berlin.de/Impressum/impressum.html" "Mozilla/5.0 (Windows NT 6.1; rv:11.0) Gecko/20100101 Firefox/11.0"
195.49.158.14 - - [05/Apr/2012:15:37:59 +0200] "GET /Impressum_HRp4.gif HTTP/1.0" 200 2143 "http://www.sirius-berlin.de/Impressum/impressum.html" "Mozilla/5.0 (Windows NT 6.1; rv:11.0) Gecko/20100101 Firefox/11.0"
95.108.151.244 - - [05/Apr/2012:16:11:00 +0200] "GET /robots.txt HTTP/1.1" 404 1256 "-" "Mozilla/5.0 (compatible; YandexBot/3.0; +http://yandex.com/bots)"
95.108.151.244 - - [05/Apr/2012:16:11:01 +0200] "GET / HTTP/1.1" 200 12828 "-" "Mozilla/5.0 (compatible; YandexBot/3.0; +http://yandex.com/bots)"
95.108.151.244 - - [05/Apr/2012:16:11:02 +0200] "GET / HTTP/1.1" 200 12828 "-" "Mozilla/5.0 (compatible; YandexBot/3.0; +http://yandex.com/bots)"
66.249.72.57 - - [05/Apr/2012:16:21:31 +0200] "GET /robots.txt HTTP/1.1" 404 1256 "-" "Mozilla/5.0 (compatible; Googlebot/2.1; +http://www.google.com/bot.html)"
66.249.72.57 - - [05/Apr/2012:16:21:32 +0200] "GET /Feinstaubfilter/feinstaubfilter.html HTTP/1.1" 200 13065 "-" "Mozilla/5.0 (iPhone; U; CPU iPhone OS 4_1 like Mac OS X; en-us) AppleWebKit/532.9 (KHTML, like Gecko) Version/4.0.5 Mobile/8B117 Safari/6531.22.7 (compatible; Googlebot-Mobile/2.1; +http://www.google.com/bot.html)"
66.249.72.57 - - [05/Apr/2012:16:31:56 +0200] "GET /micronair_Ns1.gif HTTP/1.1" 200 1908 "http://www.sirius-berlin.de/Feinstaubfilter/feinstaubfilter.html" "Mozilla/5.0 (compatible; Googlebot/2.1; +http://www.google.com/bot.html)"
66.249.72.57 - - [05/Apr/2012:16:31:56 +0200] "GET /micronair_Logo102.jpg HTTP/1.1" 200 5727 "http://www.sirius-berlin.de/Feinstaubfilter/feinstaubfilter.html" "Mozilla/5.0 (compatible; Googlebot/2.1; +http://www.google.com/bot.html)"
66.249.72.57 - - [05/Apr/2012:16:31:57 +0200] "GET /Dexwet_logo1.jpg HTTP/1.1" 200 8184 "http://www.sirius-berlin.de/Feinstaubfilter/feinstaubfilter.html" "Mozilla/5.0 (compatible; Googlebot/2.1; +http://www.google.com/bot.html)"
66.249.72.57 - - [05/Apr/2012:16:31:57 +0200] "GET /Beide_Filter1.jpg HTTP/1.1" 200 9542 "http://www.sirius-berlin.de/Feinstaubfilter/feinstaubfilter.html" "Mozilla/5.0 (compatible; Googlebot/2.1; +http://www.google.com/bot.html)"
66.249.72.57 - - [05/Apr/2012:16:31:58 +0200] "GET /Dexwet_Ns1.gif HTTP/1.1" 200 1904 "http://www.sirius-berlin.de/Feinstaubfilter/feinstaubfilter.html" "Mozilla/5.0 (compatible; Googlebot/2.1; +http://www.google.com/bot.html)"
66.249.72.57 - - [05/Apr/2012:16:31:59 +0200] "GET /Feinstaubfilter_Hp3.gif HTTP/1.1" 200 1938 "http://www.sirius-berlin.de/Feinstaubfilter/feinstaubfilter.html" "Mozilla/5.0 (compatible; Googlebot/2.1; +http://www.google.com/bot.html)"
66.249.72.57 - - [05/Apr/2012:16:31:59 +0200] "GET /Alle_auf_blau1.jpg HTTP/1.1" 200 6908 "http://www.sirius-berlin.de/Feinstaubfilter/feinstaubfilter.html" "Mozilla/5.0 (compatible; Googlebot/2.1; +http://www.google.com/bot.html)"
66.249.72.57 - - [05/Apr/2012:16:32:00 +0200] "GET /Feinstaubfilter_NnBanner.gif HTTP/1.1" 200 6169 "http://www.sirius-berlin.de/Feinstaubfilter/feinstaubfilter.html" "Mozilla/5.0 (compatible; Googlebot/2.1; +http://www.google.com/bot.html)"
66.249.72.57 - - [05/Apr/2012:16:32:03 +0200] "GET /micronair_NRs2.gif HTTP/1.1" 200 1885 "http://www.sirius-berlin.de/Feinstaubfilter/feinstaubfilter.html" "Mozilla/5.0 (compatible; Googlebot/2.1; +http://www.google.com/bot.html)"
66.249.72.57 - - [05/Apr/2012:16:32:04 +0200] "GET /Feinstaubfilter_HRp4.gif HTTP/1.1" 200 2579 "http://www.sirius-berlin.de/Feinstaubfilter/feinstaubfilter.html" "Mozilla/5.0 (compatible; Googlebot/2.1; +http://www.google.com/bot.html)"
66.249.72.57 - - [05/Apr/2012:16:32:04 +0200] "GET /Dexwet_NRs2.gif HTTP/1.1" 200 1880 "http://www.sirius-berlin.de/Feinstaubfilter/feinstaubfilter.html" "Mozilla/5.0 (compatible; Googlebot/2.1; +http://www.google.com/bot.html)"
46.115.43.29 - - [05/Apr/2012:17:34:40 +0200] "GET / HTTP/1.1" 200 12828 "http://www.gelbeseiten.de/branchenbuch/berlin/buerobedarf-berlin.html" "Mozilla/4.0 (compatible; MSIE 8.0; Windows NT 6.1; Win64; x64; Trident/4.0; GTB7.3; .NET CLR 2.0.50727; SLCC2; .NET CLR 3.5.30729; .NET CLR 3.0.30729; Media Center PC 6.0; .NET4.0C)"
95.108.128.242 - - [06/Apr/2012:00:03:27 +0200] "GET / HTTP/1.1" 200 12828 "-" "Mozilla/5.0 (compatible; YandexBot/3.0; +http://yandex.com/bots)"
95.108.128.242 - - [06/Apr/2012:01:04:59 +0200] "GET /index.html HTTP/1.1" 200 12828 "-" "Mozilla/5.0 (compatible; YandexBot/3.0; +http://yandex.com/bots)"
66.249.67.235 - - [06/Apr/2012:01:09:06 +0200] "GET /robots.txt HTTP/1.1" 404 1256 "-" "Mozilla/5.0 (compatible; Googlebot/2.1; +http://www.google.com/bot.html)"
66.249.67.235 - - [06/Apr/2012:01:09:06 +0200] "GET /Produkte/weitere_Produkte/weitere_produkte.html HTTP/1.1" 304 - "-" "Mozilla/5.0 (compatible; Googlebot/2.1; +http://www.google.com/bot.html)"
95.108.128.242 - - [06/Apr/2012:01:57:44 +0200] "GET /Impressum/impressum.html HTTP/1.1" 304 - "-" "Mozilla/5.0 (compatible; YandexBot/3.0; +http://yandex.com/bots)"
66.249.67.235 - - [06/Apr/2012:02:53:25 +0200] "GET /Shop/Filter/filter_2.html HTTP/1.1" 304 - "-" "Mozilla/5.0 (compatible; Googlebot/2.1; +http://www.google.com/bot.html)"
88.131.106.5 - - [06/Apr/2012:05:02:40 +0200] "GET /robots.txt HTTP/1.0" 404 1256 "-" "Mozilla/5.0 (Windows; U; Windows NT 5.1; en-US) Speedy Spider (http://www.entireweb.com/about/search_tech/speedy_spider/)"
88.131.106.6 - - [06/Apr/2012:05:02:42 +0200] "GET /Impressum/impressum.html HTTP/1.0" 200 11991 "-" "Mozilla/5.0 (Windows; U; Windows NT 5.1; en-US) Speedy Spider (http://www.entireweb.com/about/search_tech/speedy_spider/)"
95.108.128.242 - - [06/Apr/2012:06:46:48 +0200] "GET /Produkte/produkte.html HTTP/1.1" 304 - "-" "Mozilla/5.0 (compatible; YandexBot/3.0; +http://yandex.com/bots)"
93.220.233.191 - - [06/Apr/2012:06:51:40 +0200] "GET / HTTP/1.1" 200 12828 "-" "Mozilla/4.0 (compatible; MSIE 8.0; Windows NT 6.0; .NET CLR 1.1.4322; .NET CLR 2.0.50727; .NET CLR 3.0.04506.30)"
93.220.233.191 - - [06/Apr/2012:06:51:46 +0200] "GET /Impressum/impressum.html HTTP/1.1" 200 11991 "-" "Mozilla/4.0 (compatible; MSIE 8.0; Windows NT 6.0; .NET CLR 1.1.4322; .NET CLR 1.0.3705; .NET CLR 2.0.50727; .NET CLR 3.0.04506.30; .NET CLR 3.0.04506.648; .NET CLR 3.5.21022)"
66.249.72.57 - - [06/Apr/2012:10:37:33 +0200] "GET /robots.txt HTTP/1.1" 404 1256 "-" "Mozilla/5.0 (compatible; Googlebot/2.1; +http://www.google.com/bot.html)"
66.249.72.57 - - [06/Apr/2012:10:37:34 +0200] "GET /Feinstaubfilter/feinstaubfilter.html HTTP/1.1" 304 - "-" "Mozilla/5.0 (compatible; Googlebot/2.1; +http://www.google.com/bot.html)"
208.80.194.30 - - [06/Apr/2012:10:38:33 +0200] "GET / HTTP/1.0" 200 12828 "-" "Mozilla/4.0 (compatible; MSIE 6.0; Windows NT 5.1; SIMBAR Enabled; SIMBAR={36B0F757-6CDD-4788-98BD-B1D609895804})"
85.88.17.62 - - [06/Apr/2012:11:34:29 +0200] "GET / HTTP/1.1" 200 12828 "-" "Mozilla/5.0 (Windows; U; Windows NT 5.1; de-DE; rv:1.7.12) Gecko/20120219 Firefox/3.6.23"
208.115.113.83 - - [06/Apr/2012:13:45:54 +0200] "GET /robots.txt HTTP/1.1" 404 1256 "-" "Mozilla/5.0 (compatible; Ezooms/1.0; ezooms.bot@gmail.com)"
95.108.128.242 - - [06/Apr/2012:14:20:13 +0200] "GET /robots.txt HTTP/1.1" 404 1256 "-" "Mozilla/5.0 (compatible; YandexBot/3.0; +http://yandex.com/bots)"
173.242.125.206 - - [06/Apr/2012:15:22:09 +0200] "GET /robots.txt HTTP/1.0" 404 1256 "-" "Mozilla/5.0 (compatible; MJ12bot/v1.4.2; http://www.majestic12.co.uk/bot.php?+)"
173.242.125.206 - - [06/Apr/2012:15:22:10 +0200] "GET / HTTP/1.0" 200 12828 "-" "Mozilla/5.0 (compatible; MJ12bot/v1.4.2; http://www.majestic12.co.uk/bot.php?+)"
95.108.128.242 - - [06/Apr/2012:15:56:37 +0200] "GET /Service_Kontakt/service_kontakt.html HTTP/1.1" 304 - "-" "Mozilla/5.0 (compatible; YandexBot/3.0; +http://yandex.com/bots)"
208.115.113.83 - - [06/Apr/2012:16:27:45 +0200] "GET /Impressum/impressum.html HTTP/1.1" 200 11991 "-" "Mozilla/5.0 (compatible; Ezooms/1.0; ezooms.bot@gmail.com)"
66.249.71.141 - - [06/Apr/2012:17:21:39 +0200] "GET /robots.txt HTTP/1.1" 404 1256 "-" "Mozilla/5.0 (compatible; Googlebot/2.1; +http://www.google.com/bot.html)"
66.249.71.141 - - [06/Apr/2012:17:21:39 +0200] "GET /Impressum/impressum.html HTTP/1.1" 200 11991 "-" "Mozilla/5.0 (iPhone; U; CPU iPhone OS 4_1 like Mac OS X; en-us) AppleWebKit/532.9 (KHTML, like Gecko) Version/4.0.5 Mobile/8B117 Safari/6531.22.7 (compatible; Googlebot-Mobile/2.1; +http://www.google.com/bot.html)"
66.249.71.141 - - [06/Apr/2012:17:48:33 +0200] "GET /Impressum_Hp3.gif HTTP/1.1" 304 - "-" "Googlebot-Image/1.0"
88.72.52.240 - - [07/Apr/2012:04:40:07 +0200] "GET /robots.txt HTTP/1.0" 404 1256 "-" "Mozilla/5.0 (compatible; MJ12bot/v1.4.2; http://www.majestic12.co.uk/bot.php?+)"
88.72.52.240 - - [07/Apr/2012:04:40:09 +0200] "GET / HTTP/1.1" 200 12828 "-" "Mozilla/5.0 (compatible; MJ12bot/v1.4.2; http://www.majestic12.co.uk/bot.php?+)"
173.236.21.106 - - [07/Apr/2012:04:54:27 +0200] "GET /robots.txt HTTP/1.0" 404 1256 "-" "Mozilla/5.0 (compatible; MJ12bot/v1.4.2; http://www.majestic12.co.uk/bot.php?+)"
173.236.21.106 - - [07/Apr/2012:04:54:29 +0200] "GET /Feinstaubfilter/Dexwet/dexwet.html HTTP/1.0" 200 16100 "-" "Mozilla/5.0 (compatible; MJ12bot/v1.4.2; http://www.majestic12.co.uk/bot.php?+)"
