93.228.66.133 - - [01/Mar/2012:00:23:31 +0100] "GET / HTTP/1.1" 200 12828 "-" "Mozilla/4.0 (compatible; MSIE 7.0; Windows NT 6.0; WOW64; SLCC1; .NET CLR 2.0.50727; .NET CLR 1.1.4322; .NET CLR 3.5.21022; .NET CLR 3.0.04506)"
93.228.66.133 - - [01/Mar/2012:00:23:37 +0100] "GET /Impressum/impressum.html HTTP/1.1" 200 11991 "-" "Mozilla/4.0 (compatible; MSIE 8.0; Windows NT 6.0; .NET CLR 1.1.4322; .NET CLR 2.0.50110; InfoPath.1)"
95.108.128.242 - - [01/Mar/2012:03:20:42 +0100] "GET /robots.txt HTTP/1.1" 404 1256 "-" "Mozilla/5.0 (compatible; YandexBot/3.0; +http://yandex.com/bots)"
95.108.128.242 - - [01/Mar/2012:03:20:45 +0100] "GET /Produkte/produkte.html HTTP/1.1" 304 - "-" "Mozilla/5.0 (compatible; YandexBot/3.0; +http://yandex.com/bots)"
50.19.170.143 - - [01/Mar/2012:03:55:19 +0100] "GET / HTTP/1.0" 200 12828 "-" "Mozilla/5.0 (compatible; NetcraftSurveyAgent/1.0; +info@netcraft.com)"
208.115.111.67 - - [01/Mar/2012:05:17:53 +0100] "GET /robots.txt HTTP/1.1" 404 1256 "-" "Mozilla/5.0 (compatible; Ezooms/1.0; ezooms.bot@gmail.com)"
213.186.127.12 - - [01/Mar/2012:06:10:07 +0100] "GET /robots.txt HTTP/1.1" 404 1256 "-" "Mozilla/5.0 (compatible; AhrefsBot/2.0; +http://ahrefs.com/robot/)"
208.115.111.67 - - [01/Mar/2012:06:35:13 +0100] "GET /Produkte/weitere_Produkte/weitere_produkte.html HTTP/1.1" 200 12524 "-" "Mozilla/5.0 (compatible; Ezooms/1.0; ezooms.bot@gmail.com)"
85.88.17.62 - - [01/Mar/2012:09:35:35 +0100] "GET / HTTP/1.1" 200 12828 "-" "Mozilla/5.0 (Windows; U; Windows NT 5.1; de-DE; rv:1.7.12) Gecko/20120219 Firefox/3.6.23"
66.249.66.228 - - [01/Mar/2012:09:51:34 +0100] "GET /robots.txt HTTP/1.1" 404 1256 "-" "Mozilla/5.0 (compatible; Googlebot/2.1; +http://www.google.com/bot.html)"
66.249.66.228 - - [01/Mar/2012:09:51:34 +0100] "GET / HTTP/1.1" 304 - "-" "Mozilla/5.0 (compatible; Googlebot/2.1; +http://www.google.com/bot.html)"
66.249.72.118 - - [01/Mar/2012:09:56:41 +0100] "GET /Feinstaubfilter/micronair/micronair.html HTTP/1.1" 304 - "-" "Mozilla/5.0 (compatible; Googlebot/2.1; +http://www.google.com/bot.html)"
79.212.227.173 - - [01/Mar/2012:10:22:01 +0100] "GET / HTTP/1.1" 200 12828 "http://www.google.de/url?sa=t&rct=j&q=sirius%20hotel%20berlin&source=web&cd=9&sqi=2&ved=0CLYBEBYwCA&url=http%3A%2F%2Fwww.sirius-berlin.de%2F&ei=sT9PT7eqL47Q4QTZ4eivDQ&usg=AFQjCNGPtAUXJumSlzcucuvDG92yo-pnyg" "Mozilla/5.0 (compatible; MSIE 9.0; Windows NT 6.1; Trident/5.0)"
79.212.227.173 - - [01/Mar/2012:10:22:01 +0100] "GET /rollover.js HTTP/1.1" 200 32709 "http://www.sirius-berlin.de/" "Mozilla/5.0 (compatible; MSIE 9.0; Windows NT 6.1; Trident/5.0)"
79.212.227.173 - - [01/Mar/2012:10:22:01 +0100] "GET /Sirius-LOGO21.JPG HTTP/1.1" 200 2563 "http://www.sirius-berlin.de/" "Mozilla/5.0 (compatible; MSIE 9.0; Windows NT 6.1; Trident/5.0)"
79.212.227.173 - - [01/Mar/2012:10:22:01 +0100] "GET /clearpixel.gif HTTP/1.1" 200 43 "http://www.sirius-berlin.de/" "Mozilla/5.0 (compatible; MSIE 9.0; Windows NT 6.1; Trident/5.0)"
79.212.227.173 - - [01/Mar/2012:10:22:01 +0100] "GET /Produkte_Np1.gif HTTP/1.1" 200 1744 "http://www.sirius-berlin.de/" "Mozilla/5.0 (compatible; MSIE 9.0; Windows NT 6.1; Trident/5.0)"
79.212.227.173 - - [01/Mar/2012:10:22:01 +0100] "GET /Home_Hp3.gif HTTP/1.1" 200 1773 "http://www.sirius-berlin.de/" "Mozilla/5.0 (compatible; MSIE 9.0; Windows NT 6.1; Trident/5.0)"
79.212.227.173 - - [01/Mar/2012:10:22:01 +0100] "GET /Service_Kontakt_Np1.gif HTTP/1.1" 200 1794 "http://www.sirius-berlin.de/" "Mozilla/5.0 (compatible; MSIE 9.0; Windows NT 6.1; Trident/5.0)"
79.212.227.173 - - [01/Mar/2012:10:22:01 +0100] "GET /Feinstaubfilter_Np1.gif HTTP/1.1" 200 1780 "http://www.sirius-berlin.de/" "Mozilla/5.0 (compatible; MSIE 9.0; Windows NT 6.1; Trident/5.0)"
79.212.227.173 - - [01/Mar/2012:10:22:01 +0100] "GET /Impressum_Np1.gif HTTP/1.1" 200 1750 "http://www.sirius-berlin.de/" "Mozilla/5.0 (compatible; MSIE 9.0; Windows NT 6.1; Trident/5.0)"
79.212.227.173 - - [01/Mar/2012:10:22:01 +0100] "GET /Shop_Np1.gif HTTP/1.1" 200 1699 "http://www.sirius-berlin.de/" "Mozilla/5.0 (compatible; MSIE 9.0; Windows NT 6.1; Trident/5.0)"
79.212.227.173 - - [01/Mar/2012:10:22:01 +0100] "GET /BuiltWithNOF.gif HTTP/1.1" 200 2587 "http://www.sirius-berlin.de/" "Mozilla/5.0 (compatible; MSIE 9.0; Windows NT 6.1; Trident/5.0)"
79.212.227.173 - - [01/Mar/2012:10:22:01 +0100] "GET /Home_NnBanner.gif HTTP/1.1" 200 5803 "http://www.sirius-berlin.de/" "Mozilla/5.0 (compatible; MSIE 9.0; Windows NT 6.1; Trident/5.0)"
79.212.227.173 - - [01/Mar/2012:10:22:01 +0100] "GET /Sirius-LOGO1.JPG HTTP/1.1" 200 4357 "http://www.sirius-berlin.de/" "Mozilla/5.0 (compatible; MSIE 9.0; Windows NT 6.1; Trident/5.0)"
79.212.227.173 - - [01/Mar/2012:10:22:01 +0100] "GET /DSC0019902.JPG HTTP/1.1" 200 7772 "http://www.sirius-berlin.de/" "Mozilla/5.0 (compatible; MSIE 9.0; Windows NT 6.1; Trident/5.0)"
79.212.227.173 - - [01/Mar/2012:10:22:04 +0100] "GET /rollover.js HTTP/1.1" 200 32709 "http://www.sirius-berlin.de/" "Mozilla/5.0 (compatible; MSIE 9.0; Windows NT 6.1; Trident/5.0)"
79.212.227.173 - - [01/Mar/2012:10:22:04 +0100] "GET /background.gif HTTP/1.1" 200 5457 "http://www.sirius-berlin.de/" "Mozilla/5.0 (compatible; MSIE 9.0; Windows NT 6.1; Trident/5.0)"
79.212.227.173 - - [01/Mar/2012:10:22:04 +0100] "GET /background.gif HTTP/1.1" 200 5457 "http://www.sirius-berlin.de/" "Mozilla/5.0 (compatible; MSIE 9.0; Windows NT 6.1; Trident/5.0)"
79.212.227.173 - - [01/Mar/2012:10:22:04 +0100] "GET /Home_HRp4.gif HTTP/1.1" 200 2027 "http://www.sirius-berlin.de/" "Mozilla/5.0 (compatible; MSIE 9.0; Windows NT 6.1; Trident/5.0)"
79.212.227.173 - - [01/Mar/2012:10:22:04 +0100] "GET /Produkte_NRp2.gif HTTP/1.1" 200 2001 "http://www.sirius-berlin.de/" "Mozilla/5.0 (compatible; MSIE 9.0; Windows NT 6.1; Trident/5.0)"
79.212.227.173 - - [01/Mar/2012:10:22:04 +0100] "GET /Feinstaubfilter_NRp2.gif HTTP/1.1" 200 2034 "http://www.sirius-berlin.de/" "Mozilla/5.0 (compatible; MSIE 9.0; Windows NT 6.1; Trident/5.0)"
79.212.227.173 - - [01/Mar/2012:10:22:04 +0100] "GET /Service_Kontakt_NRp2.gif HTTP/1.1" 200 2044 "http://www.sirius-berlin.de/" "Mozilla/5.0 (compatible; MSIE 9.0; Windows NT 6.1; Trident/5.0)"
79.212.227.173 - - [01/Mar/2012:10:22:04 +0100] "GET /Shop_NRp2.gif HTTP/1.1" 200 1954 "http://www.sirius-berlin.de/" "Mozilla/5.0 (compatible; MSIE 9.0; Windows NT 6.1; Trident/5.0)"
79.212.227.173 - - [01/Mar/2012:10:22:04 +0100] "GET /Impressum_NRp2.gif HTTP/1.1" 200 2011 "http://www.sirius-berlin.de/" "Mozilla/5.0 (compatible; MSIE 9.0; Windows NT 6.1; Trident/5.0)"
79.212.227.173 - - [01/Mar/2012:10:22:05 +0100] "GET /favicon.ico HTTP/1.1" 404 1256 "-" "Mozilla/5.0 (compatible; MSIE 9.0; Windows NT 6.1; Trident/5.0)"
80.146.173.186 - - [01/Mar/2012:12:18:48 +0100] "GET / HTTP/1.0" 200 12828 "http://www.google.de/url?sa=t&rct=j&q=sirius+13127&source=web&cd=4&ved=0CEEQFjAD&url=http%3A%2F%2Fwww.sirius-berlin.de%2F&ei=D1tPT8a2IcXUsgba_rjpCw&usg=AFQjCNGPtAUXJumSlzcucuvDG92yo-pnyg" "Mozilla/5.0 (Windows NT 5.1; rv:10.0.2) Gecko/20100101 Firefox/10.0.2"
80.146.173.186 - - [01/Mar/2012:12:18:49 +0100] "GET /clearpixel.gif HTTP/1.0" 200 43 "http://www.sirius-berlin.de/" "Mozilla/5.0 (Windows NT 5.1; rv:10.0.2) Gecko/20100101 Firefox/10.0.2"
80.146.173.186 - - [01/Mar/2012:12:18:49 +0100] "GET /rollover.js HTTP/1.0" 200 32709 "http://www.sirius-berlin.de/" "Mozilla/5.0 (Windows NT 5.1; rv:10.0.2) Gecko/20100101 Firefox/10.0.2"
80.146.173.186 - - [01/Mar/2012:12:18:49 +0100] "GET /Sirius-LOGO21.JPG HTTP/1.0" 200 2563 "http://www.sirius-berlin.de/" "Mozilla/5.0 (Windows NT 5.1; rv:10.0.2) Gecko/20100101 Firefox/10.0.2"
80.146.173.186 - - [01/Mar/2012:12:18:49 +0100] "GET /Home_Hp3.gif HTTP/1.0" 200 1773 "http://www.sirius-berlin.de/" "Mozilla/5.0 (Windows NT 5.1; rv:10.0.2) Gecko/20100101 Firefox/10.0.2"
80.146.173.186 - - [01/Mar/2012:12:18:49 +0100] "GET /Feinstaubfilter_Np1.gif HTTP/1.0" 200 1780 "http://www.sirius-berlin.de/" "Mozilla/5.0 (Windows NT 5.1; rv:10.0.2) Gecko/20100101 Firefox/10.0.2"
80.146.173.186 - - [01/Mar/2012:12:18:49 +0100] "GET /Produkte_Np1.gif HTTP/1.0" 200 1744 "http://www.sirius-berlin.de/" "Mozilla/5.0 (Windows NT 5.1; rv:10.0.2) Gecko/20100101 Firefox/10.0.2"
80.146.173.186 - - [01/Mar/2012:12:18:49 +0100] "GET /Service_Kontakt_Np1.gif HTTP/1.0" 200 1794 "http://www.sirius-berlin.de/" "Mozilla/5.0 (Windows NT 5.1; rv:10.0.2) Gecko/20100101 Firefox/10.0.2"
80.146.173.186 - - [01/Mar/2012:12:18:49 +0100] "GET /Impressum_Np1.gif HTTP/1.0" 200 1750 "http://www.sirius-berlin.de/" "Mozilla/5.0 (Windows NT 5.1; rv:10.0.2) Gecko/20100101 Firefox/10.0.2"
80.146.173.186 - - [01/Mar/2012:12:18:49 +0100] "GET /Shop_Np1.gif HTTP/1.0" 200 1699 "http://www.sirius-berlin.de/" "Mozilla/5.0 (Windows NT 5.1; rv:10.0.2) Gecko/20100101 Firefox/10.0.2"
80.146.173.186 - - [01/Mar/2012:12:18:49 +0100] "GET /BuiltWithNOF.gif HTTP/1.0" 200 2587 "http://www.sirius-berlin.de/" "Mozilla/5.0 (Windows NT 5.1; rv:10.0.2) Gecko/20100101 Firefox/10.0.2"
80.146.173.186 - - [01/Mar/2012:12:18:49 +0100] "GET /Home_NnBanner.gif HTTP/1.0" 200 5803 "http://www.sirius-berlin.de/" "Mozilla/5.0 (Windows NT 5.1; rv:10.0.2) Gecko/20100101 Firefox/10.0.2"
80.146.173.186 - - [01/Mar/2012:12:18:49 +0100] "GET /Sirius-LOGO1.JPG HTTP/1.0" 200 4357 "http://www.sirius-berlin.de/" "Mozilla/5.0 (Windows NT 5.1; rv:10.0.2) Gecko/20100101 Firefox/10.0.2"
80.146.173.186 - - [01/Mar/2012:12:18:49 +0100] "GET /DSC0019902.JPG HTTP/1.0" 200 7772 "http://www.sirius-berlin.de/" "Mozilla/5.0 (Windows NT 5.1; rv:10.0.2) Gecko/20100101 Firefox/10.0.2"
80.146.173.186 - - [01/Mar/2012:12:18:49 +0100] "GET /background.gif HTTP/1.0" 200 5457 "http://www.sirius-berlin.de/" "Mozilla/5.0 (Windows NT 5.1; rv:10.0.2) Gecko/20100101 Firefox/10.0.2"
80.146.173.186 - - [01/Mar/2012:12:18:49 +0100] "GET /Home_HRp4.gif HTTP/1.0" 200 2027 "http://www.sirius-berlin.de/" "Mozilla/5.0 (Windows NT 5.1; rv:10.0.2) Gecko/20100101 Firefox/10.0.2"
80.146.173.186 - - [01/Mar/2012:12:18:49 +0100] "GET /Produkte_NRp2.gif HTTP/1.0" 200 2001 "http://www.sirius-berlin.de/" "Mozilla/5.0 (Windows NT 5.1; rv:10.0.2) Gecko/20100101 Firefox/10.0.2"
80.146.173.186 - - [01/Mar/2012:12:18:49 +0100] "GET /Service_Kontakt_NRp2.gif HTTP/1.0" 200 2044 "http://www.sirius-berlin.de/" "Mozilla/5.0 (Windows NT 5.1; rv:10.0.2) Gecko/20100101 Firefox/10.0.2"
80.146.173.186 - - [01/Mar/2012:12:18:49 +0100] "GET /Feinstaubfilter_NRp2.gif HTTP/1.0" 200 2034 "http://www.sirius-berlin.de/" "Mozilla/5.0 (Windows NT 5.1; rv:10.0.2) Gecko/20100101 Firefox/10.0.2"
80.146.173.186 - - [01/Mar/2012:12:18:49 +0100] "GET /Impressum_NRp2.gif HTTP/1.0" 200 2011 "http://www.sirius-berlin.de/" "Mozilla/5.0 (Windows NT 5.1; rv:10.0.2) Gecko/20100101 Firefox/10.0.2"
80.146.173.186 - - [01/Mar/2012:12:18:49 +0100] "GET /Shop_NRp2.gif HTTP/1.0" 200 1954 "http://www.sirius-berlin.de/" "Mozilla/5.0 (Windows NT 5.1; rv:10.0.2) Gecko/20100101 Firefox/10.0.2"
80.146.173.186 - - [01/Mar/2012:12:18:51 +0100] "GET /favicon.ico HTTP/1.0" 404 1256 "-" "Mozilla/5.0 (Windows NT 5.1; rv:10.0.2) Gecko/20100101 Firefox/10.0.2"
208.115.111.67 - - [01/Mar/2012:13:39:33 +0100] "GET /robots.txt HTTP/1.1" 404 1256 "-" "Mozilla/5.0 (compatible; Ezooms/1.0; ezooms.bot@gmail.com)"
208.115.111.67 - - [01/Mar/2012:15:03:24 +0100] "GET /Shop/shop.html HTTP/1.1" 200 59578 "-" "Mozilla/5.0 (compatible; Ezooms/1.0; ezooms.bot@gmail.com)"
83.149.126.98 - - [01/Mar/2012:18:54:10 +0100] "GET /robots.txt HTTP/1.0" 404 1256 "-" "Mozilla/5.0 (compatible; MJ12bot/v1.4.2; http://www.majestic12.co.uk/bot.php?+)"
83.149.126.98 - - [01/Mar/2012:18:54:11 +0100] "GET /Feinstaubfilter/feinstaubfilter.html HTTP/1.0" 200 13065 "-" "Mozilla/5.0 (compatible; MJ12bot/v1.4.2; http://www.majestic12.co.uk/bot.php?+)"
83.149.126.98 - - [01/Mar/2012:18:54:13 +0100] "GET /Impressum/impressum.html HTTP/1.0" 200 11991 "-" "Mozilla/5.0 (compatible; MJ12bot/v1.4.2; http://www.majestic12.co.uk/bot.php?+)"
83.149.126.98 - - [01/Mar/2012:18:54:15 +0100] "GET /Service_Kontakt/service_kontakt.html HTTP/1.0" 200 11157 "-" "Mozilla/5.0 (compatible; MJ12bot/v1.4.2; http://www.majestic12.co.uk/bot.php?+)"
83.149.126.98 - - [01/Mar/2012:18:54:17 +0100] "GET /Shop/shop.html HTTP/1.0" 200 59578 "-" "Mozilla/5.0 (compatible; MJ12bot/v1.4.2; http://www.majestic12.co.uk/bot.php?+)"
83.149.126.98 - - [01/Mar/2012:18:54:17 +0100] "GET /robots.txt HTTP/1.0" 404 1256 "-" "Mozilla/5.0 (compatible; MJ12bot/v1.4.2; http://www.majestic12.co.uk/bot.php?+)"
83.149.126.98 - - [01/Mar/2012:18:54:19 +0100] "GET /index.html HTTP/1.0" 200 12828 "-" "Mozilla/5.0 (compatible; MJ12bot/v1.4.2; http://www.majestic12.co.uk/bot.php?+)"
65.52.110.18 - - [01/Mar/2012:19:43:57 +0100] "GET /Produkte/produkte.html HTTP/1.1" 304 - "-" "Mozilla/5.0 (compatible; bingbot/2.0; +http://www.bing.com/bingbot.htm)"
46.4.102.72 - - [01/Mar/2012:20:35:11 +0100] "GET /robots.txt HTTP/1.1" 404 1256 "-" "Mozilla/5.0 (compatible; NerdByNature.Bot; http://www.nerdbynature.net/bot)"
46.4.102.72 - - [01/Mar/2012:20:35:11 +0100] "GET / HTTP/1.1" 200 12828 "-" "Mozilla/5.0 (compatible; NerdByNature.Bot; http://www.nerdbynature.net/bot)"
46.4.102.72 - - [01/Mar/2012:20:35:23 +0100] "GET /Produkte/produkte.html HTTP/1.1" 200 17755 "-" "Mozilla/5.0 (compatible; NerdByNature.Bot; http://www.nerdbynature.net/bot)"
46.4.102.72 - - [01/Mar/2012:20:35:23 +0100] "GET /Service_Kontakt/service_kontakt.html HTTP/1.1" 200 11157 "-" "Mozilla/5.0 (compatible; NerdByNature.Bot; http://www.nerdbynature.net/bot)"
46.4.102.72 - - [01/Mar/2012:20:35:23 +0100] "GET /index.html HTTP/1.1" 200 12828 "-" "Mozilla/5.0 (compatible; NerdByNature.Bot; http://www.nerdbynature.net/bot)"
46.4.102.72 - - [01/Mar/2012:20:35:23 +0100] "GET /Shop/shop.html HTTP/1.1" 200 59578 "-" "Mozilla/5.0 (compatible; NerdByNature.Bot; http://www.nerdbynature.net/bot)"
46.4.102.72 - - [01/Mar/2012:20:35:24 +0100] "GET /Impressum/impressum.html HTTP/1.1" 200 11991 "-" "Mozilla/5.0 (compatible; NerdByNature.Bot; http://www.nerdbynature.net/bot)"
46.4.102.72 - - [01/Mar/2012:20:35:25 +0100] "GET /Feinstaubfilter/feinstaubfilter.html HTTP/1.1" 200 13065 "-" "Mozilla/5.0 (compatible; NerdByNature.Bot; http://www.nerdbynature.net/bot)"
46.4.102.72 - - [01/Mar/2012:20:35:25 +0100] "GET /Produkte/weitere_Produkte/weitere_produkte.html HTTP/1.1" 200 12524 "-" "Mozilla/5.0 (compatible; NerdByNature.Bot; http://www.nerdbynature.net/bot)"
46.4.102.72 - - [01/Mar/2012:20:35:25 +0100] "GET /Produkte/Tintenpatronen/tintenpatronen.html HTTP/1.1" 200 15225 "-" "Mozilla/5.0 (compatible; NerdByNature.Bot; http://www.nerdbynature.net/bot)"
46.4.102.72 - - [01/Mar/2012:20:35:25 +0100] "GET /Produkte/Tonerkartuschen/tonerkartuschen.html HTTP/1.1" 200 13203 "-" "Mozilla/5.0 (compatible; NerdByNature.Bot; http://www.nerdbynature.net/bot)"
46.4.102.72 - - [01/Mar/2012:20:35:25 +0100] "GET /Shop/Filter/filter_2.html HTTP/1.1" 200 26547 "-" "Mozilla/5.0 (compatible; NerdByNature.Bot; http://www.nerdbynature.net/bot)"
46.4.102.72 - - [01/Mar/2012:20:35:25 +0100] "GET /Shop/Filter/filter_0.html HTTP/1.1" 200 26544 "-" "Mozilla/5.0 (compatible; NerdByNature.Bot; http://www.nerdbynature.net/bot)"
46.4.102.72 - - [01/Mar/2012:20:35:25 +0100] "GET /Shop/Filter/filter_1.html HTTP/1.1" 200 26543 "-" "Mozilla/5.0 (compatible; NerdByNature.Bot; http://www.nerdbynature.net/bot)"
46.4.102.72 - - [01/Mar/2012:20:35:25 +0100] "GET /Feinstaubfilter/micronair/micronair.html HTTP/1.1" 200 19812 "-" "Mozilla/5.0 (compatible; NerdByNature.Bot; http://www.nerdbynature.net/bot)"
46.4.102.72 - - [01/Mar/2012:20:35:26 +0100] "GET /Feinstaubfilter/Dexwet/dexwet.html HTTP/1.1" 200 16100 "-" "Mozilla/5.0 (compatible; NerdByNature.Bot; http://www.nerdbynature.net/bot)"
66.249.71.161 - - [01/Mar/2012:21:04:02 +0100] "GET /robots.txt HTTP/1.1" 404 1256 "-" "Mozilla/5.0 (compatible; Googlebot/2.1; +http://www.google.com/bot.html)"
66.249.71.161 - - [01/Mar/2012:21:04:02 +0100] "GET /Produkte/weitere_Produkte/weitere_produkte.html HTTP/1.1" 200 12524 "-" "Mozilla/5.0 (compatible; Googlebot/2.1; +http://www.google.com/bot.html)"
95.108.128.242 - - [02/Mar/2012:00:10:48 +0100] "GET /Feinstaubfilter/Dexwet/dexwet.html HTTP/1.1" 200 16100 "-" "Mozilla/5.0 (compatible; YandexBot/3.0; +http://yandex.com/bots)"
95.108.128.242 - - [02/Mar/2012:00:10:51 +0100] "GET /Impressum/impressum.html HTTP/1.1" 304 - "-" "Mozilla/5.0 (compatible; YandexBot/3.0; +http://yandex.com/bots)"
157.55.16.222 - - [02/Mar/2012:00:43:07 +0100] "GET / HTTP/1.1" 304 - "-" "Mozilla/5.0 (compatible; bingbot/2.0; +http://www.bing.com/bingbot.htm)"
66.249.71.161 - - [02/Mar/2012:02:51:25 +0100] "GET /Shop/Filter/filter_0.html HTTP/1.1" 304 - "-" "Mozilla/5.0 (compatible; Googlebot/2.1; +http://www.google.com/bot.html)"
66.249.71.161 - - [02/Mar/2012:09:37:17 +0100] "GET /robots.txt HTTP/1.1" 404 1256 "-" "Mozilla/5.0 (compatible; Googlebot/2.1; +http://www.google.com/bot.html)"
66.249.71.161 - - [02/Mar/2012:09:37:18 +0100] "GET /thumb_Multipack.jpg HTTP/1.1" 304 - "-" "Googlebot-Image/1.0"
93.220.213.236 - - [02/Mar/2012:09:38:40 +0100] "GET / HTTP/1.1" 200 12828 "-" "Mozilla/4.0 (compatible; MSIE 7.0; Windows NT 6.0; WOW64; SLCC1; .NET CLR 2.0.50727; .NET CLR 3.0.04320)"
93.220.213.236 - - [02/Mar/2012:09:38:46 +0100] "GET /Impressum/impressum.html HTTP/1.1" 200 11991 "-" "Mozilla/4.0 (compatible; MSIE 8.0; Windows NT 6.0; .NET CLR 1.1.4322; .NET CLR 2.0.50727)"
88.198.16.203 - - [02/Mar/2012:11:13:07 +0100] "GET /robots.txt HTTP/1.0" 404 1256 "-" "Eurobot/1.1 (http://eurobot.ayell.eu)"
88.198.16.203 - - [02/Mar/2012:11:13:07 +0100] "GET / HTTP/1.0" 200 12828 "-" "Eurobot/1.1 (http://eurobot.ayell.eu)"
95.108.128.242 - - [02/Mar/2012:13:55:12 +0100] "GET /robots.txt HTTP/1.1" 404 1256 "-" "Mozilla/5.0 (compatible; YandexBot/3.0; +http://yandex.com/bots)"
95.108.128.242 - - [02/Mar/2012:13:55:14 +0100] "GET /index.html HTTP/1.1" 200 12828 "-" "Mozilla/5.0 (compatible; YandexBot/3.0; +http://yandex.com/bots)"
84.191.129.15 - - [02/Mar/2012:15:52:56 +0100] "GET / HTTP/1.1" 200 12828 "http://www.google.de/url?sa=t&rct=j&q=sirius%20technischer&source=web&cd=1&ved=0CCkQFjAA&url=http%3A%2F%2Fwww.sirius-berlin.de%2F&ei=xt5QT4mEHsjLsga3tsyYDA&usg=AFQjCNGPtAUXJumSlzcucuvDG92yo-pnyg" "Mozilla/5.0 (Windows; U; Windows NT 5.1; de; rv:1.9.2.27) Gecko/20120216 Firefox/3.6.27 ( .NET CLR 3.5.30729)"
84.191.129.15 - - [02/Mar/2012:15:52:56 +0100] "GET /rollover.js HTTP/1.1" 200 32709 "http://www.sirius-berlin.de/" "Mozilla/5.0 (Windows; U; Windows NT 5.1; de; rv:1.9.2.27) Gecko/20120216 Firefox/3.6.27 ( .NET CLR 3.5.30729)"
84.191.129.15 - - [02/Mar/2012:15:52:56 +0100] "GET /background.gif HTTP/1.1" 200 5457 "http://www.sirius-berlin.de/" "Mozilla/5.0 (Windows; U; Windows NT 5.1; de; rv:1.9.2.27) Gecko/20120216 Firefox/3.6.27 ( .NET CLR 3.5.30729)"
84.191.129.15 - - [02/Mar/2012:15:52:56 +0100] "GET /clearpixel.gif HTTP/1.1" 200 43 "http://www.sirius-berlin.de/" "Mozilla/5.0 (Windows; U; Windows NT 5.1; de; rv:1.9.2.27) Gecko/20120216 Firefox/3.6.27 ( .NET CLR 3.5.30729)"
84.191.129.15 - - [02/Mar/2012:15:52:56 +0100] "GET /Service_Kontakt_Np1.gif HTTP/1.1" 200 1794 "http://www.sirius-berlin.de/" "Mozilla/5.0 (Windows; U; Windows NT 5.1; de; rv:1.9.2.27) Gecko/20120216 Firefox/3.6.27 ( .NET CLR 3.5.30729)"
84.191.129.15 - - [02/Mar/2012:15:52:56 +0100] "GET /Sirius-LOGO21.JPG HTTP/1.1" 200 2563 "http://www.sirius-berlin.de/" "Mozilla/5.0 (Windows; U; Windows NT 5.1; de; rv:1.9.2.27) Gecko/20120216 Firefox/3.6.27 ( .NET CLR 3.5.30729)"
84.191.129.15 - - [02/Mar/2012:15:52:56 +0100] "GET /Home_Hp3.gif HTTP/1.1" 200 1773 "http://www.sirius-berlin.de/" "Mozilla/5.0 (Windows; U; Windows NT 5.1; de; rv:1.9.2.27) Gecko/20120216 Firefox/3.6.27 ( .NET CLR 3.5.30729)"
84.191.129.15 - - [02/Mar/2012:15:52:56 +0100] "GET /Produkte_Np1.gif HTTP/1.1" 200 1744 "http://www.sirius-berlin.de/" "Mozilla/5.0 (Windows; U; Windows NT 5.1; de; rv:1.9.2.27) Gecko/20120216 Firefox/3.6.27 ( .NET CLR 3.5.30729)"
84.191.129.15 - - [02/Mar/2012:15:52:56 +0100] "GET /Feinstaubfilter_Np1.gif HTTP/1.1" 200 1780 "http://www.sirius-berlin.de/" "Mozilla/5.0 (Windows; U; Windows NT 5.1; de; rv:1.9.2.27) Gecko/20120216 Firefox/3.6.27 ( .NET CLR 3.5.30729)"
84.191.129.15 - - [02/Mar/2012:15:52:57 +0100] "GET /Impressum_Np1.gif HTTP/1.1" 200 1750 "http://www.sirius-berlin.de/" "Mozilla/5.0 (Windows; U; Windows NT 5.1; de; rv:1.9.2.27) Gecko/20120216 Firefox/3.6.27 ( .NET CLR 3.5.30729)"
84.191.129.15 - - [02/Mar/2012:15:52:57 +0100] "GET /Shop_Np1.gif HTTP/1.1" 200 1699 "http://www.sirius-berlin.de/" "Mozilla/5.0 (Windows; U; Windows NT 5.1; de; rv:1.9.2.27) Gecko/20120216 Firefox/3.6.27 ( .NET CLR 3.5.30729)"
84.191.129.15 - - [02/Mar/2012:15:52:57 +0100] "GET /Service_Kontakt_NRp2.gif HTTP/1.1" 200 2044 "http://www.sirius-berlin.de/" "Mozilla/5.0 (Windows; U; Windows NT 5.1; de; rv:1.9.2.27) Gecko/20120216 Firefox/3.6.27 ( .NET CLR 3.5.30729)"
84.191.129.15 - - [02/Mar/2012:15:52:57 +0100] "GET /Home_HRp4.gif HTTP/1.1" 200 2027 "http://www.sirius-berlin.de/" "Mozilla/5.0 (Windows; U; Windows NT 5.1; de; rv:1.9.2.27) Gecko/20120216 Firefox/3.6.27 ( .NET CLR 3.5.30729)"
84.191.129.15 - - [02/Mar/2012:15:52:57 +0100] "GET /Produkte_NRp2.gif HTTP/1.1" 200 2001 "http://www.sirius-berlin.de/" "Mozilla/5.0 (Windows; U; Windows NT 5.1; de; rv:1.9.2.27) Gecko/20120216 Firefox/3.6.27 ( .NET CLR 3.5.30729)"
84.191.129.15 - - [02/Mar/2012:15:52:57 +0100] "GET /Feinstaubfilter_NRp2.gif HTTP/1.1" 200 2034 "http://www.sirius-berlin.de/" "Mozilla/5.0 (Windows; U; Windows NT 5.1; de; rv:1.9.2.27) Gecko/20120216 Firefox/3.6.27 ( .NET CLR 3.5.30729)"
84.191.129.15 - - [02/Mar/2012:15:52:57 +0100] "GET /Impressum_NRp2.gif HTTP/1.1" 200 2011 "http://www.sirius-berlin.de/" "Mozilla/5.0 (Windows; U; Windows NT 5.1; de; rv:1.9.2.27) Gecko/20120216 Firefox/3.6.27 ( .NET CLR 3.5.30729)"
84.191.129.15 - - [02/Mar/2012:15:52:57 +0100] "GET /Shop_NRp2.gif HTTP/1.1" 200 1954 "http://www.sirius-berlin.de/" "Mozilla/5.0 (Windows; U; Windows NT 5.1; de; rv:1.9.2.27) Gecko/20120216 Firefox/3.6.27 ( .NET CLR 3.5.30729)"
84.191.129.15 - - [02/Mar/2012:15:52:57 +0100] "GET /BuiltWithNOF.gif HTTP/1.1" 200 2587 "http://www.sirius-berlin.de/" "Mozilla/5.0 (Windows; U; Windows NT 5.1; de; rv:1.9.2.27) Gecko/20120216 Firefox/3.6.27 ( .NET CLR 3.5.30729)"
84.191.129.15 - - [02/Mar/2012:15:52:57 +0100] "GET /Home_NnBanner.gif HTTP/1.1" 200 5803 "http://www.sirius-berlin.de/" "Mozilla/5.0 (Windows; U; Windows NT 5.1; de; rv:1.9.2.27) Gecko/20120216 Firefox/3.6.27 ( .NET CLR 3.5.30729)"
84.191.129.15 - - [02/Mar/2012:15:52:57 +0100] "GET /Sirius-LOGO1.JPG HTTP/1.1" 200 4357 "http://www.sirius-berlin.de/" "Mozilla/5.0 (Windows; U; Windows NT 5.1; de; rv:1.9.2.27) Gecko/20120216 Firefox/3.6.27 ( .NET CLR 3.5.30729)"
84.191.129.15 - - [02/Mar/2012:15:52:57 +0100] "GET /DSC0019902.JPG HTTP/1.1" 200 7772 "http://www.sirius-berlin.de/" "Mozilla/5.0 (Windows; U; Windows NT 5.1; de; rv:1.9.2.27) Gecko/20120216 Firefox/3.6.27 ( .NET CLR 3.5.30729)"
84.191.129.15 - - [02/Mar/2012:15:52:58 +0100] "GET /favicon.ico HTTP/1.1" 404 1256 "-" "Mozilla/5.0 (Windows; U; Windows NT 5.1; de; rv:1.9.2.27) Gecko/20120216 Firefox/3.6.27 ( .NET CLR 3.5.30729)"
84.191.129.15 - - [02/Mar/2012:15:52:58 +0100] "GET /favicon.ico HTTP/1.1" 404 1256 "-" "Mozilla/5.0 (Windows; U; Windows NT 5.1; de; rv:1.9.2.27) Gecko/20120216 Firefox/3.6.27 ( .NET CLR 3.5.30729)"
84.191.129.15 - - [02/Mar/2012:15:55:17 +0100] "GET /Impressum/impressum.html HTTP/1.1" 200 11991 "http://www.sirius-berlin.de/" "Mozilla/5.0 (Windows; U; Windows NT 5.1; de; rv:1.9.2.27) Gecko/20120216 Firefox/3.6.27 ( .NET CLR 3.5.30729)"
84.191.129.15 - - [02/Mar/2012:15:55:18 +0100] "GET /Home_Np1.gif HTTP/1.1" 200 1706 "http://www.sirius-berlin.de/Impressum/impressum.html" "Mozilla/5.0 (Windows; U; Windows NT 5.1; de; rv:1.9.2.27) Gecko/20120216 Firefox/3.6.27 ( .NET CLR 3.5.30729)"
84.191.129.15 - - [02/Mar/2012:15:55:18 +0100] "GET /Impressum_Hp3.gif HTTP/1.1" 200 1876 "http://www.sirius-berlin.de/Impressum/impressum.html" "Mozilla/5.0 (Windows; U; Windows NT 5.1; de; rv:1.9.2.27) Gecko/20120216 Firefox/3.6.27 ( .NET CLR 3.5.30729)"
84.191.129.15 - - [02/Mar/2012:15:55:18 +0100] "GET /Home_NRp2.gif HTTP/1.1" 200 1965 "http://www.sirius-berlin.de/Impressum/impressum.html" "Mozilla/5.0 (Windows; U; Windows NT 5.1; de; rv:1.9.2.27) Gecko/20120216 Firefox/3.6.27 ( .NET CLR 3.5.30729)"
84.191.129.15 - - [02/Mar/2012:15:55:18 +0100] "GET /Impressum_HRp4.gif HTTP/1.1" 200 2143 "http://www.sirius-berlin.de/Impressum/impressum.html" "Mozilla/5.0 (Windows; U; Windows NT 5.1; de; rv:1.9.2.27) Gecko/20120216 Firefox/3.6.27 ( .NET CLR 3.5.30729)"
84.191.129.15 - - [02/Mar/2012:15:55:18 +0100] "GET /Impressum_NnBanner.gif HTTP/1.1" 200 5996 "http://www.sirius-berlin.de/Impressum/impressum.html" "Mozilla/5.0 (Windows; U; Windows NT 5.1; de; rv:1.9.2.27) Gecko/20120216 Firefox/3.6.27 ( .NET CLR 3.5.30729)"
84.191.129.15 - - [02/Mar/2012:15:55:18 +0100] "GET /Sirius-LOGO102.JPG HTTP/1.1" 200 4357 "http://www.sirius-berlin.de/Impressum/impressum.html" "Mozilla/5.0 (Windows; U; Windows NT 5.1; de; rv:1.9.2.27) Gecko/20120216 Firefox/3.6.27 ( .NET CLR 3.5.30729)"
84.191.129.15 - - [02/Mar/2012:15:55:18 +0100] "GET /Karte02.JPG HTTP/1.1" 200 14958 "http://www.sirius-berlin.de/Impressum/impressum.html" "Mozilla/5.0 (Windows; U; Windows NT 5.1; de; rv:1.9.2.27) Gecko/20120216 Firefox/3.6.27 ( .NET CLR 3.5.30729)"
188.103.170.137 - - [02/Mar/2012:17:07:32 +0100] "GET / HTTP/1.1" 200 12828 "http://www.gelbeseiten.de/yp/122/search.yp?sessionDataString=H4sIAAAAAAAAAEWHsQpCMQwAv8YxkPT1-pRKyq6Mo6ChpG9FN2iz-pvd0cjrsjY9lvJAjOi0Eu6wLWyAGda6GSPEuGtSI2bEUTqXw%2FmnfpMMJ6DH-pHzzleH%2F9Xjm7Nh1uvLw0gPaGeUS-pzbqj3qW3ypITILIlEf-pEl5-pOHAAAA&at=yp&kindOfSearch=tradesearch&subject=B%FCrobedarf&location=berlin&distance=-1&execute=Suchen&suggest_choose=on&rz=122" "Mozilla/4.0 (compatible; MSIE 7.0; Windows NT 6.0; Trident/4.0; SLCC1; .NET CLR 2.0.50727; .NET CLR 1.1.4322; .NET CLR 3.5.30729; .NET CLR 3.0.30729)"
87.189.114.42 - - [02/Mar/2012:19:35:19 +0100] "GET / HTTP/1.1" 200 12828 "-" "Mozilla/5.0 (Windows; U; Windows NT 5.1; de; rv:1.9.0.10) Gecko/2009042316 Firefox/3.0.10"
87.189.114.42 - - [02/Mar/2012:19:35:22 +0100] "GET /index.html HTTP/1.1" 200 12828 "-" "Mozilla/5.0 (Windows; U; Windows NT 5.1; de; rv:1.9.0.10) Gecko/2009042316 Firefox/3.0.10"
87.189.114.42 - - [02/Mar/2012:19:35:25 +0100] "GET /index.html HTTP/1.1" 200 12828 "-" "Java/1.6.0_22"
87.189.114.42 - - [02/Mar/2012:19:35:27 +0100] "GET /Produkte/produkte.html HTTP/1.1" 200 17755 "-" "Mozilla/5.0 (Windows; U; Windows NT 5.1; de; rv:1.9.0.10) Gecko/2009042316 Firefox/3.0.10"
87.189.114.42 - - [02/Mar/2012:19:35:30 +0100] "GET /Produkte/produkte.html HTTP/1.1" 200 17755 "-" "Java/1.6.0_22"
87.189.114.42 - - [02/Mar/2012:19:35:33 +0100] "GET /Service_Kontakt/service_kontakt.html HTTP/1.1" 200 11157 "-" "Mozilla/5.0 (Windows; U; Windows NT 5.1; de; rv:1.9.0.10) Gecko/2009042316 Firefox/3.0.10"
87.189.114.42 - - [02/Mar/2012:19:35:36 +0100] "GET /Service_Kontakt/service_kontakt.html HTTP/1.1" 200 11157 "-" "Java/1.6.0_22"
87.189.114.42 - - [02/Mar/2012:19:35:38 +0100] "GET /Shop/shop.html HTTP/1.1" 200 59578 "-" "Mozilla/5.0 (Windows; U; Windows NT 5.1; de; rv:1.9.0.10) Gecko/2009042316 Firefox/3.0.10"
87.189.114.42 - - [02/Mar/2012:19:35:41 +0100] "GET /Shop/shop.html HTTP/1.1" 200 59578 "-" "Java/1.6.0_22"
87.189.114.42 - - [02/Mar/2012:19:35:44 +0100] "GET /Shop/UEber-uns.4160.0.html HTTP/1.1" 404 1256 "-" "Mozilla/5.0 (Windows; U; Windows NT 5.1; de; rv:1.9.0.10) Gecko/2009042316 Firefox/3.0.10"
87.189.114.42 - - [02/Mar/2012:19:35:47 +0100] "GET /Shop/UEber-uns.4160.0.html HTTP/1.1" 404 1256 "-" "Java/1.6.0_22"
83.133.125.202 - - [03/Mar/2012:01:29:53 +0100] "GET / HTTP/1.1" 200 12828 "http://www.sumaja.de/?such_wert=berlin" "Mozilla/4.0 (compatible; MSIE 8.0; Windows NT 6.1; Trident/4.0; SLCC2; .NET CLR 2.0.50727; .NET CLR 3.5.30729; .NET CLR 3.0.30729; Media Center PC 6.0)"
208.80.194.27 - - [03/Mar/2012:03:54:10 +0100] "GET / HTTP/1.0" 200 12828 "-" "Mozilla/4.0 (compatible; MSIE 6.0; Windows NT 5.1; SV1; .NET CLR 1.0.3705; Media Center PC 3.1; .NET CLR 1.1.4322; Media Center PC 3.0)"
85.88.17.62 - - [03/Mar/2012:07:19:28 +0100] "GET / HTTP/1.1" 200 12828 "-" "Mozilla/5.0 (Windows; U; Windows NT 5.1; de-DE; rv:1.7.12) Gecko/20120219 Firefox/3.6.23"
66.249.72.118 - - [03/Mar/2012:07:38:26 +0100] "GET /robots.txt HTTP/1.1" 404 1256 "-" "Mozilla/5.0 (compatible; Googlebot/2.1; +http://www.google.com/bot.html)"
66.249.66.228 - - [03/Mar/2012:07:38:26 +0100] "GET /Modular_Detail1.jpg HTTP/1.1" 304 - "-" "Googlebot-Image/1.0"
208.115.113.83 - - [03/Mar/2012:08:12:31 +0100] "GET /robots.txt HTTP/1.1" 404 1256 "-" "Mozilla/5.0 (compatible; Ezooms/1.0; ezooms.bot@gmail.com)"
208.115.113.83 - - [03/Mar/2012:09:38:53 +0100] "GET /Shop/Filter/filter_0.html HTTP/1.1" 200 26544 "-" "Mozilla/5.0 (compatible; Ezooms/1.0; ezooms.bot@gmail.com)"
46.4.166.203 - - [03/Mar/2012:10:25:27 +0100] "GET /robots.txt HTTP/1.0" 404 1256 "-" "Mozilla/5.0 (compatible; MJ12bot/v1.4.2; http://www.majestic12.co.uk/bot.php?+)"
46.4.166.203 - - [03/Mar/2012:10:25:30 +0100] "GET / HTTP/1.0" 200 12828 "-" "Mozilla/5.0 (compatible; MJ12bot/v1.4.2; http://www.majestic12.co.uk/bot.php?+)"
208.115.113.83 - - [03/Mar/2012:15:48:58 +0100] "GET /robots.txt HTTP/1.1" 404 1256 "-" "Mozilla/5.0 (compatible; Ezooms/1.0; ezooms.bot@gmail.com)"
208.115.113.83 - - [03/Mar/2012:17:12:24 +0100] "GET /Feinstaubfilter/feinstaubfilter.html HTTP/1.1" 200 13065 "-" "Mozilla/5.0 (compatible; Ezooms/1.0; ezooms.bot@gmail.com)"
93.220.224.84 - - [03/Mar/2012:19:27:21 +0100] "GET / HTTP/1.1" 200 12828 "-" "Mozilla/5.0 (Windows; U; Windows NT 5.1; de; rv:1.9.0.10) Gecko/2009042316 Firefox/3.0.10 (.NET CLR 3.5.30729)"
93.220.224.84 - - [03/Mar/2012:19:27:28 +0100] "GET /Impressum/impressum.html HTTP/1.1" 200 11991 "-" "Mozilla/4.0 (compatible; MSIE 8.0; Windows NT 6.0; .NET CLR 1.0.3705; .NET CLR 1.1.4322; Media Center PC 4.0; .NET CLR 2.0.50727)"
95.108.128.242 - - [03/Mar/2012:19:29:22 +0100] "GET /robots.txt HTTP/1.1" 404 1256 "-" "Mozilla/5.0 (compatible; YandexBot/3.0; +http://yandex.com/bots)"
78.46.75.178 - - [03/Mar/2012:21:31:31 +0100] "GET /robots.txt HTTP/1.0" 404 1256 "-" "Eurobot/1.1 (http://eurobot.ayell.eu)"
78.46.75.178 - - [03/Mar/2012:21:31:32 +0100] "GET /Produkte/Tintenpatronen/tintenpatronen.html HTTP/1.0" 200 15225 "-" "Eurobot/1.1 (http://eurobot.ayell.eu)"
78.46.75.178 - - [03/Mar/2012:21:36:00 +0100] "GET /opera/5 HTTP/1.0" 404 1256 "-" "Eurobot/1.1 (http://eurobot.ayell.eu)"
94.222.22.181 - - [03/Mar/2012:21:45:36 +0100] "GET / HTTP/1.1" 200 12828 "http://www.gelbeseiten.de/yp/122/search.yp?sessionDataString=&at=yp&kindOfSearch=tradesearch&subject=b%FCrobedarf&location=berlin&distance=-1&execute=Suchen&suggest_choose=on&rz=122" "Mozilla/5.0 (X11; Linux x86_64) AppleWebKit/535.11 (KHTML, like Gecko) Ubuntu/11.10 Chromium/17.0.963.56 Chrome/17.0.963.56 Safari/535.11"
78.46.75.178 - - [03/Mar/2012:21:47:11 +0100] "GET /opera/3 HTTP/1.0" 404 1256 "-" "Eurobot/1.1 (http://eurobot.ayell.eu)"
78.46.75.178 - - [03/Mar/2012:22:17:05 +0100] "GET /Feinstaubfilter/micronair/micronair.html HTTP/1.0" 200 19812 "-" "Eurobot/1.1 (http://eurobot.ayell.eu)"
78.46.75.178 - - [03/Mar/2012:22:17:58 +0100] "GET /Produkte/Tonerkartuschen/tonerkartuschen.html HTTP/1.0" 200 13203 "-" "Eurobot/1.1 (http://eurobot.ayell.eu)"
78.46.75.178 - - [03/Mar/2012:22:27:51 +0100] "GET /store.js HTTP/1.0" 200 4275 "-" "Eurobot/1.1 (http://eurobot.ayell.eu)"
78.46.75.178 - - [03/Mar/2012:22:46:06 +0100] "GET /opera/4 HTTP/1.0" 404 1256 "-" "Eurobot/1.1 (http://eurobot.ayell.eu)"
78.46.75.178 - - [03/Mar/2012:22:58:37 +0100] "GET /opera/2 HTTP/1.0" 404 1256 "-" "Eurobot/1.1 (http://eurobot.ayell.eu)"
78.46.75.178 - - [03/Mar/2012:23:06:09 +0100] "GET /Feinstaubfilter/Dexwet/dexwet.html HTTP/1.0" 200 16100 "-" "Eurobot/1.1 (http://eurobot.ayell.eu)"
78.46.75.178 - - [03/Mar/2012:23:16:06 +0100] "GET /Produkte/weitere_Produkte/weitere_produkte.html HTTP/1.0" 200 12524 "-" "Eurobot/1.1 (http://eurobot.ayell.eu)"
78.46.75.178 - - [03/Mar/2012:23:23:27 +0100] "GET /Shop/Filter/filter_2.html HTTP/1.0" 200 26547 "-" "Eurobot/1.1 (http://eurobot.ayell.eu)"
78.46.75.178 - - [03/Mar/2012:23:23:43 +0100] "GET /Shop/Filter/filter_1.html HTTP/1.0" 200 26543 "-" "Eurobot/1.1 (http://eurobot.ayell.eu)"
78.46.75.178 - - [03/Mar/2012:23:23:58 +0100] "GET /Shop/Filter/filter_0.html HTTP/1.0" 200 26544 "-" "Eurobot/1.1 (http://eurobot.ayell.eu)"
66.249.72.118 - - [04/Mar/2012:01:46:26 +0100] "GET /robots.txt HTTP/1.1" 404 1256 "-" "Mozilla/5.0 (compatible; Googlebot/2.1; +http://www.google.com/bot.html)"
66.249.66.228 - - [04/Mar/2012:01:46:26 +0100] "GET / HTTP/1.1" 304 - "-" "Mozilla/5.0 (iPhone; U; CPU iPhone OS 4_1 like Mac OS X; en-us) AppleWebKit/532.9 (KHTML, like Gecko) Version/4.0.5 Mobile/8B117 Safari/6531.22.7 (compatible; Googlebot-Mobile/2.1; +http://www.google.com/bot.html)"
213.186.127.12 - - [04/Mar/2012:01:58:15 +0100] "GET /Service_Kontakt/service_kontakt.html HTTP/1.1" 200 11157 "-" "Mozilla/5.0 (compatible; AhrefsBot/2.0; +http://ahrefs.com/robot/)"
213.186.127.12 - - [04/Mar/2012:04:17:59 +0100] "GET /robots.txt HTTP/1.1" 404 1256 "-" "Mozilla/5.0 (compatible; AhrefsBot/2.0; +http://ahrefs.com/robot/)"
207.46.13.163 - - [04/Mar/2012:09:23:51 +0100] "GET /robots.txt HTTP/1.1" 404 1256 "-" "Mozilla/5.0 (compatible; bingbot/2.0; +http://www.bing.com/bingbot.htm)"
207.46.13.163 - - [04/Mar/2012:09:26:09 +0100] "GET /index.html HTTP/1.1" 304 - "-" "Mozilla/5.0 (compatible; bingbot/2.0; +http://www.bing.com/bingbot.htm)"
207.46.199.52 - - [04/Mar/2012:09:32:42 +0100] "GET / HTTP/1.1" 304 - "-" "Mozilla/5.0 (compatible; bingbot/2.0; +http://www.bing.com/bingbot.htm)"
95.108.128.242 - - [04/Mar/2012:11:59:48 +0100] "GET / HTTP/1.1" 200 12828 "-" "Mozilla/5.0 (compatible; YandexBot/3.0; +http://yandex.com/bots)"
81.209.177.145 - - [04/Mar/2012:17:08:41 +0100] "GET /robots.txt HTTP/1.1" 404 1256 "-" "netEstate NE Crawler (+http://www.sengine.info/)"
81.209.177.145 - - [04/Mar/2012:17:08:41 +0100] "GET / HTTP/1.1" 200 12828 "-" "netEstate NE Crawler (+http://www.sengine.info/)"
208.115.113.83 - - [04/Mar/2012:17:59:31 +0100] "GET /robots.txt HTTP/1.1" 404 1256 "-" "Mozilla/5.0 (compatible; Ezooms/1.0; ezooms.bot@gmail.com)"
149.3.43.149 - - [04/Mar/2012:20:44:29 +0100] "GET /public_html/ HTTP/1.0" 403 1222 "http://www.sirius-berlin.de/public_html/" "Opera/9.01 (Windows NT 5.1; U; en)"
149.3.43.149 - - [04/Mar/2012:20:44:39 +0100] "GET / HTTP/1.0" 200 12828 "http://www.sirius-berlin.de/public_html/" "Opera/9.01 (Windows NT 5.1; U; en)"
85.88.17.62 - - [05/Mar/2012:01:31:30 +0100] "GET / HTTP/1.1" 200 12828 "-" "Mozilla/5.0 (Windows; U; Windows NT 5.1; de-DE; rv:1.7.12) Gecko/20120219 Firefox/3.6.23"
66.249.66.228 - - [05/Mar/2012:01:50:22 +0100] "GET /robots.txt HTTP/1.1" 404 1256 "-" "Mozilla/5.0 (compatible; Googlebot/2.1; +http://www.google.com/bot.html)"
66.249.72.118 - - [05/Mar/2012:01:50:22 +0100] "GET /zertifikat04.gif HTTP/1.1" 304 - "-" "Googlebot-Image/1.0"
93.220.242.170 - - [05/Mar/2012:05:32:53 +0100] "GET / HTTP/1.1" 200 12828 "-" "Mozilla/5.0 (Windows; U; Windows NT 5.1; de; rv:1.9.0.10) Gecko/2009042316 Firefox/3.0.10 (.NET CLR 3.5.30729)"
93.220.242.170 - - [05/Mar/2012:05:32:59 +0100] "GET /Impressum/impressum.html HTTP/1.1" 200 11991 "-" "Mozilla/4.0 (compatible; MSIE 8.0; Windows NT 6.0; .NET CLR 1.1.4322)"
180.76.6.20 - - [05/Mar/2012:06:08:09 +0100] "GET / HTTP/1.1" 200 12828 "-" "Mozilla/5.0 (compatible; Baiduspider/2.0; +http://www.baidu.com/search/spider.html)"
78.46.80.180 - - [05/Mar/2012:06:49:29 +0100] "GET /robots.txt HTTP/1.0" 404 1256 "-" "Eurobot/1.1 (http://eurobot.ayell.eu)"
208.80.194.28 - - [05/Mar/2012:08:18:20 +0100] "GET / HTTP/1.0" 200 12828 "-" "Mozilla/4.0 (compatible; MSIE 7.0; Windows NT 5.1; {8BF39BB3-8ECC-B94F-C3A4-EE36383AEF87}; acc=marketingsector; iebar; .NET CLR 1.1.4322)"
66.249.72.118 - - [05/Mar/2012:08:34:31 +0100] "GET /robots.txt HTTP/1.1" 404 1256 "-" "Mozilla/5.0 (compatible; Googlebot/2.1; +http://www.google.com/bot.html)"
66.249.66.228 - - [05/Mar/2012:08:34:31 +0100] "GET / HTTP/1.1" 200 12828 "-" "Mozilla/5.0 (compatible; Googlebot/2.1; +http://www.google.com/bot.html)"
66.249.72.118 - - [05/Mar/2012:13:44:49 +0100] "GET /Tintenpatronen_Hs1.gif HTTP/1.1" 304 - "-" "Googlebot-Image/1.0"
61.247.221.49 - - [05/Mar/2012:14:23:35 +0100] "GET /robots.txt HTTP/1.1" 404 1256 "-" "Mozilla/5.0 (iPhone; CPU iPhone OS 5_0_1 like Mac OS X) (compatible; Yeti-Mobile/0.1; +http://help.naver.com/robots/)"
61.247.221.49 - - [05/Mar/2012:14:23:36 +0100] "GET / HTTP/1.1" 200 12828 "-" "Mozilla/5.0 (iPhone; CPU iPhone OS 5_0_1 like Mac OS X) (compatible; Yeti-Mobile/0.1; +http://help.naver.com/robots/)"
91.61.76.113 - - [05/Mar/2012:14:54:11 +0100] "GET / HTTP/1.1" 200 12828 "-" "Mozilla/5.0 (Windows; U; Windows NT 5.1; de; rv:1.9.0.10) Gecko/2009042316 Firefox/3.0.10"
91.61.76.113 - - [05/Mar/2012:14:54:14 +0100] "GET /index.html HTTP/1.1" 200 12828 "-" "Mozilla/5.0 (Windows; U; Windows NT 5.1; de; rv:1.9.0.10) Gecko/2009042316 Firefox/3.0.10"
91.61.76.113 - - [05/Mar/2012:14:54:17 +0100] "GET /index.html HTTP/1.1" 200 12828 "-" "Java/1.6.0_22"
91.61.76.113 - - [05/Mar/2012:14:54:20 +0100] "GET /Produkte/produkte.html HTTP/1.1" 200 17755 "-" "Mozilla/5.0 (Windows; U; Windows NT 5.1; de; rv:1.9.0.10) Gecko/2009042316 Firefox/3.0.10"
91.61.76.113 - - [05/Mar/2012:14:54:22 +0100] "GET /Produkte/produkte.html HTTP/1.1" 200 17755 "-" "Java/1.6.0_22"
91.61.76.113 - - [05/Mar/2012:14:54:25 +0100] "GET /Service_Kontakt/service_kontakt.html HTTP/1.1" 200 11157 "-" "Mozilla/5.0 (Windows; U; Windows NT 5.1; de; rv:1.9.0.10) Gecko/2009042316 Firefox/3.0.10"
91.61.76.113 - - [05/Mar/2012:14:54:28 +0100] "GET /Service_Kontakt/service_kontakt.html HTTP/1.1" 200 11157 "-" "Java/1.6.0_22"
91.61.76.113 - - [05/Mar/2012:14:54:30 +0100] "GET /Shop/shop.html HTTP/1.1" 200 59578 "-" "Mozilla/5.0 (Windows; U; Windows NT 5.1; de; rv:1.9.0.10) Gecko/2009042316 Firefox/3.0.10"
91.61.76.113 - - [05/Mar/2012:14:54:33 +0100] "GET /Shop/shop.html HTTP/1.1" 200 59578 "-" "Java/1.6.0_22"
91.61.76.113 - - [05/Mar/2012:14:54:36 +0100] "GET /Shop/index.php?id=35&tx_ttnews%5Btt_news%5D=334&tx_ttnews%5BbackPid%5D=35&cHash=82120a4916 HTTP/1.1" 404 1256 "-" "Mozilla/5.0 (Windows; U; Windows NT 5.1; de; rv:1.9.0.10) Gecko/2009042316 Firefox/3.0.10"
91.61.76.113 - - [05/Mar/2012:14:54:39 +0100] "GET /Shop/index.php?id=35&tx_ttnews%5Btt_news%5D=334&tx_ttnews%5BbackPid%5D=35&cHash=82120a4916 HTTP/1.1" 404 1256 "-" "Java/1.6.0_22"
91.61.76.113 - - [05/Mar/2012:14:54:41 +0100] "GET /Shop/index.php?id=36&tx_ttnews%5Btt_news%5D=338&tx_ttnews%5BbackPid%5D=35&cHash=1fdb50169a HTTP/1.1" 404 1256 "-" "Mozilla/5.0 (Windows; U; Windows NT 5.1; de; rv:1.9.0.10) Gecko/2009042316 Firefox/3.0.10"
61.247.221.45 - - [05/Mar/2012:15:50:41 +0100] "GET / HTTP/1.1" 200 12828 "-" "Mozilla/5.0 (iPhone; CPU iPhone OS 5_0_1 like Mac OS X) (compatible; Yeti-Mobile/0.1; +http://help.naver.com/robots/)"
61.247.221.48 - - [05/Mar/2012:16:50:39 +0100] "GET / HTTP/1.1" 200 12828 "-" "Mozilla/5.0 (iPhone; CPU iPhone OS 5_0_1 like Mac OS X) (compatible; Yeti-Mobile/0.1; +http://help.naver.com/robots/)"
89.247.81.133 - - [05/Mar/2012:17:18:19 +0100] "GET / HTTP/1.1" 200 12828 "http://www.gelbeseiten.de/yp/122/subscriberlist_pageAction.yp?sessionDataString=H4sIAAAAAAAAAFVOTUvDQBT8NTmmvPf2q8ucbKDWgygKXmWzu9FISNtNqLa/3hwU2ncYZoaZ4bFQJxK6VFuSWOu4QFhoHbRE5TWJVqlOnY/ZRoIw/PkAu6m2Tdm3OYXSIWxyGfoRupJtLh-p5Hftp6Kc5L/r-p9f3GwnouIeUphxI/kVgEs1LK4vg38sVM/4c940CKcGLvDGt8s1PaOvwYWRnRxDizWmlmQx4Xxl17/deO8FDykE9hvOCRyVjtveU1nsQy45nwUjOa606lbiYq1-pDNKbgl17EnYlLGafwCYRj/GDYBAAA-e&page=1&filterTrade=&filterFunction=&sortBy=relevanz&availableLetters=ABCDEGHIJKLMOPRSTVWZ" "Mozilla/5.0 (Macintosh; Intel Mac OS X 10_6_8) AppleWebKit/534.52.7 (KHTML, like Gecko) Version/5.1.2 Safari/534.52.7"
61.247.221.45 - - [05/Mar/2012:17:46:44 +0100] "GET / HTTP/1.1" 200 12828 "-" "Mozilla/5.0 (iPhone; CPU iPhone OS 5_0_1 like Mac OS X) (compatible; Yeti-Mobile/0.1; +http://help.naver.com/robots/)"
61.247.221.49 - - [05/Mar/2012:17:56:36 +0100] "GET / HTTP/1.1" 200 12828 "-" "Mozilla/5.0 (iPhone; CPU iPhone OS 5_0_1 like Mac OS X) (compatible; Yeti-Mobile/0.1; +http://help.naver.com/robots/)"
61.247.221.48 - - [05/Mar/2012:18:06:55 +0100] "GET / HTTP/1.1" 200 12828 "-" "Mozilla/5.0 (iPhone; CPU iPhone OS 5_0_1 like Mac OS X) (compatible; Yeti-Mobile/0.1; +http://help.naver.com/robots/)"
213.186.127.12 - - [05/Mar/2012:19:58:14 +0100] "GET /Impressum/impressum.html HTTP/1.1" 200 11991 "-" "Mozilla/5.0 (compatible; AhrefsBot/2.0; +http://ahrefs.com/robot/)"
213.186.127.12 - - [05/Mar/2012:21:44:19 +0100] "GET /robots.txt HTTP/1.1" 404 1256 "-" "Mozilla/5.0 (compatible; AhrefsBot/2.0; +http://ahrefs.com/robot/)"
208.115.111.67 - - [06/Mar/2012:01:57:41 +0100] "GET /robots.txt HTTP/1.1" 404 1256 "-" "Mozilla/5.0 (compatible; Ezooms/1.0; ezooms.bot@gmail.com)"
66.249.66.228 - - [06/Mar/2012:01:59:52 +0100] "GET /robots.txt HTTP/1.1" 404 1256 "-" "Mozilla/5.0 (compatible; Googlebot/2.1; +http://www.google.com/bot.html)"
66.249.72.118 - - [06/Mar/2012:01:59:53 +0100] "GET /db_micronair_70a.jpg HTTP/1.1" 304 - "-" "Googlebot-Image/1.0"
208.115.111.67 - - [06/Mar/2012:04:22:04 +0100] "GET /Service_Kontakt/service_kontakt.html HTTP/1.1" 200 11157 "-" "Mozilla/5.0 (compatible; Ezooms/1.0; ezooms.bot@gmail.com)"
95.108.128.242 - - [06/Mar/2012:06:07:26 +0100] "GET /robots.txt HTTP/1.1" 404 1256 "-" "Mozilla/5.0 (compatible; YandexBot/3.0; +http://yandex.com/bots)"
109.87.138.55 - - [06/Mar/2012:10:57:45 +0100] "GET /robots.txt HTTP/1.0" 404 1256 "-" "Mozilla/5.0 (compatible; MJ12bot/v1.4.2; http://www.majestic12.co.uk/bot.php?+)"
109.87.138.55 - - [06/Mar/2012:10:57:46 +0100] "GET / HTTP/1.1" 200 12828 "-" "Mozilla/5.0 (compatible; MJ12bot/v1.4.2; http://www.majestic12.co.uk/bot.php?+)"
74.125.64.83 - - [06/Mar/2012:14:51:41 +0100] "GET /favicon.ico HTTP/1.1" 404 1256 "-" "AppEngine-Google; (+http://code.google.com/appengine; appid: s~getfavicon27)"
74.125.64.94 - - [06/Mar/2012:14:51:42 +0100] "GET / HTTP/1.1" 200 12828 "-" "AppEngine-Google; (+http://code.google.com/appengine; appid: s~getfavicon27)"
149.3.22.191 - - [06/Mar/2012:14:56:00 +0100] "GET /public_html/ HTTP/1.0" 403 1222 "http://www.sirius-berlin.de/public_html/" "Mozilla/5.0 (Windows NT 5.1; U; en) Opera 8.00"
149.3.22.191 - - [06/Mar/2012:14:56:00 +0100] "GET / HTTP/1.0" 200 12828 "http://www.sirius-berlin.de/public_html/" "Mozilla/5.0 (Windows NT 5.1; U; en) Opera 8.00"
93.220.222.118 - - [06/Mar/2012:15:21:13 +0100] "GET / HTTP/1.1" 200 12828 "-" "Mozilla/4.0 (compatible; MSIE 8.0; Windows NT 6.0; .NET CLR 1.1.4322; .NET CLR 2.0.50727)"
93.220.222.118 - - [06/Mar/2012:15:21:18 +0100] "GET /Impressum/impressum.html HTTP/1.1" 200 11991 "-" "Mozilla/5.0 Gecko/2009042316 Firefox/2.0.0.x"
65.52.108.68 - - [06/Mar/2012:16:49:29 +0100] "GET / HTTP/1.1" 200 12828 "-" "Mozilla/5.0 (compatible; bingbot/2.0; +http://www.bing.com/bingbot.htm)"
85.88.17.62 - - [06/Mar/2012:18:36:18 +0100] "GET / HTTP/1.1" 200 12828 "-" "Mozilla/5.0 (Windows; U; Windows NT 5.1; de-DE; rv:1.7.12) Gecko/20120219 Firefox/3.6.23"
95.108.128.242 - - [06/Mar/2012:19:11:35 +0100] "GET /index.html HTTP/1.1" 200 12828 "-" "Mozilla/5.0 (compatible; YandexBot/3.0; +http://yandex.com/bots)"
95.108.128.242 - - [06/Mar/2012:19:11:38 +0100] "GET /Feinstaubfilter/micronair/micronair.html HTTP/1.1" 200 19812 "-" "Mozilla/5.0 (compatible; YandexBot/3.0; +http://yandex.com/bots)"
66.249.72.118 - - [06/Mar/2012:19:27:16 +0100] "GET /robots.txt HTTP/1.1" 404 1256 "-" "Mozilla/5.0 (compatible; Googlebot/2.1; +http://www.google.com/bot.html)"
66.249.72.118 - - [06/Mar/2012:19:27:16 +0100] "GET /Impressum/impressum HTTP/1.1" 404 1256 "-" "Mozilla/5.0 (compatible; Googlebot/2.1; +http://www.google.com/bot.html)"
208.115.113.83 - - [06/Mar/2012:21:14:38 +0100] "GET /robots.txt HTTP/1.1" 404 1256 "-" "Mozilla/5.0 (compatible; Ezooms/1.0; ezooms.bot@gmail.com)"
208.115.113.83 - - [06/Mar/2012:23:16:41 +0100] "GET /Impressum/impressum.html HTTP/1.1" 200 11991 "-" "Mozilla/5.0 (compatible; Ezooms/1.0; ezooms.bot@gmail.com)"
207.46.13.148 - - [07/Mar/2012:04:41:35 +0100] "GET /robots.txt HTTP/1.1" 404 1256 "-" "Mozilla/5.0 (compatible; bingbot/2.0; +http://www.bing.com/bingbot.htm)"
92.224.35.40 - - [07/Mar/2012:09:23:49 +0100] "GET / HTTP/1.1" 200 12828 "-" "Jakarta Commons-HttpClient/3.1"
92.224.35.40 - - [07/Mar/2012:09:23:49 +0100] "GET /Impressum/impressum.html HTTP/1.1" 200 11991 "-" "Jakarta Commons-HttpClient/3.1"
213.186.127.12 - - [07/Mar/2012:10:25:22 +0100] "GET /robots.txt HTTP/1.1" 404 1256 "-" "Mozilla/5.0 (compatible; AhrefsBot/2.0; +http://ahrefs.com/robot/)"
50.97.1.31 - - [07/Mar/2012:12:39:51 +0100] "GET / HTTP/1.1" 200 12828 "-" "Mozilla/4.0 (compatible; MSIE 7.0; Windows NT 6.0; Win64; x64; Trident/4.0; .NET CLR 2.0.50727; SLCC1; .NET CLR 3.0.04506; .NET CLR 3.5.21022)"
50.97.1.31 - - [07/Mar/2012:12:39:51 +0100] "GET /rollover.js HTTP/1.1" 200 32709 "http://www.sirius-berlin.de/" "Mozilla/4.0 (compatible; MSIE 7.0; Windows NT 6.0; Win64; x64; Trident/4.0; .NET CLR 2.0.50727; SLCC1; .NET CLR 3.0.04506; .NET CLR 3.5.21022)"
50.97.1.31 - - [07/Mar/2012:12:39:52 +0100] "GET /background.gif HTTP/1.1" 200 5457 "http://www.sirius-berlin.de/" "Mozilla/4.0 (compatible; MSIE 7.0; Windows NT 6.0; Win64; x64; Trident/4.0; .NET CLR 2.0.50727; SLCC1; .NET CLR 3.0.04506; .NET CLR 3.5.21022)"
50.97.1.31 - - [07/Mar/2012:12:39:52 +0100] "GET /clearpixel.gif HTTP/1.1" 200 43 "http://www.sirius-berlin.de/" "Mozilla/4.0 (compatible; MSIE 7.0; Windows NT 6.0; Win64; x64; Trident/4.0; .NET CLR 2.0.50727; SLCC1; .NET CLR 3.0.04506; .NET CLR 3.5.21022)"
50.97.1.31 - - [07/Mar/2012:12:39:52 +0100] "GET /Sirius-LOGO21.JPG HTTP/1.1" 200 2563 "http://www.sirius-berlin.de/" "Mozilla/4.0 (compatible; MSIE 7.0; Windows NT 6.0; Win64; x64; Trident/4.0; .NET CLR 2.0.50727; SLCC1; .NET CLR 3.0.04506; .NET CLR 3.5.21022)"
50.97.1.31 - - [07/Mar/2012:12:39:52 +0100] "GET /Home_Hp3.gif HTTP/1.1" 200 1773 "http://www.sirius-berlin.de/" "Mozilla/4.0 (compatible; MSIE 7.0; Windows NT 6.0; Win64; x64; Trident/4.0; .NET CLR 2.0.50727; SLCC1; .NET CLR 3.0.04506; .NET CLR 3.5.21022)"
50.97.1.31 - - [07/Mar/2012:12:39:52 +0100] "GET /Produkte_Np1.gif HTTP/1.1" 200 1744 "http://www.sirius-berlin.de/" "Mozilla/4.0 (compatible; MSIE 7.0; Windows NT 6.0; Win64; x64; Trident/4.0; .NET CLR 2.0.50727; SLCC1; .NET CLR 3.0.04506; .NET CLR 3.5.21022)"
50.97.1.31 - - [07/Mar/2012:12:39:52 +0100] "GET /Feinstaubfilter_Np1.gif HTTP/1.1" 200 1780 "http://www.sirius-berlin.de/" "Mozilla/4.0 (compatible; MSIE 7.0; Windows NT 6.0; Win64; x64; Trident/4.0; .NET CLR 2.0.50727; SLCC1; .NET CLR 3.0.04506; .NET CLR 3.5.21022)"
50.97.1.31 - - [07/Mar/2012:12:39:52 +0100] "GET /Service_Kontakt_Np1.gif HTTP/1.1" 200 1794 "http://www.sirius-berlin.de/" "Mozilla/4.0 (compatible; MSIE 7.0; Windows NT 6.0; Win64; x64; Trident/4.0; .NET CLR 2.0.50727; SLCC1; .NET CLR 3.0.04506; .NET CLR 3.5.21022)"
50.97.1.31 - - [07/Mar/2012:12:39:53 +0100] "GET /Impressum_Np1.gif HTTP/1.1" 200 1750 "http://www.sirius-berlin.de/" "Mozilla/4.0 (compatible; MSIE 7.0; Windows NT 6.0; Win64; x64; Trident/4.0; .NET CLR 2.0.50727; SLCC1; .NET CLR 3.0.04506; .NET CLR 3.5.21022)"
50.97.1.31 - - [07/Mar/2012:12:39:53 +0100] "GET /Shop_Np1.gif HTTP/1.1" 200 1699 "http://www.sirius-berlin.de/" "Mozilla/4.0 (compatible; MSIE 7.0; Windows NT 6.0; Win64; x64; Trident/4.0; .NET CLR 2.0.50727; SLCC1; .NET CLR 3.0.04506; .NET CLR 3.5.21022)"
50.97.1.31 - - [07/Mar/2012:12:39:53 +0100] "GET /BuiltWithNOF.gif HTTP/1.1" 200 2587 "http://www.sirius-berlin.de/" "Mozilla/4.0 (compatible; MSIE 7.0; Windows NT 6.0; Win64; x64; Trident/4.0; .NET CLR 2.0.50727; SLCC1; .NET CLR 3.0.04506; .NET CLR 3.5.21022)"
50.97.1.31 - - [07/Mar/2012:12:39:53 +0100] "GET /Home_NnBanner.gif HTTP/1.1" 200 5803 "http://www.sirius-berlin.de/" "Mozilla/4.0 (compatible; MSIE 7.0; Windows NT 6.0; Win64; x64; Trident/4.0; .NET CLR 2.0.50727; SLCC1; .NET CLR 3.0.04506; .NET CLR 3.5.21022)"
50.97.1.31 - - [07/Mar/2012:12:39:53 +0100] "GET /Sirius-LOGO1.JPG HTTP/1.1" 200 4357 "http://www.sirius-berlin.de/" "Mozilla/4.0 (compatible; MSIE 7.0; Windows NT 6.0; Win64; x64; Trident/4.0; .NET CLR 2.0.50727; SLCC1; .NET CLR 3.0.04506; .NET CLR 3.5.21022)"
50.97.1.31 - - [07/Mar/2012:12:39:53 +0100] "GET /DSC0019902.JPG HTTP/1.1" 200 7772 "http://www.sirius-berlin.de/" "Mozilla/4.0 (compatible; MSIE 7.0; Windows NT 6.0; Win64; x64; Trident/4.0; .NET CLR 2.0.50727; SLCC1; .NET CLR 3.0.04506; .NET CLR 3.5.21022)"
50.97.1.31 - - [07/Mar/2012:12:39:53 +0100] "GET /Home_HRp4.gif HTTP/1.1" 200 2027 "http://www.sirius-berlin.de/" "Mozilla/4.0 (compatible; MSIE 7.0; Windows NT 6.0; Win64; x64; Trident/4.0; .NET CLR 2.0.50727; SLCC1; .NET CLR 3.0.04506; .NET CLR 3.5.21022)"
50.97.1.31 - - [07/Mar/2012:12:39:53 +0100] "GET /Produkte_NRp2.gif HTTP/1.1" 200 2001 "http://www.sirius-berlin.de/" "Mozilla/4.0 (compatible; MSIE 7.0; Windows NT 6.0; Win64; x64; Trident/4.0; .NET CLR 2.0.50727; SLCC1; .NET CLR 3.0.04506; .NET CLR 3.5.21022)"
50.97.1.31 - - [07/Mar/2012:12:39:53 +0100] "GET /Feinstaubfilter_NRp2.gif HTTP/1.1" 200 2034 "http://www.sirius-berlin.de/" "Mozilla/4.0 (compatible; MSIE 7.0; Windows NT 6.0; Win64; x64; Trident/4.0; .NET CLR 2.0.50727; SLCC1; .NET CLR 3.0.04506; .NET CLR 3.5.21022)"
50.97.1.31 - - [07/Mar/2012:12:39:53 +0100] "GET /Service_Kontakt_NRp2.gif HTTP/1.1" 200 2044 "http://www.sirius-berlin.de/" "Mozilla/4.0 (compatible; MSIE 7.0; Windows NT 6.0; Win64; x64; Trident/4.0; .NET CLR 2.0.50727; SLCC1; .NET CLR 3.0.04506; .NET CLR 3.5.21022)"
