123.125.71.20 - - [01/Mar/2011:02:32:04 +0100] "GET / HTTP/1.1" 200 326 "-" "Baiduspider+(+http://www.baidu.com/search/spider.htm)"
220.181.108.82 - - [01/Mar/2011:02:32:33 +0100] "GET / HTTP/1.1" 200 326 "-" "Baiduspider+(+http://www.baidu.com/search/spider.htm)"
123.125.71.29 - - [01/Mar/2011:04:30:34 +0100] "GET / HTTP/1.1" 200 326 "-" "Baiduspider+(+http://www.baidu.com/search/spider.htm)"
220.181.108.95 - - [01/Mar/2011:04:31:03 +0100] "GET / HTTP/1.1" 200 326 "-" "Baiduspider+(+http://www.baidu.com/search/spider.htm)"
123.125.71.101 - - [01/Mar/2011:04:43:46 +0100] "GET / HTTP/1.1" 200 326 "-" "Baiduspider+(+http://www.baidu.com/search/spider.htm)"
217.93.48.168 - - [01/Mar/2011:14:10:16 +0100] "GET /favicon.ico HTTP/1.1" 404 1256 "-" "Mozilla/4.0 (compatible; MSIE 7.0; Windows NT 5.1; Trident/4.0; GTB6.6; .NET CLR 2.0.50727; .NET CLR 3.0.4506.2152; .NET CLR 3.5.30729)"
123.125.71.22 - - [01/Mar/2011:14:28:09 +0100] "GET / HTTP/1.1" 200 326 "-" "Baiduspider+(+http://www.baidu.com/search/spider.htm)"
220.181.108.95 - - [01/Mar/2011:14:28:31 +0100] "GET / HTTP/1.1" 200 326 "-" "Baiduspider+(+http://www.baidu.com/search/spider.htm)"
123.125.71.35 - - [01/Mar/2011:17:40:00 +0100] "GET / HTTP/1.1" 200 326 "-" "Baiduspider+(+http://www.baidu.com/search/spider.htm)"
220.181.108.90 - - [01/Mar/2011:17:40:35 +0100] "GET / HTTP/1.1" 200 326 "-" "Baiduspider+(+http://www.baidu.com/search/spider.htm)"
220.181.108.110 - - [01/Mar/2011:20:08:55 +0100] "GET /robots.txt HTTP/1.1" 404 1256 "-" "Baiduspider+(+http://www.baidu.com/search/spider.htm)"
123.125.71.34 - - [02/Mar/2011:04:29:30 +0100] "GET / HTTP/1.1" 200 326 "-" "Baiduspider+(+http://www.baidu.com/search/spider.htm)"
220.181.108.85 - - [02/Mar/2011:04:29:56 +0100] "GET / HTTP/1.1" 200 326 "-" "Baiduspider+(+http://www.baidu.com/search/spider.htm)"
80.245.86.19 - - [02/Mar/2011:07:30:42 +0100] "GET / HTTP/1.0" 200 326 "http://www.ruehling.com/" "Mozilla/4.0 (compatible; MSIE 6.0; Windows NT 5.1; FREE; .NET CLR 1.1.4322)"
123.125.71.19 - - [02/Mar/2011:09:27:04 +0100] "GET / HTTP/1.1" 200 326 "-" "Baiduspider+(+http://www.baidu.com/search/spider.htm)"
220.181.108.78 - - [02/Mar/2011:09:27:29 +0100] "GET / HTTP/1.1" 200 326 "-" "Baiduspider+(+http://www.baidu.com/search/spider.htm)"
123.125.71.114 - - [02/Mar/2011:10:19:51 +0100] "GET / HTTP/1.1" 200 326 "-" "Baiduspider+(+http://www.baidu.com/search/spider.htm)"
123.125.71.20 - - [02/Mar/2011:13:29:08 +0100] "GET / HTTP/1.1" 200 326 "-" "Baiduspider+(+http://www.baidu.com/search/spider.htm)"
220.181.108.97 - - [02/Mar/2011:13:29:32 +0100] "GET / HTTP/1.1" 200 326 "-" "Baiduspider+(+http://www.baidu.com/search/spider.htm)"
84.167.205.231 - - [02/Mar/2011:13:51:57 +0100] "GET / HTTP/1.1" 200 326 "http://www.google.com/url?sa=D&q=http://www.ruehling.com/&usg=AFQjCNHXE9tMtgFr2I2F1f8mUEM5ViyFrQ" "Mozilla/5.0 (Windows; U; Windows NT 5.1; de; rv:1.9.2.13) Gecko/20101203 Firefox/3.6.13 GTB7.1 (.NET CLR 3.5.30729)"
84.167.205.231 - - [02/Mar/2011:13:51:57 +0100] "GET /favicon.ico HTTP/1.1" 404 1256 "-" "Mozilla/5.0 (Windows; U; Windows NT 5.1; de; rv:1.9.2.13) Gecko/20101203 Firefox/3.6.13 GTB7.1 (.NET CLR 3.5.30729)"
84.167.205.231 - - [02/Mar/2011:13:51:59 +0100] "GET /favicon.ico HTTP/1.1" 404 1256 "-" "Mozilla/5.0 (Windows; U; Windows NT 5.1; de; rv:1.9.2.13) Gecko/20101203 Firefox/3.6.13 GTB7.1 (.NET CLR 3.5.30729)"
123.125.71.20 - - [02/Mar/2011:14:27:34 +0100] "GET / HTTP/1.1" 200 326 "-" "Baiduspider+(+http://www.baidu.com/search/spider.htm)"
184.72.191.177 - - [02/Mar/2011:20:24:07 +0100] "GET / HTTP/1.0" 200 326 "-" "Mozilla/5.0 (compatible; NetcraftSurveyAgent/1.0; +info@netcraft.com)"
95.108.158.134 - - [02/Mar/2011:20:44:33 +0100] "GET /robots.txt HTTP/1.1" 404 1256 "-" "Mozilla/5.0 (compatible; YandexBot/3.0; +http://yandex.com/bots)"
64.246.165.200 - - [02/Mar/2011:21:45:03 +0100] "GET /robots.txt HTTP/1.0" 404 1256 "-" "Mozilla/5.0 (Windows; U; Windows NT 5.1; en; rv:1.9.0.13) Gecko/2009073022 Firefox/3.5.2 (.NET CLR 3.5.30729) SurveyBot/2.3 (DomainTools)"
64.246.165.200 - - [02/Mar/2011:21:45:04 +0100] "GET / HTTP/1.1" 200 326 "http://whois.domaintools.com/ruehling.com" "Mozilla/5.0 (Windows; U; Windows NT 5.1; en; rv:1.9.0.13) Gecko/2009073022 Firefox/3.5.2 (.NET CLR 3.5.30729) SurveyBot/2.3 (DomainTools)"
95.108.158.134 - - [02/Mar/2011:22:50:39 +0100] "GET / HTTP/1.1" 200 326 "-" "Mozilla/5.0 (compatible; YandexBot/3.0; +http://yandex.com/bots)"
220.181.108.161 - - [02/Mar/2011:23:09:47 +0100] "GET /robots.txt HTTP/1.1" 404 1256 "-" "Baiduspider+(+http://www.baidu.com/search/spider.htm)"
123.125.71.26 - - [02/Mar/2011:23:28:06 +0100] "GET / HTTP/1.1" 200 326 "-" "Baiduspider+(+http://www.baidu.com/search/spider.htm)"
69.28.58.9 - - [02/Mar/2011:23:28:16 +0100] "GET / HTTP/1.1" 200 326 "-" "Wget/1.9+cvs-stable (Red Hat modified)"
220.181.108.82 - - [02/Mar/2011:23:28:27 +0100] "GET / HTTP/1.1" 200 326 "-" "Baiduspider+(+http://www.baidu.com/search/spider.htm)"
123.125.71.21 - - [03/Mar/2011:09:28:04 +0100] "GET / HTTP/1.1" 200 326 "-" "Baiduspider+(+http://www.baidu.com/search/spider.htm)"
220.181.108.78 - - [03/Mar/2011:09:28:27 +0100] "GET / HTTP/1.1" 200 326 "-" "Baiduspider+(+http://www.baidu.com/search/spider.htm)"
123.125.71.35 - - [03/Mar/2011:13:29:18 +0100] "GET / HTTP/1.1" 200 326 "-" "Baiduspider+(+http://www.baidu.com/search/spider.htm)"
220.181.108.82 - - [03/Mar/2011:13:29:42 +0100] "GET / HTTP/1.1" 200 326 "-" "Baiduspider+(+http://www.baidu.com/search/spider.htm)"
123.125.71.13 - - [03/Mar/2011:14:28:47 +0100] "GET / HTTP/1.1" 200 326 "-" "Baiduspider+(+http://www.baidu.com/search/spider.htm)"
220.181.108.80 - - [03/Mar/2011:14:29:14 +0100] "GET / HTTP/1.1" 200 326 "-" "Baiduspider+(+http://www.baidu.com/search/spider.htm)"
123.125.71.27 - - [03/Mar/2011:18:28:53 +0100] "GET / HTTP/1.1" 200 326 "-" "Baiduspider+(+http://www.baidu.com/search/spider.htm)"
220.181.108.82 - - [03/Mar/2011:18:29:14 +0100] "GET / HTTP/1.1" 200 326 "-" "Baiduspider+(+http://www.baidu.com/search/spider.htm)"
67.195.113.247 - - [03/Mar/2011:19:35:33 +0100] "GET /robots.txt HTTP/1.0" 404 1256 "-" "Mozilla/5.0 (compatible; Yahoo! Slurp; http://help.yahoo.com/help/us/ysearch/slurp)"
67.195.113.247 - - [03/Mar/2011:19:35:34 +0100] "GET / HTTP/1.0" 200 326 "-" "Mozilla/5.0 (compatible; Yahoo! Slurp; http://help.yahoo.com/help/us/ysearch/slurp)"
220.181.108.158 - - [03/Mar/2011:22:54:27 +0100] "GET /robots.txt HTTP/1.1" 404 1256 "-" "Baiduspider+(+http://www.baidu.com/search/spider.htm)"
123.125.71.30 - - [03/Mar/2011:23:24:08 +0100] "GET / HTTP/1.1" 200 326 "-" "Baiduspider+(+http://www.baidu.com/search/spider.htm)"
220.181.108.80 - - [03/Mar/2011:23:24:23 +0100] "GET / HTTP/1.1" 200 326 "-" "Baiduspider+(+http://www.baidu.com/search/spider.htm)"
123.125.71.25 - - [04/Mar/2011:03:27:41 +0100] "GET / HTTP/1.1" 200 326 "-" "Baiduspider+(+http://www.baidu.com/search/spider.htm)"
220.181.108.85 - - [04/Mar/2011:03:28:05 +0100] "GET / HTTP/1.1" 200 326 "-" "Baiduspider+(+http://www.baidu.com/search/spider.htm)"
123.125.71.102 - - [04/Mar/2011:11:38:50 +0100] "GET / HTTP/1.1" 200 326 "-" "Baiduspider+(+http://www.baidu.com/search/spider.htm)"
123.125.71.19 - - [04/Mar/2011:14:27:54 +0100] "GET / HTTP/1.1" 200 326 "-" "Baiduspider+(+http://www.baidu.com/search/spider.htm)"
220.181.108.87 - - [04/Mar/2011:14:28:15 +0100] "GET / HTTP/1.1" 200 326 "-" "Baiduspider+(+http://www.baidu.com/search/spider.htm)"
123.125.71.20 - - [04/Mar/2011:17:40:11 +0100] "GET / HTTP/1.1" 200 326 "-" "Baiduspider+(+http://www.baidu.com/search/spider.htm)"
220.181.108.91 - - [04/Mar/2011:17:40:46 +0100] "GET / HTTP/1.1" 200 326 "-" "Baiduspider+(+http://www.baidu.com/search/spider.htm)"
220.181.108.159 - - [04/Mar/2011:19:26:43 +0100] "GET /robots.txt HTTP/1.1" 404 1256 "-" "Baiduspider+(+http://www.baidu.com/search/spider.htm)"
123.125.71.28 - - [04/Mar/2011:22:27:51 +0100] "GET / HTTP/1.1" 200 326 "-" "Baiduspider+(+http://www.baidu.com/search/spider.htm)"
220.181.108.77 - - [04/Mar/2011:22:28:12 +0100] "GET / HTTP/1.1" 200 326 "-" "Baiduspider+(+http://www.baidu.com/search/spider.htm)"
123.125.71.33 - - [04/Mar/2011:23:28:11 +0100] "GET / HTTP/1.1" 200 326 "-" "Baiduspider+(+http://www.baidu.com/search/spider.htm)"
220.181.108.91 - - [04/Mar/2011:23:28:33 +0100] "GET / HTTP/1.1" 200 326 "-" "Baiduspider+(+http://www.baidu.com/search/spider.htm)"
123.125.71.27 - - [05/Mar/2011:02:31:52 +0100] "GET / HTTP/1.1" 200 326 "-" "Baiduspider+(+http://www.baidu.com/search/spider.htm)"
220.181.108.85 - - [05/Mar/2011:02:32:21 +0100] "GET / HTTP/1.1" 200 326 "-" "Baiduspider+(+http://www.baidu.com/search/spider.htm)"
123.125.71.23 - - [05/Mar/2011:04:30:43 +0100] "GET / HTTP/1.1" 200 326 "-" "Baiduspider+(+http://www.baidu.com/search/spider.htm)"
220.181.108.83 - - [05/Mar/2011:04:31:13 +0100] "GET / HTTP/1.1" 200 326 "-" "Baiduspider+(+http://www.baidu.com/search/spider.htm)"
72.94.249.38 - - [05/Mar/2011:12:56:24 +0100] "GET / HTTP/1.1" 200 326 "-" "Mozilla/4.0 (compatible; MSIE 6.0; Windows NT 5.1; SV1; .NET CLR 1.1.4322)"
123.125.71.27 - - [05/Mar/2011:17:40:03 +0100] "GET / HTTP/1.1" 200 326 "-" "Baiduspider+(+http://www.baidu.com/search/spider.htm)"
220.181.108.86 - - [05/Mar/2011:17:40:39 +0100] "GET / HTTP/1.1" 200 326 "-" "Baiduspider+(+http://www.baidu.com/search/spider.htm)"
123.125.71.22 - - [05/Mar/2011:21:27:57 +0100] "GET / HTTP/1.1" 200 326 "-" "Baiduspider+(+http://www.baidu.com/search/spider.htm)"
220.181.108.76 - - [05/Mar/2011:21:28:24 +0100] "GET / HTTP/1.1" 200 326 "-" "Baiduspider+(+http://www.baidu.com/search/spider.htm)"
220.181.108.144 - - [06/Mar/2011:01:26:44 +0100] "GET /robots.txt HTTP/1.1" 404 1256 "-" "Baiduspider+(+http://www.baidu.com/search/spider.htm)"
123.125.71.36 - - [06/Mar/2011:02:31:10 +0100] "GET / HTTP/1.1" 200 326 "-" "Baiduspider+(+http://www.baidu.com/search/spider.htm)"
220.181.108.77 - - [06/Mar/2011:02:31:39 +0100] "GET / HTTP/1.1" 200 326 "-" "Baiduspider+(+http://www.baidu.com/search/spider.htm)"
74.52.245.146 - - [06/Mar/2011:05:04:26 +0100] "GET / HTTP/1.0" 200 326 "-" "Mozilla/5.0 (X11; U; Linux i686; en-US; rv:1.7.5) Gecko/20041107 Firefox/1.0"
123.125.71.97 - - [06/Mar/2011:06:54:07 +0100] "GET / HTTP/1.1" 200 326 "-" "Baiduspider+(+http://www.baidu.com/search/spider.htm)"
123.125.71.22 - - [06/Mar/2011:08:28:39 +0100] "GET / HTTP/1.1" 200 326 "-" "Baiduspider+(+http://www.baidu.com/search/spider.htm)"
220.181.108.88 - - [06/Mar/2011:08:29:02 +0100] "GET / HTTP/1.1" 200 326 "-" "Baiduspider+(+http://www.baidu.com/search/spider.htm)"
123.125.71.20 - - [06/Mar/2011:14:28:31 +0100] "GET / HTTP/1.1" 200 326 "-" "Baiduspider+(+http://www.baidu.com/search/spider.htm)"
220.181.108.75 - - [06/Mar/2011:14:28:53 +0100] "GET / HTTP/1.1" 200 326 "-" "Baiduspider+(+http://www.baidu.com/search/spider.htm)"
123.125.71.35 - - [06/Mar/2011:21:28:24 +0100] "GET / HTTP/1.1" 200 326 "-" "Baiduspider+(+http://www.baidu.com/search/spider.htm)"
69.28.58.10 - - [06/Mar/2011:21:28:39 +0100] "GET / HTTP/1.1" 200 326 "-" "Wget/1.9+cvs-stable (Red Hat modified)"
220.181.108.92 - - [06/Mar/2011:21:28:51 +0100] "GET / HTTP/1.1" 200 326 "-" "Baiduspider+(+http://www.baidu.com/search/spider.htm)"
220.181.108.162 - - [06/Mar/2011:22:04:43 +0100] "GET /robots.txt HTTP/1.1" 404 1256 "-" "Baiduspider+(+http://www.baidu.com/search/spider.htm)"
123.125.71.19 - - [06/Mar/2011:23:28:04 +0100] "GET / HTTP/1.1" 200 326 "-" "Baiduspider+(+http://www.baidu.com/search/spider.htm)"
220.181.108.95 - - [06/Mar/2011:23:28:27 +0100] "GET / HTTP/1.1" 200 326 "-" "Baiduspider+(+http://www.baidu.com/search/spider.htm)"
123.125.71.116 - - [07/Mar/2011:07:19:25 +0100] "GET / HTTP/1.1" 200 326 "-" "Baiduspider+(+http://www.baidu.com/search/spider.htm)"
78.53.206.184 - - [07/Mar/2011:13:00:59 +0100] "GET / HTTP/1.1" 200 326 "-" "Mozilla/5.0 (Windows; U; Windows NT 6.0; en-US) AppleWebKit/534.13 (KHTML, like Gecko) Iron/9.0.600.2 Chrome/9.0.600.2 Safari/534.13"
78.53.206.184 - - [07/Mar/2011:13:00:59 +0100] "GET /favicon.ico HTTP/1.1" 404 1256 "-" "Mozilla/5.0 (Windows; U; Windows NT 6.0; en-US) AppleWebKit/534.13 (KHTML, like Gecko) Iron/9.0.600.2 Chrome/9.0.600.2 Safari/534.13"
123.125.71.13 - - [07/Mar/2011:23:28:30 +0100] "GET / HTTP/1.1" 200 326 "-" "Baiduspider+(+http://www.baidu.com/search/spider.htm)"
220.181.108.87 - - [07/Mar/2011:23:28:52 +0100] "GET / HTTP/1.1" 200 326 "-" "Baiduspider+(+http://www.baidu.com/search/spider.htm)"
123.125.71.107 - - [08/Mar/2011:05:26:24 +0100] "GET / HTTP/1.1" 200 326 "-" "Baiduspider+(+http://www.baidu.com/search/spider.htm)"
123.125.71.40 - - [08/Mar/2011:07:09:24 +0100] "GET /robots.txt HTTP/1.1" 404 1256 "-" "Baiduspider+(+http://www.baidu.com/search/spider.htm)"
123.125.71.16 - - [08/Mar/2011:09:28:06 +0100] "GET / HTTP/1.1" 200 326 "-" "Baiduspider+(+http://www.baidu.com/search/spider.htm)"
69.28.58.9 - - [08/Mar/2011:09:28:15 +0100] "GET / HTTP/1.1" 200 326 "-" "Wget/1.9+cvs-stable (Red Hat modified)"
220.181.108.82 - - [08/Mar/2011:09:28:32 +0100] "GET / HTTP/1.1" 200 326 "-" "Baiduspider+(+http://www.baidu.com/search/spider.htm)"
123.125.71.24 - - [08/Mar/2011:14:28:56 +0100] "GET / HTTP/1.1" 200 326 "-" "Baiduspider+(+http://www.baidu.com/search/spider.htm)"
220.181.108.89 - - [08/Mar/2011:14:29:19 +0100] "GET / HTTP/1.1" 200 326 "-" "Baiduspider+(+http://www.baidu.com/search/spider.htm)"
123.125.71.33 - - [08/Mar/2011:18:30:12 +0100] "GET / HTTP/1.1" 200 326 "-" "Baiduspider+(+http://www.baidu.com/search/spider.htm)"
220.181.108.92 - - [08/Mar/2011:18:30:37 +0100] "GET / HTTP/1.1" 200 326 "-" "Baiduspider+(+http://www.baidu.com/search/spider.htm)"
123.125.71.22 - - [08/Mar/2011:23:29:15 +0100] "GET / HTTP/1.1" 200 326 "-" "Baiduspider+(+http://www.baidu.com/search/spider.htm)"
220.181.108.85 - - [08/Mar/2011:23:29:37 +0100] "GET / HTTP/1.1" 200 326 "-" "Baiduspider+(+http://www.baidu.com/search/spider.htm)"
123.125.71.38 - - [09/Mar/2011:00:41:24 +0100] "GET /robots.txt HTTP/1.1" 404 1256 "-" "Baiduspider+(+http://www.baidu.com/search/spider.htm)"
123.125.71.27 - - [09/Mar/2011:03:36:24 +0100] "GET / HTTP/1.1" 200 326 "-" "Baiduspider+(+http://www.baidu.com/search/spider.htm)"
220.181.108.88 - - [09/Mar/2011:03:37:01 +0100] "GET / HTTP/1.1" 200 326 "-" "Baiduspider+(+http://www.baidu.com/search/spider.htm)"
123.125.71.32 - - [09/Mar/2011:04:33:43 +0100] "GET / HTTP/1.1" 200 326 "-" "Baiduspider+(+http://www.baidu.com/search/spider.htm)"
220.181.108.96 - - [09/Mar/2011:04:34:15 +0100] "GET / HTTP/1.1" 200 326 "-" "Baiduspider+(+http://www.baidu.com/search/spider.htm)"
123.125.71.102 - - [09/Mar/2011:06:07:28 +0100] "GET / HTTP/1.1" 200 326 "-" "Baiduspider+(+http://www.baidu.com/search/spider.htm)"
207.241.232.86 - - [09/Mar/2011:08:18:29 +0100] "GET /favicon.ico HTTP/1.0" 404 1256 "http://www.ruehling.com/" "Mozilla/5.0 (X11; U; Linux i686; en-US; rv:1.9.2.8) Gecko/20100722 Ubuntu/10.04 (lucid) Firefox/3.6.8 +http://www.archive.org/"
65.52.110.17 - - [09/Mar/2011:09:28:10 +0100] "GET /robots.txt HTTP/1.1" 404 1256 "-" "Mozilla/5.0 (compatible; bingbot/2.0; +http://www.bing.com/bingbot.htm)"
123.125.71.25 - - [09/Mar/2011:09:28:19 +0100] "GET / HTTP/1.1" 200 326 "-" "Baiduspider+(+http://www.baidu.com/search/spider.htm)"
220.181.108.96 - - [09/Mar/2011:09:28:41 +0100] "GET / HTTP/1.1" 200 326 "-" "Baiduspider+(+http://www.baidu.com/search/spider.htm)"
65.52.110.17 - - [09/Mar/2011:09:29:11 +0100] "GET / HTTP/1.1" 304 - "-" "Mozilla/5.0 (compatible; bingbot/2.0; +http://www.bing.com/bingbot.htm)"
123.125.71.18 - - [09/Mar/2011:17:42:01 +0100] "GET / HTTP/1.1" 200 326 "-" "Baiduspider+(+http://www.baidu.com/search/spider.htm)"
220.181.108.95 - - [09/Mar/2011:17:42:37 +0100] "GET / HTTP/1.1" 200 326 "-" "Baiduspider+(+http://www.baidu.com/search/spider.htm)"
123.125.71.18 - - [09/Mar/2011:18:30:43 +0100] "GET / HTTP/1.1" 200 326 "-" "Baiduspider+(+http://www.baidu.com/search/spider.htm)"
220.181.108.91 - - [09/Mar/2011:18:31:07 +0100] "GET / HTTP/1.1" 200 326 "-" "Baiduspider+(+http://www.baidu.com/search/spider.htm)"
123.125.71.13 - - [10/Mar/2011:03:36:50 +0100] "GET / HTTP/1.1" 200 326 "-" "Baiduspider+(+http://www.baidu.com/search/spider.htm)"
220.181.108.82 - - [10/Mar/2011:03:37:27 +0100] "GET / HTTP/1.1" 200 326 "-" "Baiduspider+(+http://www.baidu.com/search/spider.htm)"
123.125.71.36 - - [10/Mar/2011:09:28:47 +0100] "GET / HTTP/1.1" 200 326 "-" "Baiduspider+(+http://www.baidu.com/search/spider.htm)"
220.181.108.96 - - [10/Mar/2011:09:29:09 +0100] "GET / HTTP/1.1" 200 326 "-" "Baiduspider+(+http://www.baidu.com/search/spider.htm)"
220.181.108.116 - - [10/Mar/2011:09:44:43 +0100] "GET /robots.txt HTTP/1.1" 404 1256 "-" "Baiduspider+(+http://www.baidu.com/search/spider.htm)"
123.125.71.104 - - [10/Mar/2011:12:09:12 +0100] "GET / HTTP/1.1" 200 326 "-" "Baiduspider+(+http://www.baidu.com/search/spider.htm)"
123.125.71.20 - - [10/Mar/2011:12:29:25 +0100] "GET / HTTP/1.1" 200 326 "-" "Baiduspider+(+http://www.baidu.com/search/spider.htm)"
220.181.108.97 - - [10/Mar/2011:12:29:48 +0100] "GET / HTTP/1.1" 200 326 "-" "Baiduspider+(+http://www.baidu.com/search/spider.htm)"
123.125.71.12 - - [10/Mar/2011:14:28:00 +0100] "GET / HTTP/1.1" 200 326 "-" "Baiduspider+(+http://www.baidu.com/search/spider.htm)"
220.181.108.87 - - [10/Mar/2011:14:28:24 +0100] "GET / HTTP/1.1" 200 326 "-" "Baiduspider+(+http://www.baidu.com/search/spider.htm)"
123.125.71.31 - - [10/Mar/2011:18:29:35 +0100] "GET / HTTP/1.1" 200 326 "-" "Baiduspider+(+http://www.baidu.com/search/spider.htm)"
220.181.108.94 - - [10/Mar/2011:18:29:57 +0100] "GET / HTTP/1.1" 200 326 "-" "Baiduspider+(+http://www.baidu.com/search/spider.htm)"
67.195.113.247 - - [10/Mar/2011:19:36:57 +0100] "GET /robots.txt HTTP/1.0" 404 1256 "-" "Mozilla/5.0 (compatible; Yahoo! Slurp; http://help.yahoo.com/help/us/ysearch/slurp)"
67.195.113.247 - - [10/Mar/2011:19:36:57 +0100] "GET / HTTP/1.0" 200 326 "-" "Mozilla/5.0 (compatible; Yahoo! Slurp; http://help.yahoo.com/help/us/ysearch/slurp)"
123.125.71.25 - - [11/Mar/2011:04:30:51 +0100] "GET / HTTP/1.1" 200 326 "-" "Baiduspider+(+http://www.baidu.com/search/spider.htm)"
220.181.108.82 - - [11/Mar/2011:04:31:21 +0100] "GET / HTTP/1.1" 200 326 "-" "Baiduspider+(+http://www.baidu.com/search/spider.htm)"
123.125.71.34 - - [11/Mar/2011:08:27:31 +0100] "GET / HTTP/1.1" 200 326 "-" "Baiduspider+(+http://www.baidu.com/search/spider.htm)"
220.181.108.78 - - [11/Mar/2011:08:27:54 +0100] "GET / HTTP/1.1" 200 326 "-" "Baiduspider+(+http://www.baidu.com/search/spider.htm)"
123.125.71.32 - - [11/Mar/2011:09:28:02 +0100] "GET / HTTP/1.1" 200 326 "-" "Baiduspider+(+http://www.baidu.com/search/spider.htm)"
220.181.108.80 - - [11/Mar/2011:09:28:24 +0100] "GET / HTTP/1.1" 200 326 "-" "Baiduspider+(+http://www.baidu.com/search/spider.htm)"
62.158.60.31 - - [11/Mar/2011:11:10:56 +0100] "GET / HTTP/1.1" 200 326 "-" "Mozilla/5.0 (compatible; de)"
62.158.60.31 - - [11/Mar/2011:11:10:56 +0100] "GET /favicon.ico HTTP/1.1" 404 1256 "-" "Mozilla/5.0 (compatible; de)"
62.158.60.31 - - [11/Mar/2011:11:10:56 +0100] "GET / HTTP/1.1" 200 326 "-" "Mozilla/5.0 (compatible; de)"
87.139.204.46 - - [11/Mar/2011:15:32:46 +0100] "GET / HTTP/1.1" 200 326 "-" "Mozilla/5.0 (Windows; U; Windows NT 6.1; de; rv:1.9.2.13) Gecko/20101203 Firefox/3.6.13 GTB7.1"
87.139.204.46 - - [11/Mar/2011:15:32:46 +0100] "GET /favicon.ico HTTP/1.1" 404 1256 "-" "Mozilla/5.0 (Windows; U; Windows NT 6.1; de; rv:1.9.2.13) Gecko/20101203 Firefox/3.6.13 GTB7.1"
87.139.204.46 - - [11/Mar/2011:15:32:46 +0100] "GET /favicon.ico HTTP/1.1" 404 1256 "-" "Mozilla/5.0 (Windows; U; Windows NT 6.1; de; rv:1.9.2.13) Gecko/20101203 Firefox/3.6.13 GTB7.1"
87.139.204.46 - - [11/Mar/2011:15:32:49 +0100] "GET /favicon.ico HTTP/1.1" 404 1256 "-" "Mozilla/5.0 (Windows; U; Windows NT 6.1; de; rv:1.9.2.13) Gecko/20101203 Firefox/3.6.13 GTB7.1"
123.125.71.21 - - [11/Mar/2011:17:39:43 +0100] "GET / HTTP/1.1" 200 326 "-" "Baiduspider+(+http://www.baidu.com/search/spider.htm)"
220.181.108.86 - - [11/Mar/2011:17:40:15 +0100] "GET / HTTP/1.1" 200 326 "-" "Baiduspider+(+http://www.baidu.com/search/spider.htm)"
123.125.71.35 - - [11/Mar/2011:18:29:50 +0100] "GET / HTTP/1.1" 200 326 "-" "Baiduspider+(+http://www.baidu.com/search/spider.htm)"
69.28.58.10 - - [11/Mar/2011:18:30:01 +0100] "GET / HTTP/1.1" 200 326 "-" "Wget/1.9+cvs-stable (Red Hat modified)"
220.181.108.84 - - [11/Mar/2011:18:30:14 +0100] "GET / HTTP/1.1" 200 326 "-" "Baiduspider+(+http://www.baidu.com/search/spider.htm)"
123.125.71.27 - - [11/Mar/2011:22:27:35 +0100] "GET / HTTP/1.1" 200 326 "-" "Baiduspider+(+http://www.baidu.com/search/spider.htm)"
220.181.108.75 - - [11/Mar/2011:22:27:58 +0100] "GET / HTTP/1.1" 200 326 "-" "Baiduspider+(+http://www.baidu.com/search/spider.htm)"
66.249.72.172 - - [12/Mar/2011:00:48:03 +0100] "GET /robots.txt HTTP/1.1" 404 1256 "-" "Mozilla/5.0 (compatible; Googlebot/2.1; +http://www.google.com/bot.html)"
66.249.72.172 - - [12/Mar/2011:00:48:03 +0100] "GET / HTTP/1.1" 304 - "-" "Mozilla/5.0 (compatible; Googlebot/2.1; +http://www.google.com/bot.html)"
123.125.71.98 - - [12/Mar/2011:09:36:27 +0100] "GET / HTTP/1.1" 200 326 "-" "Baiduspider+(+http://www.baidu.com/search/spider.htm)"
123.125.71.18 - - [12/Mar/2011:14:28:04 +0100] "GET / HTTP/1.1" 200 326 "-" "Baiduspider+(+http://www.baidu.com/search/spider.htm)"
220.181.108.97 - - [12/Mar/2011:14:28:30 +0100] "GET / HTTP/1.1" 200 326 "-" "Baiduspider+(+http://www.baidu.com/search/spider.htm)"
123.125.71.29 - - [12/Mar/2011:17:39:00 +0100] "GET / HTTP/1.1" 200 326 "-" "Baiduspider+(+http://www.baidu.com/search/spider.htm)"
69.28.58.35 - - [12/Mar/2011:17:39:13 +0100] "GET / HTTP/1.1" 200 326 "-" "Wget/1.9+cvs-stable (Red Hat modified)"
220.181.108.97 - - [12/Mar/2011:17:39:39 +0100] "GET / HTTP/1.1" 200 326 "-" "Baiduspider+(+http://www.baidu.com/search/spider.htm)"
123.125.71.35 - - [12/Mar/2011:18:29:03 +0100] "GET / HTTP/1.1" 200 326 "-" "Baiduspider+(+http://www.baidu.com/search/spider.htm)"
220.181.108.89 - - [12/Mar/2011:18:29:26 +0100] "GET / HTTP/1.1" 200 326 "-" "Baiduspider+(+http://www.baidu.com/search/spider.htm)"
95.108.158.134 - - [12/Mar/2011:20:21:57 +0100] "GET /robots.txt HTTP/1.1" 404 1256 "-" "Mozilla/5.0 (compatible; YandexBot/3.0; +http://yandex.com/bots)"
95.108.158.134 - - [12/Mar/2011:22:35:26 +0100] "GET / HTTP/1.1" 200 326 "-" "Mozilla/5.0 (compatible; YandexBot/3.0; +http://yandex.com/bots)"
123.125.71.29 - - [12/Mar/2011:23:26:37 +0100] "GET / HTTP/1.1" 200 326 "-" "Baiduspider+(+http://www.baidu.com/search/spider.htm)"
220.181.108.82 - - [12/Mar/2011:23:26:58 +0100] "GET / HTTP/1.1" 200 326 "-" "Baiduspider+(+http://www.baidu.com/search/spider.htm)"
95.67.80.146 - - [13/Mar/2011:00:44:43 +0100] "GET / HTTP/1.0" 200 326 "http://www.ruehling.com/" "Mozilla/4.0 (compatible; MSIE 6.0; Windows 98; Win 9x 4.90)"
95.67.80.146 - - [13/Mar/2011:00:44:46 +0100] "GET /index.php HTTP/1.0" 404 1256 "http://www.ruehling.com/index.php" "Mozilla/4.0 (compatible; MSIE 6.0; Windows 98; Win 9x 4.90)"
123.125.71.16 - - [13/Mar/2011:04:32:27 +0100] "GET / HTTP/1.1" 200 326 "-" "Baiduspider+(+http://www.baidu.com/search/spider.htm)"
220.181.108.81 - - [13/Mar/2011:04:32:58 +0100] "GET / HTTP/1.1" 200 326 "-" "Baiduspider+(+http://www.baidu.com/search/spider.htm)"
220.181.108.89 - - [13/Mar/2011:18:29:32 +0100] "GET / HTTP/1.1" 200 326 "-" "Baiduspider+(+http://www.baidu.com/search/spider.htm)"
123.125.71.26 - - [13/Mar/2011:23:27:38 +0100] "GET / HTTP/1.1" 200 326 "-" "Baiduspider+(+http://www.baidu.com/search/spider.htm)"
220.181.108.84 - - [13/Mar/2011:23:27:59 +0100] "GET / HTTP/1.1" 200 326 "-" "Baiduspider+(+http://www.baidu.com/search/spider.htm)"
64.246.165.200 - - [14/Mar/2011:02:54:51 +0100] "GET /robots.txt HTTP/1.0" 404 1256 "-" "Mozilla/5.0 (Windows; U; Windows NT 5.1; en; rv:1.9.0.13) Gecko/2009073022 Firefox/3.5.2 (.NET CLR 3.5.30729) SurveyBot/2.3 (DomainTools)"
64.246.165.200 - - [14/Mar/2011:02:54:51 +0100] "GET / HTTP/1.1" 200 326 "http://whois.domaintools.com/ruehling.com" "Mozilla/5.0 (Windows; U; Windows NT 5.1; en; rv:1.9.0.13) Gecko/2009073022 Firefox/3.5.2 (.NET CLR 3.5.30729) SurveyBot/2.3 (DomainTools)"
123.125.71.18 - - [14/Mar/2011:04:31:25 +0100] "GET / HTTP/1.1" 200 326 "-" "Baiduspider+(+http://www.baidu.com/search/spider.htm)"
220.181.108.87 - - [14/Mar/2011:04:31:52 +0100] "GET / HTTP/1.1" 200 326 "-" "Baiduspider+(+http://www.baidu.com/search/spider.htm)"
123.125.71.109 - - [14/Mar/2011:07:29:52 +0100] "GET / HTTP/1.1" 200 326 "-" "Baiduspider+(+http://www.baidu.com/search/spider.htm)"
123.125.71.18 - - [14/Mar/2011:17:41:15 +0100] "GET / HTTP/1.1" 200 326 "-" "Baiduspider+(+http://www.baidu.com/search/spider.htm)"
220.181.108.84 - - [14/Mar/2011:17:41:52 +0100] "GET / HTTP/1.1" 200 326 "-" "Baiduspider+(+http://www.baidu.com/search/spider.htm)"
123.125.71.19 - - [15/Mar/2011:02:30:36 +0100] "GET / HTTP/1.1" 200 326 "-" "Baiduspider+(+http://www.baidu.com/search/spider.htm)"
220.181.108.81 - - [15/Mar/2011:02:31:02 +0100] "GET / HTTP/1.1" 200 326 "-" "Baiduspider+(+http://www.baidu.com/search/spider.htm)"
123.125.71.26 - - [15/Mar/2011:03:31:18 +0100] "GET / HTTP/1.1" 200 326 "-" "Baiduspider+(+http://www.baidu.com/search/spider.htm)"
220.181.108.94 - - [15/Mar/2011:03:31:46 +0100] "GET / HTTP/1.1" 200 326 "-" "Baiduspider+(+http://www.baidu.com/search/spider.htm)"
123.125.71.99 - - [15/Mar/2011:06:33:06 +0100] "GET / HTTP/1.1" 200 326 "-" "Baiduspider+(+http://www.baidu.com/search/spider.htm)"
123.125.71.21 - - [15/Mar/2011:13:28:12 +0100] "GET / HTTP/1.1" 200 326 "-" "Baiduspider+(+http://www.baidu.com/search/spider.htm)"
220.181.108.87 - - [15/Mar/2011:13:28:38 +0100] "GET / HTTP/1.1" 200 326 "-" "Baiduspider+(+http://www.baidu.com/search/spider.htm)"
174.34.87.218 - - [15/Mar/2011:21:46:14 +0100] "GET / HTTP/1.1" 200 326 "-" "Mozilla/4.0 (compatible; MSIE 6.0; Windows NT 5.1; SV1; .NET CLR 1.1.4322)"
123.125.71.33 - - [15/Mar/2011:23:27:15 +0100] "GET / HTTP/1.1" 200 326 "-" "Baiduspider+(+http://www.baidu.com/search/spider.htm)"
220.181.108.82 - - [15/Mar/2011:23:27:33 +0100] "GET / HTTP/1.1" 200 326 "-" "Baiduspider+(+http://www.baidu.com/search/spider.htm)"
123.125.71.16 - - [16/Mar/2011:01:29:12 +0100] "GET / HTTP/1.1" 200 326 "-" "Baiduspider+(+http://www.baidu.com/search/spider.htm)"
69.28.58.9 - - [16/Mar/2011:01:29:18 +0100] "GET / HTTP/1.1" 200 326 "-" "Wget/1.9+cvs-stable (Red Hat modified)"
220.181.108.93 - - [16/Mar/2011:01:29:38 +0100] "GET / HTTP/1.1" 200 326 "-" "Baiduspider+(+http://www.baidu.com/search/spider.htm)"
123.125.71.33 - - [16/Mar/2011:09:28:35 +0100] "GET / HTTP/1.1" 200 326 "-" "Baiduspider+(+http://www.baidu.com/search/spider.htm)"
220.181.108.86 - - [16/Mar/2011:09:28:55 +0100] "GET / HTTP/1.1" 200 326 "-" "Baiduspider+(+http://www.baidu.com/search/spider.htm)"
123.125.71.117 - - [16/Mar/2011:11:56:16 +0100] "GET / HTTP/1.1" 200 326 "-" "Baiduspider+(+http://www.baidu.com/search/spider.htm)"
123.125.71.22 - - [16/Mar/2011:13:29:27 +0100] "GET / HTTP/1.1" 200 326 "-" "Baiduspider+(+http://www.baidu.com/search/spider.htm)"
220.181.108.94 - - [16/Mar/2011:13:29:51 +0100] "GET / HTTP/1.1" 200 326 "-" "Baiduspider+(+http://www.baidu.com/search/spider.htm)"
123.125.71.25 - - [16/Mar/2011:17:40:16 +0100] "GET / HTTP/1.1" 200 326 "-" "Baiduspider+(+http://www.baidu.com/search/spider.htm)"
220.181.108.91 - - [16/Mar/2011:17:40:52 +0100] "GET / HTTP/1.1" 200 326 "-" "Baiduspider+(+http://www.baidu.com/search/spider.htm)"
123.125.71.109 - - [17/Mar/2011:15:55:36 +0100] "GET / HTTP/1.1" 200 326 "-" "Baiduspider+(+http://www.baidu.com/search/spider.htm)"
67.195.113.247 - - [17/Mar/2011:20:08:43 +0100] "GET /robots.txt HTTP/1.0" 404 1256 "-" "Mozilla/5.0 (compatible; Yahoo! Slurp; http://help.yahoo.com/help/us/ysearch/slurp)"
67.195.113.247 - - [17/Mar/2011:20:08:43 +0100] "GET / HTTP/1.0" 200 326 "-" "Mozilla/5.0 (compatible; Yahoo! Slurp; http://help.yahoo.com/help/us/ysearch/slurp)"
205.178.190.237 - - [18/Mar/2011:05:58:49 +0100] "HEAD / HTTP/1.1" 200 - "-" "Mozilla/4.0 (compatible; MSIE 6.0; Windows NT 5.2; SV1; .NET CLR 1.1.4322; .NET CLR 2.0.50727)"
205.178.190.237 - - [18/Mar/2011:05:58:55 +0100] "GET / HTTP/1.1" 200 326 "-" "Mozilla/5.0 (Windows; U; Windows NT 5.1; en-US; rv:1.8.1.12) Gecko/20080201 Firefox/2.0.0.12"
95.108.151.244 - - [18/Mar/2011:06:16:36 +0100] "GET /robots.txt HTTP/1.1" 404 1256 "-" "Mozilla/5.0 (compatible; YandexBot/3.0; MirrorDetector; +http://yandex.com/bots)"
95.108.151.244 - - [18/Mar/2011:06:16:37 +0100] "GET / HTTP/1.1" 200 326 "-" "Mozilla/5.0 (compatible; YandexBot/3.0; MirrorDetector; +http://yandex.com/bots)"
95.108.151.244 - - [18/Mar/2011:06:16:38 +0100] "GET / HTTP/1.1" 200 326 "-" "Mozilla/5.0 (compatible; YandexBot/3.0; MirrorDetector; +http://yandex.com/bots)"
205.178.190.237 - - [18/Mar/2011:09:17:56 +0100] "GET / HTTP/1.1" 200 326 "-" "Mozilla/4.0 (compatible; MSIE 7.0; Windows NT 5.1; .NET CLR 1.1.4322; .NET CLR 2.0.50727)"
205.178.190.237 - - [18/Mar/2011:09:17:56 +0100] "GET /robots.txt HTTP/1.1" 404 1256 "-" "Mozilla/5.0 (Windows; U; Windows NT 5.1; en-US; rv:1.8.1.12) Gecko/20080201 Firefox/2.0.0.12"
123.125.71.25 - - [18/Mar/2011:18:29:48 +0100] "GET / HTTP/1.1" 200 326 "-" "Baiduspider+(+http://www.baidu.com/search/spider.htm)"
220.181.108.85 - - [18/Mar/2011:18:30:12 +0100] "GET / HTTP/1.1" 200 326 "-" "Baiduspider+(+http://www.baidu.com/search/spider.htm)"
72.94.249.37 - - [19/Mar/2011:01:32:44 +0100] "GET / HTTP/1.1" 200 326 "-" "Mozilla/4.0 (compatible; MSIE 6.0; Windows NT 5.1; SV1; .NET CLR 1.1.4322)"
123.125.71.31 - - [19/Mar/2011:03:34:32 +0100] "GET / HTTP/1.1" 200 326 "-" "Baiduspider+(+http://www.baidu.com/search/spider.htm)"
220.181.108.88 - - [19/Mar/2011:03:35:03 +0100] "GET / HTTP/1.1" 200 326 "-" "Baiduspider+(+http://www.baidu.com/search/spider.htm)"
123.125.71.28 - - [19/Mar/2011:04:29:25 +0100] "GET / HTTP/1.1" 200 326 "-" "Baiduspider+(+http://www.baidu.com/search/spider.htm)"
220.181.108.82 - - [19/Mar/2011:04:29:51 +0100] "GET / HTTP/1.1" 200 326 "-" "Baiduspider+(+http://www.baidu.com/search/spider.htm)"
123.125.71.30 - - [19/Mar/2011:08:27:08 +0100] "GET / HTTP/1.1" 200 326 "-" "Baiduspider+(+http://www.baidu.com/search/spider.htm)"
220.181.108.75 - - [19/Mar/2011:08:27:30 +0100] "GET / HTTP/1.1" 200 326 "-" "Baiduspider+(+http://www.baidu.com/search/spider.htm)"
69.58.178.59 - - [19/Mar/2011:13:12:16 +0100] "GET /robots.txt HTTP/1.1" 404 1256 "-" "Mozilla/5.0 (X11; U; Linux i686; en-US; rv:1.9.1.3; ips-agent) Gecko/20090824 Fedora/1.0.7-1.1.fc4 Firefox/3.5.3"
69.58.178.59 - - [19/Mar/2011:13:12:17 +0100] "GET / HTTP/1.1" 200 326 "-" "Mozilla/5.0 (X11; U; Linux i686; en-US; rv:1.9.1.3; ips-agent) Gecko/20090824 Fedora/1.0.7-1.1.fc4 Firefox/3.5.3"
69.58.178.59 - - [19/Mar/2011:13:12:19 +0100] "GET / HTTP/1.1" 200 326 "-" "BlackBerry9000/4.6.0.167 Profile/MIDP-2.0 Configuration/CLDC-1.1 VendorID/102 ips-agent"
123.125.71.13 - - [19/Mar/2011:13:29:22 +0100] "GET / HTTP/1.1" 200 326 "-" "Baiduspider+(+http://www.baidu.com/search/spider.htm)"
220.181.108.89 - - [19/Mar/2011:13:29:46 +0100] "GET / HTTP/1.1" 200 326 "-" "Baiduspider+(+http://www.baidu.com/search/spider.htm)"
123.125.71.16 - - [19/Mar/2011:14:28:43 +0100] "GET / HTTP/1.1" 200 326 "-" "Baiduspider+(+http://www.baidu.com/search/spider.htm)"
220.181.108.96 - - [19/Mar/2011:14:29:07 +0100] "GET / HTTP/1.1" 200 326 "-" "Baiduspider+(+http://www.baidu.com/search/spider.htm)"
123.125.71.105 - - [19/Mar/2011:14:36:22 +0100] "GET / HTTP/1.1" 200 326 "-" "Baiduspider+(+http://www.baidu.com/search/spider.htm)"
85.17.171.225 - - [19/Mar/2011:15:17:06 +0100] "GET /robots.txt HTTP/1.1" 404 1256 "-" "Mozilla/5.0 (compatible; Plukkie/1.3; http://www.botje.com/plukkie.htm)"
85.17.171.225 - - [19/Mar/2011:15:17:06 +0100] "GET / HTTP/1.1" 200 326 "-" "Mozilla/5.0 (compatible; Plukkie/1.3; http://www.botje.com/plukkie.htm)"
123.125.71.35 - - [19/Mar/2011:18:30:15 +0100] "GET / HTTP/1.1" 200 326 "-" "Baiduspider+(+http://www.baidu.com/search/spider.htm)"
220.181.108.96 - - [19/Mar/2011:18:30:38 +0100] "GET / HTTP/1.1" 200 326 "-" "Baiduspider+(+http://www.baidu.com/search/spider.htm)"
123.125.71.35 - - [20/Mar/2011:04:31:39 +0100] "GET / HTTP/1.1" 200 326 "-" "Baiduspider+(+http://www.baidu.com/search/spider.htm)"
220.181.108.86 - - [20/Mar/2011:04:32:08 +0100] "GET / HTTP/1.1" 200 326 "-" "Baiduspider+(+http://www.baidu.com/search/spider.htm)"
123.125.71.14 - - [20/Mar/2011:07:28:50 +0100] "GET / HTTP/1.1" 200 326 "-" "Baiduspider+(+http://www.baidu.com/search/spider.htm)"
69.28.58.35 - - [20/Mar/2011:07:29:01 +0100] "GET / HTTP/1.1" 200 326 "-" "Wget/1.9+cvs-stable (Red Hat modified)"
220.181.108.76 - - [20/Mar/2011:07:29:15 +0100] "GET / HTTP/1.1" 200 326 "-" "Baiduspider+(+http://www.baidu.com/search/spider.htm)"
123.125.71.30 - - [20/Mar/2011:09:28:38 +0100] "GET / HTTP/1.1" 200 326 "-" "Baiduspider+(+http://www.baidu.com/search/spider.htm)"
220.181.108.89 - - [20/Mar/2011:09:29:01 +0100] "GET / HTTP/1.1" 200 326 "-" "Baiduspider+(+http://www.baidu.com/search/spider.htm)"
123.125.71.22 - - [20/Mar/2011:18:30:22 +0100] "GET / HTTP/1.1" 200 326 "-" "Baiduspider+(+http://www.baidu.com/search/spider.htm)"
220.181.108.84 - - [20/Mar/2011:18:30:46 +0100] "GET / HTTP/1.1" 200 326 "-" "Baiduspider+(+http://www.baidu.com/search/spider.htm)"
123.125.71.21 - - [21/Mar/2011:03:33:04 +0100] "GET / HTTP/1.1" 200 326 "-" "Baiduspider+(+http://www.baidu.com/search/spider.htm)"
220.181.108.77 - - [21/Mar/2011:03:33:35 +0100] "GET / HTTP/1.1" 200 326 "-" "Baiduspider+(+http://www.baidu.com/search/spider.htm)"
123.125.71.95 - - [21/Mar/2011:14:21:10 +0100] "GET / HTTP/1.1" 200 326 "-" "Baiduspider+(+http://www.baidu.com/search/spider.htm)"
123.125.71.13 - - [21/Mar/2011:23:29:48 +0100] "GET / HTTP/1.1" 200 326 "-" "Baiduspider+(+http://www.baidu.com/search/spider.htm)"
220.181.108.94 - - [21/Mar/2011:23:30:09 +0100] "GET / HTTP/1.1" 200 326 "-" "Baiduspider+(+http://www.baidu.com/search/spider.htm)"
123.125.71.35 - - [22/Mar/2011:04:32:21 +0100] "GET / HTTP/1.1" 200 326 "-" "Baiduspider+(+http://www.baidu.com/search/spider.htm)"
220.181.108.84 - - [22/Mar/2011:04:32:51 +0100] "GET / HTTP/1.1" 200 326 "-" "Baiduspider+(+http://www.baidu.com/search/spider.htm)"
220.181.108.93 - - [22/Mar/2011:07:29:27 +0100] "GET / HTTP/1.1" 200 326 "-" "Baiduspider+(+http://www.baidu.com/search/spider.htm)"
123.125.71.13 - - [22/Mar/2011:12:30:33 +0100] "GET / HTTP/1.1" 200 326 "-" "Baiduspider+(+http://www.baidu.com/search/spider.htm)"
220.181.108.82 - - [22/Mar/2011:12:30:57 +0100] "GET / HTTP/1.1" 200 326 "-" "Baiduspider+(+http://www.baidu.com/search/spider.htm)"
220.181.108.75 - - [22/Mar/2011:13:29:43 +0100] "GET / HTTP/1.1" 200 326 "-" "Baiduspider+(+http://www.baidu.com/search/spider.htm)"
123.125.71.12 - - [22/Mar/2011:14:29:26 +0100] "GET / HTTP/1.1" 200 326 "-" "Baiduspider+(+http://www.baidu.com/search/spider.htm)"
220.181.108.90 - - [22/Mar/2011:14:29:50 +0100] "GET / HTTP/1.1" 200 326 "-" "Baiduspider+(+http://www.baidu.com/search/spider.htm)"
123.125.71.27 - - [22/Mar/2011:17:41:48 +0100] "GET / HTTP/1.1" 200 326 "-" "Baiduspider+(+http://www.baidu.com/search/spider.htm)"
220.181.108.84 - - [22/Mar/2011:17:42:24 +0100] "GET / HTTP/1.1" 200 326 "-" "Baiduspider+(+http://www.baidu.com/search/spider.htm)"
123.125.71.30 - - [22/Mar/2011:18:31:29 +0100] "GET / HTTP/1.1" 200 326 "-" "Baiduspider+(+http://www.baidu.com/search/spider.htm)"
220.181.108.96 - - [22/Mar/2011:18:31:53 +0100] "GET / HTTP/1.1" 200 326 "-" "Baiduspider+(+http://www.baidu.com/search/spider.htm)"
123.125.71.16 - - [22/Mar/2011:23:29:55 +0100] "GET / HTTP/1.1" 200 326 "-" "Baiduspider+(+http://www.baidu.com/search/spider.htm)"
69.28.58.33 - - [22/Mar/2011:23:30:02 +0100] "GET / HTTP/1.1" 200 326 "-" "Wget/1.9+cvs-stable (Red Hat modified)"
220.181.108.96 - - [22/Mar/2011:23:30:18 +0100] "GET / HTTP/1.1" 200 326 "-" "Baiduspider+(+http://www.baidu.com/search/spider.htm)"
95.108.158.134 - - [23/Mar/2011:00:37:25 +0100] "GET /robots.txt HTTP/1.1" 404 1256 "-" "Mozilla/5.0 (compatible; YandexBot/3.0; +http://yandex.com/bots)"
123.125.71.14 - - [23/Mar/2011:02:31:32 +0100] "GET / HTTP/1.1" 200 326 "-" "Baiduspider+(+http://www.baidu.com/search/spider.htm)"
220.181.108.90 - - [23/Mar/2011:02:31:57 +0100] "GET / HTTP/1.1" 200 326 "-" "Baiduspider+(+http://www.baidu.com/search/spider.htm)"
95.108.158.134 - - [23/Mar/2011:04:25:29 +0100] "GET / HTTP/1.1" 200 326 "-" "Mozilla/5.0 (compatible; YandexBot/3.0; +http://yandex.com/bots)"
123.125.71.101 - - [23/Mar/2011:08:49:30 +0100] "GET / HTTP/1.1" 200 326 "-" "Baiduspider+(+http://www.baidu.com/search/spider.htm)"
123.125.71.16 - - [23/Mar/2011:13:30:42 +0100] "GET / HTTP/1.1" 200 326 "-" "Baiduspider+(+http://www.baidu.com/search/spider.htm)"
69.28.58.35 - - [23/Mar/2011:13:30:54 +0100] "GET / HTTP/1.1" 200 326 "-" "Wget/1.9+cvs-stable (Red Hat modified)"
220.181.108.86 - - [23/Mar/2011:13:31:09 +0100] "GET / HTTP/1.1" 200 326 "-" "Baiduspider+(+http://www.baidu.com/search/spider.htm)"
123.125.71.15 - - [23/Mar/2011:14:29:49 +0100] "GET / HTTP/1.1" 200 326 "-" "Baiduspider+(+http://www.baidu.com/search/spider.htm)"
220.181.108.94 - - [23/Mar/2011:14:30:15 +0100] "GET / HTTP/1.1" 200 326 "-" "Baiduspider+(+http://www.baidu.com/search/spider.htm)"
123.125.71.27 - - [23/Mar/2011:18:31:36 +0100] "GET / HTTP/1.1" 200 326 "-" "Baiduspider+(+http://www.baidu.com/search/spider.htm)"
220.181.108.77 - - [23/Mar/2011:18:32:01 +0100] "GET / HTTP/1.1" 200 326 "-" "Baiduspider+(+http://www.baidu.com/search/spider.htm)"
123.125.71.22 - - [23/Mar/2011:22:29:54 +0100] "GET / HTTP/1.1" 200 326 "-" "Baiduspider+(+http://www.baidu.com/search/spider.htm)"
220.181.108.90 - - [23/Mar/2011:22:30:17 +0100] "GET / HTTP/1.1" 200 326 "-" "Baiduspider+(+http://www.baidu.com/search/spider.htm)"
123.125.71.22 - - [23/Mar/2011:23:30:32 +0100] "GET / HTTP/1.1" 200 326 "-" "Baiduspider+(+http://www.baidu.com/search/spider.htm)"
220.181.108.93 - - [23/Mar/2011:23:30:55 +0100] "GET / HTTP/1.1" 200 326 "-" "Baiduspider+(+http://www.baidu.com/search/spider.htm)"
123.125.71.35 - - [24/Mar/2011:04:31:52 +0100] "GET / HTTP/1.1" 200 326 "-" "Baiduspider+(+http://www.baidu.com/search/spider.htm)"
220.181.108.82 - - [24/Mar/2011:04:32:19 +0100] "GET / HTTP/1.1" 200 326 "-" "Baiduspider+(+http://www.baidu.com/search/spider.htm)"
123.125.71.32 - - [24/Mar/2011:09:29:49 +0100] "GET / HTTP/1.1" 200 326 "-" "Baiduspider+(+http://www.baidu.com/search/spider.htm)"
220.181.108.89 - - [24/Mar/2011:09:30:15 +0100] "GET / HTTP/1.1" 200 326 "-" "Baiduspider+(+http://www.baidu.com/search/spider.htm)"
123.125.71.36 - - [24/Mar/2011:13:29:49 +0100] "GET / HTTP/1.1" 200 326 "-" "Baiduspider+(+http://www.baidu.com/search/spider.htm)"
220.181.108.80 - - [24/Mar/2011:13:30:18 +0100] "GET / HTTP/1.1" 200 326 "-" "Baiduspider+(+http://www.baidu.com/search/spider.htm)"
123.125.71.34 - - [24/Mar/2011:18:30:45 +0100] "GET / HTTP/1.1" 200 326 "-" "Baiduspider+(+http://www.baidu.com/search/spider.htm)"
220.181.108.94 - - [24/Mar/2011:18:31:08 +0100] "GET / HTTP/1.1" 200 326 "-" "Baiduspider+(+http://www.baidu.com/search/spider.htm)"
123.125.71.14 - - [24/Mar/2011:23:29:04 +0100] "GET / HTTP/1.1" 200 326 "-" "Baiduspider+(+http://www.baidu.com/search/spider.htm)"
220.181.108.90 - - [24/Mar/2011:23:29:26 +0100] "GET / HTTP/1.1" 200 326 "-" "Baiduspider+(+http://www.baidu.com/search/spider.htm)"
123.125.71.28 - - [25/Mar/2011:02:31:26 +0100] "GET / HTTP/1.1" 200 326 "-" "Baiduspider+(+http://www.baidu.com/search/spider.htm)"
220.181.108.82 - - [25/Mar/2011:02:31:49 +0100] "GET / HTTP/1.1" 200 326 "-" "Baiduspider+(+http://www.baidu.com/search/spider.htm)"
123.125.71.102 - - [25/Mar/2011:07:45:13 +0100] "GET / HTTP/1.1" 200 326 "-" "Baiduspider+(+http://www.baidu.com/search/spider.htm)"
195.54.163.122 - - [25/Mar/2011:09:22:03 +0100] "GET / HTTP/1.0" 200 326 "http://www.ruehling.com/" "Mozilla/4.0 (compatible; MSIE 6.0; Windows 98; Win 9x 4.90)"
64.246.165.140 - - [25/Mar/2011:10:04:16 +0100] "GET /robots.txt HTTP/1.0" 404 1256 "-" "Mozilla/5.0 (Windows; U; Windows NT 5.1; en; rv:1.9.0.13) Gecko/2009073022 Firefox/3.5.2 (.NET CLR 3.5.30729) SurveyBot/2.3 (DomainTools)"
64.246.165.140 - - [25/Mar/2011:10:04:16 +0100] "GET / HTTP/1.1" 200 326 "http://whois.domaintools.com/ruehling.com" "Mozilla/5.0 (Windows; U; Windows NT 5.1; en; rv:1.9.0.13) Gecko/2009073022 Firefox/3.5.2 (.NET CLR 3.5.30729) SurveyBot/2.3 (DomainTools)"
123.125.71.29 - - [25/Mar/2011:13:30:01 +0100] "GET / HTTP/1.1" 200 326 "-" "Baiduspider+(+http://www.baidu.com/search/spider.htm)"
220.181.108.91 - - [25/Mar/2011:13:30:27 +0100] "GET / HTTP/1.1" 200 326 "-" "Baiduspider+(+http://www.baidu.com/search/spider.htm)"
123.125.71.21 - - [25/Mar/2011:14:29:16 +0100] "GET / HTTP/1.1" 200 326 "-" "Baiduspider+(+http://www.baidu.com/search/spider.htm)"
220.181.108.77 - - [25/Mar/2011:14:29:39 +0100] "GET / HTTP/1.1" 200 326 "-" "Baiduspider+(+http://www.baidu.com/search/spider.htm)"
207.46.195.236 - - [26/Mar/2011:04:18:52 +0100] "GET /robots.txt HTTP/1.1" 404 1256 "-" "Mozilla/5.0 (compatible; bingbot/2.0; +http://www.bing.com/bingbot.htm)"
207.46.195.236 - - [26/Mar/2011:04:19:38 +0100] "GET / HTTP/1.1" 200 326 "-" "Mozilla/5.0 (compatible; bingbot/2.0; +http://www.bing.com/bingbot.htm)"
123.125.71.105 - - [26/Mar/2011:11:34:53 +0100] "GET / HTTP/1.1" 200 326 "-" "Baiduspider+(+http://www.baidu.com/search/spider.htm)"
123.125.71.23 - - [26/Mar/2011:13:30:49 +0100] "GET / HTTP/1.1" 200 326 "-" "Baiduspider+(+http://www.baidu.com/search/spider.htm)"
220.181.108.83 - - [26/Mar/2011:13:31:13 +0100] "GET / HTTP/1.1" 200 326 "-" "Baiduspider+(+http://www.baidu.com/search/spider.htm)"
38.127.197.105 - - [26/Mar/2011:22:41:07 +0100] "GET / HTTP/1.1" 200 326 "-" "Mozilla/4.0 (compatible; MSIE 7.0; Windows NT 5.2)"
123.125.71.14 - - [26/Mar/2011:23:28:38 +0100] "GET / HTTP/1.1" 200 326 "-" "Baiduspider+(+http://www.baidu.com/search/spider.htm)"
220.181.108.95 - - [26/Mar/2011:23:29:00 +0100] "GET / HTTP/1.1" 200 326 "-" "Baiduspider+(+http://www.baidu.com/search/spider.htm)"
123.125.71.17 - - [27/Mar/2011:03:32:30 +0200] "GET / HTTP/1.1" 200 326 "-" "Baiduspider+(+http://www.baidu.com/search/spider.htm)"
220.181.108.81 - - [27/Mar/2011:03:32:58 +0200] "GET / HTTP/1.1" 200 326 "-" "Baiduspider+(+http://www.baidu.com/search/spider.htm)"
123.125.71.16 - - [27/Mar/2011:08:30:17 +0200] "GET / HTTP/1.1" 200 326 "-" "Baiduspider+(+http://www.baidu.com/search/spider.htm)"
220.181.108.84 - - [27/Mar/2011:08:30:39 +0200] "GET / HTTP/1.1" 200 326 "-" "Baiduspider+(+http://www.baidu.com/search/spider.htm)"
123.125.71.16 - - [27/Mar/2011:10:30:34 +0200] "GET / HTTP/1.1" 200 326 "-" "Baiduspider+(+http://www.baidu.com/search/spider.htm)"
220.181.108.90 - - [27/Mar/2011:10:30:57 +0200] "GET / HTTP/1.1" 200 326 "-" "Baiduspider+(+http://www.baidu.com/search/spider.htm)"
123.125.71.18 - - [27/Mar/2011:14:30:46 +0200] "GET / HTTP/1.1" 200 326 "-" "Baiduspider+(+http://www.baidu.com/search/spider.htm)"
220.181.108.89 - - [27/Mar/2011:14:31:12 +0200] "GET / HTTP/1.1" 200 326 "-" "Baiduspider+(+http://www.baidu.com/search/spider.htm)"
123.125.71.17 - - [27/Mar/2011:22:29:57 +0200] "GET / HTTP/1.1" 200 326 "-" "Baiduspider+(+http://www.baidu.com/search/spider.htm)"
220.181.108.83 - - [27/Mar/2011:22:30:22 +0200] "GET / HTTP/1.1" 200 326 "-" "Baiduspider+(+http://www.baidu.com/search/spider.htm)"
123.125.71.102 - - [28/Mar/2011:06:44:09 +0200] "GET / HTTP/1.1" 200 326 "-" "Baiduspider+(+http://www.baidu.com/search/spider.htm)"
123.125.71.25 - - [28/Mar/2011:10:30:01 +0200] "GET / HTTP/1.1" 200 326 "-" "Baiduspider+(+http://www.baidu.com/search/spider.htm)"
220.181.108.84 - - [28/Mar/2011:10:30:23 +0200] "GET / HTTP/1.1" 200 326 "-" "Baiduspider+(+http://www.baidu.com/search/spider.htm)"
88.73.26.157 - - [28/Mar/2011:11:07:01 +0200] "GET / HTTP/1.1" 200 326 "http://www.google.de/url?sa=t&source=web&cd=1&ved=0CBoQFjAA&url=http%3A%2F%2Fwww.ruehling.com%2F&rct=j&q=ruehling.com&ei=r0-QTavpDc3Eswaxnen5CQ&usg=AFQjCNGpCQvuwYAGa4bBGACi7WVW2jLu5A" "Mozilla/5.0 (Windows; U; Windows NT 5.1; de; rv:1.9.2.16) Gecko/20110319 Firefox/3.6.16"
88.73.26.157 - - [28/Mar/2011:11:07:01 +0200] "GET /favicon.ico HTTP/1.1" 404 1256 "-" "Mozilla/5.0 (Windows; U; Windows NT 5.1; de; rv:1.9.2.16) Gecko/20110319 Firefox/3.6.16"
88.73.26.157 - - [28/Mar/2011:11:07:04 +0200] "GET /favicon.ico HTTP/1.1" 404 1256 "-" "Mozilla/5.0 (Windows; U; Windows NT 5.1; de; rv:1.9.2.16) Gecko/20110319 Firefox/3.6.16"
88.73.26.157 - - [28/Mar/2011:11:07:04 +0200] "GET / HTTP/1.1" 304 - "http://www.google.de/url?sa=t&source=web&cd=1&ved=0CBoQFjAA&url=http%3A%2F%2Fwww.ruehling.com%2F&rct=j&q=ruehling.com&ei=r0-QTavpDc3Eswaxnen5CQ&usg=AFQjCNGpCQvuwYAGa4bBGACi7WVW2jLu5A" "Mozilla/5.0 (Windows; U; Windows NT 5.1; de; rv:1.9.2.16) Gecko/20110319 Firefox/3.6.16"
123.125.71.16 - - [28/Mar/2011:11:32:27 +0200] "GET / HTTP/1.1" 200 326 "-" "Baiduspider+(+http://www.baidu.com/search/spider.htm)"
220.181.108.88 - - [28/Mar/2011:11:32:54 +0200] "GET / HTTP/1.1" 200 326 "-" "Baiduspider+(+http://www.baidu.com/search/spider.htm)"
69.28.58.35 - - [28/Mar/2011:11:35:20 +0200] "GET / HTTP/1.1" 200 326 "-" "Wget/1.9+cvs-stable (Red Hat modified)"
123.125.71.25 - - [28/Mar/2011:13:30:56 +0200] "GET / HTTP/1.1" 200 326 "-" "Baiduspider+(+http://www.baidu.com/search/spider.htm)"
220.181.108.77 - - [28/Mar/2011:13:31:21 +0200] "GET / HTTP/1.1" 200 326 "-" "Baiduspider+(+http://www.baidu.com/search/spider.htm)"
123.125.71.28 - - [28/Mar/2011:19:31:44 +0200] "GET / HTTP/1.1" 200 326 "-" "Baiduspider+(+http://www.baidu.com/search/spider.htm)"
220.181.108.86 - - [28/Mar/2011:19:32:11 +0200] "GET / HTTP/1.1" 200 326 "-" "Baiduspider+(+http://www.baidu.com/search/spider.htm)"
50.17.122.32 - - [28/Mar/2011:20:22:25 +0200] "GET / HTTP/1.0" 200 326 "-" "Mozilla/5.0 (compatible; NetcraftSurveyAgent/1.0; +info@netcraft.com)"
123.125.71.14 - - [29/Mar/2011:05:31:55 +0200] "GET / HTTP/1.1" 200 326 "-" "Baiduspider+(+http://www.baidu.com/search/spider.htm)"
220.181.108.80 - - [29/Mar/2011:05:32:19 +0200] "GET / HTTP/1.1" 200 326 "-" "Baiduspider+(+http://www.baidu.com/search/spider.htm)"
184.82.101.158 - - [29/Mar/2011:09:11:38 +0200] "GET / HTTP/1.0" 200 326 "-" "-"
123.125.71.34 - - [29/Mar/2011:10:30:03 +0200] "GET / HTTP/1.1" 200 326 "-" "Baiduspider+(+http://www.baidu.com/search/spider.htm)"
220.181.108.81 - - [29/Mar/2011:10:30:25 +0200] "GET / HTTP/1.1" 200 326 "-" "Baiduspider+(+http://www.baidu.com/search/spider.htm)"
123.125.71.102 - - [29/Mar/2011:14:54:24 +0200] "GET / HTTP/1.1" 200 326 "-" "Baiduspider+(+http://www.baidu.com/search/spider.htm)"
123.125.71.17 - - [30/Mar/2011:00:29:37 +0200] "GET / HTTP/1.1" 200 326 "-" "Baiduspider+(+http://www.baidu.com/search/spider.htm)"
220.181.108.87 - - [30/Mar/2011:00:29:59 +0200] "GET / HTTP/1.1" 200 326 "-" "Baiduspider+(+http://www.baidu.com/search/spider.htm)"
80.140.45.227 - - [30/Mar/2011:02:50:50 +0200] "GET / HTTP/1.1" 200 326 "-" "Mozilla/5.0 (Windows; U; Windows NT 5.1; en-US; rv:1.9.2.16) Gecko/20110319 Firefox/3.6.16 ( .NET CLR 3.5.30729; .NET4.0E)"
80.140.45.227 - - [30/Mar/2011:02:50:51 +0200] "GET /favicon.ico HTTP/1.1" 404 1256 "-" "Mozilla/5.0 (Windows; U; Windows NT 5.1; en-US; rv:1.9.2.16) Gecko/20110319 Firefox/3.6.16 ( .NET CLR 3.5.30729; .NET4.0E)"
80.140.45.227 - - [30/Mar/2011:02:50:55 +0200] "GET /favicon.ico HTTP/1.1" 404 1256 "-" "Mozilla/5.0 (Windows; U; Windows NT 5.1; en-US; rv:1.9.2.16) Gecko/20110319 Firefox/3.6.16 ( .NET CLR 3.5.30729; .NET4.0E)"
123.125.71.16 - - [30/Mar/2011:10:30:44 +0200] "GET / HTTP/1.1" 200 326 "-" "Baiduspider+(+http://www.baidu.com/search/spider.htm)"
69.28.58.35 - - [30/Mar/2011:10:30:57 +0200] "GET / HTTP/1.1" 200 326 "-" "Wget/1.9+cvs-stable (Red Hat modified)"
220.181.108.78 - - [30/Mar/2011:10:31:10 +0200] "GET / HTTP/1.1" 200 326 "-" "Baiduspider+(+http://www.baidu.com/search/spider.htm)"
123.125.71.15 - - [30/Mar/2011:19:31:57 +0200] "GET / HTTP/1.1" 200 326 "-" "Baiduspider+(+http://www.baidu.com/search/spider.htm)"
220.181.108.81 - - [30/Mar/2011:19:32:21 +0200] "GET / HTTP/1.1" 200 326 "-" "Baiduspider+(+http://www.baidu.com/search/spider.htm)"
123.125.71.30 - - [30/Mar/2011:22:29:53 +0200] "GET / HTTP/1.1" 200 326 "-" "Baiduspider+(+http://www.baidu.com/search/spider.htm)"
220.181.108.96 - - [30/Mar/2011:22:30:16 +0200] "GET / HTTP/1.1" 200 326 "-" "Baiduspider+(+http://www.baidu.com/search/spider.htm)"
123.125.71.30 - - [31/Mar/2011:00:30:37 +0200] "GET / HTTP/1.1" 200 326 "-" "Baiduspider+(+http://www.baidu.com/search/spider.htm)"
220.181.108.84 - - [31/Mar/2011:00:31:00 +0200] "GET / HTTP/1.1" 200 326 "-" "Baiduspider+(+http://www.baidu.com/search/spider.htm)"
123.125.71.108 - - [31/Mar/2011:08:27:34 +0200] "GET / HTTP/1.1" 200 326 "-" "Baiduspider+(+http://www.baidu.com/search/spider.htm)"
123.125.71.31 - - [31/Mar/2011:10:29:06 +0200] "GET / HTTP/1.1" 200 326 "-" "Baiduspider+(+http://www.baidu.com/search/spider.htm)"
220.181.108.82 - - [31/Mar/2011:10:29:29 +0200] "GET / HTTP/1.1" 200 326 "-" "Baiduspider+(+http://www.baidu.com/search/spider.htm)"
123.125.71.29 - - [31/Mar/2011:19:31:07 +0200] "GET / HTTP/1.1" 200 326 "-" "Baiduspider+(+http://www.baidu.com/search/spider.htm)"
69.28.58.9 - - [31/Mar/2011:19:31:17 +0200] "GET / HTTP/1.1" 200 326 "-" "Wget/1.9+cvs-stable (Red Hat modified)"
220.181.108.85 - - [31/Mar/2011:19:31:32 +0200] "GET / HTTP/1.1" 200 326 "-" "Baiduspider+(+http://www.baidu.com/search/spider.htm)"
66.249.67.8 - - [31/Mar/2011:22:16:44 +0200] "GET /robots.txt HTTP/1.1" 404 1256 "-" "Mozilla/5.0 (compatible; Googlebot/2.1; +http://www.google.com/bot.html)"
66.249.67.8 - - [31/Mar/2011:22:16:44 +0200] "GET / HTTP/1.1" 304 - "-" "Mozilla/5.0 (compatible; Googlebot/2.1; +http://www.google.com/bot.html)"