93.212.127.46 - - [04/Oct/2020:13:57:44 +0200] "GET /?kontakt,8 HTTP/1.1" 200 40109 "http://www.quartier-bb.de/?leistung,40" "Mozilla/5.0 (Windows NT 10.0; Win64; x64; rv:81.0) Gecko/20100101 Firefox/81.0"
93.212.127.46 - - [04/Oct/2020:13:57:45 +0200] "GET /?home,1 HTTP/1.1" 200 6640 "http://www.quartier-bb.de/?kontakt,8" "Mozilla/5.0 (Windows NT 10.0; Win64; x64; rv:81.0) Gecko/20100101 Firefox/81.0"
93.212.127.46 - - [04/Oct/2020:13:57:49 +0200] "GET /?impressum,15 HTTP/1.1" 200 26121 "http://www.quartier-bb.de/?home,1" "Mozilla/5.0 (Windows NT 10.0; Win64; x64; rv:81.0) Gecko/20100101 Firefox/81.0"
93.212.127.46 - - [04/Oct/2020:14:08:43 +0200] "GET /?disclaimer-datenschutz,14 HTTP/1.1" 200 76819 "http://www.quartier-bb.de/?impressum,15" "Mozilla/5.0 (Windows NT 10.0; Win64; x64; rv:81.0) Gecko/20100101 Firefox/81.0"
157.55.39.38 - - [04/Oct/2020:14:58:09 +0200] "GET /robots.txt HTTP/1.1" 404 1256 "-" "Mozilla/5.0 (compatible; bingbot/2.0; +http://www.bing.com/bingbot.htm)"
77.13.97.103 - - [04/Oct/2020:16:33:03 +0200] "GET /?kontakt,8 HTTP/1.1" 200 40109 "https://www.google.de/" "Mozilla/5.0 (iPhone; CPU iPhone OS 14_0_1 like Mac OS X) AppleWebKit/605.1.15 (KHTML, like Gecko) Version/14.0 Mobile/15E148 Safari/604.1"
77.13.97.103 - - [04/Oct/2020:16:33:03 +0200] "GET /core/common.js HTTP/1.1" 200 2364 "http://www.quartier-bb.de/" "Mozilla/5.0 (iPhone; CPU iPhone OS 14_0_1 like Mac OS X) AppleWebKit/605.1.15 (KHTML, like Gecko) Version/14.0 Mobile/15E148 Safari/604.1"
77.13.97.103 - - [04/Oct/2020:16:33:03 +0200] "GET /core/prototype.lite.js HTTP/1.1" 200 3335 "http://www.quartier-bb.de/" "Mozilla/5.0 (iPhone; CPU iPhone OS 14_0_1 like Mac OS X) AppleWebKit/605.1.15 (KHTML, like Gecko) Version/14.0 Mobile/15E148 Safari/604.1"
77.13.97.103 - - [04/Oct/2020:16:33:03 +0200] "GET /core/plugins.js HTTP/1.1" 200 28 "http://www.quartier-bb.de/" "Mozilla/5.0 (iPhone; CPU iPhone OS 14_0_1 like Mac OS X) AppleWebKit/605.1.15 (KHTML, like Gecko) Version/14.0 Mobile/15E148 Safari/604.1"
77.13.97.103 - - [04/Oct/2020:16:33:03 +0200] "GET /core/moo.fx.js HTTP/1.1" 200 3267 "http://www.quartier-bb.de/" "Mozilla/5.0 (iPhone; CPU iPhone OS 14_0_1 like Mac OS X) AppleWebKit/605.1.15 (KHTML, like Gecko) Version/14.0 Mobile/15E148 Safari/604.1"
77.13.97.103 - - [04/Oct/2020:16:33:03 +0200] "GET /core/litebox-1.0.js HTTP/1.1" 200 15581 "http://www.quartier-bb.de/" "Mozilla/5.0 (iPhone; CPU iPhone OS 14_0_1 like Mac OS X) AppleWebKit/605.1.15 (KHTML, like Gecko) Version/14.0 Mobile/15E148 Safari/604.1"
77.13.97.103 - - [04/Oct/2020:16:33:03 +0200] "GET /templates/default.css HTTP/1.1" 200 7156 "http://www.quartier-bb.de/" "Mozilla/5.0 (iPhone; CPU iPhone OS 14_0_1 like Mac OS X) AppleWebKit/605.1.15 (KHTML, like Gecko) Version/14.0 Mobile/15E148 Safari/604.1"
77.13.97.103 - - [04/Oct/2020:16:33:03 +0200] "GET /templates/img/logo.gif HTTP/1.1" 200 3859 "http://www.quartier-bb.de/" "Mozilla/5.0 (iPhone; CPU iPhone OS 14_0_1 like Mac OS X) AppleWebKit/605.1.15 (KHTML, like Gecko) Version/14.0 Mobile/15E148 Safari/604.1"
77.13.97.103 - - [04/Oct/2020:16:33:03 +0200] "GET /templates/plugins.css HTTP/1.1" 200 1931 "http://www.quartier-bb.de/" "Mozilla/5.0 (iPhone; CPU iPhone OS 14_0_1 like Mac OS X) AppleWebKit/605.1.15 (KHTML, like Gecko) Version/14.0 Mobile/15E148 Safari/604.1"
77.13.97.103 - - [04/Oct/2020:16:33:03 +0200] "GET /templates/img/loading.gif HTTP/1.1" 200 2767 "http://www.quartier-bb.de/" "Mozilla/5.0 (iPhone; CPU iPhone OS 14_0_1 like Mac OS X) AppleWebKit/605.1.15 (KHTML, like Gecko) Version/14.0 Mobile/15E148 Safari/604.1"
77.13.97.103 - - [04/Oct/2020:16:33:03 +0200] "GET /templates/img/closelabel.gif HTTP/1.1" 200 649 "http://www.quartier-bb.de/" "Mozilla/5.0 (iPhone; CPU iPhone OS 14_0_1 like Mac OS X) AppleWebKit/605.1.15 (KHTML, like Gecko) Version/14.0 Mobile/15E148 Safari/604.1"
77.13.97.103 - - [04/Oct/2020:16:33:03 +0200] "GET /templates/img/points.gif HTTP/1.1" 200 62 "http://www.quartier-bb.de/" "Mozilla/5.0 (iPhone; CPU iPhone OS 14_0_1 like Mac OS X) AppleWebKit/605.1.15 (KHTML, like Gecko) Version/14.0 Mobile/15E148 Safari/604.1"
77.13.97.103 - - [04/Oct/2020:16:33:03 +0200] "GET /templates/img/bg.jpg HTTP/1.1" 200 18814 "http://www.quartier-bb.de/" "Mozilla/5.0 (iPhone; CPU iPhone OS 14_0_1 like Mac OS X) AppleWebKit/605.1.15 (KHTML, like Gecko) Version/14.0 Mobile/15E148 Safari/604.1"
77.13.97.103 - - [04/Oct/2020:16:33:03 +0200] "GET /templates/img/nav.gif HTTP/1.1" 200 1501 "http://www.quartier-bb.de/" "Mozilla/5.0 (iPhone; CPU iPhone OS 14_0_1 like Mac OS X) AppleWebKit/605.1.15 (KHTML, like Gecko) Version/14.0 Mobile/15E148 Safari/604.1"
77.13.97.103 - - [04/Oct/2020:16:33:03 +0200] "GET /templates/img/two-columns.gif HTTP/1.1" 200 65 "http://www.quartier-bb.de/" "Mozilla/5.0 (iPhone; CPU iPhone OS 14_0_1 like Mac OS X) AppleWebKit/605.1.15 (KHTML, like Gecko) Version/14.0 Mobile/15E148 Safari/604.1"
77.13.97.103 - - [04/Oct/2020:16:33:04 +0200] "GET /favicon.ico HTTP/1.1" 200 2602 "http://www.quartier-bb.de/" "Mozilla/5.0 (iPhone; CPU iPhone OS 14_0_1 like Mac OS X) AppleWebKit/605.1.15 (KHTML, like Gecko) Version/14.0 Mobile/15E148 Safari/604.1"
77.13.97.103 - - [04/Oct/2020:16:33:03 +0200] "GET /templates/img/header.png HTTP/1.1" 200 134243 "http://www.quartier-bb.de/" "Mozilla/5.0 (iPhone; CPU iPhone OS 14_0_1 like Mac OS X) AppleWebKit/605.1.15 (KHTML, like Gecko) Version/14.0 Mobile/15E148 Safari/604.1"
77.13.97.103 - - [04/Oct/2020:16:35:33 +0200] "GET / HTTP/1.1" 200 6640 "http://www.quartier-bb.de/" "Mozilla/5.0 (iPhone; CPU iPhone OS 14_0_1 like Mac OS X) AppleWebKit/605.1.15 (KHTML, like Gecko) Version/14.0 Mobile/15E148 Safari/604.1"
77.13.97.103 - - [04/Oct/2020:16:35:33 +0200] "GET /files/top_left_basic.gif HTTP/1.1" 200 261 "http://www.quartier-bb.de/" "Mozilla/5.0 (iPhone; CPU iPhone OS 14_0_1 like Mac OS X) AppleWebKit/605.1.15 (KHTML, like Gecko) Version/14.0 Mobile/15E148 Safari/604.1"
40.77.167.184 - - [04/Oct/2020:18:14:05 +0200] "GET /?disclaimer,14 HTTP/1.1" 200 76819 "-" "Mozilla/5.0 (compatible; bingbot/2.0; +http://www.bing.com/bingbot.htm)"
77.13.97.103 - - [04/Oct/2020:19:40:44 +0200] "GET / HTTP/1.1" 200 6640 "http://www.quartier-bb.de/" "Mozilla/5.0 (iPhone; CPU iPhone OS 14_0_1 like Mac OS X) AppleWebKit/605.1.15 (KHTML, like Gecko) Version/14.0 Mobile/15E148 Safari/604.1"
77.13.97.103 - - [04/Oct/2020:19:40:44 +0200] "GET /core/plugins.js HTTP/1.1" 200 28 "http://www.quartier-bb.de/" "Mozilla/5.0 (iPhone; CPU iPhone OS 14_0_1 like Mac OS X) AppleWebKit/605.1.15 (KHTML, like Gecko) Version/14.0 Mobile/15E148 Safari/604.1"
77.13.97.103 - - [04/Oct/2020:19:40:44 +0200] "GET /core/prototype.lite.js HTTP/1.1" 200 3335 "http://www.quartier-bb.de/" "Mozilla/5.0 (iPhone; CPU iPhone OS 14_0_1 like Mac OS X) AppleWebKit/605.1.15 (KHTML, like Gecko) Version/14.0 Mobile/15E148 Safari/604.1"
77.13.97.103 - - [04/Oct/2020:19:40:44 +0200] "GET /core/common.js HTTP/1.1" 200 2364 "http://www.quartier-bb.de/" "Mozilla/5.0 (iPhone; CPU iPhone OS 14_0_1 like Mac OS X) AppleWebKit/605.1.15 (KHTML, like Gecko) Version/14.0 Mobile/15E148 Safari/604.1"
77.13.97.103 - - [04/Oct/2020:19:40:45 +0200] "GET /templates/img/points.gif HTTP/1.1" 200 62 "http://www.quartier-bb.de/" "Mozilla/5.0 (iPhone; CPU iPhone OS 14_0_1 like Mac OS X) AppleWebKit/605.1.15 (KHTML, like Gecko) Version/14.0 Mobile/15E148 Safari/604.1"
40.77.167.212 - - [04/Oct/2020:20:57:04 +0200] "GET /?unternehmen,35 HTTP/1.1" 200 5544 "-" "Mozilla/5.0 (compatible; bingbot/2.0; +http://www.bing.com/bingbot.htm)"
91.34.134.52 - - [04/Oct/2020:23:19:07 +0200] "GET / HTTP/1.1" 200 6640 "https://www.google.com/" "Mozilla/5.0 (Windows NT 10.0; Win64; x64) AppleWebKit/537.36 (KHTML, like Gecko) Chrome/85.0.4183.121 Safari/537.36"
91.34.134.52 - - [04/Oct/2020:23:19:07 +0200] "GET /core/common.js HTTP/1.1" 200 2364 "http://www.quartier-bb.de/" "Mozilla/5.0 (Windows NT 10.0; Win64; x64) AppleWebKit/537.36 (KHTML, like Gecko) Chrome/85.0.4183.121 Safari/537.36"
91.34.134.52 - - [04/Oct/2020:23:19:07 +0200] "GET /core/plugins.js HTTP/1.1" 200 28 "http://www.quartier-bb.de/" "Mozilla/5.0 (Windows NT 10.0; Win64; x64) AppleWebKit/537.36 (KHTML, like Gecko) Chrome/85.0.4183.121 Safari/537.36"
91.34.134.52 - - [04/Oct/2020:23:19:07 +0200] "GET /core/prototype.lite.js HTTP/1.1" 200 3335 "http://www.quartier-bb.de/" "Mozilla/5.0 (Windows NT 10.0; Win64; x64) AppleWebKit/537.36 (KHTML, like Gecko) Chrome/85.0.4183.121 Safari/537.36"
91.34.134.52 - - [04/Oct/2020:23:19:07 +0200] "GET /core/moo.fx.js HTTP/1.1" 200 3267 "http://www.quartier-bb.de/" "Mozilla/5.0 (Windows NT 10.0; Win64; x64) AppleWebKit/537.36 (KHTML, like Gecko) Chrome/85.0.4183.121 Safari/537.36"
91.34.134.52 - - [04/Oct/2020:23:19:07 +0200] "GET /core/litebox-1.0.js HTTP/1.1" 200 15581 "http://www.quartier-bb.de/" "Mozilla/5.0 (Windows NT 10.0; Win64; x64) AppleWebKit/537.36 (KHTML, like Gecko) Chrome/85.0.4183.121 Safari/537.36"
91.34.134.52 - - [04/Oct/2020:23:19:07 +0200] "GET /templates/default.css HTTP/1.1" 200 7156 "-" "Mozilla/5.0 (Windows NT 10.0; Win64; x64) AppleWebKit/537.36 (KHTML, like Gecko) Chrome/85.0.4183.121 Safari/537.36"
91.34.134.52 - - [04/Oct/2020:23:19:07 +0200] "GET /templates/img/logo.gif HTTP/1.1" 200 3859 "http://www.quartier-bb.de/" "Mozilla/5.0 (Windows NT 10.0; Win64; x64) AppleWebKit/537.36 (KHTML, like Gecko) Chrome/85.0.4183.121 Safari/537.36"
91.34.134.52 - - [04/Oct/2020:23:19:07 +0200] "GET /files/top_left_basic.gif HTTP/1.1" 200 261 "http://www.quartier-bb.de/" "Mozilla/5.0 (Windows NT 10.0; Win64; x64) AppleWebKit/537.36 (KHTML, like Gecko) Chrome/85.0.4183.121 Safari/537.36"
91.34.134.52 - - [04/Oct/2020:23:19:09 +0200] "GET / HTTP/1.1" 200 6640 "https://www.google.com/" "Mozilla/5.0 (Windows NT 10.0; Win64; x64) AppleWebKit/537.36 (KHTML, like Gecko) Chrome/85.0.4183.121 Safari/537.36"
91.34.134.52 - - [04/Oct/2020:23:19:09 +0200] "GET /templates/plugins.css HTTP/1.1" 200 1931 "http://www.quartier-bb.de/templates/default.css" "Mozilla/5.0 (Windows NT 10.0; Win64; x64) AppleWebKit/537.36 (KHTML, like Gecko) Chrome/85.0.4183.121 Safari/537.36"
91.34.134.52 - - [04/Oct/2020:23:19:09 +0200] "GET /templates/img/bg.jpg HTTP/1.1" 200 18814 "http://www.quartier-bb.de/templates/default.css" "Mozilla/5.0 (Windows NT 10.0; Win64; x64) AppleWebKit/537.36 (KHTML, like Gecko) Chrome/85.0.4183.121 Safari/537.36"
91.34.134.52 - - [04/Oct/2020:23:19:09 +0200] "GET /templates/img/points.gif HTTP/1.1" 200 62 "http://www.quartier-bb.de/templates/default.css" "Mozilla/5.0 (Windows NT 10.0; Win64; x64) AppleWebKit/537.36 (KHTML, like Gecko) Chrome/85.0.4183.121 Safari/537.36"
91.34.134.52 - - [04/Oct/2020:23:19:09 +0200] "GET /templates/img/nav.gif HTTP/1.1" 200 1501 "http://www.quartier-bb.de/templates/default.css" "Mozilla/5.0 (Windows NT 10.0; Win64; x64) AppleWebKit/537.36 (KHTML, like Gecko) Chrome/85.0.4183.121 Safari/537.36"
91.34.134.52 - - [04/Oct/2020:23:19:09 +0200] "GET /templates/img/two-columns.gif HTTP/1.1" 200 65 "http://www.quartier-bb.de/templates/default.css" "Mozilla/5.0 (Windows NT 10.0; Win64; x64) AppleWebKit/537.36 (KHTML, like Gecko) Chrome/85.0.4183.121 Safari/537.36"
91.34.134.52 - - [04/Oct/2020:23:19:09 +0200] "GET /templates/img/header.png HTTP/1.1" 200 134243 "http://www.quartier-bb.de/templates/default.css" "Mozilla/5.0 (Windows NT 10.0; Win64; x64) AppleWebKit/537.36 (KHTML, like Gecko) Chrome/85.0.4183.121 Safari/537.36"
91.34.134.52 - - [04/Oct/2020:23:19:10 +0200] "GET /templates/img/loading.gif HTTP/1.1" 200 2767 "http://www.quartier-bb.de/" "Mozilla/5.0 (Windows NT 10.0; Win64; x64) AppleWebKit/537.36 (KHTML, like Gecko) Chrome/85.0.4183.121 Safari/537.36"
91.34.134.52 - - [04/Oct/2020:23:19:10 +0200] "GET /templates/img/closelabel.gif HTTP/1.1" 200 649 "http://www.quartier-bb.de/" "Mozilla/5.0 (Windows NT 10.0; Win64; x64) AppleWebKit/537.36 (KHTML, like Gecko) Chrome/85.0.4183.121 Safari/537.36"
91.34.134.52 - - [04/Oct/2020:23:19:10 +0200] "GET /favicon.ico HTTP/1.1" 200 2602 "http://www.quartier-bb.de/" "Mozilla/5.0 (Windows NT 10.0; Win64; x64) AppleWebKit/537.36 (KHTML, like Gecko) Chrome/85.0.4183.121 Safari/537.36"
91.34.134.52 - - [04/Oct/2020:23:19:18 +0200] "GET /?kontakt,8 HTTP/1.1" 200 40109 "http://www.quartier-bb.de/" "Mozilla/5.0 (Windows NT 10.0; Win64; x64) AppleWebKit/537.36 (KHTML, like Gecko) Chrome/85.0.4183.121 Safari/537.36"
40.77.188.196 - - [04/Oct/2020:23:46:57 +0200] "GET / HTTP/1.1" 200 6640 "-" "Mozilla/5.0 (Windows NT 10.0; Win64; x64) AppleWebKit/537.36 (KHTML, like Gecko) Chrome/85.0.4183.121 Safari/537.36"
40.77.188.66 - - [04/Oct/2020:23:46:57 +0200] "GET / HTTP/1.1" 200 6640 "-" "Mozilla/5.0 (Windows NT 10.0; Win64; x64) AppleWebKit/537.36 (KHTML, like Gecko) Chrome/85.0.4183.121 Safari/537.36 Edg/85.0.564.63"
40.77.188.196 - - [04/Oct/2020:23:46:58 +0200] "GET /core/common.js HTTP/1.1" 200 2364 "http://www.quartier-bb.de/" "Mozilla/5.0 (Windows NT 10.0; Win64; x64) AppleWebKit/537.36 (KHTML, like Gecko) Chrome/85.0.4183.121 Safari/537.36"
40.77.188.196 - - [04/Oct/2020:23:46:58 +0200] "GET /core/plugins.js HTTP/1.1" 200 28 "http://www.quartier-bb.de/" "Mozilla/5.0 (Windows NT 10.0; Win64; x64) AppleWebKit/537.36 (KHTML, like Gecko) Chrome/85.0.4183.121 Safari/537.36"
40.77.188.66 - - [04/Oct/2020:23:46:58 +0200] "GET /core/common.js HTTP/1.1" 200 2364 "http://www.quartier-bb.de/" "Mozilla/5.0 (Windows NT 10.0; Win64; x64) AppleWebKit/537.36 (KHTML, like Gecko) Chrome/85.0.4183.121 Safari/537.36 Edg/85.0.564.63"
40.77.188.66 - - [04/Oct/2020:23:46:58 +0200] "GET /core/plugins.js HTTP/1.1" 200 28 "http://www.quartier-bb.de/" "Mozilla/5.0 (Windows NT 10.0; Win64; x64) AppleWebKit/537.36 (KHTML, like Gecko) Chrome/85.0.4183.121 Safari/537.36 Edg/85.0.564.63"
40.77.188.196 - - [04/Oct/2020:23:46:58 +0200] "GET /templates/default.css HTTP/1.1" 200 7156 "-" "Mozilla/5.0 (Windows NT 10.0; Win64; x64) AppleWebKit/537.36 (KHTML, like Gecko) Chrome/85.0.4183.121 Safari/537.36"
40.77.188.196 - - [04/Oct/2020:23:46:58 +0200] "GET /core/moo.fx.js HTTP/1.1" 200 3267 "http://www.quartier-bb.de/" "Mozilla/5.0 (Windows NT 10.0; Win64; x64) AppleWebKit/537.36 (KHTML, like Gecko) Chrome/85.0.4183.121 Safari/537.36"
40.77.188.196 - - [04/Oct/2020:23:46:58 +0200] "GET /core/prototype.lite.js HTTP/1.1" 200 3335 "http://www.quartier-bb.de/" "Mozilla/5.0 (Windows NT 10.0; Win64; x64) AppleWebKit/537.36 (KHTML, like Gecko) Chrome/85.0.4183.121 Safari/537.36"
40.77.188.196 - - [04/Oct/2020:23:46:58 +0200] "GET /core/litebox-1.0.js HTTP/1.1" 200 15581 "http://www.quartier-bb.de/" "Mozilla/5.0 (Windows NT 10.0; Win64; x64) AppleWebKit/537.36 (KHTML, like Gecko) Chrome/85.0.4183.121 Safari/537.36"
40.77.188.66 - - [04/Oct/2020:23:46:58 +0200] "GET /templates/default.css HTTP/1.1" 200 7156 "-" "Mozilla/5.0 (Windows NT 10.0; Win64; x64) AppleWebKit/537.36 (KHTML, like Gecko) Chrome/85.0.4183.121 Safari/537.36 Edg/85.0.564.63"
40.77.188.66 - - [04/Oct/2020:23:46:58 +0200] "GET /core/moo.fx.js HTTP/1.1" 200 3267 "http://www.quartier-bb.de/" "Mozilla/5.0 (Windows NT 10.0; Win64; x64) AppleWebKit/537.36 (KHTML, like Gecko) Chrome/85.0.4183.121 Safari/537.36 Edg/85.0.564.63"
40.77.188.66 - - [04/Oct/2020:23:46:58 +0200] "GET /core/prototype.lite.js HTTP/1.1" 200 3335 "http://www.quartier-bb.de/" "Mozilla/5.0 (Windows NT 10.0; Win64; x64) AppleWebKit/537.36 (KHTML, like Gecko) Chrome/85.0.4183.121 Safari/537.36 Edg/85.0.564.63"
40.77.188.66 - - [04/Oct/2020:23:46:58 +0200] "GET /core/litebox-1.0.js HTTP/1.1" 200 15581 "http://www.quartier-bb.de/" "Mozilla/5.0 (Windows NT 10.0; Win64; x64) AppleWebKit/537.36 (KHTML, like Gecko) Chrome/85.0.4183.121 Safari/537.36 Edg/85.0.564.63"
40.77.188.196 - - [04/Oct/2020:23:46:58 +0200] "GET /templates/plugins.css HTTP/1.1" 200 1931 "http://www.quartier-bb.de/" "Mozilla/5.0 (Windows NT 10.0; Win64; x64) AppleWebKit/537.36 (KHTML, like Gecko) Chrome/85.0.4183.121 Safari/537.36"
40.77.188.66 - - [04/Oct/2020:23:46:58 +0200] "GET /templates/plugins.css HTTP/1.1" 200 1931 "http://www.quartier-bb.de/" "Mozilla/5.0 (Windows NT 10.0; Win64; x64) AppleWebKit/537.36 (KHTML, like Gecko) Chrome/85.0.4183.121 Safari/537.36 Edg/85.0.564.63"
194.173.174.10 - - [05/Oct/2020:00:34:51 +0200] "HEAD / HTTP/1.1" 200 - "-" "Mozilla/5.0 (Windows NT 6.3; WOW64) AppleWebKit/537.36 (KHTML, like Gecko) Chrome/43.0.2357.134 Safari/537.36"
17.58.99.252 - - [05/Oct/2020:01:55:39 +0200] "GET /robots.txt HTTP/1.1" 404 1256 "-" "Mozilla/5.0 (Macintosh; Intel Mac OS X 10_15_5) AppleWebKit/605.1.15 (KHTML, like Gecko) Version/13.1.1 Safari/605.1.15 (Applebot/0.1; +http://www.apple.com/go/applebot)"
17.58.103.228 - - [05/Oct/2020:01:55:39 +0200] "GET /?home%2C1 HTTP/1.1" 200 6640 "-" "Mozilla/5.0 (Macintosh; Intel Mac OS X 10_15_5) AppleWebKit/605.1.15 (KHTML, like Gecko) Version/13.1.1 Safari/605.1.15 (Applebot/0.1; +http://www.apple.com/go/applebot)"
95.217.233.101 - - [05/Oct/2020:01:57:11 +0200] "GET / HTTP/1.1" 200 6640 "-" "Mozilla/5.0 (Macintosh; Intel Mac OS X 10_15_4) AppleWebKit/537.36 (KHTML, like Gecko) Chrome/83.0.4103.97 Safari/537.36"
95.217.233.101 - - [05/Oct/2020:01:57:11 +0200] "GET /core/common.js HTTP/1.1" 200 2364 "http://www.quartier-bb.de/" "Mozilla/5.0 (Macintosh; Intel Mac OS X 10_15_4) AppleWebKit/537.36 (KHTML, like Gecko) Chrome/83.0.4103.97 Safari/537.36"
95.217.233.101 - - [05/Oct/2020:01:57:11 +0200] "GET /core/plugins.js HTTP/1.1" 200 28 "http://www.quartier-bb.de/" "Mozilla/5.0 (Macintosh; Intel Mac OS X 10_15_4) AppleWebKit/537.36 (KHTML, like Gecko) Chrome/83.0.4103.97 Safari/537.36"
95.217.233.101 - - [05/Oct/2020:01:57:11 +0200] "GET /core/prototype.lite.js HTTP/1.1" 200 3335 "http://www.quartier-bb.de/" "Mozilla/5.0 (Macintosh; Intel Mac OS X 10_15_4) AppleWebKit/537.36 (KHTML, like Gecko) Chrome/83.0.4103.97 Safari/537.36"
95.217.233.101 - - [05/Oct/2020:01:57:11 +0200] "GET /core/moo.fx.js HTTP/1.1" 200 3267 "http://www.quartier-bb.de/" "Mozilla/5.0 (Macintosh; Intel Mac OS X 10_15_4) AppleWebKit/537.36 (KHTML, like Gecko) Chrome/83.0.4103.97 Safari/537.36"
95.217.233.101 - - [05/Oct/2020:01:57:11 +0200] "GET /core/litebox-1.0.js HTTP/1.1" 200 15581 "http://www.quartier-bb.de/" "Mozilla/5.0 (Macintosh; Intel Mac OS X 10_15_4) AppleWebKit/537.36 (KHTML, like Gecko) Chrome/83.0.4103.97 Safari/537.36"
54.36.148.40 - - [05/Oct/2020:05:45:28 +0200] "GET /?disclaimer-datenschutz,14 HTTP/1.1" 200 76819 "-" "Mozilla/5.0 (compatible; AhrefsBot/7.0; +http://ahrefs.com/robot/)"
162.210.196.97 - - [05/Oct/2020:06:31:38 +0200] "GET /robots.txt HTTP/1.1" 404 1256 "-" "Mozilla/5.0 (compatible; MJ12bot/v1.4.8; http://mj12bot.com/)"
162.210.196.97 - - [05/Oct/2020:06:31:40 +0200] "GET / HTTP/1.1" 200 6640 "-" "Mozilla/5.0 (compatible; MJ12bot/v1.4.8; http://mj12bot.com/)"
185.191.171.10 - - [05/Oct/2020:07:03:09 +0200] "GET /robots.txt HTTP/1.1" 404 1256 "-" "Mozilla/5.0 (compatible; SemrushBot/6~bl; +http://www.semrush.com/bot.html)"
185.191.171.23 - - [05/Oct/2020:07:03:09 +0200] "GET /?home%2C1 HTTP/1.1" 200 6640 "-" "Mozilla/5.0 (compatible; SemrushBot/6~bl; +http://www.semrush.com/bot.html)"
17.58.103.230 - - [05/Oct/2020:09:08:20 +0200] "GET /?kontakt,8 HTTP/1.1" 200 40109 "-" "Mozilla/5.0 (Macintosh; Intel Mac OS X 10_15_5) AppleWebKit/605.1.15 (KHTML, like Gecko) Version/13.1.1 Safari/605.1.15 (Applebot/0.1; +http://www.apple.com/go/applebot)"
17.58.103.228 - - [05/Oct/2020:10:38:02 +0200] "GET /?unternehmen,35 HTTP/1.1" 200 5544 "-" "Mozilla/5.0 (Macintosh; Intel Mac OS X 10_15_5) AppleWebKit/605.1.15 (KHTML, like Gecko) Version/13.1.1 Safari/605.1.15 (Applebot/0.1; +http://www.apple.com/go/applebot)"
52.40.147.25 - - [05/Oct/2020:10:39:08 +0200] "GET / HTTP/1.1" 200 6640 "-" "Mozilla/5.0 (Windows NT 6.1; Win64; x64) AppleWebKit/537.36 (KHTML, like Gecko) Chrome/72.0.3626.109 Safari/537.36"
34.220.251.107 - - [05/Oct/2020:10:43:32 +0200] "GET / HTTP/1.1" 200 6640 "-" "Mozilla/5.0 (Windows NT 6.1; Win64; x64) AppleWebKit/537.36 (KHTML, like Gecko) Chrome/72.0.3626.109 Safari/537.36"
17.58.103.228 - - [05/Oct/2020:10:51:27 +0200] "GET /?leistung,40 HTTP/1.1" 200 6895 "-" "Mozilla/5.0 (Macintosh; Intel Mac OS X 10_15_5) AppleWebKit/605.1.15 (KHTML, like Gecko) Version/13.1.1 Safari/605.1.15 (Applebot/0.1; +http://www.apple.com/go/applebot)"
54.36.148.208 - - [05/Oct/2020:11:02:42 +0200] "GET /robots.txt HTTP/1.1" 404 1256 "-" "Mozilla/5.0 (compatible; AhrefsBot/6.1; +http://ahrefs.com/robot/)"
35.160.160.101 - - [05/Oct/2020:11:38:52 +0200] "GET / HTTP/1.1" 200 6640 "-" "Mozilla/5.0 (Windows NT 6.1; Win64; x64) AppleWebKit/537.36 (KHTML, like Gecko) Chrome/72.0.3626.109 Safari/537.36"
70.39.129.101 - - [05/Oct/2020:11:40:36 +0200] "GET / HTTP/1.1" 200 6640 "-" "Mozilla/5.0 (Windows NT 6.1; WOW64; Trident/7.0; rv:11.0) like Gecko"
54.245.6.118 - - [05/Oct/2020:11:42:37 +0200] "GET / HTTP/1.1" 200 6640 "-" "Mozilla/5.0 (Windows NT 6.1; Win64; x64) AppleWebKit/537.36 (KHTML, like Gecko) Chrome/72.0.3626.109 Safari/537.36"
17.58.103.228 - - [05/Oct/2020:14:33:41 +0200] "GET /?leistung%2C40 HTTP/1.1" 200 6895 "-" "Mozilla/5.0 (Macintosh; Intel Mac OS X 10_15_5) AppleWebKit/605.1.15 (KHTML, like Gecko) Version/13.1.1 Safari/605.1.15 (Applebot/0.1; +http://www.apple.com/go/applebot)"
40.77.188.142 - - [05/Oct/2020:14:35:32 +0200] "GET /?impressum,15 HTTP/1.1" 200 26121 "-" "Mozilla/5.0 (Windows NT 10.0; Win64; x64) AppleWebKit/537.36 (KHTML, like Gecko) Chrome/85.0.4183.121 Safari/537.36 Edg/85.0.564.63"
40.77.188.201 - - [05/Oct/2020:14:35:32 +0200] "GET /?impressum,15 HTTP/1.1" 200 26121 "-" "Mozilla/5.0 (Windows NT 10.0; Win64; x64) AppleWebKit/537.36 (KHTML, like Gecko) Chrome/85.0.4183.121 Safari/537.36"
40.77.188.142 - - [05/Oct/2020:14:35:33 +0200] "GET /core/common.js HTTP/1.1" 200 2364 "http://www.quartier-bb.de/?impressum,15" "Mozilla/5.0 (Windows NT 10.0; Win64; x64) AppleWebKit/537.36 (KHTML, like Gecko) Chrome/85.0.4183.121 Safari/537.36 Edg/85.0.564.63"
40.77.188.142 - - [05/Oct/2020:14:35:33 +0200] "GET /core/plugins.js HTTP/1.1" 200 28 "http://www.quartier-bb.de/?impressum,15" "Mozilla/5.0 (Windows NT 10.0; Win64; x64) AppleWebKit/537.36 (KHTML, like Gecko) Chrome/85.0.4183.121 Safari/537.36 Edg/85.0.564.63"
40.77.188.201 - - [05/Oct/2020:14:35:33 +0200] "GET /core/common.js HTTP/1.1" 200 2364 "http://www.quartier-bb.de/?impressum,15" "Mozilla/5.0 (Windows NT 10.0; Win64; x64) AppleWebKit/537.36 (KHTML, like Gecko) Chrome/85.0.4183.121 Safari/537.36"
40.77.188.201 - - [05/Oct/2020:14:35:33 +0200] "GET /core/plugins.js HTTP/1.1" 200 28 "http://www.quartier-bb.de/?impressum,15" "Mozilla/5.0 (Windows NT 10.0; Win64; x64) AppleWebKit/537.36 (KHTML, like Gecko) Chrome/85.0.4183.121 Safari/537.36"
40.77.188.142 - - [05/Oct/2020:14:35:33 +0200] "GET /templates/default.css HTTP/1.1" 200 7156 "-" "Mozilla/5.0 (Windows NT 10.0; Win64; x64) AppleWebKit/537.36 (KHTML, like Gecko) Chrome/85.0.4183.121 Safari/537.36 Edg/85.0.564.63"
40.77.188.142 - - [05/Oct/2020:14:35:33 +0200] "GET /core/litebox-1.0.js HTTP/1.1" 200 15581 "http://www.quartier-bb.de/?impressum,15" "Mozilla/5.0 (Windows NT 10.0; Win64; x64) AppleWebKit/537.36 (KHTML, like Gecko) Chrome/85.0.4183.121 Safari/537.36 Edg/85.0.564.63"
40.77.188.142 - - [05/Oct/2020:14:35:33 +0200] "GET /core/moo.fx.js HTTP/1.1" 200 3267 "http://www.quartier-bb.de/?impressum,15" "Mozilla/5.0 (Windows NT 10.0; Win64; x64) AppleWebKit/537.36 (KHTML, like Gecko) Chrome/85.0.4183.121 Safari/537.36 Edg/85.0.564.63"
40.77.188.142 - - [05/Oct/2020:14:35:33 +0200] "GET /core/prototype.lite.js HTTP/1.1" 200 3335 "http://www.quartier-bb.de/?impressum,15" "Mozilla/5.0 (Windows NT 10.0; Win64; x64) AppleWebKit/537.36 (KHTML, like Gecko) Chrome/85.0.4183.121 Safari/537.36 Edg/85.0.564.63"
40.77.188.201 - - [05/Oct/2020:14:35:33 +0200] "GET /templates/default.css HTTP/1.1" 200 7156 "-" "Mozilla/5.0 (Windows NT 10.0; Win64; x64) AppleWebKit/537.36 (KHTML, like Gecko) Chrome/85.0.4183.121 Safari/537.36"
40.77.188.201 - - [05/Oct/2020:14:35:33 +0200] "GET /core/prototype.lite.js HTTP/1.1" 200 3335 "http://www.quartier-bb.de/?impressum,15" "Mozilla/5.0 (Windows NT 10.0; Win64; x64) AppleWebKit/537.36 (KHTML, like Gecko) Chrome/85.0.4183.121 Safari/537.36"
40.77.188.201 - - [05/Oct/2020:14:35:33 +0200] "GET /core/moo.fx.js HTTP/1.1" 200 3267 "http://www.quartier-bb.de/?impressum,15" "Mozilla/5.0 (Windows NT 10.0; Win64; x64) AppleWebKit/537.36 (KHTML, like Gecko) Chrome/85.0.4183.121 Safari/537.36"
40.77.188.201 - - [05/Oct/2020:14:35:33 +0200] "GET /core/litebox-1.0.js HTTP/1.1" 200 15581 "http://www.quartier-bb.de/?impressum,15" "Mozilla/5.0 (Windows NT 10.0; Win64; x64) AppleWebKit/537.36 (KHTML, like Gecko) Chrome/85.0.4183.121 Safari/537.36"
40.77.188.142 - - [05/Oct/2020:14:35:34 +0200] "GET /templates/plugins.css HTTP/1.1" 200 1931 "http://www.quartier-bb.de/?impressum,15" "Mozilla/5.0 (Windows NT 10.0; Win64; x64) AppleWebKit/537.36 (KHTML, like Gecko) Chrome/85.0.4183.121 Safari/537.36 Edg/85.0.564.63"
40.77.188.201 - - [05/Oct/2020:14:35:34 +0200] "GET /templates/plugins.css HTTP/1.1" 200 1931 "http://www.quartier-bb.de/?impressum,15" "Mozilla/5.0 (Windows NT 10.0; Win64; x64) AppleWebKit/537.36 (KHTML, like Gecko) Chrome/85.0.4183.121 Safari/537.36"
207.46.13.40 - - [05/Oct/2020:14:52:27 +0200] "GET / HTTP/1.1" 200 6640 "-" "Mozilla/5.0 (compatible; bingbot/2.0; +http://www.bing.com/bingbot.htm)"
17.58.103.228 - - [05/Oct/2020:15:02:14 +0200] "GET / HTTP/1.1" 200 6640 "-" "Mozilla/5.0 (Macintosh; Intel Mac OS X 10_15_5) AppleWebKit/605.1.15 (KHTML, like Gecko) Version/13.1.1 Safari/605.1.15 (Applebot/0.1; +http://www.apple.com/go/applebot)"
217.89.148.142 - - [05/Oct/2020:15:12:02 +0200] "GET / HTTP/1.1" 200 6640 "https://www.google.com/" "Mozilla/5.0 (Windows NT 10.0; Win64; x64) AppleWebKit/537.36 (KHTML, like Gecko) Chrome/85.0.4183.83 Safari/537.36"
217.89.148.142 - - [05/Oct/2020:15:12:02 +0200] "GET /templates/default.css HTTP/1.1" 200 7156 "-" "Mozilla/5.0 (Windows NT 10.0; Win64; x64) AppleWebKit/537.36 (KHTML, like Gecko) Chrome/85.0.4183.83 Safari/537.36"
217.89.148.142 - - [05/Oct/2020:15:12:02 +0200] "GET /templates/img/logo.gif HTTP/1.1" 200 3859 "http://www.quartier-bb.de/" "Mozilla/5.0 (Windows NT 10.0; Win64; x64) AppleWebKit/537.36 (KHTML, like Gecko) Chrome/85.0.4183.83 Safari/537.36"
217.89.148.142 - - [05/Oct/2020:15:12:02 +0200] "GET /files/top_left_basic.gif HTTP/1.1" 200 261 "http://www.quartier-bb.de/" "Mozilla/5.0 (Windows NT 10.0; Win64; x64) AppleWebKit/537.36 (KHTML, like Gecko) Chrome/85.0.4183.83 Safari/537.36"
217.89.148.142 - - [05/Oct/2020:15:12:02 +0200] "GET /core/common.js HTTP/1.1" 200 2364 "http://www.quartier-bb.de/" "Mozilla/5.0 (Windows NT 10.0; Win64; x64) AppleWebKit/537.36 (KHTML, like Gecko) Chrome/85.0.4183.83 Safari/537.36"
217.89.148.142 - - [05/Oct/2020:15:12:02 +0200] "GET /core/plugins.js HTTP/1.1" 200 28 "http://www.quartier-bb.de/" "Mozilla/5.0 (Windows NT 10.0; Win64; x64) AppleWebKit/537.36 (KHTML, like Gecko) Chrome/85.0.4183.83 Safari/537.36"
217.89.148.142 - - [05/Oct/2020:15:12:02 +0200] "GET /core/litebox-1.0.js HTTP/1.1" 200 15581 "http://www.quartier-bb.de/" "Mozilla/5.0 (Windows NT 10.0; Win64; x64) AppleWebKit/537.36 (KHTML, like Gecko) Chrome/85.0.4183.83 Safari/537.36"
217.89.148.142 - - [05/Oct/2020:15:12:02 +0200] "GET /core/prototype.lite.js HTTP/1.1" 200 3335 "http://www.quartier-bb.de/" "Mozilla/5.0 (Windows NT 10.0; Win64; x64) AppleWebKit/537.36 (KHTML, like Gecko) Chrome/85.0.4183.83 Safari/537.36"
217.89.148.142 - - [05/Oct/2020:15:12:02 +0200] "GET /core/moo.fx.js HTTP/1.1" 200 3267 "http://www.quartier-bb.de/" "Mozilla/5.0 (Windows NT 10.0; Win64; x64) AppleWebKit/537.36 (KHTML, like Gecko) Chrome/85.0.4183.83 Safari/537.36"
217.247.0.156 - - [05/Oct/2020:15:29:38 +0200] "GET / HTTP/1.1" 200 6640 "http://www.google.com/" "Mozilla/5.0 (Linux; Android 9; Redmi Note 6 Pro) AppleWebKit/537.36 (KHTML, like Gecko) Chrome/85.0.4183.127 Mobile Safari/537.36"
217.247.0.156 - - [05/Oct/2020:15:29:39 +0200] "GET /core/common.js HTTP/1.1" 200 2364 "http://www.quartier-bb.de/" "Mozilla/5.0 (Linux; Android 9; Redmi Note 6 Pro) AppleWebKit/537.36 (KHTML, like Gecko) Chrome/85.0.4183.127 Mobile Safari/537.36"
217.247.0.156 - - [05/Oct/2020:15:29:39 +0200] "GET /core/plugins.js HTTP/1.1" 200 28 "http://www.quartier-bb.de/" "Mozilla/5.0 (Linux; Android 9; Redmi Note 6 Pro) AppleWebKit/537.36 (KHTML, like Gecko) Chrome/85.0.4183.127 Mobile Safari/537.36"
217.247.0.156 - - [05/Oct/2020:15:29:39 +0200] "GET /core/litebox-1.0.js HTTP/1.1" 200 15581 "http://www.quartier-bb.de/" "Mozilla/5.0 (Linux; Android 9; Redmi Note 6 Pro) AppleWebKit/537.36 (KHTML, like Gecko) Chrome/85.0.4183.127 Mobile Safari/537.36"
217.247.0.156 - - [05/Oct/2020:15:29:39 +0200] "GET /core/prototype.lite.js HTTP/1.1" 200 3335 "http://www.quartier-bb.de/" "Mozilla/5.0 (Linux; Android 9; Redmi Note 6 Pro) AppleWebKit/537.36 (KHTML, like Gecko) Chrome/85.0.4183.127 Mobile Safari/537.36"
217.247.0.156 - - [05/Oct/2020:15:29:39 +0200] "GET /core/moo.fx.js HTTP/1.1" 200 3267 "http://www.quartier-bb.de/" "Mozilla/5.0 (Linux; Android 9; Redmi Note 6 Pro) AppleWebKit/537.36 (KHTML, like Gecko) Chrome/85.0.4183.127 Mobile Safari/537.36"
217.247.0.156 - - [05/Oct/2020:15:29:39 +0200] "GET /templates/default.css HTTP/1.1" 200 7156 "-" "Mozilla/5.0 (Linux; Android 9; Redmi Note 6 Pro) AppleWebKit/537.36 (KHTML, like Gecko) Chrome/85.0.4183.127 Mobile Safari/537.36"
217.247.0.156 - - [05/Oct/2020:15:29:39 +0200] "GET /templates/img/logo.gif HTTP/1.1" 200 3859 "http://www.quartier-bb.de/" "Mozilla/5.0 (Linux; Android 9; Redmi Note 6 Pro) AppleWebKit/537.36 (KHTML, like Gecko) Chrome/85.0.4183.127 Mobile Safari/537.36"
217.247.0.156 - - [05/Oct/2020:15:29:39 +0200] "GET /files/top_left_basic.gif HTTP/1.1" 200 261 "http://www.quartier-bb.de/" "Mozilla/5.0 (Linux; Android 9; Redmi Note 6 Pro) AppleWebKit/537.36 (KHTML, like Gecko) Chrome/85.0.4183.127 Mobile Safari/537.36"
217.247.0.156 - - [05/Oct/2020:15:29:39 +0200] "GET /templates/plugins.css HTTP/1.1" 200 1931 "http://www.quartier-bb.de/templates/default.css" "Mozilla/5.0 (Linux; Android 9; Redmi Note 6 Pro) AppleWebKit/537.36 (KHTML, like Gecko) Chrome/85.0.4183.127 Mobile Safari/537.36"
217.247.0.156 - - [05/Oct/2020:15:29:39 +0200] "GET /templates/img/bg.jpg HTTP/1.1" 200 18814 "http://www.quartier-bb.de/templates/default.css" "Mozilla/5.0 (Linux; Android 9; Redmi Note 6 Pro) AppleWebKit/537.36 (KHTML, like Gecko) Chrome/85.0.4183.127 Mobile Safari/537.36"
217.247.0.156 - - [05/Oct/2020:15:29:39 +0200] "GET /templates/img/points.gif HTTP/1.1" 200 62 "http://www.quartier-bb.de/templates/default.css" "Mozilla/5.0 (Linux; Android 9; Redmi Note 6 Pro) AppleWebKit/537.36 (KHTML, like Gecko) Chrome/85.0.4183.127 Mobile Safari/537.36"
217.247.0.156 - - [05/Oct/2020:15:29:39 +0200] "GET /templates/img/nav.gif HTTP/1.1" 200 1501 "http://www.quartier-bb.de/templates/default.css" "Mozilla/5.0 (Linux; Android 9; Redmi Note 6 Pro) AppleWebKit/537.36 (KHTML, like Gecko) Chrome/85.0.4183.127 Mobile Safari/537.36"
217.247.0.156 - - [05/Oct/2020:15:29:39 +0200] "GET /templates/img/two-columns.gif HTTP/1.1" 200 65 "http://www.quartier-bb.de/templates/default.css" "Mozilla/5.0 (Linux; Android 9; Redmi Note 6 Pro) AppleWebKit/537.36 (KHTML, like Gecko) Chrome/85.0.4183.127 Mobile Safari/537.36"
217.247.0.156 - - [05/Oct/2020:15:29:39 +0200] "GET /templates/img/header.png HTTP/1.1" 200 134243 "http://www.quartier-bb.de/templates/default.css" "Mozilla/5.0 (Linux; Android 9; Redmi Note 6 Pro) AppleWebKit/537.36 (KHTML, like Gecko) Chrome/85.0.4183.127 Mobile Safari/537.36"
217.247.0.156 - - [05/Oct/2020:15:29:39 +0200] "GET /templates/img/loading.gif HTTP/1.1" 200 2767 "http://www.quartier-bb.de/" "Mozilla/5.0 (Linux; Android 9; Redmi Note 6 Pro) AppleWebKit/537.36 (KHTML, like Gecko) Chrome/85.0.4183.127 Mobile Safari/537.36"
217.247.0.156 - - [05/Oct/2020:15:29:39 +0200] "GET /templates/img/closelabel.gif HTTP/1.1" 200 649 "http://www.quartier-bb.de/" "Mozilla/5.0 (Linux; Android 9; Redmi Note 6 Pro) AppleWebKit/537.36 (KHTML, like Gecko) Chrome/85.0.4183.127 Mobile Safari/537.36"
217.247.0.156 - - [05/Oct/2020:15:29:39 +0200] "GET /favicon.ico HTTP/1.1" 200 2602 "http://www.quartier-bb.de/" "Mozilla/5.0 (Linux; Android 9; Redmi Note 6 Pro) AppleWebKit/537.36 (KHTML, like Gecko) Chrome/85.0.4183.127 Mobile Safari/537.36"
217.247.0.156 - - [05/Oct/2020:15:29:51 +0200] "GET /?impressum,15 HTTP/1.1" 200 26121 "http://www.google.com/" "Mozilla/5.0 (Linux; Android 9; Redmi Note 6 Pro) AppleWebKit/537.36 (KHTML, like Gecko) Chrome/85.0.4183.127 Mobile Safari/537.36"
109.41.0.166 - - [05/Oct/2020:16:02:41 +0200] "GET / HTTP/1.1" 200 6640 "-" "Mozilla/5.0 (iPhone; CPU iPhone OS 13_6_1 like Mac OS X) AppleWebKit/605.1.15 (KHTML, like Gecko) Version/13.1.2 Mobile/15E148 Safari/604.1"
109.41.0.166 - - [05/Oct/2020:16:02:41 +0200] "GET /core/common.js HTTP/1.1" 200 2364 "http://www.quartier-bb.de/" "Mozilla/5.0 (iPhone; CPU iPhone OS 13_6_1 like Mac OS X) AppleWebKit/605.1.15 (KHTML, like Gecko) Version/13.1.2 Mobile/15E148 Safari/604.1"
109.41.0.166 - - [05/Oct/2020:16:02:41 +0200] "GET /core/plugins.js HTTP/1.1" 200 28 "http://www.quartier-bb.de/" "Mozilla/5.0 (iPhone; CPU iPhone OS 13_6_1 like Mac OS X) AppleWebKit/605.1.15 (KHTML, like Gecko) Version/13.1.2 Mobile/15E148 Safari/604.1"
109.41.0.166 - - [05/Oct/2020:16:02:41 +0200] "GET /core/prototype.lite.js HTTP/1.1" 200 3335 "http://www.quartier-bb.de/" "Mozilla/5.0 (iPhone; CPU iPhone OS 13_6_1 like Mac OS X) AppleWebKit/605.1.15 (KHTML, like Gecko) Version/13.1.2 Mobile/15E148 Safari/604.1"
109.41.0.166 - - [05/Oct/2020:16:02:41 +0200] "GET /core/moo.fx.js HTTP/1.1" 200 3267 "http://www.quartier-bb.de/" "Mozilla/5.0 (iPhone; CPU iPhone OS 13_6_1 like Mac OS X) AppleWebKit/605.1.15 (KHTML, like Gecko) Version/13.1.2 Mobile/15E148 Safari/604.1"
109.41.0.166 - - [05/Oct/2020:16:02:41 +0200] "GET /templates/default.css HTTP/1.1" 200 7156 "http://www.quartier-bb.de/" "Mozilla/5.0 (iPhone; CPU iPhone OS 13_6_1 like Mac OS X) AppleWebKit/605.1.15 (KHTML, like Gecko) Version/13.1.2 Mobile/15E148 Safari/604.1"
109.41.0.166 - - [05/Oct/2020:16:02:41 +0200] "GET /core/litebox-1.0.js HTTP/1.1" 200 15581 "http://www.quartier-bb.de/" "Mozilla/5.0 (iPhone; CPU iPhone OS 13_6_1 like Mac OS X) AppleWebKit/605.1.15 (KHTML, like Gecko) Version/13.1.2 Mobile/15E148 Safari/604.1"
109.41.0.166 - - [05/Oct/2020:16:02:41 +0200] "GET /templates/img/logo.gif HTTP/1.1" 200 3859 "http://www.quartier-bb.de/" "Mozilla/5.0 (iPhone; CPU iPhone OS 13_6_1 like Mac OS X) AppleWebKit/605.1.15 (KHTML, like Gecko) Version/13.1.2 Mobile/15E148 Safari/604.1"
109.41.0.166 - - [05/Oct/2020:16:02:41 +0200] "GET /files/top_left_basic.gif HTTP/1.1" 200 261 "http://www.quartier-bb.de/" "Mozilla/5.0 (iPhone; CPU iPhone OS 13_6_1 like Mac OS X) AppleWebKit/605.1.15 (KHTML, like Gecko) Version/13.1.2 Mobile/15E148 Safari/604.1"
109.41.0.166 - - [05/Oct/2020:16:02:41 +0200] "GET /templates/plugins.css HTTP/1.1" 200 1931 "http://www.quartier-bb.de/" "Mozilla/5.0 (iPhone; CPU iPhone OS 13_6_1 like Mac OS X) AppleWebKit/605.1.15 (KHTML, like Gecko) Version/13.1.2 Mobile/15E148 Safari/604.1"
109.41.0.166 - - [05/Oct/2020:16:02:41 +0200] "GET /templates/img/loading.gif HTTP/1.1" 200 2767 "http://www.quartier-bb.de/" "Mozilla/5.0 (iPhone; CPU iPhone OS 13_6_1 like Mac OS X) AppleWebKit/605.1.15 (KHTML, like Gecko) Version/13.1.2 Mobile/15E148 Safari/604.1"
109.41.0.166 - - [05/Oct/2020:16:02:41 +0200] "GET /templates/img/closelabel.gif HTTP/1.1" 200 649 "http://www.quartier-bb.de/" "Mozilla/5.0 (iPhone; CPU iPhone OS 13_6_1 like Mac OS X) AppleWebKit/605.1.15 (KHTML, like Gecko) Version/13.1.2 Mobile/15E148 Safari/604.1"
109.41.0.166 - - [05/Oct/2020:16:02:41 +0200] "GET /templates/img/bg.jpg HTTP/1.1" 200 18814 "http://www.quartier-bb.de/" "Mozilla/5.0 (iPhone; CPU iPhone OS 13_6_1 like Mac OS X) AppleWebKit/605.1.15 (KHTML, like Gecko) Version/13.1.2 Mobile/15E148 Safari/604.1"
109.41.0.166 - - [05/Oct/2020:16:02:41 +0200] "GET /templates/img/points.gif HTTP/1.1" 200 62 "http://www.quartier-bb.de/" "Mozilla/5.0 (iPhone; CPU iPhone OS 13_6_1 like Mac OS X) AppleWebKit/605.1.15 (KHTML, like Gecko) Version/13.1.2 Mobile/15E148 Safari/604.1"
109.41.0.166 - - [05/Oct/2020:16:02:41 +0200] "GET /templates/img/nav.gif HTTP/1.1" 200 1501 "http://www.quartier-bb.de/" "Mozilla/5.0 (iPhone; CPU iPhone OS 13_6_1 like Mac OS X) AppleWebKit/605.1.15 (KHTML, like Gecko) Version/13.1.2 Mobile/15E148 Safari/604.1"
109.41.0.166 - - [05/Oct/2020:16:02:41 +0200] "GET /templates/img/two-columns.gif HTTP/1.1" 200 65 "http://www.quartier-bb.de/" "Mozilla/5.0 (iPhone; CPU iPhone OS 13_6_1 like Mac OS X) AppleWebKit/605.1.15 (KHTML, like Gecko) Version/13.1.2 Mobile/15E148 Safari/604.1"
109.41.0.166 - - [05/Oct/2020:16:02:41 +0200] "GET /favicon.ico HTTP/1.1" 200 2602 "http://www.quartier-bb.de/" "Mozilla/5.0 (iPhone; CPU iPhone OS 13_6_1 like Mac OS X) AppleWebKit/605.1.15 (KHTML, like Gecko) Version/13.1.2 Mobile/15E148 Safari/604.1"
109.41.0.166 - - [05/Oct/2020:16:02:41 +0200] "GET /templates/img/header.png HTTP/1.1" 200 134243 "http://www.quartier-bb.de/" "Mozilla/5.0 (iPhone; CPU iPhone OS 13_6_1 like Mac OS X) AppleWebKit/605.1.15 (KHTML, like Gecko) Version/13.1.2 Mobile/15E148 Safari/604.1"
109.41.0.166 - - [05/Oct/2020:16:02:58 +0200] "GET /?leistung,40 HTTP/1.1" 200 6895 "http://www.quartier-bb.de/" "Mozilla/5.0 (iPhone; CPU iPhone OS 13_6_1 like Mac OS X) AppleWebKit/605.1.15 (KHTML, like Gecko) Version/13.1.2 Mobile/15E148 Safari/604.1"
109.41.0.166 - - [05/Oct/2020:16:03:02 +0200] "GET /?unternehmen,35 HTTP/1.1" 200 5544 "http://www.quartier-bb.de/?leistung,40" "Mozilla/5.0 (iPhone; CPU iPhone OS 13_6_1 like Mac OS X) AppleWebKit/605.1.15 (KHTML, like Gecko) Version/13.1.2 Mobile/15E148 Safari/604.1"
109.41.0.166 - - [05/Oct/2020:16:03:05 +0200] "GET /?home,1 HTTP/1.1" 200 6640 "http://www.quartier-bb.de/?unternehmen,35" "Mozilla/5.0 (iPhone; CPU iPhone OS 13_6_1 like Mac OS X) AppleWebKit/605.1.15 (KHTML, like Gecko) Version/13.1.2 Mobile/15E148 Safari/604.1"
109.41.0.166 - - [05/Oct/2020:16:32:17 +0200] "GET /?home,1 HTTP/1.1" 200 6640 "http://www.quartier-bb.de/?unternehmen,35" "Mozilla/5.0 (iPhone; CPU iPhone OS 13_6_1 like Mac OS X) AppleWebKit/605.1.15 (KHTML, like Gecko) Version/13.1.2 Mobile/15E148 Safari/604.1"
89.246.241.14 - - [05/Oct/2020:17:22:24 +0200] "GET / HTTP/1.1" 200 6640 "-" "Mozilla/5.0 (Windows; U; Windows NT 6.0; de; rv:1.9.2.3) Gecko/20100401 Firefox/3.6.3 ( .NET CLR 3.5.30729)"
40.77.190.184 - - [05/Oct/2020:19:46:22 +0200] "GET /?kontakt,8 HTTP/1.1" 200 40109 "-" "Mozilla/5.0 (Windows NT 10.0; Win64; x64) AppleWebKit/537.36 (KHTML, like Gecko) Chrome/85.0.4183.121 Safari/537.36"
40.77.190.68 - - [05/Oct/2020:19:46:22 +0200] "GET /?kontakt,8 HTTP/1.1" 200 40109 "-" "Mozilla/5.0 (Windows NT 10.0; Win64; x64) AppleWebKit/537.36 (KHTML, like Gecko) Chrome/85.0.4183.121 Safari/537.36 Edg/85.0.564.63"
40.77.190.184 - - [05/Oct/2020:19:46:23 +0200] "GET /core/common.js HTTP/1.1" 200 2364 "http://www.quartier-bb.de/?kontakt,8" "Mozilla/5.0 (Windows NT 10.0; Win64; x64) AppleWebKit/537.36 (KHTML, like Gecko) Chrome/85.0.4183.121 Safari/537.36"
40.77.190.184 - - [05/Oct/2020:19:46:23 +0200] "GET /core/plugins.js HTTP/1.1" 200 28 "http://www.quartier-bb.de/?kontakt,8" "Mozilla/5.0 (Windows NT 10.0; Win64; x64) AppleWebKit/537.36 (KHTML, like Gecko) Chrome/85.0.4183.121 Safari/537.36"
40.77.190.68 - - [05/Oct/2020:19:46:23 +0200] "GET /core/common.js HTTP/1.1" 200 2364 "http://www.quartier-bb.de/?kontakt,8" "Mozilla/5.0 (Windows NT 10.0; Win64; x64) AppleWebKit/537.36 (KHTML, like Gecko) Chrome/85.0.4183.121 Safari/537.36 Edg/85.0.564.63"
40.77.190.68 - - [05/Oct/2020:19:46:23 +0200] "GET /core/plugins.js HTTP/1.1" 200 28 "http://www.quartier-bb.de/?kontakt,8" "Mozilla/5.0 (Windows NT 10.0; Win64; x64) AppleWebKit/537.36 (KHTML, like Gecko) Chrome/85.0.4183.121 Safari/537.36 Edg/85.0.564.63"
40.77.190.184 - - [05/Oct/2020:19:46:23 +0200] "GET /templates/default.css HTTP/1.1" 200 7156 "-" "Mozilla/5.0 (Windows NT 10.0; Win64; x64) AppleWebKit/537.36 (KHTML, like Gecko) Chrome/85.0.4183.121 Safari/537.36"
40.77.190.184 - - [05/Oct/2020:19:46:23 +0200] "GET /core/moo.fx.js HTTP/1.1" 200 3267 "http://www.quartier-bb.de/?kontakt,8" "Mozilla/5.0 (Windows NT 10.0; Win64; x64) AppleWebKit/537.36 (KHTML, like Gecko) Chrome/85.0.4183.121 Safari/537.36"
40.77.190.184 - - [05/Oct/2020:19:46:23 +0200] "GET /core/litebox-1.0.js HTTP/1.1" 200 15581 "http://www.quartier-bb.de/?kontakt,8" "Mozilla/5.0 (Windows NT 10.0; Win64; x64) AppleWebKit/537.36 (KHTML, like Gecko) Chrome/85.0.4183.121 Safari/537.36"
40.77.190.184 - - [05/Oct/2020:19:46:23 +0200] "GET /core/prototype.lite.js HTTP/1.1" 200 3335 "http://www.quartier-bb.de/?kontakt,8" "Mozilla/5.0 (Windows NT 10.0; Win64; x64) AppleWebKit/537.36 (KHTML, like Gecko) Chrome/85.0.4183.121 Safari/537.36"
40.77.190.68 - - [05/Oct/2020:19:46:23 +0200] "GET /templates/default.css HTTP/1.1" 200 7156 "-" "Mozilla/5.0 (Windows NT 10.0; Win64; x64) AppleWebKit/537.36 (KHTML, like Gecko) Chrome/85.0.4183.121 Safari/537.36 Edg/85.0.564.63"
40.77.190.68 - - [05/Oct/2020:19:46:23 +0200] "GET /core/prototype.lite.js HTTP/1.1" 200 3335 "http://www.quartier-bb.de/?kontakt,8" "Mozilla/5.0 (Windows NT 10.0; Win64; x64) AppleWebKit/537.36 (KHTML, like Gecko) Chrome/85.0.4183.121 Safari/537.36 Edg/85.0.564.63"
40.77.190.68 - - [05/Oct/2020:19:46:23 +0200] "GET /core/moo.fx.js HTTP/1.1" 200 3267 "http://www.quartier-bb.de/?kontakt,8" "Mozilla/5.0 (Windows NT 10.0; Win64; x64) AppleWebKit/537.36 (KHTML, like Gecko) Chrome/85.0.4183.121 Safari/537.36 Edg/85.0.564.63"
40.77.190.184 - - [05/Oct/2020:19:46:24 +0200] "GET /templates/plugins.css HTTP/1.1" 200 1931 "http://www.quartier-bb.de/?kontakt,8" "Mozilla/5.0 (Windows NT 10.0; Win64; x64) AppleWebKit/537.36 (KHTML, like Gecko) Chrome/85.0.4183.121 Safari/537.36"
40.77.190.68 - - [05/Oct/2020:19:46:24 +0200] "GET /core/litebox-1.0.js HTTP/1.1" 200 15581 "http://www.quartier-bb.de/?kontakt,8" "Mozilla/5.0 (Windows NT 10.0; Win64; x64) AppleWebKit/537.36 (KHTML, like Gecko) Chrome/85.0.4183.121 Safari/537.36 Edg/85.0.564.63"
40.77.190.68 - - [05/Oct/2020:19:46:25 +0200] "GET /templates/plugins.css HTTP/1.1" 200 1931 "http://www.quartier-bb.de/?kontakt,8" "Mozilla/5.0 (Windows NT 10.0; Win64; x64) AppleWebKit/537.36 (KHTML, like Gecko) Chrome/85.0.4183.121 Safari/537.36 Edg/85.0.564.63"
136.243.83.54 - - [05/Oct/2020:19:54:27 +0200] "GET /robots.txt HTTP/1.1" 404 1256 "-" "Mozilla/5.0 (compatible; MetaJobBot; https://www.metajob.de/crawler)"
136.243.83.54 - - [05/Oct/2020:19:54:27 +0200] "GET /?leistung,40 HTTP/1.1" 200 6895 "-" "Mozilla/5.0 (compatible; MetaJobBot; https://www.metajob.de/crawler)"
185.191.171.40 - - [05/Oct/2020:19:59:52 +0200] "GET /robots.txt HTTP/1.1" 404 1256 "-" "Mozilla/5.0 (compatible; SemrushBot/6~bl; +http://www.semrush.com/bot.html)"
185.191.171.36 - - [05/Oct/2020:19:59:52 +0200] "GET /?disclaimer%2C14 HTTP/1.1" 200 76819 "-" "Mozilla/5.0 (compatible; SemrushBot/6~bl; +http://www.semrush.com/bot.html)"
40.77.167.254 - - [05/Oct/2020:20:31:19 +0200] "GET /?kontakt,8 HTTP/1.1" 200 40109 "-" "Mozilla/5.0 (compatible; bingbot/2.0; +http://www.bing.com/bingbot.htm)"
40.77.167.212 - - [05/Oct/2020:20:31:23 +0200] "GET /robots.txt HTTP/1.1" 404 1256 "-" "Mozilla/5.0 (compatible; bingbot/2.0; +http://www.bing.com/bingbot.htm)"
40.77.167.212 - - [05/Oct/2020:20:31:23 +0200] "GET /robots.txt HTTP/1.1" 404 1256 "-" "Mozilla/5.0 (compatible; bingbot/2.0; +http://www.bing.com/bingbot.htm)"
40.77.167.212 - - [05/Oct/2020:20:31:23 +0200] "GET /robots.txt HTTP/1.1" 404 1256 "-" "Mozilla/5.0 (compatible; bingbot/2.0; +http://www.bing.com/bingbot.htm)"
40.77.167.212 - - [05/Oct/2020:20:31:24 +0200] "GET /robots.txt HTTP/1.1" 404 1256 "-" "Mozilla/5.0 (compatible; bingbot/2.0; +http://www.bing.com/bingbot.htm)"
40.77.167.212 - - [05/Oct/2020:20:31:24 +0200] "GET /robots.txt HTTP/1.1" 404 1256 "-" "Mozilla/5.0 (compatible; bingbot/2.0; +http://www.bing.com/bingbot.htm)"
40.77.167.212 - - [05/Oct/2020:20:31:24 +0200] "GET /robots.txt HTTP/1.1" 404 1256 "-" "Mozilla/5.0 (compatible; bingbot/2.0; +http://www.bing.com/bingbot.htm)"
40.77.167.212 - - [05/Oct/2020:20:31:24 +0200] "GET /robots.txt HTTP/1.1" 404 1256 "-" "Mozilla/5.0 (compatible; bingbot/2.0; +http://www.bing.com/bingbot.htm)"
157.55.39.155 - - [05/Oct/2020:20:31:40 +0200] "GET /core/moo.fx.js HTTP/1.1" 200 3267 "-" "Mozilla/5.0 (compatible; bingbot/2.0; +http://www.bing.com/bingbot.htm)"
157.55.39.206 - - [05/Oct/2020:20:31:45 +0200] "GET /core/litebox-1.0.js HTTP/1.1" 200 15581 "-" "Mozilla/5.0 (compatible; bingbot/2.0; +http://www.bing.com/bingbot.htm)"
40.77.167.212 - - [05/Oct/2020:20:31:56 +0200] "GET /core/common.js HTTP/1.1" 200 2364 "-" "Mozilla/5.0 (compatible; bingbot/2.0; +http://www.bing.com/bingbot.htm)"
157.55.39.140 - - [05/Oct/2020:20:32:36 +0200] "GET /core/plugins.js HTTP/1.1" 200 28 "-" "Mozilla/5.0 (compatible; bingbot/2.0; +http://www.bing.com/bingbot.htm)"
157.55.39.140 - - [05/Oct/2020:20:32:36 +0200] "GET /core/prototype.lite.js HTTP/1.1" 200 3335 "-" "Mozilla/5.0 (compatible; bingbot/2.0; +http://www.bing.com/bingbot.htm)"
157.55.39.140 - - [05/Oct/2020:20:32:37 +0200] "GET /templates/default.css HTTP/1.1" 200 7156 "-" "Mozilla/5.0 (compatible; bingbot/2.0; +http://www.bing.com/bingbot.htm)"
40.77.189.94 - - [05/Oct/2020:21:32:29 +0200] "GET /templates/plugins.css HTTP/1.1" 200 1931 "-" "Mozilla/5.0 (Windows NT 6.1; WOW64) AppleWebKit/534+ (KHTML, like Gecko) BingPreview/1.0b"
93.159.230.28 - - [05/Oct/2020:21:34:37 +0200] "GET / HTTP/1.1" 200 6640 "-" "Mozilla/5.0 (Windows NT 10.0; Win64; x64) AppleWebKit/537.36 (KHTML, like Gecko) Chrome/71.0.3578.98 Safari/537.36"
82.119.4.184 - - [05/Oct/2020:21:50:03 +0200] "GET / HTTP/1.1" 200 6640 "-" "Mozilla/5.0 (iPhone; CPU iPhone OS 13_7 like Mac OS X) AppleWebKit/605.1.15 (KHTML, like Gecko) Version/13.1.2 Mobile/15E148 Safari/604.1"
82.119.4.184 - - [05/Oct/2020:21:50:03 +0200] "GET /core/common.js HTTP/1.1" 200 2364 "http://www.quartier-bb.de/" "Mozilla/5.0 (iPhone; CPU iPhone OS 13_7 like Mac OS X) AppleWebKit/605.1.15 (KHTML, like Gecko) Version/13.1.2 Mobile/15E148 Safari/604.1"
82.119.4.184 - - [05/Oct/2020:21:50:03 +0200] "GET /core/moo.fx.js HTTP/1.1" 200 3267 "http://www.quartier-bb.de/" "Mozilla/5.0 (iPhone; CPU iPhone OS 13_7 like Mac OS X) AppleWebKit/605.1.15 (KHTML, like Gecko) Version/13.1.2 Mobile/15E148 Safari/604.1"
82.119.4.184 - - [05/Oct/2020:21:50:03 +0200] "GET /core/plugins.js HTTP/1.1" 200 28 "http://www.quartier-bb.de/" "Mozilla/5.0 (iPhone; CPU iPhone OS 13_7 like Mac OS X) AppleWebKit/605.1.15 (KHTML, like Gecko) Version/13.1.2 Mobile/15E148 Safari/604.1"
82.119.4.184 - - [05/Oct/2020:21:50:03 +0200] "GET /core/prototype.lite.js HTTP/1.1" 200 3335 "http://www.quartier-bb.de/" "Mozilla/5.0 (iPhone; CPU iPhone OS 13_7 like Mac OS X) AppleWebKit/605.1.15 (KHTML, like Gecko) Version/13.1.2 Mobile/15E148 Safari/604.1"
82.119.4.184 - - [05/Oct/2020:21:50:03 +0200] "GET /core/litebox-1.0.js HTTP/1.1" 200 15581 "http://www.quartier-bb.de/" "Mozilla/5.0 (iPhone; CPU iPhone OS 13_7 like Mac OS X) AppleWebKit/605.1.15 (KHTML, like Gecko) Version/13.1.2 Mobile/15E148 Safari/604.1"
82.119.4.184 - - [05/Oct/2020:21:50:03 +0200] "GET /templates/default.css HTTP/1.1" 200 7156 "http://www.quartier-bb.de/" "Mozilla/5.0 (iPhone; CPU iPhone OS 13_7 like Mac OS X) AppleWebKit/605.1.15 (KHTML, like Gecko) Version/13.1.2 Mobile/15E148 Safari/604.1"
82.119.4.184 - - [05/Oct/2020:21:50:03 +0200] "GET /templates/img/logo.gif HTTP/1.1" 200 3859 "http://www.quartier-bb.de/" "Mozilla/5.0 (iPhone; CPU iPhone OS 13_7 like Mac OS X) AppleWebKit/605.1.15 (KHTML, like Gecko) Version/13.1.2 Mobile/15E148 Safari/604.1"
82.119.4.184 - - [05/Oct/2020:21:50:03 +0200] "GET /files/top_left_basic.gif HTTP/1.1" 200 261 "http://www.quartier-bb.de/" "Mozilla/5.0 (iPhone; CPU iPhone OS 13_7 like Mac OS X) AppleWebKit/605.1.15 (KHTML, like Gecko) Version/13.1.2 Mobile/15E148 Safari/604.1"
82.119.4.184 - - [05/Oct/2020:21:50:03 +0200] "GET /templates/plugins.css HTTP/1.1" 200 1931 "http://www.quartier-bb.de/" "Mozilla/5.0 (iPhone; CPU iPhone OS 13_7 like Mac OS X) AppleWebKit/605.1.15 (KHTML, like Gecko) Version/13.1.2 Mobile/15E148 Safari/604.1"
82.119.4.184 - - [05/Oct/2020:21:50:03 +0200] "GET /templates/img/loading.gif HTTP/1.1" 200 2767 "http://www.quartier-bb.de/" "Mozilla/5.0 (iPhone; CPU iPhone OS 13_7 like Mac OS X) AppleWebKit/605.1.15 (KHTML, like Gecko) Version/13.1.2 Mobile/15E148 Safari/604.1"
82.119.4.184 - - [05/Oct/2020:21:50:03 +0200] "GET /templates/img/closelabel.gif HTTP/1.1" 200 649 "http://www.quartier-bb.de/" "Mozilla/5.0 (iPhone; CPU iPhone OS 13_7 like Mac OS X) AppleWebKit/605.1.15 (KHTML, like Gecko) Version/13.1.2 Mobile/15E148 Safari/604.1"
82.119.4.184 - - [05/Oct/2020:21:50:03 +0200] "GET /templates/img/points.gif HTTP/1.1" 200 62 "http://www.quartier-bb.de/" "Mozilla/5.0 (iPhone; CPU iPhone OS 13_7 like Mac OS X) AppleWebKit/605.1.15 (KHTML, like Gecko) Version/13.1.2 Mobile/15E148 Safari/604.1"
82.119.4.184 - - [05/Oct/2020:21:50:03 +0200] "GET /templates/img/bg.jpg HTTP/1.1" 200 18814 "http://www.quartier-bb.de/" "Mozilla/5.0 (iPhone; CPU iPhone OS 13_7 like Mac OS X) AppleWebKit/605.1.15 (KHTML, like Gecko) Version/13.1.2 Mobile/15E148 Safari/604.1"
82.119.4.184 - - [05/Oct/2020:21:50:03 +0200] "GET /templates/img/nav.gif HTTP/1.1" 200 1501 "http://www.quartier-bb.de/" "Mozilla/5.0 (iPhone; CPU iPhone OS 13_7 like Mac OS X) AppleWebKit/605.1.15 (KHTML, like Gecko) Version/13.1.2 Mobile/15E148 Safari/604.1"
82.119.4.184 - - [05/Oct/2020:21:50:03 +0200] "GET /templates/img/two-columns.gif HTTP/1.1" 200 65 "http://www.quartier-bb.de/" "Mozilla/5.0 (iPhone; CPU iPhone OS 13_7 like Mac OS X) AppleWebKit/605.1.15 (KHTML, like Gecko) Version/13.1.2 Mobile/15E148 Safari/604.1"
