208.115.113.91 - - [01/Jul/2014:02:20:55 +0200] "GET /robots.txt HTTP/1.1" 404 1256 "-" "Mozilla/5.0 (compatible; DotBot/1.1; http://www.opensiteexplorer.org/dotbot, help@moz.com)"
66.249.78.209 - - [01/Jul/2014:03:03:11 +0200] "GET /robots.txt HTTP/1.1" 404 1256 "-" "Mozilla/5.0 (compatible; Googlebot/2.1; +http://www.google.com/bot.html)"
66.249.78.27 - - [01/Jul/2014:03:03:11 +0200] "GET / HTTP/1.1" 200 6711 "-" "Mozilla/5.0 (iPhone; CPU iPhone OS 6_0 like Mac OS X) AppleWebKit/536.26 (KHTML, like Gecko) Version/6.0 Mobile/10A5376e Safari/8536.25 (compatible; Googlebot/2.1; +http://www.google.com/bot.html)"
178.77.126.55 - - [01/Jul/2014:03:44:55 +0200] "GET /robots.txt HTTP/1.1" 404 1256 "-" "Mozilla/5.0 (compatible; CareerBot/1.1; +http://www.career-x.de/bot.html)"
178.77.126.55 - - [01/Jul/2014:03:44:55 +0200] "GET / HTTP/1.1" 200 6711 "-" "Mozilla/5.0 (compatible; CareerBot/1.1; +http://www.career-x.de/bot.html)"
178.77.126.55 - - [01/Jul/2014:03:44:55 +0200] "GET /?unternehmen,35 HTTP/1.1" 200 5615 "-" "Mozilla/5.0 (compatible; CareerBot/1.1; +http://www.career-x.de/bot.html)"
157.55.39.21 - - [01/Jul/2014:06:01:30 +0200] "GET /robots.txt HTTP/1.1" 404 1256 "-" "Mozilla/5.0 (compatible; bingbot/2.0; +http://www.bing.com/bingbot.htm)"
157.55.39.21 - - [01/Jul/2014:06:02:07 +0200] "GET / HTTP/1.1" 200 6711 "-" "Mozilla/5.0 (compatible; bingbot/2.0; +http://www.bing.com/bingbot.htm)"
66.249.78.209 - - [01/Jul/2014:12:24:21 +0200] "GET /?leistung,40 HTTP/1.1" 200 6966 "-" "Mozilla/5.0 (iPhone; CPU iPhone OS 6_0 like Mac OS X) AppleWebKit/536.26 (KHTML, like Gecko) Version/6.0 Mobile/10A5376e Safari/8536.25 (compatible; Googlebot/2.1; +http://www.google.com/bot.html)"
192.168.10.163 - - [01/Jul/2014:13:45:20 +0200] "GET / HTTP/1.1" 200 6711 "-" "Mozilla/5.0 (Windows NT 6.2; WOW64; rv:30.0) Gecko/20100101 Firefox/30.0"
192.168.10.163 - - [01/Jul/2014:13:45:21 +0200] "GET /core/common.js HTTP/1.1" 200 2364 "http://www.quartier-bb.de/" "Mozilla/5.0 (Windows NT 6.2; WOW64; rv:30.0) Gecko/20100101 Firefox/30.0"
192.168.10.163 - - [01/Jul/2014:13:45:21 +0200] "GET /core/prototype.lite.js HTTP/1.1" 200 3335 "http://www.quartier-bb.de/" "Mozilla/5.0 (Windows NT 6.2; WOW64; rv:30.0) Gecko/20100101 Firefox/30.0"
192.168.10.163 - - [01/Jul/2014:13:45:21 +0200] "GET /core/plugins.js HTTP/1.1" 200 28 "http://www.quartier-bb.de/" "Mozilla/5.0 (Windows NT 6.2; WOW64; rv:30.0) Gecko/20100101 Firefox/30.0"
192.168.10.163 - - [01/Jul/2014:13:45:21 +0200] "GET /core/moo.fx.js HTTP/1.1" 200 3267 "http://www.quartier-bb.de/" "Mozilla/5.0 (Windows NT 6.2; WOW64; rv:30.0) Gecko/20100101 Firefox/30.0"
192.168.10.163 - - [01/Jul/2014:13:45:21 +0200] "GET /core/litebox-1.0.js HTTP/1.1" 200 15581 "http://www.quartier-bb.de/" "Mozilla/5.0 (Windows NT 6.2; WOW64; rv:30.0) Gecko/20100101 Firefox/30.0"
192.168.10.163 - - [01/Jul/2014:13:45:21 +0200] "GET /favicon.ico HTTP/1.1" 200 2602 "-" "Mozilla/5.0 (Windows NT 6.2; WOW64; rv:30.0) Gecko/20100101 Firefox/30.0"
192.168.10.163 - - [01/Jul/2014:13:45:21 +0200] "GET /files/top_left_basic.gif HTTP/1.1" 200 261 "http://www.quartier-bb.de/" "Mozilla/5.0 (Windows NT 6.2; WOW64; rv:30.0) Gecko/20100101 Firefox/30.0"
192.168.10.163 - - [01/Jul/2014:13:45:21 +0200] "GET /templates/img/logo.gif HTTP/1.1" 200 3859 "http://www.quartier-bb.de/" "Mozilla/5.0 (Windows NT 6.2; WOW64; rv:30.0) Gecko/20100101 Firefox/30.0"
192.168.10.163 - - [01/Jul/2014:13:45:21 +0200] "GET /templates/default.css HTTP/1.1" 200 7156 "http://www.quartier-bb.de/" "Mozilla/5.0 (Windows NT 6.2; WOW64; rv:30.0) Gecko/20100101 Firefox/30.0"
192.168.10.163 - - [01/Jul/2014:13:45:21 +0200] "GET /templates/plugins.css HTTP/1.1" 200 1931 "http://www.quartier-bb.de/templates/default.css" "Mozilla/5.0 (Windows NT 6.2; WOW64; rv:30.0) Gecko/20100101 Firefox/30.0"
192.168.10.163 - - [01/Jul/2014:13:45:21 +0200] "GET /templates/img/two-columns.gif HTTP/1.1" 200 65 "http://www.quartier-bb.de/templates/default.css" "Mozilla/5.0 (Windows NT 6.2; WOW64; rv:30.0) Gecko/20100101 Firefox/30.0"
192.168.10.163 - - [01/Jul/2014:13:45:21 +0200] "GET /templates/img/bg.jpg HTTP/1.1" 200 18814 "http://www.quartier-bb.de/templates/default.css" "Mozilla/5.0 (Windows NT 6.2; WOW64; rv:30.0) Gecko/20100101 Firefox/30.0"
192.168.10.163 - - [01/Jul/2014:13:45:21 +0200] "GET /templates/img/nav.gif HTTP/1.1" 200 1501 "http://www.quartier-bb.de/templates/default.css" "Mozilla/5.0 (Windows NT 6.2; WOW64; rv:30.0) Gecko/20100101 Firefox/30.0"
192.168.10.163 - - [01/Jul/2014:13:45:21 +0200] "GET /templates/img/points.gif HTTP/1.1" 200 62 "http://www.quartier-bb.de/templates/default.css" "Mozilla/5.0 (Windows NT 6.2; WOW64; rv:30.0) Gecko/20100101 Firefox/30.0"
192.168.10.163 - - [01/Jul/2014:13:45:21 +0200] "GET /templates/img/header.png HTTP/1.1" 200 134243 "http://www.quartier-bb.de/templates/default.css" "Mozilla/5.0 (Windows NT 6.2; WOW64; rv:30.0) Gecko/20100101 Firefox/30.0"
192.168.10.163 - - [01/Jul/2014:13:45:22 +0200] "GET /templates/img/loading.gif HTTP/1.1" 200 2767 "http://www.quartier-bb.de/" "Mozilla/5.0 (Windows NT 6.2; WOW64; rv:30.0) Gecko/20100101 Firefox/30.0"
192.168.10.163 - - [01/Jul/2014:13:45:22 +0200] "GET /templates/img/closelabel.gif HTTP/1.1" 200 649 "http://www.quartier-bb.de/" "Mozilla/5.0 (Windows NT 6.2; WOW64; rv:30.0) Gecko/20100101 Firefox/30.0"
192.168.10.163 - - [01/Jul/2014:13:45:26 +0200] "GET /?impressum,15 HTTP/1.1" 200 5074 "http://www.quartier-bb.de/" "Mozilla/5.0 (Windows NT 6.2; WOW64; rv:30.0) Gecko/20100101 Firefox/30.0"
157.55.39.21 - - [01/Jul/2014:16:54:04 +0200] "GET /robots.txt HTTP/1.1" 404 1256 "-" "Mozilla/5.0 (compatible; bingbot/2.0; +http://www.bing.com/bingbot.htm)"
157.55.39.21 - - [01/Jul/2014:16:54:11 +0200] "GET / HTTP/1.1" 200 6711 "-" "Mozilla/5.0 (compatible; bingbot/2.0; +http://www.bing.com/bingbot.htm)"
141.8.147.12 - - [02/Jul/2014:02:40:04 +0200] "GET /robots.txt HTTP/1.1" 404 1256 "-" "Mozilla/5.0 (compatible; YandexBot/3.0; +http://yandex.com/bots)"
141.8.147.12 - - [02/Jul/2014:02:40:06 +0200] "GET /favicon.ico HTTP/1.1" 200 2602 "-" "Mozilla/5.0 (compatible; YandexBot/3.0; +http://yandex.com/bots)"
207.46.13.8 - - [02/Jul/2014:04:37:33 +0200] "GET /robots.txt HTTP/1.1" 404 1256 "-" "Mozilla/5.0 (compatible; bingbot/2.0; +http://www.bing.com/bingbot.htm)"
207.46.13.8 - - [02/Jul/2014:04:37:36 +0200] "GET / HTTP/1.1" 200 6711 "-" "Mozilla/5.0 (compatible; bingbot/2.0; +http://www.bing.com/bingbot.htm)"
62.214.65.178 - - [02/Jul/2014:14:58:07 +0200] "GET / HTTP/1.1" 200 6711 "https://www.google.de/" "Mozilla/5.0 (Windows NT 6.1; WOW64) AppleWebKit/537.36 (KHTML, like Gecko) Chrome/35.0.1916.153 Safari/537.36"
62.214.65.178 - - [02/Jul/2014:14:58:07 +0200] "GET /core/common.js HTTP/1.1" 200 2364 "http://www.quartier-bb.de/" "Mozilla/5.0 (Windows NT 6.1; WOW64) AppleWebKit/537.36 (KHTML, like Gecko) Chrome/35.0.1916.153 Safari/537.36"
62.214.65.178 - - [02/Jul/2014:14:58:07 +0200] "GET /templates/default.css HTTP/1.1" 200 7156 "http://www.quartier-bb.de/" "Mozilla/5.0 (Windows NT 6.1; WOW64) AppleWebKit/537.36 (KHTML, like Gecko) Chrome/35.0.1916.153 Safari/537.36"
62.214.65.178 - - [02/Jul/2014:14:58:07 +0200] "GET /core/plugins.js HTTP/1.1" 200 28 "http://www.quartier-bb.de/" "Mozilla/5.0 (Windows NT 6.1; WOW64) AppleWebKit/537.36 (KHTML, like Gecko) Chrome/35.0.1916.153 Safari/537.36"
62.214.65.178 - - [02/Jul/2014:14:58:07 +0200] "GET /core/moo.fx.js HTTP/1.1" 200 3267 "http://www.quartier-bb.de/" "Mozilla/5.0 (Windows NT 6.1; WOW64) AppleWebKit/537.36 (KHTML, like Gecko) Chrome/35.0.1916.153 Safari/537.36"
62.214.65.178 - - [02/Jul/2014:14:58:07 +0200] "GET /core/prototype.lite.js HTTP/1.1" 200 3335 "http://www.quartier-bb.de/" "Mozilla/5.0 (Windows NT 6.1; WOW64) AppleWebKit/537.36 (KHTML, like Gecko) Chrome/35.0.1916.153 Safari/537.36"
62.214.65.178 - - [02/Jul/2014:14:58:07 +0200] "GET /core/litebox-1.0.js HTTP/1.1" 200 15581 "http://www.quartier-bb.de/" "Mozilla/5.0 (Windows NT 6.1; WOW64) AppleWebKit/537.36 (KHTML, like Gecko) Chrome/35.0.1916.153 Safari/537.36"
62.214.65.178 - - [02/Jul/2014:14:58:07 +0200] "GET /templates/img/logo.gif HTTP/1.1" 200 3859 "http://www.quartier-bb.de/" "Mozilla/5.0 (Windows NT 6.1; WOW64) AppleWebKit/537.36 (KHTML, like Gecko) Chrome/35.0.1916.153 Safari/537.36"
62.214.65.178 - - [02/Jul/2014:14:58:07 +0200] "GET /files/top_left_basic.gif HTTP/1.1" 200 261 "http://www.quartier-bb.de/" "Mozilla/5.0 (Windows NT 6.1; WOW64) AppleWebKit/537.36 (KHTML, like Gecko) Chrome/35.0.1916.153 Safari/537.36"
62.214.65.178 - - [02/Jul/2014:14:58:07 +0200] "GET /templates/plugins.css HTTP/1.1" 200 1931 "http://www.quartier-bb.de/" "Mozilla/5.0 (Windows NT 6.1; WOW64) AppleWebKit/537.36 (KHTML, like Gecko) Chrome/35.0.1916.153 Safari/537.36"
62.214.65.178 - - [02/Jul/2014:14:58:07 +0200] "GET /templates/img/loading.gif HTTP/1.1" 200 2767 "http://www.quartier-bb.de/" "Mozilla/5.0 (Windows NT 6.1; WOW64) AppleWebKit/537.36 (KHTML, like Gecko) Chrome/35.0.1916.153 Safari/537.36"
62.214.65.178 - - [02/Jul/2014:14:58:07 +0200] "GET /templates/img/closelabel.gif HTTP/1.1" 200 649 "http://www.quartier-bb.de/" "Mozilla/5.0 (Windows NT 6.1; WOW64) AppleWebKit/537.36 (KHTML, like Gecko) Chrome/35.0.1916.153 Safari/537.36"
62.214.65.178 - - [02/Jul/2014:14:58:07 +0200] "GET /templates/img/nav.gif HTTP/1.1" 200 1501 "http://www.quartier-bb.de/" "Mozilla/5.0 (Windows NT 6.1; WOW64) AppleWebKit/537.36 (KHTML, like Gecko) Chrome/35.0.1916.153 Safari/537.36"
62.214.65.178 - - [02/Jul/2014:14:58:07 +0200] "GET /templates/img/bg.jpg HTTP/1.1" 200 18814 "http://www.quartier-bb.de/" "Mozilla/5.0 (Windows NT 6.1; WOW64) AppleWebKit/537.36 (KHTML, like Gecko) Chrome/35.0.1916.153 Safari/537.36"
62.214.65.178 - - [02/Jul/2014:14:58:07 +0200] "GET /templates/img/points.gif HTTP/1.1" 200 62 "http://www.quartier-bb.de/" "Mozilla/5.0 (Windows NT 6.1; WOW64) AppleWebKit/537.36 (KHTML, like Gecko) Chrome/35.0.1916.153 Safari/537.36"
62.214.65.178 - - [02/Jul/2014:14:58:07 +0200] "GET /templates/img/two-columns.gif HTTP/1.1" 200 65 "http://www.quartier-bb.de/" "Mozilla/5.0 (Windows NT 6.1; WOW64) AppleWebKit/537.36 (KHTML, like Gecko) Chrome/35.0.1916.153 Safari/537.36"
62.214.65.178 - - [02/Jul/2014:14:58:07 +0200] "GET /templates/img/header.png HTTP/1.1" 200 134243 "http://www.quartier-bb.de/" "Mozilla/5.0 (Windows NT 6.1; WOW64) AppleWebKit/537.36 (KHTML, like Gecko) Chrome/35.0.1916.153 Safari/537.36"
62.214.65.178 - - [02/Jul/2014:14:58:07 +0200] "GET /favicon.ico HTTP/1.1" 200 2602 "-" "Mozilla/5.0 (Windows NT 6.1; WOW64) AppleWebKit/537.36 (KHTML, like Gecko) Chrome/35.0.1916.153 Safari/537.36"
62.214.65.178 - - [02/Jul/2014:14:58:11 +0200] "GET /?impressum,15 HTTP/1.1" 200 5074 "http://www.quartier-bb.de/" "Mozilla/5.0 (Windows NT 6.1; WOW64) AppleWebKit/537.36 (KHTML, like Gecko) Chrome/35.0.1916.153 Safari/537.36"
62.214.65.178 - - [02/Jul/2014:14:58:26 +0200] "GET /?home,1 HTTP/1.1" 200 6711 "http://www.quartier-bb.de/?impressum,15" "Mozilla/5.0 (Windows NT 6.1; WOW64) AppleWebKit/537.36 (KHTML, like Gecko) Chrome/35.0.1916.153 Safari/537.36"
62.214.65.178 - - [02/Jul/2014:14:58:28 +0200] "GET /?leistung,40 HTTP/1.1" 200 6966 "http://www.quartier-bb.de/?home,1" "Mozilla/5.0 (Windows NT 6.1; WOW64) AppleWebKit/537.36 (KHTML, like Gecko) Chrome/35.0.1916.153 Safari/537.36"
62.214.65.178 - - [02/Jul/2014:14:58:40 +0200] "GET /?unternehmen,35 HTTP/1.1" 200 5615 "http://www.quartier-bb.de/?leistung,40" "Mozilla/5.0 (Windows NT 6.1; WOW64) AppleWebKit/537.36 (KHTML, like Gecko) Chrome/35.0.1916.153 Safari/537.36"
62.214.65.178 - - [02/Jul/2014:14:58:54 +0200] "GET /?home,1 HTTP/1.1" 200 6711 "http://www.quartier-bb.de/?unternehmen,35" "Mozilla/5.0 (Windows NT 6.1; WOW64) AppleWebKit/537.36 (KHTML, like Gecko) Chrome/35.0.1916.153 Safari/537.36"
207.46.13.8 - - [02/Jul/2014:16:20:44 +0200] "GET /robots.txt HTTP/1.1" 404 1256 "-" "Mozilla/5.0 (compatible; bingbot/2.0; +http://www.bing.com/bingbot.htm)"
207.46.13.8 - - [02/Jul/2014:16:21:32 +0200] "GET / HTTP/1.1" 200 6711 "-" "Mozilla/5.0 (compatible; bingbot/2.0; +http://www.bing.com/bingbot.htm)"
66.249.65.103 - - [02/Jul/2014:17:43:48 +0200] "GET /robots.txt HTTP/1.1" 404 1256 "-" "Mozilla/5.0 (compatible; Googlebot/2.1; +http://www.google.com/bot.html)"
66.249.65.103 - - [02/Jul/2014:17:43:49 +0200] "GET / HTTP/1.1" 200 6711 "-" "Mozilla/5.0 (compatible; Googlebot/2.1; +http://www.google.com/bot.html)"
66.249.65.103 - - [02/Jul/2014:17:45:22 +0200] "GET /templates/default.css HTTP/1.1" 200 7156 "-" "Mozilla/5.0 (compatible; Googlebot/2.1; +http://www.google.com/bot.html)"
66.249.65.103 - - [02/Jul/2014:17:45:23 +0200] "GET /templates/plugins.css HTTP/1.1" 200 1931 "-" "Mozilla/5.0 (compatible; Googlebot/2.1; +http://www.google.com/bot.html)"
37.58.100.74 - - [03/Jul/2014:02:00:12 +0200] "GET /?unternehmen,35 HTTP/1.1" 200 5615 "-" "Mozilla/5.0 (compatible; AhrefsBot/5.0; +http://ahrefs.com/robot/)"
207.46.13.8 - - [03/Jul/2014:03:55:08 +0200] "GET /robots.txt HTTP/1.1" 404 1256 "-" "Mozilla/5.0 (compatible; bingbot/2.0; +http://www.bing.com/bingbot.htm)"
207.46.13.8 - - [03/Jul/2014:03:55:16 +0200] "GET / HTTP/1.1" 200 6711 "-" "Mozilla/5.0 (compatible; bingbot/2.0; +http://www.bing.com/bingbot.htm)"
64.246.165.150 - - [03/Jul/2014:13:22:08 +0200] "GET /robots.txt HTTP/1.0" 404 1256 "-" "Mozilla/5.0 (Windows; U; Windows NT 5.1; en; rv:1.9.0.13) Gecko/2009073022 Firefox/3.5.2 (.NET CLR 3.5.30729) SurveyBot/2.3 (DomainTools)"
64.246.165.150 - - [03/Jul/2014:13:22:08 +0200] "GET / HTTP/1.1" 200 6711 "http://whois.domaintools.com/quartier-bb.de" "Mozilla/5.0 (Windows; U; Windows NT 5.1; en; rv:1.9.0.13) Gecko/2009073022 Firefox/3.5.2 (.NET CLR 3.5.30729) SurveyBot/2.3 (DomainTools)"
207.46.13.8 - - [03/Jul/2014:15:59:21 +0200] "GET /robots.txt HTTP/1.1" 404 1256 "-" "Mozilla/5.0 (compatible; bingbot/2.0; +http://www.bing.com/bingbot.htm)"
207.46.13.8 - - [03/Jul/2014:15:59:32 +0200] "GET / HTTP/1.1" 200 6711 "-" "Mozilla/5.0 (compatible; bingbot/2.0; +http://www.bing.com/bingbot.htm)"
208.43.251.181 - - [03/Jul/2014:19:22:49 +0200] "GET /robots.txt HTTP/1.1" 404 1256 "-" "Mozilla/5.0 (compatible; MSIE 9.0; Windows NT 6.1; WOW64; Trident/5.0; chromeframe/19.0.1084.52)"
208.43.251.181 - - [03/Jul/2014:19:22:53 +0200] "GET / HTTP/1.1" 200 6711 "-" "Mozilla/5.0 (compatible; MSIE 9.0; Windows NT 6.1; WOW64; Trident/5.0; chromeframe/19.0.1084.52)"
178.77.126.55 - - [03/Jul/2014:20:26:17 +0200] "GET /robots.txt HTTP/1.1" 404 1256 "-" "Mozilla/5.0 (compatible; CareerBot/1.1; +http://www.career-x.de/bot.html)"
178.77.126.55 - - [03/Jul/2014:20:26:17 +0200] "GET / HTTP/1.1" 200 6711 "-" "Mozilla/5.0 (compatible; CareerBot/1.1; +http://www.career-x.de/bot.html)"
178.77.126.55 - - [03/Jul/2014:20:26:17 +0200] "GET /?unternehmen,35 HTTP/1.1" 200 5615 "-" "Mozilla/5.0 (compatible; CareerBot/1.1; +http://www.career-x.de/bot.html)"
81.144.138.34 - - [03/Jul/2014:22:14:19 +0200] "GET /robots.txt HTTP/1.1" 404 1256 "-" "Wotbox/2.01 (+http://www.wotbox.com/bot/)"
81.144.138.34 - - [03/Jul/2014:22:14:31 +0200] "GET / HTTP/1.1" 200 6711 "-" "Wotbox/2.01 (+http://www.wotbox.com/bot/)"
81.144.138.34 - - [03/Jul/2014:22:14:38 +0200] "GET /?impressum%2C15 HTTP/1.1" 200 5074 "-" "Wotbox/2.01 (+http://www.wotbox.com/bot/)"
81.144.138.34 - - [03/Jul/2014:22:14:44 +0200] "GET /?disclaimer%2C14 HTTP/1.1" 200 7599 "-" "Wotbox/2.01 (+http://www.wotbox.com/bot/)"
81.144.138.34 - - [03/Jul/2014:22:14:50 +0200] "GET /? HTTP/1.1" 200 6711 "-" "Wotbox/2.01 (+http://www.wotbox.com/bot/)"
81.144.138.34 - - [03/Jul/2014:22:14:57 +0200] "GET /?home%2C1 HTTP/1.1" 200 6711 "-" "Wotbox/2.01 (+http://www.wotbox.com/bot/)"
81.144.138.34 - - [03/Jul/2014:22:15:03 +0200] "GET /?leistung%2C40 HTTP/1.1" 200 6966 "-" "Wotbox/2.01 (+http://www.wotbox.com/bot/)"
81.144.138.34 - - [03/Jul/2014:22:15:09 +0200] "GET /?unternehmen%2C35 HTTP/1.1" 200 5615 "-" "Wotbox/2.01 (+http://www.wotbox.com/bot/)"
81.144.138.34 - - [03/Jul/2014:22:15:15 +0200] "GET /?kontakt%2C8 HTTP/1.1" 200 4740 "-" "Wotbox/2.01 (+http://www.wotbox.com/bot/)"
207.46.13.8 - - [04/Jul/2014:03:47:43 +0200] "GET /robots.txt HTTP/1.1" 404 1256 "-" "Mozilla/5.0 (compatible; bingbot/2.0; +http://www.bing.com/bingbot.htm)"
207.46.13.8 - - [04/Jul/2014:03:47:47 +0200] "GET / HTTP/1.1" 200 6711 "-" "Mozilla/5.0 (compatible; bingbot/2.0; +http://www.bing.com/bingbot.htm)"
157.55.39.77 - - [04/Jul/2014:14:35:52 +0200] "GET /robots.txt HTTP/1.1" 404 1256 "-" "Mozilla/5.0 (compatible; bingbot/2.0; +http://www.bing.com/bingbot.htm)"
157.55.39.77 - - [04/Jul/2014:14:35:56 +0200] "GET / HTTP/1.1" 200 6711 "-" "Mozilla/5.0 (compatible; bingbot/2.0; +http://www.bing.com/bingbot.htm)"
37.58.100.89 - - [04/Jul/2014:17:57:57 +0200] "GET /?leistung,40 HTTP/1.1" 200 6966 "-" "Mozilla/5.0 (compatible; AhrefsBot/5.0; +http://ahrefs.com/robot/)"
46.229.170.197 - - [04/Jul/2014:18:50:12 +0200] "GET / HTTP/1.1" 200 6711 "-" "Mozilla/5.0 (Windows NT 6.1; WOW64; rv:2.0b7) Gecko/20100101 Firefox/4.0b7"
92.110.135.182 - - [04/Jul/2014:20:11:54 +0200] "GET / HTTP/1.1" 200 6711 "-" "Java/1.7.0_51"
92.110.135.182 - - [04/Jul/2014:20:11:54 +0200] "GET /? HTTP/1.1" 200 6711 "-" "Java/1.7.0_51"
92.110.135.182 - - [04/Jul/2014:20:11:54 +0200] "GET /core/common.js HTTP/1.1" 200 2364 "-" "Java/1.7.0_51"
92.110.135.182 - - [04/Jul/2014:20:11:55 +0200] "GET /core/litebox-1.0.js HTTP/1.1" 200 15581 "-" "Java/1.7.0_51"
92.110.135.182 - - [04/Jul/2014:20:11:55 +0200] "GET /core/moo.fx.js HTTP/1.1" 200 3267 "-" "Java/1.7.0_51"
92.110.135.182 - - [04/Jul/2014:20:11:55 +0200] "GET /core/plugins.js HTTP/1.1" 200 28 "-" "Java/1.7.0_51"
92.110.135.182 - - [04/Jul/2014:20:11:55 +0200] "GET /core/prototype.lite.js HTTP/1.1" 200 3335 "-" "Java/1.7.0_51"
92.110.135.182 - - [04/Jul/2014:20:11:56 +0200] "GET //? HTTP/1.1" 200 6711 "-" "Java/1.7.0_51"
92.110.135.182 - - [04/Jul/2014:20:11:56 +0200] "GET //core/common.js HTTP/1.1" 200 2364 "-" "Java/1.7.0_51"
92.110.135.182 - - [04/Jul/2014:20:11:56 +0200] "GET //core/litebox-1.0.js HTTP/1.1" 200 15581 "-" "Java/1.7.0_51"
92.110.135.182 - - [04/Jul/2014:20:11:57 +0200] "GET //core/moo.fx.js HTTP/1.1" 200 3267 "-" "Java/1.7.0_51"
92.110.135.182 - - [04/Jul/2014:20:11:57 +0200] "GET //core/plugins.js HTTP/1.1" 200 28 "-" "Java/1.7.0_51"
92.110.135.182 - - [04/Jul/2014:20:11:57 +0200] "GET //core/prototype.lite.js HTTP/1.1" 200 3335 "-" "Java/1.7.0_51"
208.43.252.200 - - [04/Jul/2014:21:21:25 +0200] "GET /robots.txt HTTP/1.1" 404 1256 "-" "Mozilla/5.0 (compatible; MSIE 9.0; Windows NT 6.1; WOW64; Trident/5.0; chromeframe/19.0.1084.52)"
208.43.252.200 - - [04/Jul/2014:21:21:29 +0200] "GET /?leistung,40 HTTP/1.1" 200 6966 "-" "Mozilla/5.0 (compatible; MSIE 9.0; Windows NT 6.1; WOW64; Trident/5.0; chromeframe/19.0.1084.52)"
37.58.100.168 - - [05/Jul/2014:01:06:54 +0200] "GET /robots.txt HTTP/1.1" 404 1256 "-" "Mozilla/5.0 (compatible; AhrefsBot/5.0; +http://ahrefs.com/robot/)"
37.58.100.130 - - [05/Jul/2014:04:23:32 +0200] "GET / HTTP/1.1" 200 6711 "-" "Mozilla/5.0 (compatible; AhrefsBot/5.0; +http://ahrefs.com/robot/)"
141.8.147.12 - - [05/Jul/2014:04:35:07 +0200] "GET /robots.txt HTTP/1.1" 404 1256 "-" "Mozilla/5.0 (compatible; YandexBot/3.0; +http://yandex.com/bots)"
141.8.147.12 - - [05/Jul/2014:04:35:09 +0200] "GET /favicon.ico HTTP/1.1" 200 2602 "-" "Mozilla/5.0 (compatible; YandexBot/3.0; +http://yandex.com/bots)"
66.249.64.120 - - [05/Jul/2014:09:04:17 +0200] "GET /robots.txt HTTP/1.1" 404 1256 "-" "Mozilla/5.0 (compatible; Googlebot/2.1; +http://www.google.com/bot.html)"
66.249.64.115 - - [05/Jul/2014:09:04:17 +0200] "GET / HTTP/1.1" 200 6711 "-" "Mozilla/5.0 (compatible; Googlebot/2.1; +http://www.google.com/bot.html)"
84.153.64.10 - - [05/Jul/2014:10:55:02 +0200] "GET / HTTP/1.1" 200 6711 "http://www.google.de/url?sa=t&rct=j&q=&esrc=s&source=web&cd=2&ved=0CDYQFjAB&url=http%3A%2F%2Fwww.quartier-bb.de%2F&ei=Vb23U5L8D_L04QS_44HoDw&usg=AFQjCNEFLg6-MxlwLCq_OMSmI5Dx4hlaww&bvm=bv.70138588,d.bGE" "Mozilla/5.0 (Windows NT 6.1; WOW64; rv:30.0) Gecko/20100101 Firefox/30.0"
84.153.64.10 - - [05/Jul/2014:10:55:03 +0200] "GET /core/common.js HTTP/1.1" 200 2364 "http://www.quartier-bb.de/" "Mozilla/5.0 (Windows NT 6.1; WOW64; rv:30.0) Gecko/20100101 Firefox/30.0"
84.153.64.10 - - [05/Jul/2014:10:55:03 +0200] "GET /core/plugins.js HTTP/1.1" 200 28 "http://www.quartier-bb.de/" "Mozilla/5.0 (Windows NT 6.1; WOW64; rv:30.0) Gecko/20100101 Firefox/30.0"
84.153.64.10 - - [05/Jul/2014:10:55:03 +0200] "GET /core/prototype.lite.js HTTP/1.1" 200 3335 "http://www.quartier-bb.de/" "Mozilla/5.0 (Windows NT 6.1; WOW64; rv:30.0) Gecko/20100101 Firefox/30.0"
84.153.64.10 - - [05/Jul/2014:10:55:03 +0200] "GET /core/moo.fx.js HTTP/1.1" 200 3267 "http://www.quartier-bb.de/" "Mozilla/5.0 (Windows NT 6.1; WOW64; rv:30.0) Gecko/20100101 Firefox/30.0"
84.153.64.10 - - [05/Jul/2014:10:55:03 +0200] "GET /core/litebox-1.0.js HTTP/1.1" 200 15581 "http://www.quartier-bb.de/" "Mozilla/5.0 (Windows NT 6.1; WOW64; rv:30.0) Gecko/20100101 Firefox/30.0"
84.153.64.10 - - [05/Jul/2014:10:55:03 +0200] "GET /favicon.ico HTTP/1.1" 200 2602 "-" "Mozilla/5.0 (Windows NT 6.1; WOW64; rv:30.0) Gecko/20100101 Firefox/30.0"
84.153.64.10 - - [05/Jul/2014:10:55:03 +0200] "GET /templates/img/logo.gif HTTP/1.1" 200 3859 "http://www.quartier-bb.de/" "Mozilla/5.0 (Windows NT 6.1; WOW64; rv:30.0) Gecko/20100101 Firefox/30.0"
84.153.64.10 - - [05/Jul/2014:10:55:03 +0200] "GET /files/top_left_basic.gif HTTP/1.1" 200 261 "http://www.quartier-bb.de/" "Mozilla/5.0 (Windows NT 6.1; WOW64; rv:30.0) Gecko/20100101 Firefox/30.0"
84.153.64.10 - - [05/Jul/2014:10:55:03 +0200] "GET /templates/default.css HTTP/1.1" 200 7156 "http://www.quartier-bb.de/" "Mozilla/5.0 (Windows NT 6.1; WOW64; rv:30.0) Gecko/20100101 Firefox/30.0"
84.153.64.10 - - [05/Jul/2014:10:55:03 +0200] "GET /templates/plugins.css HTTP/1.1" 200 1931 "http://www.quartier-bb.de/templates/default.css" "Mozilla/5.0 (Windows NT 6.1; WOW64; rv:30.0) Gecko/20100101 Firefox/30.0"
84.153.64.10 - - [05/Jul/2014:10:55:03 +0200] "GET /templates/img/bg.jpg HTTP/1.1" 200 18814 "http://www.quartier-bb.de/templates/default.css" "Mozilla/5.0 (Windows NT 6.1; WOW64; rv:30.0) Gecko/20100101 Firefox/30.0"
84.153.64.10 - - [05/Jul/2014:10:55:03 +0200] "GET /templates/img/nav.gif HTTP/1.1" 200 1501 "http://www.quartier-bb.de/templates/default.css" "Mozilla/5.0 (Windows NT 6.1; WOW64; rv:30.0) Gecko/20100101 Firefox/30.0"
84.153.64.10 - - [05/Jul/2014:10:55:03 +0200] "GET /templates/img/two-columns.gif HTTP/1.1" 200 65 "http://www.quartier-bb.de/templates/default.css" "Mozilla/5.0 (Windows NT 6.1; WOW64; rv:30.0) Gecko/20100101 Firefox/30.0"
84.153.64.10 - - [05/Jul/2014:10:55:03 +0200] "GET /templates/img/points.gif HTTP/1.1" 200 62 "http://www.quartier-bb.de/templates/default.css" "Mozilla/5.0 (Windows NT 6.1; WOW64; rv:30.0) Gecko/20100101 Firefox/30.0"
84.153.64.10 - - [05/Jul/2014:10:55:03 +0200] "GET /templates/img/header.png HTTP/1.1" 200 134243 "http://www.quartier-bb.de/templates/default.css" "Mozilla/5.0 (Windows NT 6.1; WOW64; rv:30.0) Gecko/20100101 Firefox/30.0"
84.153.64.10 - - [05/Jul/2014:10:55:03 +0200] "GET /templates/img/loading.gif HTTP/1.1" 200 2767 "http://www.quartier-bb.de/" "Mozilla/5.0 (Windows NT 6.1; WOW64; rv:30.0) Gecko/20100101 Firefox/30.0"
84.153.64.10 - - [05/Jul/2014:10:55:03 +0200] "GET /templates/img/closelabel.gif HTTP/1.1" 200 649 "http://www.quartier-bb.de/" "Mozilla/5.0 (Windows NT 6.1; WOW64; rv:30.0) Gecko/20100101 Firefox/30.0"
84.153.64.10 - - [05/Jul/2014:10:55:12 +0200] "GET /?unternehmen,35 HTTP/1.1" 200 5615 "http://www.quartier-bb.de/" "Mozilla/5.0 (Windows NT 6.1; WOW64; rv:30.0) Gecko/20100101 Firefox/30.0"
84.153.64.10 - - [05/Jul/2014:10:55:21 +0200] "GET /?home,1 HTTP/1.1" 200 6711 "http://www.quartier-bb.de/?unternehmen,35" "Mozilla/5.0 (Windows NT 6.1; WOW64; rv:30.0) Gecko/20100101 Firefox/30.0"
84.153.64.10 - - [05/Jul/2014:10:55:25 +0200] "GET /?unternehmen,35 HTTP/1.1" 200 5615 "http://www.quartier-bb.de/" "Mozilla/5.0 (Windows NT 6.1; WOW64; rv:30.0) Gecko/20100101 Firefox/30.0"
84.153.64.10 - - [05/Jul/2014:10:55:29 +0200] "GET / HTTP/1.1" 200 6711 "http://www.google.de/url?sa=t&rct=j&q=&esrc=s&source=web&cd=2&ved=0CDYQFjAB&url=http%3A%2F%2Fwww.quartier-bb.de%2F&ei=Vb23U5L8D_L04QS_44HoDw&usg=AFQjCNEFLg6-MxlwLCq_OMSmI5Dx4hlaww&bvm=bv.70138588,d.bGE" "Mozilla/5.0 (Windows NT 6.1; WOW64; rv:30.0) Gecko/20100101 Firefox/30.0"
66.249.64.120 - - [05/Jul/2014:11:48:08 +0200] "GET / HTTP/1.1" 200 6711 "-" "Mozilla/5.0 (compatible; Googlebot/2.1; +http://www.google.com/bot.html)"
157.55.39.77 - - [05/Jul/2014:13:42:58 +0200] "GET /robots.txt HTTP/1.1" 404 1256 "-" "Mozilla/5.0 (compatible; bingbot/2.0; +http://www.bing.com/bingbot.htm)"
157.55.39.77 - - [05/Jul/2014:13:43:14 +0200] "GET / HTTP/1.1" 200 6711 "-" "Mozilla/5.0 (compatible; bingbot/2.0; +http://www.bing.com/bingbot.htm)"
66.249.79.116 - - [05/Jul/2014:17:58:48 +0200] "GET /robots.txt HTTP/1.1" 404 1256 "-" "Mozilla/5.0 (compatible; Googlebot/2.1; +http://www.google.com/bot.html)"
66.249.79.90 - - [05/Jul/2014:17:58:48 +0200] "GET / HTTP/1.1" 200 6711 "-" "Mozilla/5.0 (compatible; Googlebot/2.1; +http://www.google.com/bot.html)"
66.249.79.90 - - [05/Jul/2014:18:00:14 +0200] "GET /templates/default.css HTTP/1.1" 200 7156 "-" "Mozilla/5.0 (compatible; Googlebot/2.1; +http://www.google.com/bot.html)"
66.249.79.90 - - [05/Jul/2014:18:00:15 +0200] "GET /templates/plugins.css HTTP/1.1" 200 1931 "-" "Mozilla/5.0 (compatible; Googlebot/2.1; +http://www.google.com/bot.html)"
157.55.39.77 - - [05/Jul/2014:18:06:04 +0200] "GET /?leistung,40 HTTP/1.1" 200 6966 "-" "Mozilla/5.0 (compatible; bingbot/2.0; +http://www.bing.com/bingbot.htm)"
157.55.39.31 - - [05/Jul/2014:19:02:22 +0200] "GET /templates/default.css HTTP/1.1" 200 7156 "-" "Mozilla/5.0 (compatible; bingbot/2.0; +http://www.bing.com/bingbot.htm)"
157.55.39.31 - - [05/Jul/2014:19:02:23 +0200] "GET /core/plugins.js HTTP/1.1" 200 28 "-" "Mozilla/5.0 (compatible; bingbot/2.0; +http://www.bing.com/bingbot.htm)"
157.55.39.31 - - [05/Jul/2014:19:02:23 +0200] "GET /core/moo.fx.js HTTP/1.1" 200 3267 "-" "Mozilla/5.0 (compatible; bingbot/2.0; +http://www.bing.com/bingbot.htm)"
157.55.39.208 - - [05/Jul/2014:19:02:25 +0200] "GET /core/litebox-1.0.js HTTP/1.1" 200 15581 "-" "Mozilla/5.0 (compatible; bingbot/2.0; +http://www.bing.com/bingbot.htm)"
157.55.39.208 - - [05/Jul/2014:19:02:26 +0200] "GET /core/prototype.lite.js HTTP/1.1" 200 3335 "-" "Mozilla/5.0 (compatible; bingbot/2.0; +http://www.bing.com/bingbot.htm)"
207.46.13.15 - - [05/Jul/2014:19:03:24 +0200] "GET /core/common.js HTTP/1.1" 200 2364 "-" "Mozilla/5.0 (compatible; bingbot/2.0; +http://www.bing.com/bingbot.htm)"
157.55.39.77 - - [05/Jul/2014:19:04:40 +0200] "GET /robots.txt HTTP/1.1" 404 1256 "-" "Mozilla/5.0 (compatible; bingbot/2.0; +http://www.bing.com/bingbot.htm)"
207.46.13.15 - - [05/Jul/2014:20:05:36 +0200] "GET /templates/plugins.css HTTP/1.1" 200 1931 "-" "Mozilla/5.0 (compatible; bingbot/2.0; +http://www.bing.com/bingbot.htm)"
178.255.215.74 - - [05/Jul/2014:21:20:27 +0200] "GET /robots.txt HTTP/1.1" 404 1256 "-" "Mozilla/5.0 (compatible; Exabot/3.0; +http://www.exabot.com/go/robot)"
178.255.215.74 - - [05/Jul/2014:21:20:27 +0200] "GET /?leistung,40 HTTP/1.1" 200 6966 "-" "Mozilla/5.0 (compatible; Exabot/3.0; +http://www.exabot.com/go/robot)"
93.186.202.253 - - [05/Jul/2014:21:28:57 +0200] "GET / HTTP/1.1" 200 6711 "-" "Mozilla/5.0 (Windows NT 6.1; WOW64; rv:21.0) Gecko/20130401 Firefox/21.0"
93.186.202.253 - - [05/Jul/2014:21:29:01 +0200] "GET /? HTTP/1.1" 200 6711 "-" "Mozilla/5.0 (compatible; MSIE 10.0; Windows NT 6.1; WOW64; Trident/6.0)"
93.186.202.253 - - [05/Jul/2014:21:29:07 +0200] "GET /?impressum,15 HTTP/1.1" 200 5074 "-" "Mozilla/5.0 (Windows NT 6.2; WOW64) AppleWebKit/537.36 (KHTML, like Gecko) Chrome/27.0.1453.93 Safari/537.36"
141.8.147.12 - - [06/Jul/2014:01:00:43 +0200] "GET /robots.txt HTTP/1.1" 404 1256 "-" "Mozilla/5.0 (compatible; YandexBot/3.0; +http://yandex.com/bots)"
141.8.147.12 - - [06/Jul/2014:01:00:45 +0200] "GET /favicon.ico HTTP/1.1" 200 2602 "-" "Mozilla/5.0 (compatible; YandexBot/3.0; +http://yandex.com/bots)"
66.249.79.90 - - [06/Jul/2014:06:25:30 +0200] "GET /robots.txt HTTP/1.1" 404 1256 "-" "Mozilla/5.0 (compatible; Googlebot/2.1; +http://www.google.com/bot.html)"
66.249.79.90 - - [06/Jul/2014:06:25:31 +0200] "GET / HTTP/1.1" 200 6711 "-" "SAMSUNG-SGH-E250/1.0 Profile/MIDP-2.0 Configuration/CLDC-1.1 UP.Browser/6.2.3.3.c.1.101 (GUI) MMP/2.0 (compatible; Googlebot-Mobile/2.1; +http://www.google.com/bot.html)"
207.46.13.75 - - [06/Jul/2014:07:30:37 +0200] "GET /robots.txt HTTP/1.1" 404 1256 "-" "Mozilla/5.0 (compatible; bingbot/2.0; +http://www.bing.com/bingbot.htm)"
207.46.13.75 - - [06/Jul/2014:07:30:49 +0200] "GET / HTTP/1.1" 200 6711 "-" "Mozilla/5.0 (compatible; bingbot/2.0; +http://www.bing.com/bingbot.htm)"
178.77.126.55 - - [06/Jul/2014:14:36:47 +0200] "GET /robots.txt HTTP/1.1" 404 1256 "-" "Mozilla/5.0 (compatible; CareerBot/1.1; +http://www.career-x.de/bot.html)"
178.77.126.55 - - [06/Jul/2014:14:36:47 +0200] "GET / HTTP/1.1" 200 6711 "-" "Mozilla/5.0 (compatible; CareerBot/1.1; +http://www.career-x.de/bot.html)"
178.77.126.55 - - [06/Jul/2014:14:36:47 +0200] "GET /?unternehmen,35 HTTP/1.1" 200 5615 "-" "Mozilla/5.0 (compatible; CareerBot/1.1; +http://www.career-x.de/bot.html)"
207.46.13.75 - - [06/Jul/2014:19:08:19 +0200] "GET /robots.txt HTTP/1.1" 404 1256 "-" "Mozilla/5.0 (compatible; bingbot/2.0; +http://www.bing.com/bingbot.htm)"
207.46.13.75 - - [06/Jul/2014:19:08:26 +0200] "GET / HTTP/1.1" 200 6711 "-" "Mozilla/5.0 (compatible; bingbot/2.0; +http://www.bing.com/bingbot.htm)"
207.46.13.75 - - [06/Jul/2014:19:09:41 +0200] "GET / HTTP/1.1" 200 6711 "-" "Mozilla/5.0 (compatible; bingbot/2.0; +http://www.bing.com/bingbot.htm)"
141.8.147.12 - - [07/Jul/2014:02:44:32 +0200] "GET /robots.txt HTTP/1.1" 404 1256 "-" "Mozilla/5.0 (compatible; YandexBot/3.0; +http://yandex.com/bots)"
141.8.147.12 - - [07/Jul/2014:02:44:34 +0200] "GET /favicon.ico HTTP/1.1" 200 2602 "-" "Mozilla/5.0 (compatible; YandexBot/3.0; +http://yandex.com/bots)"
207.46.13.75 - - [07/Jul/2014:06:46:13 +0200] "GET /robots.txt HTTP/1.1" 404 1256 "-" "Mozilla/5.0 (compatible; bingbot/2.0; +http://www.bing.com/bingbot.htm)"
207.46.13.75 - - [07/Jul/2014:06:46:16 +0200] "GET / HTTP/1.1" 200 6711 "-" "Mozilla/5.0 (compatible; bingbot/2.0; +http://www.bing.com/bingbot.htm)"
178.255.215.74 - - [07/Jul/2014:09:02:07 +0200] "GET /robots.txt HTTP/1.1" 404 1256 "-" "Mozilla/5.0 (compatible; Exabot/3.0; +http://www.exabot.com/go/robot)"
178.255.215.74 - - [07/Jul/2014:09:02:07 +0200] "GET /?kontakt,8 HTTP/1.1" 200 4740 "-" "Mozilla/5.0 (compatible; Exabot/3.0; +http://www.exabot.com/go/robot)"
91.207.7.54 - - [07/Jul/2014:11:54:23 +0200] "GET / HTTP/1.1" 200 6711 "-" "Mozilla/4.0 (compatible; MSIE 6.0; Windows NT 5.1)"
207.46.13.75 - - [07/Jul/2014:17:04:18 +0200] "GET /robots.txt HTTP/1.1" 404 1256 "-" "Mozilla/5.0 (compatible; bingbot/2.0; +http://www.bing.com/bingbot.htm)"
207.46.13.75 - - [07/Jul/2014:17:05:51 +0200] "GET /?home,1 HTTP/1.1" 200 6711 "-" "Mozilla/5.0 (compatible; bingbot/2.0; +http://www.bing.com/bingbot.htm)"
207.46.13.75 - - [07/Jul/2014:18:25:13 +0200] "GET / HTTP/1.1" 200 6711 "-" "Mozilla/5.0 (compatible; bingbot/2.0; +http://www.bing.com/bingbot.htm)"
66.249.67.116 - - [07/Jul/2014:20:52:45 +0200] "GET /robots.txt HTTP/1.1" 404 1256 "-" "Mozilla/5.0 (compatible; Googlebot/2.1; +http://www.google.com/bot.html)"
66.249.67.90 - - [07/Jul/2014:20:52:45 +0200] "GET / HTTP/1.1" 200 6711 "-" "Mozilla/5.0 (compatible; Googlebot/2.1; +http://www.google.com/bot.html)"
204.236.226.210 - - [07/Jul/2014:23:21:54 +0200] "GET /robots.txt HTTP/1.0" 404 1256 "-" "ia_archiver (+http://www.alexa.com/site/help/webmasters; crawler@alexa.com)"
204.236.226.210 - - [07/Jul/2014:23:21:55 +0200] "GET / HTTP/1.0" 200 6711 "-" "ia_archiver (+http://www.alexa.com/site/help/webmasters; crawler@alexa.com)"
66.249.67.103 - - [08/Jul/2014:03:56:02 +0200] "GET /robots.txt HTTP/1.1" 404 1256 "-" "Mozilla/5.0 (compatible; Googlebot/2.1; +http://www.google.com/bot.html)"
66.249.67.116 - - [08/Jul/2014:03:56:02 +0200] "GET / HTTP/1.1" 200 6711 "-" "Mozilla/5.0 (compatible; Googlebot/2.1; +http://www.google.com/bot.html)"
207.46.13.75 - - [08/Jul/2014:06:15:35 +0200] "GET /robots.txt HTTP/1.1" 404 1256 "-" "Mozilla/5.0 (compatible; bingbot/2.0; +http://www.bing.com/bingbot.htm)"
207.46.13.75 - - [08/Jul/2014:06:15:46 +0200] "GET / HTTP/1.1" 200 6711 "-" "Mozilla/5.0 (compatible; bingbot/2.0; +http://www.bing.com/bingbot.htm)"
178.255.215.74 - - [08/Jul/2014:09:32:34 +0200] "GET /robots.txt HTTP/1.1" 404 1256 "-" "Mozilla/5.0 (compatible; Exabot/3.0; +http://www.exabot.com/go/robot)"
178.255.215.74 - - [08/Jul/2014:09:32:34 +0200] "GET /?impressum,15 HTTP/1.1" 200 5074 "-" "Mozilla/5.0 (compatible; Exabot/3.0; +http://www.exabot.com/go/robot)"
217.92.230.26 - - [08/Jul/2014:15:19:35 +0200] "GET / HTTP/1.1" 200 6711 "http://www.google.de/url?sa=t&rct=j&q=&esrc=s&source=web&cd=1&ved=0CCAQFjAA&url=http%3A%2F%2Fwww.quartier-bb.de%2F&ei=3O-7U8bUKIXl4QSv6oHIAg&usg=AFQjCNEFLg6-MxlwLCq_OMSmI5Dx4hlaww&bvm=bv.70138588,d.bGE" "Mozilla/5.0 (Windows NT 6.1; WOW64; Trident/7.0; rv:11.0) like Gecko"
217.92.230.26 - - [08/Jul/2014:15:19:35 +0200] "GET /core/common.js HTTP/1.1" 200 2364 "http://www.quartier-bb.de/" "Mozilla/5.0 (Windows NT 6.1; WOW64; Trident/7.0; rv:11.0) like Gecko"
217.92.230.26 - - [08/Jul/2014:15:19:35 +0200] "GET /core/plugins.js HTTP/1.1" 200 28 "http://www.quartier-bb.de/" "Mozilla/5.0 (Windows NT 6.1; WOW64; Trident/7.0; rv:11.0) like Gecko"
217.92.230.26 - - [08/Jul/2014:15:19:35 +0200] "GET /core/prototype.lite.js HTTP/1.1" 200 3335 "http://www.quartier-bb.de/" "Mozilla/5.0 (Windows NT 6.1; WOW64; Trident/7.0; rv:11.0) like Gecko"
217.92.230.26 - - [08/Jul/2014:15:19:35 +0200] "GET /core/litebox-1.0.js HTTP/1.1" 200 15581 "http://www.quartier-bb.de/" "Mozilla/5.0 (Windows NT 6.1; WOW64; Trident/7.0; rv:11.0) like Gecko"
217.92.230.26 - - [08/Jul/2014:15:19:35 +0200] "GET /core/moo.fx.js HTTP/1.1" 200 3267 "http://www.quartier-bb.de/" "Mozilla/5.0 (Windows NT 6.1; WOW64; Trident/7.0; rv:11.0) like Gecko"
217.92.230.26 - - [08/Jul/2014:15:19:35 +0200] "GET /templates/default.css HTTP/1.1" 200 7156 "http://www.quartier-bb.de/" "Mozilla/5.0 (Windows NT 6.1; WOW64; Trident/7.0; rv:11.0) like Gecko"
217.92.230.26 - - [08/Jul/2014:15:19:35 +0200] "GET /templates/img/logo.gif HTTP/1.1" 200 3859 "http://www.quartier-bb.de/" "Mozilla/5.0 (Windows NT 6.1; WOW64; Trident/7.0; rv:11.0) like Gecko"
217.92.230.26 - - [08/Jul/2014:15:19:35 +0200] "GET /files/top_left_basic.gif HTTP/1.1" 200 261 "http://www.quartier-bb.de/" "Mozilla/5.0 (Windows NT 6.1; WOW64; Trident/7.0; rv:11.0) like Gecko"
217.92.230.26 - - [08/Jul/2014:15:19:35 +0200] "GET /templates/plugins.css HTTP/1.1" 200 1931 "http://www.quartier-bb.de/" "Mozilla/5.0 (Windows NT 6.1; WOW64; Trident/7.0; rv:11.0) like Gecko"
217.92.230.26 - - [08/Jul/2014:15:19:35 +0200] "GET /templates/img/bg.jpg HTTP/1.1" 200 18814 "http://www.quartier-bb.de/" "Mozilla/5.0 (Windows NT 6.1; WOW64; Trident/7.0; rv:11.0) like Gecko"
217.92.230.26 - - [08/Jul/2014:15:19:35 +0200] "GET /templates/img/two-columns.gif HTTP/1.1" 200 65 "http://www.quartier-bb.de/" "Mozilla/5.0 (Windows NT 6.1; WOW64; Trident/7.0; rv:11.0) like Gecko"
217.92.230.26 - - [08/Jul/2014:15:19:35 +0200] "GET /templates/img/nav.gif HTTP/1.1" 200 1501 "http://www.quartier-bb.de/" "Mozilla/5.0 (Windows NT 6.1; WOW64; Trident/7.0; rv:11.0) like Gecko"
217.92.230.26 - - [08/Jul/2014:15:19:35 +0200] "GET /templates/img/points.gif HTTP/1.1" 200 62 "http://www.quartier-bb.de/" "Mozilla/5.0 (Windows NT 6.1; WOW64; Trident/7.0; rv:11.0) like Gecko"
217.92.230.26 - - [08/Jul/2014:15:19:35 +0200] "GET /templates/img/header.png HTTP/1.1" 200 134243 "http://www.quartier-bb.de/" "Mozilla/5.0 (Windows NT 6.1; WOW64; Trident/7.0; rv:11.0) like Gecko"
217.92.230.26 - - [08/Jul/2014:15:19:36 +0200] "GET /templates/img/loading.gif HTTP/1.1" 200 2767 "http://www.quartier-bb.de/" "Mozilla/5.0 (Windows NT 6.1; WOW64; Trident/7.0; rv:11.0) like Gecko"
217.92.230.26 - - [08/Jul/2014:15:19:36 +0200] "GET /templates/img/closelabel.gif HTTP/1.1" 200 649 "http://www.quartier-bb.de/" "Mozilla/5.0 (Windows NT 6.1; WOW64; Trident/7.0; rv:11.0) like Gecko"
217.92.230.26 - - [08/Jul/2014:15:19:36 +0200] "GET /templates/img/blank.gif HTTP/1.1" 200 43 "http://www.quartier-bb.de/" "Mozilla/5.0 (Windows NT 6.1; WOW64; Trident/7.0; rv:11.0) like Gecko"
217.92.230.26 - - [08/Jul/2014:15:19:36 +0200] "GET /favicon.ico HTTP/1.1" 200 2602 "-" "Mozilla/5.0 (Windows NT 6.1; Win64; x64; Trident/7.0; rv:11.0) like Gecko"
85.183.40.141 - - [08/Jul/2014:15:28:43 +0200] "GET / HTTP/1.1" 200 6711 "-" "Mozilla/5.0 (Windows NT 6.1; rv:30.0) Gecko/20100101 Firefox/30.0"
85.183.40.141 - - [08/Jul/2014:15:28:43 +0200] "GET /core/common.js HTTP/1.1" 200 2364 "http://www.quartier-bb.de/" "Mozilla/5.0 (Windows NT 6.1; rv:30.0) Gecko/20100101 Firefox/30.0"
85.183.40.141 - - [08/Jul/2014:15:28:43 +0200] "GET /core/plugins.js HTTP/1.1" 200 28 "http://www.quartier-bb.de/" "Mozilla/5.0 (Windows NT 6.1; rv:30.0) Gecko/20100101 Firefox/30.0"
85.183.40.141 - - [08/Jul/2014:15:28:43 +0200] "GET /core/prototype.lite.js HTTP/1.1" 200 3335 "http://www.quartier-bb.de/" "Mozilla/5.0 (Windows NT 6.1; rv:30.0) Gecko/20100101 Firefox/30.0"
85.183.40.141 - - [08/Jul/2014:15:28:43 +0200] "GET /core/moo.fx.js HTTP/1.1" 200 3267 "http://www.quartier-bb.de/" "Mozilla/5.0 (Windows NT 6.1; rv:30.0) Gecko/20100101 Firefox/30.0"
85.183.40.141 - - [08/Jul/2014:15:28:44 +0200] "GET /core/litebox-1.0.js HTTP/1.1" 200 15581 "http://www.quartier-bb.de/" "Mozilla/5.0 (Windows NT 6.1; rv:30.0) Gecko/20100101 Firefox/30.0"
85.183.40.141 - - [08/Jul/2014:15:28:44 +0200] "GET /favicon.ico HTTP/1.1" 200 2602 "-" "Mozilla/5.0 (Windows NT 6.1; rv:30.0) Gecko/20100101 Firefox/30.0"
85.183.40.141 - - [08/Jul/2014:15:28:44 +0200] "GET /templates/img/logo.gif HTTP/1.1" 200 3859 "http://www.quartier-bb.de/" "Mozilla/5.0 (Windows NT 6.1; rv:30.0) Gecko/20100101 Firefox/30.0"
85.183.40.141 - - [08/Jul/2014:15:28:44 +0200] "GET /files/top_left_basic.gif HTTP/1.1" 200 261 "http://www.quartier-bb.de/" "Mozilla/5.0 (Windows NT 6.1; rv:30.0) Gecko/20100101 Firefox/30.0"
85.183.40.141 - - [08/Jul/2014:15:28:44 +0200] "GET /templates/default.css HTTP/1.1" 200 7156 "http://www.quartier-bb.de/" "Mozilla/5.0 (Windows NT 6.1; rv:30.0) Gecko/20100101 Firefox/30.0"
85.183.40.141 - - [08/Jul/2014:15:28:45 +0200] "GET /templates/plugins.css HTTP/1.1" 200 1931 "http://www.quartier-bb.de/templates/default.css" "Mozilla/5.0 (Windows NT 6.1; rv:30.0) Gecko/20100101 Firefox/30.0"
85.183.40.141 - - [08/Jul/2014:15:28:45 +0200] "GET /templates/img/bg.jpg HTTP/1.1" 200 18814 "http://www.quartier-bb.de/templates/default.css" "Mozilla/5.0 (Windows NT 6.1; rv:30.0) Gecko/20100101 Firefox/30.0"
85.183.40.141 - - [08/Jul/2014:15:28:45 +0200] "GET /templates/img/points.gif HTTP/1.1" 200 62 "http://www.quartier-bb.de/templates/default.css" "Mozilla/5.0 (Windows NT 6.1; rv:30.0) Gecko/20100101 Firefox/30.0"
85.183.40.141 - - [08/Jul/2014:15:28:45 +0200] "GET /templates/img/nav.gif HTTP/1.1" 200 1501 "http://www.quartier-bb.de/templates/default.css" "Mozilla/5.0 (Windows NT 6.1; rv:30.0) Gecko/20100101 Firefox/30.0"
85.183.40.141 - - [08/Jul/2014:15:28:45 +0200] "GET /templates/img/two-columns.gif HTTP/1.1" 200 65 "http://www.quartier-bb.de/templates/default.css" "Mozilla/5.0 (Windows NT 6.1; rv:30.0) Gecko/20100101 Firefox/30.0"
85.183.40.141 - - [08/Jul/2014:15:28:45 +0200] "GET /templates/img/header.png HTTP/1.1" 200 134243 "http://www.quartier-bb.de/templates/default.css" "Mozilla/5.0 (Windows NT 6.1; rv:30.0) Gecko/20100101 Firefox/30.0"
85.183.40.141 - - [08/Jul/2014:15:28:46 +0200] "GET /templates/img/loading.gif HTTP/1.1" 200 2767 "http://www.quartier-bb.de/" "Mozilla/5.0 (Windows NT 6.1; rv:30.0) Gecko/20100101 Firefox/30.0"
85.183.40.141 - - [08/Jul/2014:15:28:46 +0200] "GET /templates/img/closelabel.gif HTTP/1.1" 200 649 "http://www.quartier-bb.de/" "Mozilla/5.0 (Windows NT 6.1; rv:30.0) Gecko/20100101 Firefox/30.0"
85.183.40.141 - - [08/Jul/2014:15:28:52 +0200] "GET /?impressum,15 HTTP/1.1" 200 5074 "http://www.quartier-bb.de/" "Mozilla/5.0 (Windows NT 6.1; rv:30.0) Gecko/20100101 Firefox/30.0"
85.183.40.141 - - [08/Jul/2014:15:29:38 +0200] "GET /?kontakt,8 HTTP/1.1" 200 4740 "http://www.quartier-bb.de/?impressum,15" "Mozilla/5.0 (Windows NT 6.1; rv:30.0) Gecko/20100101 Firefox/30.0"
85.183.40.141 - - [08/Jul/2014:15:29:43 +0200] "GET /?leistung,40 HTTP/1.1" 200 6966 "http://www.quartier-bb.de/?kontakt,8" "Mozilla/5.0 (Windows NT 6.1; rv:30.0) Gecko/20100101 Firefox/30.0"
85.183.40.141 - - [08/Jul/2014:15:29:55 +0200] "GET /?home,1 HTTP/1.1" 200 6711 "http://www.quartier-bb.de/?leistung,40" "Mozilla/5.0 (Windows NT 6.1; rv:30.0) Gecko/20100101 Firefox/30.0"
85.183.40.141 - - [08/Jul/2014:15:29:57 +0200] "GET /?unternehmen,35 HTTP/1.1" 200 5615 "http://www.quartier-bb.de/?home,1" "Mozilla/5.0 (Windows NT 6.1; rv:30.0) Gecko/20100101 Firefox/30.0"
95.91.223.139 - - [08/Jul/2014:18:13:56 +0200] "GET /?leistung,40 HTTP/1.1" 200 6966 "https://www.google.de/" "Mozilla/5.0 (Windows NT 6.1; WOW64) AppleWebKit/537.36 (KHTML, like Gecko) Chrome/35.0.1916.153 Safari/537.36"
95.91.223.139 - - [08/Jul/2014:18:13:56 +0200] "GET /core/common.js HTTP/1.1" 200 2364 "http://www.quartier-bb.de/?leistung,40" "Mozilla/5.0 (Windows NT 6.1; WOW64) AppleWebKit/537.36 (KHTML, like Gecko) Chrome/35.0.1916.153 Safari/537.36"
95.91.223.139 - - [08/Jul/2014:18:13:56 +0200] "GET /core/plugins.js HTTP/1.1" 200 28 "http://www.quartier-bb.de/?leistung,40" "Mozilla/5.0 (Windows NT 6.1; WOW64) AppleWebKit/537.36 (KHTML, like Gecko) Chrome/35.0.1916.153 Safari/537.36"
95.91.223.139 - - [08/Jul/2014:18:13:56 +0200] "GET /templates/default.css HTTP/1.1" 200 7156 "http://www.quartier-bb.de/?leistung,40" "Mozilla/5.0 (Windows NT 6.1; WOW64) AppleWebKit/537.36 (KHTML, like Gecko) Chrome/35.0.1916.153 Safari/537.36"
95.91.223.139 - - [08/Jul/2014:18:13:56 +0200] "GET /core/prototype.lite.js HTTP/1.1" 200 3335 "http://www.quartier-bb.de/?leistung,40" "Mozilla/5.0 (Windows NT 6.1; WOW64) AppleWebKit/537.36 (KHTML, like Gecko) Chrome/35.0.1916.153 Safari/537.36"
95.91.223.139 - - [08/Jul/2014:18:13:56 +0200] "GET /core/moo.fx.js HTTP/1.1" 200 3267 "http://www.quartier-bb.de/?leistung,40" "Mozilla/5.0 (Windows NT 6.1; WOW64) AppleWebKit/537.36 (KHTML, like Gecko) Chrome/35.0.1916.153 Safari/537.36"
95.91.223.139 - - [08/Jul/2014:18:13:56 +0200] "GET /files/top_left_basic.gif HTTP/1.1" 200 261 "http://www.quartier-bb.de/?leistung,40" "Mozilla/5.0 (Windows NT 6.1; WOW64) AppleWebKit/537.36 (KHTML, like Gecko) Chrome/35.0.1916.153 Safari/537.36"
95.91.223.139 - - [08/Jul/2014:18:13:56 +0200] "GET /core/litebox-1.0.js HTTP/1.1" 200 15581 "http://www.quartier-bb.de/?leistung,40" "Mozilla/5.0 (Windows NT 6.1; WOW64) AppleWebKit/537.36 (KHTML, like Gecko) Chrome/35.0.1916.153 Safari/537.36"
95.91.223.139 - - [08/Jul/2014:18:13:56 +0200] "GET /templates/img/logo.gif HTTP/1.1" 200 3859 "http://www.quartier-bb.de/?leistung,40" "Mozilla/5.0 (Windows NT 6.1; WOW64) AppleWebKit/537.36 (KHTML, like Gecko) Chrome/35.0.1916.153 Safari/537.36"
95.91.223.139 - - [08/Jul/2014:18:13:57 +0200] "GET /templates/plugins.css HTTP/1.1" 200 1931 "http://www.quartier-bb.de/?leistung,40" "Mozilla/5.0 (Windows NT 6.1; WOW64) AppleWebKit/537.36 (KHTML, like Gecko) Chrome/35.0.1916.153 Safari/537.36"
95.91.223.139 - - [08/Jul/2014:18:13:57 +0200] "GET /templates/img/loading.gif HTTP/1.1" 200 2767 "http://www.quartier-bb.de/?leistung,40" "Mozilla/5.0 (Windows NT 6.1; WOW64) AppleWebKit/537.36 (KHTML, like Gecko) Chrome/35.0.1916.153 Safari/537.36"
95.91.223.139 - - [08/Jul/2014:18:13:57 +0200] "GET /templates/img/closelabel.gif HTTP/1.1" 200 649 "http://www.quartier-bb.de/?leistung,40" "Mozilla/5.0 (Windows NT 6.1; WOW64) AppleWebKit/537.36 (KHTML, like Gecko) Chrome/35.0.1916.153 Safari/537.36"
95.91.223.139 - - [08/Jul/2014:18:13:57 +0200] "GET /templates/img/bg.jpg HTTP/1.1" 200 18814 "http://www.quartier-bb.de/?leistung,40" "Mozilla/5.0 (Windows NT 6.1; WOW64) AppleWebKit/537.36 (KHTML, like Gecko) Chrome/35.0.1916.153 Safari/537.36"
95.91.223.139 - - [08/Jul/2014:18:13:57 +0200] "GET /templates/img/points.gif HTTP/1.1" 200 62 "http://www.quartier-bb.de/?leistung,40" "Mozilla/5.0 (Windows NT 6.1; WOW64) AppleWebKit/537.36 (KHTML, like Gecko) Chrome/35.0.1916.153 Safari/537.36"
95.91.223.139 - - [08/Jul/2014:18:13:57 +0200] "GET /templates/img/nav.gif HTTP/1.1" 200 1501 "http://www.quartier-bb.de/?leistung,40" "Mozilla/5.0 (Windows NT 6.1; WOW64) AppleWebKit/537.36 (KHTML, like Gecko) Chrome/35.0.1916.153 Safari/537.36"
95.91.223.139 - - [08/Jul/2014:18:13:57 +0200] "GET /templates/img/two-columns.gif HTTP/1.1" 200 65 "http://www.quartier-bb.de/?leistung,40" "Mozilla/5.0 (Windows NT 6.1; WOW64) AppleWebKit/537.36 (KHTML, like Gecko) Chrome/35.0.1916.153 Safari/537.36"
95.91.223.139 - - [08/Jul/2014:18:13:57 +0200] "GET /templates/img/header.png HTTP/1.1" 200 134243 "http://www.quartier-bb.de/?leistung,40" "Mozilla/5.0 (Windows NT 6.1; WOW64) AppleWebKit/537.36 (KHTML, like Gecko) Chrome/35.0.1916.153 Safari/537.36"
95.91.223.139 - - [08/Jul/2014:18:13:57 +0200] "GET /favicon.ico HTTP/1.1" 200 2602 "-" "Mozilla/5.0 (Windows NT 6.1; WOW64) AppleWebKit/537.36 (KHTML, like Gecko) Chrome/35.0.1916.153 Safari/537.36"
207.46.13.75 - - [08/Jul/2014:20:50:07 +0200] "GET /robots.txt HTTP/1.1" 404 1256 "-" "Mozilla/5.0 (compatible; bingbot/2.0; +http://www.bing.com/bingbot.htm)"
207.46.13.75 - - [08/Jul/2014:20:50:19 +0200] "GET / HTTP/1.1" 200 6711 "-" "Mozilla/5.0 (compatible; bingbot/2.0; +http://www.bing.com/bingbot.htm)"
66.249.78.209 - - [08/Jul/2014:23:08:21 +0200] "GET /robots.txt HTTP/1.1" 404 1256 "-" "Mozilla/5.0 (compatible; Googlebot/2.1; +http://www.google.com/bot.html)"
66.249.78.27 - - [08/Jul/2014:23:08:21 +0200] "GET /?leistung,40 HTTP/1.1" 200 6966 "-" "Mozilla/5.0 (compatible; Googlebot/2.1; +http://www.google.com/bot.html)"
207.46.13.15 - - [08/Jul/2014:23:30:12 +0200] "GET /?unternehmen,35 HTTP/1.1" 200 5615 "-" "Mozilla/5.0 (compatible; bingbot/2.0; +http://www.bing.com/bingbot.htm)"
207.46.13.32 - - [08/Jul/2014:23:30:26 +0200] "GET /core/moo.fx.js HTTP/1.1" 200 3267 "-" "Mozilla/5.0 (compatible; bingbot/2.0; +http://www.bing.com/bingbot.htm)"
207.46.13.32 - - [08/Jul/2014:23:30:26 +0200] "GET /core/plugins.js HTTP/1.1" 200 28 "-" "Mozilla/5.0 (compatible; bingbot/2.0; +http://www.bing.com/bingbot.htm)"
207.46.13.32 - - [08/Jul/2014:23:30:26 +0200] "GET /templates/default.css HTTP/1.1" 200 7156 "-" "Mozilla/5.0 (compatible; bingbot/2.0; +http://www.bing.com/bingbot.htm)"
207.46.13.15 - - [08/Jul/2014:23:30:31 +0200] "GET /core/common.js HTTP/1.1" 200 2364 "-" "Mozilla/5.0 (compatible; bingbot/2.0; +http://www.bing.com/bingbot.htm)"
157.55.39.62 - - [08/Jul/2014:23:30:35 +0200] "GET /core/prototype.lite.js HTTP/1.1" 200 3335 "-" "Mozilla/5.0 (compatible; bingbot/2.0; +http://www.bing.com/bingbot.htm)"
157.55.39.62 - - [08/Jul/2014:23:30:36 +0200] "GET /core/litebox-1.0.js HTTP/1.1" 200 15581 "-" "Mozilla/5.0 (compatible; bingbot/2.0; +http://www.bing.com/bingbot.htm)"
207.46.13.75 - - [08/Jul/2014:23:30:47 +0200] "GET /robots.txt HTTP/1.1" 404 1256 "-" "Mozilla/5.0 (compatible; bingbot/2.0; +http://www.bing.com/bingbot.htm)"
207.46.13.75 - - [08/Jul/2014:23:30:47 +0200] "GET /robots.txt HTTP/1.1" 404 1256 "-" "Mozilla/5.0 (compatible; bingbot/2.0; +http://www.bing.com/bingbot.htm)"
66.249.78.27 - - [09/Jul/2014:00:30:20 +0200] "GET /templates/plugins.css HTTP/1.1" 200 1931 "-" "Mozilla/5.0 (compatible; Googlebot/2.1; +http://www.google.com/bot.html)"
66.249.78.27 - - [09/Jul/2014:00:30:21 +0200] "GET /templates/default.css HTTP/1.1" 200 7156 "-" "Mozilla/5.0 (compatible; Googlebot/2.1; +http://www.google.com/bot.html)"
66.249.78.27 - - [09/Jul/2014:00:31:25 +0200] "GET /?unternehmen,35 HTTP/1.1" 200 5615 "-" "Mozilla/5.0 (compatible; Googlebot/2.1; +http://www.google.com/bot.html)"
207.46.13.15 - - [09/Jul/2014:00:31:39 +0200] "GET /templates/plugins.css HTTP/1.1" 200 1931 "-" "Mozilla/5.0 (compatible; bingbot/2.0; +http://www.bing.com/bingbot.htm)"
37.58.100.92 - - [09/Jul/2014:01:39:59 +0200] "GET /robots.txt HTTP/1.1" 404 1256 "-" "Mozilla/5.0 (compatible; AhrefsBot/5.0; +http://ahrefs.com/robot/)"
66.249.78.27 - - [09/Jul/2014:02:16:41 +0200] "GET / HTTP/1.1" 200 6711 "-" "Mozilla/5.0 (compatible; Googlebot/2.1; +http://www.google.com/bot.html)"
178.77.126.55 - - [09/Jul/2014:03:30:34 +0200] "GET /robots.txt HTTP/1.1" 404 1256 "-" "Mozilla/5.0 (compatible; CareerBot/1.1; +http://www.career-x.de/bot.html)"
178.77.126.55 - - [09/Jul/2014:03:30:34 +0200] "GET / HTTP/1.1" 200 6711 "-" "Mozilla/5.0 (compatible; CareerBot/1.1; +http://www.career-x.de/bot.html)"
178.77.126.55 - - [09/Jul/2014:03:30:34 +0200] "GET /?unternehmen,35 HTTP/1.1" 200 5615 "-" "Mozilla/5.0 (compatible; CareerBot/1.1; +http://www.career-x.de/bot.html)"
66.249.78.27 - - [09/Jul/2014:03:56:23 +0200] "GET /?impressum,15 HTTP/1.1" 200 5074 "-" "Mozilla/5.0 (compatible; Googlebot/2.1; +http://www.google.com/bot.html)"
207.46.13.75 - - [09/Jul/2014:05:21:43 +0200] "GET /?kontakt,8 HTTP/1.1" 200 4740 "-" "Mozilla/5.0 (compatible; bingbot/2.0; +http://www.bing.com/bingbot.htm)"
207.46.13.15 - - [09/Jul/2014:05:21:59 +0200] "GET /core/common.js HTTP/1.1" 200 2364 "-" "Mozilla/5.0 (compatible; bingbot/2.0; +http://www.bing.com/bingbot.htm)"
157.55.39.62 - - [09/Jul/2014:05:22:04 +0200] "GET /core/litebox-1.0.js HTTP/1.1" 200 15581 "-" "Mozilla/5.0 (compatible; bingbot/2.0; +http://www.bing.com/bingbot.htm)"
157.55.39.62 - - [09/Jul/2014:05:22:04 +0200] "GET /core/prototype.lite.js HTTP/1.1" 200 3335 "-" "Mozilla/5.0 (compatible; bingbot/2.0; +http://www.bing.com/bingbot.htm)"
