141.8.141.134 - - [14/Jul/2018:06:02:47 +0200] "GET /robots.txt HTTP/1.1" 404 1256 "-" "Mozilla/5.0 (compatible; YandexBot/3.0; +http://yandex.com/bots)"
87.250.244.7 - - [14/Jul/2018:06:02:51 +0200] "GET /favicon.ico HTTP/1.1" 200 894 "-" "Mozilla/5.0 (compatible; YandexBot/3.0; +http://yandex.com/bots)"
54.36.150.107 - - [14/Jul/2018:06:13:48 +0200] "GET /robots.txt HTTP/1.1" 404 1256 "-" "Mozilla/5.0 (compatible; AhrefsBot/5.2; +http://ahrefs.com/robot/)"
54.36.148.148 - - [14/Jul/2018:06:13:49 +0200] "GET /seiten/partner.htm HTTP/1.1" 200 9458 "-" "Mozilla/5.0 (compatible; AhrefsBot/5.2; +http://ahrefs.com/robot/)"
66.249.69.220 - - [14/Jul/2018:07:24:17 +0200] "GET / HTTP/1.1" 200 7903 "-" "Mozilla/5.0 (Linux; Android 6.0.1; Nexus 5X Build/MMB29P) AppleWebKit/537.36 (KHTML, like Gecko) Chrome/41.0.2272.96 Mobile Safari/537.36 (compatible; Googlebot/2.1; +http://www.google.com/bot.html)"
66.249.69.222 - - [14/Jul/2018:07:24:55 +0200] "GET /css/style.css HTTP/1.1" 200 3549 "http://www.prokommunal.de/" "Mozilla/5.0 (Linux; Android 6.0.1; Nexus 5X Build/MMB29P) AppleWebKit/537.36 (KHTML, like Gecko) Chrome/41.0.2272.96 Mobile Safari/537.36 (compatible; Googlebot/2.1; +http://www.google.com/bot.html)"
52.53.201.78 - - [14/Jul/2018:09:33:41 +0200] "GET / HTTP/1.1" 200 7903 "-" "Mozilla/5.0 (Macintosh; Intel Mac OS X 10_12_6) AppleWebKit/537.36 (KHTML, like Gecko) Chrome/61.0.3163.100 Safari/537.36"
66.249.69.220 - - [14/Jul/2018:09:34:17 +0200] "GET / HTTP/1.1" 200 7903 "-" "Mozilla/5.0 (Linux; Android 6.0.1; Nexus 5X Build/MMB29P) AppleWebKit/537.36 (KHTML, like Gecko) Chrome/41.0.2272.96 Mobile Safari/537.36 (compatible; Googlebot/2.1; +http://www.google.com/bot.html)"
54.36.148.253 - - [14/Jul/2018:10:03:02 +0200] "GET /seiten/fahrlehrerwesen.htm HTTP/1.1" 200 7168 "-" "Mozilla/5.0 (compatible; AhrefsBot/5.2; +http://ahrefs.com/robot/)"
66.249.69.192 - - [14/Jul/2018:11:54:18 +0200] "GET /robots.txt HTTP/1.1" 404 1256 "-" "Mozilla/5.0 (compatible; Googlebot/2.1; +http://www.google.com/bot.html)"
66.249.69.192 - - [14/Jul/2018:11:54:18 +0200] "GET / HTTP/1.1" 200 7903 "-" "Mozilla/5.0 (Linux; Android 6.0.1; Nexus 5X Build/MMB29P) AppleWebKit/537.36 (KHTML, like Gecko) Chrome/41.0.2272.96 Mobile Safari/537.36 (compatible; Googlebot/2.1; +http://www.google.com/bot.html)"
188.165.200.217 - - [14/Jul/2018:13:58:16 +0200] "HEAD / HTTP/1.1" 200 - "-" "Mozilla/4.0 (compatible; MSIE 5.01; Windows NT 5.0)"
141.8.141.131 - - [14/Jul/2018:14:47:25 +0200] "GET /robots.txt HTTP/1.1" 404 1256 "-" "Mozilla/5.0 (compatible; YandexBot/3.0; +http://yandex.com/bots)"
141.8.141.131 - - [14/Jul/2018:14:47:28 +0200] "GET /favicon.ico HTTP/1.1" 200 894 "-" "Mozilla/5.0 (compatible; YandexBot/3.0; +http://yandex.com/bots)"
5.9.145.132 - - [14/Jul/2018:17:49:04 +0200] "GET / HTTP/1.1" 200 7903 "-" "Mozilla/5.0 (Windows NT 6.3; Win64; x64; rv:57.0) Gecko/20100101 Firefox/57.0"
5.9.145.132 - - [14/Jul/2018:17:49:39 +0200] "GET /seiten/produkte.htm HTTP/1.1" 200 9105 "-" "Mozilla/5.0 (Macintosh; Intel Mac OS X 10_13_2) AppleWebKit/604.4.7 (KHTML, like Gecko) Version/11.0.2 Safari/604.4.7"
5.9.145.132 - - [14/Jul/2018:17:49:51 +0200] "GET /seiten/impr.htm HTTP/1.1" 200 8696 "-" "Mozilla/5.0 (Windows NT 6.1; Win64; x64) AppleWebKit/537.36 (KHTML, like Gecko) Chrome/63.0.3239.84 Safari/537.36"
5.9.145.132 - - [14/Jul/2018:17:49:51 +0200] "GET /seiten/kontakt.php HTTP/1.1" 200 12788 "-" "Mozilla/5.0 (compatible; MSIE 10.0; Windows NT 6.1; WOW64; Trident/6.0)"
66.249.69.192 - - [14/Jul/2018:18:49:27 +0200] "GET / HTTP/1.1" 200 7903 "-" "Mozilla/5.0 (compatible; Googlebot/2.1; +http://www.google.com/bot.html)"
66.249.69.222 - - [14/Jul/2018:20:07:15 +0200] "GET / HTTP/1.1" 200 7903 "-" "Mozilla/5.0 (Linux; Android 6.0.1; Nexus 5X Build/MMB29P) AppleWebKit/537.36 (KHTML, like Gecko) Chrome/41.0.2272.96 Mobile Safari/537.36 (compatible; Googlebot/2.1; +http://www.google.com/bot.html)"
169.54.244.84 - - [14/Jul/2018:20:18:13 +0200] "GET / HTTP/1.1" 200 7903 "-" "-"
45.55.207.227 - - [14/Jul/2018:20:27:34 +0200] "GET / HTTP/1.1" 200 7903 "http://www.prokommunal-berlin.de" "Mozilla/5.0 (X11; Datanyze; Linux x86_64) AppleWebKit/537.36 (KHTML, like Gecko) Chrome/65.0.3325.181 Safari/537.36"
45.55.207.227 - - [14/Jul/2018:20:27:38 +0200] "GET /./scripte/basics.js HTTP/1.1" 200 198 "-" "Mozilla/5.0 (X11; Datanyze; Linux x86_64) AppleWebKit/537.36 (KHTML, like Gecko) Chrome/65.0.3325.181 Safari/537.36"
45.55.207.227 - - [14/Jul/2018:20:27:38 +0200] "GET /./css/style.css HTTP/1.1" 200 3549 "-" "Mozilla/5.0 (X11; Datanyze; Linux x86_64) AppleWebKit/537.36 (KHTML, like Gecko) Chrome/65.0.3325.181 Safari/537.36"
45.55.207.227 - - [14/Jul/2018:20:27:48 +0200] "GET /robots.txt HTTP/1.1" 404 1256 "-" "Mozilla/5.0 (compatible; MSIE 9.0; Windows NT 6.1; WOW64; Trident/5.0)"
45.55.207.227 - - [14/Jul/2018:20:27:52 +0200] "GET /seiten/service.htm HTTP/1.1" 200 9936 "http://www.prokommunal-berlin.de" "Mozilla/5.0 (X11; Datanyze; Linux x86_64) AppleWebKit/537.36 (KHTML, like Gecko) Chrome/65.0.3325.181 Safari/537.36"
45.55.207.227 - - [14/Jul/2018:20:27:53 +0200] "GET /seiten/partner.htm HTTP/1.1" 200 9458 "http://www.prokommunal-berlin.de" "Mozilla/5.0 (X11; Datanyze; Linux x86_64) AppleWebKit/537.36 (KHTML, like Gecko) Chrome/65.0.3325.181 Safari/537.36"
45.55.207.227 - - [14/Jul/2018:20:27:52 +0200] "GET /seiten/referenzen.htm HTTP/1.1" 200 41688 "http://www.prokommunal-berlin.de" "Mozilla/5.0 (X11; Datanyze; Linux x86_64) AppleWebKit/537.36 (KHTML, like Gecko) Chrome/65.0.3325.181 Safari/537.36"
45.55.207.227 - - [14/Jul/2018:20:27:53 +0200] "GET /seiten/produkte.htm HTTP/1.1" 200 9105 "http://www.prokommunal-berlin.de" "Mozilla/5.0 (X11; Datanyze; Linux x86_64) AppleWebKit/537.36 (KHTML, like Gecko) Chrome/65.0.3325.181 Safari/537.36"
45.55.207.227 - - [14/Jul/2018:20:27:53 +0200] "GET /seiten/kontakt.php HTTP/1.1" 200 12788 "http://www.prokommunal-berlin.de" "Mozilla/5.0 (X11; Datanyze; Linux x86_64) AppleWebKit/537.36 (KHTML, like Gecko) Chrome/65.0.3325.181 Safari/537.36"
45.55.207.227 - - [14/Jul/2018:20:27:56 +0200] "GET /css/style.css HTTP/1.1" 200 3549 "-" "Mozilla/5.0 (X11; Datanyze; Linux x86_64) AppleWebKit/537.36 (KHTML, like Gecko) Chrome/65.0.3325.181 Safari/537.36"
45.55.207.227 - - [14/Jul/2018:20:27:56 +0200] "GET /scripte/basics.js HTTP/1.1" 200 198 "-" "Mozilla/5.0 (X11; Datanyze; Linux x86_64) AppleWebKit/537.36 (KHTML, like Gecko) Chrome/65.0.3325.181 Safari/537.36"
45.55.207.227 - - [14/Jul/2018:20:27:56 +0200] "GET /css/style.css HTTP/1.1" 200 3549 "-" "Mozilla/5.0 (X11; Datanyze; Linux x86_64) AppleWebKit/537.36 (KHTML, like Gecko) Chrome/65.0.3325.181 Safari/537.36"
45.55.207.227 - - [14/Jul/2018:20:27:56 +0200] "GET /seiten/databund.html HTTP/1.1" 200 9125 "http://www.prokommunal-berlin.de" "Mozilla/5.0 (X11; Datanyze; Linux x86_64) AppleWebKit/537.36 (KHTML, like Gecko) Chrome/65.0.3325.181 Safari/537.36"
45.55.207.227 - - [14/Jul/2018:20:27:56 +0200] "GET /seiten/impr.htm HTTP/1.1" 200 8696 "http://www.prokommunal-berlin.de" "Mozilla/5.0 (X11; Datanyze; Linux x86_64) AppleWebKit/537.36 (KHTML, like Gecko) Chrome/65.0.3325.181 Safari/537.36"
45.55.207.227 - - [14/Jul/2018:20:27:56 +0200] "GET /scripte/basics.js HTTP/1.1" 200 198 "-" "Mozilla/5.0 (X11; Datanyze; Linux x86_64) AppleWebKit/537.36 (KHTML, like Gecko) Chrome/65.0.3325.181 Safari/537.36"
45.55.207.227 - - [14/Jul/2018:20:27:56 +0200] "GET /scripte/basics.js HTTP/1.1" 200 198 "-" "Mozilla/5.0 (X11; Datanyze; Linux x86_64) AppleWebKit/537.36 (KHTML, like Gecko) Chrome/65.0.3325.181 Safari/537.36"
45.55.207.227 - - [14/Jul/2018:20:27:56 +0200] "GET /css/style.css HTTP/1.1" 200 3549 "-" "Mozilla/5.0 (X11; Datanyze; Linux x86_64) AppleWebKit/537.36 (KHTML, like Gecko) Chrome/65.0.3325.181 Safari/537.36"
45.55.207.227 - - [14/Jul/2018:20:27:56 +0200] "GET /scripte/basics.js HTTP/1.1" 200 198 "-" "Mozilla/5.0 (X11; Datanyze; Linux x86_64) AppleWebKit/537.36 (KHTML, like Gecko) Chrome/65.0.3325.181 Safari/537.36"
45.55.207.227 - - [14/Jul/2018:20:27:56 +0200] "GET /css/style.css HTTP/1.1" 200 3549 "-" "Mozilla/5.0 (X11; Datanyze; Linux x86_64) AppleWebKit/537.36 (KHTML, like Gecko) Chrome/65.0.3325.181 Safari/537.36"
45.55.207.227 - - [14/Jul/2018:20:27:56 +0200] "GET /css/style.css HTTP/1.1" 200 3549 "-" "Mozilla/5.0 (X11; Datanyze; Linux x86_64) AppleWebKit/537.36 (KHTML, like Gecko) Chrome/65.0.3325.181 Safari/537.36"
45.55.207.227 - - [14/Jul/2018:20:27:57 +0200] "GET /scripte/basics.js HTTP/1.1" 200 198 "-" "Mozilla/5.0 (X11; Datanyze; Linux x86_64) AppleWebKit/537.36 (KHTML, like Gecko) Chrome/65.0.3325.181 Safari/537.36"
66.249.69.222 - - [14/Jul/2018:21:07:59 +0200] "GET /css/style.css HTTP/1.1" 200 3549 "http://www.prokommunal.de/" "Mozilla/5.0 (Linux; Android 6.0.1; Nexus 5X Build/MMB29P) AppleWebKit/537.36 (KHTML, like Gecko) Chrome/41.0.2272.96 Mobile Safari/537.36 (compatible; Googlebot/2.1; +http://www.google.com/bot.html)"
213.248.250.196 - - [14/Jul/2018:21:13:50 +0200] "HEAD / HTTP/1.1" 200 - "-" "http://www.nominet.org.uk/privacypolicy"
213.248.250.196 - - [14/Jul/2018:21:13:50 +0200] "GET /robots.txt HTTP/1.1" 404 1256 "-" "http://www.nominet.org.uk/privacypolicy"
213.248.250.196 - - [14/Jul/2018:21:13:50 +0200] "GET / HTTP/1.1" 200 7903 "-" "http://www.nominet.org.uk/privacypolicy"
52.53.201.78 - - [14/Jul/2018:22:24:16 +0200] "GET / HTTP/1.1" 200 7903 "-" "Mozilla/5.0 (Macintosh; Intel Mac OS X 10_12_6) AppleWebKit/537.36 (KHTML, like Gecko) Chrome/61.0.3163.100 Safari/537.36"
66.249.69.220 - - [14/Jul/2018:22:58:42 +0200] "GET / HTTP/1.1" 200 7903 "-" "Mozilla/5.0 (compatible; Googlebot/2.1; +http://www.google.com/bot.html)"
46.229.168.85 - - [14/Jul/2018:23:45:18 +0200] "GET /robots.txt HTTP/1.1" 404 1256 "-" "Mozilla/5.0 (compatible; SemrushBot/2~bl; +http://www.semrush.com/bot.html)"
46.229.168.78 - - [14/Jul/2018:23:45:25 +0200] "GET /seiten/service.htm HTTP/1.1" 200 9936 "-" "Mozilla/5.0 (compatible; SemrushBot/2~bl; +http://www.semrush.com/bot.html)"
141.8.141.131 - - [14/Jul/2018:23:52:14 +0200] "GET /robots.txt HTTP/1.1" 404 1256 "-" "Mozilla/5.0 (compatible; YandexBot/3.0; +http://yandex.com/bots)"
141.8.141.134 - - [14/Jul/2018:23:52:14 +0200] "GET /robots.txt HTTP/1.1" 404 1256 "-" "Mozilla/5.0 (compatible; YandexBot/3.0; +http://yandex.com/bots)"
87.250.244.7 - - [14/Jul/2018:23:52:14 +0200] "GET /robots.txt HTTP/1.1" 404 1256 "-" "Mozilla/5.0 (compatible; YandexBot/3.0; +http://yandex.com/bots)"
141.8.141.131 - - [14/Jul/2018:23:52:18 +0200] "GET / HTTP/1.1" 200 7903 "-" "Mozilla/5.0 (compatible; YandexBot/3.0; +http://yandex.com/bots)"
141.8.141.131 - - [14/Jul/2018:23:52:18 +0200] "GET / HTTP/1.1" 200 7903 "-" "Mozilla/5.0 (compatible; YandexBot/3.0; +http://yandex.com/bots)"
141.8.141.134 - - [14/Jul/2018:23:52:18 +0200] "GET / HTTP/1.1" 200 7903 "-" "Mozilla/5.0 (compatible; YandexBot/3.0; +http://yandex.com/bots)"
66.249.69.222 - - [15/Jul/2018:00:21:55 +0200] "GET /robots.txt HTTP/1.1" 404 1256 "-" "Mozilla/5.0 (compatible; Googlebot/2.1; +http://www.google.com/bot.html)"
66.249.69.222 - - [15/Jul/2018:00:21:55 +0200] "GET / HTTP/1.1" 200 7903 "-" "Mozilla/5.0 (Linux; Android 6.0.1; Nexus 5X Build/MMB29P) AppleWebKit/537.36 (KHTML, like Gecko) Chrome/41.0.2272.96 Mobile Safari/537.36 (compatible; Googlebot/2.1; +http://www.google.com/bot.html)"
66.249.69.222 - - [15/Jul/2018:02:12:34 +0200] "GET / HTTP/1.1" 200 7903 "-" "Mozilla/5.0 (Linux; Android 6.0.1; Nexus 5X Build/MMB29P) AppleWebKit/537.36 (KHTML, like Gecko) Chrome/41.0.2272.96 Mobile Safari/537.36 (compatible; Googlebot/2.1; +http://www.google.com/bot.html)"
46.229.168.78 - - [15/Jul/2018:02:35:19 +0200] "GET /robots.txt HTTP/1.1" 404 1256 "-" "Mozilla/5.0 (compatible; SemrushBot/2~bl; +http://www.semrush.com/bot.html)"
46.229.168.84 - - [15/Jul/2018:02:35:25 +0200] "GET / HTTP/1.1" 200 7903 "-" "Mozilla/5.0 (compatible; SemrushBot/2~bl; +http://www.semrush.com/bot.html)"
46.229.168.81 - - [15/Jul/2018:03:09:24 +0200] "GET /seiten/fsw.htm HTTP/1.1" 200 9961 "-" "Mozilla/5.0 (compatible; SemrushBot/2~bl; +http://www.semrush.com/bot.html)"
141.8.141.131 - - [15/Jul/2018:04:16:27 +0200] "GET /robots.txt HTTP/1.1" 404 1256 "-" "Mozilla/5.0 (compatible; YandexBot/3.0; +http://yandex.com/bots)"
141.8.141.131 - - [15/Jul/2018:04:16:30 +0200] "GET /favicon.ico HTTP/1.1" 200 894 "-" "Mozilla/5.0 (compatible; YandexBot/3.0; +http://yandex.com/bots)"
66.249.69.220 - - [15/Jul/2018:06:07:58 +0200] "GET / HTTP/1.1" 200 7903 "-" "Mozilla/5.0 (Linux; Android 6.0.1; Nexus 5X Build/MMB29P) AppleWebKit/537.36 (KHTML, like Gecko) Chrome/41.0.2272.96 Mobile Safari/537.36 (compatible; Googlebot/2.1; +http://www.google.com/bot.html)"
138.201.30.66 - - [15/Jul/2018:06:43:54 +0200] "GET /robots.txt HTTP/1.1" 404 1256 "-" "Mozilla/5.0 (compatible; SEOkicks; +https://www.seokicks.de/robot.html)"
138.201.30.66 - - [15/Jul/2018:06:43:56 +0200] "GET / HTTP/1.1" 200 7903 "-" "Mozilla/5.0 (compatible; SEOkicks; +https://www.seokicks.de/robot.html)"
138.201.30.66 - - [15/Jul/2018:06:43:57 +0200] "GET /seiten/produkte.htm HTTP/1.1" 200 9105 "http://www.prokommunal.de/" "Mozilla/5.0 (compatible; SEOkicks; +https://www.seokicks.de/robot.html)"
138.201.30.66 - - [15/Jul/2018:06:43:59 +0200] "GET /seiten/partner.htm HTTP/1.1" 200 9458 "http://www.prokommunal.de/" "Mozilla/5.0 (compatible; SEOkicks; +https://www.seokicks.de/robot.html)"
138.201.30.66 - - [15/Jul/2018:06:44:00 +0200] "GET /seiten/referenzen.htm HTTP/1.1" 200 41688 "http://www.prokommunal.de/" "Mozilla/5.0 (compatible; SEOkicks; +https://www.seokicks.de/robot.html)"
138.201.30.66 - - [15/Jul/2018:06:44:01 +0200] "GET /seiten/service.htm HTTP/1.1" 200 9936 "http://www.prokommunal.de/" "Mozilla/5.0 (compatible; SEOkicks; +https://www.seokicks.de/robot.html)"
138.201.30.66 - - [15/Jul/2018:06:44:02 +0200] "GET /seiten/kontakt.php HTTP/1.1" 200 12788 "http://www.prokommunal.de/" "Mozilla/5.0 (compatible; SEOkicks; +https://www.seokicks.de/robot.html)"
138.201.30.66 - - [15/Jul/2018:06:44:03 +0200] "GET /seiten/impr.htm HTTP/1.1" 200 8696 "http://www.prokommunal.de/" "Mozilla/5.0 (compatible; SEOkicks; +https://www.seokicks.de/robot.html)"
138.201.30.66 - - [15/Jul/2018:06:44:04 +0200] "GET /seiten/databund.html HTTP/1.1" 200 9125 "http://www.prokommunal.de/" "Mozilla/5.0 (compatible; SEOkicks; +https://www.seokicks.de/robot.html)"
66.249.69.192 - - [15/Jul/2018:07:58:29 +0200] "GET / HTTP/1.1" 200 7903 "-" "Mozilla/5.0 (Linux; Android 6.0.1; Nexus 5X Build/MMB29P) AppleWebKit/537.36 (KHTML, like Gecko) Chrome/41.0.2272.96 Mobile Safari/537.36 (compatible; Googlebot/2.1; +http://www.google.com/bot.html)"
46.229.168.69 - - [15/Jul/2018:08:39:28 +0200] "GET /robots.txt HTTP/1.1" 404 1256 "-" "Mozilla/5.0 (compatible; SemrushBot/2~bl; +http://www.semrush.com/bot.html)"
46.229.168.85 - - [15/Jul/2018:08:39:36 +0200] "GET /seiten/service.htm HTTP/1.1" 200 9936 "-" "Mozilla/5.0 (compatible; SemrushBot/2~bl; +http://www.semrush.com/bot.html)"
46.229.168.74 - - [15/Jul/2018:10:34:56 +0200] "GET /robots.txt HTTP/1.1" 404 1256 "-" "Mozilla/5.0 (compatible; SemrushBot/2~bl; +http://www.semrush.com/bot.html)"
46.229.168.82 - - [15/Jul/2018:10:35:03 +0200] "GET /seiten/fsw.htm HTTP/1.1" 200 9961 "-" "Mozilla/5.0 (compatible; SemrushBot/2~bl; +http://www.semrush.com/bot.html)"
157.55.39.1 - - [15/Jul/2018:10:49:59 +0200] "GET /robots.txt HTTP/1.1" 404 1256 "-" "Mozilla/5.0 (compatible; bingbot/2.0; +http://www.bing.com/bingbot.htm)"
207.46.13.72 - - [15/Jul/2018:10:50:04 +0200] "GET / HTTP/1.1" 200 7903 "-" "Mozilla/5.0 (iPhone; CPU iPhone OS 7_0 like Mac OS X) AppleWebKit/537.51.1 (KHTML, like Gecko) Version/7.0 Mobile/11A465 Safari/9537.53 (compatible; bingbot/2.0; +http://www.bing.com/bingbot.htm)"
66.249.69.222 - - [15/Jul/2018:10:52:40 +0200] "GET / HTTP/1.1" 200 7903 "-" "Mozilla/5.0 (Linux; Android 6.0.1; Nexus 5X Build/MMB29P) AppleWebKit/537.36 (KHTML, like Gecko) Chrome/41.0.2272.96 Mobile Safari/537.36 (compatible; Googlebot/2.1; +http://www.google.com/bot.html)"
46.229.168.76 - - [15/Jul/2018:11:23:05 +0200] "GET /robots.txt HTTP/1.1" 404 1256 "-" "Mozilla/5.0 (compatible; SemrushBot/2~bl; +http://www.semrush.com/bot.html)"
46.229.168.70 - - [15/Jul/2018:11:23:11 +0200] "GET /seiten/kontroll.htm HTTP/1.1" 200 6599 "-" "Mozilla/5.0 (compatible; SemrushBot/2~bl; +http://www.semrush.com/bot.html)"
218.66.74.243 - - [15/Jul/2018:13:39:58 +0200] "GET /content-post.php HTTP/1.1" 404 1256 "-" "-"
218.66.74.243 - - [15/Jul/2018:13:45:56 +0200] "GET /content-post.php HTTP/1.1" 404 1256 "-" "-"
46.229.168.85 - - [15/Jul/2018:14:11:40 +0200] "GET /robots.txt HTTP/1.1" 404 1256 "-" "Mozilla/5.0 (compatible; SemrushBot/2~bl; +http://www.semrush.com/bot.html)"
46.229.168.76 - - [15/Jul/2018:14:11:47 +0200] "GET /seiten/fahrlehrerwesen.htm HTTP/1.1" 200 7168 "-" "Mozilla/5.0 (compatible; SemrushBot/2~bl; +http://www.semrush.com/bot.html)"
52.53.201.78 - - [15/Jul/2018:14:57:37 +0200] "GET / HTTP/1.1" 200 7903 "-" "Mozilla/5.0 (Macintosh; Intel Mac OS X 10_12_6) AppleWebKit/537.36 (KHTML, like Gecko) Chrome/61.0.3163.100 Safari/537.36"
66.249.69.220 - - [15/Jul/2018:16:05:39 +0200] "GET /robots.txt HTTP/1.1" 404 1256 "-" "Mozilla/5.0 (compatible; Googlebot/2.1; +http://www.google.com/bot.html)"
66.249.69.220 - - [15/Jul/2018:16:05:39 +0200] "GET / HTTP/1.1" 200 7903 "-" "Mozilla/5.0 (Linux; Android 6.0.1; Nexus 5X Build/MMB29P) AppleWebKit/537.36 (KHTML, like Gecko) Chrome/41.0.2272.96 Mobile Safari/537.36 (compatible; Googlebot/2.1; +http://www.google.com/bot.html)"
180.76.15.18 - - [15/Jul/2018:16:40:52 +0200] "GET /seiten/impr.htm HTTP/1.1" 200 8696 "-" "Mozilla/5.0 (compatible; Baiduspider/2.0; +http://www.baidu.com/search/spider.html)"
180.76.15.142 - - [15/Jul/2018:17:14:12 +0200] "GET / HTTP/1.1" 200 7903 "-" "Mozilla/5.0 (compatible; Baiduspider/2.0; +http://www.baidu.com/search/spider.html)"
66.249.69.220 - - [15/Jul/2018:17:28:44 +0200] "GET / HTTP/1.1" 200 7903 "-" "Mozilla/5.0 (Linux; Android 6.0.1; Nexus 5X Build/MMB29P) AppleWebKit/537.36 (KHTML, like Gecko) Chrome/41.0.2272.96 Mobile Safari/537.36 (compatible; Googlebot/2.1; +http://www.google.com/bot.html)"
218.66.74.82 - - [15/Jul/2018:17:45:04 +0200] "GET /content-post.php HTTP/1.1" 404 1256 "-" "-"
141.8.141.131 - - [15/Jul/2018:17:55:13 +0200] "GET /robots.txt HTTP/1.1" 404 1256 "-" "Mozilla/5.0 (compatible; YandexBot/3.0; +http://yandex.com/bots)"
141.8.141.131 - - [15/Jul/2018:17:55:17 +0200] "GET /favicon.ico HTTP/1.1" 200 894 "-" "Mozilla/5.0 (compatible; YandexBot/3.0; +http://yandex.com/bots)"
46.229.168.69 - - [15/Jul/2018:18:20:26 +0200] "GET /robots.txt HTTP/1.1" 404 1256 "-" "Mozilla/5.0 (compatible; SemrushBot/2~bl; +http://www.semrush.com/bot.html)"
46.229.168.73 - - [15/Jul/2018:18:20:32 +0200] "GET /seiten/fahrlehrerwesen.htm HTTP/1.1" 200 7168 "-" "Mozilla/5.0 (compatible; SemrushBot/2~bl; +http://www.semrush.com/bot.html)"
46.229.168.70 - - [15/Jul/2018:18:28:14 +0200] "GET /robots.txt HTTP/1.1" 404 1256 "-" "Mozilla/5.0 (compatible; SemrushBot/2~bl; +http://www.semrush.com/bot.html)"
46.229.168.76 - - [15/Jul/2018:18:28:23 +0200] "GET /seiten/kontakt.php HTTP/1.1" 200 12788 "-" "Mozilla/5.0 (compatible; SemrushBot/2~bl; +http://www.semrush.com/bot.html)"
66.249.69.220 - - [15/Jul/2018:19:00:01 +0200] "GET / HTTP/1.1" 200 7903 "-" "Mozilla/5.0 (Linux; Android 6.0.1; Nexus 5X Build/MMB29P) AppleWebKit/537.36 (KHTML, like Gecko) Chrome/41.0.2272.96 Mobile Safari/537.36 (compatible; Googlebot/2.1; +http://www.google.com/bot.html)"
66.249.69.220 - - [15/Jul/2018:19:47:12 +0200] "GET / HTTP/1.1" 200 7903 "-" "Mozilla/5.0 (compatible; Googlebot/2.1; +http://www.google.com/bot.html)"
46.229.168.79 - - [15/Jul/2018:21:01:02 +0200] "GET /robots.txt HTTP/1.1" 404 1256 "-" "Mozilla/5.0 (compatible; SemrushBot/2~bl; +http://www.semrush.com/bot.html)"
46.229.168.81 - - [15/Jul/2018:21:01:08 +0200] "GET /seiten/fahrlehrerwesen.htm HTTP/1.1" 200 7168 "-" "Mozilla/5.0 (compatible; SemrushBot/2~bl; +http://www.semrush.com/bot.html)"
46.229.168.84 - - [15/Jul/2018:21:39:11 +0200] "GET /seiten/intern/log_check.php HTTP/1.1" 302 - "-" "Mozilla/5.0 (compatible; SemrushBot/2~bl; +http://www.semrush.com/bot.html)"
66.249.69.220 - - [15/Jul/2018:22:05:41 +0200] "GET / HTTP/1.1" 200 7903 "-" "Mozilla/5.0 (compatible; Googlebot/2.1; +http://www.google.com/bot.html)"
66.249.69.220 - - [15/Jul/2018:22:33:22 +0200] "GET / HTTP/1.1" 200 7903 "-" "Mozilla/5.0 (Linux; Android 6.0.1; Nexus 5X Build/MMB29P) AppleWebKit/537.36 (KHTML, like Gecko) Chrome/41.0.2272.96 Mobile Safari/537.36 (compatible; Googlebot/2.1; +http://www.google.com/bot.html)"
180.76.15.154 - - [15/Jul/2018:22:56:12 +0200] "GET / HTTP/1.1" 200 7903 "-" "Mozilla/5.0 (compatible; Baiduspider/2.0; +http://www.baidu.com/search/spider.html)"
218.66.74.82 - - [15/Jul/2018:22:58:01 +0200] "GET /content-post.php HTTP/1.1" 404 1256 "-" "-"
46.229.168.78 - - [15/Jul/2018:23:17:12 +0200] "GET /robots.txt HTTP/1.1" 404 1256 "-" "Mozilla/5.0 (compatible; SemrushBot/2~bl; +http://www.semrush.com/bot.html)"
46.229.168.78 - - [15/Jul/2018:23:17:20 +0200] "GET /seiten/kontroll.htm HTTP/1.1" 200 6599 "-" "Mozilla/5.0 (compatible; SemrushBot/2~bl; +http://www.semrush.com/bot.html)"
66.249.69.192 - - [16/Jul/2018:00:51:52 +0200] "GET / HTTP/1.1" 200 7903 "-" "Mozilla/5.0 (compatible; Googlebot/2.1; +http://www.google.com/bot.html)"
66.249.69.222 - - [16/Jul/2018:01:47:14 +0200] "GET / HTTP/1.1" 200 7903 "-" "Mozilla/5.0 (Linux; Android 6.0.1; Nexus 5X Build/MMB29P) AppleWebKit/537.36 (KHTML, like Gecko) Chrome/41.0.2272.96 Mobile Safari/537.36 (compatible; Googlebot/2.1; +http://www.google.com/bot.html)"
188.165.234.52 - - [16/Jul/2018:02:26:17 +0200] "GET /robots.txt HTTP/1.0" 404 1256 "-" ""
188.165.234.52 - - [16/Jul/2018:02:26:17 +0200] "GET / HTTP/1.1" 206 7903 "-" "Mozilla/5.0 (X11; U; Linux i586; en-US) AppleWebKit/533.2 (KHTML, like Gecko) Chrome/5.0.342.1 Safari/533.2"
188.165.234.52 - - [16/Jul/2018:02:26:19 +0200] "GET /seiten/produkte.htm HTTP/1.1" 206 9105 "-" "Mozilla/5.0 (X11; U; Linux i586; en-US) AppleWebKit/533.2 (KHTML, like Gecko) Chrome/5.0.342.1 Safari/533.2"
188.165.234.52 - - [16/Jul/2018:02:26:21 +0200] "GET /seiten/partner.htm HTTP/1.1" 206 9458 "-" "Mozilla/5.0 (X11; U; Linux i586; en-US) AppleWebKit/533.2 (KHTML, like Gecko) Chrome/5.0.342.1 Safari/533.2"
188.165.234.52 - - [16/Jul/2018:02:26:23 +0200] "GET /seiten/referenzen.htm HTTP/1.1" 206 41688 "-" "Mozilla/5.0 (X11; U; Linux i586; en-US) AppleWebKit/533.2 (KHTML, like Gecko) Chrome/5.0.342.1 Safari/533.2"
188.165.234.52 - - [16/Jul/2018:02:26:25 +0200] "GET /seiten/service.htm HTTP/1.1" 206 9936 "-" "Mozilla/5.0 (X11; U; Linux i586; en-US) AppleWebKit/533.2 (KHTML, like Gecko) Chrome/5.0.342.1 Safari/533.2"
188.165.234.52 - - [16/Jul/2018:02:26:27 +0200] "GET /seiten/kontakt.php HTTP/1.1" 200 12788 "-" "Mozilla/5.0 (X11; U; Linux i586; en-US) AppleWebKit/533.2 (KHTML, like Gecko) Chrome/5.0.342.1 Safari/533.2"
188.165.234.52 - - [16/Jul/2018:02:26:30 +0200] "GET /seiten/impr.htm HTTP/1.1" 206 8696 "-" "Mozilla/5.0 (X11; U; Linux i586; en-US) AppleWebKit/533.2 (KHTML, like Gecko) Chrome/5.0.342.1 Safari/533.2"
188.165.234.52 - - [16/Jul/2018:02:26:32 +0200] "GET /seiten/databund.html HTTP/1.1" 206 9125 "-" "Mozilla/5.0 (X11; U; Linux i586; en-US) AppleWebKit/533.2 (KHTML, like Gecko) Chrome/5.0.342.1 Safari/533.2"
188.165.234.52 - - [16/Jul/2018:02:26:34 +0200] "GET /seiten/fsw.htm HTTP/1.1" 206 9961 "-" "Mozilla/5.0 (X11; U; Linux i586; en-US) AppleWebKit/533.2 (KHTML, like Gecko) Chrome/5.0.342.1 Safari/533.2"
188.165.234.52 - - [16/Jul/2018:02:26:36 +0200] "GET /seiten/fahrlehrerwesen.htm HTTP/1.1" 206 7168 "-" "Mozilla/5.0 (X11; U; Linux i586; en-US) AppleWebKit/533.2 (KHTML, like Gecko) Chrome/5.0.342.1 Safari/533.2"
188.165.234.52 - - [16/Jul/2018:02:26:38 +0200] "GET /seiten/kontroll.htm HTTP/1.1" 206 6599 "-" "Mozilla/5.0 (X11; U; Linux i586; en-US) AppleWebKit/533.2 (KHTML, like Gecko) Chrome/5.0.342.1 Safari/533.2"
188.165.234.52 - - [16/Jul/2018:02:26:40 +0200] "GET /seiten/kraftverkehr.htm HTTP/1.1" 206 9210 "-" "Mozilla/5.0 (X11; U; Linux i586; en-US) AppleWebKit/533.2 (KHTML, like Gecko) Chrome/5.0.342.1 Safari/533.2"
52.53.201.78 - - [16/Jul/2018:02:36:18 +0200] "GET / HTTP/1.1" 200 7903 "-" "Mozilla/5.0 (Macintosh; Intel Mac OS X 10_12_6) AppleWebKit/537.36 (KHTML, like Gecko) Chrome/61.0.3163.100 Safari/537.36"
141.8.141.131 - - [16/Jul/2018:03:37:39 +0200] "GET /robots.txt HTTP/1.1" 404 1256 "-" "Mozilla/5.0 (compatible; YandexBot/3.0; +http://yandex.com/bots)"
141.8.141.131 - - [16/Jul/2018:03:37:43 +0200] "GET / HTTP/1.1" 200 7903 "-" "Mozilla/5.0 (compatible; YandexBot/3.0; +http://yandex.com/bots)"
46.229.168.69 - - [16/Jul/2018:05:32:42 +0200] "GET /robots.txt HTTP/1.1" 404 1256 "-" "Mozilla/5.0 (compatible; SemrushBot/2~bl; +http://www.semrush.com/bot.html)"
46.229.168.69 - - [16/Jul/2018:05:32:50 +0200] "GET /seiten/impr.htm HTTP/1.1" 200 8696 "-" "Mozilla/5.0 (compatible; SemrushBot/2~bl; +http://www.semrush.com/bot.html)"
66.249.69.14 - - [16/Jul/2018:07:07:01 +0200] "GET /robots.txt HTTP/1.1" 404 1256 "-" "Mozilla/5.0 (compatible; Googlebot/2.1; +http://www.google.com/bot.html)"
66.249.69.10 - - [16/Jul/2018:07:07:01 +0200] "GET /scripte/basics.js HTTP/1.1" 200 198 "http://www.fuehrerscheinwesen.de/seiten/kraftverkehr.htm" "Mozilla/5.0 (Linux; Android 6.0.1; Nexus 5X Build/MMB29P) AppleWebKit/537.36 (KHTML, like Gecko) Chrome/41.0.2272.96 Mobile Safari/537.36 (compatible; Googlebot/2.1; +http://www.google.com/bot.html)"
216.244.66.231 - - [16/Jul/2018:07:13:48 +0200] "GET /robots.txt HTTP/1.1" 404 1256 "-" "Mozilla/5.0 (compatible; DotBot/1.1; http://www.opensiteexplorer.org/dotbot, help@moz.com)"
46.229.168.73 - - [16/Jul/2018:07:15:25 +0200] "GET /robots.txt HTTP/1.1" 404 1256 "-" "Mozilla/5.0 (compatible; SemrushBot/2~bl; +http://www.semrush.com/bot.html)"
46.229.168.84 - - [16/Jul/2018:07:15:33 +0200] "GET /seiten/service.htm HTTP/1.1" 200 9936 "-" "Mozilla/5.0 (compatible; SemrushBot/2~bl; +http://www.semrush.com/bot.html)"
216.244.66.231 - - [16/Jul/2018:07:22:57 +0200] "GET /seiten/kontakt.php HTTP/1.1" 200 12788 "-" "Mozilla/5.0 (compatible; DotBot/1.1; http://www.opensiteexplorer.org/dotbot, help@moz.com)"
52.53.201.78 - - [16/Jul/2018:10:20:30 +0200] "GET / HTTP/1.1" 200 7903 "-" "Mozilla/5.0 (Macintosh; Intel Mac OS X 10_12_6) AppleWebKit/537.36 (KHTML, like Gecko) Chrome/61.0.3163.100 Safari/537.36"
46.229.168.77 - - [16/Jul/2018:10:39:01 +0200] "GET /robots.txt HTTP/1.1" 404 1256 "-" "Mozilla/5.0 (compatible; SemrushBot/2~bl; +http://www.semrush.com/bot.html)"
46.229.168.77 - - [16/Jul/2018:10:39:08 +0200] "GET /seiten/kraftverkehr.htm HTTP/1.1" 200 9210 "-" "Mozilla/5.0 (compatible; SemrushBot/2~bl; +http://www.semrush.com/bot.html)"
54.36.150.107 - - [16/Jul/2018:11:10:52 +0200] "GET /robots.txt HTTP/1.1" 404 1256 "-" "Mozilla/5.0 (compatible; AhrefsBot/5.2; +http://ahrefs.com/robot/)"
54.36.148.26 - - [16/Jul/2018:11:10:53 +0200] "GET /seiten/produkte.htm HTTP/1.1" 200 9105 "-" "Mozilla/5.0 (compatible; AhrefsBot/5.2; +http://ahrefs.com/robot/)"
180.76.15.19 - - [16/Jul/2018:12:51:19 +0200] "GET / HTTP/1.1" 200 7903 "-" "Mozilla/5.0 (compatible; Baiduspider/2.0; +http://www.baidu.com/search/spider.html)"
213.248.250.196 - - [16/Jul/2018:13:46:39 +0200] "HEAD / HTTP/1.1" 200 - "-" "http://www.nominet.org.uk/privacypolicy"
213.248.250.196 - - [16/Jul/2018:13:46:39 +0200] "GET /robots.txt HTTP/1.1" 404 1256 "-" "http://www.nominet.org.uk/privacypolicy"
213.248.250.196 - - [16/Jul/2018:13:46:39 +0200] "GET / HTTP/1.1" 200 7903 "-" "http://www.nominet.org.uk/privacypolicy"
87.154.88.139 - - [16/Jul/2018:14:43:10 +0200] "GET / HTTP/1.1" 200 7903 "-" "Mozilla/5.0 (Windows NT 10.0; Win64; x64; rv:61.0) Gecko/20100101 Firefox/61.0"
87.154.88.139 - - [16/Jul/2018:14:43:10 +0200] "GET /css/style.css HTTP/1.1" 200 3549 "http://www.prokommunal.de/" "Mozilla/5.0 (Windows NT 10.0; Win64; x64; rv:61.0) Gecko/20100101 Firefox/61.0"
87.154.88.139 - - [16/Jul/2018:14:43:10 +0200] "GET /scripte/basics.js HTTP/1.1" 200 198 "http://www.prokommunal.de/" "Mozilla/5.0 (Windows NT 10.0; Win64; x64; rv:61.0) Gecko/20100101 Firefox/61.0"
87.154.88.139 - - [16/Jul/2018:14:43:10 +0200] "GET /img/head01.jpg HTTP/1.1" 200 6350 "http://www.prokommunal.de/" "Mozilla/5.0 (Windows NT 10.0; Win64; x64; rv:61.0) Gecko/20100101 Firefox/61.0"
87.154.88.139 - - [16/Jul/2018:14:43:10 +0200] "GET /img/head02.jpg HTTP/1.1" 200 4929 "http://www.prokommunal.de/" "Mozilla/5.0 (Windows NT 10.0; Win64; x64; rv:61.0) Gecko/20100101 Firefox/61.0"
87.154.88.139 - - [16/Jul/2018:14:43:10 +0200] "GET /img/head03.jpg HTTP/1.1" 200 7610 "http://www.prokommunal.de/" "Mozilla/5.0 (Windows NT 10.0; Win64; x64; rv:61.0) Gecko/20100101 Firefox/61.0"
87.154.88.139 - - [16/Jul/2018:14:43:10 +0200] "GET /redesign/img/bg_gelb.jpg HTTP/1.1" 200 368 "http://www.prokommunal.de/css/style.css" "Mozilla/5.0 (Windows NT 10.0; Win64; x64; rv:61.0) Gecko/20100101 Firefox/61.0"
87.154.88.139 - - [16/Jul/2018:14:43:10 +0200] "GET /redesign/img/bg_foot.gif HTTP/1.1" 200 286 "http://www.prokommunal.de/css/style.css" "Mozilla/5.0 (Windows NT 10.0; Win64; x64; rv:61.0) Gecko/20100101 Firefox/61.0"
87.154.88.139 - - [16/Jul/2018:14:43:10 +0200] "GET /favicon.ico HTTP/1.1" 200 894 "-" "Mozilla/5.0 (Windows NT 10.0; Win64; x64; rv:61.0) Gecko/20100101 Firefox/61.0"
87.154.88.139 - - [16/Jul/2018:14:43:13 +0200] "GET /seiten/kontakt.php HTTP/1.1" 200 12788 "http://www.prokommunal.de/" "Mozilla/5.0 (Windows NT 10.0; Win64; x64; rv:61.0) Gecko/20100101 Firefox/61.0"
87.154.88.139 - - [16/Jul/2018:14:43:14 +0200] "GET /img/1px_tr.gif HTTP/1.1" 200 43 "http://www.prokommunal.de/seiten/kontakt.php" "Mozilla/5.0 (Windows NT 10.0; Win64; x64; rv:61.0) Gecko/20100101 Firefox/61.0"
87.154.88.139 - - [16/Jul/2018:14:43:14 +0200] "GET /img/top.gif HTTP/1.1" 200 96 "http://www.prokommunal.de/seiten/kontakt.php" "Mozilla/5.0 (Windows NT 10.0; Win64; x64; rv:61.0) Gecko/20100101 Firefox/61.0"
87.154.88.139 - - [16/Jul/2018:14:43:14 +0200] "GET /img/men_01.jpg HTTP/1.1" 200 713 "http://www.prokommunal.de/seiten/kontakt.php" "Mozilla/5.0 (Windows NT 10.0; Win64; x64; rv:61.0) Gecko/20100101 Firefox/61.0"
46.229.168.70 - - [16/Jul/2018:15:47:41 +0200] "GET /robots.txt HTTP/1.1" 404 1256 "-" "Mozilla/5.0 (compatible; SemrushBot/2~bl; +http://www.semrush.com/bot.html)"
46.229.168.81 - - [16/Jul/2018:15:47:47 +0200] "GET /seiten/kontakt.php HTTP/1.1" 200 12788 "-" "Mozilla/5.0 (compatible; SemrushBot/2~bl; +http://www.semrush.com/bot.html)"
141.8.141.131 - - [16/Jul/2018:16:05:34 +0200] "GET /robots.txt HTTP/1.1" 404 1256 "-" "Mozilla/5.0 (compatible; YandexBot/3.0; +http://yandex.com/bots)"
141.8.141.131 - - [16/Jul/2018:16:05:37 +0200] "GET /favicon.ico HTTP/1.1" 200 894 "-" "Mozilla/5.0 (compatible; YandexBot/3.0; +http://yandex.com/bots)"
42.236.99.37 - - [16/Jul/2018:16:12:51 +0200] "GET / HTTP/1.1" 200 7903 "http://www.prokommunal.de/" "Mozilla/5.0 (Windows NT 6.1; WOW64) AppleWebKit/537.36 (KHTML, like Gecko) Chrome/50.0.2661.102 Safari/537.36; 360Spider"
46.229.168.83 - - [16/Jul/2018:19:51:10 +0200] "GET /robots.txt HTTP/1.1" 404 1256 "-" "Mozilla/5.0 (compatible; SemrushBot/2~bl; +http://www.semrush.com/bot.html)"
46.229.168.73 - - [16/Jul/2018:19:51:15 +0200] "GET /seiten/produkte.htm HTTP/1.1" 200 9105 "-" "Mozilla/5.0 (compatible; SemrushBot/2~bl; +http://www.semrush.com/bot.html)"
203.133.174.134 - - [16/Jul/2018:19:55:48 +0200] "GET /robots.txt HTTP/1.1" 404 1256 "-" "Mozilla/5.0 (compatible; Daum/4.1; +http://cs.daum.net/faq/15/4118.html?faqId=28966)"
203.133.174.134 - - [16/Jul/2018:19:55:48 +0200] "GET /./seiten/databund.html HTTP/1.1" 200 9125 "-" "Mozilla/5.0 (compatible; Daum/4.1; +http://cs.daum.net/faq/15/4118.html?faqId=28966)"
66.249.69.14 - - [16/Jul/2018:21:15:12 +0200] "GET /robots.txt HTTP/1.1" 404 1256 "-" "Mozilla/5.0 (compatible; Googlebot/2.1; +http://www.google.com/bot.html)"
66.249.69.10 - - [16/Jul/2018:21:15:13 +0200] "GET /css/style.css HTTP/1.1" 200 3549 "http://www.fuehrerscheinwesen.de/seiten/service.htm" "Mozilla/5.0 (Linux; Android 6.0.1; Nexus 5X Build/MMB29P) AppleWebKit/537.36 (KHTML, like Gecko) Chrome/41.0.2272.96 Mobile Safari/537.36 (compatible; Googlebot/2.1; +http://www.google.com/bot.html)"
66.249.69.192 - - [16/Jul/2018:21:33:52 +0200] "GET /robots.txt HTTP/1.1" 404 1256 "-" "Mozilla/5.0 (compatible; Googlebot/2.1; +http://www.google.com/bot.html)"
66.249.69.192 - - [16/Jul/2018:21:33:52 +0200] "GET / HTTP/1.1" 200 7903 "-" "Mozilla/5.0 (compatible; Googlebot/2.1; +http://www.google.com/bot.html)"
66.249.69.220 - - [16/Jul/2018:22:44:55 +0200] "GET / HTTP/1.1" 200 7903 "-" "Mozilla/5.0 (Linux; Android 6.0.1; Nexus 5X Build/MMB29P) AppleWebKit/537.36 (KHTML, like Gecko) Chrome/41.0.2272.96 Mobile Safari/537.36 (compatible; Googlebot/2.1; +http://www.google.com/bot.html)"
52.53.201.78 - - [16/Jul/2018:23:21:52 +0200] "GET / HTTP/1.1" 200 7903 "-" "Mozilla/5.0 (Macintosh; Intel Mac OS X 10_12_6) AppleWebKit/537.36 (KHTML, like Gecko) Chrome/61.0.3163.100 Safari/537.36"
87.250.244.7 - - [16/Jul/2018:23:28:01 +0200] "GET /robots.txt HTTP/1.1" 404 1256 "-" "Mozilla/5.0 (compatible; YandexBot/3.0; +http://yandex.com/bots)"
87.250.233.66 - - [16/Jul/2018:23:28:01 +0200] "GET /robots.txt HTTP/1.1" 404 1256 "-" "Mozilla/5.0 (compatible; YandexBot/3.0; +http://yandex.com/bots)"
141.8.141.131 - - [16/Jul/2018:23:28:01 +0200] "GET /robots.txt HTTP/1.1" 404 1256 "-" "Mozilla/5.0 (compatible; YandexBot/3.0; +http://yandex.com/bots)"
141.8.141.131 - - [16/Jul/2018:23:28:05 +0200] "GET / HTTP/1.1" 200 7903 "-" "Mozilla/5.0 (compatible; YandexBot/3.0; +http://yandex.com/bots)"
141.8.141.131 - - [16/Jul/2018:23:28:05 +0200] "GET / HTTP/1.1" 200 7903 "-" "Mozilla/5.0 (compatible; YandexBot/3.0; +http://yandex.com/bots)"
141.8.141.134 - - [16/Jul/2018:23:28:05 +0200] "GET / HTTP/1.1" 200 7903 "-" "Mozilla/5.0 (compatible; YandexBot/3.0; +http://yandex.com/bots)"
180.76.15.139 - - [16/Jul/2018:23:47:07 +0200] "GET /css/style.css HTTP/1.1" 200 3549 "-" "Mozilla/5.0 (compatible; Baiduspider/2.0; +http://www.baidu.com/search/spider.html)"
66.249.69.154 - - [17/Jul/2018:00:47:50 +0200] "GET /robots.txt HTTP/1.1" 404 1256 "-" "Mozilla/5.0 (compatible; Googlebot/2.1; +http://www.google.com/bot.html)"
66.249.69.152 - - [17/Jul/2018:00:47:50 +0200] "GET /css/style.css HTTP/1.1" 200 3549 "http://www.prokommunal-berlin.de/seiten/referenzen.htm" "Mozilla/5.0 (Linux; Android 6.0.1; Nexus 5X Build/MMB29P) AppleWebKit/537.36 (KHTML, like Gecko) Chrome/41.0.2272.96 Mobile Safari/537.36 (compatible; Googlebot/2.1; +http://www.google.com/bot.html)"
66.249.69.153 - - [17/Jul/2018:00:47:51 +0200] "GET /scripte/basics.js HTTP/1.1" 200 198 "http://www.prokommunal-berlin.de/seiten/referenzen.htm" "Mozilla/5.0 (Linux; Android 6.0.1; Nexus 5X Build/MMB29P) AppleWebKit/537.36 (KHTML, like Gecko) Chrome/41.0.2272.96 Mobile Safari/537.36 (compatible; Googlebot/2.1; +http://www.google.com/bot.html)"
185.220.70.147 - - [17/Jul/2018:01:34:15 +0200] "GET / HTTP/1.1" 200 7903 "-" "Java/1.4.1_04"
185.220.70.147 - - [17/Jul/2018:01:34:15 +0200] "GET /./scripte/basics.js HTTP/1.1" 200 198 "-" "Java/1.4.1_04"
185.220.70.147 - - [17/Jul/2018:01:34:15 +0200] "GET /false.htm HTTP/1.1" 200 2749 "-" "Java/1.4.1_04"
185.220.70.147 - - [17/Jul/2018:01:34:15 +0200] "GET /scripte/basics.js HTTP/1.1" 200 198 "-" "Java/1.4.1_04"
185.220.70.147 - - [17/Jul/2018:01:34:16 +0200] "GET /./seiten/databund.html HTTP/1.1" 200 9125 "-" "Java/1.4.1_04"
185.220.70.147 - - [17/Jul/2018:01:34:16 +0200] "GET /seiten/fahrlehrerwesen.htm HTTP/1.1" 200 7168 "-" "Java/1.4.1_04"
185.220.70.147 - - [17/Jul/2018:01:34:16 +0200] "GET /seiten/fsw.htm HTTP/1.1" 200 9961 "-" "Java/1.4.1_04"
185.220.70.147 - - [17/Jul/2018:01:34:17 +0200] "GET /seiten/impr.htm HTTP/1.1" 200 8696 "-" "Java/1.4.1_04"
185.220.70.147 - - [17/Jul/2018:01:34:17 +0200] "GET /seiten/kontakt.php HTTP/1.1" 200 12788 "-" "Java/1.4.1_04"
185.220.70.147 - - [17/Jul/2018:01:34:17 +0200] "GET /seiten/kontroll.htm HTTP/1.1" 200 6599 "-" "Java/1.4.1_04"
185.220.70.147 - - [17/Jul/2018:01:34:18 +0200] "GET /seiten/kraftverkehr.htm HTTP/1.1" 200 9210 "-" "Java/1.4.1_04"
185.220.70.147 - - [17/Jul/2018:01:34:18 +0200] "GET /seiten/partner.htm HTTP/1.1" 200 9458 "-" "Java/1.4.1_04"
185.220.70.147 - - [17/Jul/2018:01:34:18 +0200] "GET /seiten/produkte.htm HTTP/1.1" 200 9105 "-" "Java/1.4.1_04"
185.220.70.147 - - [17/Jul/2018:01:34:19 +0200] "GET /seiten/referenzen.htm HTTP/1.1" 200 41688 "-" "Java/1.4.1_04"
185.220.70.147 - - [17/Jul/2018:01:34:20 +0200] "GET /seiten/service.htm HTTP/1.1" 200 9936 "-" "Java/1.4.1_04"
185.220.70.147 - - [17/Jul/2018:01:34:20 +0200] "GET /./seiten/fahrlehrerwesen.htm HTTP/1.1" 200 7168 "-" "Java/1.4.1_04"
185.220.70.147 - - [17/Jul/2018:01:34:20 +0200] "GET /./seiten/fsw.htm HTTP/1.1" 200 9961 "-" "Java/1.4.1_04"
185.220.70.147 - - [17/Jul/2018:01:34:21 +0200] "GET /./seiten/impr.htm HTTP/1.1" 200 8696 "-" "Java/1.4.1_04"
185.220.70.147 - - [17/Jul/2018:01:34:21 +0200] "GET /./seiten/kontakt.php HTTP/1.1" 200 12788 "-" "Java/1.4.1_04"
185.220.70.147 - - [17/Jul/2018:01:34:21 +0200] "GET /./seiten/kontroll.htm HTTP/1.1" 200 6599 "-" "Java/1.4.1_04"
185.220.70.147 - - [17/Jul/2018:01:34:22 +0200] "GET /./seiten/kraftverkehr.htm HTTP/1.1" 200 9210 "-" "Java/1.4.1_04"
185.220.70.147 - - [17/Jul/2018:01:34:22 +0200] "GET /./seiten/partner.htm HTTP/1.1" 200 9458 "-" "Java/1.4.1_04"
185.220.70.147 - - [17/Jul/2018:01:34:22 +0200] "GET /./seiten/produkte.htm HTTP/1.1" 200 9105 "-" "Java/1.4.1_04"
185.220.70.147 - - [17/Jul/2018:01:34:23 +0200] "GET /./seiten/referenzen.htm HTTP/1.1" 200 41688 "-" "Java/1.4.1_04"
185.220.70.147 - - [17/Jul/2018:01:34:24 +0200] "GET /./seiten/service.htm HTTP/1.1" 200 9936 "-" "Java/1.4.1_04"
141.8.141.134 - - [17/Jul/2018:02:07:30 +0200] "GET /favicon.ico HTTP/1.1" 200 894 "-" "Mozilla/5.0 (compatible; YandexBot/3.0; +http://yandex.com/bots)"
46.229.168.78 - - [17/Jul/2018:04:56:48 +0200] "GET /robots.txt HTTP/1.1" 404 1256 "-" "Mozilla/5.0 (compatible; SemrushBot/2~bl; +http://www.semrush.com/bot.html)"
46.229.168.85 - - [17/Jul/2018:04:56:54 +0200] "GET /seiten/partner.htm HTTP/1.1" 200 9458 "-" "Mozilla/5.0 (compatible; SemrushBot/2~bl; +http://www.semrush.com/bot.html)"
180.76.15.20 - - [17/Jul/2018:05:35:41 +0200] "GET /robots.txt HTTP/1.1" 404 1256 "-" "Mozilla/5.0 (Windows NT 5.1; rv:6.0.2) Gecko/20100101 Firefox/6.0.2"
180.76.15.139 - - [17/Jul/2018:05:35:42 +0200] "GET /robots.txt HTTP/1.1" 404 1256 "-" "Mozilla/5.0 (Windows NT 5.1; rv:6.0.2) Gecko/20100101 Firefox/6.0.2"
180.76.15.150 - - [17/Jul/2018:05:37:16 +0200] "GET / HTTP/1.1" 200 7903 "-" "Mozilla/5.0 (compatible; Baiduspider/2.0; +http://www.baidu.com/search/spider.html)"
144.76.172.177 - - [17/Jul/2018:06:06:19 +0200] "GET /robots.txt HTTP/1.1" 404 1256 "http://www.sitedomain.de/" "Sitedomain-Bot(Sitedomain-Bot 1.0, http://www.sitedomain.de/sitedomain-bot/)"
46.229.168.77 - - [17/Jul/2018:07:32:13 +0200] "GET /robots.txt HTTP/1.1" 404 1256 "-" "Mozilla/5.0 (compatible; SemrushBot/2~bl; +http://www.semrush.com/bot.html)"
46.229.168.71 - - [17/Jul/2018:07:32:21 +0200] "GET /seiten/kraftverkehr.htm HTTP/1.1" 200 9210 "-" "Mozilla/5.0 (compatible; SemrushBot/2~bl; +http://www.semrush.com/bot.html)"
136.243.89.157 - - [17/Jul/2018:08:06:32 +0200] "GET /robots.txt HTTP/1.1" 404 1256 "-" "Mozilla/5.0 (compatible; SEOkicks; +https://www.seokicks.de/robot.html)"
136.243.89.157 - - [17/Jul/2018:08:06:33 +0200] "GET / HTTP/1.1" 200 7903 "-" "Mozilla/5.0 (compatible; SEOkicks; +https://www.seokicks.de/robot.html)"
136.243.89.157 - - [17/Jul/2018:08:06:34 +0200] "GET /seiten/produkte.htm HTTP/1.1" 200 9105 "http://www.prokommunal.de/" "Mozilla/5.0 (compatible; SEOkicks; +https://www.seokicks.de/robot.html)"
136.243.89.157 - - [17/Jul/2018:08:06:35 +0200] "GET /seiten/partner.htm HTTP/1.1" 200 9458 "http://www.prokommunal.de/" "Mozilla/5.0 (compatible; SEOkicks; +https://www.seokicks.de/robot.html)"
136.243.89.157 - - [17/Jul/2018:08:06:36 +0200] "GET /seiten/referenzen.htm HTTP/1.1" 200 41688 "http://www.prokommunal.de/" "Mozilla/5.0 (compatible; SEOkicks; +https://www.seokicks.de/robot.html)"
136.243.89.157 - - [17/Jul/2018:08:06:38 +0200] "GET /seiten/service.htm HTTP/1.1" 200 9936 "http://www.prokommunal.de/" "Mozilla/5.0 (compatible; SEOkicks; +https://www.seokicks.de/robot.html)"
136.243.89.157 - - [17/Jul/2018:08:06:39 +0200] "GET /seiten/kontakt.php HTTP/1.1" 200 12788 "http://www.prokommunal.de/" "Mozilla/5.0 (compatible; SEOkicks; +https://www.seokicks.de/robot.html)"
136.243.89.157 - - [17/Jul/2018:08:06:40 +0200] "GET /seiten/impr.htm HTTP/1.1" 200 8696 "http://www.prokommunal.de/" "Mozilla/5.0 (compatible; SEOkicks; +https://www.seokicks.de/robot.html)"
136.243.89.157 - - [17/Jul/2018:08:06:41 +0200] "GET /seiten/databund.html HTTP/1.1" 200 9125 "http://www.prokommunal.de/" "Mozilla/5.0 (compatible; SEOkicks; +https://www.seokicks.de/robot.html)"
157.55.39.8 - - [17/Jul/2018:11:27:50 +0200] "GET /robots.txt HTTP/1.1" 404 1256 "-" "Mozilla/5.0 (compatible; bingbot/2.0; +http://www.bing.com/bingbot.htm)"
40.77.167.79 - - [17/Jul/2018:11:28:22 +0200] "GET / HTTP/1.1" 304 - "-" "Mozilla/5.0 (compatible; bingbot/2.0; +http://www.bing.com/bingbot.htm)"
165.227.190.168 - - [17/Jul/2018:11:51:11 +0200] "GET / HTTP/1.1" 200 7903 "-" "Mozilla/5.0 (X11; Datanyze; Linux x86_64) AppleWebKit/537.36 (KHTML, like Gecko) Chrome/65.0.3325.181 Safari/537.36"
165.227.190.168 - - [17/Jul/2018:11:51:11 +0200] "GET /scripte/basics.js HTTP/1.1" 200 198 "http://www.prokommunal-berlin.de/" "Mozilla/5.0 (X11; Datanyze; Linux x86_64) AppleWebKit/537.36 (KHTML, like Gecko) Chrome/65.0.3325.181 Safari/537.36"
217.6.234.90 - - [17/Jul/2018:15:22:33 +0200] "GET / HTTP/1.1" 200 7903 "https://www.google.de/" "Mozilla/5.0 (Windows NT 10.0; Win64; x64) AppleWebKit/537.36 (KHTML, like Gecko) Chrome/67.0.3396.99 Safari/537.36"
217.6.234.90 - - [17/Jul/2018:15:22:33 +0200] "GET /css/style.css HTTP/1.1" 200 3549 "http://www.prokommunal.de/" "Mozilla/5.0 (Windows NT 10.0; Win64; x64) AppleWebKit/537.36 (KHTML, like Gecko) Chrome/67.0.3396.99 Safari/537.36"
217.6.234.90 - - [17/Jul/2018:15:22:33 +0200] "GET /scripte/basics.js HTTP/1.1" 200 198 "http://www.prokommunal.de/" "Mozilla/5.0 (Windows NT 10.0; Win64; x64) AppleWebKit/537.36 (KHTML, like Gecko) Chrome/67.0.3396.99 Safari/537.36"
217.6.234.90 - - [17/Jul/2018:15:22:34 +0200] "GET /img/head01.jpg HTTP/1.1" 200 6350 "http://www.prokommunal.de/" "Mozilla/5.0 (Windows NT 10.0; Win64; x64) AppleWebKit/537.36 (KHTML, like Gecko) Chrome/67.0.3396.99 Safari/537.36"
217.6.234.90 - - [17/Jul/2018:15:22:34 +0200] "GET /img/head02.jpg HTTP/1.1" 200 4929 "http://www.prokommunal.de/" "Mozilla/5.0 (Windows NT 10.0; Win64; x64) AppleWebKit/537.36 (KHTML, like Gecko) Chrome/67.0.3396.99 Safari/537.36"
217.6.234.90 - - [17/Jul/2018:15:22:34 +0200] "GET /img/head03.jpg HTTP/1.1" 200 7610 "http://www.prokommunal.de/" "Mozilla/5.0 (Windows NT 10.0; Win64; x64) AppleWebKit/537.36 (KHTML, like Gecko) Chrome/67.0.3396.99 Safari/537.36"
217.6.234.90 - - [17/Jul/2018:15:22:34 +0200] "GET /redesign/img/bg_foot.gif HTTP/1.1" 200 286 "http://www.prokommunal.de/css/style.css" "Mozilla/5.0 (Windows NT 10.0; Win64; x64) AppleWebKit/537.36 (KHTML, like Gecko) Chrome/67.0.3396.99 Safari/537.36"
217.6.234.90 - - [17/Jul/2018:15:22:34 +0200] "GET /redesign/img/bg_gelb.jpg HTTP/1.1" 200 368 "http://www.prokommunal.de/css/style.css" "Mozilla/5.0 (Windows NT 10.0; Win64; x64) AppleWebKit/537.36 (KHTML, like Gecko) Chrome/67.0.3396.99 Safari/537.36"
217.6.234.90 - - [17/Jul/2018:15:22:35 +0200] "GET /favicon.ico HTTP/1.1" 200 894 "http://www.prokommunal.de/" "Mozilla/5.0 (Windows NT 10.0; Win64; x64) AppleWebKit/537.36 (KHTML, like Gecko) Chrome/67.0.3396.99 Safari/537.36"
217.6.234.90 - - [17/Jul/2018:15:22:39 +0200] "GET /seiten/impr.htm HTTP/1.1" 200 8696 "http://www.prokommunal.de/" "Mozilla/5.0 (Windows NT 10.0; Win64; x64) AppleWebKit/537.36 (KHTML, like Gecko) Chrome/67.0.3396.99 Safari/537.36"
217.6.234.90 - - [17/Jul/2018:15:22:39 +0200] "GET /img/top.gif HTTP/1.1" 200 96 "http://www.prokommunal.de/seiten/impr.htm" "Mozilla/5.0 (Windows NT 10.0; Win64; x64) AppleWebKit/537.36 (KHTML, like Gecko) Chrome/67.0.3396.99 Safari/537.36"
217.6.234.90 - - [17/Jul/2018:15:22:39 +0200] "GET /img/men_01.jpg HTTP/1.1" 200 713 "http://www.prokommunal.de/seiten/impr.htm" "Mozilla/5.0 (Windows NT 10.0; Win64; x64) AppleWebKit/537.36 (KHTML, like Gecko) Chrome/67.0.3396.99 Safari/537.36"
217.6.234.90 - - [17/Jul/2018:15:22:47 +0200] "GET /seiten/partner.htm HTTP/1.1" 200 9458 "http://www.prokommunal.de/seiten/impr.htm" "Mozilla/5.0 (Windows NT 10.0; Win64; x64) AppleWebKit/537.36 (KHTML, like Gecko) Chrome/67.0.3396.99 Safari/537.36"
217.6.234.90 - - [17/Jul/2018:15:22:47 +0200] "GET /img/hsh.jpg HTTP/1.1" 200 5007 "http://www.prokommunal.de/seiten/partner.htm" "Mozilla/5.0 (Windows NT 10.0; Win64; x64) AppleWebKit/537.36 (KHTML, like Gecko) Chrome/67.0.3396.99 Safari/537.36"
217.6.234.90 - - [17/Jul/2018:15:22:47 +0200] "GET /img/hh.jpg HTTP/1.1" 200 5817 "http://www.prokommunal.de/seiten/partner.htm" "Mozilla/5.0 (Windows NT 10.0; Win64; x64) AppleWebKit/537.36 (KHTML, like Gecko) Chrome/67.0.3396.99 Safari/537.36"
217.6.234.90 - - [17/Jul/2018:15:22:47 +0200] "GET /img/gz.jpg HTTP/1.1" 200 7757 "http://www.prokommunal.de/seiten/partner.htm" "Mozilla/5.0 (Windows NT 10.0; Win64; x64) AppleWebKit/537.36 (KHTML, like Gecko) Chrome/67.0.3396.99 Safari/537.36"
217.6.234.90 - - [17/Jul/2018:15:22:47 +0200] "GET /img/komfa1_s.jpg HTTP/1.1" 404 1256 "http://www.prokommunal.de/seiten/partner.htm" "Mozilla/5.0 (Windows NT 10.0; Win64; x64) AppleWebKit/537.36 (KHTML, like Gecko) Chrome/67.0.3396.99 Safari/537.36"
217.6.234.90 - - [17/Jul/2018:15:22:47 +0200] "GET /img/hk.jpg HTTP/1.1" 200 4852 "http://www.prokommunal.de/seiten/partner.htm" "Mozilla/5.0 (Windows NT 10.0; Win64; x64) AppleWebKit/537.36 (KHTML, like Gecko) Chrome/67.0.3396.99 Safari/537.36"
217.6.234.90 - - [17/Jul/2018:15:22:47 +0200] "GET /img/databund.jpg HTTP/1.1" 404 1256 "http://www.prokommunal.de/seiten/partner.htm" "Mozilla/5.0 (Windows NT 10.0; Win64; x64) AppleWebKit/537.36 (KHTML, like Gecko) Chrome/67.0.3396.99 Safari/537.36"
217.6.234.90 - - [17/Jul/2018:15:22:56 +0200] "GET /seiten/produkte.htm HTTP/1.1" 200 9105 "http://www.prokommunal.de/seiten/partner.htm" "Mozilla/5.0 (Windows NT 10.0; Win64; x64) AppleWebKit/537.36 (KHTML, like Gecko) Chrome/67.0.3396.99 Safari/537.36"
217.6.234.90 - - [17/Jul/2018:15:22:56 +0200] "GET /img/1px_tr.gif HTTP/1.1" 200 43 "http://www.prokommunal.de/seiten/produkte.htm" "Mozilla/5.0 (Windows NT 10.0; Win64; x64) AppleWebKit/537.36 (KHTML, like Gecko) Chrome/67.0.3396.99 Safari/537.36"
209.126.119.175 - - [17/Jul/2018:16:03:22 +0200] "GET / HTTP/1.1" 200 7903 "-" "Mozilla/5.0 (Macintosh; Intel Mac OS X 10.12; rv:52.0) Gecko/20100101 Firefox/52.0"
52.53.201.78 - - [17/Jul/2018:16:12:01 +0200] "GET / HTTP/1.1" 200 7903 "-" "Mozilla/5.0 (Macintosh; Intel Mac OS X 10_12_6) AppleWebKit/537.36 (KHTML, like Gecko) Chrome/61.0.3163.100 Safari/537.36"
207.99.15.87 - - [17/Jul/2018:16:26:43 +0200] "GET / HTTP/1.1" 200 7903 "-" "Mozilla/5.0 (Windows NT 10.0; WOW64) AppleWebKit/537.36 (KHTML, like Gecko) Chrome/47.0.2526.106 Safari/537.36"
188.138.41.173 - - [17/Jul/2018:18:04:33 +0200] "GET / HTTP/1.1" 200 7903 "-" "Mozilla/5.0 (X11; U; Linux Core i7-4980HQ; de; rv:32.0; compatible; JobboerseBot; http://www.jobboerse.com/bot.htm) Gecko/20100101 Firefox/38.0"
188.138.41.173 - - [17/Jul/2018:18:04:33 +0200] "GET /scripte/basics.js HTTP/1.1" 200 198 "http://www.prokommunal.de/" "Mozilla/5.0 (X11; U; Linux Core i7-4980HQ; de; rv:32.0; compatible; JobboerseBot; http://www.jobboerse.com/bot.htm) Gecko/20100101 Firefox/38.0"
188.138.41.173 - - [17/Jul/2018:18:04:35 +0200] "GET /robots.txt HTTP/1.1" 404 1256 "-" "Mozilla/5.0 (X11; U; Linux Core i7-4980HQ; de; rv:32.0; compatible; JobboerseBot; http://www.jobboerse.com/bot.htm) Gecko/20100101 Firefox/38.0"
188.138.41.173 - - [17/Jul/2018:18:04:35 +0200] "GET / HTTP/1.1" 200 7903 "-" "Mozilla/5.0 (X11; U; Linux Core i7-4980HQ; de; rv:32.0; compatible; JobboerseBot; http://www.jobboerse.com/bot.htm) Gecko/20100101 Firefox/38.0"
188.138.41.173 - - [17/Jul/2018:18:04:35 +0200] "GET /scripte/basics.js HTTP/1.1" 200 198 "http://www.prokommunal.de/" "Mozilla/5.0 (X11; U; Linux Core i7-4980HQ; de; rv:32.0; compatible; JobboerseBot; http://www.jobboerse.com/bot.htm) Gecko/20100101 Firefox/38.0"
188.138.41.173 - - [17/Jul/2018:18:04:37 +0200] "GET / HTTP/1.1" 200 7903 "-" "Mozilla/5.0 (X11; U; Linux Core i7-4980HQ; de; rv:32.0; compatible; JobboerseBot; http://www.jobboerse.com/bot.htm) Gecko/20100101 Firefox/38.0"
188.138.41.173 - - [17/Jul/2018:18:04:37 +0200] "GET /scripte/basics.js HTTP/1.1" 200 198 "http://www.prokommunal.de/" "Mozilla/5.0 (X11; U; Linux Core i7-4980HQ; de; rv:32.0; compatible; JobboerseBot; http://www.jobboerse.com/bot.htm) Gecko/20100101 Firefox/38.0"
188.138.41.173 - - [17/Jul/2018:18:04:38 +0200] "GET /css/style.css HTTP/1.1" 200 3549 "http://www.prokommunal.de/" "Mozilla/5.0 (X11; U; Linux Core i7-4980HQ; de; rv:32.0; compatible; JobboerseBot; http://www.jobboerse.com/bot.htm) Gecko/20100101 Firefox/38.0"
188.138.41.173 - - [17/Jul/2018:18:04:59 +0200] "GET /seiten/kontakt.php HTTP/1.1" 200 12788 "-" "Mozilla/5.0 (X11; U; Linux Core i7-4980HQ; de; rv:32.0; compatible; JobboerseBot; http://www.jobboerse.com/bot.htm) Gecko/20100101 Firefox/38.0"
188.138.41.173 - - [17/Jul/2018:18:04:59 +0200] "GET /scripte/basics.js HTTP/1.1" 200 198 "http://www.prokommunal.de/seiten/kontakt.php" "Mozilla/5.0 (X11; U; Linux Core i7-4980HQ; de; rv:32.0; compatible; JobboerseBot; http://www.jobboerse.com/bot.htm) Gecko/20100101 Firefox/38.0"
