141.8.141.131 - - [20/Jul/2018:00:24:46 +0200] "GET /robots.txt HTTP/1.1" 404 1256 "-" "Mozilla/5.0 (compatible; YandexBot/3.0; +http://yandex.com/bots)"
87.250.244.7 - - [20/Jul/2018:00:24:46 +0200] "GET /robots.txt HTTP/1.1" 404 1256 "-" "Mozilla/5.0 (compatible; YandexBot/3.0; +http://yandex.com/bots)"
141.8.141.131 - - [20/Jul/2018:00:24:46 +0200] "GET /robots.txt HTTP/1.1" 404 1256 "-" "Mozilla/5.0 (compatible; YandexBot/3.0; +http://yandex.com/bots)"
141.8.141.131 - - [20/Jul/2018:00:24:49 +0200] "GET / HTTP/1.1" 200 7903 "-" "Mozilla/5.0 (compatible; YandexBot/3.0; +http://yandex.com/bots)"
141.8.141.131 - - [20/Jul/2018:00:24:50 +0200] "GET / HTTP/1.1" 200 7903 "-" "Mozilla/5.0 (compatible; YandexBot/3.0; +http://yandex.com/bots)"
141.8.141.134 - - [20/Jul/2018:00:24:50 +0200] "GET / HTTP/1.1" 200 7903 "-" "Mozilla/5.0 (compatible; YandexBot/3.0; +http://yandex.com/bots)"
66.249.69.251 - - [20/Jul/2018:00:42:20 +0200] "GET /robots.txt HTTP/1.1" 404 1256 "-" "Mozilla/5.0 (compatible; Googlebot/2.1; +http://www.google.com/bot.html)"
66.249.69.224 - - [20/Jul/2018:00:42:20 +0200] "GET / HTTP/1.1" 200 7903 "-" "Mozilla/5.0 (compatible; Googlebot/2.1; +http://www.google.com/bot.html)"
180.76.15.32 - - [20/Jul/2018:02:21:23 +0200] "GET /css/style.css HTTP/1.1" 200 3549 "-" "Mozilla/5.0 (compatible; Baiduspider/2.0; +http://www.baidu.com/search/spider.html)"
66.249.69.251 - - [20/Jul/2018:02:49:02 +0200] "GET / HTTP/1.1" 200 7903 "-" "Mozilla/5.0 (Linux; Android 6.0.1; Nexus 5X Build/MMB29P) AppleWebKit/537.36 (KHTML, like Gecko) Chrome/41.0.2272.96 Mobile Safari/537.36 (compatible; Googlebot/2.1; +http://www.google.com/bot.html)"
138.201.30.66 - - [20/Jul/2018:02:50:08 +0200] "GET /robots.txt HTTP/1.1" 404 1256 "-" "Mozilla/5.0 (compatible; SEOkicks; +https://www.seokicks.de/robot.html)"
138.201.30.66 - - [20/Jul/2018:02:50:09 +0200] "GET / HTTP/1.1" 200 7903 "-" "Mozilla/5.0 (compatible; SEOkicks; +https://www.seokicks.de/robot.html)"
138.201.30.66 - - [20/Jul/2018:02:50:11 +0200] "GET /seiten/produkte.htm HTTP/1.1" 200 9105 "http://www.prokommunal.de/" "Mozilla/5.0 (compatible; SEOkicks; +https://www.seokicks.de/robot.html)"
138.201.30.66 - - [20/Jul/2018:02:50:12 +0200] "GET /seiten/partner.htm HTTP/1.1" 200 9458 "http://www.prokommunal.de/" "Mozilla/5.0 (compatible; SEOkicks; +https://www.seokicks.de/robot.html)"
138.201.30.66 - - [20/Jul/2018:02:50:13 +0200] "GET /seiten/referenzen.htm HTTP/1.1" 200 41688 "http://www.prokommunal.de/" "Mozilla/5.0 (compatible; SEOkicks; +https://www.seokicks.de/robot.html)"
138.201.30.66 - - [20/Jul/2018:02:50:15 +0200] "GET /seiten/service.htm HTTP/1.1" 200 9936 "http://www.prokommunal.de/" "Mozilla/5.0 (compatible; SEOkicks; +https://www.seokicks.de/robot.html)"
138.201.30.66 - - [20/Jul/2018:02:50:16 +0200] "GET /seiten/kontakt.php HTTP/1.1" 200 12788 "http://www.prokommunal.de/" "Mozilla/5.0 (compatible; SEOkicks; +https://www.seokicks.de/robot.html)"
138.201.30.66 - - [20/Jul/2018:02:50:18 +0200] "GET /seiten/impr.htm HTTP/1.1" 200 8696 "http://www.prokommunal.de/" "Mozilla/5.0 (compatible; SEOkicks; +https://www.seokicks.de/robot.html)"
138.201.30.66 - - [20/Jul/2018:02:50:19 +0200] "GET /seiten/databund.html HTTP/1.1" 200 9125 "http://www.prokommunal.de/" "Mozilla/5.0 (compatible; SEOkicks; +https://www.seokicks.de/robot.html)"
168.1.128.54 - - [20/Jul/2018:04:25:27 +0200] "GET / HTTP/1.1" 200 7903 "-" "-"
81.209.177.16 - - [20/Jul/2018:04:50:28 +0200] "GET /robots.txt HTTP/1.1" 404 1256 "-" "netEstate NE Crawler (+http://www.website-datenbank.de/)"
81.209.177.16 - - [20/Jul/2018:04:50:28 +0200] "GET / HTTP/1.1" 200 7903 "-" "netEstate NE Crawler (+http://www.website-datenbank.de/)"
81.209.177.16 - - [20/Jul/2018:04:50:29 +0200] "GET /seiten/impr.htm HTTP/1.1" 200 8696 "-" "netEstate NE Crawler (+http://www.website-datenbank.de/)"
81.209.177.16 - - [20/Jul/2018:04:50:29 +0200] "GET / HTTP/1.1" 200 7903 "-" "netEstate NE Crawler (+http://www.website-datenbank.de/)"
66.249.69.224 - - [20/Jul/2018:04:56:56 +0200] "GET / HTTP/1.1" 200 7903 "-" "Mozilla/5.0 (compatible; Googlebot/2.1; +http://www.google.com/bot.html)"
54.36.150.107 - - [20/Jul/2018:05:06:29 +0200] "GET /robots.txt HTTP/1.1" 404 1256 "-" "Mozilla/5.0 (compatible; AhrefsBot/5.2; +http://ahrefs.com/robot/)"
54.36.148.65 - - [20/Jul/2018:05:06:29 +0200] "GET / HTTP/1.1" 200 7903 "-" "Mozilla/5.0 (compatible; AhrefsBot/5.2; +http://ahrefs.com/robot/)"
66.249.69.253 - - [20/Jul/2018:05:27:26 +0200] "GET / HTTP/1.1" 200 7903 "-" "Mozilla/5.0 (Linux; Android 6.0.1; Nexus 5X Build/MMB29P) AppleWebKit/537.36 (KHTML, like Gecko) Chrome/41.0.2272.96 Mobile Safari/537.36 (compatible; Googlebot/2.1; +http://www.google.com/bot.html)"
141.8.141.131 - - [20/Jul/2018:05:37:07 +0200] "GET /robots.txt HTTP/1.1" 404 1256 "-" "Mozilla/5.0 (compatible; YandexBot/3.0; +http://yandex.com/bots)"
141.8.141.131 - - [20/Jul/2018:05:37:11 +0200] "GET /favicon.ico HTTP/1.1" 200 894 "-" "Mozilla/5.0 (compatible; YandexBot/3.0; +http://yandex.com/bots)"
66.249.69.253 - - [20/Jul/2018:06:53:29 +0200] "GET /vgqtcptnbuxivle.html HTTP/1.1" 404 1256 "-" "Mozilla/5.0 (compatible; Googlebot/2.1; +http://www.google.com/bot.html)"
188.165.200.217 - - [20/Jul/2018:08:06:55 +0200] "HEAD / HTTP/1.1" 200 - "-" "Mozilla/4.0 (compatible; MSIE 5.01; Windows NT 5.0)"
52.53.201.78 - - [20/Jul/2018:08:39:07 +0200] "GET / HTTP/1.1" 200 7903 "-" "Mozilla/5.0 (Macintosh; Intel Mac OS X 10_12_6) AppleWebKit/537.36 (KHTML, like Gecko) Chrome/61.0.3163.100 Safari/537.36"
46.229.168.77 - - [20/Jul/2018:09:18:40 +0200] "GET /robots.txt HTTP/1.1" 404 1256 "-" "Mozilla/5.0 (compatible; SemrushBot/2~bl; +http://www.semrush.com/bot.html)"
46.229.168.67 - - [20/Jul/2018:09:18:48 +0200] "GET /seiten/impr.htm HTTP/1.1" 200 8696 "-" "Mozilla/5.0 (compatible; SemrushBot/2~bl; +http://www.semrush.com/bot.html)"
46.229.168.78 - - [20/Jul/2018:09:24:03 +0200] "GET /robots.txt HTTP/1.1" 404 1256 "-" "Mozilla/5.0 (compatible; SemrushBot/2~bl; +http://www.semrush.com/bot.html)"
46.229.168.68 - - [20/Jul/2018:09:24:10 +0200] "GET /seiten/databund.html HTTP/1.1" 200 9125 "-" "Mozilla/5.0 (compatible; SemrushBot/2~bl; +http://www.semrush.com/bot.html)"
141.8.141.131 - - [20/Jul/2018:09:47:40 +0200] "GET /robots.txt HTTP/1.1" 404 1256 "-" "Mozilla/5.0 (compatible; YandexBot/3.0; +http://yandex.com/bots)"
141.8.141.134 - - [20/Jul/2018:09:47:40 +0200] "GET /robots.txt HTTP/1.1" 404 1256 "-" "Mozilla/5.0 (compatible; YandexBot/3.0; +http://yandex.com/bots)"
141.8.141.131 - - [20/Jul/2018:09:47:42 +0200] "GET /robots.txt HTTP/1.1" 404 1256 "-" "Mozilla/5.0 (compatible; YandexBot/3.0; +http://yandex.com/bots)"
141.8.141.131 - - [20/Jul/2018:09:47:44 +0200] "GET / HTTP/1.1" 200 7903 "-" "Mozilla/5.0 (compatible; YandexBot/3.0; +http://yandex.com/bots)"
141.8.141.131 - - [20/Jul/2018:09:47:44 +0200] "GET / HTTP/1.1" 200 7903 "-" "Mozilla/5.0 (compatible; YandexBot/3.0; +http://yandex.com/bots)"
141.8.141.134 - - [20/Jul/2018:09:47:46 +0200] "GET / HTTP/1.1" 200 7903 "-" "Mozilla/5.0 (compatible; YandexBot/3.0; +http://yandex.com/bots)"
157.55.39.52 - - [20/Jul/2018:10:00:00 +0200] "GET /robots.txt HTTP/1.1" 404 1256 "-" "Mozilla/5.0 (compatible; bingbot/2.0; +http://www.bing.com/bingbot.htm)"
40.77.167.46 - - [20/Jul/2018:10:00:01 +0200] "GET /seiten/referenzen.htm HTTP/1.1" 200 41688 "-" "Mozilla/5.0 (compatible; bingbot/2.0; +http://www.bing.com/bingbot.htm)"
34.204.77.102 - - [20/Jul/2018:10:59:52 +0200] "GET / HTTP/1.1" 200 7903 "-" "User-Agent: Mozilla/5.0 (Macintosh; Intel Mac OS X 10_13_5) AppleWebKit/537.36 (KHTML, like Gecko) Chrome/67.0.3396.99 Safari/537.36"
87.250.244.7 - - [20/Jul/2018:11:31:46 +0200] "GET /favicon.ico HTTP/1.1" 200 894 "-" "Mozilla/5.0 (compatible; YandexBot/3.0; +http://yandex.com/bots)"
180.76.15.12 - - [20/Jul/2018:13:41:21 +0200] "GET / HTTP/1.1" 200 7903 "-" "Mozilla/5.0 (compatible; Baiduspider/2.0; +http://www.baidu.com/search/spider.html)"
216.244.66.231 - - [20/Jul/2018:16:06:07 +0200] "GET /robots.txt HTTP/1.1" 404 1256 "-" "Mozilla/5.0 (compatible; DotBot/1.1; http://www.opensiteexplorer.org/dotbot, help@moz.com)"
66.249.69.224 - - [20/Jul/2018:16:06:09 +0200] "GET /robots.txt HTTP/1.1" 404 1256 "-" "Mozilla/5.0 (compatible; Googlebot/2.1; +http://www.google.com/bot.html)"
66.249.69.253 - - [20/Jul/2018:16:06:09 +0200] "GET / HTTP/1.1" 200 7903 "-" "Mozilla/5.0 (compatible; Googlebot/2.1; +http://www.google.com/bot.html)"
66.249.69.251 - - [20/Jul/2018:16:06:36 +0200] "GET /seiten/databund.html HTTP/1.1" 200 9125 "-" "Mozilla/5.0 (compatible; Googlebot/2.1; +http://www.google.com/bot.html)"
216.244.66.231 - - [20/Jul/2018:16:14:07 +0200] "GET /seiten/service.htm HTTP/1.1" 200 9936 "-" "Mozilla/5.0 (compatible; DotBot/1.1; http://www.opensiteexplorer.org/dotbot, help@moz.com)"
104.236.71.187 - - [20/Jul/2018:16:48:20 +0200] "GET / HTTP/1.1" 200 7903 "http://www.prokommunal-berlin.de" "Mozilla/5.0 (X11; Datanyze; Linux x86_64) AppleWebKit/537.36 (KHTML, like Gecko) Chrome/65.0.3325.181 Safari/537.36"
104.236.71.187 - - [20/Jul/2018:16:48:23 +0200] "GET /./css/style.css HTTP/1.1" 200 3549 "-" "Mozilla/5.0 (X11; Datanyze; Linux x86_64) AppleWebKit/537.36 (KHTML, like Gecko) Chrome/65.0.3325.181 Safari/537.36"
104.236.71.187 - - [20/Jul/2018:16:48:23 +0200] "GET /./scripte/basics.js HTTP/1.1" 200 198 "-" "Mozilla/5.0 (X11; Datanyze; Linux x86_64) AppleWebKit/537.36 (KHTML, like Gecko) Chrome/65.0.3325.181 Safari/537.36"
104.236.71.187 - - [20/Jul/2018:16:48:29 +0200] "GET /robots.txt HTTP/1.1" 404 1256 "-" "Mozilla/5.0 (Macintosh; Intel Mac OS X 10_9_3) AppleWebKit/537.36 (KHTML, like Gecko) Chrome/35.0.1916.114 Safari/537.36"
104.236.71.187 - - [20/Jul/2018:16:48:33 +0200] "GET /seiten/partner.htm HTTP/1.1" 200 9458 "http://www.prokommunal-berlin.de" "Mozilla/5.0 (X11; Datanyze; Linux x86_64) AppleWebKit/537.36 (KHTML, like Gecko) Chrome/65.0.3325.181 Safari/537.36"
104.236.71.187 - - [20/Jul/2018:16:48:33 +0200] "GET /seiten/service.htm HTTP/1.1" 200 9936 "http://www.prokommunal-berlin.de" "Mozilla/5.0 (X11; Datanyze; Linux x86_64) AppleWebKit/537.36 (KHTML, like Gecko) Chrome/65.0.3325.181 Safari/537.36"
104.236.71.187 - - [20/Jul/2018:16:48:33 +0200] "GET /seiten/produkte.htm HTTP/1.1" 200 9105 "http://www.prokommunal-berlin.de" "Mozilla/5.0 (X11; Datanyze; Linux x86_64) AppleWebKit/537.36 (KHTML, like Gecko) Chrome/65.0.3325.181 Safari/537.36"
104.236.71.187 - - [20/Jul/2018:16:48:33 +0200] "GET /seiten/kontakt.php HTTP/1.1" 200 12788 "http://www.prokommunal-berlin.de" "Mozilla/5.0 (X11; Datanyze; Linux x86_64) AppleWebKit/537.36 (KHTML, like Gecko) Chrome/65.0.3325.181 Safari/537.36"
104.236.71.187 - - [20/Jul/2018:16:48:33 +0200] "GET /seiten/referenzen.htm HTTP/1.1" 200 41688 "http://www.prokommunal-berlin.de" "Mozilla/5.0 (X11; Datanyze; Linux x86_64) AppleWebKit/537.36 (KHTML, like Gecko) Chrome/65.0.3325.181 Safari/537.36"
104.236.71.187 - - [20/Jul/2018:16:48:36 +0200] "GET /scripte/basics.js HTTP/1.1" 200 198 "-" "Mozilla/5.0 (X11; Datanyze; Linux x86_64) AppleWebKit/537.36 (KHTML, like Gecko) Chrome/65.0.3325.181 Safari/537.36"
104.236.71.187 - - [20/Jul/2018:16:48:36 +0200] "GET /css/style.css HTTP/1.1" 200 3549 "-" "Mozilla/5.0 (X11; Datanyze; Linux x86_64) AppleWebKit/537.36 (KHTML, like Gecko) Chrome/65.0.3325.181 Safari/537.36"
104.236.71.187 - - [20/Jul/2018:16:48:36 +0200] "GET /seiten/impr.htm HTTP/1.1" 200 8696 "http://www.prokommunal-berlin.de" "Mozilla/5.0 (X11; Datanyze; Linux x86_64) AppleWebKit/537.36 (KHTML, like Gecko) Chrome/65.0.3325.181 Safari/537.36"
104.236.71.187 - - [20/Jul/2018:16:48:36 +0200] "GET /seiten/databund.html HTTP/1.1" 200 9125 "http://www.prokommunal-berlin.de" "Mozilla/5.0 (X11; Datanyze; Linux x86_64) AppleWebKit/537.36 (KHTML, like Gecko) Chrome/65.0.3325.181 Safari/537.36"
104.236.71.187 - - [20/Jul/2018:16:48:36 +0200] "GET /scripte/basics.js HTTP/1.1" 200 198 "-" "Mozilla/5.0 (X11; Datanyze; Linux x86_64) AppleWebKit/537.36 (KHTML, like Gecko) Chrome/65.0.3325.181 Safari/537.36"
104.236.71.187 - - [20/Jul/2018:16:48:36 +0200] "GET /scripte/basics.js HTTP/1.1" 200 198 "-" "Mozilla/5.0 (X11; Datanyze; Linux x86_64) AppleWebKit/537.36 (KHTML, like Gecko) Chrome/65.0.3325.181 Safari/537.36"
104.236.71.187 - - [20/Jul/2018:16:48:36 +0200] "GET /css/style.css HTTP/1.1" 200 3549 "-" "Mozilla/5.0 (X11; Datanyze; Linux x86_64) AppleWebKit/537.36 (KHTML, like Gecko) Chrome/65.0.3325.181 Safari/537.36"
104.236.71.187 - - [20/Jul/2018:16:48:36 +0200] "GET /css/style.css HTTP/1.1" 200 3549 "-" "Mozilla/5.0 (X11; Datanyze; Linux x86_64) AppleWebKit/537.36 (KHTML, like Gecko) Chrome/65.0.3325.181 Safari/537.36"
104.236.71.187 - - [20/Jul/2018:16:48:36 +0200] "GET /css/style.css HTTP/1.1" 200 3549 "-" "Mozilla/5.0 (X11; Datanyze; Linux x86_64) AppleWebKit/537.36 (KHTML, like Gecko) Chrome/65.0.3325.181 Safari/537.36"
104.236.71.187 - - [20/Jul/2018:16:48:36 +0200] "GET /scripte/basics.js HTTP/1.1" 200 198 "-" "Mozilla/5.0 (X11; Datanyze; Linux x86_64) AppleWebKit/537.36 (KHTML, like Gecko) Chrome/65.0.3325.181 Safari/537.36"
104.236.71.187 - - [20/Jul/2018:16:48:36 +0200] "GET /scripte/basics.js HTTP/1.1" 200 198 "-" "Mozilla/5.0 (X11; Datanyze; Linux x86_64) AppleWebKit/537.36 (KHTML, like Gecko) Chrome/65.0.3325.181 Safari/537.36"
104.236.71.187 - - [20/Jul/2018:16:48:36 +0200] "GET /css/style.css HTTP/1.1" 200 3549 "-" "Mozilla/5.0 (X11; Datanyze; Linux x86_64) AppleWebKit/537.36 (KHTML, like Gecko) Chrome/65.0.3325.181 Safari/537.36"
52.53.201.78 - - [20/Jul/2018:17:05:58 +0200] "GET / HTTP/1.1" 200 7903 "-" "Mozilla/5.0 (Macintosh; Intel Mac OS X 10_12_6) AppleWebKit/537.36 (KHTML, like Gecko) Chrome/61.0.3163.100 Safari/537.36"
18.207.177.156 - - [20/Jul/2018:17:40:55 +0200] "GET / HTTP/1.1" 200 7903 "-" "User-Agent: Mozilla/5.0 (Macintosh; Intel Mac OS X 10_13_5) AppleWebKit/537.36 (KHTML, like Gecko) Chrome/67.0.3396.99 Safari/537.36"
18.207.177.156 - - [20/Jul/2018:17:40:56 +0200] "GET / HTTP/1.1" 200 7903 "-" "User-Agent: Mozilla/5.0 (Macintosh; Intel Mac OS X 10_13_5) AppleWebKit/537.36 (KHTML, like Gecko) Chrome/67.0.3396.99 Safari/537.36"
148.251.75.46 - - [20/Jul/2018:17:55:00 +0200] "GET / HTTP/1.1" 200 7903 "-" "Mozilla/5.0 (Macintosh; Intel Mac OS X 10_8_2) AppleWebKit/536.26.17 (KHTML, like Gecko) Version/6.0.2 Safari/536.26.17"
148.251.75.46 - - [20/Jul/2018:17:55:17 +0200] "GET /seiten/produkte.htm HTTP/1.1" 200 9105 "-" "Mozilla/5.0 (Macintosh; Intel Mac OS X 107) AppleWebKit/534.48.3 (KHTML like Gecko) Version/5.1 Safari/534.48.3"
148.251.75.46 - - [20/Jul/2018:17:55:17 +0200] "GET /seiten/kontakt.php HTTP/1.1" 200 12788 "-" "Mozilla/5.0 (Macintosh; Intel Mac OS X 10.12; rv:57.0) Gecko/20100101 Firefox/57.0"
148.251.75.46 - - [20/Jul/2018:17:55:18 +0200] "GET /seiten/impr.htm HTTP/1.1" 200 8696 "-" "Mozilla/5.0 (X11; Linux x86_64) AppleWebKit/537.36 (KHTML, like Gecko) Chrome/51.0.2704.106 Safari/537.36"
46.229.168.84 - - [20/Jul/2018:18:11:18 +0200] "GET /robots.txt HTTP/1.1" 404 1256 "-" "Mozilla/5.0 (compatible; SemrushBot/2~bl; +http://www.semrush.com/bot.html)"
46.229.168.84 - - [20/Jul/2018:18:11:26 +0200] "GET /seiten/fsw.htm HTTP/1.1" 200 9961 "-" "Mozilla/5.0 (compatible; SemrushBot/2~bl; +http://www.semrush.com/bot.html)"
180.76.15.138 - - [20/Jul/2018:18:24:10 +0200] "GET / HTTP/1.1" 200 7903 "-" "Mozilla/5.0 (compatible; Baiduspider/2.0; +http://www.baidu.com/search/spider.html)"
148.251.75.46 - - [20/Jul/2018:19:50:36 +0200] "GET / HTTP/1.1" 200 7903 "-" "Mozilla/5.0 (Macintosh; Intel Mac OS X 107) AppleWebKit/534.48.3 (KHTML like Gecko) Version/5.1 Safari/534.48.3"
148.251.75.46 - - [20/Jul/2018:19:50:58 +0200] "GET /seiten/produkte.htm HTTP/1.1" 200 9105 "-" "Mozilla/5.0 (Macintosh; Intel Mac OS X 10_11_6) AppleWebKit/537.36 (KHTML, like Gecko) Chrome/63.0.3239.132 Safari/537.36"
148.251.75.46 - - [20/Jul/2018:19:51:00 +0200] "GET /seiten/impr.htm HTTP/1.1" 200 8696 "-" "Mozilla/5.0 (compatible; MSIE 10.0; Windows NT 6.1; Trident/6.0)"
148.251.75.46 - - [20/Jul/2018:19:51:00 +0200] "GET /seiten/kontakt.php HTTP/1.1" 200 12788 "-" "Mozilla/5.0 (Windows NT 6.1; Win64; x64) AppleWebKit/537.36 (KHTML, like Gecko) Chrome/64.0.3282.140 Safari/537.36"
66.249.69.253 - - [20/Jul/2018:21:07:31 +0200] "GET / HTTP/1.1" 200 7903 "-" "Mozilla/5.0 (compatible; Googlebot/2.1; +http://www.google.com/bot.html)"
180.76.15.154 - - [20/Jul/2018:22:17:57 +0200] "GET /css/style.css HTTP/1.1" 200 3549 "-" "Mozilla/5.0 (compatible; Baiduspider/2.0; +http://www.baidu.com/search/spider.html)"
46.229.168.84 - - [20/Jul/2018:23:07:30 +0200] "GET /robots.txt HTTP/1.1" 404 1256 "-" "Mozilla/5.0 (compatible; SemrushBot/2~bl; +http://www.semrush.com/bot.html)"
46.229.168.71 - - [20/Jul/2018:23:07:38 +0200] "GET /seiten/impr.htm HTTP/1.1" 200 8696 "-" "Mozilla/5.0 (compatible; SemrushBot/2~bl; +http://www.semrush.com/bot.html)"
141.8.141.131 - - [20/Jul/2018:23:44:31 +0200] "GET /robots.txt HTTP/1.1" 404 1256 "-" "Mozilla/5.0 (compatible; YandexBot/3.0; +http://yandex.com/bots)"
141.8.141.134 - - [20/Jul/2018:23:44:31 +0200] "GET /robots.txt HTTP/1.1" 404 1256 "-" "Mozilla/5.0 (compatible; YandexBot/3.0; +http://yandex.com/bots)"
87.250.244.7 - - [20/Jul/2018:23:44:31 +0200] "GET /robots.txt HTTP/1.1" 404 1256 "-" "Mozilla/5.0 (compatible; YandexBot/3.0; +http://yandex.com/bots)"
141.8.141.131 - - [20/Jul/2018:23:44:34 +0200] "GET / HTTP/1.1" 200 7903 "-" "Mozilla/5.0 (compatible; YandexBot/3.0; +http://yandex.com/bots)"
141.8.141.134 - - [20/Jul/2018:23:44:35 +0200] "GET / HTTP/1.1" 200 7903 "-" "Mozilla/5.0 (compatible; YandexBot/3.0; +http://yandex.com/bots)"
141.8.141.131 - - [20/Jul/2018:23:44:35 +0200] "GET / HTTP/1.1" 200 7903 "-" "Mozilla/5.0 (compatible; YandexBot/3.0; +http://yandex.com/bots)"
104.131.42.50 - - [21/Jul/2018:00:24:19 +0200] "GET / HTTP/1.1" 200 7903 "-" "Mozilla/5.0 (compatible; YandexBot/3.0; +http://yandex.com/bots)"
104.131.42.50 - - [21/Jul/2018:00:24:19 +0200] "GET / HTTP/1.0" 200 7903 "-" "-"
104.131.42.50 - - [21/Jul/2018:00:24:21 +0200] "GET /./css/style.css HTTP/1.0" 200 3549 "-" "-"
180.76.15.143 - - [21/Jul/2018:00:49:19 +0200] "GET / HTTP/1.1" 200 7903 "-" "Mozilla/5.0 (compatible; Baiduspider/2.0; +http://www.baidu.com/search/spider.html)"
216.244.66.235 - - [21/Jul/2018:00:50:04 +0200] "GET /robots.txt HTTP/1.1" 404 1256 "-" "Mozilla/5.0 (compatible; DotBot/1.1; http://www.opensiteexplorer.org/dotbot, help@moz.com)"
5.9.94.207 - - [21/Jul/2018:00:50:06 +0200] "GET / HTTP/1.1" 200 7903 "-" "Mozilla/5.0 (Windows NT 10.0; Win64; x64) AppleWebKit/537.36 (KHTML, like Gecko) Chrome/63.0.3239.84 Safari/537.36"
5.9.94.207 - - [21/Jul/2018:00:50:15 +0200] "GET /seiten/impr.htm HTTP/1.1" 200 8696 "-" "Mozilla/5.0 (Windows NT 10.0; Win64; x64; rv:58.0) Gecko/20100101 Firefox/58.0"
5.9.94.207 - - [21/Jul/2018:00:50:15 +0200] "GET /seiten/produkte.htm HTTP/1.1" 200 9105 "-" "Mozilla/5.0 (Macintosh; Intel Mac OS X 1084) AppleWebKit/536.29.13 (KHTML like Gecko) Version/6.0.4 Safari/536.29.13"
5.9.94.207 - - [21/Jul/2018:00:50:15 +0200] "GET /seiten/kontakt.php HTTP/1.1" 200 12788 "-" "Mozilla/5.0 (X11; Linux x86_64) AppleWebKit/537.36 (KHTML, like Gecko) Chrome/51.0.2704.106 Safari/537.36"
216.244.66.235 - - [21/Jul/2018:00:54:13 +0200] "GET /seiten/kraftverkehr.htm HTTP/1.1" 200 9210 "-" "Mozilla/5.0 (compatible; DotBot/1.1; http://www.opensiteexplorer.org/dotbot, help@moz.com)"
37.187.56.47 - - [21/Jul/2018:02:09:26 +0200] "GET /robots.txt HTTP/1.0" 404 1256 "-" ""
37.187.56.47 - - [21/Jul/2018:02:09:26 +0200] "GET / HTTP/1.1" 206 7903 "-" "Mozilla/5.0 (X11; U; Linux amd64; rv:5.0) Gecko/20100101 Firefox/5.0 (Debian)"
37.187.56.47 - - [21/Jul/2018:02:09:28 +0200] "GET /seiten/produkte.htm HTTP/1.1" 206 9105 "-" "Mozilla/5.0 (X11; U; Linux amd64; rv:5.0) Gecko/20100101 Firefox/5.0 (Debian)"
37.187.56.47 - - [21/Jul/2018:02:09:30 +0200] "GET /seiten/partner.htm HTTP/1.1" 206 9458 "-" "Mozilla/5.0 (X11; U; Linux amd64; rv:5.0) Gecko/20100101 Firefox/5.0 (Debian)"
37.187.56.47 - - [21/Jul/2018:02:09:32 +0200] "GET /seiten/referenzen.htm HTTP/1.1" 206 41688 "-" "Mozilla/5.0 (X11; U; Linux amd64; rv:5.0) Gecko/20100101 Firefox/5.0 (Debian)"
37.187.56.47 - - [21/Jul/2018:02:09:34 +0200] "GET /seiten/service.htm HTTP/1.1" 206 9936 "-" "Mozilla/5.0 (X11; U; Linux amd64; rv:5.0) Gecko/20100101 Firefox/5.0 (Debian)"
37.187.56.47 - - [21/Jul/2018:02:09:36 +0200] "GET /seiten/kontakt.php HTTP/1.1" 200 12788 "-" "Mozilla/5.0 (X11; U; Linux amd64; rv:5.0) Gecko/20100101 Firefox/5.0 (Debian)"
37.187.56.47 - - [21/Jul/2018:02:09:38 +0200] "GET /seiten/impr.htm HTTP/1.1" 206 8696 "-" "Mozilla/5.0 (X11; U; Linux amd64; rv:5.0) Gecko/20100101 Firefox/5.0 (Debian)"
37.187.56.47 - - [21/Jul/2018:02:09:40 +0200] "GET /seiten/databund.html HTTP/1.1" 206 9125 "-" "Mozilla/5.0 (X11; U; Linux amd64; rv:5.0) Gecko/20100101 Firefox/5.0 (Debian)"
37.187.56.47 - - [21/Jul/2018:02:09:42 +0200] "GET /seiten/fsw.htm HTTP/1.1" 206 9961 "-" "Mozilla/5.0 (X11; U; Linux amd64; rv:5.0) Gecko/20100101 Firefox/5.0 (Debian)"
37.187.56.47 - - [21/Jul/2018:02:09:44 +0200] "GET /seiten/fahrlehrerwesen.htm HTTP/1.1" 206 7168 "-" "Mozilla/5.0 (X11; U; Linux amd64; rv:5.0) Gecko/20100101 Firefox/5.0 (Debian)"
37.187.56.47 - - [21/Jul/2018:02:09:47 +0200] "GET /seiten/kontroll.htm HTTP/1.1" 206 6599 "-" "Mozilla/5.0 (X11; U; Linux amd64; rv:5.0) Gecko/20100101 Firefox/5.0 (Debian)"
37.187.56.47 - - [21/Jul/2018:02:09:49 +0200] "GET /seiten/kraftverkehr.htm HTTP/1.1" 206 9210 "-" "Mozilla/5.0 (X11; U; Linux amd64; rv:5.0) Gecko/20100101 Firefox/5.0 (Debian)"
46.229.168.76 - - [21/Jul/2018:03:12:22 +0200] "GET /robots.txt HTTP/1.1" 404 1256 "-" "Mozilla/5.0 (compatible; SemrushBot/2~bl; +http://www.semrush.com/bot.html)"
46.229.168.71 - - [21/Jul/2018:03:12:29 +0200] "GET / HTTP/1.1" 200 7903 "-" "Mozilla/5.0 (compatible; SemrushBot/2~bl; +http://www.semrush.com/bot.html)"
66.249.75.85 - - [21/Jul/2018:05:02:15 +0200] "GET /robots.txt HTTP/1.1" 404 1256 "-" "Mozilla/5.0 (compatible; Googlebot/2.1; +http://www.google.com/bot.html)"
66.249.75.87 - - [21/Jul/2018:05:02:15 +0200] "GET /scripte/basics.js HTTP/1.1" 200 198 "http://www.kfz-zulassungswesen.de/seiten/fsw.htm" "Mozilla/5.0 AppleWebKit/537.36 (KHTML, like Gecko; compatible; Googlebot/2.1; +http://www.google.com/bot.html) Safari/537.36"
216.244.66.235 - - [21/Jul/2018:06:30:47 +0200] "GET /robots.txt HTTP/1.1" 404 1256 "-" "Mozilla/5.0 (compatible; DotBot/1.1; http://www.opensiteexplorer.org/dotbot, help@moz.com)"
216.244.66.235 - - [21/Jul/2018:06:34:16 +0200] "GET /seiten/referenzen.htm HTTP/1.1" 200 41688 "-" "Mozilla/5.0 (compatible; DotBot/1.1; http://www.opensiteexplorer.org/dotbot, help@moz.com)"
66.249.69.253 - - [21/Jul/2018:07:19:10 +0200] "GET /robots.txt HTTP/1.1" 404 1256 "-" "Mozilla/5.0 (compatible; Googlebot/2.1; +http://www.google.com/bot.html)"
66.249.69.251 - - [21/Jul/2018:07:19:10 +0200] "GET / HTTP/1.1" 200 7903 "-" "Mozilla/5.0 (compatible; Googlebot/2.1; +http://www.google.com/bot.html)"
52.53.201.78 - - [21/Jul/2018:07:22:27 +0200] "GET / HTTP/1.1" 200 7903 "-" "Mozilla/5.0 (Macintosh; Intel Mac OS X 10_12_6) AppleWebKit/537.36 (KHTML, like Gecko) Chrome/61.0.3163.100 Safari/537.36"
180.76.15.25 - - [21/Jul/2018:08:13:29 +0200] "GET / HTTP/1.1" 200 7903 "-" "Mozilla/5.0 (compatible; Baiduspider/2.0; +http://www.baidu.com/search/spider.html)"
141.8.141.134 - - [21/Jul/2018:10:31:59 +0200] "GET /robots.txt HTTP/1.1" 404 1256 "-" "Mozilla/5.0 (compatible; YandexBot/3.0; +http://yandex.com/bots)"
141.8.141.131 - - [21/Jul/2018:10:32:03 +0200] "GET /favicon.ico HTTP/1.1" 200 894 "-" "Mozilla/5.0 (compatible; YandexBot/3.0; +http://yandex.com/bots)"
188.138.41.206 - - [21/Jul/2018:11:01:09 +0200] "GET / HTTP/1.1" 200 7903 "-" "Mozilla/5.0 (X11; U; Linux Core i7-4980HQ; de; rv:32.0; compatible; JobboerseBot; http://www.jobboerse.com/bot.htm) Gecko/20100101 Firefox/38.0"
188.138.41.206 - - [21/Jul/2018:11:01:10 +0200] "GET /scripte/basics.js HTTP/1.1" 200 198 "http://www.prokommunal.de/" "Mozilla/5.0 (X11; U; Linux Core i7-4980HQ; de; rv:32.0; compatible; JobboerseBot; http://www.jobboerse.com/bot.htm) Gecko/20100101 Firefox/38.0"
188.138.41.206 - - [21/Jul/2018:11:01:11 +0200] "GET /robots.txt HTTP/1.1" 404 1256 "-" "Mozilla/5.0 (X11; U; Linux Core i7-4980HQ; de; rv:32.0; compatible; JobboerseBot; http://www.jobboerse.com/bot.htm) Gecko/20100101 Firefox/38.0"
188.138.41.206 - - [21/Jul/2018:11:01:12 +0200] "GET / HTTP/1.1" 200 7903 "-" "Mozilla/5.0 (X11; U; Linux Core i7-4980HQ; de; rv:32.0; compatible; JobboerseBot; http://www.jobboerse.com/bot.htm) Gecko/20100101 Firefox/38.0"
188.138.41.206 - - [21/Jul/2018:11:01:12 +0200] "GET /scripte/basics.js HTTP/1.1" 200 198 "http://www.prokommunal.de/" "Mozilla/5.0 (X11; U; Linux Core i7-4980HQ; de; rv:32.0; compatible; JobboerseBot; http://www.jobboerse.com/bot.htm) Gecko/20100101 Firefox/38.0"
188.138.41.206 - - [21/Jul/2018:11:01:14 +0200] "GET / HTTP/1.1" 200 7903 "-" "Mozilla/5.0 (X11; U; Linux Core i7-4980HQ; de; rv:32.0; compatible; JobboerseBot; http://www.jobboerse.com/bot.htm) Gecko/20100101 Firefox/38.0"
188.138.41.206 - - [21/Jul/2018:11:01:14 +0200] "GET /scripte/basics.js HTTP/1.1" 200 198 "http://www.prokommunal.de/" "Mozilla/5.0 (X11; U; Linux Core i7-4980HQ; de; rv:32.0; compatible; JobboerseBot; http://www.jobboerse.com/bot.htm) Gecko/20100101 Firefox/38.0"
188.138.41.206 - - [21/Jul/2018:11:01:15 +0200] "GET /css/style.css HTTP/1.1" 200 3549 "http://www.prokommunal.de/" "Mozilla/5.0 (X11; U; Linux Core i7-4980HQ; de; rv:32.0; compatible; JobboerseBot; http://www.jobboerse.com/bot.htm) Gecko/20100101 Firefox/38.0"
188.138.41.206 - - [21/Jul/2018:11:01:25 +0200] "GET /seiten/kontakt.php HTTP/1.1" 200 12788 "-" "Mozilla/5.0 (X11; U; Linux Core i7-4980HQ; de; rv:32.0; compatible; JobboerseBot; http://www.jobboerse.com/bot.htm) Gecko/20100101 Firefox/38.0"
188.138.41.206 - - [21/Jul/2018:11:01:25 +0200] "GET /scripte/basics.js HTTP/1.1" 200 198 "http://www.prokommunal.de/seiten/kontakt.php" "Mozilla/5.0 (X11; U; Linux Core i7-4980HQ; de; rv:32.0; compatible; JobboerseBot; http://www.jobboerse.com/bot.htm) Gecko/20100101 Firefox/38.0"
188.138.41.206 - - [21/Jul/2018:11:01:25 +0200] "GET /css/style.css HTTP/1.1" 200 3549 "http://www.prokommunal.de/seiten/kontakt.php" "Mozilla/5.0 (X11; U; Linux Core i7-4980HQ; de; rv:32.0; compatible; JobboerseBot; http://www.jobboerse.com/bot.htm) Gecko/20100101 Firefox/38.0"
188.138.41.206 - - [21/Jul/2018:11:04:38 +0200] "GET /seiten/databund.html HTTP/1.1" 200 9125 "-" "Mozilla/5.0 (X11; U; Linux Core i7-4980HQ; de; rv:32.0; compatible; JobboerseBot; http://www.jobboerse.com/bot.htm) Gecko/20100101 Firefox/38.0"
188.138.41.206 - - [21/Jul/2018:11:04:38 +0200] "GET /scripte/basics.js HTTP/1.1" 200 198 "http://www.prokommunal.de/seiten/databund.html" "Mozilla/5.0 (X11; U; Linux Core i7-4980HQ; de; rv:32.0; compatible; JobboerseBot; http://www.jobboerse.com/bot.htm) Gecko/20100101 Firefox/38.0"
188.138.41.206 - - [21/Jul/2018:11:04:38 +0200] "GET /css/style.css HTTP/1.1" 200 3549 "http://www.prokommunal.de/seiten/databund.html" "Mozilla/5.0 (X11; U; Linux Core i7-4980HQ; de; rv:32.0; compatible; JobboerseBot; http://www.jobboerse.com/bot.htm) Gecko/20100101 Firefox/38.0"
188.138.41.206 - - [21/Jul/2018:11:04:46 +0200] "GET /seiten/service.htm HTTP/1.1" 200 9936 "-" "Mozilla/5.0 (X11; U; Linux Core i7-4980HQ; de; rv:32.0; compatible; JobboerseBot; http://www.jobboerse.com/bot.htm) Gecko/20100101 Firefox/38.0"
188.138.41.206 - - [21/Jul/2018:11:04:46 +0200] "GET /scripte/basics.js HTTP/1.1" 200 198 "http://www.prokommunal.de/seiten/service.htm" "Mozilla/5.0 (X11; U; Linux Core i7-4980HQ; de; rv:32.0; compatible; JobboerseBot; http://www.jobboerse.com/bot.htm) Gecko/20100101 Firefox/38.0"
188.138.41.206 - - [21/Jul/2018:11:04:46 +0200] "GET /css/style.css HTTP/1.1" 200 3549 "http://www.prokommunal.de/seiten/service.htm" "Mozilla/5.0 (X11; U; Linux Core i7-4980HQ; de; rv:32.0; compatible; JobboerseBot; http://www.jobboerse.com/bot.htm) Gecko/20100101 Firefox/38.0"
188.138.41.206 - - [21/Jul/2018:11:05:07 +0200] "GET /seiten/referenzen.htm HTTP/1.1" 200 41688 "-" "Mozilla/5.0 (X11; U; Linux Core i7-4980HQ; de; rv:32.0; compatible; JobboerseBot; http://www.jobboerse.com/bot.htm) Gecko/20100101 Firefox/38.0"
188.138.41.206 - - [21/Jul/2018:11:05:07 +0200] "GET /scripte/basics.js HTTP/1.1" 200 198 "http://www.prokommunal.de/seiten/referenzen.htm" "Mozilla/5.0 (X11; U; Linux Core i7-4980HQ; de; rv:32.0; compatible; JobboerseBot; http://www.jobboerse.com/bot.htm) Gecko/20100101 Firefox/38.0"
188.138.41.206 - - [21/Jul/2018:11:05:08 +0200] "GET /css/style.css HTTP/1.1" 200 3549 "http://www.prokommunal.de/seiten/referenzen.htm" "Mozilla/5.0 (X11; U; Linux Core i7-4980HQ; de; rv:32.0; compatible; JobboerseBot; http://www.jobboerse.com/bot.htm) Gecko/20100101 Firefox/38.0"
188.138.41.206 - - [21/Jul/2018:11:05:41 +0200] "GET /seiten/partner.htm HTTP/1.1" 200 9458 "-" "Mozilla/5.0 (X11; U; Linux Core i7-4980HQ; de; rv:32.0; compatible; JobboerseBot; http://www.jobboerse.com/bot.htm) Gecko/20100101 Firefox/38.0"
188.138.41.206 - - [21/Jul/2018:11:05:41 +0200] "GET /scripte/basics.js HTTP/1.1" 200 198 "http://www.prokommunal.de/seiten/partner.htm" "Mozilla/5.0 (X11; U; Linux Core i7-4980HQ; de; rv:32.0; compatible; JobboerseBot; http://www.jobboerse.com/bot.htm) Gecko/20100101 Firefox/38.0"
188.138.41.206 - - [21/Jul/2018:11:05:41 +0200] "GET /css/style.css HTTP/1.1" 200 3549 "http://www.prokommunal.de/seiten/partner.htm" "Mozilla/5.0 (X11; U; Linux Core i7-4980HQ; de; rv:32.0; compatible; JobboerseBot; http://www.jobboerse.com/bot.htm) Gecko/20100101 Firefox/38.0"
188.138.41.206 - - [21/Jul/2018:11:05:53 +0200] "GET /seiten/produkte.htm HTTP/1.1" 200 9105 "-" "Mozilla/5.0 (X11; U; Linux Core i7-4980HQ; de; rv:32.0; compatible; JobboerseBot; http://www.jobboerse.com/bot.htm) Gecko/20100101 Firefox/38.0"
188.138.41.206 - - [21/Jul/2018:11:05:53 +0200] "GET /scripte/basics.js HTTP/1.1" 200 198 "http://www.prokommunal.de/seiten/produkte.htm" "Mozilla/5.0 (X11; U; Linux Core i7-4980HQ; de; rv:32.0; compatible; JobboerseBot; http://www.jobboerse.com/bot.htm) Gecko/20100101 Firefox/38.0"
188.138.41.206 - - [21/Jul/2018:11:05:54 +0200] "GET /css/style.css HTTP/1.1" 200 3549 "http://www.prokommunal.de/seiten/produkte.htm" "Mozilla/5.0 (X11; U; Linux Core i7-4980HQ; de; rv:32.0; compatible; JobboerseBot; http://www.jobboerse.com/bot.htm) Gecko/20100101 Firefox/38.0"
188.138.41.206 - - [21/Jul/2018:11:06:10 +0200] "GET /seiten/kraftverkehr.htm HTTP/1.1" 200 9210 "-" "Mozilla/5.0 (X11; U; Linux Core i7-4980HQ; de; rv:32.0; compatible; JobboerseBot; http://www.jobboerse.com/bot.htm) Gecko/20100101 Firefox/38.0"
188.138.41.206 - - [21/Jul/2018:11:06:10 +0200] "GET /scripte/basics.js HTTP/1.1" 200 198 "http://www.prokommunal.de/seiten/kraftverkehr.htm" "Mozilla/5.0 (X11; U; Linux Core i7-4980HQ; de; rv:32.0; compatible; JobboerseBot; http://www.jobboerse.com/bot.htm) Gecko/20100101 Firefox/38.0"
188.138.41.206 - - [21/Jul/2018:11:06:11 +0200] "GET /css/style.css HTTP/1.1" 200 3549 "http://www.prokommunal.de/seiten/kraftverkehr.htm" "Mozilla/5.0 (X11; U; Linux Core i7-4980HQ; de; rv:32.0; compatible; JobboerseBot; http://www.jobboerse.com/bot.htm) Gecko/20100101 Firefox/38.0"
188.138.41.206 - - [21/Jul/2018:11:06:21 +0200] "GET /seiten/kontroll.htm HTTP/1.1" 200 6599 "-" "Mozilla/5.0 (X11; U; Linux Core i7-4980HQ; de; rv:32.0; compatible; JobboerseBot; http://www.jobboerse.com/bot.htm) Gecko/20100101 Firefox/38.0"
188.138.41.206 - - [21/Jul/2018:11:06:21 +0200] "GET /scripte/basics.js HTTP/1.1" 200 198 "http://www.prokommunal.de/seiten/kontroll.htm" "Mozilla/5.0 (X11; U; Linux Core i7-4980HQ; de; rv:32.0; compatible; JobboerseBot; http://www.jobboerse.com/bot.htm) Gecko/20100101 Firefox/38.0"
188.138.41.206 - - [21/Jul/2018:11:06:22 +0200] "GET /css/style.css HTTP/1.1" 200 3549 "http://www.prokommunal.de/seiten/kontroll.htm" "Mozilla/5.0 (X11; U; Linux Core i7-4980HQ; de; rv:32.0; compatible; JobboerseBot; http://www.jobboerse.com/bot.htm) Gecko/20100101 Firefox/38.0"
188.138.41.206 - - [21/Jul/2018:11:06:40 +0200] "GET /seiten/fahrlehrerwesen.htm HTTP/1.1" 200 7168 "-" "Mozilla/5.0 (X11; U; Linux Core i7-4980HQ; de; rv:32.0; compatible; JobboerseBot; http://www.jobboerse.com/bot.htm) Gecko/20100101 Firefox/38.0"
188.138.41.206 - - [21/Jul/2018:11:06:40 +0200] "GET /scripte/basics.js HTTP/1.1" 200 198 "http://www.prokommunal.de/seiten/fahrlehrerwesen.htm" "Mozilla/5.0 (X11; U; Linux Core i7-4980HQ; de; rv:32.0; compatible; JobboerseBot; http://www.jobboerse.com/bot.htm) Gecko/20100101 Firefox/38.0"
188.138.41.206 - - [21/Jul/2018:11:06:41 +0200] "GET /css/style.css HTTP/1.1" 200 3549 "http://www.prokommunal.de/seiten/fahrlehrerwesen.htm" "Mozilla/5.0 (X11; U; Linux Core i7-4980HQ; de; rv:32.0; compatible; JobboerseBot; http://www.jobboerse.com/bot.htm) Gecko/20100101 Firefox/38.0"
188.138.41.206 - - [21/Jul/2018:11:06:47 +0200] "GET /seiten/fsw.htm HTTP/1.1" 200 9961 "-" "Mozilla/5.0 (X11; U; Linux Core i7-4980HQ; de; rv:32.0; compatible; JobboerseBot; http://www.jobboerse.com/bot.htm) Gecko/20100101 Firefox/38.0"
188.138.41.206 - - [21/Jul/2018:11:06:48 +0200] "GET /scripte/basics.js HTTP/1.1" 200 198 "http://www.prokommunal.de/seiten/fsw.htm" "Mozilla/5.0 (X11; U; Linux Core i7-4980HQ; de; rv:32.0; compatible; JobboerseBot; http://www.jobboerse.com/bot.htm) Gecko/20100101 Firefox/38.0"
188.138.41.206 - - [21/Jul/2018:11:06:48 +0200] "GET /css/style.css HTTP/1.1" 200 3549 "http://www.prokommunal.de/seiten/fsw.htm" "Mozilla/5.0 (X11; U; Linux Core i7-4980HQ; de; rv:32.0; compatible; JobboerseBot; http://www.jobboerse.com/bot.htm) Gecko/20100101 Firefox/38.0"
141.8.141.131 - - [21/Jul/2018:11:46:55 +0200] "GET /robots.txt HTTP/1.1" 404 1256 "-" "Mozilla/5.0 (compatible; YandexBot/3.0; +http://yandex.com/bots)"
141.8.141.134 - - [21/Jul/2018:11:46:55 +0200] "GET /robots.txt HTTP/1.1" 404 1256 "-" "Mozilla/5.0 (compatible; YandexBot/3.0; +http://yandex.com/bots)"
141.8.141.131 - - [21/Jul/2018:11:46:56 +0200] "GET /robots.txt HTTP/1.1" 404 1256 "-" "Mozilla/5.0 (compatible; YandexBot/3.0; +http://yandex.com/bots)"
141.8.141.131 - - [21/Jul/2018:11:46:59 +0200] "GET / HTTP/1.1" 200 7903 "-" "Mozilla/5.0 (compatible; YandexBot/3.0; +http://yandex.com/bots)"
141.8.141.131 - - [21/Jul/2018:11:46:59 +0200] "GET / HTTP/1.1" 200 7903 "-" "Mozilla/5.0 (compatible; YandexBot/3.0; +http://yandex.com/bots)"
141.8.141.134 - - [21/Jul/2018:11:47:00 +0200] "GET / HTTP/1.1" 200 7903 "-" "Mozilla/5.0 (compatible; YandexBot/3.0; +http://yandex.com/bots)"
138.201.30.66 - - [21/Jul/2018:12:00:04 +0200] "GET /robots.txt HTTP/1.1" 404 1256 "-" "Mozilla/5.0 (compatible; SEOkicks; +https://www.seokicks.de/robot.html)"
138.201.30.66 - - [21/Jul/2018:12:00:05 +0200] "GET / HTTP/1.1" 200 7903 "-" "Mozilla/5.0 (compatible; SEOkicks; +https://www.seokicks.de/robot.html)"
138.201.30.66 - - [21/Jul/2018:12:00:06 +0200] "GET /seiten/produkte.htm HTTP/1.1" 200 9105 "http://www.prokommunal.de/" "Mozilla/5.0 (compatible; SEOkicks; +https://www.seokicks.de/robot.html)"
138.201.30.66 - - [21/Jul/2018:12:00:07 +0200] "GET /seiten/partner.htm HTTP/1.1" 200 9458 "http://www.prokommunal.de/" "Mozilla/5.0 (compatible; SEOkicks; +https://www.seokicks.de/robot.html)"
138.201.30.66 - - [21/Jul/2018:12:00:08 +0200] "GET /seiten/referenzen.htm HTTP/1.1" 200 41688 "http://www.prokommunal.de/" "Mozilla/5.0 (compatible; SEOkicks; +https://www.seokicks.de/robot.html)"
138.201.30.66 - - [21/Jul/2018:12:00:10 +0200] "GET /seiten/service.htm HTTP/1.1" 200 9936 "http://www.prokommunal.de/" "Mozilla/5.0 (compatible; SEOkicks; +https://www.seokicks.de/robot.html)"
138.201.30.66 - - [21/Jul/2018:12:00:11 +0200] "GET /seiten/kontakt.php HTTP/1.1" 200 12788 "http://www.prokommunal.de/" "Mozilla/5.0 (compatible; SEOkicks; +https://www.seokicks.de/robot.html)"
138.201.30.66 - - [21/Jul/2018:12:00:12 +0200] "GET /seiten/impr.htm HTTP/1.1" 200 8696 "http://www.prokommunal.de/" "Mozilla/5.0 (compatible; SEOkicks; +https://www.seokicks.de/robot.html)"
138.201.30.66 - - [21/Jul/2018:12:00:13 +0200] "GET /seiten/databund.html HTTP/1.1" 200 9125 "http://www.prokommunal.de/" "Mozilla/5.0 (compatible; SEOkicks; +https://www.seokicks.de/robot.html)"
46.229.168.68 - - [21/Jul/2018:13:08:13 +0200] "GET /robots.txt HTTP/1.1" 404 1256 "-" "Mozilla/5.0 (compatible; SemrushBot/2~bl; +http://www.semrush.com/bot.html)"
46.229.168.78 - - [21/Jul/2018:13:08:21 +0200] "GET /seiten/kontakt.php HTTP/1.1" 200 12788 "-" "Mozilla/5.0 (compatible; SemrushBot/2~bl; +http://www.semrush.com/bot.html)"
46.229.168.80 - - [21/Jul/2018:16:48:41 +0200] "GET /robots.txt HTTP/1.1" 404 1256 "-" "Mozilla/5.0 (compatible; SemrushBot/2~bl; +http://www.semrush.com/bot.html)"
46.229.168.84 - - [21/Jul/2018:16:48:46 +0200] "GET /seiten/fahrlehrerwesen.htm HTTP/1.1" 200 7168 "-" "Mozilla/5.0 (compatible; SemrushBot/2~bl; +http://www.semrush.com/bot.html)"
88.99.27.172 - - [21/Jul/2018:18:31:38 +0200] "GET / HTTP/1.1" 200 7903 "-" "Mozilla/5.0 (Windows NT 10.0; Win64; x64; rv:58.0) Gecko/20100101 Firefox/58.0"
88.99.27.172 - - [21/Jul/2018:18:32:19 +0200] "GET /seiten/produkte.htm HTTP/1.1" 200 9105 "-" "Mozilla/5.0 (Macintosh; Intel Mac OS X 10_12_6) AppleWebKit/604.4.7 (KHTML, like Gecko) Version/11.0.2 Safari/604.4.7"
88.99.27.172 - - [21/Jul/2018:18:32:25 +0200] "GET /seiten/impr.htm HTTP/1.1" 200 8696 "-" "Mozilla/5.0 (X11; Linux x86_64) AppleWebKit/537.36 (KHTML, like Gecko) Chrome/64.0.3282.140 Safari/537.36"
88.99.27.172 - - [21/Jul/2018:18:32:25 +0200] "GET /seiten/kontakt.php HTTP/1.1" 200 12788 "-" "Mozilla/5.0 (Windows NT 6.1; Win64; x64) AppleWebKit/537.36 (KHTML, like Gecko) Chrome/64.0.3282.140 Safari/537.36"
141.8.141.131 - - [21/Jul/2018:19:35:29 +0200] "GET /robots.txt HTTP/1.1" 404 1256 "-" "Mozilla/5.0 (compatible; YandexBot/3.0; +http://yandex.com/bots)"
141.8.141.131 - - [21/Jul/2018:19:35:33 +0200] "GET /favicon.ico HTTP/1.1" 200 894 "-" "Mozilla/5.0 (compatible; YandexBot/3.0; +http://yandex.com/bots)"
66.249.69.253 - - [21/Jul/2018:20:55:23 +0200] "GET /robots.txt HTTP/1.1" 404 1256 "-" "Mozilla/5.0 (compatible; Googlebot/2.1; +http://www.google.com/bot.html)"
66.249.69.251 - - [21/Jul/2018:20:55:23 +0200] "GET / HTTP/1.1" 200 7903 "-" "Mozilla/5.0 (compatible; Googlebot/2.1; +http://www.google.com/bot.html)"
216.145.14.142 - - [21/Jul/2018:21:48:18 +0200] "GET /robots.txt HTTP/1.0" 404 1256 "-" "Mozilla/5.0 (Macintosh; Intel Mac OS X 10.10; rv:59.0) Gecko/20100101 Firefox/59.0"
216.145.14.142 - - [21/Jul/2018:21:48:19 +0200] "GET / HTTP/1.1" 200 7903 "-" "Mozilla/5.0 (Macintosh; Intel Mac OS X 10.10; rv:59.0) Gecko/20100101 Firefox/59.0"
141.8.141.131 - - [21/Jul/2018:22:53:50 +0200] "GET /robots.txt HTTP/1.1" 404 1256 "-" "Mozilla/5.0 (compatible; YandexBot/3.0; +http://yandex.com/bots)"
141.8.141.134 - - [21/Jul/2018:22:53:51 +0200] "GET /robots.txt HTTP/1.1" 404 1256 "-" "Mozilla/5.0 (compatible; YandexBot/3.0; +http://yandex.com/bots)"
141.8.141.131 - - [21/Jul/2018:22:53:51 +0200] "GET /robots.txt HTTP/1.1" 404 1256 "-" "Mozilla/5.0 (compatible; YandexBot/3.0; +http://yandex.com/bots)"
141.8.141.131 - - [21/Jul/2018:22:53:54 +0200] "GET / HTTP/1.1" 200 7903 "-" "Mozilla/5.0 (compatible; YandexBot/3.0; +http://yandex.com/bots)"
141.8.141.134 - - [21/Jul/2018:22:53:54 +0200] "GET / HTTP/1.1" 200 7903 "-" "Mozilla/5.0 (compatible; YandexBot/3.0; +http://yandex.com/bots)"
141.8.141.131 - - [21/Jul/2018:22:53:55 +0200] "GET / HTTP/1.1" 200 7903 "-" "Mozilla/5.0 (compatible; YandexBot/3.0; +http://yandex.com/bots)"
52.53.201.78 - - [22/Jul/2018:01:58:09 +0200] "GET / HTTP/1.1" 200 7903 "-" "Mozilla/5.0 (Macintosh; Intel Mac OS X 10_12_6) AppleWebKit/537.36 (KHTML, like Gecko) Chrome/61.0.3163.100 Safari/537.36"
37.187.56.81 - - [22/Jul/2018:02:45:24 +0200] "GET /robots.txt HTTP/1.0" 404 1256 "-" ""
37.187.56.81 - - [22/Jul/2018:02:45:24 +0200] "GET / HTTP/1.1" 206 7903 "-" "Mozilla/5.0 (X11; Ubuntu; Linux x86_64; rv:21.0) Gecko/20100101 Firefox/21.0"
37.187.56.81 - - [22/Jul/2018:02:45:26 +0200] "GET /seiten/produkte.htm HTTP/1.1" 206 9105 "-" "Mozilla/5.0 (X11; Ubuntu; Linux x86_64; rv:21.0) Gecko/20100101 Firefox/21.0"
37.187.56.81 - - [22/Jul/2018:02:45:28 +0200] "GET /seiten/partner.htm HTTP/1.1" 206 9458 "-" "Mozilla/5.0 (X11; Ubuntu; Linux x86_64; rv:21.0) Gecko/20100101 Firefox/21.0"
37.187.56.81 - - [22/Jul/2018:02:45:31 +0200] "GET /seiten/referenzen.htm HTTP/1.1" 206 41688 "-" "Mozilla/5.0 (X11; Ubuntu; Linux x86_64; rv:21.0) Gecko/20100101 Firefox/21.0"
37.187.56.81 - - [22/Jul/2018:02:45:33 +0200] "GET /seiten/service.htm HTTP/1.1" 206 9936 "-" "Mozilla/5.0 (X11; Ubuntu; Linux x86_64; rv:21.0) Gecko/20100101 Firefox/21.0"
37.187.56.81 - - [22/Jul/2018:02:45:35 +0200] "GET /seiten/kontakt.php HTTP/1.1" 200 12788 "-" "Mozilla/5.0 (X11; Ubuntu; Linux x86_64; rv:21.0) Gecko/20100101 Firefox/21.0"
37.187.56.81 - - [22/Jul/2018:02:45:37 +0200] "GET /seiten/impr.htm HTTP/1.1" 206 8696 "-" "Mozilla/5.0 (X11; Ubuntu; Linux x86_64; rv:21.0) Gecko/20100101 Firefox/21.0"
37.187.56.81 - - [22/Jul/2018:02:45:39 +0200] "GET /seiten/databund.html HTTP/1.1" 206 9125 "-" "Mozilla/5.0 (X11; Ubuntu; Linux x86_64; rv:21.0) Gecko/20100101 Firefox/21.0"
37.187.56.81 - - [22/Jul/2018:02:45:41 +0200] "GET /seiten/fsw.htm HTTP/1.1" 206 9961 "-" "Mozilla/5.0 (X11; Ubuntu; Linux x86_64; rv:21.0) Gecko/20100101 Firefox/21.0"
37.187.56.81 - - [22/Jul/2018:02:45:43 +0200] "GET /seiten/fahrlehrerwesen.htm HTTP/1.1" 206 7168 "-" "Mozilla/5.0 (X11; Ubuntu; Linux x86_64; rv:21.0) Gecko/20100101 Firefox/21.0"
37.187.56.81 - - [22/Jul/2018:02:45:45 +0200] "GET /seiten/kontroll.htm HTTP/1.1" 206 6599 "-" "Mozilla/5.0 (X11; Ubuntu; Linux x86_64; rv:21.0) Gecko/20100101 Firefox/21.0"
37.187.56.81 - - [22/Jul/2018:02:45:47 +0200] "GET /seiten/kraftverkehr.htm HTTP/1.1" 206 9210 "-" "Mozilla/5.0 (X11; Ubuntu; Linux x86_64; rv:21.0) Gecko/20100101 Firefox/21.0"
66.249.69.224 - - [22/Jul/2018:03:17:36 +0200] "GET /key/ASWD56425CSA HTTP/1.1" 404 1256 "http://ni.57883.net/alexa/ni/index.asp?domain=prokommunal.de" "Mozilla/5.0 AppleWebKit/537.36 (KHTML, like Gecko; compatible; Googlebot/2.1; +http://www.google.com/bot.html) Safari/537.36"
66.249.69.224 - - [22/Jul/2018:03:26:02 +0200] "GET /key/ASWD56425CSA HTTP/1.1" 404 1256 "-" "Mozilla/5.0 (compatible; Googlebot/2.1; +http://www.google.com/bot.html)"
42.236.99.166 - - [22/Jul/2018:06:14:00 +0200] "GET / HTTP/1.1" 200 7903 "http://www.prokommunal.de/" "Mozilla/5.0 (Windows NT 6.1; WOW64) AppleWebKit/537.36 (KHTML, like Gecko) Chrome/50.0.2661.102 Safari/537.36; 360Spider"
66.249.69.224 - - [22/Jul/2018:08:47:19 +0200] "GET / HTTP/1.1" 200 7903 "-" "Mozilla/5.0 (compatible; Googlebot/2.1; +http://www.google.com/bot.html)"
141.8.141.131 - - [22/Jul/2018:09:08:55 +0200] "GET /robots.txt HTTP/1.1" 404 1256 "-" "Mozilla/5.0 (compatible; YandexBot/3.0; +http://yandex.com/bots)"
141.8.141.131 - - [22/Jul/2018:09:08:59 +0200] "GET /favicon.ico HTTP/1.1" 200 894 "-" "Mozilla/5.0 (compatible; YandexBot/3.0; +http://yandex.com/bots)"
141.8.141.134 - - [22/Jul/2018:10:38:17 +0200] "GET / HTTP/1.1" 200 7903 "-" "Mozilla/5.0 (compatible; YandexBot/3.0; +http://yandex.com/bots)"
141.8.141.134 - - [22/Jul/2018:10:38:17 +0200] "GET /robots.txt HTTP/1.1" 404 1256 "-" "Mozilla/5.0 (compatible; YandexBot/3.0; +http://yandex.com/bots)"
141.8.141.134 - - [22/Jul/2018:10:38:17 +0200] "GET /robots.txt HTTP/1.1" 404 1256 "-" "Mozilla/5.0 (compatible; YandexBot/3.0; +http://yandex.com/bots)"
141.8.141.131 - - [22/Jul/2018:10:38:21 +0200] "GET / HTTP/1.1" 200 7903 "-" "Mozilla/5.0 (compatible; YandexBot/3.0; +http://yandex.com/bots)"
141.8.141.131 - - [22/Jul/2018:10:38:21 +0200] "GET / HTTP/1.1" 200 7903 "-" "Mozilla/5.0 (compatible; YandexBot/3.0; +http://yandex.com/bots)"
180.76.15.5 - - [22/Jul/2018:12:30:34 +0200] "GET / HTTP/1.1" 200 7903 "-" "Mozilla/5.0 (compatible; Baiduspider/2.0; +http://www.baidu.com/search/spider.html)"
66.249.69.251 - - [22/Jul/2018:14:16:24 +0200] "GET /robots.txt HTTP/1.1" 404 1256 "-" "Mozilla/5.0 (compatible; Googlebot/2.1; +http://www.google.com/bot.html)"
66.249.69.251 - - [22/Jul/2018:14:16:24 +0200] "GET / HTTP/1.1" 200 7903 "-" "Mozilla/5.0 (compatible; Googlebot/2.1; +http://www.google.com/bot.html)"
46.229.168.84 - - [22/Jul/2018:14:45:49 +0200] "GET /robots.txt HTTP/1.1" 404 1256 "-" "Mozilla/5.0 (compatible; SemrushBot/2~bl; +http://www.semrush.com/bot.html)"
46.229.168.68 - - [22/Jul/2018:14:45:56 +0200] "GET /seiten/service.htm HTTP/1.1" 200 9936 "-" "Mozilla/5.0 (compatible; SemrushBot/2~bl; +http://www.semrush.com/bot.html)"
52.53.201.78 - - [22/Jul/2018:14:46:13 +0200] "GET / HTTP/1.1" 200 7903 "-" "Mozilla/5.0 (Macintosh; Intel Mac OS X 10_12_6) AppleWebKit/537.36 (KHTML, like Gecko) Chrome/61.0.3163.100 Safari/537.36"
46.229.168.82 - - [22/Jul/2018:15:56:05 +0200] "GET /robots.txt HTTP/1.1" 404 1256 "-" "Mozilla/5.0 (compatible; SemrushBot/2~bl; +http://www.semrush.com/bot.html)"
46.229.168.76 - - [22/Jul/2018:15:56:12 +0200] "GET /seiten/referenzen.htm HTTP/1.1" 200 41688 "-" "Mozilla/5.0 (compatible; SemrushBot/2~bl; +http://www.semrush.com/bot.html)"
87.250.233.67 - - [22/Jul/2018:15:57:23 +0200] "GET /robots.txt HTTP/1.1" 404 1256 "-" "Mozilla/5.0 (compatible; YandexBot/3.0; +http://yandex.com/bots)"
87.250.233.67 - - [22/Jul/2018:15:57:27 +0200] "GET /favicon.ico HTTP/1.1" 200 894 "-" "Mozilla/5.0 (compatible; YandexBot/3.0; +http://yandex.com/bots)"
46.229.168.83 - - [22/Jul/2018:16:23:39 +0200] "GET /robots.txt HTTP/1.1" 404 1256 "-" "Mozilla/5.0 (compatible; SemrushBot/2~bl; +http://www.semrush.com/bot.html)"
46.229.168.74 - - [22/Jul/2018:16:23:45 +0200] "GET /seiten/produkte.htm HTTP/1.1" 200 9105 "-" "Mozilla/5.0 (compatible; SemrushBot/2~bl; +http://www.semrush.com/bot.html)"
87.230.17.72 - - [22/Jul/2018:16:45:05 +0200] "GET / HTTP/1.1" 200 7903 "-" "ImplisenseBot 1.0"
87.230.17.72 - - [22/Jul/2018:16:45:06 +0200] "GET /seiten/impr.htm HTTP/1.1" 200 8696 "-" "ImplisenseBot 1.0"
87.230.17.72 - - [22/Jul/2018:16:45:06 +0200] "GET / HTTP/1.1" 200 7903 "-" "ImplisenseBot 1.0"
87.230.17.72 - - [22/Jul/2018:16:45:06 +0200] "GET /robots.txt HTTP/1.1" 404 1256 "-" "ImplisenseBot 1.0"
87.230.17.72 - - [22/Jul/2018:16:45:06 +0200] "GET /seiten/produkte.htm HTTP/1.1" 200 9105 "-" "ImplisenseBot 1.0"
87.230.17.72 - - [22/Jul/2018:16:45:07 +0200] "GET /seiten/partner.htm HTTP/1.1" 200 9458 "-" "ImplisenseBot 1.0"
87.230.17.72 - - [22/Jul/2018:16:45:07 +0200] "GET /seiten/referenzen.htm HTTP/1.1" 200 41688 "-" "ImplisenseBot 1.0"
87.230.17.72 - - [22/Jul/2018:16:45:07 +0200] "GET /seiten/service.htm HTTP/1.1" 200 9936 "-" "ImplisenseBot 1.0"
87.230.17.72 - - [22/Jul/2018:16:45:08 +0200] "GET /seiten/kontakt.php HTTP/1.1" 200 12788 "-" "ImplisenseBot 1.0"
87.230.17.72 - - [22/Jul/2018:16:45:08 +0200] "GET /seiten/impr.htm HTTP/1.1" 200 8696 "-" "ImplisenseBot 1.0"
87.230.17.72 - - [22/Jul/2018:16:45:09 +0200] "GET /seiten/databund.html HTTP/1.1" 200 9125 "-" "ImplisenseBot 1.0"
87.230.17.72 - - [22/Jul/2018:16:45:10 +0200] "GET /seiten/fsw.htm HTTP/1.1" 200 9961 "-" "ImplisenseBot 1.0"
87.230.17.72 - - [22/Jul/2018:16:45:10 +0200] "GET /seiten/fahrlehrerwesen.htm HTTP/1.1" 200 7168 "-" "ImplisenseBot 1.0"
87.230.17.72 - - [22/Jul/2018:16:45:11 +0200] "GET /seiten/kontroll.htm HTTP/1.1" 200 6599 "-" "ImplisenseBot 1.0"
87.230.17.72 - - [22/Jul/2018:16:45:11 +0200] "GET /seiten/kraftverkehr.htm HTTP/1.1" 200 9210 "-" "ImplisenseBot 1.0"
87.230.17.72 - - [22/Jul/2018:16:45:12 +0200] "GET /seiten/produkte.htm#top HTTP/1.1" 200 9105 "-" "ImplisenseBot 1.0"
87.230.17.72 - - [22/Jul/2018:16:45:12 +0200] "GET /seiten/partner.htm#top HTTP/1.1" 200 9458 "-" "ImplisenseBot 1.0"
87.230.17.72 - - [22/Jul/2018:16:45:12 +0200] "GET /seiten/referenzen.htm#top HTTP/1.1" 200 41688 "-" "ImplisenseBot 1.0"
87.230.17.72 - - [22/Jul/2018:16:45:13 +0200] "GET /seiten/service.htm#term HTTP/1.1" 200 9936 "-" "ImplisenseBot 1.0"
87.230.17.72 - - [22/Jul/2018:16:45:14 +0200] "GET /seiten/service.htm#top HTTP/1.1" 200 9936 "-" "ImplisenseBot 1.0"
87.230.17.72 - - [22/Jul/2018:16:45:15 +0200] "GET /seiten/kontakt.php#partner HTTP/1.1" 200 12788 "-" "ImplisenseBot 1.0"
87.230.17.72 - - [22/Jul/2018:16:45:15 +0200] "GET /seiten/kontakt.php#kont HTTP/1.1" 200 12788 "-" "ImplisenseBot 1.0"
87.230.17.72 - - [22/Jul/2018:16:45:16 +0200] "GET /seiten/kontakt.php#top HTTP/1.1" 200 12788 "-" "ImplisenseBot 1.0"
37.59.141.197 - - [22/Jul/2018:18:32:36 +0200] "GET / HTTP/1.1" 200 7903 "-" "Java/1.6.0_04"
37.59.141.197 - - [22/Jul/2018:18:32:36 +0200] "GET /./scripte/basics.js HTTP/1.1" 200 198 "-" "Java/1.6.0_04"
37.59.141.197 - - [22/Jul/2018:18:32:36 +0200] "GET /false.htm HTTP/1.1" 200 2749 "-" "Java/1.6.0_04"
37.59.141.197 - - [22/Jul/2018:18:32:36 +0200] "GET /scripte/basics.js HTTP/1.1" 200 198 "-" "Java/1.6.0_04"
37.59.141.197 - - [22/Jul/2018:18:32:36 +0200] "GET /./seiten/databund.html HTTP/1.1" 200 9125 "-" "Java/1.6.0_04"
37.59.141.197 - - [22/Jul/2018:18:32:36 +0200] "GET /seiten/fahrlehrerwesen.htm HTTP/1.1" 200 7168 "-" "Java/1.6.0_04"
37.59.141.197 - - [22/Jul/2018:18:32:36 +0200] "GET /seiten/fsw.htm HTTP/1.1" 200 9961 "-" "Java/1.6.0_04"
37.59.141.197 - - [22/Jul/2018:18:32:37 +0200] "GET /seiten/impr.htm HTTP/1.1" 200 8696 "-" "Java/1.6.0_04"
37.59.141.197 - - [22/Jul/2018:18:32:37 +0200] "GET /seiten/kontakt.php HTTP/1.1" 200 12788 "-" "Java/1.6.0_04"
37.59.141.197 - - [22/Jul/2018:18:32:38 +0200] "GET /seiten/kontroll.htm HTTP/1.1" 200 6599 "-" "Java/1.6.0_04"
37.59.141.197 - - [22/Jul/2018:18:32:38 +0200] "GET /seiten/kraftverkehr.htm HTTP/1.1" 200 9210 "-" "Java/1.6.0_04"
37.59.141.197 - - [22/Jul/2018:18:32:38 +0200] "GET /seiten/partner.htm HTTP/1.1" 200 9458 "-" "Java/1.6.0_04"
37.59.141.197 - - [22/Jul/2018:18:32:38 +0200] "GET /seiten/produkte.htm HTTP/1.1" 200 9105 "-" "Java/1.6.0_04"
