198.27.80.144 - - [30/Jul/2018:03:08:52 +0200] "GET / HTTP/1.1" 206 7903 "-" "Mozilla/5.0 (X11; Linux x86_64) AppleWebKit/534.30 (KHTML, like Gecko) Ubuntu/11.04 Chromium/12.0.742.112 Chrome/12.0.742.112 Safari/534.30"
198.27.80.144 - - [30/Jul/2018:03:08:54 +0200] "GET /seiten/produkte.htm HTTP/1.1" 206 9105 "-" "Mozilla/5.0 (X11; Linux x86_64) AppleWebKit/534.30 (KHTML, like Gecko) Ubuntu/11.04 Chromium/12.0.742.112 Chrome/12.0.742.112 Safari/534.30"
198.27.80.144 - - [30/Jul/2018:03:08:56 +0200] "GET /seiten/partner.htm HTTP/1.1" 206 9458 "-" "Mozilla/5.0 (X11; Linux x86_64) AppleWebKit/534.30 (KHTML, like Gecko) Ubuntu/11.04 Chromium/12.0.742.112 Chrome/12.0.742.112 Safari/534.30"
198.27.80.144 - - [30/Jul/2018:03:08:59 +0200] "GET /seiten/referenzen.htm HTTP/1.1" 206 41688 "-" "Mozilla/5.0 (X11; Linux x86_64) AppleWebKit/534.30 (KHTML, like Gecko) Ubuntu/11.04 Chromium/12.0.742.112 Chrome/12.0.742.112 Safari/534.30"
198.27.80.144 - - [30/Jul/2018:03:09:01 +0200] "GET /seiten/service.htm HTTP/1.1" 206 9936 "-" "Mozilla/5.0 (X11; Linux x86_64) AppleWebKit/534.30 (KHTML, like Gecko) Ubuntu/11.04 Chromium/12.0.742.112 Chrome/12.0.742.112 Safari/534.30"
198.27.80.144 - - [30/Jul/2018:03:09:03 +0200] "GET /seiten/kontakt.php HTTP/1.1" 200 12788 "-" "Mozilla/5.0 (X11; Linux x86_64) AppleWebKit/534.30 (KHTML, like Gecko) Ubuntu/11.04 Chromium/12.0.742.112 Chrome/12.0.742.112 Safari/534.30"
198.27.80.144 - - [30/Jul/2018:03:09:06 +0200] "GET /seiten/impr.htm HTTP/1.1" 206 8696 "-" "Mozilla/5.0 (X11; Linux x86_64) AppleWebKit/534.30 (KHTML, like Gecko) Ubuntu/11.04 Chromium/12.0.742.112 Chrome/12.0.742.112 Safari/534.30"
198.27.80.144 - - [30/Jul/2018:03:09:08 +0200] "GET /seiten/databund.html HTTP/1.1" 206 9125 "-" "Mozilla/5.0 (X11; Linux x86_64) AppleWebKit/534.30 (KHTML, like Gecko) Ubuntu/11.04 Chromium/12.0.742.112 Chrome/12.0.742.112 Safari/534.30"
198.27.80.144 - - [30/Jul/2018:03:09:10 +0200] "GET /seiten/fsw.htm HTTP/1.1" 206 9961 "-" "Mozilla/5.0 (X11; Linux x86_64) AppleWebKit/534.30 (KHTML, like Gecko) Ubuntu/11.04 Chromium/12.0.742.112 Chrome/12.0.742.112 Safari/534.30"
198.27.80.144 - - [30/Jul/2018:03:09:13 +0200] "GET /seiten/fahrlehrerwesen.htm HTTP/1.1" 206 7168 "-" "Mozilla/5.0 (X11; Linux x86_64) AppleWebKit/534.30 (KHTML, like Gecko) Ubuntu/11.04 Chromium/12.0.742.112 Chrome/12.0.742.112 Safari/534.30"
198.27.80.144 - - [30/Jul/2018:03:09:15 +0200] "GET /seiten/kontroll.htm HTTP/1.1" 206 6599 "-" "Mozilla/5.0 (X11; Linux x86_64) AppleWebKit/534.30 (KHTML, like Gecko) Ubuntu/11.04 Chromium/12.0.742.112 Chrome/12.0.742.112 Safari/534.30"
198.27.80.144 - - [30/Jul/2018:03:09:17 +0200] "GET /seiten/kraftverkehr.htm HTTP/1.1" 206 9210 "-" "Mozilla/5.0 (X11; Linux x86_64) AppleWebKit/534.30 (KHTML, like Gecko) Ubuntu/11.04 Chromium/12.0.742.112 Chrome/12.0.742.112 Safari/534.30"
46.105.92.122 - - [30/Jul/2018:03:22:28 +0200] "GET / HTTP/1.1" 200 7903 "-" "Mozilla/5.0 (Windows NT 10.0; rv:61.0) Gecko/20100101 Firefox/61.0"
180.76.15.140 - - [30/Jul/2018:04:39:12 +0200] "GET / HTTP/1.1" 200 7903 "-" "Mozilla/5.0 (compatible; Baiduspider/2.0; +http://www.baidu.com/search/spider.html)"
46.229.168.76 - - [30/Jul/2018:05:18:44 +0200] "GET /robots.txt HTTP/1.1" 404 1256 "-" "Mozilla/5.0 (compatible; SemrushBot/2~bl; +http://www.semrush.com/bot.html)"
46.229.168.80 - - [30/Jul/2018:05:18:52 +0200] "GET /seiten/kraftverkehr.htm HTTP/1.1" 200 9210 "-" "Mozilla/5.0 (compatible; SemrushBot/2~bl; +http://www.semrush.com/bot.html)"
141.8.141.134 - - [30/Jul/2018:06:42:19 +0200] "GET /robots.txt HTTP/1.1" 404 1256 "-" "Mozilla/5.0 (compatible; YandexBot/3.0; +http://yandex.com/bots)"
87.250.244.7 - - [30/Jul/2018:06:42:22 +0200] "GET / HTTP/1.1" 200 7903 "-" "Mozilla/5.0 (compatible; YandexBot/3.0; +http://yandex.com/bots)"
103.20.249.53 - - [30/Jul/2018:06:44:04 +0200] "GET / HTTP/1.1" 200 7903 "-" "-"
52.53.201.78 - - [30/Jul/2018:08:58:09 +0200] "GET / HTTP/1.1" 200 7903 "-" "Mozilla/5.0 (Macintosh; Intel Mac OS X 10_12_6) AppleWebKit/537.36 (KHTML, like Gecko) Chrome/61.0.3163.100 Safari/537.36"
54.36.150.107 - - [30/Jul/2018:11:11:59 +0200] "GET /robots.txt HTTP/1.1" 404 1256 "-" "Mozilla/5.0 (compatible; AhrefsBot/5.2; +http://ahrefs.com/robot/)"
54.36.148.136 - - [30/Jul/2018:11:12:00 +0200] "GET /seiten/referenzen.htm HTTP/1.1" 200 41688 "-" "Mozilla/5.0 (compatible; AhrefsBot/5.2; +http://ahrefs.com/robot/)"
42.236.99.2 - - [30/Jul/2018:16:15:31 +0200] "GET / HTTP/1.1" 200 7903 "http://www.prokommunal.de/" "Mozilla/5.0 (Windows NT 6.1; WOW64) AppleWebKit/537.36 (KHTML, like Gecko) Chrome/50.0.2661.102 Safari/537.36; 360Spider"
141.8.141.131 - - [30/Jul/2018:16:16:41 +0200] "GET /robots.txt HTTP/1.1" 404 1256 "-" "Mozilla/5.0 (compatible; YandexBot/3.0; +http://yandex.com/bots)"
141.8.141.131 - - [30/Jul/2018:16:16:45 +0200] "GET /favicon.ico HTTP/1.1" 200 894 "-" "Mozilla/5.0 (compatible; YandexBot/3.0; +http://yandex.com/bots)"
54.36.148.152 - - [30/Jul/2018:17:15:01 +0200] "GET /seiten/kontroll.htm HTTP/1.1" 200 6599 "-" "Mozilla/5.0 (compatible; AhrefsBot/5.2; +http://ahrefs.com/robot/)"
213.248.250.195 - - [30/Jul/2018:19:54:18 +0200] "HEAD / HTTP/1.1" 200 - "-" "http://www.nominet.org.uk/privacypolicy"
213.248.250.195 - - [30/Jul/2018:19:54:18 +0200] "GET /robots.txt HTTP/1.1" 404 1256 "-" "http://www.nominet.org.uk/privacypolicy"
213.248.250.195 - - [30/Jul/2018:19:54:18 +0200] "GET / HTTP/1.1" 200 7903 "-" "http://www.nominet.org.uk/privacypolicy"
66.249.69.220 - - [30/Jul/2018:20:08:51 +0200] "GET /robots.txt HTTP/1.1" 404 1256 "-" "Mozilla/5.0 (compatible; Googlebot/2.1; +http://www.google.com/bot.html)"
66.249.69.222 - - [30/Jul/2018:20:08:52 +0200] "GET / HTTP/1.1" 200 7903 "-" "Mozilla/5.0 (compatible; Googlebot/2.1; +http://www.google.com/bot.html)"
213.248.250.195 - - [30/Jul/2018:20:09:56 +0200] "HEAD / HTTP/1.1" 200 - "-" "http://www.nominet.org.uk/privacypolicy"
213.248.250.195 - - [30/Jul/2018:20:09:56 +0200] "GET /robots.txt HTTP/1.1" 404 1256 "-" "http://www.nominet.org.uk/privacypolicy"
213.248.250.195 - - [30/Jul/2018:20:09:56 +0200] "GET / HTTP/1.1" 200 7903 "-" "http://www.nominet.org.uk/privacypolicy"
66.249.69.192 - - [30/Jul/2018:20:39:51 +0200] "GET / HTTP/1.1" 200 7903 "-" "Mozilla/5.0 (Linux; Android 6.0.1; Nexus 5X Build/MMB29P) AppleWebKit/537.36 (KHTML, like Gecko) Chrome/41.0.2272.96 Mobile Safari/537.36 (compatible; Googlebot/2.1; +http://www.google.com/bot.html)"
46.229.168.81 - - [30/Jul/2018:21:25:53 +0200] "GET /robots.txt HTTP/1.1" 404 1256 "-" "Mozilla/5.0 (compatible; SemrushBot/2~bl; +http://www.semrush.com/bot.html)"
46.229.168.81 - - [30/Jul/2018:21:26:00 +0200] "GET /seiten/intern/log_check.php HTTP/1.1" 302 - "-" "Mozilla/5.0 (compatible; SemrushBot/2~bl; +http://www.semrush.com/bot.html)"
176.9.5.87 - - [30/Jul/2018:21:28:38 +0200] "GET /robots.txt HTTP/1.1" 404 1256 "-" "Mozilla/5.0 (compatible; BLEXBot/1.0; +http://webmeup-crawler.com/)"
176.9.5.87 - - [30/Jul/2018:21:28:39 +0200] "GET / HTTP/1.1" 200 7903 "-" "Mozilla/5.0 (compatible; BLEXBot/1.0; +http://webmeup-crawler.com/)"
66.249.69.245 - - [30/Jul/2018:22:21:02 +0200] "GET /robots.txt HTTP/1.1" 404 1256 "-" "Mozilla/5.0 (compatible; Googlebot/2.1; +http://www.google.com/bot.html)"
66.249.69.247 - - [30/Jul/2018:22:21:02 +0200] "GET / HTTP/1.1" 200 7903 "-" "Mozilla/5.0 (compatible; Googlebot/2.1; +http://www.google.com/bot.html)"
66.249.69.247 - - [30/Jul/2018:22:21:53 +0200] "GET /seiten/fahrlehrerwesen.htm HTTP/1.1" 200 7168 "-" "Mozilla/5.0 (compatible; Googlebot/2.1; +http://www.google.com/bot.html)"
66.249.69.245 - - [30/Jul/2018:22:25:50 +0200] "GET /seiten/kontroll.htm HTTP/1.1" 200 6599 "-" "Mozilla/5.0 (compatible; Googlebot/2.1; +http://www.google.com/bot.html)"
136.243.89.157 - - [30/Jul/2018:22:27:35 +0200] "GET /robots.txt HTTP/1.1" 404 1256 "-" "Mozilla/5.0 (compatible; SEOkicks; +https://www.seokicks.de/robot.html)"
136.243.89.157 - - [30/Jul/2018:22:27:36 +0200] "GET / HTTP/1.1" 200 7903 "-" "Mozilla/5.0 (compatible; SEOkicks; +https://www.seokicks.de/robot.html)"
136.243.89.157 - - [30/Jul/2018:22:27:37 +0200] "GET /seiten/produkte.htm HTTP/1.1" 200 9105 "http://www.prokommunal.de/" "Mozilla/5.0 (compatible; SEOkicks; +https://www.seokicks.de/robot.html)"
136.243.89.157 - - [30/Jul/2018:22:27:38 +0200] "GET /seiten/partner.htm HTTP/1.1" 200 9458 "http://www.prokommunal.de/" "Mozilla/5.0 (compatible; SEOkicks; +https://www.seokicks.de/robot.html)"
136.243.89.157 - - [30/Jul/2018:22:27:40 +0200] "GET /seiten/referenzen.htm HTTP/1.1" 200 41688 "http://www.prokommunal.de/" "Mozilla/5.0 (compatible; SEOkicks; +https://www.seokicks.de/robot.html)"
136.243.89.157 - - [30/Jul/2018:22:27:41 +0200] "GET /seiten/service.htm HTTP/1.1" 200 9936 "http://www.prokommunal.de/" "Mozilla/5.0 (compatible; SEOkicks; +https://www.seokicks.de/robot.html)"
136.243.89.157 - - [30/Jul/2018:22:27:42 +0200] "GET /seiten/kontakt.php HTTP/1.1" 200 12788 "http://www.prokommunal.de/" "Mozilla/5.0 (compatible; SEOkicks; +https://www.seokicks.de/robot.html)"
136.243.89.157 - - [30/Jul/2018:22:27:43 +0200] "GET /seiten/impr.htm HTTP/1.1" 200 8696 "http://www.prokommunal.de/" "Mozilla/5.0 (compatible; SEOkicks; +https://www.seokicks.de/robot.html)"
136.243.89.157 - - [30/Jul/2018:22:27:44 +0200] "GET /seiten/databund.html HTTP/1.1" 200 9125 "http://www.prokommunal.de/" "Mozilla/5.0 (compatible; SEOkicks; +https://www.seokicks.de/robot.html)"
66.249.69.103 - - [30/Jul/2018:23:11:58 +0200] "GET /robots.txt HTTP/1.1" 404 1256 "-" "Mozilla/5.0 (compatible; Googlebot/2.1; +http://www.google.com/bot.html)"
66.249.69.103 - - [30/Jul/2018:23:11:58 +0200] "GET / HTTP/1.1" 200 7903 "-" "Mozilla/5.0 (compatible; Googlebot/2.1; +http://www.google.com/bot.html)"
66.249.69.100 - - [30/Jul/2018:23:12:52 +0200] "GET /seiten/impr.htm HTTP/1.1" 200 8696 "-" "Mozilla/5.0 (compatible; Googlebot/2.1; +http://www.google.com/bot.html)"
66.249.75.85 - - [30/Jul/2018:23:47:34 +0200] "GET /robots.txt HTTP/1.1" 404 1256 "-" "Mozilla/5.0 (compatible; Googlebot/2.1; +http://www.google.com/bot.html)"
66.249.75.85 - - [30/Jul/2018:23:47:34 +0200] "GET / HTTP/1.1" 200 7903 "-" "Mozilla/5.0 (compatible; Googlebot/2.1; +http://www.google.com/bot.html)"
66.249.75.87 - - [30/Jul/2018:23:47:35 +0200] "GET /css/style.css HTTP/1.1" 200 3549 "http://www.kfz-zulassungswesen.de/" "Mozilla/5.0 AppleWebKit/537.36 (KHTML, like Gecko; compatible; Googlebot/2.1; +http://www.google.com/bot.html) Safari/537.36"
66.249.75.83 - - [30/Jul/2018:23:47:35 +0200] "GET /scripte/basics.js HTTP/1.1" 200 198 "http://www.kfz-zulassungswesen.de/" "Mozilla/5.0 AppleWebKit/537.36 (KHTML, like Gecko; compatible; Googlebot/2.1; +http://www.google.com/bot.html) Safari/537.36"
46.229.168.70 - - [31/Jul/2018:01:59:52 +0200] "GET /robots.txt HTTP/1.1" 404 1256 "-" "Mozilla/5.0 (compatible; SemrushBot/2~bl; +http://www.semrush.com/bot.html)"
46.229.168.70 - - [31/Jul/2018:01:59:58 +0200] "GET /seiten/referenzen.htm HTTP/1.1" 200 41688 "-" "Mozilla/5.0 (compatible; SemrushBot/2~bl; +http://www.semrush.com/bot.html)"
66.249.69.249 - - [31/Jul/2018:02:10:20 +0200] "GET / HTTP/1.1" 200 7903 "-" "Mozilla/5.0 (Linux; Android 6.0.1; Nexus 5X Build/MMB29P) AppleWebKit/537.36 (KHTML, like Gecko) Chrome/41.0.2272.96 Mobile Safari/537.36 (compatible; Googlebot/2.1; +http://www.google.com/bot.html)"
66.249.75.83 - - [31/Jul/2018:02:39:44 +0200] "GET / HTTP/1.1" 200 7903 "-" "Mozilla/5.0 (Linux; Android 6.0.1; Nexus 5X Build/MMB29P) AppleWebKit/537.36 (KHTML, like Gecko) Chrome/41.0.2272.96 Mobile Safari/537.36 (compatible; Googlebot/2.1; +http://www.google.com/bot.html)"
66.249.75.83 - - [31/Jul/2018:02:39:47 +0200] "GET /css/style.css HTTP/1.1" 200 3549 "http://www.kfz-zulassungswesen.de/" "Mozilla/5.0 (Linux; Android 6.0.1; Nexus 5X Build/MMB29P) AppleWebKit/537.36 (KHTML, like Gecko) Chrome/41.0.2272.96 Mobile Safari/537.36 (compatible; Googlebot/2.1; +http://www.google.com/bot.html)"
66.249.75.83 - - [31/Jul/2018:02:39:47 +0200] "GET /scripte/basics.js HTTP/1.1" 200 198 "http://www.kfz-zulassungswesen.de/" "Mozilla/5.0 (Linux; Android 6.0.1; Nexus 5X Build/MMB29P) AppleWebKit/537.36 (KHTML, like Gecko) Chrome/41.0.2272.96 Mobile Safari/537.36 (compatible; Googlebot/2.1; +http://www.google.com/bot.html)"
52.53.201.78 - - [31/Jul/2018:03:05:30 +0200] "GET / HTTP/1.1" 200 7903 "-" "Mozilla/5.0 (Macintosh; Intel Mac OS X 10_12_6) AppleWebKit/537.36 (KHTML, like Gecko) Chrome/61.0.3163.100 Safari/537.36"
180.76.15.155 - - [31/Jul/2018:03:16:58 +0200] "GET /seiten/referenzen.htm HTTP/1.1" 200 41688 "-" "Mozilla/5.0 (compatible; Baiduspider/2.0; +http://www.baidu.com/search/spider.html)"
66.249.69.105 - - [31/Jul/2018:03:35:46 +0200] "GET / HTTP/1.1" 200 7903 "-" "Mozilla/5.0 (Linux; Android 6.0.1; Nexus 5X Build/MMB29P) AppleWebKit/537.36 (KHTML, like Gecko) Chrome/41.0.2272.96 Mobile Safari/537.36 (compatible; Googlebot/2.1; +http://www.google.com/bot.html)"
66.249.69.222 - - [31/Jul/2018:04:16:25 +0200] "GET / HTTP/1.1" 200 7903 "-" "Mozilla/5.0 (compatible; Googlebot/2.1; +http://www.google.com/bot.html)"
66.249.69.192 - - [31/Jul/2018:04:26:47 +0200] "GET / HTTP/1.1" 200 7903 "-" "Mozilla/5.0 (Linux; Android 6.0.1; Nexus 5X Build/MMB29P) AppleWebKit/537.36 (KHTML, like Gecko) Chrome/41.0.2272.96 Mobile Safari/537.36 (compatible; Googlebot/2.1; +http://www.google.com/bot.html)"
46.229.168.65 - - [31/Jul/2018:05:49:01 +0200] "GET /robots.txt HTTP/1.1" 404 1256 "-" "Mozilla/5.0 (compatible; SemrushBot/2~bl; +http://www.semrush.com/bot.html)"
46.229.168.73 - - [31/Jul/2018:05:49:07 +0200] "GET /seiten/service.htm HTTP/1.1" 200 9936 "-" "Mozilla/5.0 (compatible; SemrushBot/2~bl; +http://www.semrush.com/bot.html)"
66.249.69.222 - - [31/Jul/2018:08:11:27 +0200] "GET / HTTP/1.1" 200 7903 "-" "Mozilla/5.0 (compatible; Googlebot/2.1; +http://www.google.com/bot.html)"
66.249.69.222 - - [31/Jul/2018:08:11:27 +0200] "GET /robots.txt HTTP/1.1" 404 1256 "-" "Mozilla/5.0 (compatible; Googlebot/2.1; +http://www.google.com/bot.html)"
66.249.69.192 - - [31/Jul/2018:08:28:35 +0200] "GET / HTTP/1.1" 200 7903 "-" "Mozilla/5.0 (Linux; Android 6.0.1; Nexus 5X Build/MMB29P) AppleWebKit/537.36 (KHTML, like Gecko) Chrome/41.0.2272.96 Mobile Safari/537.36 (compatible; Googlebot/2.1; +http://www.google.com/bot.html)"
66.249.69.192 - - [31/Jul/2018:10:11:28 +0200] "GET / HTTP/1.1" 200 7903 "-" "Mozilla/5.0 (compatible; Googlebot/2.1; +http://www.google.com/bot.html)"
66.249.69.192 - - [31/Jul/2018:10:17:22 +0200] "GET /seiten/kraftverkehr.htm HTTP/1.1" 200 9210 "-" "Mozilla/5.0 (compatible; Googlebot/2.1; +http://www.google.com/bot.html)"
66.249.69.192 - - [31/Jul/2018:10:28:36 +0200] "GET / HTTP/1.1" 200 7903 "-" "Mozilla/5.0 (Linux; Android 6.0.1; Nexus 5X Build/MMB29P) AppleWebKit/537.36 (KHTML, like Gecko) Chrome/41.0.2272.96 Mobile Safari/537.36 (compatible; Googlebot/2.1; +http://www.google.com/bot.html)"
46.229.168.79 - - [31/Jul/2018:13:32:45 +0200] "GET /robots.txt HTTP/1.1" 404 1256 "-" "Mozilla/5.0 (compatible; SemrushBot/2~bl; +http://www.semrush.com/bot.html)"
46.229.168.73 - - [31/Jul/2018:13:32:52 +0200] "GET /seiten/kontakt.php HTTP/1.1" 200 12788 "-" "Mozilla/5.0 (compatible; SemrushBot/2~bl; +http://www.semrush.com/bot.html)"
66.249.69.192 - - [31/Jul/2018:14:45:46 +0200] "GET / HTTP/1.1" 200 7903 "-" "Mozilla/5.0 (compatible; Googlebot/2.1; +http://www.google.com/bot.html)"
104.192.74.41 - - [31/Jul/2018:14:57:07 +0200] "GET /robots.txt HTTP/1.1" 404 1256 "http://www.kfz-zulassungswesen.de/robots.txt" "Mozilla/5.0 (Macintosh; Intel Mac OS X 10_12_1) AppleWebKit/537.36 (KHTML, like Gecko) Chrome/58.0.3029.110 Safari/537.36"
104.192.74.41 - - [31/Jul/2018:14:57:07 +0200] "GET / HTTP/1.1" 200 7903 "http://www.kfz-zulassungswesen.de" "Mozilla/5.0 (Macintosh; Intel Mac OS X 10_12_1) AppleWebKit/537.36 (KHTML, like Gecko) Chrome/58.0.3029.110 Safari/537.36"
104.192.74.41 - - [31/Jul/2018:14:57:08 +0200] "GET / HTTP/1.1" 200 7903 "-" "Mozilla"
104.192.74.41 - - [31/Jul/2018:14:57:09 +0200] "GET /./seiten/produkte.htm HTTP/1.1" 200 9105 "http://www.kfz-zulassungswesen.de/./seiten/produkte.htm" "Mozilla/5.0 (Macintosh; Intel Mac OS X 10_12_1) AppleWebKit/537.36 (KHTML, like Gecko) Chrome/58.0.3029.110 Safari/537.36"
104.192.74.41 - - [31/Jul/2018:14:57:09 +0200] "GET /./seiten/partner.htm HTTP/1.1" 200 9458 "http://www.kfz-zulassungswesen.de/./seiten/partner.htm" "Mozilla/5.0 (Macintosh; Intel Mac OS X 10_12_1) AppleWebKit/537.36 (KHTML, like Gecko) Chrome/58.0.3029.110 Safari/537.36"
104.192.74.41 - - [31/Jul/2018:14:57:09 +0200] "GET /./seiten/produkte.htm HTTP/1.1" 200 9105 "-" "Mozilla"
104.192.74.41 - - [31/Jul/2018:14:57:09 +0200] "GET /./seiten/referenzen.htm HTTP/1.1" 200 41688 "http://www.kfz-zulassungswesen.de/./seiten/referenzen.htm" "Mozilla/5.0 (Macintosh; Intel Mac OS X 10_12_1) AppleWebKit/537.36 (KHTML, like Gecko) Chrome/58.0.3029.110 Safari/537.36"
104.192.74.41 - - [31/Jul/2018:14:57:09 +0200] "GET /./seiten/partner.htm HTTP/1.1" 200 9458 "-" "Mozilla"
104.192.74.41 - - [31/Jul/2018:14:57:09 +0200] "GET /./seiten/service.htm HTTP/1.1" 200 9936 "http://www.kfz-zulassungswesen.de/./seiten/service.htm" "Mozilla/5.0 (Macintosh; Intel Mac OS X 10_12_1) AppleWebKit/537.36 (KHTML, like Gecko) Chrome/58.0.3029.110 Safari/537.36"
104.192.74.41 - - [31/Jul/2018:14:57:09 +0200] "GET /./seiten/referenzen.htm HTTP/1.1" 200 41688 "-" "Mozilla"
104.192.74.41 - - [31/Jul/2018:14:57:10 +0200] "GET /./seiten/service.htm HTTP/1.1" 200 9936 "-" "Mozilla"
104.192.74.41 - - [31/Jul/2018:14:57:10 +0200] "GET /./seiten/kontakt.php HTTP/1.1" 200 12788 "http://www.kfz-zulassungswesen.de/./seiten/kontakt.php" "Mozilla/5.0 (Macintosh; Intel Mac OS X 10_12_1) AppleWebKit/537.36 (KHTML, like Gecko) Chrome/58.0.3029.110 Safari/537.36"
104.192.74.41 - - [31/Jul/2018:14:57:10 +0200] "GET /./seiten/impr.htm HTTP/1.1" 200 8696 "http://www.kfz-zulassungswesen.de/./seiten/impr.htm" "Mozilla/5.0 (Macintosh; Intel Mac OS X 10_12_1) AppleWebKit/537.36 (KHTML, like Gecko) Chrome/58.0.3029.110 Safari/537.36"
104.192.74.41 - - [31/Jul/2018:14:57:10 +0200] "GET /./seiten/impr.htm HTTP/1.1" 200 8696 "-" "Mozilla"
104.192.74.41 - - [31/Jul/2018:14:57:10 +0200] "GET /./seiten/databund.html HTTP/1.1" 200 9125 "http://www.kfz-zulassungswesen.de/./seiten/databund.html" "Mozilla/5.0 (Macintosh; Intel Mac OS X 10_12_1) AppleWebKit/537.36 (KHTML, like Gecko) Chrome/58.0.3029.110 Safari/537.36"
104.192.74.41 - - [31/Jul/2018:14:57:10 +0200] "GET /./seiten/kontakt.php HTTP/1.1" 200 12788 "-" "Mozilla"
104.192.74.41 - - [31/Jul/2018:14:57:10 +0200] "GET /./seiten/databund.html HTTP/1.1" 200 9125 "-" "Mozilla"
104.192.74.41 - - [31/Jul/2018:14:57:11 +0200] "GET /seiten/partner.htm HTTP/1.1" 200 9458 "http://www.kfz-zulassungswesen.de/seiten/partner.htm" "Mozilla/5.0 (Macintosh; Intel Mac OS X 10_12_1) AppleWebKit/537.36 (KHTML, like Gecko) Chrome/58.0.3029.110 Safari/537.36"
104.192.74.41 - - [31/Jul/2018:14:57:11 +0200] "GET /seiten/produkte.htm HTTP/1.1" 200 9105 "http://www.kfz-zulassungswesen.de/seiten/produkte.htm" "Mozilla/5.0 (Macintosh; Intel Mac OS X 10_12_1) AppleWebKit/537.36 (KHTML, like Gecko) Chrome/58.0.3029.110 Safari/537.36"
104.192.74.41 - - [31/Jul/2018:14:57:11 +0200] "GET /seiten/partner.htm HTTP/1.1" 200 9458 "-" "Mozilla"
104.192.74.41 - - [31/Jul/2018:14:57:11 +0200] "GET /seiten/referenzen.htm HTTP/1.1" 200 41688 "http://www.kfz-zulassungswesen.de/seiten/referenzen.htm" "Mozilla/5.0 (Macintosh; Intel Mac OS X 10_12_1) AppleWebKit/537.36 (KHTML, like Gecko) Chrome/58.0.3029.110 Safari/537.36"
104.192.74.41 - - [31/Jul/2018:14:57:11 +0200] "GET /seiten/produkte.htm HTTP/1.1" 200 9105 "-" "Mozilla"
104.192.74.41 - - [31/Jul/2018:14:57:11 +0200] "GET /seiten/service.htm HTTP/1.1" 200 9936 "http://www.kfz-zulassungswesen.de/seiten/service.htm" "Mozilla/5.0 (Macintosh; Intel Mac OS X 10_12_1) AppleWebKit/537.36 (KHTML, like Gecko) Chrome/58.0.3029.110 Safari/537.36"
104.192.74.41 - - [31/Jul/2018:14:57:11 +0200] "GET /seiten/referenzen.htm HTTP/1.1" 200 41688 "-" "Mozilla"
104.192.74.41 - - [31/Jul/2018:14:57:11 +0200] "GET /seiten/kontakt.php HTTP/1.1" 200 12788 "http://www.kfz-zulassungswesen.de/seiten/kontakt.php" "Mozilla/5.0 (Macintosh; Intel Mac OS X 10_12_1) AppleWebKit/537.36 (KHTML, like Gecko) Chrome/58.0.3029.110 Safari/537.36"
104.192.74.41 - - [31/Jul/2018:14:57:12 +0200] "GET /seiten/service.htm HTTP/1.1" 200 9936 "-" "Mozilla"
104.192.74.41 - - [31/Jul/2018:14:57:12 +0200] "GET /seiten/kontakt.php HTTP/1.1" 200 12788 "-" "Mozilla"
104.192.74.41 - - [31/Jul/2018:14:57:12 +0200] "GET /seiten/impr.htm HTTP/1.1" 200 8696 "http://www.kfz-zulassungswesen.de/seiten/impr.htm" "Mozilla/5.0 (Macintosh; Intel Mac OS X 10_12_1) AppleWebKit/537.36 (KHTML, like Gecko) Chrome/58.0.3029.110 Safari/537.36"
104.192.74.41 - - [31/Jul/2018:14:57:12 +0200] "GET /seiten/fsw.htm HTTP/1.1" 200 9961 "http://www.kfz-zulassungswesen.de/seiten/fsw.htm" "Mozilla/5.0 (Macintosh; Intel Mac OS X 10_12_1) AppleWebKit/537.36 (KHTML, like Gecko) Chrome/58.0.3029.110 Safari/537.36"
104.192.74.41 - - [31/Jul/2018:14:57:12 +0200] "GET /seiten/fahrlehrerwesen.htm HTTP/1.1" 200 7168 "http://www.kfz-zulassungswesen.de/seiten/fahrlehrerwesen.htm" "Mozilla/5.0 (Macintosh; Intel Mac OS X 10_12_1) AppleWebKit/537.36 (KHTML, like Gecko) Chrome/58.0.3029.110 Safari/537.36"
104.192.74.41 - - [31/Jul/2018:14:57:12 +0200] "GET /seiten/fsw.htm HTTP/1.1" 200 9961 "-" "Mozilla"
104.192.74.41 - - [31/Jul/2018:14:57:12 +0200] "GET /seiten/fahrlehrerwesen.htm HTTP/1.1" 200 7168 "-" "Mozilla"
104.192.74.41 - - [31/Jul/2018:14:57:12 +0200] "GET /seiten/impr.htm HTTP/1.1" 200 8696 "-" "Mozilla"
104.192.74.41 - - [31/Jul/2018:14:57:12 +0200] "GET /seiten/kontroll.htm HTTP/1.1" 200 6599 "http://www.kfz-zulassungswesen.de/seiten/kontroll.htm" "Mozilla/5.0 (Macintosh; Intel Mac OS X 10_12_1) AppleWebKit/537.36 (KHTML, like Gecko) Chrome/58.0.3029.110 Safari/537.36"
104.192.74.41 - - [31/Jul/2018:14:57:12 +0200] "GET /seiten/kraftverkehr.htm HTTP/1.1" 200 9210 "http://www.kfz-zulassungswesen.de/seiten/kraftverkehr.htm" "Mozilla/5.0 (Macintosh; Intel Mac OS X 10_12_1) AppleWebKit/537.36 (KHTML, like Gecko) Chrome/58.0.3029.110 Safari/537.36"
104.192.74.41 - - [31/Jul/2018:14:57:13 +0200] "GET /seiten/kontroll.htm HTTP/1.1" 200 6599 "-" "Mozilla"
104.192.74.41 - - [31/Jul/2018:14:57:13 +0200] "GET /seiten/kraftverkehr.htm HTTP/1.1" 200 9210 "-" "Mozilla"
159.89.42.137 - - [31/Jul/2018:15:01:24 +0200] "GET /robots.txt HTTP/1.1" 404 1256 "-" "Mozilla/5.0 (compatible; spbot/5.0.3; +http://OpenLinkProfiler.org/bot )"
159.89.42.137 - - [31/Jul/2018:15:01:29 +0200] "GET / HTTP/1.1" 200 7903 "-" "Mozilla/5.0 (compatible; spbot/5.0.3; +http://OpenLinkProfiler.org/bot )"
159.89.42.137 - - [31/Jul/2018:15:01:30 +0200] "GET /seiten/impr.htm HTTP/1.1" 200 8696 "http://www.prokommunal-berlin.de/" "Mozilla/5.0 (compatible; spbot/5.0.3; +http://OpenLinkProfiler.org/bot )"
159.89.42.137 - - [31/Jul/2018:15:01:34 +0200] "GET /seiten/kontakt.php HTTP/1.1" 200 12788 "http://www.prokommunal-berlin.de/" "Mozilla/5.0 (compatible; spbot/5.0.3; +http://OpenLinkProfiler.org/bot )"
159.89.42.137 - - [31/Jul/2018:15:01:39 +0200] "GET /seiten/partner.htm HTTP/1.1" 200 9458 "http://www.prokommunal-berlin.de/" "Mozilla/5.0 (compatible; spbot/5.0.3; +http://OpenLinkProfiler.org/bot )"
159.89.42.137 - - [31/Jul/2018:15:01:45 +0200] "GET /seiten/service.htm HTTP/1.1" 200 9936 "http://www.prokommunal-berlin.de/" "Mozilla/5.0 (compatible; spbot/5.0.3; +http://OpenLinkProfiler.org/bot )"
159.89.42.137 - - [31/Jul/2018:15:01:49 +0200] "GET /seiten/produkte.htm HTTP/1.1" 200 9105 "http://www.prokommunal-berlin.de/" "Mozilla/5.0 (compatible; spbot/5.0.3; +http://OpenLinkProfiler.org/bot )"
159.89.42.137 - - [31/Jul/2018:15:01:54 +0200] "GET /seiten/fsw.htm HTTP/1.1" 200 9961 "http://www.prokommunal-berlin.de/seiten/produkte.htm" "Mozilla/5.0 (compatible; spbot/5.0.3; +http://OpenLinkProfiler.org/bot )"
159.89.42.137 - - [31/Jul/2018:15:02:00 +0200] "GET /seiten/kontroll.htm HTTP/1.1" 200 6599 "http://www.prokommunal-berlin.de/seiten/produkte.htm" "Mozilla/5.0 (compatible; spbot/5.0.3; +http://OpenLinkProfiler.org/bot )"
159.89.42.137 - - [31/Jul/2018:15:02:04 +0200] "GET /seiten/databund.html HTTP/1.1" 200 9125 "http://www.prokommunal-berlin.de/" "Mozilla/5.0 (compatible; spbot/5.0.3; +http://OpenLinkProfiler.org/bot )"
159.89.42.137 - - [31/Jul/2018:15:02:09 +0200] "GET /seiten/referenzen.htm HTTP/1.1" 200 41688 "http://www.prokommunal-berlin.de/" "Mozilla/5.0 (compatible; spbot/5.0.3; +http://OpenLinkProfiler.org/bot )"
159.89.42.137 - - [31/Jul/2018:15:02:14 +0200] "GET /seiten/kraftverkehr.htm HTTP/1.1" 200 9210 "http://www.prokommunal-berlin.de/seiten/produkte.htm" "Mozilla/5.0 (compatible; spbot/5.0.3; +http://OpenLinkProfiler.org/bot )"
159.89.42.137 - - [31/Jul/2018:15:02:19 +0200] "GET /seiten/fahrlehrerwesen.htm HTTP/1.1" 200 7168 "http://www.prokommunal-berlin.de/seiten/produkte.htm" "Mozilla/5.0 (compatible; spbot/5.0.3; +http://OpenLinkProfiler.org/bot )"
52.53.201.78 - - [31/Jul/2018:15:40:59 +0200] "GET / HTTP/1.1" 200 7903 "-" "Mozilla/5.0 (Macintosh; Intel Mac OS X 10_12_6) AppleWebKit/537.36 (KHTML, like Gecko) Chrome/61.0.3163.100 Safari/537.36"
66.249.69.222 - - [31/Jul/2018:16:28:38 +0200] "GET / HTTP/1.1" 200 7903 "-" "Mozilla/5.0 (Linux; Android 6.0.1; Nexus 5X Build/MMB29P) AppleWebKit/537.36 (KHTML, like Gecko) Chrome/41.0.2272.96 Mobile Safari/537.36 (compatible; Googlebot/2.1; +http://www.google.com/bot.html)"
46.229.168.67 - - [31/Jul/2018:16:46:27 +0200] "GET /robots.txt HTTP/1.1" 404 1256 "-" "Mozilla/5.0 (compatible; SemrushBot/2~bl; +http://www.semrush.com/bot.html)"
46.229.168.80 - - [31/Jul/2018:16:46:32 +0200] "GET /seiten/kraftverkehr.htm HTTP/1.1" 200 9210 "-" "Mozilla/5.0 (compatible; SemrushBot/2~bl; +http://www.semrush.com/bot.html)"
141.8.141.131 - - [31/Jul/2018:16:55:32 +0200] "GET /robots.txt HTTP/1.1" 404 1256 "-" "Mozilla/5.0 (compatible; YandexBot/3.0; +http://yandex.com/bots)"
141.8.141.131 - - [31/Jul/2018:16:55:36 +0200] "GET /favicon.ico HTTP/1.1" 200 894 "-" "Mozilla/5.0 (compatible; YandexBot/3.0; +http://yandex.com/bots)"
46.229.168.82 - - [31/Jul/2018:17:50:54 +0200] "GET /robots.txt HTTP/1.1" 404 1256 "-" "Mozilla/5.0 (compatible; SemrushBot/2~bl; +http://www.semrush.com/bot.html)"
46.229.168.81 - - [31/Jul/2018:17:50:56 +0200] "GET /seiten/kontakt.php HTTP/1.1" 200 12788 "-" "Mozilla/5.0 (compatible; SemrushBot/2~bl; +http://www.semrush.com/bot.html)"
168.1.128.76 - - [31/Jul/2018:17:55:32 +0200] "GET / HTTP/1.1" 200 7903 "-" "Mozilla/5.0 (compatible; nsrbot/1.0; +http://netsystemsresearch.com)"
66.249.69.220 - - [31/Jul/2018:18:03:16 +0200] "GET / HTTP/1.1" 200 7903 "-" "Mozilla/5.0 (compatible; Googlebot/2.1; +http://www.google.com/bot.html)"
66.249.69.222 - - [31/Jul/2018:18:32:04 +0200] "GET / HTTP/1.1" 200 7903 "-" "Mozilla/5.0 (Linux; Android 6.0.1; Nexus 5X Build/MMB29P) AppleWebKit/537.36 (KHTML, like Gecko) Chrome/41.0.2272.96 Mobile Safari/537.36 (compatible; Googlebot/2.1; +http://www.google.com/bot.html)"
141.8.141.131 - - [31/Jul/2018:18:45:27 +0200] "GET /robots.txt HTTP/1.1" 404 1256 "-" "Mozilla/5.0 (compatible; YandexBot/3.0; +http://yandex.com/bots)"
141.8.141.131 - - [31/Jul/2018:18:45:31 +0200] "GET /favicon.ico HTTP/1.1" 200 894 "-" "Mozilla/5.0 (compatible; YandexBot/3.0; +http://yandex.com/bots)"
213.248.250.196 - - [31/Jul/2018:19:42:25 +0200] "HEAD / HTTP/1.1" 200 - "-" "http://www.nominet.org.uk/privacypolicy"
213.248.250.196 - - [31/Jul/2018:19:42:25 +0200] "GET /robots.txt HTTP/1.1" 404 1256 "-" "http://www.nominet.org.uk/privacypolicy"
213.248.250.196 - - [31/Jul/2018:19:42:25 +0200] "GET / HTTP/1.1" 200 7903 "-" "http://www.nominet.org.uk/privacypolicy"
66.249.69.220 - - [31/Jul/2018:19:44:05 +0200] "GET / HTTP/1.1" 200 7903 "-" "Mozilla/5.0 (Linux; Android 6.0.1; Nexus 5X Build/MMB29P) AppleWebKit/537.36 (KHTML, like Gecko) Chrome/41.0.2272.96 Mobile Safari/537.36 (compatible; Googlebot/2.1; +http://www.google.com/bot.html)"
66.249.69.192 - - [31/Jul/2018:22:22:30 +0200] "GET /robots.txt HTTP/1.1" 404 1256 "-" "Mozilla/5.0 (compatible; Googlebot/2.1; +http://www.google.com/bot.html)"
66.249.69.222 - - [31/Jul/2018:22:22:30 +0200] "GET / HTTP/1.1" 200 7903 "-" "Mozilla/5.0 (Linux; Android 6.0.1; Nexus 5X Build/MMB29P) AppleWebKit/537.36 (KHTML, like Gecko) Chrome/41.0.2272.96 Mobile Safari/537.36 (compatible; Googlebot/2.1; +http://www.google.com/bot.html)"
46.229.168.77 - - [31/Jul/2018:23:51:53 +0200] "GET /robots.txt HTTP/1.1" 404 1256 "-" "Mozilla/5.0 (compatible; SemrushBot/2~bl; +http://www.semrush.com/bot.html)"
46.229.168.75 - - [31/Jul/2018:23:52:00 +0200] "GET /seiten/kontakt.php HTTP/1.1" 200 12788 "-" "Mozilla/5.0 (compatible; SemrushBot/2~bl; +http://www.semrush.com/bot.html)"
52.53.201.78 - - [31/Jul/2018:23:57:42 +0200] "GET / HTTP/1.1" 200 7903 "-" "Mozilla/5.0 (Macintosh; Intel Mac OS X 10_12_6) AppleWebKit/537.36 (KHTML, like Gecko) Chrome/61.0.3163.100 Safari/537.36"
138.197.111.197 - - [31/Jul/2018:23:58:35 +0200] "GET / HTTP/1.1" 200 7903 "http://www.prokommunal-berlin.de" "Mozilla/5.0 (X11; Datanyze; Linux x86_64) AppleWebKit/537.36 (KHTML, like Gecko) Chrome/65.0.3325.181 Safari/537.36"
138.197.111.197 - - [31/Jul/2018:23:58:37 +0200] "GET /./scripte/basics.js HTTP/1.1" 200 198 "-" "Mozilla/5.0 (X11; Datanyze; Linux x86_64) AppleWebKit/537.36 (KHTML, like Gecko) Chrome/65.0.3325.181 Safari/537.36"
138.197.111.197 - - [31/Jul/2018:23:58:37 +0200] "GET /./css/style.css HTTP/1.1" 200 3549 "-" "Mozilla/5.0 (X11; Datanyze; Linux x86_64) AppleWebKit/537.36 (KHTML, like Gecko) Chrome/65.0.3325.181 Safari/537.36"
138.197.111.197 - - [31/Jul/2018:23:58:43 +0200] "GET /robots.txt HTTP/1.1" 404 1256 "-" "Mozilla/5.0 (Windows NT 6.1; WOW64) AppleWebKit/537.36 (KHTML, like Gecko) Chrome/34.0.1847.137 Safari/537.36"
138.197.111.197 - - [31/Jul/2018:23:59:03 +0200] "GET /seiten/produkte.htm HTTP/1.1" 200 9105 "http://www.prokommunal-berlin.de" "Mozilla/5.0 (X11; Datanyze; Linux x86_64) AppleWebKit/537.36 (KHTML, like Gecko) Chrome/65.0.3325.181 Safari/537.36"
138.197.111.197 - - [31/Jul/2018:23:59:03 +0200] "GET /seiten/partner.htm HTTP/1.1" 200 9458 "http://www.prokommunal-berlin.de" "Mozilla/5.0 (X11; Datanyze; Linux x86_64) AppleWebKit/537.36 (KHTML, like Gecko) Chrome/65.0.3325.181 Safari/537.36"
138.197.111.197 - - [31/Jul/2018:23:59:03 +0200] "GET /seiten/service.htm HTTP/1.1" 200 9936 "http://www.prokommunal-berlin.de" "Mozilla/5.0 (X11; Datanyze; Linux x86_64) AppleWebKit/537.36 (KHTML, like Gecko) Chrome/65.0.3325.181 Safari/537.36"
138.197.111.197 - - [31/Jul/2018:23:59:04 +0200] "GET /seiten/referenzen.htm HTTP/1.1" 200 41688 "http://www.prokommunal-berlin.de" "Mozilla/5.0 (X11; Datanyze; Linux x86_64) AppleWebKit/537.36 (KHTML, like Gecko) Chrome/65.0.3325.181 Safari/537.36"
138.197.111.197 - - [31/Jul/2018:23:59:05 +0200] "GET /scripte/basics.js HTTP/1.1" 200 198 "-" "Mozilla/5.0 (X11; Datanyze; Linux x86_64) AppleWebKit/537.36 (KHTML, like Gecko) Chrome/65.0.3325.181 Safari/537.36"
138.197.111.197 - - [31/Jul/2018:23:59:05 +0200] "GET /css/style.css HTTP/1.1" 200 3549 "-" "Mozilla/5.0 (X11; Datanyze; Linux x86_64) AppleWebKit/537.36 (KHTML, like Gecko) Chrome/65.0.3325.181 Safari/537.36"
138.197.111.197 - - [31/Jul/2018:23:59:05 +0200] "GET /scripte/basics.js HTTP/1.1" 200 198 "-" "Mozilla/5.0 (X11; Datanyze; Linux x86_64) AppleWebKit/537.36 (KHTML, like Gecko) Chrome/65.0.3325.181 Safari/537.36"
138.197.111.197 - - [31/Jul/2018:23:59:05 +0200] "GET /seiten/databund.html HTTP/1.1" 200 9125 "http://www.prokommunal-berlin.de" "Mozilla/5.0 (X11; Datanyze; Linux x86_64) AppleWebKit/537.36 (KHTML, like Gecko) Chrome/65.0.3325.181 Safari/537.36"
138.197.111.197 - - [31/Jul/2018:23:59:05 +0200] "GET /css/style.css HTTP/1.1" 200 3549 "-" "Mozilla/5.0 (X11; Datanyze; Linux x86_64) AppleWebKit/537.36 (KHTML, like Gecko) Chrome/65.0.3325.181 Safari/537.36"
138.197.111.197 - - [31/Jul/2018:23:59:05 +0200] "GET /scripte/basics.js HTTP/1.1" 200 198 "-" "Mozilla/5.0 (X11; Datanyze; Linux x86_64) AppleWebKit/537.36 (KHTML, like Gecko) Chrome/65.0.3325.181 Safari/537.36"
138.197.111.197 - - [31/Jul/2018:23:59:05 +0200] "GET /seiten/impr.htm HTTP/1.1" 200 8696 "http://www.prokommunal-berlin.de" "Mozilla/5.0 (X11; Datanyze; Linux x86_64) AppleWebKit/537.36 (KHTML, like Gecko) Chrome/65.0.3325.181 Safari/537.36"
138.197.111.197 - - [31/Jul/2018:23:59:05 +0200] "GET /css/style.css HTTP/1.1" 200 3549 "-" "Mozilla/5.0 (X11; Datanyze; Linux x86_64) AppleWebKit/537.36 (KHTML, like Gecko) Chrome/65.0.3325.181 Safari/537.36"
138.197.111.197 - - [31/Jul/2018:23:59:05 +0200] "GET /seiten/kontakt.php HTTP/1.1" 200 12788 "http://www.prokommunal-berlin.de" "Mozilla/5.0 (X11; Datanyze; Linux x86_64) AppleWebKit/537.36 (KHTML, like Gecko) Chrome/65.0.3325.181 Safari/537.36"