80.145.222.182 - - [06/Sep/2014:04:59:53 +0200] "GET /img/men_01.jpg HTTP/1.1" 200 713 "http://www.prokommunal.com/seiten/referenzen.htm" "Mozilla/5.0 (Macintosh; Intel Mac OS X 10_6_8) AppleWebKit/534.59.10 (KHTML, like Gecko) Version/5.1.9 Safari/534.59.10"
80.145.222.182 - - [06/Sep/2014:04:59:53 +0200] "GET /img/top.gif HTTP/1.1" 200 96 "http://www.prokommunal.com/seiten/referenzen.htm" "Mozilla/5.0 (Macintosh; Intel Mac OS X 10_6_8) AppleWebKit/534.59.10 (KHTML, like Gecko) Version/5.1.9 Safari/534.59.10"
80.145.222.182 - - [06/Sep/2014:04:59:53 +0200] "GET /redesign/img/bg_gelb.jpg HTTP/1.1" 200 368 "http://www.prokommunal.com/seiten/referenzen.htm" "Mozilla/5.0 (Macintosh; Intel Mac OS X 10_6_8) AppleWebKit/534.59.10 (KHTML, like Gecko) Version/5.1.9 Safari/534.59.10"
80.145.222.182 - - [06/Sep/2014:04:59:53 +0200] "GET /redesign/img/bg_foot.gif HTTP/1.1" 200 286 "http://www.prokommunal.com/seiten/referenzen.htm" "Mozilla/5.0 (Macintosh; Intel Mac OS X 10_6_8) AppleWebKit/534.59.10 (KHTML, like Gecko) Version/5.1.9 Safari/534.59.10"
80.145.222.182 - - [06/Sep/2014:04:59:53 +0200] "GET /favicon.ico HTTP/1.1" 200 894 "http://www.prokommunal.com/seiten/referenzen.htm" "Mozilla/5.0 (Macintosh; Intel Mac OS X 10_6_8) AppleWebKit/534.59.10 (KHTML, like Gecko) Version/5.1.9 Safari/534.59.10"
80.190.97.186 - - [06/Sep/2014:05:13:46 +0200] "GET / HTTP/1.1" 200 7903 "-" "Mozilla/5.0 (X11; U; FreeBSD i386; en-US; rv:1.9.1.12) Gecko/20100912 Firefox/3.5.12"
157.55.39.114 - - [06/Sep/2014:05:59:14 +0200] "GET / HTTP/1.1" 200 7903 "-" "Mozilla/5.0 (compatible; bingbot/2.0; +http://www.bing.com/bingbot.htm)"
144.76.43.70 - - [06/Sep/2014:07:07:29 +0200] "GET /robots.txt HTTP/1.1" 404 1256 "-" "Python-urllib/2.7"
144.76.43.70 - - [06/Sep/2014:07:07:29 +0200] "GET / HTTP/1.1" 200 7903 "-" "Mozilla/5.0 (Windows NT 6.1; WOW64) AppleWebKit/537.4 (KHTML, like Gecko) Chrome/22.0.1229.94 Safari/537.4"
144.76.43.70 - - [06/Sep/2014:07:07:29 +0200] "GET /css/style.css HTTP/1.1" 200 3549 "http://www.prokommunal.com/" "Mozilla/5.0 (Windows NT 6.1; WOW64) AppleWebKit/537.4 (KHTML, like Gecko) Chrome/22.0.1229.94 Safari/537.4"
144.76.43.70 - - [06/Sep/2014:07:07:29 +0200] "GET /scripte/basics.js HTTP/1.1" 200 198 "http://www.prokommunal.com/" "Mozilla/5.0 (Windows NT 6.1; WOW64) AppleWebKit/537.4 (KHTML, like Gecko) Chrome/22.0.1229.94 Safari/537.4"
144.76.43.70 - - [06/Sep/2014:07:07:29 +0200] "GET /img/head03.jpg HTTP/1.1" 200 7610 "http://www.prokommunal.com/" "Mozilla/5.0 (Windows NT 6.1; WOW64) AppleWebKit/537.4 (KHTML, like Gecko) Chrome/22.0.1229.94 Safari/537.4"
144.76.43.70 - - [06/Sep/2014:07:07:29 +0200] "GET /img/head02.jpg HTTP/1.1" 200 4929 "http://www.prokommunal.com/" "Mozilla/5.0 (Windows NT 6.1; WOW64) AppleWebKit/537.4 (KHTML, like Gecko) Chrome/22.0.1229.94 Safari/537.4"
144.76.43.70 - - [06/Sep/2014:07:07:29 +0200] "GET /img/head01.jpg HTTP/1.1" 200 6350 "http://www.prokommunal.com/" "Mozilla/5.0 (Windows NT 6.1; WOW64) AppleWebKit/537.4 (KHTML, like Gecko) Chrome/22.0.1229.94 Safari/537.4"
144.76.43.70 - - [06/Sep/2014:07:07:29 +0200] "GET /redesign/img/bg_gelb.jpg HTTP/1.1" 200 368 "http://www.prokommunal.com/" "Mozilla/5.0 (Windows NT 6.1; WOW64) AppleWebKit/537.4 (KHTML, like Gecko) Chrome/22.0.1229.94 Safari/537.4"
144.76.43.70 - - [06/Sep/2014:07:07:29 +0200] "GET /redesign/img/bg_foot.gif HTTP/1.1" 200 286 "http://www.prokommunal.com/" "Mozilla/5.0 (Windows NT 6.1; WOW64) AppleWebKit/537.4 (KHTML, like Gecko) Chrome/22.0.1229.94 Safari/537.4"
208.115.111.71 - - [06/Sep/2014:07:20:50 +0200] "GET /robots.txt HTTP/1.1" 404 1256 "-" "Mozilla/5.0 (compatible; DotBot/1.1; http://www.opensiteexplorer.org/dotbot, help@moz.com)"
148.251.11.143 - - [06/Sep/2014:07:51:57 +0200] "GET /robots.txt HTTP/1.1" 404 1256 "-" "Apache-HttpClient/4.3 (java 1.5)"
148.251.11.143 - - [06/Sep/2014:07:51:57 +0200] "GET / HTTP/1.1" 200 7903 "-" "Apache-HttpClient/4.3 (java 1.5)"
208.115.111.71 - - [06/Sep/2014:08:39:22 +0200] "GET /seiten/?M=D HTTP/1.1" 403 1222 "-" "Mozilla/5.0 (compatible; DotBot/1.1; http://www.opensiteexplorer.org/dotbot, help@moz.com)"
208.115.113.88 - - [06/Sep/2014:09:15:27 +0200] "GET /robots.txt HTTP/1.1" 404 1256 "-" "Mozilla/5.0 (compatible; DotBot/1.1; http://www.opensiteexplorer.org/dotbot, help@moz.com)"
208.115.111.68 - - [06/Sep/2014:10:28:33 +0200] "GET /robots.txt HTTP/1.1" 404 1256 "-" "Mozilla/5.0 (compatible; DotBot/1.1; http://www.opensiteexplorer.org/dotbot, help@moz.com)"
208.115.113.88 - - [06/Sep/2014:11:02:56 +0200] "GET /seiten/partner.htm HTTP/1.1" 200 9458 "-" "Mozilla/5.0 (compatible; DotBot/1.1; http://www.opensiteexplorer.org/dotbot, help@moz.com)"
208.115.111.68 - - [06/Sep/2014:12:37:08 +0200] "GET /seiten/service.htm HTTP/1.1" 200 9248 "-" "Mozilla/5.0 (compatible; DotBot/1.1; http://www.opensiteexplorer.org/dotbot, help@moz.com)"
80.190.97.186 - - [06/Sep/2014:15:08:32 +0200] "GET / HTTP/1.1" 200 7903 "-" "Mozilla/5.0 (X11; U; FreeBSD i386; en-US; rv:1.9.1.12) Gecko/20100912 Firefox/3.5.12"
54.83.6.7 - - [06/Sep/2014:16:14:02 +0200] "GET / HTTP/1.1" 200 7903 "-" "Mozilla/5.0 (X11; Linux x86_64) AppleWebKit/537.36 (KHTML, like Gecko) Chrome/37.0.2062.94 Safari/537.36"
141.8.189.109 - - [06/Sep/2014:16:38:07 +0200] "GET /robots.txt HTTP/1.1" 404 1256 "-" "Mozilla/5.0 (compatible; YandexBot/3.0; +http://yandex.com/bots)"
141.8.189.109 - - [06/Sep/2014:16:38:09 +0200] "GET / HTTP/1.1" 200 7903 "-" "Mozilla/5.0 (compatible; YandexBot/3.0; +http://yandex.com/bots)"
185.25.49.183 - - [06/Sep/2014:17:02:03 +0200] "GET / HTTP/1.1" 200 7903 "-" "Java/1.7.0_51"
185.25.49.183 - - [06/Sep/2014:17:02:03 +0200] "GET /./scripte/basics.js HTTP/1.1" 200 198 "-" "Java/1.7.0_51"
185.25.49.183 - - [06/Sep/2014:17:02:03 +0200] "GET /false.htm HTTP/1.1" 200 2749 "-" "Java/1.7.0_51"
185.25.49.183 - - [06/Sep/2014:17:02:03 +0200] "GET /scripte/basics.js HTTP/1.1" 200 198 "-" "Java/1.7.0_51"
185.25.49.183 - - [06/Sep/2014:17:02:04 +0200] "GET /./seiten/databund.html HTTP/1.1" 200 9125 "-" "Java/1.7.0_51"
185.25.49.183 - - [06/Sep/2014:17:02:04 +0200] "GET /seiten/fahrlehrerwesen.htm HTTP/1.1" 200 7168 "-" "Java/1.7.0_51"
185.25.49.183 - - [06/Sep/2014:17:02:04 +0200] "GET /seiten/fsw.htm HTTP/1.1" 200 9961 "-" "Java/1.7.0_51"
185.25.49.183 - - [06/Sep/2014:17:02:04 +0200] "GET /seiten/impr.htm HTTP/1.1" 200 8696 "-" "Java/1.7.0_51"
185.25.49.183 - - [06/Sep/2014:17:02:04 +0200] "GET /seiten/kontakt.php HTTP/1.1" 200 12788 "-" "Java/1.7.0_51"
185.25.49.183 - - [06/Sep/2014:17:02:04 +0200] "GET /seiten/kontroll.htm HTTP/1.1" 200 6599 "-" "Java/1.7.0_51"
185.25.49.183 - - [06/Sep/2014:17:02:04 +0200] "GET /seiten/kraftverkehr.htm HTTP/1.1" 200 9210 "-" "Java/1.7.0_51"
185.25.49.183 - - [06/Sep/2014:17:02:04 +0200] "GET /seiten/partner.htm HTTP/1.1" 200 9458 "-" "Java/1.7.0_51"
185.25.49.183 - - [06/Sep/2014:17:02:04 +0200] "GET /seiten/produkte.htm HTTP/1.1" 200 9105 "-" "Java/1.7.0_51"
185.25.49.183 - - [06/Sep/2014:17:02:04 +0200] "GET /seiten/referenzen.htm HTTP/1.1" 200 40565 "-" "Java/1.7.0_51"
185.25.49.183 - - [06/Sep/2014:17:02:04 +0200] "GET /seiten/service.htm HTTP/1.1" 200 9248 "-" "Java/1.7.0_51"
185.25.49.183 - - [06/Sep/2014:17:02:04 +0200] "GET /./seiten/fahrlehrerwesen.htm HTTP/1.1" 200 7168 "-" "Java/1.7.0_51"
185.25.49.183 - - [06/Sep/2014:17:02:04 +0200] "GET /./seiten/fsw.htm HTTP/1.1" 200 9961 "-" "Java/1.7.0_51"
185.25.49.183 - - [06/Sep/2014:17:02:05 +0200] "GET /./seiten/impr.htm HTTP/1.1" 200 8696 "-" "Java/1.7.0_51"
185.25.49.183 - - [06/Sep/2014:17:02:05 +0200] "GET /./seiten/kontakt.php HTTP/1.1" 200 12788 "-" "Java/1.7.0_51"
185.25.49.183 - - [06/Sep/2014:17:02:05 +0200] "GET /./seiten/kontroll.htm HTTP/1.1" 200 6599 "-" "Java/1.7.0_51"
185.25.49.183 - - [06/Sep/2014:17:02:05 +0200] "GET /./seiten/kraftverkehr.htm HTTP/1.1" 200 9210 "-" "Java/1.7.0_51"
185.25.49.183 - - [06/Sep/2014:17:02:05 +0200] "GET /./seiten/partner.htm HTTP/1.1" 200 9458 "-" "Java/1.7.0_51"
185.25.49.183 - - [06/Sep/2014:17:02:05 +0200] "GET /./seiten/produkte.htm HTTP/1.1" 200 9105 "-" "Java/1.7.0_51"
185.25.49.183 - - [06/Sep/2014:17:02:05 +0200] "GET /./seiten/referenzen.htm HTTP/1.1" 200 40565 "-" "Java/1.7.0_51"
185.25.49.183 - - [06/Sep/2014:17:02:05 +0200] "GET /./seiten/service.htm HTTP/1.1" 200 9248 "-" "Java/1.7.0_51"
185.25.49.183 - - [06/Sep/2014:17:02:05 +0200] "GET /seiten/intern/log_check.php HTTP/1.1" 302 - "-" "Java/1.7.0_51"
185.25.49.183 - - [06/Sep/2014:17:02:05 +0200] "GET /seiten/intern/log_check.php HTTP/1.1" 302 - "-" "Java/1.7.0_51"
185.25.49.183 - - [06/Sep/2014:17:02:05 +0200] "GET /seiten/intern/log_check.php HTTP/1.1" 302 - "-" "Java/1.7.0_51"
185.25.49.183 - - [06/Sep/2014:17:02:05 +0200] "GET /seiten/intern/log_check.php HTTP/1.1" 302 - "-" "Java/1.7.0_51"
185.25.49.183 - - [06/Sep/2014:17:02:06 +0200] "GET /seiten/intern/log_check.php HTTP/1.1" 302 - "-" "Java/1.7.0_51"
185.25.49.183 - - [06/Sep/2014:17:02:06 +0200] "GET /seiten/intern/log_check.php HTTP/1.1" 302 - "-" "Java/1.7.0_51"
185.25.49.183 - - [06/Sep/2014:17:02:06 +0200] "GET /seiten/intern/log_check.php HTTP/1.1" 302 - "-" "Java/1.7.0_51"
185.25.49.183 - - [06/Sep/2014:17:02:06 +0200] "GET /seiten/intern/log_check.php HTTP/1.1" 302 - "-" "Java/1.7.0_51"
185.25.49.183 - - [06/Sep/2014:17:02:06 +0200] "GET /seiten/intern/log_check.php HTTP/1.1" 302 - "-" "Java/1.7.0_51"
185.25.49.183 - - [06/Sep/2014:17:02:06 +0200] "GET /seiten/intern/log_check.php HTTP/1.1" 302 - "-" "Java/1.7.0_51"
185.25.49.183 - - [06/Sep/2014:17:02:07 +0200] "GET /seiten/intern/log_check.php HTTP/1.1" 302 - "-" "Java/1.7.0_51"
185.25.49.183 - - [06/Sep/2014:17:02:07 +0200] "GET /seiten/intern/log_check.php HTTP/1.1" 302 - "-" "Java/1.7.0_51"
185.25.49.183 - - [06/Sep/2014:17:02:07 +0200] "GET /seiten/intern/log_check.php HTTP/1.1" 302 - "-" "Java/1.7.0_51"
185.25.49.183 - - [06/Sep/2014:17:02:07 +0200] "GET /seiten/intern/log_check.php HTTP/1.1" 302 - "-" "Java/1.7.0_51"
185.25.49.183 - - [06/Sep/2014:17:02:07 +0200] "GET /seiten/intern/log_check.php HTTP/1.1" 302 - "-" "Java/1.7.0_51"
185.25.49.183 - - [06/Sep/2014:17:02:07 +0200] "GET /seiten/intern/log_check.php HTTP/1.1" 302 - "-" "Java/1.7.0_51"
185.25.49.183 - - [06/Sep/2014:17:02:07 +0200] "GET /seiten/intern/log_check.php HTTP/1.1" 302 - "-" "Java/1.7.0_51"
185.25.49.183 - - [06/Sep/2014:17:02:08 +0200] "GET /seiten/intern/log_check.php HTTP/1.1" 302 - "-" "Java/1.7.0_51"
185.25.49.183 - - [06/Sep/2014:17:02:08 +0200] "GET /seiten/intern/log_check.php HTTP/1.1" 302 - "-" "Java/1.7.0_51"
185.25.49.183 - - [06/Sep/2014:17:02:08 +0200] "GET /seiten/intern/log_check.php HTTP/1.1" 302 - "-" "Java/1.7.0_51"
185.25.49.183 - - [06/Sep/2014:17:02:08 +0200] "GET /./seiten/intern/log_check.php HTTP/1.1" 302 - "-" "Java/1.7.0_51"
185.25.49.183 - - [06/Sep/2014:17:02:08 +0200] "GET /./seiten/intern/log_check.php HTTP/1.1" 302 - "-" "Java/1.7.0_51"
185.25.49.183 - - [06/Sep/2014:17:02:08 +0200] "GET /./seiten/intern/log_check.php HTTP/1.1" 302 - "-" "Java/1.7.0_51"
185.25.49.183 - - [06/Sep/2014:17:02:08 +0200] "GET /./seiten/intern/log_check.php HTTP/1.1" 302 - "-" "Java/1.7.0_51"
185.25.49.183 - - [06/Sep/2014:17:02:09 +0200] "GET /./seiten/intern/log_check.php HTTP/1.1" 302 - "-" "Java/1.7.0_51"
185.25.49.183 - - [06/Sep/2014:17:02:09 +0200] "GET /./seiten/intern/log_check.php HTTP/1.1" 302 - "-" "Java/1.7.0_51"
185.25.49.183 - - [06/Sep/2014:17:02:09 +0200] "GET /./seiten/intern/log_check.php HTTP/1.1" 302 - "-" "Java/1.7.0_51"
185.25.49.183 - - [06/Sep/2014:17:02:09 +0200] "GET /./seiten/intern/log_check.php HTTP/1.1" 302 - "-" "Java/1.7.0_51"
185.25.49.183 - - [06/Sep/2014:17:02:09 +0200] "GET /./seiten/intern/log_check.php HTTP/1.1" 302 - "-" "Java/1.7.0_51"
185.25.49.183 - - [06/Sep/2014:17:02:09 +0200] "GET /./seiten/intern/log_check.php HTTP/1.1" 302 - "-" "Java/1.7.0_51"
185.25.49.183 - - [06/Sep/2014:17:02:09 +0200] "GET /./seiten/intern/log_check.php HTTP/1.1" 302 - "-" "Java/1.7.0_51"
185.25.49.183 - - [06/Sep/2014:17:02:10 +0200] "GET /./seiten/intern/log_check.php HTTP/1.1" 302 - "-" "Java/1.7.0_51"
185.25.49.183 - - [06/Sep/2014:17:02:10 +0200] "GET /./seiten/intern/log_check.php HTTP/1.1" 302 - "-" "Java/1.7.0_51"
185.25.49.183 - - [06/Sep/2014:17:02:10 +0200] "GET /./seiten/intern/log_check.php HTTP/1.1" 302 - "-" "Java/1.7.0_51"
185.25.49.183 - - [06/Sep/2014:17:02:10 +0200] "GET /./seiten/intern/log_check.php HTTP/1.1" 302 - "-" "Java/1.7.0_51"
185.25.49.183 - - [06/Sep/2014:17:02:10 +0200] "GET /./seiten/intern/log_check.php HTTP/1.1" 302 - "-" "Java/1.7.0_51"
185.25.49.183 - - [06/Sep/2014:17:02:10 +0200] "GET /./seiten/intern/log_check.php HTTP/1.1" 302 - "-" "Java/1.7.0_51"
185.25.49.183 - - [06/Sep/2014:17:02:10 +0200] "GET /./seiten/intern/log_check.php HTTP/1.1" 302 - "-" "Java/1.7.0_51"
185.25.49.183 - - [06/Sep/2014:17:02:11 +0200] "GET /./seiten/intern/log_check.php HTTP/1.1" 302 - "-" "Java/1.7.0_51"
185.25.49.183 - - [06/Sep/2014:17:02:11 +0200] "GET /./seiten/intern/log_check.php HTTP/1.1" 302 - "-" "Java/1.7.0_51"
148.251.11.141 - - [06/Sep/2014:17:21:44 +0200] "GET /robots.txt HTTP/1.1" 404 1256 "-" "Apache-HttpClient/4.3 (java 1.5)"
148.251.11.141 - - [06/Sep/2014:17:21:44 +0200] "GET / HTTP/1.1" 200 7903 "-" "Apache-HttpClient/4.3 (java 1.5)"
148.251.11.141 - - [06/Sep/2014:17:23:21 +0200] "GET /robots.txt HTTP/1.1" 404 1256 "-" "Apache-HttpClient/4.3 (java 1.5)"
148.251.11.141 - - [06/Sep/2014:17:23:21 +0200] "GET / HTTP/1.1" 200 7903 "-" "Apache-HttpClient/4.3 (java 1.5)"
123.125.71.44 - - [06/Sep/2014:17:35:29 +0200] "GET / HTTP/1.1" 200 7903 "-" "Mozilla/5.0 (compatible; Baiduspider/2.0; +http://www.baidu.com/search/spider.html)"
220.181.108.84 - - [06/Sep/2014:17:35:29 +0200] "GET / HTTP/1.1" 200 7903 "-" "Mozilla/5.0 (compatible; Baiduspider/2.0; +http://www.baidu.com/search/spider.html)"
157.55.39.114 - - [06/Sep/2014:17:37:58 +0200] "GET /robots.txt HTTP/1.1" 404 1256 "-" "Mozilla/5.0 (compatible; bingbot/2.0; +http://www.bing.com/bingbot.htm)"
157.55.39.114 - - [06/Sep/2014:17:38:03 +0200] "GET / HTTP/1.1" 200 7903 "-" "Mozilla/5.0 (compatible; bingbot/2.0; +http://www.bing.com/bingbot.htm)"
80.190.97.186 - - [06/Sep/2014:17:54:45 +0200] "GET / HTTP/1.1" 200 7903 "-" "Mozilla/5.0 (X11; U; FreeBSD i386; en-US; rv:1.9.1.12) Gecko/20100912 Firefox/3.5.12"
119.63.196.80 - - [06/Sep/2014:18:23:18 +0200] "GET / HTTP/1.1" 200 7903 "-" "Mozilla/5.0 (compatible; Baiduspider/2.0; +http://www.baidu.com/search/spider.html)"
66.249.78.252 - - [06/Sep/2014:18:29:03 +0200] "GET /robots.txt HTTP/1.1" 404 1256 "-" "Mozilla/5.0 (compatible; Googlebot/2.1; +http://www.google.com/bot.html)"
66.249.78.4 - - [06/Sep/2014:18:29:04 +0200] "GET / HTTP/1.1" 304 - "-" "Mozilla/5.0 (compatible; Googlebot/2.1; +http://www.google.com/bot.html)"
157.55.39.114 - - [06/Sep/2014:18:48:20 +0200] "GET /robots.txt HTTP/1.1" 404 1256 "-" "Mozilla/5.0 (compatible; bingbot/2.0; +http://www.bing.com/bingbot.htm)"
157.55.39.114 - - [06/Sep/2014:18:48:23 +0200] "GET / HTTP/1.1" 304 - "-" "Mozilla/5.0 (compatible; bingbot/2.0; +http://www.bing.com/bingbot.htm)"
220.181.108.107 - - [06/Sep/2014:18:51:12 +0200] "GET / HTTP/1.1" 200 7903 "-" "Mozilla/5.0 (compatible; Baiduspider/2.0; +http://www.baidu.com/search/spider.html)"
123.125.71.34 - - [06/Sep/2014:18:51:14 +0200] "GET / HTTP/1.1" 200 7903 "-" "Mozilla/5.0 (compatible; Baiduspider/2.0; +http://www.baidu.com/search/spider.html)"
207.46.13.64 - - [06/Sep/2014:19:06:47 +0200] "GET /robots.txt HTTP/1.1" 404 1256 "-" "Mozilla/5.0 (compatible; bingbot/2.0; +http://www.bing.com/bingbot.htm)"
207.46.13.64 - - [06/Sep/2014:19:06:59 +0200] "GET /seiten/produkte.htm HTTP/1.1" 304 - "-" "Mozilla/5.0 (compatible; bingbot/2.0; +http://www.bing.com/bingbot.htm)"
101.226.166.195 - - [06/Sep/2014:19:32:28 +0200] "GET /robots.txt HTTP/1.1" 404 1256 "http://www.prokommunal.com/robots.txt" "Mozilla/5.0 (Windows NT 6.1) AppleWebKit/537.1 (KHTML, like Gecko) Chrome/21.0.1180.89 Safari/537.1; 360Spider"
220.181.125.155 - - [06/Sep/2014:19:49:48 +0200] "GET /robots.txt HTTP/1.1" 404 1256 "-" "Sogou web spider/4.0(+http://www.sogou.com/docs/help/webmasters.htm#07)"
220.181.125.155 - - [06/Sep/2014:19:49:59 +0200] "GET / HTTP/1.1" 304 - "-" "Sogou web spider/4.0(+http://www.sogou.com/docs/help/webmasters.htm#07)"
81.0.199.226 - - [06/Sep/2014:20:08:50 +0200] "GET / HTTP/1.1" 200 7903 "-" "Mozilla/5.0 (Macintosh; Intel Mac OS X 10.7; rv:22.0) Gecko/20100101 Firefox/22.0"
141.8.147.12 - - [06/Sep/2014:21:01:00 +0200] "GET /robots.txt HTTP/1.1" 404 1256 "-" "Mozilla/5.0 (compatible; YandexBot/3.0; +http://yandex.com/bots)"
141.8.147.12 - - [06/Sep/2014:21:01:04 +0200] "GET / HTTP/1.1" 200 7903 "-" "Mozilla/5.0 (compatible; YandexBot/3.0; +http://yandex.com/bots)"
66.249.78.247 - - [06/Sep/2014:21:16:32 +0200] "GET /seiten/referenzen.htm HTTP/1.1" 304 - "-" "Mozilla/5.0 (compatible; Googlebot/2.1; +http://www.google.com/bot.html)"
88.198.1.77 - - [06/Sep/2014:21:53:32 +0200] "GET /robots.txt HTTP/1.1" 404 1256 "http://www.sitedomain.de/" "Sitedomain-Bot(Sitedomain-Bot 1.0, http://www.sitedomain.de/sitedomain-bot/)"
66.249.78.252 - - [07/Sep/2014:00:14:14 +0200] "GET /seiten/service.htm HTTP/1.1" 304 - "-" "Mozilla/5.0 (compatible; Googlebot/2.1; +http://www.google.com/bot.html)"
123.125.71.27 - - [07/Sep/2014:00:41:18 +0200] "GET / HTTP/1.1" 200 7903 "-" "Mozilla/5.0 (compatible; Baiduspider/2.0; +http://www.baidu.com/search/spider.html)"
220.181.108.86 - - [07/Sep/2014:00:41:19 +0200] "GET / HTTP/1.1" 200 7903 "-" "Mozilla/5.0 (compatible; Baiduspider/2.0; +http://www.baidu.com/search/spider.html)"
66.249.78.247 - - [07/Sep/2014:00:51:11 +0200] "GET / HTTP/1.1" 304 - "-" "Mozilla/5.0 (compatible; Googlebot/2.1; +http://www.google.com/bot.html)"
68.180.225.37 - - [07/Sep/2014:00:56:01 +0200] "GET /robots.txt HTTP/1.1" 404 1256 "-" "Mozilla/5.0 (compatible; Yahoo! Slurp; http://help.yahoo.com/help/us/ysearch/slurp)"
68.180.225.37 - - [07/Sep/2014:00:56:01 +0200] "GET / HTTP/1.1" 200 7903 "-" "Mozilla/5.0 (compatible; Yahoo! Slurp; http://help.yahoo.com/help/us/ysearch/slurp)"
66.249.78.4 - - [07/Sep/2014:01:06:19 +0200] "GET /seiten/produkte.htm HTTP/1.1" 304 - "-" "Mozilla/5.0 (iPhone; CPU iPhone OS 6_0 like Mac OS X) AppleWebKit/536.26 (KHTML, like Gecko) Version/6.0 Mobile/10A5376e Safari/8536.25 (compatible; Googlebot/2.1; +http://www.google.com/bot.html)"
157.55.39.11 - - [07/Sep/2014:01:57:27 +0200] "GET /seiten/referenzen.htm HTTP/1.1" 200 40565 "-" "Mozilla/5.0 (compatible; bingbot/2.0; +http://www.bing.com/bingbot.htm)"
157.55.39.11 - - [07/Sep/2014:01:57:32 +0200] "GET /robots.txt HTTP/1.1" 404 1256 "-" "Mozilla/5.0 (compatible; bingbot/2.0; +http://www.bing.com/bingbot.htm)"
66.249.78.252 - - [07/Sep/2014:02:04:59 +0200] "GET /seiten/referenzen.htm HTTP/1.1" 304 - "-" "Mozilla/5.0 (compatible; Googlebot/2.1; +http://www.google.com/bot.html)"
157.55.39.114 - - [07/Sep/2014:02:37:01 +0200] "GET / HTTP/1.1" 200 7903 "-" "Mozilla/5.0 (compatible; bingbot/2.0; +http://www.bing.com/bingbot.htm)"
207.46.13.5 - - [07/Sep/2014:02:38:30 +0200] "GET /css/style.css HTTP/1.1" 200 3549 "-" "Mozilla/5.0 (compatible; bingbot/2.0; +http://www.bing.com/bingbot.htm)"
207.46.13.5 - - [07/Sep/2014:02:38:30 +0200] "GET /scripte/basics.js HTTP/1.1" 200 198 "-" "Mozilla/5.0 (compatible; bingbot/2.0; +http://www.bing.com/bingbot.htm)"
208.115.111.72 - - [07/Sep/2014:03:01:08 +0200] "GET /robots.txt HTTP/1.1" 404 1256 "-" "Mozilla/5.0 (compatible; DotBot/1.1; http://www.opensiteexplorer.org/dotbot, help@moz.com)"
141.8.147.12 - - [07/Sep/2014:03:03:47 +0200] "GET /robots.txt HTTP/1.1" 404 1256 "-" "Mozilla/5.0 (compatible; YandexBot/3.0; +http://yandex.com/bots)"
141.8.147.12 - - [07/Sep/2014:03:03:48 +0200] "GET /robots.txt HTTP/1.1" 404 1256 "-" "Mozilla/5.0 (compatible; YandexBot/3.0; +http://yandex.com/bots)"
141.8.147.12 - - [07/Sep/2014:03:03:48 +0200] "GET /robots.txt HTTP/1.1" 404 1256 "-" "Mozilla/5.0 (compatible; YandexBot/3.0; +http://yandex.com/bots)"
141.8.147.12 - - [07/Sep/2014:03:03:49 +0200] "GET / HTTP/1.1" 200 7903 "-" "Mozilla/5.0 (compatible; YandexBot/3.0; +http://yandex.com/bots)"
141.8.147.12 - - [07/Sep/2014:03:03:50 +0200] "GET / HTTP/1.1" 200 7903 "-" "Mozilla/5.0 (compatible; YandexBot/3.0; +http://yandex.com/bots)"
141.8.147.12 - - [07/Sep/2014:03:03:50 +0200] "GET / HTTP/1.1" 200 7903 "-" "Mozilla/5.0 (compatible; YandexBot/3.0; +http://yandex.com/bots)"
141.8.147.12 - - [07/Sep/2014:03:03:51 +0200] "GET / HTTP/1.1" 200 7903 "-" "Mozilla/5.0 (compatible; YandexBot/3.0; +http://yandex.com/bots)"
141.8.147.12 - - [07/Sep/2014:03:03:53 +0200] "GET / HTTP/1.1" 200 7903 "-" "Mozilla/5.0 (compatible; YandexBot/3.0; +http://yandex.com/bots)"
141.8.147.12 - - [07/Sep/2014:03:03:54 +0200] "GET / HTTP/1.1" 200 7903 "-" "Mozilla/5.0 (compatible; YandexBot/3.0; +http://yandex.com/bots)"
141.8.147.12 - - [07/Sep/2014:03:03:55 +0200] "GET / HTTP/1.1" 200 7903 "-" "Mozilla/5.0 (compatible; YandexBot/3.0; +http://yandex.com/bots)"
141.8.147.12 - - [07/Sep/2014:03:03:55 +0200] "GET / HTTP/1.1" 200 7903 "-" "Mozilla/5.0 (compatible; YandexBot/3.0; +http://yandex.com/bots)"
208.115.111.71 - - [07/Sep/2014:03:14:35 +0200] "GET /robots.txt HTTP/1.1" 404 1256 "-" "Mozilla/5.0 (compatible; DotBot/1.1; http://www.opensiteexplorer.org/dotbot, help@moz.com)"
208.115.111.72 - - [07/Sep/2014:03:51:27 +0200] "GET /seiten/willk.htm HTTP/1.1" 200 7884 "-" "Mozilla/5.0 (compatible; DotBot/1.1; http://www.opensiteexplorer.org/dotbot, help@moz.com)"
80.190.97.186 - - [07/Sep/2014:03:55:41 +0200] "GET / HTTP/1.1" 200 7903 "-" "Mozilla/5.0 (X11; U; FreeBSD i386; en-US; rv:1.9.1.12) Gecko/20100912 Firefox/3.5.12"
66.249.78.247 - - [07/Sep/2014:04:37:51 +0200] "GET /img/head02.jpg HTTP/1.1" 304 - "-" "Googlebot-Image/1.0"
157.55.39.114 - - [07/Sep/2014:04:51:49 +0200] "GET / HTTP/1.1" 200 7903 "-" "Mozilla/5.0 (compatible; bingbot/2.0; +http://www.bing.com/bingbot.htm)"
208.115.111.71 - - [07/Sep/2014:05:01:52 +0200] "GET /seiten/intern/login3.php HTTP/1.1" 302 - "-" "Mozilla/5.0 (compatible; DotBot/1.1; http://www.opensiteexplorer.org/dotbot, help@moz.com)"
208.115.113.88 - - [07/Sep/2014:05:05:24 +0200] "GET /robots.txt HTTP/1.1" 404 1256 "-" "Mozilla/5.0 (compatible; DotBot/1.1; http://www.opensiteexplorer.org/dotbot, help@moz.com)"
157.55.39.114 - - [07/Sep/2014:05:29:02 +0200] "GET / HTTP/1.1" 200 7903 "-" "Mozilla/5.0 (compatible; bingbot/2.0; +http://www.bing.com/bingbot.htm)"
208.115.113.88 - - [07/Sep/2014:06:00:47 +0200] "GET /seiten/kontroll.htm HTTP/1.1" 200 6599 "-" "Mozilla/5.0 (compatible; DotBot/1.1; http://www.opensiteexplorer.org/dotbot, help@moz.com)"
66.249.78.252 - - [07/Sep/2014:06:12:08 +0200] "GET /seiten/produkte.htm HTTP/1.1" 304 - "-" "Mozilla/5.0 (compatible; Googlebot/2.1; +http://www.google.com/bot.html)"
80.190.97.186 - - [07/Sep/2014:06:44:51 +0200] "GET / HTTP/1.1" 200 7903 "-" "Mozilla/5.0 (X11; U; FreeBSD i386; en-US; rv:1.9.1.12) Gecko/20100912 Firefox/3.5.12"
208.115.111.72 - - [07/Sep/2014:07:04:48 +0200] "GET /robots.txt HTTP/1.1" 404 1256 "-" "Mozilla/5.0 (compatible; DotBot/1.1; http://www.opensiteexplorer.org/dotbot, help@moz.com)"
208.115.111.71 - - [07/Sep/2014:07:13:45 +0200] "GET /robots.txt HTTP/1.1" 404 1256 "-" "Mozilla/5.0 (compatible; DotBot/1.1; http://www.opensiteexplorer.org/dotbot, help@moz.com)"
208.115.111.72 - - [07/Sep/2014:07:37:33 +0200] "GET / HTTP/1.1" 200 7903 "-" "Mozilla/5.0 (compatible; DotBot/1.1; http://www.opensiteexplorer.org/dotbot, help@moz.com)"
66.249.78.247 - - [07/Sep/2014:07:42:33 +0200] "GET /robots.txt HTTP/1.1" 404 1256 "-" "Mozilla/5.0 (compatible; Googlebot/2.1; +http://www.google.com/bot.html)"
66.249.78.4 - - [07/Sep/2014:07:42:33 +0200] "GET / HTTP/1.1" 200 7903 "-" "Mozilla/5.0 (compatible; Googlebot/2.1; +http://www.google.com/bot.html)"
66.249.78.4 - - [07/Sep/2014:08:30:45 +0200] "GET /seiten/term14.pdf HTTP/1.1" 304 - "-" "Mozilla/5.0 (iPhone; CPU iPhone OS 6_0 like Mac OS X) AppleWebKit/536.26 (KHTML, like Gecko) Version/6.0 Mobile/10A5376e Safari/8536.25 (compatible; Googlebot/2.1; +http://www.google.com/bot.html)"
208.115.111.71 - - [07/Sep/2014:09:08:27 +0200] "GET /seiten/intern/?N=D HTTP/1.1" 403 1222 "-" "Mozilla/5.0 (compatible; DotBot/1.1; http://www.opensiteexplorer.org/dotbot, help@moz.com)"
66.249.78.4 - - [07/Sep/2014:09:19:38 +0200] "GET /css/style.css HTTP/1.1" 200 3549 "-" "Mozilla/5.0 (compatible; Googlebot/2.1; +http://www.google.com/bot.html)"
220.181.108.75 - - [07/Sep/2014:09:44:37 +0200] "GET / HTTP/1.1" 200 7903 "-" "Mozilla/5.0 (compatible; Baiduspider/2.0; +http://www.baidu.com/search/spider.html)"
37.58.100.172 - - [07/Sep/2014:10:10:40 +0200] "GET /seiten/fsw.htm HTTP/1.1" 200 9961 "-" "Mozilla/5.0 (compatible; AhrefsBot/5.0; +http://ahrefs.com/robot/)"
220.181.108.86 - - [07/Sep/2014:10:39:15 +0200] "GET / HTTP/1.1" 200 7903 "-" "Mozilla/5.0 (compatible; Baiduspider/2.0; +http://www.baidu.com/search/spider.html)"
123.125.71.32 - - [07/Sep/2014:10:39:15 +0200] "GET / HTTP/1.1" 200 7903 "-" "Mozilla/5.0 (compatible; Baiduspider/2.0; +http://www.baidu.com/search/spider.html)"
207.46.13.58 - - [07/Sep/2014:10:44:17 +0200] "GET /robots.txt HTTP/1.1" 404 1256 "-" "Mozilla/5.0 (compatible; bingbot/2.0; +http://www.bing.com/bingbot.htm)"
207.46.13.58 - - [07/Sep/2014:10:44:21 +0200] "GET /seiten/impr.htm HTTP/1.1" 304 - "-" "Mozilla/5.0 (compatible; bingbot/2.0; +http://www.bing.com/bingbot.htm)"
208.115.111.72 - - [07/Sep/2014:11:01:01 +0200] "GET /robots.txt HTTP/1.1" 404 1256 "-" "Mozilla/5.0 (compatible; DotBot/1.1; http://www.opensiteexplorer.org/dotbot, help@moz.com)"
208.115.111.72 - - [07/Sep/2014:11:50:22 +0200] "GET /seiten/?S=D HTTP/1.1" 403 1222 "-" "Mozilla/5.0 (compatible; DotBot/1.1; http://www.opensiteexplorer.org/dotbot, help@moz.com)"
81.0.199.226 - - [07/Sep/2014:13:10:08 +0200] "GET / HTTP/1.1" 200 7903 "-" "Mozilla/5.0 (Macintosh; Intel Mac OS X 10.7; rv:22.0) Gecko/20100101 Firefox/22.0"
101.226.167.232 - - [07/Sep/2014:13:39:14 +0200] "GET /robots.txt HTTP/1.1" 404 1256 "http://www.prokommunal.com/robots.txt" "Mozilla/5.0 (Windows NT 6.1) AppleWebKit/537.1 (KHTML, like Gecko) Chrome/21.0.1180.89 Safari/537.1; 360Spider"
157.55.39.114 - - [07/Sep/2014:14:47:30 +0200] "GET /seiten/partner.htm HTTP/1.1" 200 9458 "-" "Mozilla/5.0 (compatible; bingbot/2.0; +http://www.bing.com/bingbot.htm)"
208.115.111.72 - - [07/Sep/2014:15:04:08 +0200] "GET /robots.txt HTTP/1.1" 404 1256 "-" "Mozilla/5.0 (compatible; DotBot/1.1; http://www.opensiteexplorer.org/dotbot, help@moz.com)"
157.55.39.114 - - [07/Sep/2014:16:03:35 +0200] "GET / HTTP/1.1" 304 - "-" "Mozilla/5.0 (compatible; bingbot/2.0; +http://www.bing.com/bingbot.htm)"
123.125.71.82 - - [07/Sep/2014:16:08:37 +0200] "GET /robots.txt HTTP/1.1" 404 1256 "-" "Mozilla/5.0 (compatible; Baiduspider/2.0; +http://www.baidu.com/search/spider.html)"
157.55.39.114 - - [07/Sep/2014:16:08:40 +0200] "GET /seiten/produkte.htm HTTP/1.1" 304 - "-" "Mozilla/5.0 (compatible; bingbot/2.0; +http://www.bing.com/bingbot.htm)"
220.181.108.174 - - [07/Sep/2014:16:13:29 +0200] "GET / HTTP/1.1" 200 7903 "-" "Mozilla/5.0 (compatible; Baiduspider/2.0; +http://www.baidu.com/search/spider.html)"
80.190.97.186 - - [07/Sep/2014:16:37:47 +0200] "GET / HTTP/1.1" 200 7903 "-" "Mozilla/5.0 (X11; U; FreeBSD i386; en-US; rv:1.9.1.12) Gecko/20100912 Firefox/3.5.12"
208.115.111.72 - - [07/Sep/2014:16:48:33 +0200] "GET /seiten/service.htm HTTP/1.1" 200 9248 "-" "Mozilla/5.0 (compatible; DotBot/1.1; http://www.opensiteexplorer.org/dotbot, help@moz.com)"
157.55.39.114 - - [07/Sep/2014:17:03:34 +0200] "GET / HTTP/1.1" 200 7903 "-" "Mozilla/5.0 (compatible; bingbot/2.0; +http://www.bing.com/bingbot.htm)"
199.30.25.115 - - [07/Sep/2014:17:03:36 +0200] "GET /img/head01.jpg HTTP/1.1" 200 6350 "http://www.prokommunal.com/" "Mozilla/5.0 (Windows NT 6.1; WOW64) AppleWebKit/534+ (KHTML, like Gecko) BingPreview/1.0b"
199.30.25.115 - - [07/Sep/2014:17:03:36 +0200] "GET /img/head02.jpg HTTP/1.1" 200 4929 "http://www.prokommunal.com/" "Mozilla/5.0 (Windows NT 6.1; WOW64) AppleWebKit/534+ (KHTML, like Gecko) BingPreview/1.0b"
199.30.25.115 - - [07/Sep/2014:17:03:37 +0200] "GET /img/head03.jpg HTTP/1.1" 200 7610 "http://www.prokommunal.com/" "Mozilla/5.0 (Windows NT 6.1; WOW64) AppleWebKit/534+ (KHTML, like Gecko) BingPreview/1.0b"
199.30.25.115 - - [07/Sep/2014:17:03:37 +0200] "GET /redesign/img/bg_gelb.jpg HTTP/1.1" 200 368 "http://www.prokommunal.com/" "Mozilla/5.0 (Windows NT 6.1; WOW64) AppleWebKit/534+ (KHTML, like Gecko) BingPreview/1.0b"
199.30.25.115 - - [07/Sep/2014:17:03:37 +0200] "GET /redesign/img/bg_foot.gif HTTP/1.1" 200 286 "http://www.prokommunal.com/" "Mozilla/5.0 (Windows NT 6.1; WOW64) AppleWebKit/534+ (KHTML, like Gecko) BingPreview/1.0b"
193.189.116.68 - - [07/Sep/2014:17:12:18 +0200] "GET /seiten/databund.html HTTP/1.0" 200 9125 "http://www.prokommunal.com/seiten/databund.html" "Mozilla/5.0 (X11; Linux i686; rv:18.0) Gecko/20100101 Firefox/18.0 Iceweasel/18.0.1"
157.55.39.114 - - [07/Sep/2014:17:39:12 +0200] "GET / HTTP/1.1" 200 7903 "-" "Mozilla/5.0 (compatible; bingbot/2.0; +http://www.bing.com/bingbot.htm)"
119.63.196.90 - - [07/Sep/2014:18:23:22 +0200] "GET / HTTP/1.1" 200 7903 "-" "Mozilla/5.0 (compatible; Baiduspider/2.0; +http://www.baidu.com/search/spider.html)"
46.4.100.231 - - [07/Sep/2014:19:16:13 +0200] "GET /robots.txt HTTP/1.1" 404 1256 "-" "BacklinkCrawler (http://www.backlinktest.com/crawler.html)"
46.4.100.231 - - [07/Sep/2014:19:16:13 +0200] "GET /sitemap.xml HTTP/1.1" 404 1256 "-" "BacklinkCrawler (http://www.backlinktest.com/crawler.html)"
46.4.100.231 - - [07/Sep/2014:19:16:15 +0200] "GET / HTTP/1.1" 200 7903 "-" "BacklinkCrawler (http://www.backlinktest.com/crawler.html)"
46.4.100.231 - - [07/Sep/2014:19:16:17 +0200] "GET /seiten/service.htm HTTP/1.1" 200 9248 "-" "BacklinkCrawler (http://www.backlinktest.com/crawler.html)"
46.4.100.231 - - [07/Sep/2014:19:16:19 +0200] "GET /seiten/produkte.htm HTTP/1.1" 200 9105 "-" "BacklinkCrawler (http://www.backlinktest.com/crawler.html)"
46.4.100.231 - - [07/Sep/2014:19:16:21 +0200] "GET /seiten/databund.html HTTP/1.1" 200 9125 "-" "BacklinkCrawler (http://www.backlinktest.com/crawler.html)"
46.4.100.231 - - [07/Sep/2014:19:16:23 +0200] "GET /seiten/referenzen.htm HTTP/1.1" 200 40565 "-" "BacklinkCrawler (http://www.backlinktest.com/crawler.html)"
46.4.100.231 - - [07/Sep/2014:19:16:25 +0200] "GET /seiten/impr.htm HTTP/1.1" 200 8696 "-" "BacklinkCrawler (http://www.backlinktest.com/crawler.html)"
46.4.100.231 - - [07/Sep/2014:19:16:27 +0200] "GET /seiten/partner.htm HTTP/1.1" 200 9458 "-" "BacklinkCrawler (http://www.backlinktest.com/crawler.html)"
46.4.100.231 - - [07/Sep/2014:19:16:29 +0200] "GET /seiten/kontakt.php HTTP/1.1" 200 12788 "-" "BacklinkCrawler (http://www.backlinktest.com/crawler.html)"
46.4.100.231 - - [07/Sep/2014:19:16:31 +0200] "GET /seiten/ HTTP/1.1" 403 1222 "-" "BacklinkCrawler (http://www.backlinktest.com/crawler.html)"
46.4.100.231 - - [07/Sep/2014:19:16:33 +0200] "GET /seiten/seiten/impr.htm HTTP/1.1" 404 1256 "-" "BacklinkCrawler (http://www.backlinktest.com/crawler.html)"
46.4.100.231 - - [07/Sep/2014:19:16:35 +0200] "GET /seiten/seiten/kontakt.php HTTP/1.1" 404 1256 "-" "BacklinkCrawler (http://www.backlinktest.com/crawler.html)"
46.4.100.231 - - [07/Sep/2014:19:16:37 +0200] "GET /seiten/seiten/partner.htm HTTP/1.1" 404 1256 "-" "BacklinkCrawler (http://www.backlinktest.com/crawler.html)"
46.4.100.231 - - [07/Sep/2014:19:16:39 +0200] "GET /seiten/seiten/service.htm HTTP/1.1" 404 1256 "-" "BacklinkCrawler (http://www.backlinktest.com/crawler.html)"
46.4.100.231 - - [07/Sep/2014:19:16:41 +0200] "GET /seiten/fahrlehrerwesen.htm HTTP/1.1" 200 7168 "-" "BacklinkCrawler (http://www.backlinktest.com/crawler.html)"
46.4.100.231 - - [07/Sep/2014:19:16:43 +0200] "GET /seiten/seiten/referenzen.htm HTTP/1.1" 404 1256 "-" "BacklinkCrawler (http://www.backlinktest.com/crawler.html)"
46.4.100.231 - - [07/Sep/2014:19:16:45 +0200] "GET /seiten/fsw.htm HTTP/1.1" 200 9961 "-" "BacklinkCrawler (http://www.backlinktest.com/crawler.html)"
46.4.100.231 - - [07/Sep/2014:19:16:47 +0200] "GET /seiten/seiten/produkte.htm HTTP/1.1" 404 1256 "-" "BacklinkCrawler (http://www.backlinktest.com/crawler.html)"
46.4.100.231 - - [07/Sep/2014:19:16:49 +0200] "GET /seiten/kontroll.htm HTTP/1.1" 200 6599 "-" "BacklinkCrawler (http://www.backlinktest.com/crawler.html)"
46.4.100.231 - - [07/Sep/2014:19:16:51 +0200] "GET /seiten/kraftverkehr.htm HTTP/1.1" 200 9210 "-" "BacklinkCrawler (http://www.backlinktest.com/crawler.html)"
80.190.97.186 - - [07/Sep/2014:19:25:09 +0200] "GET / HTTP/1.1" 200 7903 "-" "Mozilla/5.0 (X11; U; FreeBSD i386; en-US; rv:1.9.1.12) Gecko/20100912 Firefox/3.5.12"
178.255.215.65 - - [07/Sep/2014:19:30:58 +0200] "GET /robots.txt HTTP/1.1" 404 1256 "-" "Mozilla/5.0 (compatible; Exabot/3.0; +http://www.exabot.com/go/robot)"
178.255.215.65 - - [07/Sep/2014:19:30:58 +0200] "GET / HTTP/1.1" 304 - "-" "Mozilla/5.0 (compatible; Exabot/3.0; +http://www.exabot.com/go/robot)"
69.58.178.56 - - [07/Sep/2014:19:53:45 +0200] "GET /robots.txt HTTP/1.1" 404 1256 "-" "Mozilla/5.0 (X11; Ubuntu; Linux i686; rv:14.0; ips-agent) Gecko/20100101 Firefox/14.0.1"
69.58.178.56 - - [07/Sep/2014:19:53:46 +0200] "GET / HTTP/1.1" 200 7903 "-" "Mozilla/5.0 (X11; Ubuntu; Linux i686; rv:14.0; ips-agent) Gecko/20100101 Firefox/14.0.1"
69.58.178.56 - - [07/Sep/2014:19:53:47 +0200] "GET / HTTP/1.1" 200 7903 "-" "BlackBerry9000/4.6.0.167 Profile/MIDP-2.0 Configuration/CLDC-1.1 VendorID/102 ips-agent"
69.58.178.56 - - [07/Sep/2014:19:53:49 +0200] "GET /seiten/produkte.htm HTTP/1.1" 200 9105 "-" "Mozilla/5.0 (X11; Ubuntu; Linux i686; rv:14.0; ips-agent) Gecko/20100101 Firefox/14.0.1"
69.58.178.56 - - [07/Sep/2014:19:53:50 +0200] "GET /seiten/partner.htm HTTP/1.1" 200 9458 "-" "BlackBerry9000/4.6.0.167 Profile/MIDP-2.0 Configuration/CLDC-1.1 VendorID/102 ips-agent"
69.58.178.56 - - [07/Sep/2014:19:53:51 +0200] "GET /seiten/referenzen.htm HTTP/1.1" 200 40565 "-" "Mozilla/5.0 (X11; Ubuntu; Linux i686; rv:14.0; ips-agent) Gecko/20100101 Firefox/14.0.1"
69.58.178.56 - - [07/Sep/2014:19:53:52 +0200] "GET /seiten/service.htm HTTP/1.1" 200 9248 "-" "Mozilla/5.0 (X11; Ubuntu; Linux i686; rv:14.0; ips-agent) Gecko/20100101 Firefox/14.0.1"
69.58.178.56 - - [07/Sep/2014:19:53:54 +0200] "GET /seiten/kontakt.php HTTP/1.1" 200 12788 "-" "Mozilla/5.0 (X11; Ubuntu; Linux i686; rv:14.0; ips-agent) Gecko/20100101 Firefox/14.0.1"
69.58.178.56 - - [07/Sep/2014:19:53:55 +0200] "GET /seiten/impr.htm HTTP/1.1" 200 8696 "-" "Mozilla/5.0 (X11; Ubuntu; Linux i686; rv:14.0; ips-agent) Gecko/20100101 Firefox/14.0.1"
69.58.178.56 - - [07/Sep/2014:19:53:56 +0200] "GET /seiten/databund.html HTTP/1.1" 200 9125 "-" "Mozilla/5.0 (X11; Ubuntu; Linux i686; rv:14.0; ips-agent) Gecko/20100101 Firefox/14.0.1"
69.58.178.56 - - [07/Sep/2014:19:53:57 +0200] "GET /seiten/fsw.htm HTTP/1.1" 200 9961 "-" "Mozilla/5.0 (X11; Ubuntu; Linux i686; rv:14.0; ips-agent) Gecko/20100101 Firefox/14.0.1"
69.58.178.56 - - [07/Sep/2014:19:53:59 +0200] "GET /seiten/fahrlehrerwesen.htm HTTP/1.1" 200 7168 "-" "Mozilla/5.0 (X11; Ubuntu; Linux i686; rv:14.0; ips-agent) Gecko/20100101 Firefox/14.0.1"
148.251.69.136 - - [07/Sep/2014:21:34:37 +0200] "GET / HTTP/1.1" 200 7903 "-" "Mozilla/5.0 (Windows NT 6.1; U;WOW64; de;rv:11.0) Gecko Firefox/11.0"
148.251.69.136 - - [07/Sep/2014:21:34:41 +0200] "GET /seiten/impr.htm HTTP/1.1" 200 8696 "-" "Mozilla/5.0 (Macintosh; Intel Mac OS X 1084) AppleWebKit/536.29.13 (KHTML like Gecko) Version/6.0.4 Safari/536.29.13"
148.251.69.136 - - [07/Sep/2014:21:34:42 +0200] "GET /seiten/kontakt.php HTTP/1.1" 200 12788 "-" "Mozilla/5.0 (Windows NT 5.1) AppleWebKit/537.31 (KHTML, like Gecko) Chrome/26.0.1410.43 Safari/537.31"
157.55.39.114 - - [07/Sep/2014:22:41:41 +0200] "GET / HTTP/1.1" 200 7903 "-" "Mozilla/5.0 (compatible; bingbot/2.0; +http://www.bing.com/bingbot.htm)"
66.249.78.252 - - [07/Sep/2014:22:42:54 +0200] "GET /robots.txt HTTP/1.1" 404 1256 "-" "Mozilla/5.0 (compatible; Googlebot/2.1; +http://www.google.com/bot.html)"
66.249.78.4 - - [07/Sep/2014:22:42:54 +0200] "GET / HTTP/1.1" 200 7903 "-" "SAMSUNG-SGH-E250/1.0 Profile/MIDP-2.0 Configuration/CLDC-1.1 UP.Browser/6.2.3.3.c.1.101 (GUI) MMP/2.0 (compatible; Googlebot-Mobile/2.1; +http://www.google.com/bot.html)"
123.125.71.18 - - [07/Sep/2014:23:35:57 +0200] "GET / HTTP/1.1" 200 7903 "-" "Mozilla/5.0 (compatible; Baiduspider/2.0; +http://www.baidu.com/search/spider.html)"
220.181.108.95 - - [07/Sep/2014:23:35:58 +0200] "GET / HTTP/1.1" 200 7903 "-" "Mozilla/5.0 (compatible; Baiduspider/2.0; +http://www.baidu.com/search/spider.html)"
66.249.78.4 - - [08/Sep/2014:00:15:06 +0200] "GET / HTTP/1.1" 304 - "-" "Mozilla/5.0 (compatible; Googlebot/2.1; +http://www.google.com/bot.html)"
66.249.78.4 - - [08/Sep/2014:00:53:14 +0200] "GET /seiten/referenzen.htm HTTP/1.1" 304 - "-" "Mozilla/5.0 (compatible; Googlebot/2.1; +http://www.google.com/bot.html)"
46.4.100.231 - - [08/Sep/2014:02:09:28 +0200] "GET /robots.txt HTTP/1.1" 404 1256 "-" "BacklinkCrawler (http://www.backlinktest.com/crawler.html)"
46.4.100.231 - - [08/Sep/2014:02:09:28 +0200] "GET /sitemap.xml HTTP/1.1" 404 1256 "-" "BacklinkCrawler (http://www.backlinktest.com/crawler.html)"
46.4.100.231 - - [08/Sep/2014:02:09:30 +0200] "GET / HTTP/1.1" 200 7903 "-" "BacklinkCrawler (http://www.backlinktest.com/crawler.html)"
46.4.100.231 - - [08/Sep/2014:02:09:32 +0200] "GET /seiten/fsw.htm HTTP/1.1" 200 9961 "-" "BacklinkCrawler (http://www.backlinktest.com/crawler.html)"
46.4.100.231 - - [08/Sep/2014:02:09:34 +0200] "GET /seiten/impr.htm HTTP/1.1" 200 8696 "-" "BacklinkCrawler (http://www.backlinktest.com/crawler.html)"
46.4.100.231 - - [08/Sep/2014:02:09:36 +0200] "GET /seiten/service.htm HTTP/1.1" 200 9248 "-" "BacklinkCrawler (http://www.backlinktest.com/crawler.html)"
46.4.100.231 - - [08/Sep/2014:02:09:38 +0200] "GET /seiten/partner.htm HTTP/1.1" 200 9458 "-" "BacklinkCrawler (http://www.backlinktest.com/crawler.html)"
46.4.100.231 - - [08/Sep/2014:02:09:41 +0200] "GET /seiten/kontakt.php HTTP/1.1" 200 12788 "-" "BacklinkCrawler (http://www.backlinktest.com/crawler.html)"
46.4.100.231 - - [08/Sep/2014:02:09:43 +0200] "GET /seiten/produkte.htm HTTP/1.1" 200 9105 "-" "BacklinkCrawler (http://www.backlinktest.com/crawler.html)"
46.4.100.231 - - [08/Sep/2014:02:09:44 +0200] "GET /seiten/kontroll.htm HTTP/1.1" 200 6599 "-" "BacklinkCrawler (http://www.backlinktest.com/crawler.html)"
46.4.100.231 - - [08/Sep/2014:02:09:46 +0200] "GET /seiten/databund.html HTTP/1.1" 200 9125 "-" "BacklinkCrawler (http://www.backlinktest.com/crawler.html)"
46.4.100.231 - - [08/Sep/2014:02:09:48 +0200] "GET /seiten/referenzen.htm HTTP/1.1" 200 40565 "-" "BacklinkCrawler (http://www.backlinktest.com/crawler.html)"
46.4.100.231 - - [08/Sep/2014:02:09:50 +0200] "GET /seiten/kraftverkehr.htm HTTP/1.1" 200 9210 "-" "BacklinkCrawler (http://www.backlinktest.com/crawler.html)"
46.4.100.231 - - [08/Sep/2014:02:09:52 +0200] "GET /seiten/fahrlehrerwesen.htm HTTP/1.1" 200 7168 "-" "BacklinkCrawler (http://www.backlinktest.com/crawler.html)"
46.4.100.231 - - [08/Sep/2014:02:09:54 +0200] "GET /seiten/ HTTP/1.1" 403 1222 "-" "BacklinkCrawler (http://www.backlinktest.com/crawler.html)"
46.4.100.231 - - [08/Sep/2014:02:09:56 +0200] "GET /seiten/seiten/impr.htm HTTP/1.1" 404 1256 "-" "BacklinkCrawler (http://www.backlinktest.com/crawler.html)"
46.4.100.231 - - [08/Sep/2014:02:09:58 +0200] "GET /seiten/seiten/kontakt.php HTTP/1.1" 404 1256 "-" "BacklinkCrawler (http://www.backlinktest.com/crawler.html)"
46.4.100.231 - - [08/Sep/2014:02:10:00 +0200] "GET /seiten/seiten/partner.htm HTTP/1.1" 404 1256 "-" "BacklinkCrawler (http://www.backlinktest.com/crawler.html)"
46.4.100.231 - - [08/Sep/2014:02:10:02 +0200] "GET /seiten/seiten/service.htm HTTP/1.1" 404 1256 "-" "BacklinkCrawler (http://www.backlinktest.com/crawler.html)"
46.4.100.231 - - [08/Sep/2014:02:10:04 +0200] "GET /seiten/seiten/produkte.htm HTTP/1.1" 404 1256 "-" "BacklinkCrawler (http://www.backlinktest.com/crawler.html)"
46.4.100.231 - - [08/Sep/2014:02:10:07 +0200] "GET /seiten/seiten/referenzen.htm HTTP/1.1" 404 1256 "-" "BacklinkCrawler (http://www.backlinktest.com/crawler.html)"
78.109.59.37 - - [08/Sep/2014:02:20:28 +0200] "GET / HTTP/1.1" 200 7903 "-" "Typhoeus - https://github.com/typhoeus/typhoeus"
208.115.111.68 - - [08/Sep/2014:02:28:21 +0200] "GET /robots.txt HTTP/1.1" 404 1256 "-" "Mozilla/5.0 (compatible; DotBot/1.1; http://www.opensiteexplorer.org/dotbot, help@moz.com)"
79.58.24.222 - - [08/Sep/2014:02:51:03 +0200] "GET / HTTP/1.1" 200 7903 "-" "Xenu Link Sleuth/1.3.8"
208.115.111.72 - - [08/Sep/2014:03:11:48 +0200] "GET /robots.txt HTTP/1.1" 404 1256 "-" "Mozilla/5.0 (compatible; DotBot/1.1; http://www.opensiteexplorer.org/dotbot, help@moz.com)"
208.115.111.68 - - [08/Sep/2014:03:56:29 +0200] "GET /seiten/kraftverkehr.htm HTTP/1.1" 200 9210 "-" "Mozilla/5.0 (compatible; DotBot/1.1; http://www.opensiteexplorer.org/dotbot, help@moz.com)"
66.249.78.247 - - [08/Sep/2014:04:42:48 +0200] "GET /seiten/fsw.htm HTTP/1.1" 304 - "-" "Mozilla/5.0 (compatible; Googlebot/2.1; +http://www.google.com/bot.html)"
157.55.39.114 - - [08/Sep/2014:04:49:06 +0200] "GET / HTTP/1.1" 200 7903 "-" "Mozilla/5.0 (compatible; bingbot/2.0; +http://www.bing.com/bingbot.htm)"
157.55.39.125 - - [08/Sep/2014:04:51:31 +0200] "GET /robots.txt HTTP/1.1" 404 1256 "-" "Mozilla/5.0 (compatible; bingbot/2.0; +http://www.bing.com/bingbot.htm)"
157.55.39.125 - - [08/Sep/2014:04:51:35 +0200] "GET / HTTP/1.1" 304 - "-" "Mozilla/5.0 (compatible; bingbot/2.0; +http://www.bing.com/bingbot.htm)"
208.115.111.72 - - [08/Sep/2014:04:54:42 +0200] "GET /seiten/produkte.htm HTTP/1.1" 200 9105 "-" "Mozilla/5.0 (compatible; DotBot/1.1; http://www.opensiteexplorer.org/dotbot, help@moz.com)"
208.115.113.87 - - [08/Sep/2014:05:11:45 +0200] "GET /robots.txt HTTP/1.1" 404 1256 "-" "Mozilla/5.0 (compatible; DotBot/1.1; http://www.opensiteexplorer.org/dotbot, help@moz.com)"
80.190.97.186 - - [08/Sep/2014:05:42:01 +0200] "GET / HTTP/1.1" 200 7903 "-" "Mozilla/5.0 (X11; U; FreeBSD i386; en-US; rv:1.9.1.12) Gecko/20100912 Firefox/3.5.12"
42.120.160.111 - - [08/Sep/2014:05:47:15 +0200] "GET / HTTP/1.1" 200 7903 "-" "YisouSpider"
66.249.78.4 - - [08/Sep/2014:06:15:54 +0200] "GET / HTTP/1.1" 304 - "-" "Mozilla/5.0 (compatible; Googlebot/2.1; +http://www.google.com/bot.html)"
208.115.113.87 - - [08/Sep/2014:07:05:45 +0200] "GET /seiten/impr.htm HTTP/1.1" 200 8696 "-" "Mozilla/5.0 (compatible; DotBot/1.1; http://www.opensiteexplorer.org/dotbot, help@moz.com)"
208.115.111.72 - - [08/Sep/2014:07:14:24 +0200] "GET /robots.txt HTTP/1.1" 404 1256 "-" "Mozilla/5.0 (compatible; DotBot/1.1; http://www.opensiteexplorer.org/dotbot, help@moz.com)"
62.154.206.84 - - [08/Sep/2014:07:18:23 +0200] "GET / HTTP/1.1" 200 7903 "http://www.bing.com/search?q=prokommunal%2C+berlin&qs=n&form=QBLH&pq=prokommunal%2C+berlin&sc=1-19&sp=-1&sk=&cvid=3f2d77f66019438fb2ebd846cd4ffadc" "Mozilla/4.0 (compatible; MSIE 8.0; Windows NT 5.2; Trident/4.0; .NET CLR 1.1.4322; .NET CLR 2.0.50727; .NET CLR 3.0.4506.2152; .NET CLR 3.5.30729; .NET4.0C; .NET4.0E; InfoPath.3)"
62.154.206.84 - - [08/Sep/2014:07:18:23 +0200] "GET /css/style.css HTTP/1.1" 200 3549 "http://www.prokommunal.com/" "Mozilla/4.0 (compatible; MSIE 8.0; Windows NT 5.2; Trident/4.0; .NET CLR 1.1.4322; .NET CLR 2.0.50727; .NET CLR 3.0.4506.2152; .NET CLR 3.5.30729; .NET4.0C; .NET4.0E; InfoPath.3)"
62.154.206.84 - - [08/Sep/2014:07:18:23 +0200] "GET /scripte/basics.js HTTP/1.1" 200 198 "http://www.prokommunal.com/" "Mozilla/4.0 (compatible; MSIE 8.0; Windows NT 5.2; Trident/4.0; .NET CLR 1.1.4322; .NET CLR 2.0.50727; .NET CLR 3.0.4506.2152; .NET CLR 3.5.30729; .NET4.0C; .NET4.0E; InfoPath.3)"
62.154.206.84 - - [08/Sep/2014:07:18:23 +0200] "GET /img/head02.jpg HTTP/1.1" 200 4929 "http://www.prokommunal.com/" "Mozilla/4.0 (compatible; MSIE 8.0; Windows NT 5.2; Trident/4.0; .NET CLR 1.1.4322; .NET CLR 2.0.50727; .NET CLR 3.0.4506.2152; .NET CLR 3.5.30729; .NET4.0C; .NET4.0E; InfoPath.3)"
62.154.206.84 - - [08/Sep/2014:07:18:23 +0200] "GET /redesign/img/bg_gelb.jpg HTTP/1.1" 200 368 "http://www.prokommunal.com/" "Mozilla/4.0 (compatible; MSIE 8.0; Windows NT 5.2; Trident/4.0; .NET CLR 1.1.4322; .NET CLR 2.0.50727; .NET CLR 3.0.4506.2152; .NET CLR 3.5.30729; .NET4.0C; .NET4.0E; InfoPath.3)"
62.154.206.84 - - [08/Sep/2014:07:18:23 +0200] "GET /redesign/img/bg_foot.gif HTTP/1.1" 200 286 "http://www.prokommunal.com/" "Mozilla/4.0 (compatible; MSIE 8.0; Windows NT 5.2; Trident/4.0; .NET CLR 1.1.4322; .NET CLR 2.0.50727; .NET CLR 3.0.4506.2152; .NET CLR 3.5.30729; .NET4.0C; .NET4.0E; InfoPath.3)"
62.154.206.84 - - [08/Sep/2014:07:18:23 +0200] "GET /img/head01.jpg HTTP/1.1" 200 6350 "http://www.prokommunal.com/" "Mozilla/4.0 (compatible; MSIE 8.0; Windows NT 5.2; Trident/4.0; .NET CLR 1.1.4322; .NET CLR 2.0.50727; .NET CLR 3.0.4506.2152; .NET CLR 3.5.30729; .NET4.0C; .NET4.0E; InfoPath.3)"
62.154.206.84 - - [08/Sep/2014:07:18:23 +0200] "GET /img/head03.jpg HTTP/1.1" 200 7610 "http://www.prokommunal.com/" "Mozilla/4.0 (compatible; MSIE 8.0; Windows NT 5.2; Trident/4.0; .NET CLR 1.1.4322; .NET CLR 2.0.50727; .NET CLR 3.0.4506.2152; .NET CLR 3.5.30729; .NET4.0C; .NET4.0E; InfoPath.3)"
62.154.206.84 - - [08/Sep/2014:07:18:23 +0200] "GET /favicon.ico HTTP/1.1" 200 894 "-" "Mozilla/4.0 (compatible; MSIE 8.0; Windows NT 5.2; Trident/4.0; .NET CLR 1.1.4322; .NET CLR 2.0.50727; .NET CLR 3.0.4506.2152; .NET CLR 3.5.30729; .NET4.0C; .NET4.0E; InfoPath.3)"
62.154.206.84 - - [08/Sep/2014:07:18:27 +0200] "GET /seiten/impr.htm HTTP/1.1" 200 8696 "http://www.prokommunal.com/" "Mozilla/4.0 (compatible; MSIE 8.0; Windows NT 5.2; Trident/4.0; .NET CLR 1.1.4322; .NET CLR 2.0.50727; .NET CLR 3.0.4506.2152; .NET CLR 3.5.30729; .NET4.0C; .NET4.0E; InfoPath.3)"
62.154.206.84 - - [08/Sep/2014:07:18:27 +0200] "GET /img/top.gif HTTP/1.1" 200 96 "http://www.prokommunal.com/seiten/impr.htm" "Mozilla/4.0 (compatible; MSIE 8.0; Windows NT 5.2; Trident/4.0; .NET CLR 1.1.4322; .NET CLR 2.0.50727; .NET CLR 3.0.4506.2152; .NET CLR 3.5.30729; .NET4.0C; .NET4.0E; InfoPath.3)"
62.154.206.84 - - [08/Sep/2014:07:18:27 +0200] "GET /img/men_01.jpg HTTP/1.1" 200 713 "http://www.prokommunal.com/seiten/impr.htm" "Mozilla/4.0 (compatible; MSIE 8.0; Windows NT 5.2; Trident/4.0; .NET CLR 1.1.4322; .NET CLR 2.0.50727; .NET CLR 3.0.4506.2152; .NET CLR 3.5.30729; .NET4.0C; .NET4.0E; InfoPath.3)"
220.181.51.105 - - [08/Sep/2014:07:49:54 +0200] "GET / HTTP/1.1" 200 7903 "-" "Mozilla/5.0 (Windows NT 5.1; rv:6.0.2) Gecko/20100101 Firefox/6.0.2"
80.190.97.186 - - [08/Sep/2014:08:30:04 +0200] "GET / HTTP/1.1" 200 7903 "-" "Mozilla/5.0 (X11; U; FreeBSD i386; en-US; rv:1.9.1.12) Gecko/20100912 Firefox/3.5.12"
213.206.191.98 - - [08/Sep/2014:08:54:47 +0200] "GET /gast-fsw/da2_nw.zip HTTP/1.0" 200 5775630 "-" "Mozilla/4.0 (compatible; MSIE 8.0; Windows NT 5.1; Trident/4.0; .NET CLR 2.0.50727; .NET CLR 3.0.4506.2152; .NET CLR 3.5.30729; .NET4.0C; .NET4.0E)"
81.0.199.226 - - [08/Sep/2014:08:57:22 +0200] "GET / HTTP/1.1" 200 7903 "-" "Mozilla/5.0 (Macintosh; Intel Mac OS X 10.7; rv:22.0) Gecko/20100101 Firefox/22.0"
208.115.111.72 - - [08/Sep/2014:08:57:58 +0200] "GET /seiten/kontakt.php HTTP/1.1" 200 12788 "-" "Mozilla/5.0 (compatible; DotBot/1.1; http://www.opensiteexplorer.org/dotbot, help@moz.com)"
123.125.71.32 - - [08/Sep/2014:09:43:50 +0200] "GET / HTTP/1.1" 200 7903 "-" "Mozilla/5.0 (compatible; Baiduspider/2.0; +http://www.baidu.com/search/spider.html)"
220.181.108.87 - - [08/Sep/2014:09:43:50 +0200] "GET / HTTP/1.1" 200 7903 "-" "Mozilla/5.0 (compatible; Baiduspider/2.0; +http://www.baidu.com/search/spider.html)"
95.91.201.159 - - [08/Sep/2014:09:54:58 +0200] "GET /css/style.css HTTP/1.1" 200 3549 "http://www.prokommunal.com/seiten/referenzen.htm" "Mozilla/5.0 (Linux; U; Android 4.3; de-de; GT-I9300 Build/JSS15J) AppleWebKit/534.30 (KHTML, like Gecko) Version/4.0 Mobile Safari/534.30"
95.91.201.159 - - [08/Sep/2014:09:54:58 +0200] "GET /scripte/basics.js HTTP/1.1" 200 198 "http://www.prokommunal.com/seiten/referenzen.htm" "Mozilla/5.0 (Linux; U; Android 4.3; de-de; GT-I9300 Build/JSS15J) AppleWebKit/534.30 (KHTML, like Gecko) Version/4.0 Mobile Safari/534.30"
95.91.201.159 - - [08/Sep/2014:09:54:58 +0200] "GET /seiten/referenzen.htm HTTP/1.1" 200 40565 "http://www.google.de/url?sa=t&source=web&cd=6&ved=0CCkQFjAF&url=http%3A%2F%2Fwww.prokommunal.com%2Fseiten%2Freferenzen.htm&rct=j&q=bremen%20f%C3%BChrerscheinstelle%20herr%20klein&ei=TGANVPmjGK_y7Ab5nYGYBw&usg=AFQjCNFkgiXA2K-qnpOChU4qjRkFaABzmg&bvm=bv.74649129,d.ZGU" "Mozilla/5.0 (Linux; U; Android 4.3; de-de; GT-I9300 Build/JSS15J) AppleWebKit/534.30 (KHTML, like Gecko) Version/4.0 Mobile Safari/534.30"
95.91.201.159 - - [08/Sep/2014:09:54:58 +0200] "GET /img/head02.jpg HTTP/1.1" 200 4929 "http://www.prokommunal.com/seiten/referenzen.htm" "Mozilla/5.0 (Linux; U; Android 4.3; de-de; GT-I9300 Build/JSS15J) AppleWebKit/534.30 (KHTML, like Gecko) Version/4.0 Mobile Safari/534.30"
95.91.201.159 - - [08/Sep/2014:09:54:58 +0200] "GET /img/head01.jpg HTTP/1.1" 200 6350 "http://www.prokommunal.com/seiten/referenzen.htm" "Mozilla/5.0 (Linux; U; Android 4.3; de-de; GT-I9300 Build/JSS15J) AppleWebKit/534.30 (KHTML, like Gecko) Version/4.0 Mobile Safari/534.30"
95.91.201.159 - - [08/Sep/2014:09:54:58 +0200] "GET /img/head03.jpg HTTP/1.1" 200 7610 "http://www.prokommunal.com/seiten/referenzen.htm" "Mozilla/5.0 (Linux; U; Android 4.3; de-de; GT-I9300 Build/JSS15J) AppleWebKit/534.30 (KHTML, like Gecko) Version/4.0 Mobile Safari/534.30"
95.91.201.159 - - [08/Sep/2014:09:54:58 +0200] "GET /redesign/img/bg_gelb.jpg HTTP/1.1" 200 368 "http://www.prokommunal.com/seiten/referenzen.htm" "Mozilla/5.0 (Linux; U; Android 4.3; de-de; GT-I9300 Build/JSS15J) AppleWebKit/534.30 (KHTML, like Gecko) Version/4.0 Mobile Safari/534.30"
