208.115.111.68 - - [01/Sep/2014:00:25:19 +0200] "GET /seiten/impr.htm HTTP/1.1" 200 8696 "-" "Mozilla/5.0 (compatible; DotBot/1.1; http://www.opensiteexplorer.org/dotbot, help@moz.com)"
123.125.71.39 - - [01/Sep/2014:00:33:34 +0200] "GET / HTTP/1.1" 200 7903 "-" "Mozilla/5.0 (compatible; Baiduspider/2.0; +http://www.baidu.com/search/spider.html)"
220.181.108.108 - - [01/Sep/2014:00:33:34 +0200] "GET / HTTP/1.1" 200 7903 "-" "Mozilla/5.0 (compatible; Baiduspider/2.0; +http://www.baidu.com/search/spider.html)"
66.249.78.252 - - [01/Sep/2014:00:36:52 +0200] "GET /seiten/referenzen.htm HTTP/1.1" 304 - "-" "Mozilla/5.0 (compatible; Googlebot/2.1; +http://www.google.com/bot.html)"
208.115.113.84 - - [01/Sep/2014:00:36:52 +0200] "GET /robots.txt HTTP/1.1" 404 1256 "-" "Mozilla/5.0 (compatible; DotBot/1.1; http://www.opensiteexplorer.org/dotbot, help@moz.com)"
141.8.147.12 - - [01/Sep/2014:01:21:31 +0200] "GET / HTTP/1.1" 200 7903 "-" "Mozilla/5.0 (compatible; YandexBot/3.0; +http://yandex.com/bots)"
66.249.78.4 - - [01/Sep/2014:01:29:39 +0200] "GET / HTTP/1.1" 200 7903 "-" "Mozilla/5.0 (compatible; Googlebot/2.1; +http://www.google.com/bot.html)"
208.115.113.84 - - [01/Sep/2014:02:26:30 +0200] "GET /seiten/produkte.htm HTTP/1.1" 200 9105 "-" "Mozilla/5.0 (compatible; DotBot/1.1; http://www.opensiteexplorer.org/dotbot, help@moz.com)"
46.29.20.219 - - [01/Sep/2014:02:34:44 +0200] "HEAD / HTTP/1.1" 200 - "-" "Mozilla/4.0 (compatible; MSIE 5.01; Windows NT 5.0)"
66.249.78.4 - - [01/Sep/2014:02:50:41 +0200] "GET /seiten/service.htm HTTP/1.1" 304 - "-" "Mozilla/5.0 (compatible; Googlebot/2.1; +http://www.google.com/bot.html)"
157.55.39.114 - - [01/Sep/2014:03:03:16 +0200] "GET / HTTP/1.1" 200 7903 "-" "Mozilla/5.0 (compatible; bingbot/2.0; +http://www.bing.com/bingbot.htm)"
66.249.78.252 - - [01/Sep/2014:03:33:36 +0200] "GET /css/style.css HTTP/1.1" 200 3549 "-" "Mozilla/5.0 (compatible; Googlebot/2.1; +http://www.google.com/bot.html)"
66.249.78.247 - - [01/Sep/2014:03:33:37 +0200] "GET /scripte/basics.js HTTP/1.1" 200 198 "-" "Mozilla/5.0 (compatible; Googlebot/2.1; +http://www.google.com/bot.html)"
157.55.39.114 - - [01/Sep/2014:05:37:02 +0200] "GET / HTTP/1.1" 200 7903 "-" "Mozilla/5.0 (compatible; bingbot/2.0; +http://www.bing.com/bingbot.htm)"
66.249.78.252 - - [01/Sep/2014:06:29:39 +0200] "GET /robots.txt HTTP/1.1" 404 1256 "-" "Mozilla/5.0 (compatible; Googlebot/2.1; +http://www.google.com/bot.html)"
66.249.78.4 - - [01/Sep/2014:06:29:39 +0200] "GET /seiten/referenzen.htm HTTP/1.1" 304 - "-" "Mozilla/5.0 (compatible; Googlebot/2.1; +http://www.google.com/bot.html)"
66.249.78.252 - - [01/Sep/2014:07:02:38 +0200] "GET / HTTP/1.1" 200 7903 "-" "Mozilla/5.0 (compatible; Googlebot/2.1; +http://www.google.com/bot.html)"
80.190.97.186 - - [01/Sep/2014:07:27:48 +0200] "GET / HTTP/1.1" 200 7903 "-" "Mozilla/5.0 (X11; U; FreeBSD i386; en-US; rv:1.9.1.12) Gecko/20100912 Firefox/3.5.12"
66.249.78.252 - - [01/Sep/2014:07:42:47 +0200] "GET /seiten/fsw.htm HTTP/1.1" 304 - "-" "Mozilla/5.0 (compatible; Googlebot/2.1; +http://www.google.com/bot.html)"
66.249.78.252 - - [01/Sep/2014:08:04:32 +0200] "GET /seiten/service.htm HTTP/1.1" 304 - "-" "Mozilla/5.0 (compatible; Googlebot/2.1; +http://www.google.com/bot.html)"
157.55.39.11 - - [01/Sep/2014:08:05:24 +0200] "GET /robots.txt HTTP/1.1" 404 1256 "-" "Mozilla/5.0 (compatible; bingbot/2.0; +http://www.bing.com/bingbot.htm)"
157.55.39.11 - - [01/Sep/2014:08:05:26 +0200] "GET /seiten/kontroll.htm HTTP/1.1" 200 6599 "-" "Mozilla/5.0 (compatible; bingbot/2.0; +http://www.bing.com/bingbot.htm)"
64.246.165.10 - - [01/Sep/2014:08:20:06 +0200] "GET /robots.txt HTTP/1.0" 404 1256 "-" "Mozilla/5.0 (Windows; U; Windows NT 5.1; en; rv:1.9.0.13) Gecko/2009073022 Firefox/3.5.2 (.NET CLR 3.5.30729) SurveyBot/2.3 (DomainTools)"
64.246.165.10 - - [01/Sep/2014:08:20:06 +0200] "GET / HTTP/1.1" 200 7903 "http://whois.domaintools.com/prokommunal-berlin.de" "Mozilla/5.0 (Windows; U; Windows NT 5.1; en; rv:1.9.0.13) Gecko/2009073022 Firefox/3.5.2 (.NET CLR 3.5.30729) SurveyBot/2.3 (DomainTools)"
216.145.17.190 - - [01/Sep/2014:08:45:34 +0200] "GET /robots.txt HTTP/1.0" 404 1256 "-" "Mozilla/5.0 (Windows; U; Windows NT 5.1; en; rv:1.9.0.13) Gecko/2009073022 Firefox/3.5.2 (.NET CLR 3.5.30729) SurveyBot/2.3 (DomainTools)"
216.145.17.190 - - [01/Sep/2014:08:45:34 +0200] "GET / HTTP/1.1" 200 7903 "http://whois.domaintools.com/prokommunal.com" "Mozilla/5.0 (Windows; U; Windows NT 5.1; en; rv:1.9.0.13) Gecko/2009073022 Firefox/3.5.2 (.NET CLR 3.5.30729) SurveyBot/2.3 (DomainTools)"
207.46.13.76 - - [01/Sep/2014:08:55:14 +0200] "GET /robots.txt HTTP/1.1" 404 1256 "-" "Mozilla/5.0 (compatible; bingbot/2.0; +http://www.bing.com/bingbot.htm)"
207.46.13.76 - - [01/Sep/2014:08:55:20 +0200] "GET /seiten/partner.htm HTTP/1.1" 304 - "-" "Mozilla/5.0 (compatible; bingbot/2.0; +http://www.bing.com/bingbot.htm)"
208.115.113.87 - - [01/Sep/2014:09:20:00 +0200] "GET /robots.txt HTTP/1.1" 404 1256 "-" "Mozilla/5.0 (compatible; DotBot/1.1; http://www.opensiteexplorer.org/dotbot, help@moz.com)"
66.249.78.4 - - [01/Sep/2014:09:31:49 +0200] "GET /seiten/produkte.htm HTTP/1.1" 304 - "-" "Mozilla/5.0 (compatible; Googlebot/2.1; +http://www.google.com/bot.html)"
80.190.97.186 - - [01/Sep/2014:10:14:35 +0200] "GET / HTTP/1.1" 200 7903 "-" "Mozilla/5.0 (X11; U; FreeBSD i386; en-US; rv:1.9.1.12) Gecko/20100912 Firefox/3.5.12"
208.115.113.87 - - [01/Sep/2014:10:40:58 +0200] "GET /seiten/kontroll.htm HTTP/1.1" 200 6599 "-" "Mozilla/5.0 (compatible; DotBot/1.1; http://www.opensiteexplorer.org/dotbot, help@moz.com)"
78.46.161.103 - - [01/Sep/2014:11:12:59 +0200] "GET /robots.txt HTTP/1.1" 404 1256 "-" "Mozilla/5.0 (compatible; SearchmetricsBot; http://www.searchmetrics.com/en/searchmetrics-bot/)"
78.46.161.103 - - [01/Sep/2014:11:12:59 +0200] "GET / HTTP/1.1" 200 7903 "-" "Mozilla/5.0 (compatible; SearchmetricsBot; http://www.searchmetrics.com/en/searchmetrics-bot/)"
78.46.161.103 - - [01/Sep/2014:11:12:59 +0200] "GET /seiten/service.htm HTTP/1.1" 200 9248 "-" "Mozilla/5.0 (compatible; SearchmetricsBot; http://www.searchmetrics.com/en/searchmetrics-bot/)"
78.46.161.103 - - [01/Sep/2014:11:12:59 +0200] "GET /seiten/impr.htm HTTP/1.1" 200 8696 "-" "Mozilla/5.0 (compatible; SearchmetricsBot; http://www.searchmetrics.com/en/searchmetrics-bot/)"
78.46.161.103 - - [01/Sep/2014:11:13:00 +0200] "GET /seiten/databund.html HTTP/1.1" 200 9125 "-" "Mozilla/5.0 (compatible; SearchmetricsBot; http://www.searchmetrics.com/en/searchmetrics-bot/)"
78.46.161.103 - - [01/Sep/2014:11:13:00 +0200] "GET /seiten/partner.htm HTTP/1.1" 200 9458 "-" "Mozilla/5.0 (compatible; SearchmetricsBot; http://www.searchmetrics.com/en/searchmetrics-bot/)"
78.46.161.103 - - [01/Sep/2014:11:13:00 +0200] "GET /seiten/kontakt.php HTTP/1.1" 200 12788 "-" "Mozilla/5.0 (compatible; SearchmetricsBot; http://www.searchmetrics.com/en/searchmetrics-bot/)"
78.46.161.103 - - [01/Sep/2014:11:13:00 +0200] "GET /seiten/referenzen.htm HTTP/1.1" 200 40565 "-" "Mozilla/5.0 (compatible; SearchmetricsBot; http://www.searchmetrics.com/en/searchmetrics-bot/)"
78.46.161.103 - - [01/Sep/2014:11:13:00 +0200] "GET /seiten/produkte.htm HTTP/1.1" 200 9105 "-" "Mozilla/5.0 (compatible; SearchmetricsBot; http://www.searchmetrics.com/en/searchmetrics-bot/)"
66.249.78.247 - - [01/Sep/2014:11:25:16 +0200] "GET /seiten/kraftverkehr.htm HTTP/1.1" 304 - "-" "Mozilla/5.0 (compatible; Googlebot/2.1; +http://www.google.com/bot.html)"
86.109.249.169 - - [01/Sep/2014:11:41:36 +0200] "GET /robots.txt HTTP/1.1" 404 1256 "-" "it2media-domain-crawler/1.0 on crawler-prod.it2media.de"
86.109.249.169 - - [01/Sep/2014:11:41:38 +0200] "GET / HTTP/1.1" 200 7903 "-" "it2media-domain-crawler/1.0 on crawler-prod.it2media.de"
86.109.249.169 - - [01/Sep/2014:11:41:40 +0200] "GET /seiten/referenzen.htm HTTP/1.1" 200 40565 "-" "it2media-domain-crawler/1.0 on crawler-prod.it2media.de"
86.109.249.169 - - [01/Sep/2014:11:41:42 +0200] "GET /seiten/kontakt.php HTTP/1.1" 200 12788 "-" "it2media-domain-crawler/1.0 on crawler-prod.it2media.de"
86.109.249.169 - - [01/Sep/2014:11:41:44 +0200] "GET /seiten/service.htm HTTP/1.1" 200 9248 "-" "it2media-domain-crawler/1.0 on crawler-prod.it2media.de"
86.109.249.169 - - [01/Sep/2014:11:41:46 +0200] "GET /seiten/impr.htm HTTP/1.1" 200 8696 "-" "it2media-domain-crawler/1.0 on crawler-prod.it2media.de"
86.109.249.169 - - [01/Sep/2014:11:41:49 +0200] "GET /seiten/produkte.htm HTTP/1.1" 200 9105 "-" "it2media-domain-crawler/1.0 on crawler-prod.it2media.de"
86.109.249.169 - - [01/Sep/2014:11:41:56 +0200] "GET /seiten/databund.html HTTP/1.1" 200 9125 "-" "it2media-domain-crawler/1.0 on crawler-prod.it2media.de"
86.109.249.169 - - [01/Sep/2014:11:42:23 +0200] "GET /seiten/kontroll.htm HTTP/1.1" 200 6599 "-" "it2media-domain-crawler/1.0 on crawler-prod.it2media.de"
86.109.249.169 - - [01/Sep/2014:11:42:30 +0200] "GET /seiten/fsw.htm HTTP/1.1" 200 9961 "-" "it2media-domain-crawler/1.0 on crawler-prod.it2media.de"
86.109.249.169 - - [01/Sep/2014:11:42:33 +0200] "GET /seiten/fahrlehrerwesen.htm HTTP/1.1" 200 7168 "-" "it2media-domain-crawler/1.0 on crawler-prod.it2media.de"
37.59.28.87 - - [01/Sep/2014:12:26:51 +0200] "GET / HTTP/1.1" 200 7903 "-" "Mozilla/5.0 (Windows NT 6.1; Win64; x64; rv:25.0) Gecko/20100101 Firefox/25.0)"
37.59.28.87 - - [01/Sep/2014:12:26:51 +0200] "GET / HTTP/1.1" 200 7903 "-" "Mozilla/5.0 (Windows NT 6.1; Win64; x64; rv:25.0) Gecko/20100101 Firefox/25.0)"
216.107.155.114 - - [01/Sep/2014:12:40:15 +0200] "GET /robots.txt HTTP/1.0" 404 1256 "-" "Mozilla/5.0 (compatible; MJ12bot/v1.4.5; http://www.majestic12.co.uk/bot.php?+)"
216.107.155.114 - - [01/Sep/2014:12:40:16 +0200] "GET / HTTP/1.0" 200 7903 "-" "Mozilla/5.0 (compatible; MJ12bot/v1.4.5; http://www.majestic12.co.uk/bot.php?+)"
144.76.155.8 - - [01/Sep/2014:13:04:46 +0200] "GET /seiten/databund.html HTTP/1.1" 200 9125 "-" "Mozilla/5.0 (Windows NT 6.1; rv:12.0) Gecko/20120403211507 Firefox/12.0"
148.251.69.136 - - [01/Sep/2014:13:05:00 +0200] "GET /seiten/databund.html HTTP/1.1" 200 9125 "-" "Mozilla/5.0 (Windows NT 6.1; WOW64; rv:21.0) Gecko/20130331 Firefox/21.0"
66.249.78.252 - - [01/Sep/2014:13:15:37 +0200] "GET / HTTP/1.1" 200 7903 "-" "Mozilla/5.0 (compatible; Googlebot/2.1; +http://www.google.com/bot.html)"
141.15.28.176 - - [01/Sep/2014:13:32:22 +0200] "GET / HTTP/1.1" 200 7903 "http://www.speed-intraproc.com/partner.html" "Mozilla/5.0 (Windows NT 5.1; rv:24.0) Gecko/20100101 Firefox/24.0"
141.15.28.176 - - [01/Sep/2014:13:32:22 +0200] "GET /scripte/basics.js HTTP/1.1" 304 - "http://www.prokommunal.com/" "Mozilla/5.0 (Windows NT 5.1; rv:24.0) Gecko/20100101 Firefox/24.0"
141.15.28.176 - - [01/Sep/2014:13:32:22 +0200] "GET /favicon.ico HTTP/1.1" 200 894 "-" "Mozilla/5.0 (Windows NT 5.1; rv:24.0) Gecko/20100101 Firefox/24.0"
141.15.28.176 - - [01/Sep/2014:13:32:22 +0200] "GET /css/style.css HTTP/1.1" 200 3549 "http://www.prokommunal.com/" "Mozilla/5.0 (Windows NT 5.1; rv:24.0) Gecko/20100101 Firefox/24.0"
141.15.28.176 - - [01/Sep/2014:13:32:22 +0200] "GET /img/head02.jpg HTTP/1.1" 200 4929 "http://www.prokommunal.com/" "Mozilla/5.0 (Windows NT 5.1; rv:24.0) Gecko/20100101 Firefox/24.0"
141.15.28.176 - - [01/Sep/2014:13:32:22 +0200] "GET /img/head01.jpg HTTP/1.1" 200 6350 "http://www.prokommunal.com/" "Mozilla/5.0 (Windows NT 5.1; rv:24.0) Gecko/20100101 Firefox/24.0"
141.15.28.176 - - [01/Sep/2014:13:32:22 +0200] "GET /img/head03.jpg HTTP/1.1" 200 7610 "http://www.prokommunal.com/" "Mozilla/5.0 (Windows NT 5.1; rv:24.0) Gecko/20100101 Firefox/24.0"
141.15.28.176 - - [01/Sep/2014:13:32:22 +0200] "GET /redesign/img/bg_foot.gif HTTP/1.1" 200 286 "http://www.prokommunal.com/css/style.css" "Mozilla/5.0 (Windows NT 5.1; rv:24.0) Gecko/20100101 Firefox/24.0"
141.15.28.176 - - [01/Sep/2014:13:32:23 +0200] "GET /redesign/img/bg_gelb.jpg HTTP/1.1" 200 368 "http://www.prokommunal.com/css/style.css" "Mozilla/5.0 (Windows NT 5.1; rv:24.0) Gecko/20100101 Firefox/24.0"
141.15.28.176 - - [01/Sep/2014:13:32:25 +0200] "GET /seiten/impr.htm HTTP/1.1" 200 8696 "http://www.prokommunal.com/" "Mozilla/5.0 (Windows NT 5.1; rv:24.0) Gecko/20100101 Firefox/24.0"
141.15.28.176 - - [01/Sep/2014:13:32:25 +0200] "GET /img/top.gif HTTP/1.1" 200 96 "http://www.prokommunal.com/seiten/impr.htm" "Mozilla/5.0 (Windows NT 5.1; rv:24.0) Gecko/20100101 Firefox/24.0"
141.15.28.176 - - [01/Sep/2014:13:32:25 +0200] "GET /img/men_01.jpg HTTP/1.1" 304 - "http://www.prokommunal.com/seiten/impr.htm" "Mozilla/5.0 (Windows NT 5.1; rv:24.0) Gecko/20100101 Firefox/24.0"
68.180.225.37 - - [01/Sep/2014:14:10:28 +0200] "GET /robots.txt HTTP/1.1" 404 1256 "-" "Mozilla/5.0 (compatible; Yahoo! Slurp; http://help.yahoo.com/help/us/ysearch/slurp)"
68.180.225.37 - - [01/Sep/2014:14:10:28 +0200] "GET /seiten/fsw.htm HTTP/1.1" 200 9961 "-" "Mozilla/5.0 (compatible; Yahoo! Slurp; http://help.yahoo.com/help/us/ysearch/slurp)"
66.249.78.252 - - [01/Sep/2014:14:33:56 +0200] "GET /seiten/referenzen.htm HTTP/1.1" 304 - "-" "Mozilla/5.0 (compatible; Googlebot/2.1; +http://www.google.com/bot.html)"
141.15.28.176 - - [01/Sep/2014:14:36:04 +0200] "GET /seiten/referenzen.htm HTTP/1.1" 200 40565 "http://www.prokommunal.com/" "Mozilla/5.0 (Windows NT 5.1; rv:24.0) Gecko/20100101 Firefox/24.0"
5.9.49.41 - - [01/Sep/2014:14:56:53 +0200] "GET /robots.txt HTTP/1.1" 404 1256 "-" "Python-urllib/2.7"
5.9.49.41 - - [01/Sep/2014:14:56:54 +0200] "GET / HTTP/1.1" 200 7903 "-" "Mozilla/5.0 (Windows NT 6.1; WOW64) AppleWebKit/537.4 (KHTML, like Gecko) Chrome/22.0.1229.94 Safari/537.4"
5.9.49.41 - - [01/Sep/2014:14:56:54 +0200] "GET /scripte/basics.js HTTP/1.1" 200 198 "http://www.prokommunal.com/" "Mozilla/5.0 (Windows NT 6.1; WOW64) AppleWebKit/537.4 (KHTML, like Gecko) Chrome/22.0.1229.94 Safari/537.4"
5.9.49.41 - - [01/Sep/2014:14:56:54 +0200] "GET /css/style.css HTTP/1.1" 200 3549 "http://www.prokommunal.com/" "Mozilla/5.0 (Windows NT 6.1; WOW64) AppleWebKit/537.4 (KHTML, like Gecko) Chrome/22.0.1229.94 Safari/537.4"
5.9.49.41 - - [01/Sep/2014:14:56:54 +0200] "GET /img/head01.jpg HTTP/1.1" 200 6350 "http://www.prokommunal.com/" "Mozilla/5.0 (Windows NT 6.1; WOW64) AppleWebKit/537.4 (KHTML, like Gecko) Chrome/22.0.1229.94 Safari/537.4"
5.9.49.41 - - [01/Sep/2014:14:56:54 +0200] "GET /img/head03.jpg HTTP/1.1" 200 7610 "http://www.prokommunal.com/" "Mozilla/5.0 (Windows NT 6.1; WOW64) AppleWebKit/537.4 (KHTML, like Gecko) Chrome/22.0.1229.94 Safari/537.4"
5.9.49.41 - - [01/Sep/2014:14:56:54 +0200] "GET /img/head02.jpg HTTP/1.1" 200 4929 "http://www.prokommunal.com/" "Mozilla/5.0 (Windows NT 6.1; WOW64) AppleWebKit/537.4 (KHTML, like Gecko) Chrome/22.0.1229.94 Safari/537.4"
5.9.49.41 - - [01/Sep/2014:14:56:54 +0200] "GET /redesign/img/bg_gelb.jpg HTTP/1.1" 200 368 "http://www.prokommunal.com/" "Mozilla/5.0 (Windows NT 6.1; WOW64) AppleWebKit/537.4 (KHTML, like Gecko) Chrome/22.0.1229.94 Safari/537.4"
5.9.49.41 - - [01/Sep/2014:14:56:54 +0200] "GET /redesign/img/bg_foot.gif HTTP/1.1" 200 286 "http://www.prokommunal.com/" "Mozilla/5.0 (Windows NT 6.1; WOW64) AppleWebKit/537.4 (KHTML, like Gecko) Chrome/22.0.1229.94 Safari/537.4"
109.86.1.51 - - [01/Sep/2014:14:56:55 +0200] "GET / HTTP/1.1" 200 7903 "http://www.europages.co.uk/PROKOMMUNAL-SOFTWAREENTWICKLUNGS-UND-BERATUNGSGESELLSCHAFT-MBH/DEU336986-00101.html" "Mozilla/5.0 (Windows NT 6.1; WOW64) AppleWebKit/537.36 (KHTML, like Gecko) Chrome/33.0.1750.154 Safari/537.36"
109.86.1.51 - - [01/Sep/2014:14:56:55 +0200] "GET /img/head01.jpg HTTP/1.1" 200 6350 "http://www.prokommunal.com/" "Mozilla/5.0 (Windows NT 6.1; WOW64) AppleWebKit/537.36 (KHTML, like Gecko) Chrome/33.0.1750.154 Safari/537.36"
109.86.1.51 - - [01/Sep/2014:14:56:55 +0200] "GET /css/style.css HTTP/1.1" 200 3549 "http://www.prokommunal.com/" "Mozilla/5.0 (Windows NT 6.1; WOW64) AppleWebKit/537.36 (KHTML, like Gecko) Chrome/33.0.1750.154 Safari/537.36"
109.86.1.51 - - [01/Sep/2014:14:56:55 +0200] "GET /scripte/basics.js HTTP/1.1" 200 198 "http://www.prokommunal.com/" "Mozilla/5.0 (Windows NT 6.1; WOW64) AppleWebKit/537.36 (KHTML, like Gecko) Chrome/33.0.1750.154 Safari/537.36"
109.86.1.51 - - [01/Sep/2014:14:56:55 +0200] "GET /img/head02.jpg HTTP/1.1" 200 4929 "http://www.prokommunal.com/" "Mozilla/5.0 (Windows NT 6.1; WOW64) AppleWebKit/537.36 (KHTML, like Gecko) Chrome/33.0.1750.154 Safari/537.36"
109.86.1.51 - - [01/Sep/2014:14:56:55 +0200] "GET /img/head03.jpg HTTP/1.1" 200 7610 "http://www.prokommunal.com/" "Mozilla/5.0 (Windows NT 6.1; WOW64) AppleWebKit/537.36 (KHTML, like Gecko) Chrome/33.0.1750.154 Safari/537.36"
109.86.1.51 - - [01/Sep/2014:14:56:55 +0200] "GET /redesign/img/bg_gelb.jpg HTTP/1.1" 200 368 "http://www.prokommunal.com/" "Mozilla/5.0 (Windows NT 6.1; WOW64) AppleWebKit/537.36 (KHTML, like Gecko) Chrome/33.0.1750.154 Safari/537.36"
109.86.1.51 - - [01/Sep/2014:14:56:55 +0200] "GET /redesign/img/bg_foot.gif HTTP/1.1" 200 286 "http://www.prokommunal.com/" "Mozilla/5.0 (Windows NT 6.1; WOW64) AppleWebKit/537.36 (KHTML, like Gecko) Chrome/33.0.1750.154 Safari/537.36"
109.86.1.51 - - [01/Sep/2014:14:56:55 +0200] "GET /favicon.ico HTTP/1.1" 200 894 "-" "Mozilla/5.0 (Windows NT 6.1; WOW64) AppleWebKit/537.36 (KHTML, like Gecko) Chrome/33.0.1750.154 Safari/537.36"
109.86.1.51 - - [01/Sep/2014:14:57:29 +0200] "GET /seiten/produkte.htm HTTP/1.1" 200 9105 "http://www.prokommunal.com/" "Mozilla/5.0 (Windows NT 6.1; WOW64) AppleWebKit/537.36 (KHTML, like Gecko) Chrome/33.0.1750.154 Safari/537.36"
109.86.1.51 - - [01/Sep/2014:14:57:29 +0200] "GET /img/1px_tr.gif HTTP/1.1" 200 43 "http://www.prokommunal.com/seiten/produkte.htm" "Mozilla/5.0 (Windows NT 6.1; WOW64) AppleWebKit/537.36 (KHTML, like Gecko) Chrome/33.0.1750.154 Safari/537.36"
109.86.1.51 - - [01/Sep/2014:14:57:29 +0200] "GET /img/men_01.jpg HTTP/1.1" 200 713 "http://www.prokommunal.com/seiten/produkte.htm" "Mozilla/5.0 (Windows NT 6.1; WOW64) AppleWebKit/537.36 (KHTML, like Gecko) Chrome/33.0.1750.154 Safari/537.36"
109.86.1.51 - - [01/Sep/2014:14:57:29 +0200] "GET /img/top.gif HTTP/1.1" 200 96 "http://www.prokommunal.com/seiten/produkte.htm" "Mozilla/5.0 (Windows NT 6.1; WOW64) AppleWebKit/537.36 (KHTML, like Gecko) Chrome/33.0.1750.154 Safari/537.36"
109.86.1.51 - - [01/Sep/2014:14:57:53 +0200] "GET /seiten/fahrlehrerwesen.htm HTTP/1.1" 200 7168 "http://www.prokommunal.com/seiten/produkte.htm" "Mozilla/5.0 (Windows NT 6.1; WOW64) AppleWebKit/537.36 (KHTML, like Gecko) Chrome/33.0.1750.154 Safari/537.36"
109.86.1.51 - - [01/Sep/2014:14:57:56 +0200] "GET /seiten/fsw.htm HTTP/1.1" 200 9961 "http://www.prokommunal.com/seiten/fahrlehrerwesen.htm" "Mozilla/5.0 (Windows NT 6.1; WOW64) AppleWebKit/537.36 (KHTML, like Gecko) Chrome/33.0.1750.154 Safari/537.36"
109.86.1.51 - - [01/Sep/2014:14:57:56 +0200] "GET /img/fsw.jpg HTTP/1.1" 200 10878 "http://www.prokommunal.com/seiten/fsw.htm" "Mozilla/5.0 (Windows NT 6.1; WOW64) AppleWebKit/537.36 (KHTML, like Gecko) Chrome/33.0.1750.154 Safari/537.36"
109.86.1.51 - - [01/Sep/2014:14:58:01 +0200] "GET /seiten/service.htm HTTP/1.1" 200 9248 "http://www.prokommunal.com/seiten/fsw.htm" "Mozilla/5.0 (Windows NT 6.1; WOW64) AppleWebKit/537.36 (KHTML, like Gecko) Chrome/33.0.1750.154 Safari/537.36"
109.86.1.51 - - [01/Sep/2014:14:58:01 +0200] "GET /redesign/img/term.jpg HTTP/1.1" 200 498 "http://www.prokommunal.com/seiten/service.htm" "Mozilla/5.0 (Windows NT 6.1; WOW64) AppleWebKit/537.36 (KHTML, like Gecko) Chrome/33.0.1750.154 Safari/537.36"
217.76.102.18 - - [01/Sep/2014:15:11:23 +0200] "GET /gast-fsw/fsw_v53e1_1024.zip HTTP/1.1" 200 1197636 "-" "Mozilla/4.0 (compatible; MSIE 8.0; Windows NT 5.1; Trident/4.0; .NET CLR 2.0.50727; .NET CLR 3.0.4506.2152; .NET CLR 3.5.30729; InfoPath.1; .NET4.0C; .NET4.0E)"
217.76.102.18 - - [01/Sep/2014:15:11:40 +0200] "GET /gast-fsw/fsw_v53e1_1024.zip HTTP/1.1" 206 968637 "-" "Mozilla/4.0 (compatible; MSIE 8.0; Windows NT 5.1; Trident/4.0; .NET CLR 2.0.50727; .NET CLR 3.0.4506.2152; .NET CLR 3.5.30729; InfoPath.1; .NET4.0C; .NET4.0E)"
62.154.206.84 - - [01/Sep/2014:15:32:35 +0200] "GET / HTTP/1.1" 200 7903 "http://www.bing.com/search?q=prokommunal+berlin&qs=AS&sk=AS1&pq=prokomm&sc=8-7&sp=2&cvid=fded5af7b6914b3f9a33cb01452dffbe&FORM=QBLH" "Mozilla/4.0 (compatible; MSIE 8.0; Windows NT 5.2; Trident/4.0; .NET CLR 1.1.4322; .NET CLR 2.0.50727; .NET CLR 3.0.4506.2152; .NET CLR 3.5.30729; .NET4.0C; .NET4.0E; InfoPath.3)"
62.154.206.84 - - [01/Sep/2014:15:32:35 +0200] "GET /css/style.css HTTP/1.1" 200 3549 "http://www.prokommunal.com/" "Mozilla/4.0 (compatible; MSIE 8.0; Windows NT 5.2; Trident/4.0; .NET CLR 1.1.4322; .NET CLR 2.0.50727; .NET CLR 3.0.4506.2152; .NET CLR 3.5.30729; .NET4.0C; .NET4.0E; InfoPath.3)"
62.154.206.84 - - [01/Sep/2014:15:32:35 +0200] "GET /scripte/basics.js HTTP/1.1" 200 198 "http://www.prokommunal.com/" "Mozilla/4.0 (compatible; MSIE 8.0; Windows NT 5.2; Trident/4.0; .NET CLR 1.1.4322; .NET CLR 2.0.50727; .NET CLR 3.0.4506.2152; .NET CLR 3.5.30729; .NET4.0C; .NET4.0E; InfoPath.3)"
62.154.206.84 - - [01/Sep/2014:15:32:35 +0200] "GET /redesign/img/bg_gelb.jpg HTTP/1.1" 200 368 "http://www.prokommunal.com/" "Mozilla/4.0 (compatible; MSIE 8.0; Windows NT 5.2; Trident/4.0; .NET CLR 1.1.4322; .NET CLR 2.0.50727; .NET CLR 3.0.4506.2152; .NET CLR 3.5.30729; .NET4.0C; .NET4.0E; InfoPath.3)"
62.154.206.84 - - [01/Sep/2014:15:32:35 +0200] "GET /img/head03.jpg HTTP/1.1" 200 7610 "http://www.prokommunal.com/" "Mozilla/4.0 (compatible; MSIE 8.0; Windows NT 5.2; Trident/4.0; .NET CLR 1.1.4322; .NET CLR 2.0.50727; .NET CLR 3.0.4506.2152; .NET CLR 3.5.30729; .NET4.0C; .NET4.0E; InfoPath.3)"
62.154.206.84 - - [01/Sep/2014:15:32:35 +0200] "GET /img/head01.jpg HTTP/1.1" 200 6350 "http://www.prokommunal.com/" "Mozilla/4.0 (compatible; MSIE 8.0; Windows NT 5.2; Trident/4.0; .NET CLR 1.1.4322; .NET CLR 2.0.50727; .NET CLR 3.0.4506.2152; .NET CLR 3.5.30729; .NET4.0C; .NET4.0E; InfoPath.3)"
62.154.206.84 - - [01/Sep/2014:15:32:35 +0200] "GET /img/head02.jpg HTTP/1.1" 200 4929 "http://www.prokommunal.com/" "Mozilla/4.0 (compatible; MSIE 8.0; Windows NT 5.2; Trident/4.0; .NET CLR 1.1.4322; .NET CLR 2.0.50727; .NET CLR 3.0.4506.2152; .NET CLR 3.5.30729; .NET4.0C; .NET4.0E; InfoPath.3)"
62.154.206.84 - - [01/Sep/2014:15:32:35 +0200] "GET /redesign/img/bg_foot.gif HTTP/1.1" 200 286 "http://www.prokommunal.com/" "Mozilla/4.0 (compatible; MSIE 8.0; Windows NT 5.2; Trident/4.0; .NET CLR 1.1.4322; .NET CLR 2.0.50727; .NET CLR 3.0.4506.2152; .NET CLR 3.5.30729; .NET4.0C; .NET4.0E; InfoPath.3)"
62.154.206.84 - - [01/Sep/2014:15:32:35 +0200] "GET /favicon.ico HTTP/1.1" 200 894 "-" "Mozilla/4.0 (compatible; MSIE 8.0; Windows NT 5.2; Trident/4.0; .NET CLR 1.1.4322; .NET CLR 2.0.50727; .NET CLR 3.0.4506.2152; .NET CLR 3.5.30729; .NET4.0C; .NET4.0E; InfoPath.3)"
62.154.206.84 - - [01/Sep/2014:15:32:40 +0200] "GET /seiten/kontakt.php HTTP/1.1" 200 12788 "http://www.prokommunal.com/" "Mozilla/4.0 (compatible; MSIE 8.0; Windows NT 5.2; Trident/4.0; .NET CLR 1.1.4322; .NET CLR 2.0.50727; .NET CLR 3.0.4506.2152; .NET CLR 3.5.30729; .NET4.0C; .NET4.0E; InfoPath.3)"
62.154.206.84 - - [01/Sep/2014:15:32:40 +0200] "GET /img/men_01.jpg HTTP/1.1" 200 713 "http://www.prokommunal.com/seiten/kontakt.php" "Mozilla/4.0 (compatible; MSIE 8.0; Windows NT 5.2; Trident/4.0; .NET CLR 1.1.4322; .NET CLR 2.0.50727; .NET CLR 3.0.4506.2152; .NET CLR 3.5.30729; .NET4.0C; .NET4.0E; InfoPath.3)"
62.154.206.84 - - [01/Sep/2014:15:32:40 +0200] "GET /img/top.gif HTTP/1.1" 200 96 "http://www.prokommunal.com/seiten/kontakt.php" "Mozilla/4.0 (compatible; MSIE 8.0; Windows NT 5.2; Trident/4.0; .NET CLR 1.1.4322; .NET CLR 2.0.50727; .NET CLR 3.0.4506.2152; .NET CLR 3.5.30729; .NET4.0C; .NET4.0E; InfoPath.3)"
62.154.206.84 - - [01/Sep/2014:15:32:40 +0200] "GET /img/1px_tr.gif HTTP/1.1" 200 43 "http://www.prokommunal.com/seiten/kontakt.php" "Mozilla/4.0 (compatible; MSIE 8.0; Windows NT 5.2; Trident/4.0; .NET CLR 1.1.4322; .NET CLR 2.0.50727; .NET CLR 3.0.4506.2152; .NET CLR 3.5.30729; .NET4.0C; .NET4.0E; InfoPath.3)"
66.249.78.247 - - [01/Sep/2014:15:34:31 +0200] "GET /seiten/fsw.htm HTTP/1.1" 304 - "-" "Mozilla/5.0 (compatible; Googlebot/2.1; +http://www.google.com/bot.html)"
217.76.102.18 - - [01/Sep/2014:15:42:52 +0200] "GET /gast-fsw/fsw_v53f_1024.zip HTTP/1.1" 200 2478909 "-" "Mozilla/4.0 (compatible; MSIE 8.0; Windows NT 5.1; Trident/4.0; .NET CLR 2.0.50727; .NET CLR 3.0.4506.2152; .NET CLR 3.5.30729; InfoPath.1; .NET4.0C; .NET4.0E)"
217.76.102.18 - - [01/Sep/2014:15:47:48 +0200] "GET /gast-fsw/fsw_v53f_1024.zip HTTP/1.1" 304 - "-" "Mozilla/4.0 (compatible; MSIE 8.0; Windows NT 5.1; Trident/4.0; .NET CLR 2.0.50727; .NET CLR 3.0.4506.2152; .NET CLR 3.5.30729; InfoPath.1; .NET4.0C; .NET4.0E)"
83.243.48.3 - - [01/Sep/2014:16:01:10 +0200] "GET /seiten/referenzen.htm HTTP/1.1" 200 40565 "https://www.google.de/" "Mozilla/5.0 (Windows NT 6.1) AppleWebKit/537.36 (KHTML, like Gecko) Chrome/36.0.1985.125 Safari/537.36"
199.19.249.196 - - [01/Sep/2014:16:01:10 +0200] "GET /seiten/referenzen.htm HTTP/1.1" 200 40565 "-" "Mozilla/4.0 (compatible; MSIE 7.0; Windows NT 5.1; InfoPath.1; .NET CLR 2.0.50727; .NET CLR 1.1.4322; MS-RTC LM 8; .NET CLR 3.0.4506.2152; .NET CLR 3.5.30729)"
217.76.102.18 - - [01/Sep/2014:16:13:54 +0200] "GET /gast-fsw/fsw_v53f_1024.zip HTTP/1.1" 200 2478909 "-" "Mozilla/4.0 (compatible; MSIE 8.0; Windows NT 5.1; Trident/4.0; .NET CLR 2.0.50727; .NET CLR 3.0.4506.2152; .NET CLR 3.5.30729; InfoPath.1; .NET4.0C; .NET4.0E)"
217.76.102.18 - - [01/Sep/2014:16:16:29 +0200] "GET /gast-fsw/fsw_v53f_1024.zip HTTP/1.1" 206 2246030 "-" "Mozilla/4.0 (compatible; MSIE 8.0; Windows NT 5.1; Trident/4.0; .NET CLR 2.0.50727; .NET CLR 3.0.4506.2152; .NET CLR 3.5.30729; InfoPath.1; .NET4.0C; .NET4.0E)"
91.66.172.112 - - [01/Sep/2014:16:25:56 +0200] "GET / HTTP/1.1" 200 7903 "http://www.google.de/url?sa=t&rct=j&q=&esrc=s&source=web&cd=1&ved=0CCMQFjAA&url=http%3A%2F%2Fwww.prokommunal.com%2F&ei=lIEEVKGND8KhyAPipYKgAg&usg=AFQjCNF5ZvO5ecR3rprSCB3llFRGksZz8A&sig2=6N-r1ffUSgomjXOCMZAu9g&bvm=bv.74115972,d.bGQ" "Mozilla/5.0 (Windows NT 6.1; WOW64; rv:31.0) Gecko/20100101 Firefox/31.0"
91.66.172.112 - - [01/Sep/2014:16:25:59 +0200] "GET /css/style.css HTTP/1.1" 200 3549 "http://www.prokommunal.com/" "Mozilla/5.0 (Windows NT 6.1; WOW64; rv:31.0) Gecko/20100101 Firefox/31.0"
91.66.172.112 - - [01/Sep/2014:16:25:59 +0200] "GET /scripte/basics.js HTTP/1.1" 200 198 "http://www.prokommunal.com/" "Mozilla/5.0 (Windows NT 6.1; WOW64; rv:31.0) Gecko/20100101 Firefox/31.0"
91.66.172.112 - - [01/Sep/2014:16:25:59 +0200] "GET /favicon.ico HTTP/1.1" 200 894 "-" "Mozilla/5.0 (Windows NT 6.1; WOW64; rv:31.0) Gecko/20100101 Firefox/31.0"
91.66.172.112 - - [01/Sep/2014:16:25:59 +0200] "GET /img/head02.jpg HTTP/1.1" 200 4929 "http://www.prokommunal.com/" "Mozilla/5.0 (Windows NT 6.1; WOW64; rv:31.0) Gecko/20100101 Firefox/31.0"
91.66.172.112 - - [01/Sep/2014:16:25:59 +0200] "GET /img/head01.jpg HTTP/1.1" 200 6350 "http://www.prokommunal.com/" "Mozilla/5.0 (Windows NT 6.1; WOW64; rv:31.0) Gecko/20100101 Firefox/31.0"
91.66.172.112 - - [01/Sep/2014:16:25:59 +0200] "GET /img/head03.jpg HTTP/1.1" 200 7610 "http://www.prokommunal.com/" "Mozilla/5.0 (Windows NT 6.1; WOW64; rv:31.0) Gecko/20100101 Firefox/31.0"
91.66.172.112 - - [01/Sep/2014:16:25:59 +0200] "GET /redesign/img/bg_gelb.jpg HTTP/1.1" 200 368 "http://www.prokommunal.com/css/style.css" "Mozilla/5.0 (Windows NT 6.1; WOW64; rv:31.0) Gecko/20100101 Firefox/31.0"
91.66.172.112 - - [01/Sep/2014:16:25:59 +0200] "GET /redesign/img/bg_foot.gif HTTP/1.1" 200 286 "http://www.prokommunal.com/css/style.css" "Mozilla/5.0 (Windows NT 6.1; WOW64; rv:31.0) Gecko/20100101 Firefox/31.0"
91.66.172.112 - - [01/Sep/2014:16:26:11 +0200] "GET /gast-fsw/testiFAO.zip HTTP/1.1" 200 11215037 "-" "Mozilla/5.0 (Windows NT 6.1; WOW64; rv:31.0) Gecko/20100101 Firefox/31.0"
74.217.148.78 - - [01/Sep/2014:16:29:04 +0200] "GET /gast-fsw/fsw_v53f_1024.zip HTTP/1.1" 200 2478909 "http://temp.com" "Mozilla/4.0 (compatible; MSIE 7.0; Windows NT 5.1; Trident/4.0; VB_juicyjoint; GTB6.6; hotvideobar_2_2_734767751348691_4_858; InfoPath.2; .NET CLR 1.1.4322; .NET CLR 2.0.50727; .NET CLR 3.0.4506.2152; .NET CLR 3.5.30729)"
74.217.148.78 - - [01/Sep/2014:16:29:23 +0200] "GET /gast-fsw/fsw_v53e1_1024.zip HTTP/1.1" 200 1197636 "http://temp.com" "Mozilla/4.0 (compatible; MSIE 7.0; Windows NT 6.0; GTB7.0; SLCC1; .NET CLR 2.0.50727; Media Center PC 5.0; InfoPath.3; .NET CLR 3.5.30729; .NET CLR 3.0.30618; .NET4.0C; SRS_IT_E8790570B376555436A898; AskTbMYC/5.11.3.15590; Tablet PC 2.0)"
66.249.78.4 - - [01/Sep/2014:16:46:46 +0200] "GET /robots.txt HTTP/1.1" 404 1256 "-" "Mozilla/5.0 (compatible; Googlebot/2.1; +http://www.google.com/bot.html)"
66.249.78.247 - - [01/Sep/2014:16:46:47 +0200] "GET /seiten/produkte.htm HTTP/1.1" 304 - "-" "Mozilla/5.0 (compatible; Googlebot/2.1; +http://www.google.com/bot.html)"
157.55.39.114 - - [01/Sep/2014:17:37:27 +0200] "GET / HTTP/1.1" 200 7903 "-" "Mozilla/5.0 (compatible; bingbot/2.0; +http://www.bing.com/bingbot.htm)"
119.63.196.24 - - [01/Sep/2014:18:23:01 +0200] "GET / HTTP/1.1" 200 7903 "-" "Mozilla/5.0 (compatible; Baiduspider/2.0; +http://www.baidu.com/search/spider.html)"
157.55.39.11 - - [01/Sep/2014:19:11:38 +0200] "GET /seiten/referenzen.htm HTTP/1.1" 200 40565 "-" "Mozilla/5.0 (compatible; bingbot/2.0; +http://www.bing.com/bingbot.htm)"
157.55.39.11 - - [01/Sep/2014:19:11:43 +0200] "GET /robots.txt HTTP/1.1" 404 1256 "-" "Mozilla/5.0 (compatible; bingbot/2.0; +http://www.bing.com/bingbot.htm)"
207.46.13.5 - - [01/Sep/2014:19:12:29 +0200] "GET /css/style.css HTTP/1.1" 200 3549 "-" "Mozilla/5.0 (compatible; bingbot/2.0; +http://www.bing.com/bingbot.htm)"
207.46.13.5 - - [01/Sep/2014:19:12:30 +0200] "GET /scripte/basics.js HTTP/1.1" 200 198 "-" "Mozilla/5.0 (compatible; bingbot/2.0; +http://www.bing.com/bingbot.htm)"
80.190.97.186 - - [01/Sep/2014:20:06:53 +0200] "GET / HTTP/1.1" 200 7903 "-" "Mozilla/5.0 (X11; U; FreeBSD i386; en-US; rv:1.9.1.12) Gecko/20100912 Firefox/3.5.12"
77.58.48.130 - - [01/Sep/2014:20:34:18 +0200] "GET / HTTP/1.1" 200 7903 "-" "Mozilla/5.0 (iPhone; CPU iPhone OS 7_1_2 like Mac OS X) AppleWebKit/537.51.2 (KHTML, like Gecko) Version/7.0 Mobile/11D257 Safari/9537.53"
68.180.225.37 - - [01/Sep/2014:20:53:12 +0200] "GET /seiten/referenzen.htm HTTP/1.1" 200 40565 "-" "Mozilla/5.0 (compatible; Yahoo! Slurp; http://help.yahoo.com/help/us/ysearch/slurp)"
208.115.113.88 - - [01/Sep/2014:20:58:12 +0200] "GET /robots.txt HTTP/1.1" 404 1256 "-" "Mozilla/5.0 (compatible; DotBot/1.1; http://www.opensiteexplorer.org/dotbot, help@moz.com)"
141.8.147.12 - - [01/Sep/2014:21:38:33 +0200] "GET /robots.txt HTTP/1.1" 404 1256 "-" "Mozilla/5.0 (compatible; YandexBot/3.0; +http://yandex.com/bots)"
141.8.147.12 - - [01/Sep/2014:21:38:34 +0200] "GET /robots.txt HTTP/1.1" 404 1256 "-" "Mozilla/5.0 (compatible; YandexBot/3.0; +http://yandex.com/bots)"
141.8.147.12 - - [01/Sep/2014:21:38:34 +0200] "GET /robots.txt HTTP/1.1" 404 1256 "-" "Mozilla/5.0 (compatible; YandexBot/3.0; +http://yandex.com/bots)"
141.8.147.12 - - [01/Sep/2014:21:38:35 +0200] "GET /robots.txt HTTP/1.1" 404 1256 "-" "Mozilla/5.0 (compatible; YandexBot/3.0; +http://yandex.com/bots)"
141.8.147.12 - - [01/Sep/2014:21:38:36 +0200] "GET / HTTP/1.1" 200 7903 "-" "Mozilla/5.0 (compatible; YandexBot/3.0; +http://yandex.com/bots)"
141.8.147.12 - - [01/Sep/2014:21:38:36 +0200] "GET / HTTP/1.1" 200 7903 "-" "Mozilla/5.0 (compatible; YandexBot/3.0; +http://yandex.com/bots)"
141.8.147.12 - - [01/Sep/2014:21:38:37 +0200] "GET / HTTP/1.1" 200 7903 "-" "Mozilla/5.0 (compatible; YandexBot/3.0; +http://yandex.com/bots)"
141.8.147.12 - - [01/Sep/2014:21:38:37 +0200] "GET / HTTP/1.1" 200 7903 "-" "Mozilla/5.0 (compatible; YandexBot/3.0; +http://yandex.com/bots)"
141.8.147.12 - - [01/Sep/2014:21:38:40 +0200] "GET / HTTP/1.1" 200 7903 "-" "Mozilla/5.0 (compatible; YandexBot/3.0; +http://yandex.com/bots)"
141.8.147.12 - - [01/Sep/2014:21:38:40 +0200] "GET / HTTP/1.1" 200 7903 "-" "Mozilla/5.0 (compatible; YandexBot/3.0; +http://yandex.com/bots)"
141.8.147.12 - - [01/Sep/2014:21:38:41 +0200] "GET / HTTP/1.1" 200 7903 "-" "Mozilla/5.0 (compatible; YandexBot/3.0; +http://yandex.com/bots)"
141.8.147.12 - - [01/Sep/2014:21:38:42 +0200] "GET / HTTP/1.1" 200 7903 "-" "Mozilla/5.0 (compatible; YandexBot/3.0; +http://yandex.com/bots)"
208.115.113.88 - - [01/Sep/2014:21:50:14 +0200] "GET /seiten/intern/logout.php HTTP/1.1" 302 - "-" "Mozilla/5.0 (compatible; DotBot/1.1; http://www.opensiteexplorer.org/dotbot, help@moz.com)"
66.249.78.4 - - [01/Sep/2014:22:03:50 +0200] "GET / HTTP/1.1" 304 - "-" "Mozilla/5.0 (compatible; Googlebot/2.1; +http://www.google.com/bot.html)"
178.255.215.72 - - [01/Sep/2014:22:12:48 +0200] "GET /robots.txt HTTP/1.1" 404 1256 "-" "Mozilla/5.0 (compatible; Exabot/3.0; +http://www.exabot.com/go/robot)"
178.255.215.72 - - [01/Sep/2014:22:12:48 +0200] "GET / HTTP/1.1" 304 - "-" "Mozilla/5.0 (compatible; Exabot/3.0; +http://www.exabot.com/go/robot)"
220.181.108.78 - - [01/Sep/2014:22:53:01 +0200] "GET / HTTP/1.1" 200 7903 "-" "Mozilla/5.0 (compatible; Baiduspider/2.0; +http://www.baidu.com/search/spider.html)"
123.125.71.60 - - [01/Sep/2014:22:53:04 +0200] "GET / HTTP/1.1" 200 7903 "-" "Mozilla/5.0 (compatible; Baiduspider/2.0; +http://www.baidu.com/search/spider.html)"
80.190.97.186 - - [01/Sep/2014:22:54:58 +0200] "GET / HTTP/1.1" 200 7903 "-" "Mozilla/5.0 (X11; U; FreeBSD i386; en-US; rv:1.9.1.12) Gecko/20100912 Firefox/3.5.12"
208.115.111.71 - - [01/Sep/2014:23:12:50 +0200] "GET /robots.txt HTTP/1.1" 404 1256 "-" "Mozilla/5.0 (compatible; DotBot/1.1; http://www.opensiteexplorer.org/dotbot, help@moz.com)"
192.99.9.164 - - [01/Sep/2014:23:34:27 +0200] "GET / HTTP/1.1" 200 7903 "-" "Mozilla/5.0 (Macintosh; Intel Mac OS X 10_8_4) AppleWebKit/537.36 (KHTML, like Gecko) Chrome/27.0.1453.110 Safari/537.36"
157.55.39.114 - - [01/Sep/2014:23:40:34 +0200] "GET / HTTP/1.1" 304 - "-" "Mozilla/5.0 (compatible; bingbot/2.0; +http://www.bing.com/bingbot.htm)"
148.251.11.132 - - [01/Sep/2014:23:50:45 +0200] "GET /robots.txt HTTP/1.1" 404 1256 "-" "Apache-HttpClient/4.3 (java 1.5)"
148.251.11.132 - - [01/Sep/2014:23:50:45 +0200] "GET / HTTP/1.1" 200 7903 "-" "Apache-HttpClient/4.3 (java 1.5)"
66.249.78.4 - - [02/Sep/2014:00:01:01 +0200] "GET /robots.txt HTTP/1.1" 404 1256 "-" "Mozilla/5.0 (compatible; Googlebot/2.1; +http://www.google.com/bot.html)"
66.249.78.4 - - [02/Sep/2014:00:01:01 +0200] "GET / HTTP/1.1" 304 - "-" "Mozilla/5.0 (compatible; Googlebot/2.1; +http://www.google.com/bot.html)"
66.249.78.252 - - [02/Sep/2014:00:01:02 +0200] "GET / HTTP/1.1" 304 - "-" "Mozilla/5.0 (compatible; Googlebot/2.1; +http://www.google.com/bot.html)"
208.115.111.71 - - [02/Sep/2014:01:03:26 +0200] "GET /seiten/service.htm HTTP/1.1" 200 9248 "-" "Mozilla/5.0 (compatible; DotBot/1.1; http://www.opensiteexplorer.org/dotbot, help@moz.com)"
157.55.39.114 - - [02/Sep/2014:01:31:33 +0200] "GET / HTTP/1.1" 200 7903 "-" "Mozilla/5.0 (compatible; bingbot/2.0; +http://www.bing.com/bingbot.htm)"
66.249.78.247 - - [02/Sep/2014:01:50:03 +0200] "GET /seiten/referenzen.htm HTTP/1.1" 304 - "-" "Mozilla/5.0 (compatible; Googlebot/2.1; +http://www.google.com/bot.html)"
79.116.31.242 - - [02/Sep/2014:01:58:55 +0200] "GET / HTTP/1.1" 200 7903 "-" "Java/1.6.0_04"
79.116.31.242 - - [02/Sep/2014:01:58:55 +0200] "GET /./scripte/basics.js HTTP/1.1" 200 198 "-" "Java/1.6.0_04"
79.116.31.242 - - [02/Sep/2014:01:58:55 +0200] "GET /false.htm HTTP/1.1" 200 2749 "-" "Java/1.6.0_04"
79.116.31.242 - - [02/Sep/2014:01:58:57 +0200] "GET /scripte/basics.js HTTP/1.1" 200 198 "-" "Java/1.6.0_04"
79.116.31.242 - - [02/Sep/2014:01:58:57 +0200] "GET /./seiten/databund.html HTTP/1.1" 200 9125 "-" "Java/1.6.0_04"
79.116.31.242 - - [02/Sep/2014:01:58:58 +0200] "GET /seiten/fahrlehrerwesen.htm HTTP/1.1" 200 7168 "-" "Java/1.6.0_04"
79.116.31.242 - - [02/Sep/2014:01:58:58 +0200] "GET /seiten/fsw.htm HTTP/1.1" 200 9961 "-" "Java/1.6.0_04"
79.116.31.242 - - [02/Sep/2014:01:58:58 +0200] "GET /seiten/impr.htm HTTP/1.1" 200 8696 "-" "Java/1.6.0_04"
79.116.31.242 - - [02/Sep/2014:01:58:58 +0200] "GET /seiten/kontakt.php HTTP/1.1" 200 12788 "-" "Java/1.6.0_04"
79.116.31.242 - - [02/Sep/2014:01:58:59 +0200] "GET /seiten/kontroll.htm HTTP/1.1" 200 6599 "-" "Java/1.6.0_04"
79.116.31.242 - - [02/Sep/2014:01:58:59 +0200] "GET /seiten/kraftverkehr.htm HTTP/1.1" 200 9210 "-" "Java/1.6.0_04"
79.116.31.242 - - [02/Sep/2014:01:58:59 +0200] "GET /seiten/partner.htm HTTP/1.1" 200 9458 "-" "Java/1.6.0_04"
79.116.31.242 - - [02/Sep/2014:01:59:00 +0200] "GET /seiten/produkte.htm HTTP/1.1" 200 9105 "-" "Java/1.6.0_04"
79.116.31.242 - - [02/Sep/2014:01:59:00 +0200] "GET /seiten/referenzen.htm HTTP/1.1" 200 40565 "-" "Java/1.6.0_04"
79.116.31.242 - - [02/Sep/2014:01:59:01 +0200] "GET /seiten/service.htm HTTP/1.1" 200 9248 "-" "Java/1.6.0_04"
79.116.31.242 - - [02/Sep/2014:01:59:01 +0200] "GET /./seiten/fahrlehrerwesen.htm HTTP/1.1" 200 7168 "-" "Java/1.6.0_04"
79.116.31.242 - - [02/Sep/2014:01:59:01 +0200] "GET /./seiten/fsw.htm HTTP/1.1" 200 9961 "-" "Java/1.6.0_04"
79.116.31.242 - - [02/Sep/2014:01:59:01 +0200] "GET /./seiten/impr.htm HTTP/1.1" 200 8696 "-" "Java/1.6.0_04"
79.116.31.242 - - [02/Sep/2014:01:59:02 +0200] "GET /./seiten/kontakt.php HTTP/1.1" 200 12788 "-" "Java/1.6.0_04"
79.116.31.242 - - [02/Sep/2014:01:59:02 +0200] "GET /./seiten/kontroll.htm HTTP/1.1" 200 6599 "-" "Java/1.6.0_04"
79.116.31.242 - - [02/Sep/2014:01:59:03 +0200] "GET /./seiten/kraftverkehr.htm HTTP/1.1" 200 9210 "-" "Java/1.6.0_04"
79.116.31.242 - - [02/Sep/2014:01:59:03 +0200] "GET /./seiten/partner.htm HTTP/1.1" 200 9458 "-" "Java/1.6.0_04"
79.116.31.242 - - [02/Sep/2014:01:59:03 +0200] "GET /./seiten/produkte.htm HTTP/1.1" 200 9105 "-" "Java/1.6.0_04"
79.116.31.242 - - [02/Sep/2014:01:59:04 +0200] "GET /./seiten/referenzen.htm HTTP/1.1" 200 40565 "-" "Java/1.6.0_04"
79.116.31.242 - - [02/Sep/2014:01:59:04 +0200] "GET /./seiten/service.htm HTTP/1.1" 200 9248 "-" "Java/1.6.0_04"
79.116.31.242 - - [02/Sep/2014:01:59:05 +0200] "GET /seiten/intern/log_check.php HTTP/1.1" 302 - "-" "Java/1.6.0_04"
79.116.31.242 - - [02/Sep/2014:01:59:05 +0200] "GET /seiten/intern/log_check.php HTTP/1.1" 302 - "-" "Java/1.6.0_04"
79.116.31.242 - - [02/Sep/2014:01:59:05 +0200] "GET /seiten/intern/log_check.php HTTP/1.1" 302 - "-" "Java/1.6.0_04"
79.116.31.242 - - [02/Sep/2014:01:59:05 +0200] "GET /seiten/intern/log_check.php HTTP/1.1" 302 - "-" "Java/1.6.0_04"
79.116.31.242 - - [02/Sep/2014:01:59:06 +0200] "GET /seiten/intern/log_check.php HTTP/1.1" 302 - "-" "Java/1.6.0_04"
79.116.31.242 - - [02/Sep/2014:01:59:06 +0200] "GET /seiten/intern/log_check.php HTTP/1.1" 302 - "-" "Java/1.6.0_04"
79.116.31.242 - - [02/Sep/2014:01:59:06 +0200] "GET /seiten/intern/log_check.php HTTP/1.1" 302 - "-" "Java/1.6.0_04"
79.116.31.242 - - [02/Sep/2014:01:59:06 +0200] "GET /seiten/intern/log_check.php HTTP/1.1" 302 - "-" "Java/1.6.0_04"
79.116.31.242 - - [02/Sep/2014:01:59:06 +0200] "GET /seiten/intern/log_check.php HTTP/1.1" 302 - "-" "Java/1.6.0_04"
79.116.31.242 - - [02/Sep/2014:01:59:06 +0200] "GET /seiten/intern/log_check.php HTTP/1.1" 302 - "-" "Java/1.6.0_04"
79.116.31.242 - - [02/Sep/2014:01:59:07 +0200] "GET /seiten/intern/log_check.php HTTP/1.1" 302 - "-" "Java/1.6.0_04"
79.116.31.242 - - [02/Sep/2014:01:59:07 +0200] "GET /seiten/intern/log_check.php HTTP/1.1" 302 - "-" "Java/1.6.0_04"
79.116.31.242 - - [02/Sep/2014:01:59:07 +0200] "GET /seiten/intern/log_check.php HTTP/1.1" 302 - "-" "Java/1.6.0_04"
79.116.31.242 - - [02/Sep/2014:01:59:07 +0200] "GET /seiten/intern/log_check.php HTTP/1.1" 302 - "-" "Java/1.6.0_04"
79.116.31.242 - - [02/Sep/2014:01:59:08 +0200] "GET /seiten/intern/log_check.php HTTP/1.1" 302 - "-" "Java/1.6.0_04"
79.116.31.242 - - [02/Sep/2014:01:59:08 +0200] "GET /seiten/intern/log_check.php HTTP/1.1" 302 - "-" "Java/1.6.0_04"
79.116.31.242 - - [02/Sep/2014:01:59:08 +0200] "GET /seiten/intern/log_check.php HTTP/1.1" 302 - "-" "Java/1.6.0_04"
79.116.31.242 - - [02/Sep/2014:01:59:08 +0200] "GET /seiten/intern/log_check.php HTTP/1.1" 302 - "-" "Java/1.6.0_04"
79.116.31.242 - - [02/Sep/2014:01:59:09 +0200] "GET /seiten/intern/log_check.php HTTP/1.1" 302 - "-" "Java/1.6.0_04"
79.116.31.242 - - [02/Sep/2014:01:59:09 +0200] "GET /seiten/intern/log_check.php HTTP/1.1" 302 - "-" "Java/1.6.0_04"
79.116.31.242 - - [02/Sep/2014:01:59:10 +0200] "GET /./seiten/intern/log_check.php HTTP/1.1" 302 - "-" "Java/1.6.0_04"
79.116.31.242 - - [02/Sep/2014:01:59:10 +0200] "GET /./seiten/intern/log_check.php HTTP/1.1" 302 - "-" "Java/1.6.0_04"
79.116.31.242 - - [02/Sep/2014:01:59:10 +0200] "GET /./seiten/intern/log_check.php HTTP/1.1" 302 - "-" "Java/1.6.0_04"
79.116.31.242 - - [02/Sep/2014:01:59:11 +0200] "GET /./seiten/intern/log_check.php HTTP/1.1" 302 - "-" "Java/1.6.0_04"
79.116.31.242 - - [02/Sep/2014:01:59:11 +0200] "GET /./seiten/intern/log_check.php HTTP/1.1" 302 - "-" "Java/1.6.0_04"
79.116.31.242 - - [02/Sep/2014:01:59:11 +0200] "GET /./seiten/intern/log_check.php HTTP/1.1" 302 - "-" "Java/1.6.0_04"
79.116.31.242 - - [02/Sep/2014:01:59:11 +0200] "GET /./seiten/intern/log_check.php HTTP/1.1" 302 - "-" "Java/1.6.0_04"
79.116.31.242 - - [02/Sep/2014:01:59:12 +0200] "GET /./seiten/intern/log_check.php HTTP/1.1" 302 - "-" "Java/1.6.0_04"
79.116.31.242 - - [02/Sep/2014:01:59:12 +0200] "GET /./seiten/intern/log_check.php HTTP/1.1" 302 - "-" "Java/1.6.0_04"
79.116.31.242 - - [02/Sep/2014:01:59:12 +0200] "GET /./seiten/intern/log_check.php HTTP/1.1" 302 - "-" "Java/1.6.0_04"
79.116.31.242 - - [02/Sep/2014:01:59:12 +0200] "GET /./seiten/intern/log_check.php HTTP/1.1" 302 - "-" "Java/1.6.0_04"
79.116.31.242 - - [02/Sep/2014:01:59:12 +0200] "GET /./seiten/intern/log_check.php HTTP/1.1" 302 - "-" "Java/1.6.0_04"
79.116.31.242 - - [02/Sep/2014:01:59:13 +0200] "GET /./seiten/intern/log_check.php HTTP/1.1" 302 - "-" "Java/1.6.0_04"
79.116.31.242 - - [02/Sep/2014:01:59:13 +0200] "GET /./seiten/intern/log_check.php HTTP/1.1" 302 - "-" "Java/1.6.0_04"
79.116.31.242 - - [02/Sep/2014:01:59:13 +0200] "GET /./seiten/intern/log_check.php HTTP/1.1" 302 - "-" "Java/1.6.0_04"
79.116.31.242 - - [02/Sep/2014:01:59:13 +0200] "GET /./seiten/intern/log_check.php HTTP/1.1" 302 - "-" "Java/1.6.0_04"
79.116.31.242 - - [02/Sep/2014:01:59:13 +0200] "GET /./seiten/intern/log_check.php HTTP/1.1" 302 - "-" "Java/1.6.0_04"
79.116.31.242 - - [02/Sep/2014:01:59:13 +0200] "GET /./seiten/intern/log_check.php HTTP/1.1" 302 - "-" "Java/1.6.0_04"
79.116.31.242 - - [02/Sep/2014:01:59:14 +0200] "GET /./seiten/intern/log_check.php HTTP/1.1" 302 - "-" "Java/1.6.0_04"
79.116.31.242 - - [02/Sep/2014:01:59:14 +0200] "GET /./seiten/intern/log_check.php HTTP/1.1" 302 - "-" "Java/1.6.0_04"
85.214.127.10 - - [02/Sep/2014:02:01:39 +0200] "GET / HTTP/1.0" 200 7903 "-" "Mozilla"
85.214.127.10 - - [02/Sep/2014:02:01:39 +0200] "GET /seiten/produkte.htm HTTP/1.0" 200 9105 "-" "Mozilla"
85.214.127.10 - - [02/Sep/2014:02:01:39 +0200] "GET /seiten/partner.htm HTTP/1.0" 200 9458 "-" "Mozilla"
85.214.127.10 - - [02/Sep/2014:02:01:39 +0200] "GET /seiten/referenzen.htm HTTP/1.0" 200 40565 "-" "Mozilla"
85.214.127.10 - - [02/Sep/2014:02:01:39 +0200] "GET /seiten/service.htm HTTP/1.0" 200 9248 "-" "Mozilla"
85.214.127.10 - - [02/Sep/2014:02:01:39 +0200] "GET /seiten/kontakt.php HTTP/1.0" 200 12788 "-" "Mozilla"
85.214.127.10 - - [02/Sep/2014:02:01:39 +0200] "GET /seiten/impr.htm HTTP/1.0" 200 8696 "-" "Mozilla"
85.214.127.10 - - [02/Sep/2014:02:01:39 +0200] "GET /seiten/databund.html HTTP/1.0" 200 9125 "-" "Mozilla"
85.214.127.10 - - [02/Sep/2014:02:01:39 +0200] "GET /seiten/kontakt.php HTTP/1.0" 200 12788 "-" "Mozilla"
220.181.125.155 - - [02/Sep/2014:03:44:28 +0200] "GET /robots.txt HTTP/1.1" 404 1256 "-" "Sogou web spider/4.0(+http://www.sogou.com/docs/help/webmasters.htm#07)"
220.181.125.155 - - [02/Sep/2014:03:44:34 +0200] "GET / HTTP/1.1" 304 - "-" "Sogou web spider/4.0(+http://www.sogou.com/docs/help/webmasters.htm#07)"
173.164.136.238 - - [02/Sep/2014:04:48:10 +0200] "GET / HTTP/1.1" 200 7903 "http://www.pageglimpse.com/prokommunal.com" "Mozilla/5.0 (compatible; MSIE 8.0; Windows NT 6.1; WOW64; Trident/4.0; SLCC1) AppleWebKit/537.36 (KHTML, like Gecko) Chrome/35.0.1916.114 Safari/537.36"
173.164.136.238 - - [02/Sep/2014:04:48:11 +0200] "GET / HTTP/1.1" 200 7903 "http://www.pageglimpse.com/prokommunal-berlin.de" "Mozilla/5.0 (compatible; MSIE 8.0; Windows NT 6.1; WOW64; Trident/4.0; SLCC1) AppleWebKit/537.36 (KHTML, like Gecko) Chrome/35.0.1916.114 Safari/537.36"
208.115.111.71 - - [02/Sep/2014:07:14:38 +0200] "GET /robots.txt HTTP/1.1" 404 1256 "-" "Mozilla/5.0 (compatible; DotBot/1.1; http://www.opensiteexplorer.org/dotbot, help@moz.com)"
212.224.119.181 - - [02/Sep/2014:07:36:49 +0200] "GET /seiten/service.htm HTTP/1.1" 200 9248 "-" "Mozilla/5.0 (compatible; XoviBot/2.0; +http://www.xovibot.net/)"
220.181.108.102 - - [02/Sep/2014:07:49:29 +0200] "GET / HTTP/1.1" 200 7903 "-" "Mozilla/5.0 (compatible; Baiduspider/2.0; +http://www.baidu.com/search/spider.html)"
123.125.71.51 - - [02/Sep/2014:07:49:29 +0200] "GET / HTTP/1.1" 200 7903 "-" "Mozilla/5.0 (compatible; Baiduspider/2.0; +http://www.baidu.com/search/spider.html)"
91.66.172.112 - - [02/Sep/2014:08:55:43 +0200] "GET /seiten/service.htm HTTP/1.1" 200 9248 "http://www.prokommunal.com/" "Mozilla/5.0 (Windows NT 6.1; rv:31.0) Gecko/20100101 Firefox/31.0"
91.66.172.112 - - [02/Sep/2014:08:55:47 +0200] "GET /redesign/img/term.jpg HTTP/1.1" 200 498 "http://www.prokommunal.com/css/style.css" "Mozilla/5.0 (Windows NT 6.1; rv:31.0) Gecko/20100101 Firefox/31.0"
91.66.172.112 - - [02/Sep/2014:08:56:17 +0200] "GET /seiten/term14.pdf HTTP/1.1" 200 9596 "http://www.prokommunal.com/seiten/service.htm" "Mozilla/5.0 (Windows NT 6.1; rv:31.0) Gecko/20100101 Firefox/31.0"
80.190.97.186 - - [02/Sep/2014:08:56:26 +0200] "GET / HTTP/1.1" 200 7903 "-" "Mozilla/5.0 (X11; U; FreeBSD i386; en-US; rv:1.9.1.12) Gecko/20100912 Firefox/3.5.12"
141.15.33.1 - - [02/Sep/2014:09:00:13 +0200] "GET /seiten/produkte.htm HTTP/1.1" 200 9105 "http://www.google.de/url?sa=t&rct=j&q=&esrc=s&source=web&cd=1&ved=0CC4QFjAA&url=http%3A%2F%2Fwww.prokommunal.com%2Fseiten%2Fprodukte.htm&ei=9moFVMWJDIXbOcvCgbgF&usg=AFQjCNHvjuoVUyTn7kloswPTner3pP8jKQ&bvm=bv.74115972,d.ZWU" "Mozilla/5.0 (Windows NT 5.1; rv:24.0) Gecko/20100101 Firefox/24.0"
141.15.33.1 - - [02/Sep/2014:09:00:13 +0200] "GET /css/style.css HTTP/1.1" 200 3549 "http://www.prokommunal.com/seiten/produkte.htm" "Mozilla/5.0 (Windows NT 5.1; rv:24.0) Gecko/20100101 Firefox/24.0"
141.15.33.1 - - [02/Sep/2014:09:00:13 +0200] "GET /scripte/basics.js HTTP/1.1" 200 198 "http://www.prokommunal.com/seiten/produkte.htm" "Mozilla/5.0 (Windows NT 5.1; rv:24.0) Gecko/20100101 Firefox/24.0"
141.15.33.1 - - [02/Sep/2014:09:00:13 +0200] "GET /img/top.gif HTTP/1.1" 200 96 "http://www.prokommunal.com/seiten/produkte.htm" "Mozilla/5.0 (Windows NT 5.1; rv:24.0) Gecko/20100101 Firefox/24.0"
141.15.33.1 - - [02/Sep/2014:09:00:13 +0200] "GET /img/head02.jpg HTTP/1.1" 200 4929 "http://www.prokommunal.com/seiten/produkte.htm" "Mozilla/5.0 (Windows NT 5.1; rv:24.0) Gecko/20100101 Firefox/24.0"
141.15.33.1 - - [02/Sep/2014:09:00:13 +0200] "GET /img/head01.jpg HTTP/1.1" 200 6350 "http://www.prokommunal.com/seiten/produkte.htm" "Mozilla/5.0 (Windows NT 5.1; rv:24.0) Gecko/20100101 Firefox/24.0"
141.15.33.1 - - [02/Sep/2014:09:00:13 +0200] "GET /img/1px_tr.gif HTTP/1.1" 200 43 "http://www.prokommunal.com/seiten/produkte.htm" "Mozilla/5.0 (Windows NT 5.1; rv:24.0) Gecko/20100101 Firefox/24.0"
141.15.33.1 - - [02/Sep/2014:09:00:13 +0200] "GET /img/head03.jpg HTTP/1.1" 200 7610 "http://www.prokommunal.com/seiten/produkte.htm" "Mozilla/5.0 (Windows NT 5.1; rv:24.0) Gecko/20100101 Firefox/24.0"
141.15.33.1 - - [02/Sep/2014:09:00:13 +0200] "GET /redesign/img/bg_gelb.jpg HTTP/1.1" 200 368 "http://www.prokommunal.com/css/style.css" "Mozilla/5.0 (Windows NT 5.1; rv:24.0) Gecko/20100101 Firefox/24.0"
141.15.33.1 - - [02/Sep/2014:09:00:13 +0200] "GET /img/men_01.jpg HTTP/1.1" 200 713 "http://www.prokommunal.com/seiten/produkte.htm" "Mozilla/5.0 (Windows NT 5.1; rv:24.0) Gecko/20100101 Firefox/24.0"
141.15.33.1 - - [02/Sep/2014:09:00:13 +0200] "GET /redesign/img/bg_foot.gif HTTP/1.1" 200 286 "http://www.prokommunal.com/css/style.css" "Mozilla/5.0 (Windows NT 5.1; rv:24.0) Gecko/20100101 Firefox/24.0"
141.15.33.1 - - [02/Sep/2014:09:00:13 +0200] "GET /favicon.ico HTTP/1.1" 200 894 "-" "Mozilla/5.0 (Windows NT 5.1; rv:24.0) Gecko/20100101 Firefox/24.0"
141.15.33.1 - - [02/Sep/2014:09:00:19 +0200] "GET /seiten/fsw.htm HTTP/1.1" 200 9961 "http://www.prokommunal.com/seiten/produkte.htm" "Mozilla/5.0 (Windows NT 5.1; rv:24.0) Gecko/20100101 Firefox/24.0"
141.15.33.1 - - [02/Sep/2014:09:00:19 +0200] "GET /img/fsw.jpg HTTP/1.1" 200 10878 "http://www.prokommunal.com/seiten/fsw.htm" "Mozilla/5.0 (Windows NT 5.1; rv:24.0) Gecko/20100101 Firefox/24.0"
208.115.111.71 - - [02/Sep/2014:09:02:20 +0200] "GET /seiten/willk.htm HTTP/1.1" 200 7884 "-" "Mozilla/5.0 (compatible; DotBot/1.1; http://www.opensiteexplorer.org/dotbot, help@moz.com)"
148.251.11.134 - - [02/Sep/2014:09:14:22 +0200] "GET /robots.txt HTTP/1.1" 404 1256 "-" "Apache-HttpClient/4.3 (java 1.5)"
148.251.11.134 - - [02/Sep/2014:09:14:22 +0200] "GET / HTTP/1.1" 200 7903 "-" "Apache-HttpClient/4.3 (java 1.5)"
91.66.172.112 - - [02/Sep/2014:09:15:31 +0200] "GET / HTTP/1.1" 200 7903 "-" "Mozilla/5.0 (Windows NT 6.1; WOW64; rv:31.0) Gecko/20100101 Firefox/31.0"
91.66.172.112 - - [02/Sep/2014:09:15:32 +0200] "GET /css/style.css HTTP/1.1" 200 3549 "http://www.prokommunal.com/" "Mozilla/5.0 (Windows NT 6.1; WOW64; rv:31.0) Gecko/20100101 Firefox/31.0"
91.66.172.112 - - [02/Sep/2014:09:15:32 +0200] "GET /favicon.ico HTTP/1.1" 200 894 "-" "Mozilla/5.0 (Windows NT 6.1; WOW64; rv:31.0) Gecko/20100101 Firefox/31.0"
91.66.172.112 - - [02/Sep/2014:09:15:32 +0200] "GET /scripte/basics.js HTTP/1.1" 200 198 "http://www.prokommunal.com/" "Mozilla/5.0 (Windows NT 6.1; WOW64; rv:31.0) Gecko/20100101 Firefox/31.0"
