188.138.41.206 - - [18/Sep/2014:14:35:01 +0200] "GET /scripte/basics.js HTTP/1.1" 200 198 "http://www.prokommunal.com/seiten/kontroll.htm" "Mozilla/5.0 (Windows NT 6.1; rv:24.0) Gecko/20100101 Firefox/24.0"
188.138.41.206 - - [18/Sep/2014:14:35:01 +0200] "GET /seiten/kontroll.htm HTTP/1.1" 200 6599 "-" "Mozilla/5.0 (Windows NT 6.1; rv:24.0) Gecko/20100101 Firefox/24.0"
188.138.41.206 - - [18/Sep/2014:14:35:01 +0200] "GET /scripte/basics.js HTTP/1.1" 200 198 "http://www.prokommunal.com/seiten/kontroll.htm" "Mozilla/5.0 (Windows NT 6.1; rv:24.0) Gecko/20100101 Firefox/24.0"
188.138.41.206 - - [18/Sep/2014:14:35:01 +0200] "GET /css/style.css HTTP/1.1" 200 3549 "http://www.prokommunal.com/seiten/kontroll.htm" "Mozilla/5.0 (Windows NT 6.1; rv:24.0) Gecko/20100101 Firefox/24.0"
188.138.41.206 - - [18/Sep/2014:14:35:01 +0200] "GET /css/style.css HTTP/1.1" 200 3549 "http://www.prokommunal.com/seiten/kontroll.htm" "Mozilla/5.0 (Windows NT 6.1; rv:24.0) Gecko/20100101 Firefox/24.0"
188.138.41.206 - - [18/Sep/2014:14:35:21 +0200] "GET /seiten/kraftverkehr.htm HTTP/1.1" 200 9210 "-" "Mozilla/5.0 (Windows NT 6.1; rv:24.0) Gecko/20100101 Firefox/24.0"
188.138.41.206 - - [18/Sep/2014:14:35:21 +0200] "GET /scripte/basics.js HTTP/1.1" 200 198 "http://www.prokommunal.com/seiten/kraftverkehr.htm" "Mozilla/5.0 (Windows NT 6.1; rv:24.0) Gecko/20100101 Firefox/24.0"
188.138.41.206 - - [18/Sep/2014:14:35:21 +0200] "GET /seiten/kraftverkehr.htm HTTP/1.1" 200 9210 "-" "Mozilla/5.0 (Windows NT 6.1; rv:24.0) Gecko/20100101 Firefox/24.0"
188.138.41.206 - - [18/Sep/2014:14:35:22 +0200] "GET /css/style.css HTTP/1.1" 200 3549 "http://www.prokommunal.com/seiten/kraftverkehr.htm" "Mozilla/5.0 (Windows NT 6.1; rv:24.0) Gecko/20100101 Firefox/24.0"
188.138.41.206 - - [18/Sep/2014:14:35:22 +0200] "GET /scripte/basics.js HTTP/1.1" 200 198 "http://www.prokommunal.com/seiten/kraftverkehr.htm" "Mozilla/5.0 (Windows NT 6.1; rv:24.0) Gecko/20100101 Firefox/24.0"
188.138.41.206 - - [18/Sep/2014:14:35:23 +0200] "GET /css/style.css HTTP/1.1" 200 3549 "http://www.prokommunal.com/seiten/kraftverkehr.htm" "Mozilla/5.0 (Windows NT 6.1; rv:24.0) Gecko/20100101 Firefox/24.0"
188.138.41.206 - - [18/Sep/2014:14:35:34 +0200] "GET /seiten/term14.pdf HTTP/1.1" 200 9596 "-" "Mozilla/5.0 (Windows NT 6.1; rv:24.0) Gecko/20100101 Firefox/24.0"
188.138.41.206 - - [18/Sep/2014:14:35:37 +0200] "GET /seiten/term14.pdf HTTP/1.1" 200 9596 "-" "Mozilla/5.0 (Windows NT 6.1; rv:24.0) Gecko/20100101 Firefox/24.0"
157.55.39.183 - - [18/Sep/2014:14:36:14 +0200] "GET /seiten/produkte.htm HTTP/1.1" 200 9105 "-" "Mozilla/5.0 (compatible; bingbot/2.0; +http://www.bing.com/bingbot.htm)"
207.46.13.46 - - [18/Sep/2014:14:46:01 +0200] "GET /css/style.css HTTP/1.1" 200 3549 "-" "Mozilla/5.0 (compatible; bingbot/2.0; +http://www.bing.com/bingbot.htm)"
207.46.13.46 - - [18/Sep/2014:14:46:02 +0200] "GET /scripte/basics.js HTTP/1.1" 200 198 "-" "Mozilla/5.0 (compatible; bingbot/2.0; +http://www.bing.com/bingbot.htm)"
66.249.78.247 - - [18/Sep/2014:15:17:55 +0200] "GET /robots.txt HTTP/1.1" 404 1256 "-" "Mozilla/5.0 (compatible; Googlebot/2.1; +http://www.google.com/bot.html)"
66.249.78.247 - - [18/Sep/2014:15:17:55 +0200] "GET / HTTP/1.1" 200 7903 "-" "Mozilla/5.0 (compatible; Googlebot/2.1; +http://www.google.com/bot.html)"
64.124.203.76 - - [18/Sep/2014:15:19:40 +0200] "GET /201305/lsfzjsq-v5.12.zip HTTP/1.1" 404 1256 "-" "Mozilla/4.0 (compatible; MSIE 7.0; Windows NT 6.0; Trident/4.0; SIMBAR={D25F9A93-ABE0-4F3C-A492-409B3CCAFAEE}; FunWebProducts; GTB6.6; SLCC1; .NET CLR 2.0.50727; .NET CLR 3.5.30729; .NET CLR 3.0.30729; .NET4.0C; Windows Live Messenger 14.0.8117.0416)"
69.58.178.57 - - [18/Sep/2014:15:29:47 +0200] "GET /robots.txt HTTP/1.1" 404 1256 "-" "Mozilla/5.0 (X11; Ubuntu; Linux i686; rv:14.0; ips-agent) Gecko/20100101 Firefox/14.0.1"
69.58.178.57 - - [18/Sep/2014:15:29:48 +0200] "GET / HTTP/1.1" 200 7903 "-" "Mozilla/5.0 (X11; Ubuntu; Linux i686; rv:14.0; ips-agent) Gecko/20100101 Firefox/14.0.1"
69.58.178.57 - - [18/Sep/2014:15:29:49 +0200] "GET /seiten/produkte.htm HTTP/1.1" 200 9105 "-" "Mozilla/5.0 (X11; Ubuntu; Linux i686; rv:14.0; ips-agent) Gecko/20100101 Firefox/14.0.1"
69.58.178.57 - - [18/Sep/2014:15:29:51 +0200] "GET /seiten/partner.htm HTTP/1.1" 200 9458 "-" "Mozilla/5.0 (X11; Ubuntu; Linux i686; rv:14.0; ips-agent) Gecko/20100101 Firefox/14.0.1"
69.58.178.57 - - [18/Sep/2014:15:29:52 +0200] "GET /seiten/referenzen.htm HTTP/1.1" 200 40565 "-" "Mozilla/5.0 (X11; Ubuntu; Linux i686; rv:14.0; ips-agent) Gecko/20100101 Firefox/14.0.1"
69.58.178.57 - - [18/Sep/2014:15:29:53 +0200] "GET /seiten/service.htm HTTP/1.1" 200 9248 "-" "BlackBerry9000/4.6.0.167 Profile/MIDP-2.0 Configuration/CLDC-1.1 VendorID/102 ips-agent"
69.58.178.57 - - [18/Sep/2014:15:29:55 +0200] "GET /seiten/kontakt.php HTTP/1.1" 200 12788 "-" "Mozilla/5.0 (X11; Ubuntu; Linux i686; rv:14.0; ips-agent) Gecko/20100101 Firefox/14.0.1"
69.58.178.57 - - [18/Sep/2014:15:29:56 +0200] "GET /seiten/impr.htm HTTP/1.1" 200 8696 "-" "Mozilla/5.0 (X11; Ubuntu; Linux i686; rv:14.0; ips-agent) Gecko/20100101 Firefox/14.0.1"
69.58.178.57 - - [18/Sep/2014:15:29:57 +0200] "GET /seiten/databund.html HTTP/1.1" 200 9125 "-" "Mozilla/5.0 (X11; Ubuntu; Linux i686; rv:14.0; ips-agent) Gecko/20100101 Firefox/14.0.1"
69.58.178.57 - - [18/Sep/2014:15:29:58 +0200] "GET /seiten/fsw.htm HTTP/1.1" 200 9961 "-" "Mozilla/5.0 (X11; Ubuntu; Linux i686; rv:14.0; ips-agent) Gecko/20100101 Firefox/14.0.1"
69.58.178.57 - - [18/Sep/2014:15:30:00 +0200] "GET /seiten/fahrlehrerwesen.htm HTTP/1.1" 200 7168 "-" "Mozilla/5.0 (X11; Ubuntu; Linux i686; rv:14.0; ips-agent) Gecko/20100101 Firefox/14.0.1"
157.55.39.240 - - [18/Sep/2014:16:02:49 +0200] "GET /robots.txt HTTP/1.1" 404 1256 "-" "Mozilla/5.0 (compatible; bingbot/2.0; +http://www.bing.com/bingbot.htm)"
157.55.39.240 - - [18/Sep/2014:16:03:20 +0200] "GET /seiten/partner.htm HTTP/1.1" 304 - "-" "Mozilla/5.0 (compatible; bingbot/2.0; +http://www.bing.com/bingbot.htm)"
119.63.196.11 - - [18/Sep/2014:18:22:13 +0200] "GET / HTTP/1.1" 200 7903 "-" "Mozilla/5.0 (compatible; Baiduspider/2.0; +http://www.baidu.com/search/spider.html)"
64.124.203.73 - - [18/Sep/2014:18:27:15 +0200] "GET /201311/daliag_v4.3.zip HTTP/1.1" 404 1256 "-" "Mozilla/4.0 (compatible; MSIE 7.0; Windows NT 6.1; Trident/4.0; SLCC2; .NET CLR 2.0.50727; .NET CLR 3.5.30729; .NET CLR 3.0.30729; Media Center PC 6.0; SRS_IT_E8790575B5765F5232A896; .NET4.0C; Windows Live Messenger 14.0.8117.0416)"
208.115.111.72 - - [18/Sep/2014:19:02:55 +0200] "GET /robots.txt HTTP/1.1" 404 1256 "-" "Mozilla/5.0 (compatible; DotBot/1.1; http://www.opensiteexplorer.org/dotbot, help@moz.com)"
88.198.56.239 - - [18/Sep/2014:19:21:00 +0200] "GET /seiten/impr.htm HTTP/1.1" 200 8696 "-" "Mozilla/5.0 (Windows NT 5.1; rv:21.0) Gecko/20100101 Firefox/21.0"
208.50.101.152 - - [18/Sep/2014:20:15:17 +0200] "GET /download/wingpspro331_en.exe HTTP/1.1" 404 1256 "-" "Mozilla/4.0 (compatible; MSIE 7.0; Windows NT 6.1; Trident/4.0; SLCC2; .NET CLR 2.0.50727; .NET CLR 3.5.30729; .NET CLR 3.0.30729; eSobiSubscriber 2.0.4.16; MAAR; InfoPath.2; AskTbMPC2/5.11.0.15286; Windows Live Messenger 15.4.3508.1109)"
208.115.111.72 - - [18/Sep/2014:20:43:11 +0200] "GET /seiten/kontakt.php HTTP/1.1" 200 12788 "-" "Mozilla/5.0 (compatible; DotBot/1.1; http://www.opensiteexplorer.org/dotbot, help@moz.com)"
37.58.100.233 - - [18/Sep/2014:20:59:16 +0200] "GET /seiten/kontakt.php HTTP/1.1" 200 12788 "-" "Mozilla/5.0 (compatible; AhrefsBot/5.0; +http://ahrefs.com/robot/)"
157.55.39.183 - - [18/Sep/2014:21:36:17 +0200] "GET / HTTP/1.1" 200 7903 "-" "Mozilla/5.0 (compatible; bingbot/2.0; +http://www.bing.com/bingbot.htm)"
66.249.78.252 - - [18/Sep/2014:22:01:42 +0200] "GET /seiten/referenzen.htmAnsprechpartner HTTP/1.1" 404 1256 "-" "Mozilla/5.0 (iPhone; CPU iPhone OS 6_0 like Mac OS X) AppleWebKit/536.26 (KHTML, like Gecko) Version/6.0 Mobile/10A5376e Safari/8536.25 (compatible; Googlebot/2.1; +http://www.google.com/bot.html)"
220.181.108.95 - - [18/Sep/2014:22:30:04 +0200] "GET / HTTP/1.1" 200 7903 "-" "Mozilla/5.0 (compatible; Baiduspider/2.0; +http://www.baidu.com/search/spider.html)"
123.125.71.45 - - [18/Sep/2014:22:30:04 +0200] "GET / HTTP/1.1" 200 7903 "-" "Mozilla/5.0 (compatible; Baiduspider/2.0; +http://www.baidu.com/search/spider.html)"
199.58.86.211 - - [18/Sep/2014:22:55:03 +0200] "GET /robots.txt HTTP/1.0" 404 1256 "-" "Mozilla/5.0 (compatible; MJ12bot/v1.4.5; http://www.majestic12.co.uk/bot.php?+)"
199.58.86.211 - - [18/Sep/2014:22:55:04 +0200] "GET / HTTP/1.0" 200 7903 "-" "Mozilla/5.0 (compatible; MJ12bot/v1.4.5; http://www.majestic12.co.uk/bot.php?+)"
80.190.97.186 - - [18/Sep/2014:23:44:56 +0200] "GET / HTTP/1.1" 200 7903 "-" "Mozilla/5.0 (X11; U; FreeBSD i386; en-US; rv:1.9.1.12) Gecko/20100912 Firefox/3.5.12"
66.249.78.252 - - [19/Sep/2014:00:27:47 +0200] "GET /seiten/impr.htm HTTP/1.1" 200 8696 "-" "Mozilla/5.0 (compatible; Googlebot/2.1; +http://www.google.com/bot.html)"
66.249.78.252 - - [19/Sep/2014:00:48:49 +0200] "GET /seiten/partner.htm HTTP/1.1" 200 9458 "-" "Mozilla/5.0 (compatible; Googlebot/2.1; +http://www.google.com/bot.html)"
66.249.78.4 - - [19/Sep/2014:00:57:49 +0200] "GET / HTTP/1.1" 304 - "-" "Mozilla/5.0 (compatible; Googlebot/2.1; +http://www.google.com/bot.html)"
66.249.78.4 - - [19/Sep/2014:01:18:51 +0200] "GET /seiten/kontakt.php HTTP/1.1" 200 12788 "-" "Mozilla/5.0 (compatible; Googlebot/2.1; +http://www.google.com/bot.html)"
208.50.101.158 - - [19/Sep/2014:02:23:51 +0200] "GET /201408/xintlbabu-v1.4.zip HTTP/1.1" 404 1256 "-" "Mozilla/5.0 (Windows; U; Windows NT 6.0; pt-PT; rv:1.9.1.18) Gecko/20110319 Firefox/3.5.18"
80.190.97.186 - - [19/Sep/2014:02:39:42 +0200] "GET / HTTP/1.1" 200 7903 "-" "Mozilla/5.0 (X11; U; FreeBSD i386; en-US; rv:1.9.1.12) Gecko/20100912 Firefox/3.5.12"
208.115.113.88 - - [19/Sep/2014:05:14:39 +0200] "GET /robots.txt HTTP/1.1" 404 1256 "-" "Mozilla/5.0 (compatible; DotBot/1.1; http://www.opensiteexplorer.org/dotbot, help@moz.com)"
208.50.101.155 - - [19/Sep/2014:05:29:05 +0200] "GET /201105/zmwnl-v8.6.zip HTTP/1.1" 404 1256 "-" "Mozilla/4.0 (compatible; MSIE 7.0; Windows NT 6.0; Trident/4.0; GTB6.5; SLCC1; .NET CLR 2.0.50727; OfficeLiveConnector.1.3; OfficeLivePatch.0.0; .NET CLR 3.5.30729; .NET CLR 3.0.30729; msn OptimizedIE8;FRFR; Windows Live Messenger 14.0.8117.0416)"
66.249.78.252 - - [19/Sep/2014:05:31:30 +0200] "GET /robots.txt HTTP/1.1" 404 1256 "-" "Mozilla/5.0 (compatible; Googlebot/2.1; +http://www.google.com/bot.html)"
66.249.78.4 - - [19/Sep/2014:05:31:30 +0200] "GET /seiten/fsw.htm HTTP/1.1" 304 - "-" "Mozilla/5.0 (compatible; Googlebot/2.1; +http://www.google.com/bot.html)"
66.249.64.131 - - [19/Sep/2014:05:31:50 +0200] "GET /seiten/produkte.htm HTTP/1.1" 200 9105 "-" "Mozilla/5.0 (compatible; Googlebot/2.1; +http://www.google.com/bot.html)"
220.181.108.106 - - [19/Sep/2014:06:30:21 +0200] "GET / HTTP/1.1" 200 7903 "-" "Mozilla/5.0 (compatible; Baiduspider/2.0; +http://www.baidu.com/search/spider.html)"
123.125.71.49 - - [19/Sep/2014:06:30:22 +0200] "GET / HTTP/1.1" 200 7903 "-" "Mozilla/5.0 (compatible; Baiduspider/2.0; +http://www.baidu.com/search/spider.html)"
66.249.78.252 - - [19/Sep/2014:06:57:57 +0200] "GET /seiten/referenzen.htmReferenzen HTTP/1.1" 404 1256 "-" "Mozilla/5.0 (iPhone; CPU iPhone OS 6_0 like Mac OS X) AppleWebKit/536.26 (KHTML, like Gecko) Version/6.0 Mobile/10A5376e Safari/8536.25 (compatible; Googlebot/2.1; +http://www.google.com/bot.html)"
208.115.113.88 - - [19/Sep/2014:07:04:19 +0200] "GET /seiten/referenzen.htm HTTP/1.1" 200 40565 "-" "Mozilla/5.0 (compatible; DotBot/1.1; http://www.opensiteexplorer.org/dotbot, help@moz.com)"
81.0.199.226 - - [19/Sep/2014:07:05:14 +0200] "GET / HTTP/1.1" 200 7903 "-" "Mozilla/5.0 (Macintosh; Intel Mac OS X 10.7; rv:22.0) Gecko/20100101 Firefox/22.0"
66.249.78.4 - - [19/Sep/2014:07:22:20 +0200] "GET / HTTP/1.1" 304 - "-" "Mozilla/5.0 (compatible; Googlebot/2.1; +http://www.google.com/bot.html)"
66.249.78.252 - - [19/Sep/2014:07:22:20 +0200] "GET /seiten/databund.html HTTP/1.1" 200 9125 "-" "Mozilla/5.0 (compatible; Googlebot/2.1; +http://www.google.com/bot.html)"
93.115.94.85 - - [19/Sep/2014:07:43:04 +0200] "GET /seiten/referenzen.htm HTTP/1.1" 200 40565 "-" "Mozilla/4.0 (compatible; MSIE 6.0; Windows NT 5.1; SV1)"
93.115.94.85 - - [19/Sep/2014:07:43:04 +0200] "GET / HTTP/1.1" 200 7903 "-" "Mozilla/4.0 (compatible; MSIE 6.0; Windows NT 5.1; SV1)"
93.115.94.85 - - [19/Sep/2014:07:43:04 +0200] "GET /seiten/produkte.htm HTTP/1.1" 200 9105 "-" "Mozilla/4.0 (compatible; MSIE 6.0; Windows NT 5.1; SV1)"
93.115.94.85 - - [19/Sep/2014:07:43:04 +0200] "GET /seiten/partner.htm HTTP/1.1" 200 9458 "-" "Mozilla/4.0 (compatible; MSIE 6.0; Windows NT 5.1; SV1)"
93.115.94.85 - - [19/Sep/2014:07:43:05 +0200] "GET /seiten/service.htm HTTP/1.1" 200 9248 "-" "Mozilla/4.0 (compatible; MSIE 6.0; Windows NT 5.1; SV1)"
93.115.94.85 - - [19/Sep/2014:07:43:05 +0200] "GET /seiten/kontakt.php HTTP/1.1" 200 12788 "-" "Mozilla/4.0 (compatible; MSIE 6.0; Windows NT 5.1; SV1)"
220.181.125.155 - - [19/Sep/2014:07:47:53 +0200] "GET /robots.txt HTTP/1.1" 404 1256 "-" "Sogou web spider/4.0(+http://www.sogou.com/docs/help/webmasters.htm#07)"
220.181.125.155 - - [19/Sep/2014:07:47:58 +0200] "GET / HTTP/1.1" 304 - "-" "Sogou web spider/4.0(+http://www.sogou.com/docs/help/webmasters.htm#07)"
66.249.78.252 - - [19/Sep/2014:08:19:41 +0200] "GET /seiten/kontroll.htm HTTP/1.1" 200 6599 "-" "Mozilla/5.0 (compatible; Googlebot/2.1; +http://www.google.com/bot.html)"
66.249.78.252 - - [19/Sep/2014:08:27:19 +0200] "GET /seiten/referenzen.htm HTTP/1.1" 304 - "-" "Mozilla/5.0 (compatible; Googlebot/2.1; +http://www.google.com/bot.html)"
66.249.78.252 - - [19/Sep/2014:08:46:16 +0200] "GET /seiten/kraftverkehr.htm HTTP/1.1" 200 9210 "-" "Mozilla/5.0 (compatible; Googlebot/2.1; +http://www.google.com/bot.html)"
208.115.113.88 - - [19/Sep/2014:09:01:00 +0200] "GET /robots.txt HTTP/1.1" 404 1256 "-" "Mozilla/5.0 (compatible; DotBot/1.1; http://www.opensiteexplorer.org/dotbot, help@moz.com)"
208.115.113.88 - - [19/Sep/2014:09:56:24 +0200] "GET /seiten/?S=A HTTP/1.1" 403 1222 "-" "Mozilla/5.0 (compatible; DotBot/1.1; http://www.opensiteexplorer.org/dotbot, help@moz.com)"
157.55.39.183 - - [19/Sep/2014:10:14:39 +0200] "GET / HTTP/1.1" 304 - "-" "Mozilla/5.0 (compatible; bingbot/2.0; +http://www.bing.com/bingbot.htm)"
157.55.39.183 - - [19/Sep/2014:10:28:10 +0200] "GET / HTTP/1.1" 200 7903 "-" "Mozilla/5.0 (compatible; bingbot/2.0; +http://www.bing.com/bingbot.htm)"
66.249.78.252 - - [19/Sep/2014:10:32:49 +0200] "GET /seiten/fahrlehrerwesen.htm HTTP/1.1" 200 7168 "-" "Mozilla/5.0 (compatible; Googlebot/2.1; +http://www.google.com/bot.html)"
66.249.78.4 - - [19/Sep/2014:11:08:51 +0200] "GET /seiten/service.htm HTTP/1.1" 304 - "-" "Mozilla/5.0 (compatible; Googlebot/2.1; +http://www.google.com/bot.html)"
66.249.78.252 - - [19/Sep/2014:12:16:41 +0200] "GET /seiten/produkte.htm HTTP/1.1" 304 - "-" "Mozilla/5.0 (compatible; Googlebot/2.1; +http://www.google.com/bot.html)"
80.190.97.186 - - [19/Sep/2014:12:36:40 +0200] "GET / HTTP/1.1" 200 7903 "-" "Mozilla/5.0 (X11; U; FreeBSD i386; en-US; rv:1.9.1.12) Gecko/20100912 Firefox/3.5.12"
208.115.113.88 - - [19/Sep/2014:13:01:36 +0200] "GET /robots.txt HTTP/1.1" 404 1256 "-" "Mozilla/5.0 (compatible; DotBot/1.1; http://www.opensiteexplorer.org/dotbot, help@moz.com)"
64.124.203.76 - - [19/Sep/2014:13:02:21 +0200] "GET /201105/zmwnl-v8.6.zip HTTP/1.1" 404 1256 "-" "Mozilla/4.0 (compatible; MSIE 8.0; Windows NT 6.0; Trident/4.0; GTB6.6; SIMBAR={F49435F4-5D38-4DB0-A423-9FB1809A3943}; Mozilla/4.0 (compatible; MSIE 6.0; Windows NT 5.1; SV1) ; SLCC1; .NET CLR 2.0.50727; Media Center PC 5.0; .NET CLR 3.5.30729; .NET CLR 3.0.30618; .NET4.0C; BRI/2; AskTbVD/5.9.1.14019; msn OptimizedIE8;ITIT)"
217.76.102.18 - - [19/Sep/2014:13:08:58 +0200] "GET /seiten/produkte.htm HTTP/1.1" 200 9105 "http://www.google.de/url?sa=t&rct=j&q=&esrc=s&source=web&cd=1&ved=0CCMQFjAA&url=http%3A%2F%2Fwww.prokommunal.com%2Fseiten%2Fprodukte.htm&ei=jw4cVM-lF8amPbu1gHg&usg=AFQjCNHvjuoVUyTn7kloswPTner3pP8jKQ&sig2=lUHlFL8hCy9kkxXi4bDMqg&bvm=bv.75774317,d.ZWU" "Mozilla/5.0 (Windows NT 6.1; rv:32.0) Gecko/20100101 Firefox/32.0"
217.76.102.18 - - [19/Sep/2014:13:08:58 +0200] "GET /css/style.css HTTP/1.1" 200 3549 "http://www.prokommunal.com/seiten/produkte.htm" "Mozilla/5.0 (Windows NT 6.1; rv:32.0) Gecko/20100101 Firefox/32.0"
217.76.102.18 - - [19/Sep/2014:13:08:58 +0200] "GET /scripte/basics.js HTTP/1.1" 200 198 "http://www.prokommunal.com/seiten/produkte.htm" "Mozilla/5.0 (Windows NT 6.1; rv:32.0) Gecko/20100101 Firefox/32.0"
217.76.102.18 - - [19/Sep/2014:13:08:58 +0200] "GET /img/head03.jpg HTTP/1.1" 200 7610 "http://www.prokommunal.com/seiten/produkte.htm" "Mozilla/5.0 (Windows NT 6.1; rv:32.0) Gecko/20100101 Firefox/32.0"
217.76.102.18 - - [19/Sep/2014:13:08:58 +0200] "GET /favicon.ico HTTP/1.1" 200 894 "-" "Mozilla/5.0 (Windows NT 6.1; rv:32.0) Gecko/20100101 Firefox/32.0"
217.76.102.18 - - [19/Sep/2014:13:08:58 +0200] "GET /img/top.gif HTTP/1.1" 200 96 "http://www.prokommunal.com/seiten/produkte.htm" "Mozilla/5.0 (Windows NT 6.1; rv:32.0) Gecko/20100101 Firefox/32.0"
217.76.102.18 - - [19/Sep/2014:13:08:58 +0200] "GET /img/1px_tr.gif HTTP/1.1" 200 43 "http://www.prokommunal.com/seiten/produkte.htm" "Mozilla/5.0 (Windows NT 6.1; rv:32.0) Gecko/20100101 Firefox/32.0"
217.76.102.18 - - [19/Sep/2014:13:08:58 +0200] "GET /img/head02.jpg HTTP/1.1" 200 4929 "http://www.prokommunal.com/seiten/produkte.htm" "Mozilla/5.0 (Windows NT 6.1; rv:32.0) Gecko/20100101 Firefox/32.0"
217.76.102.18 - - [19/Sep/2014:13:08:58 +0200] "GET /img/head01.jpg HTTP/1.1" 200 6350 "http://www.prokommunal.com/seiten/produkte.htm" "Mozilla/5.0 (Windows NT 6.1; rv:32.0) Gecko/20100101 Firefox/32.0"
217.76.102.18 - - [19/Sep/2014:13:08:58 +0200] "GET /redesign/img/bg_foot.gif HTTP/1.1" 200 286 "http://www.prokommunal.com/css/style.css" "Mozilla/5.0 (Windows NT 6.1; rv:32.0) Gecko/20100101 Firefox/32.0"
217.76.102.18 - - [19/Sep/2014:13:08:58 +0200] "GET /redesign/img/bg_gelb.jpg HTTP/1.1" 200 368 "http://www.prokommunal.com/css/style.css" "Mozilla/5.0 (Windows NT 6.1; rv:32.0) Gecko/20100101 Firefox/32.0"
217.76.102.18 - - [19/Sep/2014:13:08:58 +0200] "GET /img/men_01.jpg HTTP/1.1" 200 713 "http://www.prokommunal.com/seiten/produkte.htm" "Mozilla/5.0 (Windows NT 6.1; rv:32.0) Gecko/20100101 Firefox/32.0"
217.76.102.18 - - [19/Sep/2014:13:09:00 +0200] "GET /seiten/fsw.htm HTTP/1.1" 200 9961 "http://www.prokommunal.com/seiten/produkte.htm" "Mozilla/5.0 (Windows NT 6.1; rv:32.0) Gecko/20100101 Firefox/32.0"
217.76.102.18 - - [19/Sep/2014:13:09:00 +0200] "GET /img/fsw.jpg HTTP/1.1" 200 10878 "http://www.prokommunal.com/seiten/fsw.htm" "Mozilla/5.0 (Windows NT 6.1; rv:32.0) Gecko/20100101 Firefox/32.0"
217.76.102.18 - - [19/Sep/2014:13:09:05 +0200] "GET /seiten/kontakt.php HTTP/1.1" 200 12788 "http://www.prokommunal.com/seiten/fsw.htm" "Mozilla/5.0 (Windows NT 6.1; rv:32.0) Gecko/20100101 Firefox/32.0"
208.115.113.87 - - [19/Sep/2014:13:17:31 +0200] "GET /robots.txt HTTP/1.1" 404 1256 "-" "Mozilla/5.0 (compatible; DotBot/1.1; http://www.opensiteexplorer.org/dotbot, help@moz.com)"
66.249.78.247 - - [19/Sep/2014:13:48:54 +0200] "GET / HTTP/1.1" 304 - "-" "Mozilla/5.0 (compatible; Googlebot/2.1; +http://www.google.com/bot.html)"
208.115.113.88 - - [19/Sep/2014:13:53:30 +0200] "GET /seiten/fsw.htm HTTP/1.1" 200 9961 "-" "Mozilla/5.0 (compatible; DotBot/1.1; http://www.opensiteexplorer.org/dotbot, help@moz.com)"
66.249.78.4 - - [19/Sep/2014:14:06:58 +0200] "GET /seiten/referenzen.htm HTTP/1.1" 304 - "-" "Mozilla/5.0 (compatible; Googlebot/2.1; +http://www.google.com/bot.html)"
208.115.113.87 - - [19/Sep/2014:14:52:15 +0200] "GET /seiten/databund.html HTTP/1.1" 200 9125 "-" "Mozilla/5.0 (compatible; DotBot/1.1; http://www.opensiteexplorer.org/dotbot, help@moz.com)"
80.190.97.186 - - [19/Sep/2014:15:30:17 +0200] "GET / HTTP/1.1" 200 7903 "-" "Mozilla/5.0 (X11; U; FreeBSD i386; en-US; rv:1.9.1.12) Gecko/20100912 Firefox/3.5.12"
141.8.147.12 - - [19/Sep/2014:15:56:52 +0200] "GET /robots.txt HTTP/1.1" 404 1256 "-" "Mozilla/5.0 (compatible; YandexBot/3.0; +http://yandex.com/bots)"
141.8.147.12 - - [19/Sep/2014:15:56:53 +0200] "GET /robots.txt HTTP/1.1" 404 1256 "-" "Mozilla/5.0 (compatible; YandexBot/3.0; +http://yandex.com/bots)"
141.8.147.12 - - [19/Sep/2014:15:56:53 +0200] "GET /robots.txt HTTP/1.1" 404 1256 "-" "Mozilla/5.0 (compatible; YandexBot/3.0; +http://yandex.com/bots)"
141.8.147.12 - - [19/Sep/2014:15:56:54 +0200] "GET /robots.txt HTTP/1.1" 404 1256 "-" "Mozilla/5.0 (compatible; YandexBot/3.0; +http://yandex.com/bots)"
141.8.147.12 - - [19/Sep/2014:15:56:54 +0200] "GET / HTTP/1.1" 200 7903 "-" "Mozilla/5.0 (compatible; YandexBot/3.0; +http://yandex.com/bots)"
141.8.147.12 - - [19/Sep/2014:15:56:55 +0200] "GET / HTTP/1.1" 200 7903 "-" "Mozilla/5.0 (compatible; YandexBot/3.0; +http://yandex.com/bots)"
141.8.147.12 - - [19/Sep/2014:15:56:55 +0200] "GET / HTTP/1.1" 200 7903 "-" "Mozilla/5.0 (compatible; YandexBot/3.0; +http://yandex.com/bots)"
141.8.147.12 - - [19/Sep/2014:15:56:56 +0200] "GET / HTTP/1.1" 200 7903 "-" "Mozilla/5.0 (compatible; YandexBot/3.0; +http://yandex.com/bots)"
141.8.147.12 - - [19/Sep/2014:15:56:58 +0200] "GET / HTTP/1.1" 200 7903 "-" "Mozilla/5.0 (compatible; YandexBot/3.0; +http://yandex.com/bots)"
141.8.147.12 - - [19/Sep/2014:15:56:58 +0200] "GET / HTTP/1.1" 200 7903 "-" "Mozilla/5.0 (compatible; YandexBot/3.0; +http://yandex.com/bots)"
141.8.147.12 - - [19/Sep/2014:15:56:59 +0200] "GET / HTTP/1.1" 200 7903 "-" "Mozilla/5.0 (compatible; YandexBot/3.0; +http://yandex.com/bots)"
141.8.147.12 - - [19/Sep/2014:15:57:00 +0200] "GET / HTTP/1.1" 200 7903 "-" "Mozilla/5.0 (compatible; YandexBot/3.0; +http://yandex.com/bots)"
144.76.16.210 - - [19/Sep/2014:16:01:16 +0200] "GET /robots.txt HTTP/1.0" 404 1256 "-" "Mozilla/5.0 (Windows NT 6.1; WOW64) AppleWebKit/537.36 (KHTML, like Gecko) Chrome/33.0.1750.146 Safari/537.36"
144.76.16.210 - - [19/Sep/2014:16:01:16 +0200] "GET / HTTP/1.0" 200 7903 "-" "Mozilla/5.0 (Windows NT 6.1; WOW64) AppleWebKit/537.36 (KHTML, like Gecko) Chrome/33.0.1750.146 Safari/537.36"
66.249.81.106 - - [19/Sep/2014:16:13:54 +0200] "GET / HTTP/1.1" 200 7903 "-" "Mozilla/5.0 (Windows NT 6.1; rv:6.0) Gecko/20110814 Firefox/6.0 Google favicon"
144.76.163.48 - - [19/Sep/2014:16:45:12 +0200] "GET /seiten/kontakt.php HTTP/1.1" 200 12788 "-" "Mozilla/5.0 (Windows NT 6.2; Win64; x64;) Gecko/20100101 Firefox/20.0"
92.247.200.182 - - [19/Sep/2014:16:55:19 +0200] "GET / HTTP/1.1" 200 7903 "http://www.prokommunal.com" "Opera/9.52 (Windows NT 5.1; U; en)"
157.55.39.151 - - [19/Sep/2014:17:43:29 +0200] "GET /seiten/service.htm HTTP/1.1" 304 - "-" "Mozilla/5.0 (compatible; bingbot/2.0; +http://www.bing.com/bingbot.htm)"
119.63.196.74 - - [19/Sep/2014:18:22:33 +0200] "GET / HTTP/1.1" 200 7903 "-" "Mozilla/5.0 (compatible; Baiduspider/2.0; +http://www.baidu.com/search/spider.html)"
66.249.64.127 - - [19/Sep/2014:20:02:01 +0200] "GET /robots.txt HTTP/1.1" 404 1256 "-" "Mozilla/5.0 (compatible; Googlebot/2.1; +http://www.google.com/bot.html)"
66.249.78.252 - - [19/Sep/2014:20:02:01 +0200] "GET /seiten/referenzen.htm HTTP/1.1" 304 - "-" "Mozilla/5.0 (compatible; Googlebot/2.1; +http://www.google.com/bot.html)"
37.58.100.150 - - [19/Sep/2014:20:25:09 +0200] "GET /seiten/partner.htm HTTP/1.1" 200 9458 "-" "Mozilla/5.0 (compatible; AhrefsBot/5.0; +http://ahrefs.com/robot/)"
208.115.113.84 - - [19/Sep/2014:20:30:27 +0200] "GET /robots.txt HTTP/1.1" 404 1256 "-" "Mozilla/5.0 (compatible; DotBot/1.1; http://www.opensiteexplorer.org/dotbot, help@moz.com)"
66.249.78.4 - - [19/Sep/2014:20:47:39 +0200] "GET / HTTP/1.1" 304 - "-" "Mozilla/5.0 (compatible; Googlebot/2.1; +http://www.google.com/bot.html)"
92.247.200.182 - - [19/Sep/2014:20:50:09 +0200] "GET / HTTP/1.1" 200 7903 "http://www.prokommunal.com" "Mozilla/4.05 (Macintosh; I; PPC Nav)"
162.210.196.130 - - [19/Sep/2014:21:04:38 +0200] "GET /robots.txt HTTP/1.0" 404 1256 "-" "Mozilla/5.0 (compatible; MJ12bot/v1.4.5; http://www.majestic12.co.uk/bot.php?+)"
162.210.196.130 - - [19/Sep/2014:21:04:40 +0200] "GET / HTTP/1.0" 200 7903 "-" "Mozilla/5.0 (compatible; MJ12bot/v1.4.5; http://www.majestic12.co.uk/bot.php?+)"
107.178.200.62 - - [19/Sep/2014:21:12:12 +0200] "GET /favicon.ico HTTP/1.1" 200 894 "-" "AppEngine-Google; (+http://code.google.com/appengine; appid: s~getfavicon27)"
87.152.243.102 - - [19/Sep/2014:21:16:30 +0200] "GET /seiten/referenzen.htm HTTP/1.1" 200 40565 "https://duckduckgo.com/" "Mozilla/5.0 (iPad; CPU OS 8_0 like Mac OS X) AppleWebKit/600.1.4 (KHTML, like Gecko) Version/8.0 Mobile/12A365 Safari/600.1.4"
87.152.243.102 - - [19/Sep/2014:21:16:30 +0200] "GET /img/head03.jpg HTTP/1.1" 200 7610 "http://www.prokommunal.com/seiten/referenzen.htm" "Mozilla/5.0 (iPad; CPU OS 8_0 like Mac OS X) AppleWebKit/600.1.4 (KHTML, like Gecko) Version/8.0 Mobile/12A365 Safari/600.1.4"
87.152.243.102 - - [19/Sep/2014:21:16:30 +0200] "GET /img/head02.jpg HTTP/1.1" 200 4929 "http://www.prokommunal.com/seiten/referenzen.htm" "Mozilla/5.0 (iPad; CPU OS 8_0 like Mac OS X) AppleWebKit/600.1.4 (KHTML, like Gecko) Version/8.0 Mobile/12A365 Safari/600.1.4"
87.152.243.102 - - [19/Sep/2014:21:16:30 +0200] "GET /css/style.css HTTP/1.1" 200 3549 "http://www.prokommunal.com/seiten/referenzen.htm" "Mozilla/5.0 (iPad; CPU OS 8_0 like Mac OS X) AppleWebKit/600.1.4 (KHTML, like Gecko) Version/8.0 Mobile/12A365 Safari/600.1.4"
87.152.243.102 - - [19/Sep/2014:21:16:31 +0200] "GET /img/top.gif HTTP/1.1" 200 96 "http://www.prokommunal.com/seiten/referenzen.htm" "Mozilla/5.0 (iPad; CPU OS 8_0 like Mac OS X) AppleWebKit/600.1.4 (KHTML, like Gecko) Version/8.0 Mobile/12A365 Safari/600.1.4"
87.152.243.102 - - [19/Sep/2014:21:16:32 +0200] "GET /scripte/basics.js HTTP/1.1" 200 198 "http://www.prokommunal.com/seiten/referenzen.htm" "Mozilla/5.0 (iPad; CPU OS 8_0 like Mac OS X) AppleWebKit/600.1.4 (KHTML, like Gecko) Version/8.0 Mobile/12A365 Safari/600.1.4"
87.152.243.102 - - [19/Sep/2014:21:16:32 +0200] "GET /img/head01.jpg HTTP/1.1" 200 6350 "http://www.prokommunal.com/seiten/referenzen.htm" "Mozilla/5.0 (iPad; CPU OS 8_0 like Mac OS X) AppleWebKit/600.1.4 (KHTML, like Gecko) Version/8.0 Mobile/12A365 Safari/600.1.4"
87.152.243.102 - - [19/Sep/2014:21:16:32 +0200] "GET /redesign/img/bg_gelb.jpg HTTP/1.1" 200 368 "http://www.prokommunal.com/seiten/referenzen.htm" "Mozilla/5.0 (iPad; CPU OS 8_0 like Mac OS X) AppleWebKit/600.1.4 (KHTML, like Gecko) Version/8.0 Mobile/12A365 Safari/600.1.4"
87.152.243.102 - - [19/Sep/2014:21:16:32 +0200] "GET /img/men_01.jpg HTTP/1.1" 200 713 "http://www.prokommunal.com/seiten/referenzen.htm" "Mozilla/5.0 (iPad; CPU OS 8_0 like Mac OS X) AppleWebKit/600.1.4 (KHTML, like Gecko) Version/8.0 Mobile/12A365 Safari/600.1.4"
87.152.243.102 - - [19/Sep/2014:21:16:32 +0200] "GET /redesign/img/bg_foot.gif HTTP/1.1" 200 286 "http://www.prokommunal.com/seiten/referenzen.htm" "Mozilla/5.0 (iPad; CPU OS 8_0 like Mac OS X) AppleWebKit/600.1.4 (KHTML, like Gecko) Version/8.0 Mobile/12A365 Safari/600.1.4"
37.58.100.143 - - [19/Sep/2014:21:40:12 +0200] "GET /seiten/referenzen.htm HTTP/1.1" 200 40565 "-" "Mozilla/5.0 (compatible; AhrefsBot/5.0; +http://ahrefs.com/robot/)"
208.115.113.84 - - [19/Sep/2014:21:48:10 +0200] "GET /seiten/referenzen.htm HTTP/1.1" 200 40565 "-" "Mozilla/5.0 (compatible; DotBot/1.1; http://www.opensiteexplorer.org/dotbot, help@moz.com)"
178.255.215.65 - - [19/Sep/2014:21:50:14 +0200] "GET /robots.txt HTTP/1.1" 404 1256 "-" "Mozilla/5.0 (compatible; Exabot/3.0; +http://www.exabot.com/go/robot)"
178.255.215.65 - - [19/Sep/2014:21:50:15 +0200] "GET / HTTP/1.1" 304 - "-" "Mozilla/5.0 (compatible; Exabot/3.0; +http://www.exabot.com/go/robot)"
81.0.199.226 - - [19/Sep/2014:22:48:23 +0200] "GET / HTTP/1.1" 200 7903 "-" "Mozilla/5.0 (Macintosh; Intel Mac OS X 10.7; rv:22.0) Gecko/20100101 Firefox/22.0"
208.115.111.71 - - [19/Sep/2014:23:06:38 +0200] "GET /robots.txt HTTP/1.1" 404 1256 "-" "Mozilla/5.0 (compatible; DotBot/1.1; http://www.opensiteexplorer.org/dotbot, help@moz.com)"
123.125.71.30 - - [19/Sep/2014:23:38:31 +0200] "GET / HTTP/1.1" 200 7903 "-" "Mozilla/5.0 (compatible; Baiduspider/2.0; +http://www.baidu.com/search/spider.html)"
220.181.108.119 - - [19/Sep/2014:23:38:31 +0200] "GET / HTTP/1.1" 200 7903 "-" "Mozilla/5.0 (compatible; Baiduspider/2.0; +http://www.baidu.com/search/spider.html)"
123.125.71.27 - - [19/Sep/2014:23:52:28 +0200] "GET / HTTP/1.1" 200 7903 "-" "Mozilla/5.0 (compatible; Baiduspider/2.0; +http://www.baidu.com/search/spider.html)"
220.181.108.116 - - [19/Sep/2014:23:52:28 +0200] "GET / HTTP/1.1" 200 7903 "-" "Mozilla/5.0 (compatible; Baiduspider/2.0; +http://www.baidu.com/search/spider.html)"
37.58.100.230 - - [20/Sep/2014:00:08:56 +0200] "GET /robots.txt HTTP/1.1" 404 1256 "-" "Mozilla/5.0 (compatible; AhrefsBot/5.0; +http://ahrefs.com/robot/)"
92.247.200.182 - - [20/Sep/2014:00:31:13 +0200] "GET / HTTP/1.1" 200 7903 "http://www.prokommunal.com" "DonutP; Windows98SE"
92.247.200.182 - - [20/Sep/2014:00:31:13 +0200] "GET /scripte/basics.js HTTP/1.1" 200 198 "http://www.prokommunal.com/" "WebCopier vx.x"
92.247.200.182 - - [20/Sep/2014:00:31:14 +0200] "GET /seiten/databund.html HTTP/1.1" 200 9125 "http://www.prokommunal.com/" "Jeode/1.x.x"
92.247.200.182 - - [20/Sep/2014:00:31:14 +0200] "GET /seiten/fahrlehrerwesen.htm HTTP/1.1" 200 7168 "http://www.prokommunal.com/" "Aplix HTTP/1.0.1"
92.247.200.182 - - [20/Sep/2014:00:31:14 +0200] "GET /seiten/fsw.htm HTTP/1.1" 200 9961 "http://www.prokommunal.com/" "Mozilla/5.0 (Macintosh; U; PPC Mac OS X Mach-O; en-US; rv:1.0.1) Gecko/20021219 Chimera/0.6"
92.247.200.182 - - [20/Sep/2014:00:31:14 +0200] "GET /seiten/impr.htm HTTP/1.1" 200 8696 "http://www.prokommunal.com/" "Mozilla/3.0 WebTV/1.2 (compatible; MSIE 2.0)"
92.247.200.182 - - [20/Sep/2014:00:31:14 +0200] "GET /seiten/kontakt.php HTTP/1.1" 200 12788 "http://www.prokommunal.com/" "Mozilla/4.0 (compatible; MSIE 5.5; Windows 98; Win 9x 4.90; BTinternet V8.1)"
92.247.200.182 - - [20/Sep/2014:00:31:14 +0200] "GET /seiten/kontroll.htm HTTP/1.1" 200 6599 "http://www.prokommunal.com/" "Mozilla/4.0 (compatible; MSIE 5.0; Windows NT; Girafabot; girafabot at girafa dot com; http://www.girafa.com)"
92.247.200.182 - - [20/Sep/2014:00:31:14 +0200] "GET /seiten/kraftverkehr.htm HTTP/1.1" 200 9210 "http://www.prokommunal.com/" "Sunrise/0.42g (Windows XP)"
92.247.200.182 - - [20/Sep/2014:00:31:14 +0200] "GET /seiten/partner.htm HTTP/1.1" 200 9458 "http://www.prokommunal.com/" "Mozilla/4.61 [de] (OS/2; I)"
92.247.200.182 - - [20/Sep/2014:00:31:14 +0200] "GET /seiten/produkte.htm HTTP/1.1" 200 9105 "http://www.prokommunal.com/" "1st ZipCommander (Net) - http://www.zipcommander.com/"
92.247.200.182 - - [20/Sep/2014:00:31:15 +0200] "GET /seiten/referenzen.htm HTTP/1.1" 200 40565 "http://www.prokommunal.com/" "Mozilla/4.0 (compatible; MSIE 4.01; Windows NT)"
92.247.200.182 - - [20/Sep/2014:00:31:18 +0200] "GET /seiten/service.htm HTTP/1.1" 200 9248 "http://www.prokommunal.com/" "Microsoft Data Access Internet Publishing Provider DAV"
208.115.111.71 - - [20/Sep/2014:00:59:35 +0200] "GET /seiten/partner.htm HTTP/1.1" 200 9458 "-" "Mozilla/5.0 (compatible; DotBot/1.1; http://www.opensiteexplorer.org/dotbot, help@moz.com)"
178.63.14.15 - - [20/Sep/2014:01:02:37 +0200] "GET / HTTP/1.1" 200 7903 "-" "Mozilla/4.0 (compatible; MSIE 6.0; Windows NT 5.1; SV1; .NET CLR 1.1.4322)"
178.63.14.15 - - [20/Sep/2014:01:02:38 +0200] "GET /robots.txt HTTP/1.1" 404 1256 "-" "libwww-perl/6.05"
178.63.14.15 - - [20/Sep/2014:01:02:38 +0200] "GET / HTTP/1.1" 200 7903 "-" "Mozilla/4.0 (compatible; MSIE 6.0; Windows NT 5.1; SV1; .NET CLR 1.1.4322)"
178.63.14.15 - - [20/Sep/2014:01:02:38 +0200] "GET /seiten/impr.htm HTTP/1.1" 200 8696 "http://www.prokommunal.com/" "Mozilla/4.0 (compatible; MSIE 6.0; Windows NT 5.1; SV1; .NET CLR 1.1.4322)"
178.63.14.15 - - [20/Sep/2014:01:02:38 +0200] "GET /seiten/service.htm HTTP/1.1" 200 9248 "http://www.prokommunal.com/seiten/impr.htm" "Mozilla/4.0 (compatible; MSIE 6.0; Windows NT 5.1; SV1; .NET CLR 1.1.4322)"
178.63.14.15 - - [20/Sep/2014:01:02:38 +0200] "GET /seiten/referenzen.htm HTTP/1.1" 200 40565 "http://www.prokommunal.com/seiten/service.htm" "Mozilla/4.0 (compatible; MSIE 6.0; Windows NT 5.1; SV1; .NET CLR 1.1.4322)"
178.63.14.15 - - [20/Sep/2014:01:02:38 +0200] "GET /seiten/databund.html HTTP/1.1" 200 9125 "http://www.prokommunal.com/seiten/referenzen.htm" "Mozilla/4.0 (compatible; MSIE 6.0; Windows NT 5.1; SV1; .NET CLR 1.1.4322)"
178.63.14.15 - - [20/Sep/2014:01:02:38 +0200] "GET /seiten/partner.htm HTTP/1.1" 200 9458 "http://www.prokommunal.com/seiten/databund.html" "Mozilla/4.0 (compatible; MSIE 6.0; Windows NT 5.1; SV1; .NET CLR 1.1.4322)"
178.63.14.15 - - [20/Sep/2014:01:02:38 +0200] "GET /seiten/term14.pdf HTTP/1.1" 200 9596 "http://www.prokommunal.com/seiten/partner.htm" "Mozilla/4.0 (compatible; MSIE 6.0; Windows NT 5.1; SV1; .NET CLR 1.1.4322)"
178.63.14.15 - - [20/Sep/2014:01:02:39 +0200] "GET /seiten/produkte.htm HTTP/1.1" 200 9105 "http://www.prokommunal.com/seiten/term14.pdf" "Mozilla/4.0 (compatible; MSIE 6.0; Windows NT 5.1; SV1; .NET CLR 1.1.4322)"
178.63.14.15 - - [20/Sep/2014:01:02:39 +0200] "GET /seiten/kontroll.htm HTTP/1.1" 200 6599 "http://www.prokommunal.com/seiten/produkte.htm" "Mozilla/4.0 (compatible; MSIE 6.0; Windows NT 5.1; SV1; .NET CLR 1.1.4322)"
178.63.14.15 - - [20/Sep/2014:01:02:39 +0200] "GET /seiten/fsw.htm HTTP/1.1" 200 9961 "http://www.prokommunal.com/seiten/kontroll.htm" "Mozilla/4.0 (compatible; MSIE 6.0; Windows NT 5.1; SV1; .NET CLR 1.1.4322)"
178.63.14.15 - - [20/Sep/2014:01:02:39 +0200] "GET /seiten/kraftverkehr.htm HTTP/1.1" 200 9210 "http://www.prokommunal.com/seiten/fsw.htm" "Mozilla/4.0 (compatible; MSIE 6.0; Windows NT 5.1; SV1; .NET CLR 1.1.4322)"
178.63.14.15 - - [20/Sep/2014:01:02:39 +0200] "GET /seiten/fahrlehrerwesen.htm HTTP/1.1" 200 7168 "http://www.prokommunal.com/seiten/kraftverkehr.htm" "Mozilla/4.0 (compatible; MSIE 6.0; Windows NT 5.1; SV1; .NET CLR 1.1.4322)"
178.63.14.15 - - [20/Sep/2014:01:02:39 +0200] "GET /seiten/kontakt.php HTTP/1.1" 200 12788 "http://www.prokommunal.com/seiten/fahrlehrerwesen.htm" "Mozilla/4.0 (compatible; MSIE 6.0; Windows NT 5.1; SV1; .NET CLR 1.1.4322)"
208.115.113.87 - - [20/Sep/2014:01:05:55 +0200] "GET /robots.txt HTTP/1.1" 404 1256 "-" "Mozilla/5.0 (compatible; DotBot/1.1; http://www.opensiteexplorer.org/dotbot, help@moz.com)"
80.190.97.186 - - [20/Sep/2014:01:26:34 +0200] "GET / HTTP/1.1" 200 7903 "-" "Mozilla/5.0 (X11; U; FreeBSD i386; en-US; rv:1.9.1.12) Gecko/20100912 Firefox/3.5.12"
37.58.100.150 - - [20/Sep/2014:01:34:32 +0200] "GET /seiten/produkte.htm HTTP/1.1" 200 9105 "-" "Mozilla/5.0 (compatible; AhrefsBot/5.0; +http://ahrefs.com/robot/)"
157.55.39.183 - - [20/Sep/2014:02:02:38 +0200] "GET / HTTP/1.1" 200 7903 "-" "Mozilla/5.0 (compatible; bingbot/2.0; +http://www.bing.com/bingbot.htm)"
208.115.113.87 - - [20/Sep/2014:02:19:52 +0200] "GET /seiten/produkte.htm HTTP/1.1" 200 9105 "-" "Mozilla/5.0 (compatible; DotBot/1.1; http://www.opensiteexplorer.org/dotbot, help@moz.com)"
66.249.78.4 - - [20/Sep/2014:02:31:36 +0200] "GET /img/hsh.jpg HTTP/1.1" 304 - "-" "Googlebot-Image/1.0"
220.181.108.100 - - [20/Sep/2014:02:38:50 +0200] "GET / HTTP/1.1" 200 7903 "-" "Mozilla/5.0 (compatible; Baiduspider/2.0; +http://www.baidu.com/search/spider.html)"
123.125.71.57 - - [20/Sep/2014:02:38:50 +0200] "GET / HTTP/1.1" 200 7903 "-" "Mozilla/5.0 (compatible; Baiduspider/2.0; +http://www.baidu.com/search/spider.html)"
92.247.200.182 - - [20/Sep/2014:04:08:00 +0200] "GET / HTTP/1.1" 200 7903 "http://www.prokommunal.com/" "Barca/2.0.xxxx"
80.190.97.186 - - [20/Sep/2014:04:22:16 +0200] "GET / HTTP/1.1" 200 7903 "-" "Mozilla/5.0 (X11; U; FreeBSD i386; en-US; rv:1.9.1.12) Gecko/20100912 Firefox/3.5.12"
157.55.39.9 - - [20/Sep/2014:04:59:09 +0200] "GET /seiten/referenzen.htm HTTP/1.1" 200 40565 "-" "Mozilla/5.0 (compatible; bingbot/2.0; +http://www.bing.com/bingbot.htm)"
207.46.13.46 - - [20/Sep/2014:04:59:19 +0200] "GET /css/style.css HTTP/1.1" 200 3549 "-" "Mozilla/5.0 (compatible; bingbot/2.0; +http://www.bing.com/bingbot.htm)"
207.46.13.46 - - [20/Sep/2014:04:59:19 +0200] "GET /scripte/basics.js HTTP/1.1" 200 198 "-" "Mozilla/5.0 (compatible; bingbot/2.0; +http://www.bing.com/bingbot.htm)"
157.55.39.9 - - [20/Sep/2014:05:00:02 +0200] "GET /robots.txt HTTP/1.1" 404 1256 "-" "Mozilla/5.0 (compatible; bingbot/2.0; +http://www.bing.com/bingbot.htm)"
157.55.39.9 - - [20/Sep/2014:05:00:03 +0200] "GET /robots.txt HTTP/1.1" 404 1256 "-" "Mozilla/5.0 (compatible; bingbot/2.0; +http://www.bing.com/bingbot.htm)"
157.55.39.9 - - [20/Sep/2014:05:00:03 +0200] "GET /robots.txt HTTP/1.1" 404 1256 "-" "Mozilla/5.0 (compatible; bingbot/2.0; +http://www.bing.com/bingbot.htm)"
130.149.225.148 - - [20/Sep/2014:06:27:27 +0200] "GET / HTTP/1.1" 200 7903 "-" "-"
92.247.200.182 - - [20/Sep/2014:07:39:55 +0200] "GET / HTTP/1.1" 200 7903 "http://www.prokommunal.com" "Mozilla/5.0 (X11; U; Linux i686; en-US; rv:0.9.3) Gecko/20010801"
92.247.200.182 - - [20/Sep/2014:07:39:55 +0200] "GET /scripte/basics.js HTTP/1.1" 200 198 "http://www.prokommunal.com/" "Mozilla/5.0 (Macintosh; U; PPC Mac OS X; en-US) AppleWebKit/xx (KHTML like Gecko) OmniWeb/v5xx.xx"
92.247.200.182 - - [20/Sep/2014:07:39:55 +0200] "GET /seiten/databund.html HTTP/1.1" 200 9125 "http://www.prokommunal.com/" "Science Traveller International 1X/1.0"
92.247.200.182 - - [20/Sep/2014:07:39:55 +0200] "GET /seiten/fahrlehrerwesen.htm HTTP/1.1" 200 7168 "http://www.prokommunal.com/" "Mozilla/3.04 (compatible; ANTFresco/2.13; RISC OS 4.02)"
92.247.200.182 - - [20/Sep/2014:07:39:55 +0200] "GET /seiten/fsw.htm HTTP/1.1" 200 9961 "http://www.prokommunal.com/" "Mozilla/3.0 (Planetweb/2.100 JS SSL US; Dreamcast US)"
92.247.200.182 - - [20/Sep/2014:07:39:55 +0200] "GET /seiten/impr.htm HTTP/1.1" 200 8696 "http://www.prokommunal.com/" "MSFrontPage/4.0"
92.247.200.182 - - [20/Sep/2014:07:39:55 +0200] "GET /seiten/kontroll.htm HTTP/1.1" 200 6599 "http://www.prokommunal.com/" "intraVnews/1.x"
92.247.200.182 - - [20/Sep/2014:07:39:55 +0200] "GET /seiten/kontakt.php HTTP/1.1" 200 12788 "http://www.prokommunal.com/" "Mozilla/4.0 (compatible; MSIE 6.0; Windows NT 5.1; SV1; MRA 4.3 (build 01218))"
92.247.200.182 - - [20/Sep/2014:07:39:55 +0200] "GET /seiten/kraftverkehr.htm HTTP/1.1" 200 9210 "http://www.prokommunal.com/" "W3CLineMode/5.4.0 libwww/5.x.x"
92.247.200.182 - - [20/Sep/2014:07:39:56 +0200] "GET /seiten/partner.htm HTTP/1.1" 200 9458 "http://www.prokommunal.com/" "Mozilla/4.5 (compatible; OmniWeb/4.0.5; Mac_PowerPC)"
91.97.184.36 - - [20/Sep/2014:07:54:37 +0200] "GET /seiten/fsw.htm HTTP/1.1" 200 9961 "http://www.google.de/url?sa=t&rct=j&q=&esrc=s&source=web&cd=7&ved=0CFIQFjAG&url=http%3A%2F%2Fwww.prokommunal.com%2Fseiten%2Ffsw.htm&ei=ARYdVIjSH4jWPI7JgMgK&usg=AFQjCNERYeHHc5tqnWyCzuVfTvyCJ3K0AQ" "Mozilla/5.0 (Windows NT 6.1; WOW64; Trident/7.0; rv:11.0) like Gecko"
91.97.184.36 - - [20/Sep/2014:07:54:37 +0200] "GET /css/style.css HTTP/1.1" 200 3549 "http://www.prokommunal.com/seiten/fsw.htm" "Mozilla/5.0 (Windows NT 6.1; WOW64; Trident/7.0; rv:11.0) like Gecko"
91.97.184.36 - - [20/Sep/2014:07:54:37 +0200] "GET /scripte/basics.js HTTP/1.1" 200 198 "http://www.prokommunal.com/seiten/fsw.htm" "Mozilla/5.0 (Windows NT 6.1; WOW64; Trident/7.0; rv:11.0) like Gecko"
91.97.184.36 - - [20/Sep/2014:07:54:37 +0200] "GET /img/head01.jpg HTTP/1.1" 200 6350 "http://www.prokommunal.com/seiten/fsw.htm" "Mozilla/5.0 (Windows NT 6.1; WOW64; Trident/7.0; rv:11.0) like Gecko"
91.97.184.36 - - [20/Sep/2014:07:54:37 +0200] "GET /img/head03.jpg HTTP/1.1" 200 7610 "http://www.prokommunal.com/seiten/fsw.htm" "Mozilla/5.0 (Windows NT 6.1; WOW64; Trident/7.0; rv:11.0) like Gecko"
91.97.184.36 - - [20/Sep/2014:07:54:37 +0200] "GET /img/head02.jpg HTTP/1.1" 200 4929 "http://www.prokommunal.com/seiten/fsw.htm" "Mozilla/5.0 (Windows NT 6.1; WOW64; Trident/7.0; rv:11.0) like Gecko"
91.97.184.36 - - [20/Sep/2014:07:54:37 +0200] "GET /img/1px_tr.gif HTTP/1.1" 200 43 "http://www.prokommunal.com/seiten/fsw.htm" "Mozilla/5.0 (Windows NT 6.1; WOW64; Trident/7.0; rv:11.0) like Gecko"
91.97.184.36 - - [20/Sep/2014:07:54:37 +0200] "GET /img/top.gif HTTP/1.1" 200 96 "http://www.prokommunal.com/seiten/fsw.htm" "Mozilla/5.0 (Windows NT 6.1; WOW64; Trident/7.0; rv:11.0) like Gecko"
91.97.184.36 - - [20/Sep/2014:07:54:37 +0200] "GET /img/fsw.jpg HTTP/1.1" 200 10878 "http://www.prokommunal.com/seiten/fsw.htm" "Mozilla/5.0 (Windows NT 6.1; WOW64; Trident/7.0; rv:11.0) like Gecko"
91.97.184.36 - - [20/Sep/2014:07:54:37 +0200] "GET /redesign/img/bg_gelb.jpg HTTP/1.1" 200 368 "http://www.prokommunal.com/seiten/fsw.htm" "Mozilla/5.0 (Windows NT 6.1; WOW64; Trident/7.0; rv:11.0) like Gecko"
91.97.184.36 - - [20/Sep/2014:07:54:37 +0200] "GET /img/men_01.jpg HTTP/1.1" 200 713 "http://www.prokommunal.com/seiten/fsw.htm" "Mozilla/5.0 (Windows NT 6.1; WOW64; Trident/7.0; rv:11.0) like Gecko"
91.97.184.36 - - [20/Sep/2014:07:54:37 +0200] "GET /redesign/img/bg_foot.gif HTTP/1.1" 200 286 "http://www.prokommunal.com/seiten/fsw.htm" "Mozilla/5.0 (Windows NT 6.1; WOW64; Trident/7.0; rv:11.0) like Gecko"
91.97.184.36 - - [20/Sep/2014:07:54:37 +0200] "GET /favicon.ico HTTP/1.1" 200 894 "-" "Mozilla/5.0 (Windows NT 6.1; Win64; x64; Trident/7.0; rv:11.0) like Gecko"
157.55.39.240 - - [20/Sep/2014:08:05:51 +0200] "GET /seiten/produkte.htm HTTP/1.1" 304 - "-" "Mozilla/5.0 (compatible; bingbot/2.0; +http://www.bing.com/bingbot.htm)"
42.156.136.51 - - [20/Sep/2014:08:42:02 +0200] "GET / HTTP/1.1" 200 7903 "-" "YisouSpider"
157.55.39.183 - - [20/Sep/2014:10:20:58 +0200] "GET /robots.txt HTTP/1.1" 404 1256 "-" "Mozilla/5.0 (compatible; bingbot/2.0; +http://www.bing.com/bingbot.htm)"
157.55.39.183 - - [20/Sep/2014:10:21:01 +0200] "GET / HTTP/1.1" 304 - "-" "Mozilla/5.0 (compatible; bingbot/2.0; +http://www.bing.com/bingbot.htm)"
141.8.147.12 - - [20/Sep/2014:10:30:16 +0200] "GET /robots.txt HTTP/1.1" 404 1256 "-" "Mozilla/5.0 (compatible; YandexBot/3.0; +http://yandex.com/bots)"
101.226.167.237 - - [20/Sep/2014:11:18:28 +0200] "GET /robots.txt HTTP/1.1" 404 1256 "http://www.prokommunal.com/robots.txt" "Mozilla/5.0 (Windows NT 6.1) AppleWebKit/537.1 (KHTML, like Gecko) Chrome/21.0.1180.89 Safari/537.1; 360Spider"
92.247.200.182 - - [20/Sep/2014:11:23:02 +0200] "GET / HTTP/1.1" 200 7903 "http://www.prokommunal.com/" "Mozilla/5.0 (Windows; U; Windows NT 5.1; en-US; rv:x.xxx) Gecko/20041027 Mnenhy/0.6.0.104"
92.247.200.182 - - [20/Sep/2014:11:23:02 +0200] "GET /false.htm HTTP/1.1" 200 2749 "http://www.prokommunal.com/" "Mozilla/4.5b1 [en] (X11; I; Linux 2.0.35 i586)"
92.247.200.182 - - [20/Sep/2014:11:23:02 +0200] "GET / HTTP/1.1" 200 7903 "http://www.prokommunal.com" "Mozilla/4.0 (compatible; MSIE 5.0; AOL 5.0; Windows 95; DigExt; Gateway2000; sureseeker.com)"
66.249.78.247 - - [20/Sep/2014:12:06:23 +0200] "GET /robots.txt HTTP/1.1" 404 1256 "-" "Mozilla/5.0 (compatible; Googlebot/2.1; +http://www.google.com/bot.html)"
66.249.78.247 - - [20/Sep/2014:12:06:23 +0200] "GET /img/head01.jpg HTTP/1.1" 200 6350 "-" "Googlebot-Image/1.0"
208.115.113.88 - - [20/Sep/2014:13:03:03 +0200] "GET /robots.txt HTTP/1.1" 404 1256 "-" "Mozilla/5.0 (compatible; DotBot/1.1; http://www.opensiteexplorer.org/dotbot, help@moz.com)"
204.236.226.210 - - [20/Sep/2014:13:21:20 +0200] "GET /robots.txt HTTP/1.0" 404 1256 "-" "ia_archiver (+http://www.alexa.com/site/help/webmasters; crawler@alexa.com)"
204.236.226.210 - - [20/Sep/2014:13:21:21 +0200] "GET /seiten/referenzen.htm HTTP/1.0" 200 40565 "-" "ia_archiver (+http://www.alexa.com/site/help/webmasters; crawler@alexa.com)"
141.8.147.12 - - [20/Sep/2014:13:23:35 +0200] "GET /img/1px_tr.gif HTTP/1.1" 304 - "-" "Mozilla/5.0 (compatible; YandexBot/3.0; +http://yandex.com/bots)"
78.46.161.103 - - [20/Sep/2014:13:40:25 +0200] "GET /robots.txt HTTP/1.1" 404 1256 "-" "Mozilla/5.0 (compatible; SearchmetricsBot; http://www.searchmetrics.com/en/searchmetrics-bot/)"
78.46.161.103 - - [20/Sep/2014:13:40:26 +0200] "GET / HTTP/1.1" 200 7903 "-" "Mozilla/5.0 (compatible; SearchmetricsBot; http://www.searchmetrics.com/en/searchmetrics-bot/)"
78.46.161.103 - - [20/Sep/2014:13:40:26 +0200] "GET /seiten/service.htm HTTP/1.1" 200 9248 "-" "Mozilla/5.0 (compatible; SearchmetricsBot; http://www.searchmetrics.com/en/searchmetrics-bot/)"
78.46.161.103 - - [20/Sep/2014:13:40:26 +0200] "GET /seiten/impr.htm HTTP/1.1" 200 8696 "-" "Mozilla/5.0 (compatible; SearchmetricsBot; http://www.searchmetrics.com/en/searchmetrics-bot/)"
78.46.161.103 - - [20/Sep/2014:13:40:26 +0200] "GET /seiten/databund.html HTTP/1.1" 200 9125 "-" "Mozilla/5.0 (compatible; SearchmetricsBot; http://www.searchmetrics.com/en/searchmetrics-bot/)"
78.46.161.103 - - [20/Sep/2014:13:40:26 +0200] "GET /seiten/partner.htm HTTP/1.1" 200 9458 "-" "Mozilla/5.0 (compatible; SearchmetricsBot; http://www.searchmetrics.com/en/searchmetrics-bot/)"
78.46.161.103 - - [20/Sep/2014:13:40:26 +0200] "GET /seiten/kontakt.php HTTP/1.1" 200 12788 "-" "Mozilla/5.0 (compatible; SearchmetricsBot; http://www.searchmetrics.com/en/searchmetrics-bot/)"
78.46.161.103 - - [20/Sep/2014:13:40:26 +0200] "GET /seiten/referenzen.htm HTTP/1.1" 200 40565 "-" "Mozilla/5.0 (compatible; SearchmetricsBot; http://www.searchmetrics.com/en/searchmetrics-bot/)"
78.46.161.103 - - [20/Sep/2014:13:40:26 +0200] "GET /seiten/produkte.htm HTTP/1.1" 200 9105 "-" "Mozilla/5.0 (compatible; SearchmetricsBot; http://www.searchmetrics.com/en/searchmetrics-bot/)"
208.115.113.88 - - [20/Sep/2014:13:55:24 +0200] "GET /seiten/referenzen.htm HTTP/1.1" 200 40565 "-" "Mozilla/5.0 (compatible; DotBot/1.1; http://www.opensiteexplorer.org/dotbot, help@moz.com)"
80.190.97.186 - - [20/Sep/2014:14:15:24 +0200] "GET / HTTP/1.1" 200 7903 "-" "Mozilla/5.0 (X11; U; FreeBSD i386; en-US; rv:1.9.1.12) Gecko/20100912 Firefox/3.5.12"
157.55.39.151 - - [20/Sep/2014:14:24:03 +0200] "GET /robots.txt HTTP/1.1" 404 1256 "-" "Mozilla/5.0 (compatible; bingbot/2.0; +http://www.bing.com/bingbot.htm)"
157.55.39.151 - - [20/Sep/2014:14:24:09 +0200] "GET /seiten/fahrlehrerwesen.htm HTTP/1.1" 304 - "-" "Mozilla/5.0 (compatible; bingbot/2.0; +http://www.bing.com/bingbot.htm)"
92.247.200.182 - - [20/Sep/2014:15:08:49 +0200] "GET /scripte/basics.js HTTP/1.1" 200 198 "http://www.prokommunal.com/" "Aplix HTTP/1.0.1"
92.247.200.182 - - [20/Sep/2014:15:08:49 +0200] "GET / HTTP/1.1" 200 7903 "http://www.prokommunal.com" "iCab/2.5.2 (Macintosh; I; PPC)"
157.55.39.183 - - [20/Sep/2014:15:20:46 +0200] "GET / HTTP/1.1" 200 7903 "-" "Mozilla/5.0 (compatible; bingbot/2.0; +http://www.bing.com/bingbot.htm)"
141.8.147.12 - - [20/Sep/2014:16:17:27 +0200] "GET /img/top.gif HTTP/1.1" 304 - "-" "Mozilla/5.0 (compatible; YandexBot/3.0; +http://yandex.com/bots)"
122.96.59.107 - - [20/Sep/2014:16:21:23 +0200] "GET http://www.prokommunal.com/seiten/databund.html++++++++++++++++++++++++++++++++++Result:+using+proxy+202.171.253.98:80;+no+post+sending+forms+are+found; HTTP/1.0" 404 1256 "http://www.prokommunal.com/seiten/databund.html++++++++++++++++++++++++++++++++++Result:+using+proxy+202.171.253.98:80;+no+post+sending+forms+are+found;" "Mozilla/5.0 (Windows NT 5.1; rv:31.0) Gecko/20100101 Firefox/31.0"
190.38.189.50 - - [20/Sep/2014:16:21:25 +0200] "GET /seiten/databund.html++++++++++++++++++++++++++++++++++Result:+using+proxy+202.171.253.98:80;+no+post+sending+forms+are+found; HTTP/1.0" 404 1256 "http://www.prokommunal.com/seiten/databund.html++++++++++++++++++++++++++++++++++Result:+using+proxy+202.171.253.98:80;+no+post+sending+forms+are+found;" "Mozilla/5.0 (Windows NT 5.1; rv:31.0) Gecko/20100101 Firefox/31.0"
190.201.217.197 - - [20/Sep/2014:16:21:41 +0200] "GET /seiten/databund.html++++++++++++++++++++++++++++++++++Result:+using+proxy+202.171.253.98:80;+no+post+sending+forms+are+found; HTTP/1.0" 404 1256 "http://www.prokommunal.com/seiten/databund.html++++++++++++++++++++++++++++++++++Result:+using+proxy+202.171.253.98:80;+no+post+sending+forms+are+found;" "Mozilla/5.0 (Windows NT 5.1; rv:31.0) Gecko/20100101 Firefox/31.0"
190.38.189.50 - - [20/Sep/2014:16:21:58 +0200] "GET /seiten/databund.html++++++++++++++++++++++++++++++++++Result:+using+proxy+202.171.253.98:80;+no+post+sending+forms+are+found; HTTP/1.0" 404 1256 "http://www.prokommunal.com/seiten/databund.html++++++++++++++++++++++++++++++++++Result:+using+proxy+202.171.253.98:80;+no+post+sending+forms+are+found;" "Mozilla/5.0 (Windows NT 5.1; rv:31.0) Gecko/20100101 Firefox/31.0"
200.84.70.48 - - [20/Sep/2014:16:22:20 +0200] "GET /seiten/databund.html++++++++++++++++++++++++++++++++++Result:+using+proxy+202.171.253.98:80;+no+post+sending+forms+are+found; HTTP/1.0" 404 1256 "http://www.prokommunal.com/seiten/databund.html++++++++++++++++++++++++++++++++++Result:+using+proxy+202.171.253.98:80;+no+post+sending+forms+are+found;" "Mozilla/5.0 (Windows NT 5.1; rv:31.0) Gecko/20100101 Firefox/31.0"
94.242.246.23 - - [20/Sep/2014:16:22:38 +0200] "GET /seiten/databund.html++++++++++++++++++++++++++++++++++Result:+using+proxy+202.171.253.98:80;+no+post+sending+forms+are+found; HTTP/1.0" 404 1256 "http://www.prokommunal.com/seiten/databund.html++++++++++++++++++++++++++++++++++Result:+using+proxy+202.171.253.98:80;+no+post+sending+forms+are+found;" "Mozilla/5.0 (Windows NT 5.1; rv:31.0) Gecko/20100101 Firefox/31.0"
37.239.46.26 - - [20/Sep/2014:16:22:39 +0200] "GET /seiten/databund.html++++++++++++++++++++++++++++++++++Result:+using+proxy+202.171.253.98:80;+no+post+sending+forms+are+found; HTTP/1.0" 404 1256 "http://www.prokommunal.com/seiten/databund.html++++++++++++++++++++++++++++++++++Result:+using+proxy+202.171.253.98:80;+no+post+sending+forms+are+found;" "Mozilla/5.0 (Windows NT 5.1; rv:31.0) Gecko/20100101 Firefox/31.0"
