217.91.125.130 - - [13/May/2013:08:32:05 +0200] "GET /img/head01.jpg HTTP/1.1" 200 6350 "http://www.prokommunal.com/" "Mozilla/4.0 (compatible; MSIE 8.0; Windows NT 5.1; Trident/4.0; BTRS86417; .NET CLR 1.1.4322; .NET CLR 2.0.50727; .NET CLR 3.0.4506.2152; .NET CLR 3.5.30729)"
217.91.125.130 - - [13/May/2013:08:32:05 +0200] "GET /img/head02.jpg HTTP/1.1" 200 4929 "http://www.prokommunal.com/" "Mozilla/4.0 (compatible; MSIE 8.0; Windows NT 5.1; Trident/4.0; BTRS86417; .NET CLR 1.1.4322; .NET CLR 2.0.50727; .NET CLR 3.0.4506.2152; .NET CLR 3.5.30729)"
217.91.125.130 - - [13/May/2013:08:32:05 +0200] "GET /redesign/img/bg_gelb.jpg HTTP/1.1" 200 368 "http://www.prokommunal.com/" "Mozilla/4.0 (compatible; MSIE 8.0; Windows NT 5.1; Trident/4.0; BTRS86417; .NET CLR 1.1.4322; .NET CLR 2.0.50727; .NET CLR 3.0.4506.2152; .NET CLR 3.5.30729)"
217.91.125.130 - - [13/May/2013:08:32:05 +0200] "GET /redesign/img/bg_foot.gif HTTP/1.1" 200 286 "http://www.prokommunal.com/" "Mozilla/4.0 (compatible; MSIE 8.0; Windows NT 5.1; Trident/4.0; BTRS86417; .NET CLR 1.1.4322; .NET CLR 2.0.50727; .NET CLR 3.0.4506.2152; .NET CLR 3.5.30729)"
217.91.125.130 - - [13/May/2013:08:32:05 +0200] "GET /img/head03.jpg HTTP/1.1" 200 7610 "http://www.prokommunal.com/" "Mozilla/4.0 (compatible; MSIE 8.0; Windows NT 5.1; Trident/4.0; BTRS86417; .NET CLR 1.1.4322; .NET CLR 2.0.50727; .NET CLR 3.0.4506.2152; .NET CLR 3.5.30729)"
217.91.125.130 - - [13/May/2013:08:32:06 +0200] "GET /favicon.ico HTTP/1.1" 200 894 "-" "Mozilla/4.0 (compatible; MSIE 8.0; Windows NT 5.1; Trident/4.0; BTRS86417; .NET CLR 1.1.4322; .NET CLR 2.0.50727; .NET CLR 3.0.4506.2152; .NET CLR 3.5.30729)"
217.91.125.130 - - [13/May/2013:08:32:16 +0200] "GET /seiten/produkte.htm HTTP/1.1" 200 9105 "http://www.prokommunal.com/" "Mozilla/4.0 (compatible; MSIE 8.0; Windows NT 5.1; Trident/4.0; BTRS86417; .NET CLR 1.1.4322; .NET CLR 2.0.50727; .NET CLR 3.0.4506.2152; .NET CLR 3.5.30729)"
217.91.125.130 - - [13/May/2013:08:32:17 +0200] "GET /img/1px_tr.gif HTTP/1.1" 200 43 "http://www.prokommunal.com/seiten/produkte.htm" "Mozilla/4.0 (compatible; MSIE 8.0; Windows NT 5.1; Trident/4.0; BTRS86417; .NET CLR 1.1.4322; .NET CLR 2.0.50727; .NET CLR 3.0.4506.2152; .NET CLR 3.5.30729)"
217.91.125.130 - - [13/May/2013:08:32:17 +0200] "GET /img/top.gif HTTP/1.1" 200 96 "http://www.prokommunal.com/seiten/produkte.htm" "Mozilla/4.0 (compatible; MSIE 8.0; Windows NT 5.1; Trident/4.0; BTRS86417; .NET CLR 1.1.4322; .NET CLR 2.0.50727; .NET CLR 3.0.4506.2152; .NET CLR 3.5.30729)"
217.91.125.130 - - [13/May/2013:08:32:17 +0200] "GET /img/men_01.jpg HTTP/1.1" 200 713 "http://www.prokommunal.com/seiten/produkte.htm" "Mozilla/4.0 (compatible; MSIE 8.0; Windows NT 5.1; Trident/4.0; BTRS86417; .NET CLR 1.1.4322; .NET CLR 2.0.50727; .NET CLR 3.0.4506.2152; .NET CLR 3.5.30729)"
194.76.64.12 - - [13/May/2013:09:03:13 +0200] "GET /gast-fsw/fsw_update1024_v506.zip HTTP/1.1" 200 12478153 "-" "Mozilla/5.0 (compatible; MSIE 9.0; Windows NT 6.1; WOW64; Trident/5.0)"
150.70.172.107 - - [13/May/2013:09:06:00 +0200] "GET /gast-fsw/fsw_update1024_v506.zip HTTP/1.0" 200 12478153 "-" "Mozilla/4.0 (compatible; MSIE 6.0; Windows NT 5.1)"
150.70.75.157 - - [13/May/2013:09:19:22 +0200] "GET /gast-fsw/fsw_update1024_v506.zip HTTP/1.0" 200 12478153 "-" "Mozilla/4.0 (compatible; MSIE 6.0; Windows NT 5.1)"
150.70.75.159 - - [13/May/2013:09:22:08 +0200] "GET /gast-fsw/fsw_update1024_v506.zip HTTP/1.0" 200 12478153 "-" "Mozilla/4.0 (compatible; MSIE 6.0; Windows NT 5.1)"
217.7.17.164 - - [13/May/2013:09:45:11 +0200] "GET /gast-fsw/fsw_update1024_v506.zip HTTP/1.1" 304 - "-" "Mozilla/4.0 (compatible; MSIE 8.0; Windows NT 5.1; Trident/4.0; InfoPath.1; .NET CLR 2.0.50727; .NET CLR 3.0.4506.2152; .NET CLR 3.5.30729; .NET CLR 1.1.4322)"
61.135.249.94 - - [13/May/2013:10:08:47 +0200] "GET / HTTP/1.1" 200 7903 "-" "Mozilla/5.0 (compatible; YodaoBot/1.0; http://www.yodao.com/help/webmaster/spider/; )"
208.115.113.84 - - [13/May/2013:10:08:56 +0200] "GET /seiten/referenzen.htm HTTP/1.1" 200 40249 "-" "Mozilla/5.0 (compatible; Ezooms/1.0; ezooms.bot@gmail.com)"
145.253.99.90 - - [13/May/2013:10:16:20 +0200] "GET /gast-fsw/fsw_update1024_v506.zip HTTP/1.1" 200 12478153 "-" "Mozilla/4.0 (compatible; MSIE 8.0; Windows NT 6.1; Trident/4.0; GTB7.4; SLCC2; .NET CLR 2.0.50727; .NET CLR 3.5.30729; .NET CLR 3.0.30729; Media Center PC 6.0; CMDTDF; .NET4.0C; InfoPath.1)"
66.249.78.242 - - [13/May/2013:10:34:01 +0200] "GET /seiten/kraftverkehr.htm HTTP/1.1" 200 9210 "-" "SAMSUNG-SGH-E250/1.0 Profile/MIDP-2.0 Configuration/CLDC-1.1 UP.Browser/6.2.3.3.c.1.101 (GUI) MMP/2.0 (compatible; Googlebot-Mobile/2.1; +http://www.google.com/bot.html)"
173.199.115.131 - - [13/May/2013:10:37:08 +0200] "GET /seiten/databund.html HTTP/1.1" 200 9125 "-" "Mozilla/5.0 (compatible; AhrefsBot/4.0; +http://ahrefs.com/robot/)"
132.195.79.35 - - [13/May/2013:10:43:23 +0200] "GET /seiten/impr.htm HTTP/1.1" 200 8696 "http://www.google.de/url?sa=t&rct=j&q=&esrc=s&source=web&cd=1&ved=0CDMQFjAA&url=http%3A%2F%2Fwww.prokommunal.com%2Fseiten%2Fimpr.htm&ei=OKeQUZ6yHZLV4ATznYHYDw&usg=AFQjCNEVydv-cIfAVN2RfUwzsT5q2zJmAA&bvm=bv.46340616,d.bGE" "Mozilla/5.0 (Windows NT 6.1; WOW64; rv:20.0) Gecko/20100101 Firefox/20.0"
132.195.79.35 - - [13/May/2013:10:43:23 +0200] "GET /css/style.css HTTP/1.1" 200 3549 "http://www.prokommunal.com/seiten/impr.htm" "Mozilla/5.0 (Windows NT 6.1; WOW64; rv:20.0) Gecko/20100101 Firefox/20.0"
132.195.79.35 - - [13/May/2013:10:43:23 +0200] "GET /scripte/basics.js HTTP/1.1" 200 198 "http://www.prokommunal.com/seiten/impr.htm" "Mozilla/5.0 (Windows NT 6.1; WOW64; rv:20.0) Gecko/20100101 Firefox/20.0"
132.195.79.35 - - [13/May/2013:10:43:23 +0200] "GET /favicon.ico HTTP/1.1" 200 894 "-" "Mozilla/5.0 (Windows NT 6.1; WOW64; rv:20.0) Gecko/20100101 Firefox/20.0"
132.195.79.35 - - [13/May/2013:10:43:23 +0200] "GET /img/head01.jpg HTTP/1.1" 200 6350 "http://www.prokommunal.com/seiten/impr.htm" "Mozilla/5.0 (Windows NT 6.1; WOW64; rv:20.0) Gecko/20100101 Firefox/20.0"
132.195.79.35 - - [13/May/2013:10:43:23 +0200] "GET /img/head03.jpg HTTP/1.1" 200 7610 "http://www.prokommunal.com/seiten/impr.htm" "Mozilla/5.0 (Windows NT 6.1; WOW64; rv:20.0) Gecko/20100101 Firefox/20.0"
132.195.79.35 - - [13/May/2013:10:43:23 +0200] "GET /img/top.gif HTTP/1.1" 200 96 "http://www.prokommunal.com/seiten/impr.htm" "Mozilla/5.0 (Windows NT 6.1; WOW64; rv:20.0) Gecko/20100101 Firefox/20.0"
132.195.79.35 - - [13/May/2013:10:43:23 +0200] "GET /img/head02.jpg HTTP/1.1" 200 4929 "http://www.prokommunal.com/seiten/impr.htm" "Mozilla/5.0 (Windows NT 6.1; WOW64; rv:20.0) Gecko/20100101 Firefox/20.0"
132.195.79.35 - - [13/May/2013:10:43:23 +0200] "GET /img/men_01.jpg HTTP/1.1" 200 713 "http://www.prokommunal.com/seiten/impr.htm" "Mozilla/5.0 (Windows NT 6.1; WOW64; rv:20.0) Gecko/20100101 Firefox/20.0"
132.195.79.35 - - [13/May/2013:10:43:23 +0200] "GET /redesign/img/bg_gelb.jpg HTTP/1.1" 200 368 "http://www.prokommunal.com/css/style.css" "Mozilla/5.0 (Windows NT 6.1; WOW64; rv:20.0) Gecko/20100101 Firefox/20.0"
132.195.79.35 - - [13/May/2013:10:43:23 +0200] "GET /redesign/img/bg_foot.gif HTTP/1.1" 200 286 "http://www.prokommunal.com/css/style.css" "Mozilla/5.0 (Windows NT 6.1; WOW64; rv:20.0) Gecko/20100101 Firefox/20.0"
212.43.93.109 - - [13/May/2013:10:44:38 +0200] "GET / HTTP/1.1" 200 7903 "http://www.google.de/url?sa=t&rct=j&q=&esrc=s&frm=1&source=web&cd=1&sqi=2&ved=0CC8QFjAA&url=http%3A%2F%2Fwww.prokommunal.com%2F&ei=hKeQUcn9OJGv4QTk8oHYAQ&usg=AFQjCNF5ZvO5ecR3rprSCB3llFRGksZz8A&sig2=E9LkdC9GAowDwSRU3clmNQ&bvm=bv.46340616,d.bGE" "Mozilla/5.0 (compatible; MSIE 10.0; Windows NT 6.1; WOW64; Trident/6.0)"
212.43.93.109 - - [13/May/2013:10:44:38 +0200] "GET /img/head03.jpg HTTP/1.1" 200 7610 "http://www.prokommunal.com/" "Mozilla/5.0 (compatible; MSIE 10.0; Windows NT 6.1; WOW64; Trident/6.0)"
212.43.93.109 - - [13/May/2013:10:44:38 +0200] "GET /css/style.css HTTP/1.1" 200 3549 "http://www.prokommunal.com/" "Mozilla/5.0 (compatible; MSIE 10.0; Windows NT 6.1; WOW64; Trident/6.0)"
212.43.93.109 - - [13/May/2013:10:44:38 +0200] "GET /scripte/basics.js HTTP/1.1" 200 198 "http://www.prokommunal.com/" "Mozilla/5.0 (compatible; MSIE 10.0; Windows NT 6.1; WOW64; Trident/6.0)"
212.43.93.109 - - [13/May/2013:10:44:38 +0200] "GET /img/head01.jpg HTTP/1.1" 200 6350 "http://www.prokommunal.com/" "Mozilla/5.0 (compatible; MSIE 10.0; Windows NT 6.1; WOW64; Trident/6.0)"
212.43.93.109 - - [13/May/2013:10:44:38 +0200] "GET /img/head02.jpg HTTP/1.1" 200 4929 "http://www.prokommunal.com/" "Mozilla/5.0 (compatible; MSIE 10.0; Windows NT 6.1; WOW64; Trident/6.0)"
212.43.93.109 - - [13/May/2013:10:44:38 +0200] "GET /redesign/img/bg_gelb.jpg HTTP/1.1" 200 368 "http://www.prokommunal.com/" "Mozilla/5.0 (compatible; MSIE 10.0; Windows NT 6.1; WOW64; Trident/6.0)"
212.43.93.109 - - [13/May/2013:10:44:38 +0200] "GET /redesign/img/bg_foot.gif HTTP/1.1" 200 286 "http://www.prokommunal.com/" "Mozilla/5.0 (compatible; MSIE 10.0; Windows NT 6.1; WOW64; Trident/6.0)"
212.43.93.109 - - [13/May/2013:10:44:38 +0200] "GET /favicon.ico HTTP/1.1" 200 894 "-" "Mozilla/5.0 (compatible; MSIE 10.0; Windows NT 6.1; WOW64; Trident/6.0)"
212.43.93.109 - - [13/May/2013:10:44:39 +0200] "GET /seiten/kontakt.php HTTP/1.1" 200 12788 "http://www.prokommunal.com/" "Mozilla/5.0 (compatible; MSIE 10.0; Windows NT 6.1; WOW64; Trident/6.0)"
212.43.93.109 - - [13/May/2013:10:44:40 +0200] "GET /img/men_01.jpg HTTP/1.1" 200 713 "http://www.prokommunal.com/seiten/kontakt.php" "Mozilla/5.0 (compatible; MSIE 10.0; Windows NT 6.1; WOW64; Trident/6.0)"
212.43.93.109 - - [13/May/2013:10:44:40 +0200] "GET /img/1px_tr.gif HTTP/1.1" 200 43 "http://www.prokommunal.com/seiten/kontakt.php" "Mozilla/5.0 (compatible; MSIE 10.0; Windows NT 6.1; WOW64; Trident/6.0)"
212.43.93.109 - - [13/May/2013:10:44:40 +0200] "GET /img/top.gif HTTP/1.1" 200 96 "http://www.prokommunal.com/seiten/kontakt.php" "Mozilla/5.0 (compatible; MSIE 10.0; Windows NT 6.1; WOW64; Trident/6.0)"
208.167.230.3 - - [13/May/2013:11:21:10 +0200] "GET /seiten/kontroll.htm HTTP/1.1" 200 6599 "-" "Mozilla/5.0 (compatible; AhrefsBot/4.0; +http://ahrefs.com/robot/)"
157.56.229.187 - - [13/May/2013:11:39:47 +0200] "GET /robots.txt HTTP/1.1" 404 1256 "-" "Mozilla/5.0 (compatible; bingbot/2.0; +http://www.bing.com/bingbot.htm)"
208.167.230.3 - - [13/May/2013:11:39:59 +0200] "GET /seiten/fahrlehrerwesen.htm HTTP/1.1" 200 7168 "-" "Mozilla/5.0 (compatible; AhrefsBot/4.0; +http://ahrefs.com/robot/)"
157.56.229.187 - - [13/May/2013:11:42:29 +0200] "GET / HTTP/1.1" 200 7903 "-" "Mozilla/5.0 (compatible; bingbot/2.0; +http://www.bing.com/bingbot.htm)"
208.167.230.3 - - [13/May/2013:11:53:25 +0200] "GET /seiten/fsw.htm HTTP/1.1" 200 9961 "-" "Mozilla/5.0 (compatible; AhrefsBot/4.0; +http://ahrefs.com/robot/)"
125.33.93.9 - - [13/May/2013:11:55:02 +0200] "GET / HTTP/1.1" 200 7903 "http://www.cebit.de/aussteller/prokommunal/N235918?source=akl" "Mozilla/5.0 (Windows NT 5.1) AppleWebKit/537.22 (KHTML, like Gecko) Chrome/25.0.1364.172 Safari/537.22"
125.33.93.9 - - [13/May/2013:11:55:03 +0200] "GET /css/style.css HTTP/1.1" 200 3549 "http://www.prokommunal.com/" "Mozilla/5.0 (Windows NT 5.1) AppleWebKit/537.22 (KHTML, like Gecko) Chrome/25.0.1364.172 Safari/537.22"
125.33.93.9 - - [13/May/2013:11:55:03 +0200] "GET /scripte/basics.js HTTP/1.1" 200 198 "http://www.prokommunal.com/" "Mozilla/5.0 (Windows NT 5.1) AppleWebKit/537.22 (KHTML, like Gecko) Chrome/25.0.1364.172 Safari/537.22"
125.33.93.9 - - [13/May/2013:11:55:04 +0200] "GET /img/head01.jpg HTTP/1.1" 200 6350 "http://www.prokommunal.com/" "Mozilla/5.0 (Windows NT 5.1) AppleWebKit/537.22 (KHTML, like Gecko) Chrome/25.0.1364.172 Safari/537.22"
125.33.93.9 - - [13/May/2013:11:55:04 +0200] "GET /img/head02.jpg HTTP/1.1" 200 4929 "http://www.prokommunal.com/" "Mozilla/5.0 (Windows NT 5.1) AppleWebKit/537.22 (KHTML, like Gecko) Chrome/25.0.1364.172 Safari/537.22"
125.33.93.9 - - [13/May/2013:11:55:04 +0200] "GET /img/head03.jpg HTTP/1.1" 200 7610 "http://www.prokommunal.com/" "Mozilla/5.0 (Windows NT 5.1) AppleWebKit/537.22 (KHTML, like Gecko) Chrome/25.0.1364.172 Safari/537.22"
125.33.93.9 - - [13/May/2013:11:55:04 +0200] "GET /redesign/img/bg_gelb.jpg HTTP/1.1" 200 368 "http://www.prokommunal.com/" "Mozilla/5.0 (Windows NT 5.1) AppleWebKit/537.22 (KHTML, like Gecko) Chrome/25.0.1364.172 Safari/537.22"
125.33.93.9 - - [13/May/2013:11:55:04 +0200] "GET /redesign/img/bg_foot.gif HTTP/1.1" 200 286 "http://www.prokommunal.com/" "Mozilla/5.0 (Windows NT 5.1) AppleWebKit/537.22 (KHTML, like Gecko) Chrome/25.0.1364.172 Safari/537.22"
125.33.93.9 - - [13/May/2013:11:55:04 +0200] "GET /favicon.ico HTTP/1.1" 200 894 "-" "Mozilla/5.0 (Windows NT 5.1) AppleWebKit/537.22 (KHTML, like Gecko) Chrome/25.0.1364.172 Safari/537.22"
125.33.93.9 - - [13/May/2013:11:55:12 +0200] "GET /seiten/kontakt.php HTTP/1.1" 200 12788 "http://www.prokommunal.com/" "Mozilla/5.0 (Windows NT 5.1) AppleWebKit/537.22 (KHTML, like Gecko) Chrome/25.0.1364.172 Safari/537.22"
125.33.93.9 - - [13/May/2013:11:55:13 +0200] "GET /img/men_01.jpg HTTP/1.1" 200 713 "http://www.prokommunal.com/seiten/kontakt.php" "Mozilla/5.0 (Windows NT 5.1) AppleWebKit/537.22 (KHTML, like Gecko) Chrome/25.0.1364.172 Safari/537.22"
125.33.93.9 - - [13/May/2013:11:55:13 +0200] "GET /img/1px_tr.gif HTTP/1.1" 200 43 "http://www.prokommunal.com/seiten/kontakt.php" "Mozilla/5.0 (Windows NT 5.1) AppleWebKit/537.22 (KHTML, like Gecko) Chrome/25.0.1364.172 Safari/537.22"
125.33.93.9 - - [13/May/2013:11:55:13 +0200] "GET /img/top.gif HTTP/1.1" 200 96 "http://www.prokommunal.com/seiten/kontakt.php" "Mozilla/5.0 (Windows NT 5.1) AppleWebKit/537.22 (KHTML, like Gecko) Chrome/25.0.1364.172 Safari/537.22"
85.25.120.73 - - [13/May/2013:11:58:42 +0200] "GET / HTTP/1.1" 200 7903 "-" "Mozilla/5.0 (X11; U; Linux i686; en-US; rv:1.9.0.1) Gecko/2008070206 Firefox/3.0.1"
85.25.120.73 - - [13/May/2013:11:58:42 +0200] "GET /seiten/impr.htm HTTP/1.1" 200 8696 "-" "Mozilla/5.0 (X11; U; Linux i686; en-US; rv:1.9.0.1) Gecko/2008070206 Firefox/3.0.1"
85.25.120.73 - - [13/May/2013:11:58:45 +0200] "GET / HTTP/1.1" 200 7903 "-" "Mozilla/5.0 (X11; U; Linux i686; en-US; rv:1.9.0.1) Gecko/2008070206 Firefox/3.0.1"
85.25.120.73 - - [13/May/2013:11:58:45 +0200] "GET /seiten/kontakt.php HTTP/1.1" 200 12788 "-" "Mozilla/5.0 (X11; U; Linux i686; en-US; rv:1.9.0.1) Gecko/2008070206 Firefox/3.0.1"
85.25.120.73 - - [13/May/2013:11:58:46 +0200] "GET / HTTP/1.1" 200 7903 "-" "Mozilla/5.0 (X11; U; Linux i686; en-US; rv:1.9.0.1) Gecko/2008070206 Firefox/3.0.1"
85.25.120.73 - - [13/May/2013:11:58:46 +0200] "GET /seiten/impr.htm HTTP/1.1" 200 8696 "-" "Mozilla/5.0 (X11; U; Linux i686; en-US; rv:1.9.0.1) Gecko/2008070206 Firefox/3.0.1"
220.181.108.101 - - [13/May/2013:12:21:07 +0200] "GET / HTTP/1.1" 200 7903 "-" "Mozilla/5.0 (compatible; Baiduspider/2.0; +http://www.baidu.com/search/spider.html)"
123.125.71.47 - - [13/May/2013:12:21:07 +0200] "GET / HTTP/1.1" 200 7903 "-" "Mozilla/5.0 (compatible; Baiduspider/2.0; +http://www.baidu.com/search/spider.html)"
212.184.216.254 - - [13/May/2013:12:33:19 +0200] "GET /seiten/service.htm HTTP/1.1" 304 - "http://www.prokommunal.com/" "Mozilla/5.0 (Windows NT 6.1; WOW64; rv:17.0) Gecko/20100101 Firefox/17.0"
212.184.216.254 - - [13/May/2013:12:33:25 +0200] "GET /seiten/kontakt.php HTTP/1.1" 200 12788 "http://www.prokommunal.com/seiten/service.htm" "Mozilla/5.0 (Windows NT 6.1; WOW64; rv:17.0) Gecko/20100101 Firefox/17.0"
150.70.97.124 - - [13/May/2013:12:34:14 +0200] "GET /seiten/kontakt.php HTTP/1.1" 200 12788 "-" "Mozilla/4.0 (compatible; MSIE 8.0; Windows NT 5.1; Trident/4.0)"
150.70.75.38 - - [13/May/2013:12:36:26 +0200] "GET /seiten/kontakt.php HTTP/1.0" 200 12788 "-" "Mozilla/4.0 (compatible; MSIE 6.0; Windows NT 5.1)"
61.135.249.96 - - [13/May/2013:12:38:10 +0200] "GET / HTTP/1.1" 200 7903 "-" "Mozilla/5.0 (compatible; YodaoBot/1.0; http://www.yodao.com/help/webmaster/spider/; )"
150.70.172.101 - - [13/May/2013:12:38:15 +0200] "GET /seiten/service.htm HTTP/1.0" 200 9959 "-" "Mozilla/4.0 (compatible; MSIE 6.0; Windows NT 5.1)"
95.24.125.56 - - [13/May/2013:13:39:08 +0200] "GET /seiten/databund.html HTTP/1.0" 200 9125 "http://www.prokommunal.com/seiten/databund.html" "Mozilla/5.0 (Windows NT 6.1) AppleWebKit/535.1 (KHTML, like Gecko) Chrome/14.0.835.163 Safari/535.1"
141.8.147.12 - - [13/May/2013:14:53:50 +0200] "GET /seiten/kontakt.php HTTP/1.1" 200 12788 "-" "Mozilla/5.0 (compatible; YandexBot/3.0; +http://yandex.com/bots)"
65.55.215.67 - - [13/May/2013:14:54:43 +0200] "GET /robots.txt HTTP/1.1" 404 1256 "-" "msnbot-media/1.1 (+http://search.msn.com/msnbot.htm)"
65.55.215.67 - - [13/May/2013:14:54:43 +0200] "GET /img/top.gif HTTP/1.1" 200 96 "-" "msnbot-media/1.1 (+http://search.msn.com/msnbot.htm)"
208.115.111.72 - - [13/May/2013:14:59:48 +0200] "GET /robots.txt HTTP/1.1" 404 1256 "-" "Mozilla/5.0 (compatible; Ezooms/1.0; ezooms.bot@gmail.com)"
139.18.2.209 - - [13/May/2013:15:07:15 +0200] "GET /seiten/partner.htm HTTP/1.1" 200 9458 "-" "findlinks/2.6 (+http://wortschatz.uni-leipzig.de/findlinks/)"
61.135.249.192 - - [13/May/2013:15:17:21 +0200] "GET / HTTP/1.1" 200 7903 "-" "Mozilla/5.0 (compatible; YodaoBot/1.0; http://www.yodao.com/help/webmaster/spider/; )"
65.55.215.99 - - [13/May/2013:15:21:37 +0200] "GET /robots.txt HTTP/1.1" 404 1256 "-" "msnbot-media/1.1 (+http://search.msn.com/msnbot.htm)"
65.55.215.99 - - [13/May/2013:15:21:37 +0200] "GET /img/top.gif HTTP/1.1" 200 96 "-" "msnbot-media/1.1 (+http://search.msn.com/msnbot.htm)"
208.167.230.3 - - [13/May/2013:15:41:35 +0200] "GET /seiten/menue HTTP/1.1" 404 1256 "-" "Mozilla/5.0 (compatible; AhrefsBot/4.0; +http://ahrefs.com/robot/)"
217.151.157.2 - - [13/May/2013:15:51:58 +0200] "GET /favicon.ico HTTP/1.1" 200 894 "http://www.prokommunal.com/seiten/referenzen.htm" "Mozilla/5.0 (Windows NT 6.1; WOW64; rv:20.0) Gecko/20100101 Firefox/20.0"
217.151.157.2 - - [13/May/2013:15:51:58 +0200] "GET /img/head01.jpg HTTP/1.1" 200 6350 "http://www.prokommunal.com/seiten/referenzen.htm" "Mozilla/5.0 (Windows NT 6.1; WOW64; rv:20.0) Gecko/20100101 Firefox/20.0"
217.151.157.2 - - [13/May/2013:15:51:58 +0200] "GET /css/style.css HTTP/1.1" 200 3549 "http://www.prokommunal.com/seiten/referenzen.htm" "Mozilla/5.0 (Windows NT 6.1; WOW64; rv:20.0) Gecko/20100101 Firefox/20.0"
217.151.157.2 - - [13/May/2013:15:51:58 +0200] "GET /img/head03.jpg HTTP/1.1" 200 7610 "http://www.prokommunal.com/seiten/referenzen.htm" "Mozilla/5.0 (Windows NT 6.1; WOW64; rv:20.0) Gecko/20100101 Firefox/20.0"
217.151.157.2 - - [13/May/2013:15:51:58 +0200] "GET /img/head02.jpg HTTP/1.1" 200 4929 "http://www.prokommunal.com/seiten/referenzen.htm" "Mozilla/5.0 (Windows NT 6.1; WOW64; rv:20.0) Gecko/20100101 Firefox/20.0"
217.151.157.2 - - [13/May/2013:15:51:58 +0200] "GET /scripte/basics.js HTTP/1.1" 200 198 "http://www.prokommunal.com/seiten/referenzen.htm" "Mozilla/5.0 (Windows NT 6.1; WOW64; rv:20.0) Gecko/20100101 Firefox/20.0"
217.151.157.2 - - [13/May/2013:15:51:58 +0200] "GET /seiten/referenzen.htm HTTP/1.1" 200 40249 "http://www.google.de/url?sa=t&rct=j&q=polizei%20ludwigshafen%20herr%20rosenkranz&source=web&cd=1&ved=0CDAQFjAA&url=http%3A%2F%2Fwww.prokommunal.com%2Fseiten%2Freferenzen.htm&ei=Yu-QUd3zKsXWtAa334CgDA&usg=AFQjCNFkgiXA2K-qnpOChU4qjRkFaABzmg&bvm=bv.46340616,d.Yms" "Mozilla/5.0 (Windows NT 6.1; WOW64; rv:20.0) Gecko/20100101 Firefox/20.0"
217.151.157.2 - - [13/May/2013:15:51:58 +0200] "GET /img/top.gif HTTP/1.1" 200 96 "http://www.prokommunal.com/seiten/referenzen.htm" "Mozilla/5.0 (Windows NT 6.1; WOW64; rv:20.0) Gecko/20100101 Firefox/20.0"
217.151.157.2 - - [13/May/2013:15:51:58 +0200] "GET /redesign/img/bg_gelb.jpg HTTP/1.1" 200 368 "http://www.prokommunal.com/css/style.css" "Mozilla/5.0 (Windows NT 6.1; WOW64; rv:20.0) Gecko/20100101 Firefox/20.0"
217.151.157.2 - - [13/May/2013:15:51:58 +0200] "GET /img/men_01.jpg HTTP/1.1" 200 713 "http://www.prokommunal.com/seiten/referenzen.htm" "Mozilla/5.0 (Windows NT 6.1; WOW64; rv:20.0) Gecko/20100101 Firefox/20.0"
217.151.157.2 - - [13/May/2013:15:51:58 +0200] "GET /redesign/img/bg_foot.gif HTTP/1.1" 200 286 "http://www.prokommunal.com/css/style.css" "Mozilla/5.0 (Windows NT 6.1; WOW64; rv:20.0) Gecko/20100101 Firefox/20.0"
95.112.0.197 - - [13/May/2013:16:06:53 +0200] "GET / HTTP/1.1" 200 7903 "http://www.cebit.de/aussteller/prokommunal/N235918?source=akl" "Mozilla/4.0 (compatible; MSIE 8.0; Windows NT 5.1; Trident/4.0; GTB7.4; .NET4.0C; .NET CLR 2.0.50727; .NET CLR 3.0.4506.2152; .NET CLR 3.5.30729)"
95.112.0.197 - - [13/May/2013:16:06:53 +0200] "GET /css/style.css HTTP/1.1" 200 3549 "http://www.prokommunal.com/" "Mozilla/4.0 (compatible; MSIE 8.0; Windows NT 5.1; Trident/4.0; GTB7.4; .NET4.0C; .NET CLR 2.0.50727; .NET CLR 3.0.4506.2152; .NET CLR 3.5.30729)"
95.112.0.197 - - [13/May/2013:16:06:53 +0200] "GET /scripte/basics.js HTTP/1.1" 200 198 "http://www.prokommunal.com/" "Mozilla/4.0 (compatible; MSIE 8.0; Windows NT 5.1; Trident/4.0; GTB7.4; .NET4.0C; .NET CLR 2.0.50727; .NET CLR 3.0.4506.2152; .NET CLR 3.5.30729)"
95.112.0.197 - - [13/May/2013:16:06:53 +0200] "GET /img/head01.jpg HTTP/1.1" 200 6350 "http://www.prokommunal.com/" "Mozilla/4.0 (compatible; MSIE 8.0; Windows NT 5.1; Trident/4.0; GTB7.4; .NET4.0C; .NET CLR 2.0.50727; .NET CLR 3.0.4506.2152; .NET CLR 3.5.30729)"
95.112.0.197 - - [13/May/2013:16:06:53 +0200] "GET /img/head02.jpg HTTP/1.1" 200 4929 "http://www.prokommunal.com/" "Mozilla/4.0 (compatible; MSIE 8.0; Windows NT 5.1; Trident/4.0; GTB7.4; .NET4.0C; .NET CLR 2.0.50727; .NET CLR 3.0.4506.2152; .NET CLR 3.5.30729)"
95.112.0.197 - - [13/May/2013:16:06:53 +0200] "GET /img/head03.jpg HTTP/1.1" 200 7610 "http://www.prokommunal.com/" "Mozilla/4.0 (compatible; MSIE 8.0; Windows NT 5.1; Trident/4.0; GTB7.4; .NET4.0C; .NET CLR 2.0.50727; .NET CLR 3.0.4506.2152; .NET CLR 3.5.30729)"
95.112.0.197 - - [13/May/2013:16:06:53 +0200] "GET /redesign/img/bg_foot.gif HTTP/1.1" 200 286 "http://www.prokommunal.com/" "Mozilla/4.0 (compatible; MSIE 8.0; Windows NT 5.1; Trident/4.0; GTB7.4; .NET4.0C; .NET CLR 2.0.50727; .NET CLR 3.0.4506.2152; .NET CLR 3.5.30729)"
95.112.0.197 - - [13/May/2013:16:06:53 +0200] "GET /redesign/img/bg_gelb.jpg HTTP/1.1" 200 368 "http://www.prokommunal.com/" "Mozilla/4.0 (compatible; MSIE 8.0; Windows NT 5.1; Trident/4.0; GTB7.4; .NET4.0C; .NET CLR 2.0.50727; .NET CLR 3.0.4506.2152; .NET CLR 3.5.30729)"
95.112.0.197 - - [13/May/2013:16:06:53 +0200] "GET /favicon.ico HTTP/1.1" 200 894 "-" "Mozilla/4.0 (compatible; MSIE 8.0; Windows NT 5.1; Trident/4.0; GTB7.4; .NET4.0C; .NET CLR 2.0.50727; .NET CLR 3.0.4506.2152; .NET CLR 3.5.30729)"
95.112.0.197 - - [13/May/2013:16:06:59 +0200] "GET /seiten/impr.htm HTTP/1.1" 200 8696 "http://www.prokommunal.com/" "Mozilla/4.0 (compatible; MSIE 8.0; Windows NT 5.1; Trident/4.0; GTB7.4; .NET4.0C; .NET CLR 2.0.50727; .NET CLR 3.0.4506.2152; .NET CLR 3.5.30729)"
95.112.0.197 - - [13/May/2013:16:06:59 +0200] "GET /css/style.css HTTP/1.1" 304 - "http://www.prokommunal.com/seiten/impr.htm" "Mozilla/4.0 (compatible; MSIE 8.0; Windows NT 5.1; Trident/4.0; GTB7.4; .NET4.0C; .NET CLR 2.0.50727; .NET CLR 3.0.4506.2152; .NET CLR 3.5.30729)"
95.112.0.197 - - [13/May/2013:16:06:59 +0200] "GET /scripte/basics.js HTTP/1.1" 304 - "http://www.prokommunal.com/seiten/impr.htm" "Mozilla/4.0 (compatible; MSIE 8.0; Windows NT 5.1; Trident/4.0; GTB7.4; .NET4.0C; .NET CLR 2.0.50727; .NET CLR 3.0.4506.2152; .NET CLR 3.5.30729)"
95.112.0.197 - - [13/May/2013:16:07:00 +0200] "GET /img/head01.jpg HTTP/1.1" 304 - "http://www.prokommunal.com/seiten/impr.htm" "Mozilla/4.0 (compatible; MSIE 8.0; Windows NT 5.1; Trident/4.0; GTB7.4; .NET4.0C; .NET CLR 2.0.50727; .NET CLR 3.0.4506.2152; .NET CLR 3.5.30729)"
95.112.0.197 - - [13/May/2013:16:07:00 +0200] "GET /img/head02.jpg HTTP/1.1" 304 - "http://www.prokommunal.com/seiten/impr.htm" "Mozilla/4.0 (compatible; MSIE 8.0; Windows NT 5.1; Trident/4.0; GTB7.4; .NET4.0C; .NET CLR 2.0.50727; .NET CLR 3.0.4506.2152; .NET CLR 3.5.30729)"
95.112.0.197 - - [13/May/2013:16:07:00 +0200] "GET /img/head03.jpg HTTP/1.1" 304 - "http://www.prokommunal.com/seiten/impr.htm" "Mozilla/4.0 (compatible; MSIE 8.0; Windows NT 5.1; Trident/4.0; GTB7.4; .NET4.0C; .NET CLR 2.0.50727; .NET CLR 3.0.4506.2152; .NET CLR 3.5.30729)"
95.112.0.197 - - [13/May/2013:16:07:00 +0200] "GET /img/men_01.jpg HTTP/1.1" 200 713 "http://www.prokommunal.com/seiten/impr.htm" "Mozilla/4.0 (compatible; MSIE 8.0; Windows NT 5.1; Trident/4.0; GTB7.4; .NET4.0C; .NET CLR 2.0.50727; .NET CLR 3.0.4506.2152; .NET CLR 3.5.30729)"
95.112.0.197 - - [13/May/2013:16:07:00 +0200] "GET /redesign/img/bg_foot.gif HTTP/1.1" 304 - "http://www.prokommunal.com/seiten/impr.htm" "Mozilla/4.0 (compatible; MSIE 8.0; Windows NT 5.1; Trident/4.0; GTB7.4; .NET4.0C; .NET CLR 2.0.50727; .NET CLR 3.0.4506.2152; .NET CLR 3.5.30729)"
95.112.0.197 - - [13/May/2013:16:07:00 +0200] "GET /redesign/img/bg_gelb.jpg HTTP/1.1" 304 - "http://www.prokommunal.com/seiten/impr.htm" "Mozilla/4.0 (compatible; MSIE 8.0; Windows NT 5.1; Trident/4.0; GTB7.4; .NET4.0C; .NET CLR 2.0.50727; .NET CLR 3.0.4506.2152; .NET CLR 3.5.30729)"
95.112.0.197 - - [13/May/2013:16:07:00 +0200] "GET /img/top.gif HTTP/1.1" 200 96 "http://www.prokommunal.com/seiten/impr.htm" "Mozilla/4.0 (compatible; MSIE 8.0; Windows NT 5.1; Trident/4.0; GTB7.4; .NET4.0C; .NET CLR 2.0.50727; .NET CLR 3.0.4506.2152; .NET CLR 3.5.30729)"
95.112.0.197 - - [13/May/2013:16:07:45 +0200] "GET /css/style.css HTTP/1.1" 304 - "-" "Mozilla/4.0 (compatible; MSIE 7.0; Windows NT 5.1; Trident/4.0; GTB7.4; .NET4.0C; .NET CLR 2.0.50727; .NET CLR 3.0.4506.2152; .NET CLR 3.5.30729)"
95.112.0.197 - - [13/May/2013:16:07:45 +0200] "GET /css/style.css HTTP/1.1" 304 - "-" "Mozilla/4.0 (compatible; MSIE 7.0; Windows NT 5.1; Trident/4.0; GTB7.4; .NET4.0C; .NET CLR 2.0.50727; .NET CLR 3.0.4506.2152; .NET CLR 3.5.30729)"
95.112.0.197 - - [13/May/2013:16:07:45 +0200] "GET /css/style.css HTTP/1.1" 304 - "-" "Mozilla/4.0 (compatible; MSIE 7.0; Windows NT 5.1; Trident/4.0; GTB7.4; .NET4.0C; .NET CLR 2.0.50727; .NET CLR 3.0.4506.2152; .NET CLR 3.5.30729)"
208.115.111.72 - - [13/May/2013:16:47:46 +0200] "GET /seiten/impr.htm HTTP/1.1" 200 8696 "-" "Mozilla/5.0 (compatible; Ezooms/1.0; ezooms.bot@gmail.com)"
208.115.113.88 - - [13/May/2013:16:56:33 +0200] "GET /robots.txt HTTP/1.1" 404 1256 "-" "Mozilla/5.0 (compatible; Ezooms/1.0; ezooms.bot@gmail.com)"
8.35.201.210 - - [13/May/2013:17:16:17 +0200] "HEAD / HTTP/1.1" 200 - "-" "AppEngine-Google; (+http://code.google.com/appengine; appid: s~researchlab-b-9)"
208.115.113.88 - - [13/May/2013:17:45:08 +0200] "GET /seiten/?M=A HTTP/1.1" 403 1222 "-" "Mozilla/5.0 (compatible; Ezooms/1.0; ezooms.bot@gmail.com)"
77.184.95.226 - - [13/May/2013:17:46:11 +0200] "GET / HTTP/1.1" 200 7903 "http://www.wlw.de/p/prokommunal-softwareentwicklungs-und-beratungsgesellschaft-mbh-1534116?heading_id=73620" "Mozilla/5.0 (Windows NT 5.1; rv:22.0) Gecko/20130511 Firefox/22.0"
77.184.95.226 - - [13/May/2013:17:46:11 +0200] "GET /css/style.css HTTP/1.1" 200 3549 "http://www.prokommunal.com/" "Mozilla/5.0 (Windows NT 5.1; rv:22.0) Gecko/20130511 Firefox/22.0"
77.184.95.226 - - [13/May/2013:17:46:11 +0200] "GET /scripte/basics.js HTTP/1.1" 200 198 "http://www.prokommunal.com/" "Mozilla/5.0 (Windows NT 5.1; rv:22.0) Gecko/20130511 Firefox/22.0"
77.184.95.226 - - [13/May/2013:17:46:11 +0200] "GET /favicon.ico HTTP/1.1" 200 894 "-" "Mozilla/5.0 (Windows NT 5.1; rv:22.0) Gecko/20130511 Firefox/22.0"
77.184.95.226 - - [13/May/2013:17:46:11 +0200] "GET /img/head01.jpg HTTP/1.1" 200 6350 "http://www.prokommunal.com/" "Mozilla/5.0 (Windows NT 5.1; rv:22.0) Gecko/20130511 Firefox/22.0"
77.184.95.226 - - [13/May/2013:17:46:11 +0200] "GET /img/head02.jpg HTTP/1.1" 200 4929 "http://www.prokommunal.com/" "Mozilla/5.0 (Windows NT 5.1; rv:22.0) Gecko/20130511 Firefox/22.0"
77.184.95.226 - - [13/May/2013:17:46:11 +0200] "GET /img/head03.jpg HTTP/1.1" 200 7610 "http://www.prokommunal.com/" "Mozilla/5.0 (Windows NT 5.1; rv:22.0) Gecko/20130511 Firefox/22.0"
77.184.95.226 - - [13/May/2013:17:46:11 +0200] "GET /redesign/img/bg_gelb.jpg HTTP/1.1" 200 368 "http://www.prokommunal.com/css/style.css" "Mozilla/5.0 (Windows NT 5.1; rv:22.0) Gecko/20130511 Firefox/22.0"
77.184.95.226 - - [13/May/2013:17:46:11 +0200] "GET /redesign/img/bg_foot.gif HTTP/1.1" 200 286 "http://www.prokommunal.com/css/style.css" "Mozilla/5.0 (Windows NT 5.1; rv:22.0) Gecko/20130511 Firefox/22.0"
77.184.95.226 - - [13/May/2013:17:46:16 +0200] "GET /seiten/partner.htm HTTP/1.1" 200 9458 "http://www.prokommunal.com/" "Mozilla/5.0 (Windows NT 5.1; rv:22.0) Gecko/20130511 Firefox/22.0"
77.184.95.226 - - [13/May/2013:17:46:16 +0200] "GET /img/hsh.jpg HTTP/1.1" 200 5007 "http://www.prokommunal.com/seiten/partner.htm" "Mozilla/5.0 (Windows NT 5.1; rv:22.0) Gecko/20130511 Firefox/22.0"
77.184.95.226 - - [13/May/2013:17:46:16 +0200] "GET /img/hh.jpg HTTP/1.1" 200 5817 "http://www.prokommunal.com/seiten/partner.htm" "Mozilla/5.0 (Windows NT 5.1; rv:22.0) Gecko/20130511 Firefox/22.0"
77.184.95.226 - - [13/May/2013:17:46:16 +0200] "GET /img/gz.jpg HTTP/1.1" 200 7757 "http://www.prokommunal.com/seiten/partner.htm" "Mozilla/5.0 (Windows NT 5.1; rv:22.0) Gecko/20130511 Firefox/22.0"
77.184.95.226 - - [13/May/2013:17:46:16 +0200] "GET /img/komfa1_s.jpg HTTP/1.1" 404 1256 "http://www.prokommunal.com/seiten/partner.htm" "Mozilla/5.0 (Windows NT 5.1; rv:22.0) Gecko/20130511 Firefox/22.0"
77.184.95.226 - - [13/May/2013:17:46:16 +0200] "GET /img/hk.jpg HTTP/1.1" 200 4852 "http://www.prokommunal.com/seiten/partner.htm" "Mozilla/5.0 (Windows NT 5.1; rv:22.0) Gecko/20130511 Firefox/22.0"
77.184.95.226 - - [13/May/2013:17:46:16 +0200] "GET /img/databund.jpg HTTP/1.1" 404 1256 "http://www.prokommunal.com/seiten/partner.htm" "Mozilla/5.0 (Windows NT 5.1; rv:22.0) Gecko/20130511 Firefox/22.0"
77.184.95.226 - - [13/May/2013:17:46:16 +0200] "GET /img/top.gif HTTP/1.1" 200 96 "http://www.prokommunal.com/seiten/partner.htm" "Mozilla/5.0 (Windows NT 5.1; rv:22.0) Gecko/20130511 Firefox/22.0"
77.184.95.226 - - [13/May/2013:17:46:17 +0200] "GET /img/men_01.jpg HTTP/1.1" 200 713 "http://www.prokommunal.com/seiten/partner.htm" "Mozilla/5.0 (Windows NT 5.1; rv:22.0) Gecko/20130511 Firefox/22.0"
61.135.249.220 - - [13/May/2013:17:53:06 +0200] "GET / HTTP/1.1" 200 7903 "-" "Mozilla/5.0 (compatible; YoudaoBot/1.0; http://www.youdao.com/help/webmaster/spider/; )"
61.135.248.212 - - [13/May/2013:18:08:07 +0200] "GET / HTTP/1.1" 200 7903 "-" "Mozilla/5.0 (compatible; YodaoBot/1.0; http://www.yodao.com/help/webmaster/spider/; )"
65.55.215.70 - - [13/May/2013:18:13:23 +0200] "GET /robots.txt HTTP/1.1" 404 1256 "-" "msnbot-media/1.1 (+http://search.msn.com/msnbot.htm)"
65.55.215.70 - - [13/May/2013:18:13:23 +0200] "GET /img/top.gif HTTP/1.1" 200 96 "-" "msnbot-media/1.1 (+http://search.msn.com/msnbot.htm)"
119.63.196.43 - - [13/May/2013:18:18:33 +0200] "GET / HTTP/1.1" 200 7903 "-" "Mozilla/5.0 (compatible; Baiduspider/2.0; +http://www.baidu.com/search/spider.html)"
65.55.24.221 - - [13/May/2013:18:43:39 +0200] "GET /robots.txt HTTP/1.1" 404 1256 "-" "Mozilla/5.0 (compatible; bingbot/2.0; +http://www.bing.com/bingbot.htm)"
65.55.24.221 - - [13/May/2013:18:47:30 +0200] "GET /seiten/kontroll.htm HTTP/1.1" 304 - "-" "Mozilla/5.0 (compatible; bingbot/2.0; +http://www.bing.com/bingbot.htm)"
208.115.111.72 - - [13/May/2013:18:53:47 +0200] "GET /robots.txt HTTP/1.1" 404 1256 "-" "Mozilla/5.0 (compatible; Ezooms/1.0; ezooms.bot@gmail.com)"
77.22.172.80 - - [13/May/2013:19:32:59 +0200] "GET /seiten/produkte.htm HTTP/1.1" 200 9105 "http://www.google.de/url?sa=t&rct=j&q=&esrc=s&source=web&cd=1&ved=0CDUQFjAA&url=http%3A%2F%2Fwww.prokommunal.com%2Fseiten%2Fprodukte.htm&ei=VyORUf6HIMXNtQbpuYCgDA&usg=AFQjCNHvjuoVUyTn7kloswPTner3pP8jKQ&sig2=vylMz1F6gvuC9Apt72EY8g&bvm=bv.46340616,d.Yms" "Mozilla/5.0 (Macintosh; Intel Mac OS X 10_8_3) AppleWebKit/536.29.13 (KHTML, like Gecko) Version/6.0.4 Safari/536.29.13"
77.22.172.80 - - [13/May/2013:19:32:59 +0200] "GET /scripte/basics.js HTTP/1.1" 200 198 "http://www.prokommunal.com/seiten/produkte.htm" "Mozilla/5.0 (Macintosh; Intel Mac OS X 10_8_3) AppleWebKit/536.29.13 (KHTML, like Gecko) Version/6.0.4 Safari/536.29.13"
77.22.172.80 - - [13/May/2013:19:32:59 +0200] "GET /css/style.css HTTP/1.1" 200 3549 "http://www.prokommunal.com/seiten/produkte.htm" "Mozilla/5.0 (Macintosh; Intel Mac OS X 10_8_3) AppleWebKit/536.29.13 (KHTML, like Gecko) Version/6.0.4 Safari/536.29.13"
77.22.172.80 - - [13/May/2013:19:32:59 +0200] "GET /img/head01.jpg HTTP/1.1" 200 6350 "http://www.prokommunal.com/seiten/produkte.htm" "Mozilla/5.0 (Macintosh; Intel Mac OS X 10_8_3) AppleWebKit/536.29.13 (KHTML, like Gecko) Version/6.0.4 Safari/536.29.13"
77.22.172.80 - - [13/May/2013:19:32:59 +0200] "GET /img/head02.jpg HTTP/1.1" 200 4929 "http://www.prokommunal.com/seiten/produkte.htm" "Mozilla/5.0 (Macintosh; Intel Mac OS X 10_8_3) AppleWebKit/536.29.13 (KHTML, like Gecko) Version/6.0.4 Safari/536.29.13"
77.22.172.80 - - [13/May/2013:19:32:59 +0200] "GET /redesign/img/bg_gelb.jpg HTTP/1.1" 200 368 "http://www.prokommunal.com/seiten/produkte.htm" "Mozilla/5.0 (Macintosh; Intel Mac OS X 10_8_3) AppleWebKit/536.29.13 (KHTML, like Gecko) Version/6.0.4 Safari/536.29.13"
77.22.172.80 - - [13/May/2013:19:32:59 +0200] "GET /redesign/img/bg_foot.gif HTTP/1.1" 200 286 "http://www.prokommunal.com/seiten/produkte.htm" "Mozilla/5.0 (Macintosh; Intel Mac OS X 10_8_3) AppleWebKit/536.29.13 (KHTML, like Gecko) Version/6.0.4 Safari/536.29.13"
77.22.172.80 - - [13/May/2013:19:32:59 +0200] "GET /img/men_01.jpg HTTP/1.1" 200 713 "http://www.prokommunal.com/seiten/produkte.htm" "Mozilla/5.0 (Macintosh; Intel Mac OS X 10_8_3) AppleWebKit/536.29.13 (KHTML, like Gecko) Version/6.0.4 Safari/536.29.13"
77.22.172.80 - - [13/May/2013:19:32:59 +0200] "GET /img/head03.jpg HTTP/1.1" 200 7610 "http://www.prokommunal.com/seiten/produkte.htm" "Mozilla/5.0 (Macintosh; Intel Mac OS X 10_8_3) AppleWebKit/536.29.13 (KHTML, like Gecko) Version/6.0.4 Safari/536.29.13"
77.22.172.80 - - [13/May/2013:19:32:59 +0200] "GET /img/1px_tr.gif HTTP/1.1" 200 43 "http://www.prokommunal.com/seiten/produkte.htm" "Mozilla/5.0 (Macintosh; Intel Mac OS X 10_8_3) AppleWebKit/536.29.13 (KHTML, like Gecko) Version/6.0.4 Safari/536.29.13"
77.22.172.80 - - [13/May/2013:19:32:59 +0200] "GET /img/top.gif HTTP/1.1" 200 96 "http://www.prokommunal.com/seiten/produkte.htm" "Mozilla/5.0 (Macintosh; Intel Mac OS X 10_8_3) AppleWebKit/536.29.13 (KHTML, like Gecko) Version/6.0.4 Safari/536.29.13"
77.22.172.80 - - [13/May/2013:19:32:59 +0200] "GET /favicon.ico HTTP/1.1" 200 894 "http://www.prokommunal.com/seiten/produkte.htm" "Mozilla/5.0 (Macintosh; Intel Mac OS X 10_8_3) AppleWebKit/536.29.13 (KHTML, like Gecko) Version/6.0.4 Safari/536.29.13"
64.74.215.86 - - [13/May/2013:19:43:49 +0200] "GET / HTTP/1.1" 200 7903 "-" "Mozilla/5.0 (X11; Linux x86_64) AppleWebKit/534.34 (KHTML, like Gecko) Qt/4.8.4 Safari/534.34"
64.74.215.86 - - [13/May/2013:19:43:49 +0200] "GET /css/style.css HTTP/1.1" 200 3549 "http://www.prokommunal.com/" "Mozilla/5.0 (X11; Linux x86_64) AppleWebKit/534.34 (KHTML, like Gecko) Qt/4.8.4 Safari/534.34"
64.74.215.86 - - [13/May/2013:19:43:49 +0200] "GET /scripte/basics.js HTTP/1.1" 200 198 "http://www.prokommunal.com/" "Mozilla/5.0 (X11; Linux x86_64) AppleWebKit/534.34 (KHTML, like Gecko) Qt/4.8.4 Safari/534.34"
77.22.172.80 - - [13/May/2013:19:45:59 +0200] "GET / HTTP/1.1" 200 7903 "-" "Mozilla/5.0 (Macintosh; Intel Mac OS X 10_8_3) AppleWebKit/536.29.13 (KHTML, like Gecko) Version/6.0.4 Safari/536.29.13"
208.115.111.72 - - [13/May/2013:19:46:30 +0200] "GET /seiten/ HTTP/1.1" 403 1222 "-" "Mozilla/5.0 (compatible; Ezooms/1.0; ezooms.bot@gmail.com)"
93.220.236.125 - - [13/May/2013:20:19:09 +0200] "GET / HTTP/1.1" 200 7903 "-" "Mozilla/4.0 (compatible; MSIE 8.0; Windows NT 6.0; .NET CLR 1.1.4322)"
61.135.249.83 - - [13/May/2013:21:09:30 +0200] "GET / HTTP/1.1" 200 7903 "-" "Mozilla/5.0 (compatible; YodaoBot/1.0; http://www.yodao.com/help/webmaster/spider/; )"
81.30.151.221 - - [13/May/2013:21:17:15 +0200] "GET /robots.txt HTTP/1.1" 404 1256 "-" "Mozilla/5.0 (compatible; Spiderlytics/1.0; +spider@spiderlytics.com)"
81.30.151.221 - - [13/May/2013:21:17:15 +0200] "GET /img/gz.jpg HTTP/1.1" 200 7757 "-" "Mozilla/5.0 (compatible; Spiderlytics/1.0; +spider@spiderlytics.com)"
157.56.229.187 - - [13/May/2013:22:23:28 +0200] "GET /robots.txt HTTP/1.1" 404 1256 "-" "Mozilla/5.0 (compatible; bingbot/2.0; +http://www.bing.com/bingbot.htm)"
157.56.229.187 - - [13/May/2013:22:24:58 +0200] "GET / HTTP/1.1" 200 7903 "-" "Mozilla/5.0 (compatible; bingbot/2.0; +http://www.bing.com/bingbot.htm)"
123.125.71.52 - - [13/May/2013:22:39:45 +0200] "GET /robots.txt HTTP/1.1" 404 1256 "-" "Mozilla/5.0 (Windows NT 5.1; rv:6.0.2) Gecko/20100101 Firefox/6.0.2"
180.76.5.22 - - [13/May/2013:23:49:12 +0200] "GET /robots.txt HTTP/1.1" 404 1256 "-" "Mozilla/5.0 (Windows NT 5.1; rv:6.0.2) Gecko/20100101 Firefox/6.0.2"
66.249.78.242 - - [14/May/2013:00:02:13 +0200] "GET /robots.txt HTTP/1.1" 404 1256 "-" "Mozilla/5.0 (compatible; Googlebot/2.1; +http://www.google.com/bot.html)"
66.249.78.242 - - [14/May/2013:00:02:13 +0200] "GET / HTTP/1.1" 200 7903 "-" "Mozilla/5.0 (compatible; Googlebot/2.1; +http://www.google.com/bot.html)"
46.4.98.199 - - [14/May/2013:00:11:43 +0200] "GET /seiten/referenzen.htm HTTP/1.1" 200 40249 "http://www.google.com/search?sourceid=chrome&ie=UTF-8&q=content" "Mozilla/5.0 (compatible; Konqueror/3.2; Linux 2.6.2)"
61.135.248.181 - - [14/May/2013:00:12:31 +0200] "GET / HTTP/1.1" 200 7903 "-" "Mozilla/5.0 (compatible; YodaoBot/1.0; http://www.yodao.com/help/webmaster/spider/; )"
66.249.78.242 - - [14/May/2013:00:13:56 +0200] "GET /css/style.css HTTP/1.1" 200 3549 "-" "Mozilla/5.0 (compatible; Googlebot/2.1; +http://www.google.com/bot.html)"
208.167.230.3 - - [14/May/2013:00:35:58 +0200] "GET /seiten/kraftverkehr.htm HTTP/1.1" 200 9210 "-" "Mozilla/5.0 (compatible; AhrefsBot/4.0; +http://ahrefs.com/robot/)"
80.190.97.212 - - [14/May/2013:00:44:21 +0200] "GET / HTTP/1.1" 200 7903 "-" "Mozilla/5.0 (X11; U; FreeBSD i386; en-US; rv:1.9.1.12) Gecko/20100912 Firefox/3.5.12"
78.46.71.247 - - [14/May/2013:00:45:01 +0200] "GET / HTTP/1.1" 200 7903 "-" "Opera/9.20 (Windows NT 5.1; U; de)"
78.46.71.247 - - [14/May/2013:00:45:01 +0200] "GET /robots.txt HTTP/1.1" 404 1256 "-" "libwww-perl/6.03"
78.46.71.247 - - [14/May/2013:00:45:01 +0200] "GET / HTTP/1.1" 200 7903 "-" "Opera/9.20 (Windows NT 5.1; U; de)"
78.46.71.247 - - [14/May/2013:00:45:01 +0200] "GET /seiten/impr.htm HTTP/1.1" 200 8696 "http://www.prokommunal-berlin.de/" "Opera/9.20 (Windows NT 5.1; U; de)"
78.46.71.247 - - [14/May/2013:00:45:01 +0200] "GET /seiten/service.htm HTTP/1.1" 200 9959 "http://www.prokommunal-berlin.de/seiten/impr.htm" "Opera/9.20 (Windows NT 5.1; U; de)"
78.46.71.247 - - [14/May/2013:00:45:01 +0200] "GET /seiten/produkte.htm HTTP/1.1" 200 9105 "http://www.prokommunal-berlin.de/seiten/service.htm" "Opera/9.20 (Windows NT 5.1; U; de)"
78.46.71.247 - - [14/May/2013:00:45:01 +0200] "GET /seiten/kraftverkehr.htm HTTP/1.1" 200 9210 "http://www.prokommunal-berlin.de/seiten/produkte.htm" "Opera/9.20 (Windows NT 5.1; U; de)"
78.46.71.247 - - [14/May/2013:00:45:01 +0200] "GET /seiten/referenzen.htm HTTP/1.1" 200 40249 "http://www.prokommunal-berlin.de/seiten/kraftverkehr.htm" "Opera/9.20 (Windows NT 5.1; U; de)"
78.46.71.247 - - [14/May/2013:00:45:01 +0200] "GET /seiten/databund.html HTTP/1.1" 200 9125 "http://www.prokommunal-berlin.de/seiten/referenzen.htm" "Opera/9.20 (Windows NT 5.1; U; de)"
78.46.71.247 - - [14/May/2013:00:45:01 +0200] "GET /seiten/fahrlehrerwesen.htm HTTP/1.1" 200 7168 "http://www.prokommunal-berlin.de/seiten/databund.html" "Opera/9.20 (Windows NT 5.1; U; de)"
78.46.71.247 - - [14/May/2013:00:45:01 +0200] "GET /seiten/partner.htm HTTP/1.1" 200 9458 "http://www.prokommunal-berlin.de/seiten/fahrlehrerwesen.htm" "Opera/9.20 (Windows NT 5.1; U; de)"
78.46.71.247 - - [14/May/2013:00:45:02 +0200] "GET /seiten/fsw.htm HTTP/1.1" 200 9961 "http://www.prokommunal-berlin.de/seiten/partner.htm" "Opera/9.20 (Windows NT 5.1; U; de)"
78.46.71.247 - - [14/May/2013:00:45:02 +0200] "GET /seiten/kontroll.htm HTTP/1.1" 200 6599 "http://www.prokommunal-berlin.de/seiten/fsw.htm" "Opera/9.20 (Windows NT 5.1; U; de)"
78.46.71.247 - - [14/May/2013:00:45:02 +0200] "GET /seiten/kontakt.php HTTP/1.1" 200 12788 "http://www.prokommunal-berlin.de/seiten/kontroll.htm" "Opera/9.20 (Windows NT 5.1; U; de)"
220.181.108.80 - - [14/May/2013:01:25:17 +0200] "GET / HTTP/1.1" 200 7903 "-" "Mozilla/5.0 (compatible; Baiduspider/2.0; +http://www.baidu.com/search/spider.html)"
123.125.71.39 - - [14/May/2013:01:25:17 +0200] "GET / HTTP/1.1" 200 7903 "-" "Mozilla/5.0 (compatible; Baiduspider/2.0; +http://www.baidu.com/search/spider.html)"
80.190.97.212 - - [14/May/2013:01:27:11 +0200] "GET / HTTP/1.1" 200 7903 "-" "Mozilla/5.0 (X11; U; FreeBSD i386; en-US; rv:1.9.1.12) Gecko/20100912 Firefox/3.5.12"
66.249.78.242 - - [14/May/2013:01:29:18 +0200] "GET / HTTP/1.1" 200 7903 "-" "Mozilla/5.0 (iPhone; U; CPU iPhone OS 4_1 like Mac OS X; en-us) AppleWebKit/532.9 (KHTML, like Gecko) Version/4.0.5 Mobile/8B117 Safari/6531.22.7 (compatible; Googlebot-Mobile/2.1; +http://www.google.com/bot.html)"
65.55.52.97 - - [14/May/2013:01:34:18 +0200] "GET /robots.txt HTTP/1.1" 404 1256 "-" "Mozilla/5.0 (compatible; bingbot/2.0; +http://www.bing.com/bingbot.htm)"
65.55.52.97 - - [14/May/2013:01:36:16 +0200] "GET /seiten/kontakt.php HTTP/1.1" 200 12788 "-" "Mozilla/5.0 (compatible; bingbot/2.0; +http://www.bing.com/bingbot.htm)"
46.105.114.127 - - [14/May/2013:02:13:37 +0200] "GET /seiten/databund.html HTTP/1.1" 200 9125 "-" "Mozilla/5.0 (X11; Linux i686; rv:6.0) Gecko/20100101 Firefox/6.0"
80.190.97.212 - - [14/May/2013:02:14:15 +0200] "GET / HTTP/1.1" 200 7903 "-" "Mozilla/5.0 (X11; U; FreeBSD i386; en-US; rv:1.9.1.12) Gecko/20100912 Firefox/3.5.12"
218.30.103.41 - - [14/May/2013:02:16:00 +0200] "GET / HTTP/1.1" 304 - "-" "Sogou web spider/4.0(+http://www.sogou.com/docs/help/webmasters.htm#07)"
218.30.103.41 - - [14/May/2013:02:16:01 +0200] "GET /robots.txt HTTP/1.1" 404 1256 "-" "Sogou web spider/4.0"
66.249.78.242 - - [14/May/2013:02:29:55 +0200] "GET /seiten/databund.html HTTP/1.1" 304 - "-" "Mozilla/5.0 (iPhone; U; CPU iPhone OS 4_1 like Mac OS X; en-us) AppleWebKit/532.9 (KHTML, like Gecko) Version/4.0.5 Mobile/8B117 Safari/6531.22.7 (compatible; Googlebot-Mobile/2.1; +http://www.google.com/bot.html)"
80.190.97.212 - - [14/May/2013:02:50:04 +0200] "GET / HTTP/1.1" 200 7903 "-" "Mozilla/5.0 (X11; U; FreeBSD i386; en-US; rv:1.9.1.12) Gecko/20100912 Firefox/3.5.12"
208.115.111.71 - - [14/May/2013:03:02:22 +0200] "GET /robots.txt HTTP/1.1" 404 1256 "-" "Mozilla/5.0 (compatible; Ezooms/1.0; ezooms.bot@gmail.com)"
123.125.71.41 - - [14/May/2013:03:29:10 +0200] "GET / HTTP/1.1" 200 7903 "-" "Mozilla/5.0 (compatible; Baiduspider/2.0; +http://www.baidu.com/search/spider.html)"
220.181.108.80 - - [14/May/2013:03:29:10 +0200] "GET / HTTP/1.1" 200 7903 "-" "Mozilla/5.0 (compatible; Baiduspider/2.0; +http://www.baidu.com/search/spider.html)"
5.135.161.131 - - [14/May/2013:03:36:39 +0200] "GET / HTTP/1.1" 200 7903 "www.prokommunal-berlin.de" "Mozilla/5.0 (Windows NT 6.2; WOW64; rv:15.0) Gecko/20100101 Firefox/15.0.1"
61.135.249.89 - - [14/May/2013:04:16:19 +0200] "GET / HTTP/1.1" 200 7903 "-" "Mozilla/5.0 (compatible; YodaoBot/1.0; http://www.yodao.com/help/webmaster/spider/; )"
66.162.42.131 - - [14/May/2013:04:24:46 +0200] "GET /robots.txt HTTP/1.0" 404 1256 "-" "Mozilla/5.0 (compatible; ProCogSEOBot/1.0; +http://www.procog.com/ )"
66.162.42.131 - - [14/May/2013:04:24:46 +0200] "GET /seiten/impr.htm HTTP/1.0" 200 8696 "-" "Mozilla/5.0 (compatible; ProCogSEOBot/1.0; +http://www.procog.com/ )"
80.190.97.212 - - [14/May/2013:04:47:41 +0200] "GET / HTTP/1.1" 200 7903 "-" "Mozilla/5.0 (X11; U; FreeBSD i386; en-US; rv:1.9.1.12) Gecko/20100912 Firefox/3.5.12"
80.190.97.212 - - [14/May/2013:04:47:42 +0200] "GET / HTTP/1.1" 200 7903 "-" "Mozilla/5.0 (X11; U; FreeBSD i386; en-US; rv:1.9.1.12) Gecko/20100912 Firefox/3.5.12"
208.115.113.88 - - [14/May/2013:04:53:25 +0200] "GET /robots.txt HTTP/1.1" 404 1256 "-" "Mozilla/5.0 (compatible; Ezooms/1.0; ezooms.bot@gmail.com)"
208.115.111.71 - - [14/May/2013:05:03:43 +0200] "GET /seiten/?D=A HTTP/1.1" 403 1222 "-" "Mozilla/5.0 (compatible; Ezooms/1.0; ezooms.bot@gmail.com)"
64.246.187.42 - - [14/May/2013:05:22:36 +0200] "GET /robots.txt HTTP/1.0" 404 1256 "-" "Mozilla/5.0 (Windows; U; Windows NT 5.1; en; rv:1.9.0.13) Gecko/2009073022 Firefox/3.5.2 (.NET CLR 3.5.30729) SurveyBot/2.3 (DomainTools)"
64.246.187.42 - - [14/May/2013:05:22:36 +0200] "GET / HTTP/1.1" 200 7903 "http://whois.domaintools.com/prokommunal-berlin.de" "Mozilla/5.0 (Windows; U; Windows NT 5.1; en; rv:1.9.0.13) Gecko/2009073022 Firefox/3.5.2 (.NET CLR 3.5.30729) SurveyBot/2.3 (DomainTools)"
142.4.112.122 - - [14/May/2013:05:34:10 +0200] "GET /seiten/databund.html HTTP/1.0" 200 9125 "http://www.prokommunal.com/seiten/databund.html" "Opera/9.80 (Windows NT 6.0) Presto/2.12.388 Version/12.10"
208.115.113.88 - - [14/May/2013:05:49:35 +0200] "GET /seiten/intern/login.php HTTP/1.1" 302 - "-" "Mozilla/5.0 (compatible; Ezooms/1.0; ezooms.bot@gmail.com)"
139.18.2.209 - - [14/May/2013:05:53:11 +0200] "GET /robots.txt HTTP/1.1" 404 1256 "-" "findlinks/2.6 (+http://wortschatz.uni-leipzig.de/findlinks/)"
208.167.230.3 - - [14/May/2013:06:26:42 +0200] "GET /menue HTTP/1.1" 404 1256 "-" "Mozilla/5.0 (compatible; AhrefsBot/4.0; +http://ahrefs.com/robot/)"
216.145.5.42 - - [14/May/2013:06:31:20 +0200] "GET /robots.txt HTTP/1.0" 404 1256 "-" "Mozilla/5.0 (Windows; U; Windows NT 5.1; en; rv:1.9.0.13) Gecko/2009073022 Firefox/3.5.2 (.NET CLR 3.5.30729) SurveyBot/2.3 (DomainTools)"
216.145.5.42 - - [14/May/2013:06:31:21 +0200] "GET / HTTP/1.1" 200 7903 "http://whois.domaintools.com/prokommunal.com" "Mozilla/5.0 (Windows; U; Windows NT 5.1; en; rv:1.9.0.13) Gecko/2009073022 Firefox/3.5.2 (.NET CLR 3.5.30729) SurveyBot/2.3 (DomainTools)"
54.242.153.234 - - [14/May/2013:06:35:07 +0200] "GET / HTTP/1.1" 200 7903 "-" "Mozilla/5.0 (X11; Linux x86_64) AppleWebKit/534.34 (KHTML, like Gecko) Qt/4.8.2"
54.242.153.234 - - [14/May/2013:06:35:07 +0200] "GET /css/style.css HTTP/1.1" 200 3549 "http://www.prokommunal.com/" "Mozilla/5.0 (X11; Linux x86_64) AppleWebKit/534.34 (KHTML, like Gecko) Qt/4.8.2"
54.242.153.234 - - [14/May/2013:06:35:07 +0200] "GET /scripte/basics.js HTTP/1.1" 200 198 "http://www.prokommunal.com/" "Mozilla/5.0 (X11; Linux x86_64) AppleWebKit/534.34 (KHTML, like Gecko) Qt/4.8.2"
54.242.153.234 - - [14/May/2013:06:35:08 +0200] "GET /seiten/kontakt.php HTTP/1.1" 200 12788 "-" "Mozilla/5.0 (X11; Linux x86_64) AppleWebKit/534.34 (KHTML, like Gecko) Qt/4.8.2"
94.23.250.228 - - [14/May/2013:06:40:56 +0200] "GET //wp-login.php HTTP/1.1" 404 1256 "-" "Mozilla/4.0 (compatible; MSIE 6.0; Windows 98)"
175.136.160.54 - - [14/May/2013:06:47:17 +0200] "GET / HTTP/1.1" 200 7903 "http://www.databund.de/index.php?option=com_content&view=article&id=12&Itemid=111" "Mozilla/4.0 (compatible; MSIE 7.0; Windows NT 6.1; WOW64; Trident/4.0; SLCC2; .NET CLR 2.0.50727; .NET CLR 3.5.30729; .NET CLR 3.0.30729; Media Center PC 6.0; InfoPath.3; AskTbMYC-ST/5.15.15.35882)"
208.167.230.3 - - [14/May/2013:06:49:09 +0200] "GET /seiten/databund.html HTTP/1.1" 200 9125 "-" "Mozilla/5.0 (compatible; AhrefsBot/4.0; +http://ahrefs.com/robot/)"
61.135.249.89 - - [14/May/2013:06:51:11 +0200] "GET / HTTP/1.1" 200 7903 "-" "Mozilla/5.0 (compatible; YodaoBot/1.0; http://www.yodao.com/help/webmaster/spider/; )"
81.30.151.221 - - [14/May/2013:07:11:31 +0200] "GET /robots.txt HTTP/1.1" 404 1256 "-" "Mozilla/5.0 (compatible; Spiderlytics/1.0; +spider@spiderlytics.com)"
81.30.151.221 - - [14/May/2013:07:11:31 +0200] "GET /img/hsh.jpg HTTP/1.1" 200 5007 "-" "Mozilla/5.0 (compatible; Spiderlytics/1.0; +spider@spiderlytics.com)"
208.167.230.3 - - [14/May/2013:07:41:58 +0200] "GET / HTTP/1.1" 200 7903 "-" "Mozilla/5.0 (compatible; AhrefsBot/4.0; +http://ahrefs.com/robot/)"
83.243.48.3 - - [14/May/2013:08:28:44 +0200] "GET /gast-fsw/tatbestand20130401.zip HTTP/1.1" 200 68038 "-" "Mozilla/5.0 (compatible; MSIE 9.0; Windows NT 6.1; Trident/5.0)"
192.166.87.126 - - [14/May/2013:08:45:27 +0200] "GET /gast-fsw/fsw_update1024_v506.zip HTTP/1.1" 200 12478153 "-" "Mozilla/5.0 (Windows NT 5.1; rv:17.0) Gecko/20100101 Firefox/17.0"
61.135.249.137 - - [14/May/2013:09:14:13 +0200] "GET / HTTP/1.1" 200 7903 "-" "Mozilla/5.0 (compatible; YodaoBot/1.0; http://www.yodao.com/help/webmaster/spider/; )"
66.249.75.211 - - [14/May/2013:09:16:47 +0200] "GET /seiten/kraftverkehr.htm HTTP/1.1" 200 9210 "-" "DoCoMo/2.0 N905i(c100;TB;W24H16) (compatible; Googlebot-Mobile/2.1; +http://www.google.com/bot.html)"
208.167.230.3 - - [14/May/2013:09:35:31 +0200] "GET /seiten/impr.htm HTTP/1.1" 200 8696 "-" "Mozilla/5.0 (compatible; AhrefsBot/4.0; +http://ahrefs.com/robot/)"
142.4.112.122 - - [14/May/2013:09:45:40 +0200] "GET /seiten/databund.html HTTP/1.0" 200 9125 "http://www.prokommunal.com/seiten/databund.html" "Mozilla/5.0 (Windows NT 6.1; WOW64) AppleWebKit/535.19 (KHTML, like Gecko) Chrome/18.0.1025.1634 Safari/535.19 YE"
46.165.173.138 - - [14/May/2013:09:56:39 +0200] "GET / HTTP/1.0" 200 7903 "http://www.google.de/url?sa=t&rct=j&q=pro+kommunal&source=web&cd=1&ved=0CC8QFjAA&url=http%3A%2F%2Fwww.prokommunal.com%2F&ei=Ju6RUcKSJuqh7AaJwYDQDg&usg=AFQjCNF5ZvO5ecR3rprSCB3llFRGksZz8A&bvm=bv.46471029,d.ZWU" "Mozilla/4.0 (compatible; MSIE 8.0; Windows NT 5.1; Trident/4.0; .NET CLR 1.1.4322; .NET CLR 2.0.50727; .NET CLR 3.0.04506.30; MALC; .NET CLR 3.0.4506.2152; .NET CLR 3.5.30729)"
