5.9.86.118 - - [29/May/2013:17:15:05 +0200] "GET / HTTP/1.1" 200 7903 "-" "Mozilla/5.0 (compatible; Infohelfer/1.3.3; +http://www.infohelfer.de/crawler.php)"
119.63.196.116 - - [29/May/2013:18:17:13 +0200] "GET / HTTP/1.1" 200 7903 "-" "Mozilla/5.0 (compatible; Baiduspider/2.0; +http://www.baidu.com/search/spider.html)"
123.125.71.49 - - [29/May/2013:18:25:58 +0200] "GET / HTTP/1.1" 200 7903 "-" "Mozilla/5.0 (compatible; Baiduspider/2.0; +http://www.baidu.com/search/spider.html)"
220.181.108.101 - - [29/May/2013:18:25:58 +0200] "GET / HTTP/1.1" 200 7903 "-" "Mozilla/5.0 (compatible; Baiduspider/2.0; +http://www.baidu.com/search/spider.html)"
61.135.249.202 - - [29/May/2013:18:32:18 +0200] "GET / HTTP/1.1" 200 7903 "-" "Mozilla/5.0 (compatible; YoudaoBot/1.0; http://www.youdao.com/help/webmaster/spider/; )"
66.249.78.242 - - [29/May/2013:18:54:45 +0200] "GET /css/style.css HTTP/1.1" 200 3549 "-" "Mozilla/5.0 (compatible; Googlebot/2.1; +http://www.google.com/bot.html)"
119.63.196.92 - - [29/May/2013:19:05:49 +0200] "GET /seiten/referenzen.htm HTTP/1.1" 200 40249 "-" "Mozilla/5.0 (compatible; Baiduspider/2.0; +http://www.baidu.com/search/spider.html)"
93.220.213.119 - - [29/May/2013:20:00:29 +0200] "GET / HTTP/1.1" 200 7903 "-" "Mozilla/4.0 (compatible; MSIE 8.0; Windows NT 6.0; .NET CLR 1.0.3705; .NET CLR 1.1.4322; Media Center PC 4.0; .NET CLR 2.0.50727)"
208.115.113.84 - - [29/May/2013:20:13:24 +0200] "GET /robots.txt HTTP/1.1" 404 1256 "-" "Mozilla/5.0 (compatible; Ezooms/1.0; ezooms.bot@gmail.com)"
119.63.196.62 - - [29/May/2013:20:15:01 +0200] "GET /seiten/partner.htm HTTP/1.1" 200 9458 "-" "Mozilla/5.0 (compatible; Baiduspider/2.0; +http://www.baidu.com/search/spider.html)"
123.125.71.40 - - [29/May/2013:21:18:58 +0200] "GET / HTTP/1.1" 200 7903 "-" "Mozilla/5.0 (compatible; Baiduspider/2.0; +http://www.baidu.com/search/spider.html)"
220.181.108.76 - - [29/May/2013:21:18:58 +0200] "GET / HTTP/1.1" 200 7903 "-" "Mozilla/5.0 (compatible; Baiduspider/2.0; +http://www.baidu.com/search/spider.html)"
66.249.78.242 - - [29/May/2013:21:20:30 +0200] "GET /robots.txt HTTP/1.1" 404 1256 "-" "Mozilla/5.0 (compatible; Googlebot/2.1; +http://www.google.com/bot.html)"
66.249.78.242 - - [29/May/2013:21:20:30 +0200] "GET /seiten/produkte.htm HTTP/1.1" 304 - "-" "Mozilla/5.0 (compatible; Googlebot/2.1; +http://www.google.com/bot.html)"
119.63.196.124 - - [29/May/2013:21:24:21 +0200] "GET /seiten/kontakt.php HTTP/1.1" 200 12788 "-" "Mozilla/5.0 (compatible; Baiduspider/2.0; +http://www.baidu.com/search/spider.html)"
208.115.113.84 - - [29/May/2013:22:05:10 +0200] "GET /seiten/fahrlehrerwesen.htm HTTP/1.1" 200 7168 "-" "Mozilla/5.0 (compatible; Ezooms/1.0; ezooms.bot@gmail.com)"
66.249.78.242 - - [29/May/2013:23:04:37 +0200] "GET /seiten/kontroll.htm HTTP/1.1" 304 - "-" "Mozilla/5.0 (iPhone; U; CPU iPhone OS 4_1 like Mac OS X; en-us) AppleWebKit/532.9 (KHTML, like Gecko) Version/4.0.5 Mobile/8B117 Safari/6531.22.7 (compatible; Googlebot-Mobile/2.1; +http://www.google.com/bot.html)"
119.63.196.93 - - [29/May/2013:23:19:04 +0200] "GET /seiten/impr.htm HTTP/1.1" 200 8696 "-" "Mozilla/5.0 (compatible; Baiduspider/2.0; +http://www.baidu.com/search/spider.html)"
66.249.78.242 - - [29/May/2013:23:28:42 +0200] "GET /seiten/fsw.htm HTTP/1.1" 304 - "-" "Mozilla/5.0 (compatible; Googlebot/2.1; +http://www.google.com/bot.html)"
217.225.181.175 - - [29/May/2013:23:49:21 +0200] "GET / HTTP/1.1" 200 7903 "http://www.bigfinder.de/online-11.html" "Mozilla/5.0 (Windows; U; Windows NT 5.1; de; rv:1.9.0.12) Gecko/2009070611 Firefox/3.0.12 GTB7.1 (.NET CLR 3.5.30729)"
66.249.75.211 - - [30/May/2013:00:04:20 +0200] "GET / HTTP/1.1" 200 7903 "-" "DoCoMo/2.0 N905i(c100;TB;W24H16) (compatible; Googlebot-Mobile/2.1; +http://www.google.com/bot.html)"
218.30.103.41 - - [30/May/2013:00:11:38 +0200] "GET / HTTP/1.1" 304 - "-" "Sogou web spider/4.0(+http://www.sogou.com/docs/help/webmasters.htm#07)"
119.63.196.60 - - [30/May/2013:00:28:19 +0200] "GET /seiten/service.htm HTTP/1.1" 200 9959 "-" "Mozilla/5.0 (compatible; Baiduspider/2.0; +http://www.baidu.com/search/spider.html)"
80.190.97.212 - - [30/May/2013:00:40:59 +0200] "GET / HTTP/1.1" 200 7903 "-" "Mozilla/5.0 (X11; U; FreeBSD i386; en-US; rv:1.9.1.12) Gecko/20100912 Firefox/3.5.12"
80.190.97.212 - - [30/May/2013:01:22:54 +0200] "GET / HTTP/1.1" 200 7903 "-" "Mozilla/5.0 (X11; U; FreeBSD i386; en-US; rv:1.9.1.12) Gecko/20100912 Firefox/3.5.12"
119.63.196.125 - - [30/May/2013:01:37:40 +0200] "GET /seiten/fsw.htm HTTP/1.1" 200 9961 "-" "Mozilla/5.0 (compatible; Baiduspider/2.0; +http://www.baidu.com/search/spider.html)"
80.190.97.212 - - [30/May/2013:02:07:46 +0200] "GET / HTTP/1.1" 200 7903 "-" "Mozilla/5.0 (X11; U; FreeBSD i386; en-US; rv:1.9.1.12) Gecko/20100912 Firefox/3.5.12"
220.181.108.111 - - [30/May/2013:02:19:01 +0200] "GET / HTTP/1.1" 200 7903 "-" "Mozilla/5.0 (compatible; Baiduspider/2.0; +http://www.baidu.com/search/spider.html)"
123.125.71.48 - - [30/May/2013:02:19:01 +0200] "GET / HTTP/1.1" 200 7903 "-" "Mozilla/5.0 (compatible; Baiduspider/2.0; +http://www.baidu.com/search/spider.html)"
176.57.141.254 - - [30/May/2013:02:19:21 +0200] "GET /seiten/partner.htm HTTP/1.1" 200 9458 "-" "Mozilla/5.0 (X11; Linux i686; rv:6.0) Gecko/20100101 Firefox/6.0"
46.105.114.127 - - [30/May/2013:02:19:21 +0200] "GET /seiten/partner.htm HTTP/1.1" 200 9458 "-" "Mozilla/5.0 (X11; Linux i686; rv:6.0) Gecko/20100101 Firefox/6.0"
66.249.78.242 - - [30/May/2013:02:29:44 +0200] "GET / HTTP/1.1" 200 7903 "-" "Mozilla/5.0 (iPhone; U; CPU iPhone OS 4_1 like Mac OS X; en-us) AppleWebKit/532.9 (KHTML, like Gecko) Version/4.0.5 Mobile/8B117 Safari/6531.22.7 (compatible; Googlebot-Mobile/2.1; +http://www.google.com/bot.html)"
58.22.10.115 - - [30/May/2013:02:45:15 +0200] "GET /seiten/databund.html HTTP/1.0" 200 9125 "http://www.prokommunal.com/seiten/databund.html" "Mozilla/5.0 (Windows NT 6.1) AppleWebKit/536.5 (KHTML, like Gecko) YaBrowser/1.1.1084.5409 Chrome/19.1.1084.5409 Safari/536.5"
80.190.97.212 - - [30/May/2013:02:46:09 +0200] "GET / HTTP/1.1" 200 7903 "-" "Mozilla/5.0 (X11; U; FreeBSD i386; en-US; rv:1.9.1.12) Gecko/20100912 Firefox/3.5.12"
208.115.111.72 - - [30/May/2013:02:48:30 +0200] "GET /robots.txt HTTP/1.1" 404 1256 "-" "Mozilla/5.0 (compatible; Ezooms/1.0; ezooms.bot@gmail.com)"
208.115.111.72 - - [30/May/2013:03:24:37 +0200] "GET / HTTP/1.1" 200 7903 "-" "Mozilla/5.0 (compatible; Ezooms/1.0; ezooms.bot@gmail.com)"
119.63.196.122 - - [30/May/2013:03:35:51 +0200] "GET /seiten/fahrlehrerwesen.htm HTTP/1.1" 200 7168 "-" "Mozilla/5.0 (compatible; Baiduspider/2.0; +http://www.baidu.com/search/spider.html)"
119.63.196.58 - - [30/May/2013:04:45:08 +0200] "GET /seiten/databund.html HTTP/1.1" 200 9125 "-" "Mozilla/5.0 (compatible; Baiduspider/2.0; +http://www.baidu.com/search/spider.html)"
80.190.97.212 - - [30/May/2013:04:52:08 +0200] "GET / HTTP/1.1" 200 7903 "-" "Mozilla/5.0 (X11; U; FreeBSD i386; en-US; rv:1.9.1.12) Gecko/20100912 Firefox/3.5.12"
80.190.97.212 - - [30/May/2013:04:52:08 +0200] "GET / HTTP/1.1" 200 7903 "-" "Mozilla/5.0 (X11; U; FreeBSD i386; en-US; rv:1.9.1.12) Gecko/20100912 Firefox/3.5.12"
66.249.78.242 - - [30/May/2013:07:05:58 +0200] "GET /seiten/produkte.htm HTTP/1.1" 304 - "-" "Mozilla/5.0 (iPhone; U; CPU iPhone OS 4_1 like Mac OS X; en-us) AppleWebKit/532.9 (KHTML, like Gecko) Version/4.0.5 Mobile/8B117 Safari/6531.22.7 (compatible; Googlebot-Mobile/2.1; +http://www.google.com/bot.html)"
173.199.116.195 - - [30/May/2013:07:10:29 +0200] "GET / HTTP/1.1" 200 7903 "-" "Mozilla/5.0 (compatible; AhrefsBot/4.0; +http://ahrefs.com/robot/)"
89.123.24.101 - - [30/May/2013:07:26:46 +0200] "GET / HTTP/1.1" 200 7903 "-" "Java/1.6.0_04"
89.123.24.101 - - [30/May/2013:07:26:46 +0200] "GET /./scripte/basics.js HTTP/1.1" 200 198 "-" "Java/1.6.0_04"
89.123.24.101 - - [30/May/2013:07:26:47 +0200] "GET /false.htm HTTP/1.1" 200 2749 "-" "Java/1.6.0_04"
89.123.24.101 - - [30/May/2013:07:26:47 +0200] "GET /scripte/basics.js HTTP/1.1" 200 198 "-" "Java/1.6.0_04"
89.123.24.101 - - [30/May/2013:07:26:47 +0200] "GET /./seiten/databund.html HTTP/1.1" 200 9125 "-" "Java/1.6.0_04"
89.123.24.101 - - [30/May/2013:07:26:47 +0200] "GET /seiten/fahrlehrerwesen.htm HTTP/1.1" 200 7168 "-" "Java/1.6.0_04"
89.123.24.101 - - [30/May/2013:07:26:47 +0200] "GET /seiten/fsw.htm HTTP/1.1" 200 9961 "-" "Java/1.6.0_04"
89.123.24.101 - - [30/May/2013:07:26:47 +0200] "GET /seiten/impr.htm HTTP/1.1" 200 8696 "-" "Java/1.6.0_04"
89.123.24.101 - - [30/May/2013:07:26:47 +0200] "GET /seiten/kontakt.php HTTP/1.1" 200 12788 "-" "Java/1.6.0_04"
89.123.24.101 - - [30/May/2013:07:26:48 +0200] "GET /seiten/kontroll.htm HTTP/1.1" 200 6599 "-" "Java/1.6.0_04"
89.123.24.101 - - [30/May/2013:07:26:48 +0200] "GET /seiten/kraftverkehr.htm HTTP/1.1" 200 9210 "-" "Java/1.6.0_04"
89.123.24.101 - - [30/May/2013:07:26:48 +0200] "GET /seiten/partner.htm HTTP/1.1" 200 9458 "-" "Java/1.6.0_04"
89.123.24.101 - - [30/May/2013:07:26:48 +0200] "GET /seiten/produkte.htm HTTP/1.1" 200 9105 "-" "Java/1.6.0_04"
89.123.24.101 - - [30/May/2013:07:26:50 +0200] "GET /seiten/referenzen.htm HTTP/1.1" 200 40249 "-" "Java/1.6.0_04"
89.123.24.101 - - [30/May/2013:07:26:50 +0200] "GET /seiten/service.htm HTTP/1.1" 200 9959 "-" "Java/1.6.0_04"
89.123.24.101 - - [30/May/2013:07:26:50 +0200] "GET /./seiten/fahrlehrerwesen.htm HTTP/1.1" 200 7168 "-" "Java/1.6.0_04"
89.123.24.101 - - [30/May/2013:07:26:50 +0200] "GET /./seiten/fsw.htm HTTP/1.1" 200 9961 "-" "Java/1.6.0_04"
89.123.24.101 - - [30/May/2013:07:26:51 +0200] "GET /./seiten/impr.htm HTTP/1.1" 200 8696 "-" "Java/1.6.0_04"
89.123.24.101 - - [30/May/2013:07:26:51 +0200] "GET /./seiten/kontakt.php HTTP/1.1" 200 12788 "-" "Java/1.6.0_04"
89.123.24.101 - - [30/May/2013:07:26:51 +0200] "GET /./seiten/kontroll.htm HTTP/1.1" 200 6599 "-" "Java/1.6.0_04"
89.123.24.101 - - [30/May/2013:07:26:51 +0200] "GET /./seiten/kraftverkehr.htm HTTP/1.1" 200 9210 "-" "Java/1.6.0_04"
89.123.24.101 - - [30/May/2013:07:26:51 +0200] "GET /./seiten/partner.htm HTTP/1.1" 200 9458 "-" "Java/1.6.0_04"
89.123.24.101 - - [30/May/2013:07:26:51 +0200] "GET /./seiten/produkte.htm HTTP/1.1" 200 9105 "-" "Java/1.6.0_04"
89.123.24.101 - - [30/May/2013:07:26:51 +0200] "GET /./seiten/referenzen.htm HTTP/1.1" 200 40249 "-" "Java/1.6.0_04"
89.123.24.101 - - [30/May/2013:07:26:52 +0200] "GET /./seiten/service.htm HTTP/1.1" 200 9959 "-" "Java/1.6.0_04"
89.123.24.101 - - [30/May/2013:07:26:52 +0200] "GET /seiten/intern/log_check.php HTTP/1.1" 302 - "-" "Java/1.6.0_04"
89.123.24.101 - - [30/May/2013:07:26:52 +0200] "GET /seiten/intern/log_check.php HTTP/1.1" 302 - "-" "Java/1.6.0_04"
89.123.24.101 - - [30/May/2013:07:26:56 +0200] "GET /seiten/intern/log_check.php HTTP/1.1" 302 - "-" "Java/1.6.0_04"
89.123.24.101 - - [30/May/2013:07:26:56 +0200] "GET /seiten/intern/log_check.php HTTP/1.1" 302 - "-" "Java/1.6.0_04"
89.123.24.101 - - [30/May/2013:07:26:56 +0200] "GET /seiten/intern/log_check.php HTTP/1.1" 302 - "-" "Java/1.6.0_04"
89.123.24.101 - - [30/May/2013:07:26:56 +0200] "GET /seiten/intern/log_check.php HTTP/1.1" 302 - "-" "Java/1.6.0_04"
89.123.24.101 - - [30/May/2013:07:26:57 +0200] "GET /seiten/intern/log_check.php HTTP/1.1" 302 - "-" "Java/1.6.0_04"
89.123.24.101 - - [30/May/2013:07:26:57 +0200] "GET /seiten/intern/log_check.php HTTP/1.1" 302 - "-" "Java/1.6.0_04"
89.123.24.101 - - [30/May/2013:07:27:06 +0200] "GET /seiten/intern/log_check.php HTTP/1.1" 302 - "-" "Java/1.6.0_04"
89.123.24.101 - - [30/May/2013:07:27:06 +0200] "GET /seiten/intern/log_check.php HTTP/1.1" 302 - "-" "Java/1.6.0_04"
89.123.24.101 - - [30/May/2013:07:27:07 +0200] "GET /seiten/intern/log_check.php HTTP/1.1" 302 - "-" "Java/1.6.0_04"
89.123.24.101 - - [30/May/2013:07:27:07 +0200] "GET /seiten/intern/log_check.php HTTP/1.1" 302 - "-" "Java/1.6.0_04"
89.123.24.101 - - [30/May/2013:07:27:08 +0200] "GET /seiten/intern/log_check.php HTTP/1.1" 302 - "-" "Java/1.6.0_04"
89.123.24.101 - - [30/May/2013:07:27:08 +0200] "GET /seiten/intern/log_check.php HTTP/1.1" 302 - "-" "Java/1.6.0_04"
89.123.24.101 - - [30/May/2013:07:27:08 +0200] "GET /seiten/intern/log_check.php HTTP/1.1" 302 - "-" "Java/1.6.0_04"
89.123.24.101 - - [30/May/2013:07:27:09 +0200] "GET /seiten/intern/log_check.php HTTP/1.1" 302 - "-" "Java/1.6.0_04"
89.123.24.101 - - [30/May/2013:07:27:09 +0200] "GET /seiten/intern/log_check.php HTTP/1.1" 302 - "-" "Java/1.6.0_04"
89.123.24.101 - - [30/May/2013:07:27:09 +0200] "GET /seiten/intern/log_check.php HTTP/1.1" 302 - "-" "Java/1.6.0_04"
89.123.24.101 - - [30/May/2013:07:27:10 +0200] "GET /seiten/intern/log_check.php HTTP/1.1" 302 - "-" "Java/1.6.0_04"
89.123.24.101 - - [30/May/2013:07:27:10 +0200] "GET /seiten/intern/log_check.php HTTP/1.1" 302 - "-" "Java/1.6.0_04"
89.123.24.101 - - [30/May/2013:07:27:10 +0200] "GET /./seiten/intern/log_check.php HTTP/1.1" 302 - "-" "Java/1.6.0_04"
89.123.24.101 - - [30/May/2013:07:27:10 +0200] "GET /./seiten/intern/log_check.php HTTP/1.1" 302 - "-" "Java/1.6.0_04"
89.123.24.101 - - [30/May/2013:07:27:11 +0200] "GET /./seiten/intern/log_check.php HTTP/1.1" 302 - "-" "Java/1.6.0_04"
89.123.24.101 - - [30/May/2013:07:27:11 +0200] "GET /./seiten/intern/log_check.php HTTP/1.1" 302 - "-" "Java/1.6.0_04"
89.123.24.101 - - [30/May/2013:07:27:12 +0200] "GET /./seiten/intern/log_check.php HTTP/1.1" 302 - "-" "Java/1.6.0_04"
89.123.24.101 - - [30/May/2013:07:27:12 +0200] "GET /./seiten/intern/log_check.php HTTP/1.1" 302 - "-" "Java/1.6.0_04"
89.123.24.101 - - [30/May/2013:07:27:12 +0200] "GET /./seiten/intern/log_check.php HTTP/1.1" 302 - "-" "Java/1.6.0_04"
89.123.24.101 - - [30/May/2013:07:27:12 +0200] "GET /./seiten/intern/log_check.php HTTP/1.1" 302 - "-" "Java/1.6.0_04"
89.123.24.101 - - [30/May/2013:07:27:13 +0200] "GET /./seiten/intern/log_check.php HTTP/1.1" 302 - "-" "Java/1.6.0_04"
89.123.24.101 - - [30/May/2013:07:27:13 +0200] "GET /./seiten/intern/log_check.php HTTP/1.1" 302 - "-" "Java/1.6.0_04"
89.123.24.101 - - [30/May/2013:07:27:13 +0200] "GET /./seiten/intern/log_check.php HTTP/1.1" 302 - "-" "Java/1.6.0_04"
89.123.24.101 - - [30/May/2013:07:27:14 +0200] "GET /./seiten/intern/log_check.php HTTP/1.1" 302 - "-" "Java/1.6.0_04"
89.123.24.101 - - [30/May/2013:07:27:14 +0200] "GET /./seiten/intern/log_check.php HTTP/1.1" 302 - "-" "Java/1.6.0_04"
89.123.24.101 - - [30/May/2013:07:27:14 +0200] "GET /./seiten/intern/log_check.php HTTP/1.1" 302 - "-" "Java/1.6.0_04"
89.123.24.101 - - [30/May/2013:07:27:14 +0200] "GET /./seiten/intern/log_check.php HTTP/1.1" 302 - "-" "Java/1.6.0_04"
89.123.24.101 - - [30/May/2013:07:27:15 +0200] "GET /./seiten/intern/log_check.php HTTP/1.1" 302 - "-" "Java/1.6.0_04"
89.123.24.101 - - [30/May/2013:07:27:15 +0200] "GET /./seiten/intern/log_check.php HTTP/1.1" 302 - "-" "Java/1.6.0_04"
89.123.24.101 - - [30/May/2013:07:27:15 +0200] "GET /./seiten/intern/log_check.php HTTP/1.1" 302 - "-" "Java/1.6.0_04"
89.123.24.101 - - [30/May/2013:07:27:16 +0200] "GET /./seiten/intern/log_check.php HTTP/1.1" 302 - "-" "Java/1.6.0_04"
89.123.24.101 - - [30/May/2013:07:27:16 +0200] "GET /./seiten/intern/log_check.php HTTP/1.1" 302 - "-" "Java/1.6.0_04"
217.212.224.183 - - [30/May/2013:07:52:42 +0200] "GET /robots.txt HTTP/1.0" 404 1256 "-" "psbot/0.1 (+http://www.picsearch.com/bot.html)"
217.212.224.182 - - [30/May/2013:07:52:42 +0200] "GET /seiten/kraftverkehr.htm HTTP/1.0" 304 - "-" "psbot/0.1 (+http://www.picsearch.com/bot.html)"
212.59.55.66 - - [30/May/2013:08:10:17 +0200] "GET / HTTP/1.1" 200 7903 "http://www.google.de/url?sa=t&rct=j&q=prokommunal&source=web&cd=1&ved=0CC4QFjAA&url=http%3A%2F%2Fwww.prokommunal.com%2F&ei=Ju2mUdf9AsfhtQa66YGwBg&usg=AFQjCNF5ZvO5ecR3rprSCB3llFRGksZz8A&bvm=bv.47244034,d.Yms" "Mozilla/4.0 (compatible; MSIE 8.0; Windows NT 6.1; Trident/4.0; SLCC2; .NET CLR 2.0.50727; .NET CLR 3.5.30729; .NET CLR 3.0.30729; Media Center PC 6.0; InfoPath.3; .NET4.0C; .NET4.0E)"
212.59.55.66 - - [30/May/2013:08:10:17 +0200] "GET /scripte/basics.js HTTP/1.1" 200 198 "http://www.prokommunal.com/" "Mozilla/4.0 (compatible; MSIE 8.0; Windows NT 6.1; Trident/4.0; SLCC2; .NET CLR 2.0.50727; .NET CLR 3.5.30729; .NET CLR 3.0.30729; Media Center PC 6.0; InfoPath.3; .NET4.0C; .NET4.0E)"
212.59.55.66 - - [30/May/2013:08:10:17 +0200] "GET /css/style.css HTTP/1.1" 200 3549 "http://www.prokommunal.com/" "Mozilla/4.0 (compatible; MSIE 8.0; Windows NT 6.1; Trident/4.0; SLCC2; .NET CLR 2.0.50727; .NET CLR 3.5.30729; .NET CLR 3.0.30729; Media Center PC 6.0; InfoPath.3; .NET4.0C; .NET4.0E)"
212.59.55.66 - - [30/May/2013:08:10:17 +0200] "GET /img/head03.jpg HTTP/1.1" 200 7610 "http://www.prokommunal.com/" "Mozilla/4.0 (compatible; MSIE 8.0; Windows NT 6.1; Trident/4.0; SLCC2; .NET CLR 2.0.50727; .NET CLR 3.5.30729; .NET CLR 3.0.30729; Media Center PC 6.0; InfoPath.3; .NET4.0C; .NET4.0E)"
212.59.55.66 - - [30/May/2013:08:10:17 +0200] "GET /img/head01.jpg HTTP/1.1" 200 6350 "http://www.prokommunal.com/" "Mozilla/4.0 (compatible; MSIE 8.0; Windows NT 6.1; Trident/4.0; SLCC2; .NET CLR 2.0.50727; .NET CLR 3.5.30729; .NET CLR 3.0.30729; Media Center PC 6.0; InfoPath.3; .NET4.0C; .NET4.0E)"
212.59.55.66 - - [30/May/2013:08:10:17 +0200] "GET /redesign/img/bg_gelb.jpg HTTP/1.1" 200 368 "http://www.prokommunal.com/" "Mozilla/4.0 (compatible; MSIE 8.0; Windows NT 6.1; Trident/4.0; SLCC2; .NET CLR 2.0.50727; .NET CLR 3.5.30729; .NET CLR 3.0.30729; Media Center PC 6.0; InfoPath.3; .NET4.0C; .NET4.0E)"
212.59.55.66 - - [30/May/2013:08:10:17 +0200] "GET /redesign/img/bg_foot.gif HTTP/1.1" 200 286 "http://www.prokommunal.com/" "Mozilla/4.0 (compatible; MSIE 8.0; Windows NT 6.1; Trident/4.0; SLCC2; .NET CLR 2.0.50727; .NET CLR 3.5.30729; .NET CLR 3.0.30729; Media Center PC 6.0; InfoPath.3; .NET4.0C; .NET4.0E)"
212.59.55.66 - - [30/May/2013:08:10:17 +0200] "GET /img/head02.jpg HTTP/1.1" 200 4929 "http://www.prokommunal.com/" "Mozilla/4.0 (compatible; MSIE 8.0; Windows NT 6.1; Trident/4.0; SLCC2; .NET CLR 2.0.50727; .NET CLR 3.5.30729; .NET CLR 3.0.30729; Media Center PC 6.0; InfoPath.3; .NET4.0C; .NET4.0E)"
212.59.55.66 - - [30/May/2013:08:10:28 +0200] "GET /favicon.ico HTTP/1.1" 200 894 "-" "Mozilla/4.0 (compatible; MSIE 8.0; Windows NT 6.1; Trident/4.0; SLCC2; .NET CLR 2.0.50727; .NET CLR 3.5.30729; .NET CLR 3.0.30729; Media Center PC 6.0; InfoPath.3; .NET4.0C; .NET4.0E)"
212.59.55.66 - - [30/May/2013:08:12:00 +0200] "GET /seiten/service.htm HTTP/1.1" 200 9959 "http://www.prokommunal.com/" "Mozilla/4.0 (compatible; MSIE 8.0; Windows NT 6.1; Trident/4.0; SLCC2; .NET CLR 2.0.50727; .NET CLR 3.5.30729; .NET CLR 3.0.30729; Media Center PC 6.0; InfoPath.3; .NET4.0C; .NET4.0E)"
212.59.55.66 - - [30/May/2013:08:12:00 +0200] "GET /img/top.gif HTTP/1.1" 200 96 "http://www.prokommunal.com/seiten/service.htm" "Mozilla/4.0 (compatible; MSIE 8.0; Windows NT 6.1; Trident/4.0; SLCC2; .NET CLR 2.0.50727; .NET CLR 3.5.30729; .NET CLR 3.0.30729; Media Center PC 6.0; InfoPath.3; .NET4.0C; .NET4.0E)"
212.59.55.66 - - [30/May/2013:08:12:00 +0200] "GET /redesign/img/term.jpg HTTP/1.1" 200 498 "http://www.prokommunal.com/seiten/service.htm" "Mozilla/4.0 (compatible; MSIE 8.0; Windows NT 6.1; Trident/4.0; SLCC2; .NET CLR 2.0.50727; .NET CLR 3.5.30729; .NET CLR 3.0.30729; Media Center PC 6.0; InfoPath.3; .NET4.0C; .NET4.0E)"
212.59.55.66 - - [30/May/2013:08:12:00 +0200] "GET /img/men_01.jpg HTTP/1.1" 200 713 "http://www.prokommunal.com/seiten/service.htm" "Mozilla/4.0 (compatible; MSIE 8.0; Windows NT 6.1; Trident/4.0; SLCC2; .NET CLR 2.0.50727; .NET CLR 3.5.30729; .NET CLR 3.0.30729; Media Center PC 6.0; InfoPath.3; .NET4.0C; .NET4.0E)"
212.59.55.66 - - [30/May/2013:08:12:10 +0200] "GET /seiten/term13.pdf HTTP/1.1" 200 146450 "http://www.prokommunal.com/seiten/service.htm" "Mozilla/4.0 (compatible; MSIE 8.0; Windows NT 6.1; Trident/4.0; SLCC2; .NET CLR 2.0.50727; .NET CLR 3.5.30729; .NET CLR 3.0.30729; Media Center PC 6.0; InfoPath.3; .NET4.0C; .NET4.0E)"
212.59.55.66 - - [30/May/2013:08:12:25 +0200] "GET /seiten/service.htm HTTP/1.1" 304 - "http://www.prokommunal.com/seiten/service.htm" "Mozilla/4.0 (compatible; MSIE 8.0; Windows NT 6.1; Trident/4.0; SLCC2; .NET CLR 2.0.50727; .NET CLR 3.5.30729; .NET CLR 3.0.30729; Media Center PC 6.0; InfoPath.3; .NET4.0C; .NET4.0E)"
212.59.55.66 - - [30/May/2013:08:12:25 +0200] "GET /scripte/basics.js HTTP/1.1" 304 - "http://www.prokommunal.com/seiten/service.htm" "Mozilla/4.0 (compatible; MSIE 8.0; Windows NT 6.1; Trident/4.0; SLCC2; .NET CLR 2.0.50727; .NET CLR 3.5.30729; .NET CLR 3.0.30729; Media Center PC 6.0; InfoPath.3; .NET4.0C; .NET4.0E)"
212.59.55.66 - - [30/May/2013:08:12:25 +0200] "GET /css/style.css HTTP/1.1" 304 - "http://www.prokommunal.com/seiten/service.htm" "Mozilla/4.0 (compatible; MSIE 8.0; Windows NT 6.1; Trident/4.0; SLCC2; .NET CLR 2.0.50727; .NET CLR 3.5.30729; .NET CLR 3.0.30729; Media Center PC 6.0; InfoPath.3; .NET4.0C; .NET4.0E)"
212.59.55.66 - - [30/May/2013:08:12:25 +0200] "GET /img/head02.jpg HTTP/1.1" 304 - "http://www.prokommunal.com/seiten/service.htm" "Mozilla/4.0 (compatible; MSIE 8.0; Windows NT 6.1; Trident/4.0; SLCC2; .NET CLR 2.0.50727; .NET CLR 3.5.30729; .NET CLR 3.0.30729; Media Center PC 6.0; InfoPath.3; .NET4.0C; .NET4.0E)"
212.59.55.66 - - [30/May/2013:08:12:25 +0200] "GET /img/head03.jpg HTTP/1.1" 304 - "http://www.prokommunal.com/seiten/service.htm" "Mozilla/4.0 (compatible; MSIE 8.0; Windows NT 6.1; Trident/4.0; SLCC2; .NET CLR 2.0.50727; .NET CLR 3.5.30729; .NET CLR 3.0.30729; Media Center PC 6.0; InfoPath.3; .NET4.0C; .NET4.0E)"
212.59.55.66 - - [30/May/2013:08:12:25 +0200] "GET /img/head01.jpg HTTP/1.1" 304 - "http://www.prokommunal.com/seiten/service.htm" "Mozilla/4.0 (compatible; MSIE 8.0; Windows NT 6.1; Trident/4.0; SLCC2; .NET CLR 2.0.50727; .NET CLR 3.5.30729; .NET CLR 3.0.30729; Media Center PC 6.0; InfoPath.3; .NET4.0C; .NET4.0E)"
212.59.55.66 - - [30/May/2013:08:12:25 +0200] "GET /redesign/img/bg_gelb.jpg HTTP/1.1" 304 - "http://www.prokommunal.com/seiten/service.htm" "Mozilla/4.0 (compatible; MSIE 8.0; Windows NT 6.1; Trident/4.0; SLCC2; .NET CLR 2.0.50727; .NET CLR 3.5.30729; .NET CLR 3.0.30729; Media Center PC 6.0; InfoPath.3; .NET4.0C; .NET4.0E)"
212.59.55.66 - - [30/May/2013:08:12:25 +0200] "GET /redesign/img/term.jpg HTTP/1.1" 304 - "http://www.prokommunal.com/seiten/service.htm" "Mozilla/4.0 (compatible; MSIE 8.0; Windows NT 6.1; Trident/4.0; SLCC2; .NET CLR 2.0.50727; .NET CLR 3.5.30729; .NET CLR 3.0.30729; Media Center PC 6.0; InfoPath.3; .NET4.0C; .NET4.0E)"
212.59.55.66 - - [30/May/2013:08:12:25 +0200] "GET /img/top.gif HTTP/1.1" 304 - "http://www.prokommunal.com/seiten/service.htm" "Mozilla/4.0 (compatible; MSIE 8.0; Windows NT 6.1; Trident/4.0; SLCC2; .NET CLR 2.0.50727; .NET CLR 3.5.30729; .NET CLR 3.0.30729; Media Center PC 6.0; InfoPath.3; .NET4.0C; .NET4.0E)"
212.59.55.66 - - [30/May/2013:08:12:25 +0200] "GET /redesign/img/bg_foot.gif HTTP/1.1" 304 - "http://www.prokommunal.com/seiten/service.htm" "Mozilla/4.0 (compatible; MSIE 8.0; Windows NT 6.1; Trident/4.0; SLCC2; .NET CLR 2.0.50727; .NET CLR 3.5.30729; .NET CLR 3.0.30729; Media Center PC 6.0; InfoPath.3; .NET4.0C; .NET4.0E)"
212.59.55.66 - - [30/May/2013:08:12:25 +0200] "GET /img/men_01.jpg HTTP/1.1" 304 - "http://www.prokommunal.com/seiten/service.htm" "Mozilla/4.0 (compatible; MSIE 8.0; Windows NT 6.1; Trident/4.0; SLCC2; .NET CLR 2.0.50727; .NET CLR 3.5.30729; .NET CLR 3.0.30729; Media Center PC 6.0; InfoPath.3; .NET4.0C; .NET4.0E)"
212.59.55.66 - - [30/May/2013:08:12:45 +0200] "GET /seiten/produkte.htm HTTP/1.1" 200 9105 "http://www.prokommunal.com/seiten/service.htm" "Mozilla/4.0 (compatible; MSIE 8.0; Windows NT 6.1; Trident/4.0; SLCC2; .NET CLR 2.0.50727; .NET CLR 3.5.30729; .NET CLR 3.0.30729; Media Center PC 6.0; InfoPath.3; .NET4.0C; .NET4.0E)"
212.59.55.66 - - [30/May/2013:08:12:45 +0200] "GET /css/style.css HTTP/1.1" 304 - "http://www.prokommunal.com/seiten/produkte.htm" "Mozilla/4.0 (compatible; MSIE 8.0; Windows NT 6.1; Trident/4.0; SLCC2; .NET CLR 2.0.50727; .NET CLR 3.5.30729; .NET CLR 3.0.30729; Media Center PC 6.0; InfoPath.3; .NET4.0C; .NET4.0E)"
212.59.55.66 - - [30/May/2013:08:12:45 +0200] "GET /scripte/basics.js HTTP/1.1" 304 - "http://www.prokommunal.com/seiten/produkte.htm" "Mozilla/4.0 (compatible; MSIE 8.0; Windows NT 6.1; Trident/4.0; SLCC2; .NET CLR 2.0.50727; .NET CLR 3.5.30729; .NET CLR 3.0.30729; Media Center PC 6.0; InfoPath.3; .NET4.0C; .NET4.0E)"
212.59.55.66 - - [30/May/2013:08:12:45 +0200] "GET /img/top.gif HTTP/1.1" 304 - "http://www.prokommunal.com/seiten/produkte.htm" "Mozilla/4.0 (compatible; MSIE 8.0; Windows NT 6.1; Trident/4.0; SLCC2; .NET CLR 2.0.50727; .NET CLR 3.5.30729; .NET CLR 3.0.30729; Media Center PC 6.0; InfoPath.3; .NET4.0C; .NET4.0E)"
212.59.55.66 - - [30/May/2013:08:12:45 +0200] "GET /img/head02.jpg HTTP/1.1" 304 - "http://www.prokommunal.com/seiten/produkte.htm" "Mozilla/4.0 (compatible; MSIE 8.0; Windows NT 6.1; Trident/4.0; SLCC2; .NET CLR 2.0.50727; .NET CLR 3.5.30729; .NET CLR 3.0.30729; Media Center PC 6.0; InfoPath.3; .NET4.0C; .NET4.0E)"
212.59.55.66 - - [30/May/2013:08:12:45 +0200] "GET /img/head01.jpg HTTP/1.1" 304 - "http://www.prokommunal.com/seiten/produkte.htm" "Mozilla/4.0 (compatible; MSIE 8.0; Windows NT 6.1; Trident/4.0; SLCC2; .NET CLR 2.0.50727; .NET CLR 3.5.30729; .NET CLR 3.0.30729; Media Center PC 6.0; InfoPath.3; .NET4.0C; .NET4.0E)"
212.59.55.66 - - [30/May/2013:08:12:45 +0200] "GET /redesign/img/bg_gelb.jpg HTTP/1.1" 304 - "http://www.prokommunal.com/seiten/produkte.htm" "Mozilla/4.0 (compatible; MSIE 8.0; Windows NT 6.1; Trident/4.0; SLCC2; .NET CLR 2.0.50727; .NET CLR 3.5.30729; .NET CLR 3.0.30729; Media Center PC 6.0; InfoPath.3; .NET4.0C; .NET4.0E)"
212.59.55.66 - - [30/May/2013:08:12:45 +0200] "GET /img/head03.jpg HTTP/1.1" 304 - "http://www.prokommunal.com/seiten/produkte.htm" "Mozilla/4.0 (compatible; MSIE 8.0; Windows NT 6.1; Trident/4.0; SLCC2; .NET CLR 2.0.50727; .NET CLR 3.5.30729; .NET CLR 3.0.30729; Media Center PC 6.0; InfoPath.3; .NET4.0C; .NET4.0E)"
212.59.55.66 - - [30/May/2013:08:12:45 +0200] "GET /img/1px_tr.gif HTTP/1.1" 200 43 "http://www.prokommunal.com/seiten/produkte.htm" "Mozilla/4.0 (compatible; MSIE 8.0; Windows NT 6.1; Trident/4.0; SLCC2; .NET CLR 2.0.50727; .NET CLR 3.5.30729; .NET CLR 3.0.30729; Media Center PC 6.0; InfoPath.3; .NET4.0C; .NET4.0E)"
212.59.55.66 - - [30/May/2013:08:12:45 +0200] "GET /img/men_01.jpg HTTP/1.1" 304 - "http://www.prokommunal.com/seiten/produkte.htm" "Mozilla/4.0 (compatible; MSIE 8.0; Windows NT 6.1; Trident/4.0; SLCC2; .NET CLR 2.0.50727; .NET CLR 3.5.30729; .NET CLR 3.0.30729; Media Center PC 6.0; InfoPath.3; .NET4.0C; .NET4.0E)"
212.59.55.66 - - [30/May/2013:08:12:45 +0200] "GET /redesign/img/bg_foot.gif HTTP/1.1" 304 - "http://www.prokommunal.com/seiten/produkte.htm" "Mozilla/4.0 (compatible; MSIE 8.0; Windows NT 6.1; Trident/4.0; SLCC2; .NET CLR 2.0.50727; .NET CLR 3.5.30729; .NET CLR 3.0.30729; Media Center PC 6.0; InfoPath.3; .NET4.0C; .NET4.0E)"
212.59.55.66 - - [30/May/2013:08:12:48 +0200] "GET /seiten/fsw.htm HTTP/1.1" 200 9961 "http://www.prokommunal.com/seiten/produkte.htm" "Mozilla/4.0 (compatible; MSIE 8.0; Windows NT 6.1; Trident/4.0; SLCC2; .NET CLR 2.0.50727; .NET CLR 3.5.30729; .NET CLR 3.0.30729; Media Center PC 6.0; InfoPath.3; .NET4.0C; .NET4.0E)"
212.59.55.66 - - [30/May/2013:08:12:48 +0200] "GET /scripte/basics.js HTTP/1.1" 304 - "http://www.prokommunal.com/seiten/fsw.htm" "Mozilla/4.0 (compatible; MSIE 8.0; Windows NT 6.1; Trident/4.0; SLCC2; .NET CLR 2.0.50727; .NET CLR 3.5.30729; .NET CLR 3.0.30729; Media Center PC 6.0; InfoPath.3; .NET4.0C; .NET4.0E)"
212.59.55.66 - - [30/May/2013:08:12:48 +0200] "GET /css/style.css HTTP/1.1" 304 - "http://www.prokommunal.com/seiten/fsw.htm" "Mozilla/4.0 (compatible; MSIE 8.0; Windows NT 6.1; Trident/4.0; SLCC2; .NET CLR 2.0.50727; .NET CLR 3.5.30729; .NET CLR 3.0.30729; Media Center PC 6.0; InfoPath.3; .NET4.0C; .NET4.0E)"
212.59.55.66 - - [30/May/2013:08:12:49 +0200] "GET /img/head01.jpg HTTP/1.1" 304 - "http://www.prokommunal.com/seiten/fsw.htm" "Mozilla/4.0 (compatible; MSIE 8.0; Windows NT 6.1; Trident/4.0; SLCC2; .NET CLR 2.0.50727; .NET CLR 3.5.30729; .NET CLR 3.0.30729; Media Center PC 6.0; InfoPath.3; .NET4.0C; .NET4.0E)"
212.59.55.66 - - [30/May/2013:08:12:49 +0200] "GET /img/head02.jpg HTTP/1.1" 304 - "http://www.prokommunal.com/seiten/fsw.htm" "Mozilla/4.0 (compatible; MSIE 8.0; Windows NT 6.1; Trident/4.0; SLCC2; .NET CLR 2.0.50727; .NET CLR 3.5.30729; .NET CLR 3.0.30729; Media Center PC 6.0; InfoPath.3; .NET4.0C; .NET4.0E)"
212.59.55.66 - - [30/May/2013:08:12:49 +0200] "GET /redesign/img/bg_gelb.jpg HTTP/1.1" 304 - "http://www.prokommunal.com/seiten/fsw.htm" "Mozilla/4.0 (compatible; MSIE 8.0; Windows NT 6.1; Trident/4.0; SLCC2; .NET CLR 2.0.50727; .NET CLR 3.5.30729; .NET CLR 3.0.30729; Media Center PC 6.0; InfoPath.3; .NET4.0C; .NET4.0E)"
212.59.55.66 - - [30/May/2013:08:12:49 +0200] "GET /img/head03.jpg HTTP/1.1" 304 - "http://www.prokommunal.com/seiten/fsw.htm" "Mozilla/4.0 (compatible; MSIE 8.0; Windows NT 6.1; Trident/4.0; SLCC2; .NET CLR 2.0.50727; .NET CLR 3.5.30729; .NET CLR 3.0.30729; Media Center PC 6.0; InfoPath.3; .NET4.0C; .NET4.0E)"
212.59.55.66 - - [30/May/2013:08:12:49 +0200] "GET /img/top.gif HTTP/1.1" 304 - "http://www.prokommunal.com/seiten/fsw.htm" "Mozilla/4.0 (compatible; MSIE 8.0; Windows NT 6.1; Trident/4.0; SLCC2; .NET CLR 2.0.50727; .NET CLR 3.5.30729; .NET CLR 3.0.30729; Media Center PC 6.0; InfoPath.3; .NET4.0C; .NET4.0E)"
212.59.55.66 - - [30/May/2013:08:12:49 +0200] "GET /img/fsw.jpg HTTP/1.1" 200 10878 "http://www.prokommunal.com/seiten/fsw.htm" "Mozilla/4.0 (compatible; MSIE 8.0; Windows NT 6.1; Trident/4.0; SLCC2; .NET CLR 2.0.50727; .NET CLR 3.5.30729; .NET CLR 3.0.30729; Media Center PC 6.0; InfoPath.3; .NET4.0C; .NET4.0E)"
212.59.55.66 - - [30/May/2013:08:12:49 +0200] "GET /redesign/img/bg_foot.gif HTTP/1.1" 304 - "http://www.prokommunal.com/seiten/fsw.htm" "Mozilla/4.0 (compatible; MSIE 8.0; Windows NT 6.1; Trident/4.0; SLCC2; .NET CLR 2.0.50727; .NET CLR 3.5.30729; .NET CLR 3.0.30729; Media Center PC 6.0; InfoPath.3; .NET4.0C; .NET4.0E)"
212.59.55.66 - - [30/May/2013:08:12:49 +0200] "GET /img/men_01.jpg HTTP/1.1" 304 - "http://www.prokommunal.com/seiten/fsw.htm" "Mozilla/4.0 (compatible; MSIE 8.0; Windows NT 6.1; Trident/4.0; SLCC2; .NET CLR 2.0.50727; .NET CLR 3.5.30729; .NET CLR 3.0.30729; Media Center PC 6.0; InfoPath.3; .NET4.0C; .NET4.0E)"
173.199.116.43 - - [30/May/2013:08:27:29 +0200] "GET /seiten/databund.html HTTP/1.1" 200 9125 "-" "Mozilla/5.0 (compatible; AhrefsBot/4.0; +http://ahrefs.com/robot/)"
173.199.116.43 - - [30/May/2013:09:02:06 +0200] "GET /seiten/kraftverkehr.htm HTTP/1.1" 200 9210 "-" "Mozilla/5.0 (compatible; AhrefsBot/4.0; +http://ahrefs.com/robot/)"
66.249.78.242 - - [30/May/2013:09:31:23 +0200] "GET /robots.txt HTTP/1.1" 404 1256 "-" "Mozilla/5.0 (compatible; Googlebot/2.1; +http://www.google.com/bot.html)"
66.249.75.211 - - [30/May/2013:09:31:23 +0200] "GET /seiten/fahrlehrerwesen.htm HTTP/1.1" 304 - "-" "DoCoMo/2.0 N905i(c100;TB;W24H16) (compatible; Googlebot-Mobile/2.1; +http://www.google.com/bot.html)"
176.57.142.28 - - [30/May/2013:09:56:31 +0200] "GET /seiten/impr.htm HTTP/1.1" 200 8696 "-" "Mozilla/5.0 (X11; Linux i686; rv:6.0) Gecko/20100101 Firefox/6.0"
130.83.167.153 - - [30/May/2013:10:27:09 +0200] "GET /seiten/service.htm HTTP/1.1" 200 9959 "-" "findlinks/2.6 (+http://wortschatz.uni-leipzig.de/findlinks/)"
82.113.121.202 - - [30/May/2013:10:44:12 +0200] "GET / HTTP/1.1" 200 7903 "-" "Mozilla/5.0 (X11; Ubuntu; Linux x86_64; rv:20.0) Gecko/20100101 Firefox/20.0"
82.113.121.202 - - [30/May/2013:10:44:13 +0200] "GET /css/style.css HTTP/1.1" 200 3549 "http://www.prokommunal.com/" "Mozilla/5.0 (X11; Ubuntu; Linux x86_64; rv:20.0) Gecko/20100101 Firefox/20.0"
82.113.121.202 - - [30/May/2013:10:44:13 +0200] "GET /scripte/basics.js HTTP/1.1" 200 198 "http://www.prokommunal.com/" "Mozilla/5.0 (X11; Ubuntu; Linux x86_64; rv:20.0) Gecko/20100101 Firefox/20.0"
82.113.121.202 - - [30/May/2013:10:44:13 +0200] "GET /favicon.ico HTTP/1.1" 200 894 "-" "Mozilla/5.0 (X11; Ubuntu; Linux x86_64; rv:20.0) Gecko/20100101 Firefox/20.0"
82.113.121.202 - - [30/May/2013:10:44:14 +0200] "GET /img/head01.jpg HTTP/1.1" 200 6350 "http://www.prokommunal.com/" "Mozilla/5.0 (X11; Ubuntu; Linux x86_64; rv:20.0) Gecko/20100101 Firefox/20.0"
82.113.121.202 - - [30/May/2013:10:44:14 +0200] "GET /img/head02.jpg HTTP/1.1" 200 4929 "http://www.prokommunal.com/" "Mozilla/5.0 (X11; Ubuntu; Linux x86_64; rv:20.0) Gecko/20100101 Firefox/20.0"
82.113.121.202 - - [30/May/2013:10:44:14 +0200] "GET /img/head03.jpg HTTP/1.1" 200 7610 "http://www.prokommunal.com/" "Mozilla/5.0 (X11; Ubuntu; Linux x86_64; rv:20.0) Gecko/20100101 Firefox/20.0"
82.113.121.202 - - [30/May/2013:10:44:14 +0200] "GET /redesign/img/bg_gelb.jpg HTTP/1.1" 200 368 "http://www.prokommunal.com/css/style.css" "Mozilla/5.0 (X11; Ubuntu; Linux x86_64; rv:20.0) Gecko/20100101 Firefox/20.0"
82.113.121.202 - - [30/May/2013:10:44:14 +0200] "GET /redesign/img/bg_foot.gif HTTP/1.1" 200 286 "http://www.prokommunal.com/css/style.css" "Mozilla/5.0 (X11; Ubuntu; Linux x86_64; rv:20.0) Gecko/20100101 Firefox/20.0"
82.113.121.202 - - [30/May/2013:10:44:32 +0200] "GET /seiten/kontakt.php HTTP/1.1" 200 12788 "http://www.prokommunal.com/" "Mozilla/5.0 (X11; Ubuntu; Linux x86_64; rv:20.0) Gecko/20100101 Firefox/20.0"
82.113.121.202 - - [30/May/2013:10:44:33 +0200] "GET /img/men_01.jpg HTTP/1.1" 200 713 "http://www.prokommunal.com/seiten/kontakt.php" "Mozilla/5.0 (X11; Ubuntu; Linux x86_64; rv:20.0) Gecko/20100101 Firefox/20.0"
82.113.121.202 - - [30/May/2013:10:44:34 +0200] "GET /img/1px_tr.gif HTTP/1.1" 200 43 "http://www.prokommunal.com/seiten/kontakt.php" "Mozilla/5.0 (X11; Ubuntu; Linux x86_64; rv:20.0) Gecko/20100101 Firefox/20.0"
82.113.121.202 - - [30/May/2013:10:44:35 +0200] "GET /img/top.gif HTTP/1.1" 200 96 "http://www.prokommunal.com/seiten/kontakt.php" "Mozilla/5.0 (X11; Ubuntu; Linux x86_64; rv:20.0) Gecko/20100101 Firefox/20.0"
208.115.111.72 - - [30/May/2013:10:49:01 +0200] "GET /robots.txt HTTP/1.1" 404 1256 "-" "Mozilla/5.0 (compatible; Ezooms/1.0; ezooms.bot@gmail.com)"
173.199.116.43 - - [30/May/2013:10:54:52 +0200] "GET /seiten/fsw.htm HTTP/1.1" 200 9961 "-" "Mozilla/5.0 (compatible; AhrefsBot/4.0; +http://ahrefs.com/robot/)"
157.56.229.187 - - [30/May/2013:11:04:49 +0200] "GET /robots.txt HTTP/1.1" 404 1256 "-" "Mozilla/5.0 (compatible; bingbot/2.0; +http://www.bing.com/bingbot.htm)"
157.56.229.187 - - [30/May/2013:11:05:38 +0200] "GET /seiten/produkte.htm HTTP/1.1" 200 9105 "-" "Mozilla/5.0 (compatible; bingbot/2.0; +http://www.bing.com/bingbot.htm)"
157.55.32.141 - - [30/May/2013:11:06:37 +0200] "GET /scripte/basics.js HTTP/1.1" 200 198 "-" "Mozilla/5.0 (compatible; bingbot/2.0; +http://www.bing.com/bingbot.htm)"
62.176.246.54 - - [30/May/2013:11:16:15 +0200] "GET /css/style.css HTTP/1.1" 200 3549 "http://www.prokommunal.com/seiten/referenzen.htm" "Mozilla/5.0 (Windows NT 6.0; rv:21.0) Gecko/20100101 Firefox/21.0"
62.176.246.54 - - [30/May/2013:11:16:15 +0200] "GET /scripte/basics.js HTTP/1.1" 200 198 "http://www.prokommunal.com/seiten/referenzen.htm" "Mozilla/5.0 (Windows NT 6.0; rv:21.0) Gecko/20100101 Firefox/21.0"
62.176.246.54 - - [30/May/2013:11:16:15 +0200] "GET /favicon.ico HTTP/1.1" 200 894 "-" "Mozilla/5.0 (Windows NT 6.0; rv:21.0) Gecko/20100101 Firefox/21.0"
62.176.246.54 - - [30/May/2013:11:16:15 +0200] "GET /seiten/referenzen.htm HTTP/1.1" 200 40249 "http://www.google.de/url?sa=t&rct=j&q=&esrc=s&source=web&cd=2&ved=0CDcQFjAB&url=http%3A%2F%2Fwww.prokommunal.com%2Fseiten%2Freferenzen.htm&ei=qxinUbv-IYOJtAa42YCABw&usg=AFQjCNFkgiXA2K-qnpOChU4qjRkFaABzmg&bvm=bv.47244034,d.Yms" "Mozilla/5.0 (Windows NT 6.0; rv:21.0) Gecko/20100101 Firefox/21.0"
62.176.246.54 - - [30/May/2013:11:16:15 +0200] "GET /img/head01.jpg HTTP/1.1" 200 6350 "http://www.prokommunal.com/seiten/referenzen.htm" "Mozilla/5.0 (Windows NT 6.0; rv:21.0) Gecko/20100101 Firefox/21.0"
62.176.246.54 - - [30/May/2013:11:16:15 +0200] "GET /img/head02.jpg HTTP/1.1" 200 4929 "http://www.prokommunal.com/seiten/referenzen.htm" "Mozilla/5.0 (Windows NT 6.0; rv:21.0) Gecko/20100101 Firefox/21.0"
62.176.246.54 - - [30/May/2013:11:16:15 +0200] "GET /img/head03.jpg HTTP/1.1" 200 7610 "http://www.prokommunal.com/seiten/referenzen.htm" "Mozilla/5.0 (Windows NT 6.0; rv:21.0) Gecko/20100101 Firefox/21.0"
62.176.246.54 - - [30/May/2013:11:16:15 +0200] "GET /redesign/img/bg_gelb.jpg HTTP/1.1" 200 368 "http://www.prokommunal.com/css/style.css" "Mozilla/5.0 (Windows NT 6.0; rv:21.0) Gecko/20100101 Firefox/21.0"
62.176.246.54 - - [30/May/2013:11:16:15 +0200] "GET /img/men_01.jpg HTTP/1.1" 200 713 "http://www.prokommunal.com/seiten/referenzen.htm" "Mozilla/5.0 (Windows NT 6.0; rv:21.0) Gecko/20100101 Firefox/21.0"
62.176.246.54 - - [30/May/2013:11:16:16 +0200] "GET /img/top.gif HTTP/1.1" 200 96 "http://www.prokommunal.com/seiten/referenzen.htm" "Mozilla/5.0 (Windows NT 6.0; rv:21.0) Gecko/20100101 Firefox/21.0"
62.176.246.54 - - [30/May/2013:11:16:16 +0200] "GET /redesign/img/bg_foot.gif HTTP/1.1" 200 286 "http://www.prokommunal.com/css/style.css" "Mozilla/5.0 (Windows NT 6.0; rv:21.0) Gecko/20100101 Firefox/21.0"
66.249.75.211 - - [30/May/2013:11:32:32 +0200] "GET /seiten/partner.htm HTTP/1.1" 200 9458 "-" "Mozilla/5.0 (compatible; Googlebot/2.1; +http://www.google.com/bot.html)"
208.115.111.72 - - [30/May/2013:11:45:12 +0200] "GET /seiten/service.htm HTTP/1.1" 200 9959 "-" "Mozilla/5.0 (compatible; Ezooms/1.0; ezooms.bot@gmail.com)"
66.249.78.242 - - [30/May/2013:12:11:03 +0200] "GET /seiten/impr.htm HTTP/1.1" 304 - "-" "Mozilla/5.0 (iPhone; U; CPU iPhone OS 4_1 like Mac OS X; en-us) AppleWebKit/532.9 (KHTML, like Gecko) Version/4.0.5 Mobile/8B117 Safari/6531.22.7 (compatible; Googlebot-Mobile/2.1; +http://www.google.com/bot.html)"
208.115.113.87 - - [30/May/2013:12:48:43 +0200] "GET /robots.txt HTTP/1.1" 404 1256 "-" "Mozilla/5.0 (compatible; Ezooms/1.0; ezooms.bot@gmail.com)"
176.57.141.254 - - [30/May/2013:13:06:17 +0200] "GET /seiten/kontakt.php HTTP/1.1" 200 12788 "-" "Mozilla/5.0 (X11; Linux i686; rv:6.0) Gecko/20100101 Firefox/6.0"
66.249.78.183 - - [30/May/2013:13:15:09 +0200] "GET /robots.txt HTTP/1.1" 404 1256 "-" "Mozilla/5.0 (compatible; Googlebot/2.1; +http://www.google.com/bot.html)"
66.249.78.183 - - [30/May/2013:13:15:09 +0200] "GET /seiten/produkte.htm HTTP/1.1" 304 - "-" "Mozilla/5.0 (compatible; Googlebot/2.1; +http://www.google.com/bot.html)"
66.249.78.141 - - [30/May/2013:13:56:56 +0200] "GET /robots.txt HTTP/1.1" 404 1256 "-" "Mozilla/5.0 (compatible; Googlebot/2.1; +http://www.google.com/bot.html)"
66.249.78.141 - - [30/May/2013:13:56:56 +0200] "GET /seiten/produkte.htm HTTP/1.1" 304 - "-" "Mozilla/5.0 (compatible; Googlebot/2.1; +http://www.google.com/bot.html)"
77.162.74.24 - - [30/May/2013:14:00:33 +0200] "GET / HTTP/1.1" 200 7903 "http://www.cebit.de/aussteller/prokommunal/N235918?source=akl" "Mozilla/5.0 (Windows NT 6.1; WOW64) AppleWebKit/537.36 (KHTML, like Gecko) Chrome/27.0.1453.94 Safari/537.36"
77.162.74.24 - - [30/May/2013:14:00:33 +0200] "GET /css/style.css HTTP/1.1" 200 3549 "http://www.prokommunal.com/" "Mozilla/5.0 (Windows NT 6.1; WOW64) AppleWebKit/537.36 (KHTML, like Gecko) Chrome/27.0.1453.94 Safari/537.36"
77.162.74.24 - - [30/May/2013:14:00:33 +0200] "GET /scripte/basics.js HTTP/1.1" 200 198 "http://www.prokommunal.com/" "Mozilla/5.0 (Windows NT 6.1; WOW64) AppleWebKit/537.36 (KHTML, like Gecko) Chrome/27.0.1453.94 Safari/537.36"
77.162.74.24 - - [30/May/2013:14:00:33 +0200] "GET /img/head01.jpg HTTP/1.1" 200 6350 "http://www.prokommunal.com/" "Mozilla/5.0 (Windows NT 6.1; WOW64) AppleWebKit/537.36 (KHTML, like Gecko) Chrome/27.0.1453.94 Safari/537.36"
77.162.74.24 - - [30/May/2013:14:00:33 +0200] "GET /img/head02.jpg HTTP/1.1" 200 4929 "http://www.prokommunal.com/" "Mozilla/5.0 (Windows NT 6.1; WOW64) AppleWebKit/537.36 (KHTML, like Gecko) Chrome/27.0.1453.94 Safari/537.36"
77.162.74.24 - - [30/May/2013:14:00:33 +0200] "GET /img/head03.jpg HTTP/1.1" 200 7610 "http://www.prokommunal.com/" "Mozilla/5.0 (Windows NT 6.1; WOW64) AppleWebKit/537.36 (KHTML, like Gecko) Chrome/27.0.1453.94 Safari/537.36"
77.162.74.24 - - [30/May/2013:14:00:33 +0200] "GET /redesign/img/bg_gelb.jpg HTTP/1.1" 200 368 "http://www.prokommunal.com/" "Mozilla/5.0 (Windows NT 6.1; WOW64) AppleWebKit/537.36 (KHTML, like Gecko) Chrome/27.0.1453.94 Safari/537.36"
77.162.74.24 - - [30/May/2013:14:00:33 +0200] "GET /redesign/img/bg_foot.gif HTTP/1.1" 200 286 "http://www.prokommunal.com/" "Mozilla/5.0 (Windows NT 6.1; WOW64) AppleWebKit/537.36 (KHTML, like Gecko) Chrome/27.0.1453.94 Safari/537.36"
77.162.74.24 - - [30/May/2013:14:00:33 +0200] "GET /favicon.ico HTTP/1.1" 200 894 "-" "Mozilla/5.0 (Windows NT 6.1; WOW64) AppleWebKit/537.36 (KHTML, like Gecko) Chrome/27.0.1453.94 Safari/537.36"
77.162.74.24 - - [30/May/2013:14:00:34 +0200] "GET /seiten/impr.htm HTTP/1.1" 200 8696 "http://www.prokommunal.com/" "Mozilla/5.0 (Windows NT 6.1; WOW64) AppleWebKit/537.36 (KHTML, like Gecko) Chrome/27.0.1453.94 Safari/537.36"
77.162.74.24 - - [30/May/2013:14:00:34 +0200] "GET /img/men_01.jpg HTTP/1.1" 200 713 "http://www.prokommunal.com/seiten/impr.htm" "Mozilla/5.0 (Windows NT 6.1; WOW64) AppleWebKit/537.36 (KHTML, like Gecko) Chrome/27.0.1453.94 Safari/537.36"
77.162.74.24 - - [30/May/2013:14:00:34 +0200] "GET /img/top.gif HTTP/1.1" 200 96 "http://www.prokommunal.com/seiten/impr.htm" "Mozilla/5.0 (Windows NT 6.1; WOW64) AppleWebKit/537.36 (KHTML, like Gecko) Chrome/27.0.1453.94 Safari/537.36"
173.199.116.195 - - [30/May/2013:14:04:16 +0200] "GET /seiten/impr.htm HTTP/1.1" 200 8696 "-" "Mozilla/5.0 (compatible; AhrefsBot/4.0; +http://ahrefs.com/robot/)"
220.181.108.86 - - [30/May/2013:14:19:48 +0200] "GET / HTTP/1.1" 200 7903 "-" "Mozilla/5.0 (compatible; Baiduspider/2.0; +http://www.baidu.com/search/spider.html)"
123.125.71.43 - - [30/May/2013:14:19:48 +0200] "GET / HTTP/1.1" 200 7903 "-" "Mozilla/5.0 (compatible; Baiduspider/2.0; +http://www.baidu.com/search/spider.html)"
173.199.116.43 - - [30/May/2013:14:21:55 +0200] "GET /seiten/fahrlehrerwesen.htm HTTP/1.1" 200 7168 "-" "Mozilla/5.0 (compatible; AhrefsBot/4.0; +http://ahrefs.com/robot/)"
89.245.153.114 - - [30/May/2013:14:45:46 +0200] "GET / HTTP/1.0" 200 7903 "-" "-"
89.245.153.114 - - [30/May/2013:14:45:47 +0200] "GET / HTTP/1.0" 200 7903 "-" "-"
208.115.111.72 - - [30/May/2013:14:52:37 +0200] "GET /robots.txt HTTP/1.1" 404 1256 "-" "Mozilla/5.0 (compatible; Ezooms/1.0; ezooms.bot@gmail.com)"
208.115.113.87 - - [30/May/2013:15:07:31 +0200] "GET /seiten/impr.htm HTTP/1.1" 200 8696 "-" "Mozilla/5.0 (compatible; Ezooms/1.0; ezooms.bot@gmail.com)"
220.181.108.122 - - [30/May/2013:15:20:03 +0200] "GET / HTTP/1.1" 200 7903 "-" "Mozilla/5.0 (compatible; Baiduspider/2.0; +http://www.baidu.com/search/spider.html)"
123.125.71.15 - - [30/May/2013:15:20:03 +0200] "GET / HTTP/1.1" 200 7903 "-" "Mozilla/5.0 (compatible; Baiduspider/2.0; +http://www.baidu.com/search/spider.html)"
64.125.222.50 - - [30/May/2013:15:21:18 +0200] "GET /robots.txt HTTP/1.1" 404 1256 "-" "Mozilla/5.0 (compatible; 008/0.83; http://www.80legs.com/webcrawler.html;) Gecko/2008032620"
78.26.128.165 - - [30/May/2013:15:22:22 +0200] "GET / HTTP/1.1" 200 7903 "-" "Mozilla/5.0 (compatible; 008/0.85; http://www.80legs.com/webcrawler.html) Gecko/2008032620"
66.249.78.242 - - [30/May/2013:15:23:12 +0200] "GET /seiten/service.htm HTTP/1.1" 304 - "-" "Mozilla/5.0 (compatible; Googlebot/2.1; +http://www.google.com/bot.html)"
208.115.111.72 - - [30/May/2013:15:49:09 +0200] "GET /seiten/intern/?N=D HTTP/1.1" 403 1222 "-" "Mozilla/5.0 (compatible; Ezooms/1.0; ezooms.bot@gmail.com)"
199.30.20.69 - - [30/May/2013:15:51:11 +0200] "GET /robots.txt HTTP/1.1" 404 1256 "-" "msnbot-media/1.1 (+http://search.msn.com/msnbot.htm)"
199.30.20.69 - - [30/May/2013:15:51:11 +0200] "GET /img/komfa1_s.jpg HTTP/1.1" 404 1256 "-" "msnbot-media/1.1 (+http://search.msn.com/msnbot.htm)"
157.56.229.187 - - [30/May/2013:15:54:12 +0200] "GET /robots.txt HTTP/1.1" 404 1256 "-" "Mozilla/5.0 (compatible; bingbot/2.0; +http://www.bing.com/bingbot.htm)"
157.56.229.187 - - [30/May/2013:15:55:43 +0200] "GET / HTTP/1.1" 304 - "-" "Mozilla/5.0 (compatible; bingbot/2.0; +http://www.bing.com/bingbot.htm)"
93.196.80.189 - - [30/May/2013:16:04:18 +0200] "GET / HTTP/1.1" 200 7903 "-" "-"
66.249.78.242 - - [30/May/2013:16:37:17 +0200] "GET /seiten/referenzen.htm HTTP/1.1" 304 - "-" "Mozilla/5.0 (iPhone; U; CPU iPhone OS 4_1 like Mac OS X; en-us) AppleWebKit/532.9 (KHTML, like Gecko) Version/4.0.5 Mobile/8B117 Safari/6531.22.7 (compatible; Googlebot-Mobile/2.1; +http://www.google.com/bot.html)"
178.33.122.74 - - [30/May/2013:16:46:19 +0200] "GET /seiten/referenzen.htm HTTP/1.1" 200 40249 "-" "Mozilla/5.0 (X11; Linux i686; rv:6.0) Gecko/20100101 Firefox/6.0"
119.63.196.62 - - [30/May/2013:17:58:52 +0200] "GET /seiten/service.htm HTTP/1.1" 200 9959 "-" "Mozilla/5.0 (compatible; Baiduspider/2.0; +http://www.baidu.com/search/spider.html)"
180.76.6.14 - - [30/May/2013:18:14:57 +0200] "GET /robots.txt HTTP/1.1" 404 1256 "-" "Mozilla/5.0 (Windows NT 5.1; rv:6.0.2) Gecko/20100101 Firefox/6.0.2"
119.63.196.24 - - [30/May/2013:18:17:23 +0200] "GET / HTTP/1.1" 200 7903 "-" "Mozilla/5.0 (compatible; Baiduspider/2.0; +http://www.baidu.com/search/spider.html)"
204.12.214.170 - - [30/May/2013:19:03:28 +0200] "GET /robots.txt HTTP/1.0" 404 1256 "-" "Mozilla/5.0 (compatible; MJ12bot/v1.4.3; http://www.majestic12.co.uk/bot.php?+)"
204.12.214.170 - - [30/May/2013:19:03:31 +0200] "GET / HTTP/1.0" 200 7903 "-" "Mozilla/5.0 (compatible; MJ12bot/v1.4.3; http://www.majestic12.co.uk/bot.php?+)"
119.63.196.30 - - [30/May/2013:19:08:11 +0200] "GET /seiten/referenzen.htm HTTP/1.1" 200 40249 "-" "Mozilla/5.0 (compatible; Baiduspider/2.0; +http://www.baidu.com/search/spider.html)"
173.199.116.195 - - [30/May/2013:19:26:38 +0200] "GET /seiten/service.htm HTTP/1.1" 200 9959 "-" "Mozilla/5.0 (compatible; AhrefsBot/4.0; +http://ahrefs.com/robot/)"
173.199.116.43 - - [30/May/2013:19:49:38 +0200] "GET /seiten/impr.htm HTTP/1.1" 200 8696 "-" "Mozilla/5.0 (compatible; AhrefsBot/4.0; +http://ahrefs.com/robot/)"
64.125.222.50 - - [30/May/2013:19:57:10 +0200] "GET /robots.txt HTTP/1.1" 404 1256 "-" "Mozilla/5.0 (compatible; 008/0.83; http://www.80legs.com/webcrawler.html;) Gecko/2008032620"
46.174.71.42 - - [30/May/2013:19:57:20 +0200] "GET /seiten/partner.htm HTTP/1.1" 200 9458 "-" "Mozilla/5.0 (compatible; 008/0.85; http://www.80legs.com/webcrawler.html) Gecko/2008032620"
62.182.51.75 - - [30/May/2013:19:57:27 +0200] "GET /seiten/produkte.htm HTTP/1.1" 200 9105 "-" "Mozilla/5.0 (compatible; 008/0.85; http://www.80legs.com/webcrawler.html) Gecko/2008032620"
178.210.195.29 - - [30/May/2013:19:57:28 +0200] "GET /seiten/service.htm HTTP/1.1" 200 9959 "-" "Mozilla/5.0 (compatible; 008/0.85; http://www.80legs.com/webcrawler.html) Gecko/2008032620"
62.220.33.79 - - [30/May/2013:19:57:31 +0200] "GET /seiten/service.htm HTTP/1.1" 200 9959 "-" "Mozilla/5.0 (compatible; 008/0.85; http://www.80legs.com/webcrawler.html) Gecko/2008032620"
5.166.167.207 - - [30/May/2013:19:57:35 +0200] "GET /seiten/databund.html HTTP/1.1" 200 9125 "-" "Mozilla/5.0 (compatible; 008/0.85; http://www.80legs.com/webcrawler.html) Gecko/2008032620"
188.230.53.86 - - [30/May/2013:19:57:38 +0200] "GET /seiten/kontakt.php HTTP/1.1" 200 12788 "-" "Mozilla/5.0 (compatible; 008/0.85; http://www.80legs.com/webcrawler.html) Gecko/2008032620"
5.248.158.96 - - [30/May/2013:19:57:43 +0200] "GET /seiten/databund.html HTTP/1.1" 200 9125 "-" "Mozilla/5.0 (compatible; 008/0.85; http://www.80legs.com/webcrawler.html) Gecko/2008032620"
94.137.40.179 - - [30/May/2013:19:57:54 +0200] "GET /seiten/referenzen.htm HTTP/1.1" 200 40249 "-" "Mozilla/5.0 (compatible; 008/0.85; http://www.80legs.com/webcrawler.html) Gecko/2008032620"
95.73.218.101 - - [30/May/2013:19:57:56 +0200] "GET /seiten/databund.html HTTP/1.1" 200 9125 "-" "Mozilla/5.0 (compatible; 008/0.85; http://www.80legs.com/webcrawler.html) Gecko/2008032620"
46.98.59.107 - - [30/May/2013:19:58:00 +0200] "GET /seiten/referenzen.htm HTTP/1.1" 200 40249 "-" "Mozilla/5.0 (compatible; 008/0.85; http://www.80legs.com/webcrawler.html) Gecko/2008032620"
217.25.239.225 - - [30/May/2013:19:58:05 +0200] "GET /seiten/referenzen.htm HTTP/1.1" 200 40249 "-" "Mozilla/5.0 (compatible; 008/0.85; http://www.80legs.com/webcrawler.html) Gecko/2008032620"
95.174.113.162 - - [30/May/2013:19:58:11 +0200] "GET /seiten/referenzen.htm HTTP/1.1" 200 40249 "-" "Mozilla/5.0 (compatible; 008/0.85; http://www.80legs.com/webcrawler.html) Gecko/2008032620"
46.191.225.41 - - [30/May/2013:19:58:16 +0200] "GET /seiten/referenzen.htm HTTP/1.1" 200 40249 "-" "Mozilla/5.0 (compatible; 008/0.85; http://www.80legs.com/webcrawler.html) Gecko/2008032620"
77.120.237.50 - - [30/May/2013:19:58:51 +0200] "GET /seiten/impr.htm HTTP/1.1" 200 8696 "-" "Mozilla/5.0 (compatible; 008/0.85; http://www.80legs.com/webcrawler.html) Gecko/2008032620"
195.206.224.51 - - [30/May/2013:19:58:56 +0200] "GET /seiten/impr.htm HTTP/1.0" 200 8696 "-" "Mozilla/5.0 (compatible; 008/0.85; http://www.80legs.com/webcrawler.html) Gecko/2008032620"
217.25.239.225 - - [30/May/2013:19:59:01 +0200] "GET /seiten/impr.htm HTTP/1.1" 200 8696 "-" "Mozilla/5.0 (compatible; 008/0.85; http://www.80legs.com/webcrawler.html) Gecko/2008032620"
46.118.232.17 - - [30/May/2013:19:59:07 +0200] "GET /seiten/impr.htm HTTP/1.1" 200 8696 "-" "Mozilla/5.0 (compatible; 008/0.85; http://www.80legs.com/webcrawler.html) Gecko/2008032620"
176.62.178.238 - - [30/May/2013:19:59:15 +0200] "GET /seiten/impr.htm HTTP/1.1" 200 8696 "-" "Mozilla/5.0 (compatible; 008/0.85; http://www.80legs.com/webcrawler.html) Gecko/2008032620"
93.220.200.145 - - [30/May/2013:20:03:55 +0200] "GET / HTTP/1.1" 200 7903 "-" "Mozilla/4.0 (compatible; MSIE 8.0; Windows NT 6.0; .NET CLR 1.0.3705; .NET CLR 1.1.4322; Media Center PC 4.0; .NET CLR 2.0.50727)"
