157.55.33.113 - - [04/May/2013:18:32:45 +0200] "GET /seiten/kraftverkehr.htm HTTP/1.1" 200 9210 "-" "Mozilla/5.0 (compatible; bingbot/2.0; +http://www.bing.com/bingbot.htm)"
157.56.229.187 - - [04/May/2013:19:31:24 +0200] "GET /robots.txt HTTP/1.1" 404 1256 "-" "Mozilla/5.0 (compatible; bingbot/2.0; +http://www.bing.com/bingbot.htm)"
157.56.93.193 - - [04/May/2013:19:32:28 +0200] "GET /robots.txt HTTP/1.1" 404 1256 "-" "Mozilla/5.0 (compatible; bingbot/2.0; +http://www.bing.com/bingbot.htm)"
157.56.229.187 - - [04/May/2013:19:33:09 +0200] "GET / HTTP/1.1" 200 7903 "-" "Mozilla/5.0 (compatible; bingbot/2.0; +http://www.bing.com/bingbot.htm)"
157.56.93.193 - - [04/May/2013:19:39:09 +0200] "GET / HTTP/1.1" 200 7903 "-" "Mozilla/5.0 (compatible; bingbot/2.0; +http://www.bing.com/bingbot.htm)"
178.255.215.65 - - [04/May/2013:19:57:28 +0200] "GET /robots.txt HTTP/1.1" 404 1256 "-" "Mozilla/5.0 (compatible; Exabot/3.0; +http://www.exabot.com/go/robot)"
178.255.215.65 - - [04/May/2013:19:57:28 +0200] "GET / HTTP/1.1" 304 - "-" "Mozilla/5.0 (compatible; Exabot/3.0; +http://www.exabot.com/go/robot)"
123.125.71.108 - - [04/May/2013:20:00:47 +0200] "GET /robots.txt HTTP/1.1" 404 1256 "-" "Mozilla/5.0 (Windows NT 5.1; rv:6.0.2) Gecko/20100101 Firefox/6.0.2"
76.73.3.18 - - [04/May/2013:20:05:36 +0200] "GET /seiten/kontakt.php HTTP/1.1" 200 12788 "-" "Mozilla/5.0 (compatible; CompSpyBot/1.0; +http://www.compspy.com/spider.html)"
5.9.10.179 - - [04/May/2013:20:07:24 +0200] "GET /robots.txt HTTP/1.1" 404 1256 "-" "Mozilla/5.0 (compatible; Infohelfer/1.3.3; +http://www.infohelfer.de/crawler.php)"
5.9.10.179 - - [04/May/2013:20:07:24 +0200] "GET / HTTP/1.1" 200 7903 "-" "Mozilla/5.0 (compatible; Infohelfer/1.3.3; +http://www.infohelfer.de/crawler.php)"
76.73.3.18 - - [04/May/2013:20:08:43 +0200] "GET /seiten/referenzen.htm HTTP/1.1" 200 40249 "-" "Mozilla/5.0 (compatible; CompSpyBot/1.0; +http://www.compspy.com/spider.html)"
76.73.3.18 - - [04/May/2013:20:09:47 +0200] "GET /seiten/impr.htm HTTP/1.1" 200 8696 "-" "Mozilla/5.0 (compatible; CompSpyBot/1.0; +http://www.compspy.com/spider.html)"
76.73.3.18 - - [04/May/2013:20:10:05 +0200] "GET /seiten/partner.htm HTTP/1.1" 200 9458 "-" "Mozilla/5.0 (compatible; CompSpyBot/1.0; +http://www.compspy.com/spider.html)"
76.73.3.18 - - [04/May/2013:20:12:25 +0200] "GET /seiten/service.htm HTTP/1.1" 200 9959 "-" "Mozilla/5.0 (compatible; CompSpyBot/1.0; +http://www.compspy.com/spider.html)"
76.73.3.18 - - [04/May/2013:20:13:46 +0200] "GET /seiten/produkte.htm HTTP/1.1" 200 9105 "-" "Mozilla/5.0 (compatible; CompSpyBot/1.0; +http://www.compspy.com/spider.html)"
208.115.113.88 - - [04/May/2013:20:52:09 +0200] "GET /robots.txt HTTP/1.1" 404 1256 "-" "Mozilla/5.0 (compatible; Ezooms/1.0; ezooms.bot@gmail.com)"
173.199.114.219 - - [04/May/2013:20:55:26 +0200] "GET /seiten/intern/log_check.php HTTP/1.1" 302 - "-" "Mozilla/5.0 (compatible; AhrefsBot/4.0; +http://ahrefs.com/robot/)"
208.115.113.88 - - [04/May/2013:21:53:01 +0200] "GET /seiten/databund.html HTTP/1.1" 200 9125 "-" "Mozilla/5.0 (compatible; Ezooms/1.0; ezooms.bot@gmail.com)"
208.115.113.88 - - [04/May/2013:21:53:05 +0200] "GET /seiten/impr.htm HTTP/1.1" 200 8696 "-" "Mozilla/5.0 (compatible; Ezooms/1.0; ezooms.bot@gmail.com)"
78.54.29.35 - - [04/May/2013:22:10:16 +0200] "GET / HTTP/1.1" 200 7903 "-" "UserAgent: Apache-HttpClient/release (java 1.5)"
78.54.29.35 - - [04/May/2013:22:10:16 +0200] "GET /seiten/impr.htm HTTP/1.1" 200 8696 "-" "UserAgent: Apache-HttpClient/release (java 1.5)"
71.190.254.152 - - [04/May/2013:22:17:28 +0200] "GET /robots.txt HTTP/1.1" 404 1256 "-" "panscient.com"
71.190.254.152 - - [04/May/2013:22:17:30 +0200] "GET / HTTP/1.1" 200 7903 "-" "panscient.com"
71.190.254.152 - - [04/May/2013:22:17:31 +0200] "GET /seiten/fsw.htm HTTP/1.1" 200 9961 "-" "panscient.com"
71.190.254.152 - - [04/May/2013:22:17:32 +0200] "GET /seiten/databund.html HTTP/1.1" 200 9125 "-" "panscient.com"
71.190.254.152 - - [04/May/2013:22:17:34 +0200] "GET /seiten/produkte.htm HTTP/1.1" 200 9105 "-" "panscient.com"
71.190.254.152 - - [04/May/2013:22:17:35 +0200] "GET /seiten/service.htm HTTP/1.1" 200 9959 "-" "panscient.com"
71.190.254.152 - - [04/May/2013:22:17:36 +0200] "GET /seiten/kontakt.php HTTP/1.1" 200 12788 "-" "panscient.com"
71.190.254.152 - - [04/May/2013:22:17:38 +0200] "GET /seiten/partner.htm HTTP/1.1" 200 9458 "-" "panscient.com"
71.190.254.152 - - [04/May/2013:22:17:39 +0200] "GET /seiten/impr.htm HTTP/1.1" 200 8696 "-" "panscient.com"
71.190.254.152 - - [04/May/2013:22:17:41 +0200] "GET /seiten/kraftverkehr.htm HTTP/1.1" 200 9210 "-" "panscient.com"
71.190.254.152 - - [04/May/2013:22:17:42 +0200] "GET /seiten/referenzen.htm HTTP/1.1" 200 40249 "-" "panscient.com"
71.190.254.152 - - [04/May/2013:22:17:43 +0200] "GET /seiten/kontroll.htm HTTP/1.1" 200 6599 "-" "panscient.com"
71.190.254.152 - - [04/May/2013:22:17:45 +0200] "GET /scripte/basics.js HTTP/1.1" 200 198 "-" "panscient.com"
71.190.254.152 - - [04/May/2013:22:17:46 +0200] "GET /seiten/fahrlehrerwesen.htm HTTP/1.1" 200 7168 "-" "panscient.com"
71.190.254.152 - - [04/May/2013:22:17:47 +0200] "GET /false.htm HTTP/1.1" 200 2749 "-" "panscient.com"
71.190.254.152 - - [04/May/2013:22:17:49 +0200] "GET /seiten/produkte.htm HTTP/1.1" 200 9105 "-" "panscient.com"
71.190.254.152 - - [04/May/2013:22:17:50 +0200] "GET /scripte/basics.js HTTP/1.1" 200 198 "-" "panscient.com"
66.249.78.242 - - [04/May/2013:23:12:24 +0200] "GET /robots.txt HTTP/1.1" 404 1256 "-" "Mozilla/5.0 (compatible; Googlebot/2.1; +http://www.google.com/bot.html)"
66.249.78.242 - - [04/May/2013:23:12:24 +0200] "GET /seiten/fsw.htm HTTP/1.1" 304 - "-" "Mozilla/5.0 (iPhone; U; CPU iPhone OS 4_1 like Mac OS X; en-us) AppleWebKit/532.9 (KHTML, like Gecko) Version/4.0.5 Mobile/8B117 Safari/6531.22.7 (compatible; Googlebot-Mobile/2.1; +http://www.google.com/bot.html)"
1.202.219.5 - - [04/May/2013:23:13:02 +0200] "GET /robots.txt HTTP/1.1" 404 1256 "-" "Mozilla/5.0 ()"
1.202.219.5 - - [04/May/2013:23:13:03 +0200] "HEAD / HTTP/1.1" 200 - "-" "Mozilla/5.0 (compatible; JikeSpider; +http://shoulu.jike.com/spider.html)"
1.202.219.5 - - [04/May/2013:23:13:04 +0200] "GET / HTTP/1.1" 200 7903 "-" "Mozilla/5.0 (compatible; JikeSpider; +http://shoulu.jike.com/spider.html)"
61.247.204.35 - - [04/May/2013:23:19:42 +0200] "GET /robots.txt HTTP/1.1" 404 1256 "-" "Yeti/1.0 (NHN Corp.; http://help.naver.com/robots/)"
61.247.204.35 - - [04/May/2013:23:19:43 +0200] "GET / HTTP/1.1" 200 7903 "-" "Yeti/1.0 (NHN Corp.; http://help.naver.com/robots/)"
61.247.204.43 - - [04/May/2013:23:20:50 +0200] "GET /css/style.css HTTP/1.1" 200 3549 "-" "Yeti/1.0 (NHN Corp.; http://help.naver.com/robots/)"
173.199.114.219 - - [04/May/2013:23:42:52 +0200] "GET /seiten/menue HTTP/1.1" 404 1256 "-" "Mozilla/5.0 (compatible; AhrefsBot/4.0; +http://ahrefs.com/robot/)"
173.199.114.219 - - [05/May/2013:00:05:39 +0200] "GET /seiten/fahrlehrerwesen.htm HTTP/1.1" 200 7168 "-" "Mozilla/5.0 (compatible; AhrefsBot/4.0; +http://ahrefs.com/robot/)"
66.249.78.242 - - [05/May/2013:00:13:02 +0200] "GET / HTTP/1.1" 200 7903 "-" "Mozilla/5.0 (compatible; Googlebot/2.1; +http://www.google.com/bot.html)"
173.199.120.163 - - [05/May/2013:00:14:10 +0200] "GET /seiten/partner.htm HTTP/1.1" 200 9458 "-" "Mozilla/5.0 (compatible; AhrefsBot/4.0; +http://ahrefs.com/robot/)"
66.249.78.242 - - [05/May/2013:00:15:41 +0200] "GET /css/style.css HTTP/1.1" 200 3549 "-" "Mozilla/5.0 (compatible; Googlebot/2.1; +http://www.google.com/bot.html)"
80.190.97.212 - - [05/May/2013:00:43:38 +0200] "GET / HTTP/1.1" 200 7903 "-" "Mozilla/5.0 (X11; U; FreeBSD i386; en-US; rv:1.9.1.12) Gecko/20100912 Firefox/3.5.12"
218.93.127.117 - - [05/May/2013:01:12:24 +0200] "GET /seiten/databund.html HTTP/1.0" 200 9125 "http://www.prokommunal.com/seiten/databund.html" "Mozilla/5.0 (Windows NT 5.2; WOW64; rv:16.0) Gecko/20100101 Firefox/16.0"
80.190.97.212 - - [05/May/2013:01:25:03 +0200] "GET / HTTP/1.1" 200 7903 "-" "Mozilla/5.0 (X11; U; FreeBSD i386; en-US; rv:1.9.1.12) Gecko/20100912 Firefox/3.5.12"
130.83.167.153 - - [05/May/2013:01:37:56 +0200] "GET /robots.txt HTTP/1.1" 404 1256 "-" "findlinks/2.6 (+http://wortschatz.uni-leipzig.de/findlinks/)"
80.190.97.212 - - [05/May/2013:02:10:35 +0200] "GET / HTTP/1.1" 200 7903 "-" "Mozilla/5.0 (X11; U; FreeBSD i386; en-US; rv:1.9.1.12) Gecko/20100912 Firefox/3.5.12"
80.190.97.212 - - [05/May/2013:02:49:17 +0200] "GET / HTTP/1.1" 200 7903 "-" "Mozilla/5.0 (X11; U; FreeBSD i386; en-US; rv:1.9.1.12) Gecko/20100912 Firefox/3.5.12"
208.115.111.71 - - [05/May/2013:02:57:45 +0200] "GET /robots.txt HTTP/1.1" 404 1256 "-" "Mozilla/5.0 (compatible; Ezooms/1.0; ezooms.bot@gmail.com)"
85.25.71.95 - - [05/May/2013:03:12:41 +0200] "GET /robots.txt HTTP/1.1" 404 1256 "-" "Mozilla/5.0 (X11; U; Linux i686; de; rv:1.9.0.1; compatible; iCjobs Stellenangebote Jobs; http://www.icjobs.de) Gecko/20100401 iCjobs/3.2.3"
85.25.71.95 - - [05/May/2013:03:12:41 +0200] "GET / HTTP/1.1" 200 7903 "-" "Mozilla/5.0 (X11; U; Linux i686; de; rv:1.9.0.1; compatible; iCjobs Stellenangebote Jobs; http://www.icjobs.de) Gecko/20100401 iCjobs/3.2.3"
85.25.71.95 - - [05/May/2013:03:12:42 +0200] "GET / HTTP/1.1" 200 7903 "-" "Mozilla/5.0 (X11; U; Linux i686; de; rv:1.9.0.1; compatible; iCjobs Stellenangebote Jobs; http://www.icjobs.de) Gecko/20100401 iCjobs/3.2.3"
85.25.71.95 - - [05/May/2013:03:12:43 +0200] "GET /scripte/basics.js HTTP/1.1" 200 198 "-" "Mozilla/5.0 (X11; U; Linux i686; de; rv:1.9.0.1; compatible; iCjobs Stellenangebote Jobs; http://www.icjobs.de) Gecko/20100401 iCjobs/3.2.3"
85.25.71.95 - - [05/May/2013:03:12:50 +0200] "GET /seiten/kontakt.php HTTP/1.1" 200 12788 "-" "Mozilla/5.0 (X11; U; Linux i686; de; rv:1.9.0.1; compatible; iCjobs Stellenangebote Jobs; http://www.icjobs.de) Gecko/20100401 iCjobs/3.2.3"
85.25.71.95 - - [05/May/2013:03:12:57 +0200] "GET /seiten/produkte.htm HTTP/1.1" 200 9105 "-" "Mozilla/5.0 (X11; U; Linux i686; de; rv:1.9.0.1; compatible; iCjobs Stellenangebote Jobs; http://www.icjobs.de) Gecko/20100401 iCjobs/3.2.3"
85.25.71.95 - - [05/May/2013:03:13:06 +0200] "GET /seiten/partner.htm HTTP/1.1" 200 9458 "-" "Mozilla/5.0 (X11; U; Linux i686; de; rv:1.9.0.1; compatible; iCjobs Stellenangebote Jobs; http://www.icjobs.de) Gecko/20100401 iCjobs/3.2.3"
85.25.71.95 - - [05/May/2013:03:13:17 +0200] "GET /seiten/referenzen.htm HTTP/1.1" 200 40249 "-" "Mozilla/5.0 (X11; U; Linux i686; de; rv:1.9.0.1; compatible; iCjobs Stellenangebote Jobs; http://www.icjobs.de) Gecko/20100401 iCjobs/3.2.3"
85.25.71.95 - - [05/May/2013:03:13:32 +0200] "GET /seiten/service.htm HTTP/1.1" 200 9959 "-" "Mozilla/5.0 (X11; U; Linux i686; de; rv:1.9.0.1; compatible; iCjobs Stellenangebote Jobs; http://www.icjobs.de) Gecko/20100401 iCjobs/3.2.3"
85.25.71.95 - - [05/May/2013:03:13:41 +0200] "GET /seiten/databund.html HTTP/1.1" 200 9125 "-" "Mozilla/5.0 (X11; U; Linux i686; de; rv:1.9.0.1; compatible; iCjobs Stellenangebote Jobs; http://www.icjobs.de) Gecko/20100401 iCjobs/3.2.3"
85.25.71.95 - - [05/May/2013:03:13:46 +0200] "GET / HTTP/1.1" 200 7903 "-" "Mozilla/5.0 (X11; U; Linux i686; de; rv:1.9.0.1; compatible; iCjobs Stellenangebote Jobs; http://www.icjobs.de) Gecko/20100401 iCjobs/3.2.3"
85.25.71.95 - - [05/May/2013:03:13:46 +0200] "GET /seiten/fsw.htm HTTP/1.1" 200 9961 "-" "Mozilla/5.0 (X11; U; Linux i686; de; rv:1.9.0.1; compatible; iCjobs Stellenangebote Jobs; http://www.icjobs.de) Gecko/20100401 iCjobs/3.2.3"
85.25.71.95 - - [05/May/2013:03:13:55 +0200] "GET /seiten/fahrlehrerwesen.htm HTTP/1.1" 200 7168 "-" "Mozilla/5.0 (X11; U; Linux i686; de; rv:1.9.0.1; compatible; iCjobs Stellenangebote Jobs; http://www.icjobs.de) Gecko/20100401 iCjobs/3.2.3"
85.25.71.95 - - [05/May/2013:03:14:04 +0200] "GET /seiten/kontroll.htm HTTP/1.1" 200 6599 "-" "Mozilla/5.0 (X11; U; Linux i686; de; rv:1.9.0.1; compatible; iCjobs Stellenangebote Jobs; http://www.icjobs.de) Gecko/20100401 iCjobs/3.2.3"
85.25.71.95 - - [05/May/2013:03:14:07 +0200] "GET /seiten/kraftverkehr.htm HTTP/1.1" 200 9210 "-" "Mozilla/5.0 (X11; U; Linux i686; de; rv:1.9.0.1; compatible; iCjobs Stellenangebote Jobs; http://www.icjobs.de) Gecko/20100401 iCjobs/3.2.3"
208.115.111.71 - - [05/May/2013:03:15:11 +0200] "GET / HTTP/1.1" 200 7903 "-" "Mozilla/5.0 (compatible; Ezooms/1.0; ezooms.bot@gmail.com)"
85.25.71.95 - - [05/May/2013:03:19:01 +0200] "GET /seiten/term13.pdf HTTP/1.1" 200 146450 "-" "Mozilla/5.0 (X11; U; Linux i686; de; rv:1.9.0.1; compatible; iCjobs Stellenangebote Jobs; http://www.icjobs.de) Gecko/20100401 iCjobs/3.2.3"
157.55.32.84 - - [05/May/2013:04:12:40 +0200] "GET /robots.txt HTTP/1.1" 404 1256 "-" "Mozilla/5.0 (compatible; bingbot/2.0; +http://www.bing.com/bingbot.htm)"
157.55.32.84 - - [05/May/2013:04:14:51 +0200] "GET /seiten/fsw.htm HTTP/1.1" 304 - "-" "Mozilla/5.0 (compatible; bingbot/2.0; +http://www.bing.com/bingbot.htm)"
173.199.120.163 - - [05/May/2013:04:21:51 +0200] "GET / HTTP/1.1" 200 7903 "-" "Mozilla/5.0 (compatible; AhrefsBot/4.0; +http://ahrefs.com/robot/)"
157.56.229.187 - - [05/May/2013:04:31:07 +0200] "GET /robots.txt HTTP/1.1" 404 1256 "-" "Mozilla/5.0 (compatible; bingbot/2.0; +http://www.bing.com/bingbot.htm)"
157.56.229.187 - - [05/May/2013:04:33:52 +0200] "GET /seiten/service.htm HTTP/1.1" 304 - "-" "Mozilla/5.0 (compatible; bingbot/2.0; +http://www.bing.com/bingbot.htm)"
66.249.78.242 - - [05/May/2013:05:03:51 +0200] "GET /seiten/kontakt.php HTTP/1.1" 200 12788 "-" "Mozilla/5.0 (iPhone; U; CPU iPhone OS 4_1 like Mac OS X; en-us) AppleWebKit/532.9 (KHTML, like Gecko) Version/4.0.5 Mobile/8B117 Safari/6531.22.7 (compatible; Googlebot-Mobile/2.1; +http://www.google.com/bot.html)"
80.190.97.212 - - [05/May/2013:05:06:47 +0200] "GET / HTTP/1.1" 200 7903 "-" "Mozilla/5.0 (X11; U; FreeBSD i386; en-US; rv:1.9.1.12) Gecko/20100912 Firefox/3.5.12"
80.190.97.212 - - [05/May/2013:05:06:47 +0200] "GET / HTTP/1.1" 200 7903 "-" "Mozilla/5.0 (X11; U; FreeBSD i386; en-US; rv:1.9.1.12) Gecko/20100912 Firefox/3.5.12"
188.155.163.203 - - [05/May/2013:06:07:49 +0200] "GET /seiten/kontakt.php HTTP/1.1" 200 12788 "-" "findlinks/2.1.5 (+http://wortschatz.uni-leipzig.de/findlinks/)"
131.253.24.81 - - [05/May/2013:07:13:04 +0200] "GET /seiten/kraftverkehr.htm HTTP/1.1" 200 9210 "-" "Mozilla/4.0 (compatible; MSIE 7.0; Windows NT 5.2; SLCC1; .NET CLR 1.1.4325; .NET CLR 2.0.50727; .NET CLR 3.0.04506.648)"
131.253.24.81 - - [05/May/2013:07:13:05 +0200] "GET /css/style.css HTTP/1.1" 200 3549 "http://www.prokommunal.com/seiten/kraftverkehr.htm" "Mozilla/4.0 (compatible; MSIE 7.0; Windows NT 5.2; SLCC1; .NET CLR 1.1.4325; .NET CLR 2.0.50727; .NET CLR 3.0.04506.648)"
131.253.24.81 - - [05/May/2013:07:13:07 +0200] "GET /scripte/basics.js HTTP/1.1" 200 198 "http://www.prokommunal.com/seiten/kraftverkehr.htm" "Mozilla/4.0 (compatible; MSIE 7.0; Windows NT 5.2; SLCC1; .NET CLR 1.1.4325; .NET CLR 2.0.50727; .NET CLR 3.0.04506.648)"
65.55.215.57 - - [05/May/2013:07:38:24 +0200] "GET /robots.txt HTTP/1.1" 404 1256 "-" "msnbot-media/1.1 (+http://search.msn.com/msnbot.htm)"
65.55.215.57 - - [05/May/2013:07:38:24 +0200] "GET /img/hk.jpg HTTP/1.1" 200 4852 "-" "msnbot-media/1.1 (+http://search.msn.com/msnbot.htm)"
157.56.229.187 - - [05/May/2013:08:12:06 +0200] "GET /robots.txt HTTP/1.1" 404 1256 "-" "Mozilla/5.0 (compatible; bingbot/2.0; +http://www.bing.com/bingbot.htm)"
157.56.229.187 - - [05/May/2013:08:13:46 +0200] "GET / HTTP/1.1" 200 7903 "-" "Mozilla/5.0 (compatible; bingbot/2.0; +http://www.bing.com/bingbot.htm)"
80.187.103.8 - - [05/May/2013:09:19:35 +0200] "GET / HTTP/1.1" 200 7903 "http://www.google.de/url?sa=t&source=web&cd=1&ved=0CBEQFjAA&url=http%3A%2F%2Fwww.prokommunal.com%2F&ei=nAeGUZfsI4raswaJ-oC4BA&usg=AFQjCNF5ZvO5ecR3rprSCB3llFRGksZz8A&rct=j" "Mozilla/5.0 (iPhone; CPU iPhone OS 6_1_3 like Mac OS X) AppleWebKit/536.26 (KHTML, like Gecko) Mobile/10B329"
80.187.103.8 - - [05/May/2013:09:19:36 +0200] "GET /css/style.css HTTP/1.1" 200 3549 "http://www.prokommunal.com/" "Mozilla/5.0 (iPhone; CPU iPhone OS 6_1_3 like Mac OS X) AppleWebKit/536.26 (KHTML, like Gecko) Mobile/10B329"
80.187.103.8 - - [05/May/2013:09:19:36 +0200] "GET /scripte/basics.js HTTP/1.1" 200 198 "http://www.prokommunal.com/" "Mozilla/5.0 (iPhone; CPU iPhone OS 6_1_3 like Mac OS X) AppleWebKit/536.26 (KHTML, like Gecko) Mobile/10B329"
80.187.103.8 - - [05/May/2013:09:19:36 +0200] "GET /redesign/img/bg_gelb.jpg HTTP/1.1" 200 368 "http://www.prokommunal.com/" "Mozilla/5.0 (iPhone; CPU iPhone OS 6_1_3 like Mac OS X) AppleWebKit/536.26 (KHTML, like Gecko) Mobile/10B329"
80.187.103.8 - - [05/May/2013:09:19:36 +0200] "GET /redesign/img/bg_foot.gif HTTP/1.1" 200 286 "http://www.prokommunal.com/" "Mozilla/5.0 (iPhone; CPU iPhone OS 6_1_3 like Mac OS X) AppleWebKit/536.26 (KHTML, like Gecko) Mobile/10B329"
80.187.103.8 - - [05/May/2013:09:19:46 +0200] "GET /img/head02.jpg HTTP/1.1" 200 4929 "http://www.prokommunal.com/" "Mozilla/5.0 (iPhone; CPU iPhone OS 6_1_3 like Mac OS X) AppleWebKit/536.26 (KHTML, like Gecko) Mobile/10B329"
80.187.103.8 - - [05/May/2013:09:19:46 +0200] "GET /img/head03.jpg HTTP/1.1" 200 7610 "http://www.prokommunal.com/" "Mozilla/5.0 (iPhone; CPU iPhone OS 6_1_3 like Mac OS X) AppleWebKit/536.26 (KHTML, like Gecko) Mobile/10B329"
80.187.103.8 - - [05/May/2013:09:19:46 +0200] "GET /img/head01.jpg HTTP/1.1" 200 6350 "http://www.prokommunal.com/" "Mozilla/5.0 (iPhone; CPU iPhone OS 6_1_3 like Mac OS X) AppleWebKit/536.26 (KHTML, like Gecko) Mobile/10B329"
173.199.114.219 - - [05/May/2013:09:57:41 +0200] "GET /seiten/kontakt.php HTTP/1.1" 200 12788 "-" "Mozilla/5.0 (compatible; AhrefsBot/4.0; +http://ahrefs.com/robot/)"
178.255.215.72 - - [05/May/2013:10:01:17 +0200] "GET /robots.txt HTTP/1.1" 404 1256 "-" "Mozilla/5.0 (compatible; Exabot/3.0; +http://www.exabot.com/go/robot)"
178.255.215.72 - - [05/May/2013:10:01:17 +0200] "GET / HTTP/1.1" 304 - "-" "Mozilla/5.0 (compatible; Exabot/3.0; +http://www.exabot.com/go/robot)"
141.8.147.12 - - [05/May/2013:10:21:26 +0200] "GET /robots.txt HTTP/1.1" 404 1256 "-" "Mozilla/5.0 (compatible; YandexBot/3.0; +http://yandex.com/bots)"
141.8.147.12 - - [05/May/2013:10:21:28 +0200] "GET /seiten/databund.html HTTP/1.1" 304 - "-" "Mozilla/5.0 (compatible; YandexBot/3.0; +http://yandex.com/bots)"
157.56.93.210 - - [05/May/2013:11:39:11 +0200] "GET /robots.txt HTTP/1.1" 404 1256 "-" "Mozilla/5.0 (compatible; bingbot/2.0; +http://www.bing.com/bingbot.htm)"
157.56.93.210 - - [05/May/2013:11:40:48 +0200] "GET /seiten/fahrlehrerwesen.htm HTTP/1.1" 304 - "-" "Mozilla/5.0 (compatible; bingbot/2.0; +http://www.bing.com/bingbot.htm)"
208.115.113.87 - - [05/May/2013:12:51:41 +0200] "GET /robots.txt HTTP/1.1" 404 1256 "-" "Mozilla/5.0 (compatible; Ezooms/1.0; ezooms.bot@gmail.com)"
142.4.208.185 - - [05/May/2013:14:00:38 +0200] "GET /robots.txt HTTP/1.0" 404 1256 "-" "Mozilla/5.0 (compatible; MJ12bot/v1.4.3; http://www.majestic12.co.uk/bot.php?+)"
142.4.208.185 - - [05/May/2013:14:00:43 +0200] "GET / HTTP/1.0" 200 7903 "-" "Mozilla/5.0 (compatible; MJ12bot/v1.4.3; http://www.majestic12.co.uk/bot.php?+)"
178.77.126.55 - - [05/May/2013:14:03:54 +0200] "GET /robots.txt HTTP/1.1" 404 1256 "-" "Mozilla/5.0 (compatible; CareerBot/1.1; +http://www.career-x.de/bot.html)"
178.77.126.55 - - [05/May/2013:14:03:54 +0200] "GET / HTTP/1.1" 200 7903 "-" "Mozilla/5.0 (compatible; CareerBot/1.1; +http://www.career-x.de/bot.html)"
81.7.13.161 - - [05/May/2013:14:04:32 +0200] "GET /seiten/impr.htm HTTP/1.1" 200 8696 "-" "Mozilla/5.0 (X11; Linux i686; rv:6.0) Gecko/20100101 Firefox/6.0"
123.125.71.26 - - [05/May/2013:14:21:29 +0200] "GET / HTTP/1.1" 200 7903 "-" "Mozilla/5.0 (compatible; Baiduspider/2.0; +http://www.baidu.com/search/spider.html)"
220.181.108.121 - - [05/May/2013:14:21:29 +0200] "GET / HTTP/1.1" 200 7903 "-" "Mozilla/5.0 (compatible; Baiduspider/2.0; +http://www.baidu.com/search/spider.html)"
173.199.120.163 - - [05/May/2013:14:56:33 +0200] "GET /seiten/kraftverkehr.htm HTTP/1.1" 200 9210 "-" "Mozilla/5.0 (compatible; AhrefsBot/4.0; +http://ahrefs.com/robot/)"
208.115.113.87 - - [05/May/2013:15:12:25 +0200] "GET /seiten/?N=D HTTP/1.1" 403 1222 "-" "Mozilla/5.0 (compatible; Ezooms/1.0; ezooms.bot@gmail.com)"
220.181.108.84 - - [05/May/2013:15:19:57 +0200] "GET / HTTP/1.1" 200 7903 "-" "Mozilla/5.0 (compatible; Baiduspider/2.0; +http://www.baidu.com/search/spider.html)"
123.125.71.20 - - [05/May/2013:15:19:57 +0200] "GET / HTTP/1.1" 200 7903 "-" "Mozilla/5.0 (compatible; Baiduspider/2.0; +http://www.baidu.com/search/spider.html)"
157.56.93.201 - - [05/May/2013:16:26:45 +0200] "GET /robots.txt HTTP/1.1" 404 1256 "-" "Mozilla/5.0 (compatible; bingbot/2.0; +http://www.bing.com/bingbot.htm)"
65.55.215.83 - - [05/May/2013:16:28:39 +0200] "GET /robots.txt HTTP/1.1" 404 1256 "-" "msnbot-media/1.1 (+http://search.msn.com/msnbot.htm)"
65.55.215.83 - - [05/May/2013:16:28:39 +0200] "GET /img/top.gif HTTP/1.1" 200 96 "-" "msnbot-media/1.1 (+http://search.msn.com/msnbot.htm)"
157.56.93.201 - - [05/May/2013:16:29:06 +0200] "GET /seiten/kontakt.php HTTP/1.1" 200 12788 "-" "Mozilla/5.0 (compatible; bingbot/2.0; +http://www.bing.com/bingbot.htm)"
119.63.196.117 - - [05/May/2013:18:18:38 +0200] "GET / HTTP/1.1" 200 7903 "-" "Mozilla/5.0 (compatible; Baiduspider/2.0; +http://www.baidu.com/search/spider.html)"
88.190.58.7 - - [05/May/2013:18:22:37 +0200] "GET /seiten/databund.html HTTP/1.0" 200 9125 "http://www.prokommunal.com/seiten/databund.html" "Opera/9.80 (Windows NT 5.1) Presto/2.12.388 Version/12.11"
65.55.217.53 - - [05/May/2013:18:27:25 +0200] "GET /seiten/kraftverkehr.htm HTTP/1.1" 200 9210 "-" "Mozilla/4.0 (compatible; MSIE 7.0; Windows NT 5.2; SLCC1; .NET CLR 1.1.4322; .NET CLR 2.0.40607; .NET CLR 3.0.30729; .NET CLR 3.5.30707)"
65.55.217.53 - - [05/May/2013:18:27:26 +0200] "GET /css/style.css HTTP/1.1" 200 3549 "http://www.prokommunal.com/seiten/kraftverkehr.htm" "Mozilla/4.0 (compatible; MSIE 7.0; Windows NT 5.2; SLCC1; .NET CLR 1.1.4322; .NET CLR 2.0.40607; .NET CLR 3.0.30729; .NET CLR 3.5.30707)"
65.55.217.53 - - [05/May/2013:18:27:26 +0200] "GET /scripte/basics.js HTTP/1.1" 200 198 "http://www.prokommunal.com/seiten/kraftverkehr.htm" "Mozilla/4.0 (compatible; MSIE 7.0; Windows NT 5.2; SLCC1; .NET CLR 1.1.4322; .NET CLR 2.0.40607; .NET CLR 3.0.30729; .NET CLR 3.5.30707)"
61.135.249.207 - - [05/May/2013:18:33:32 +0200] "GET / HTTP/1.1" 200 7903 "-" "Mozilla/5.0 (compatible; YoudaoBot/1.0; http://www.youdao.com/help/webmaster/spider/; )"
157.56.229.187 - - [05/May/2013:19:52:16 +0200] "GET /robots.txt HTTP/1.1" 404 1256 "-" "Mozilla/5.0 (compatible; bingbot/2.0; +http://www.bing.com/bingbot.htm)"
157.56.229.187 - - [05/May/2013:19:53:55 +0200] "GET / HTTP/1.1" 200 7903 "-" "Mozilla/5.0 (compatible; bingbot/2.0; +http://www.bing.com/bingbot.htm)"
65.55.24.237 - - [05/May/2013:20:41:47 +0200] "GET /robots.txt HTTP/1.1" 404 1256 "-" "Mozilla/5.0 (compatible; bingbot/2.0; +http://www.bing.com/bingbot.htm)"
65.55.24.237 - - [05/May/2013:20:43:27 +0200] "GET /seiten/kraftverkehr.htm HTTP/1.1" 200 9210 "-" "Mozilla/5.0 (compatible; bingbot/2.0; +http://www.bing.com/bingbot.htm)"
178.77.126.55 - - [05/May/2013:20:56:18 +0200] "GET /robots.txt HTTP/1.1" 404 1256 "-" "Mozilla/5.0 (compatible; CareerBot/1.1; +http://www.career-x.de/bot.html)"
178.77.126.55 - - [05/May/2013:20:56:18 +0200] "GET / HTTP/1.1" 200 7903 "-" "Mozilla/5.0 (compatible; CareerBot/1.1; +http://www.career-x.de/bot.html)"
208.115.113.87 - - [05/May/2013:21:00:08 +0200] "GET /robots.txt HTTP/1.1" 404 1256 "-" "Mozilla/5.0 (compatible; Ezooms/1.0; ezooms.bot@gmail.com)"
178.255.215.65 - - [05/May/2013:21:05:44 +0200] "GET /robots.txt HTTP/1.1" 404 1256 "-" "Mozilla/5.0 (compatible; Exabot/3.0; +http://www.exabot.com/go/robot)"
178.255.215.65 - - [05/May/2013:21:05:44 +0200] "GET / HTTP/1.1" 304 - "-" "Mozilla/5.0 (compatible; Exabot/3.0; +http://www.exabot.com/go/robot)"
204.12.208.234 - - [05/May/2013:21:13:53 +0200] "GET /robots.txt HTTP/1.0" 404 1256 "-" "Mozilla/5.0 (compatible; MJ12bot/v1.4.3; http://www.majestic12.co.uk/bot.php?+)"
204.12.208.234 - - [05/May/2013:21:13:56 +0200] "GET / HTTP/1.0" 200 7903 "-" "Mozilla/5.0 (compatible; MJ12bot/v1.4.3; http://www.majestic12.co.uk/bot.php?+)"
157.56.93.201 - - [05/May/2013:21:17:26 +0200] "GET /seiten/partner.htm HTTP/1.1" 200 9458 "-" "Mozilla/5.0 (compatible; bingbot/2.0; +http://www.bing.com/bingbot.htm)"
157.56.93.201 - - [05/May/2013:21:17:26 +0200] "GET /seiten/kontakt.php HTTP/1.1" 200 12788 "-" "Mozilla/5.0 (compatible; bingbot/2.0; +http://www.bing.com/bingbot.htm)"
157.55.32.61 - - [05/May/2013:21:39:56 +0200] "GET / HTTP/1.1" 200 7903 "-" "Mozilla/5.0 (compatible; bingbot/2.0; +http://www.bing.com/bingbot.htm)"
157.55.32.61 - - [05/May/2013:21:39:56 +0200] "GET /seiten/fsw.htm HTTP/1.1" 200 9961 "-" "Mozilla/5.0 (compatible; bingbot/2.0; +http://www.bing.com/bingbot.htm)"
208.115.111.71 - - [05/May/2013:22:57:10 +0200] "GET /robots.txt HTTP/1.1" 404 1256 "-" "Mozilla/5.0 (compatible; Ezooms/1.0; ezooms.bot@gmail.com)"
139.18.38.182 - - [05/May/2013:23:02:47 +0200] "GET /robots.txt HTTP/1.1" 404 1256 "" "webmeasurement-bot, http://rvs.informatik.uni-leipzig.de/bot.php"
139.18.38.182 - - [05/May/2013:23:03:59 +0200] "GET / HTTP/1.1" 200 7903 "" "webmeasurement-bot, http://rvs.informatik.uni-leipzig.de/bot.php"
208.115.113.87 - - [05/May/2013:23:06:09 +0200] "GET /seiten/fahrlehrerwesen.htm HTTP/1.1" 200 7168 "-" "Mozilla/5.0 (compatible; Ezooms/1.0; ezooms.bot@gmail.com)"
208.115.111.72 - - [05/May/2013:23:17:24 +0200] "GET /robots.txt HTTP/1.1" 404 1256 "-" "Mozilla/5.0 (compatible; Ezooms/1.0; ezooms.bot@gmail.com)"
220.181.108.83 - - [05/May/2013:23:21:10 +0200] "GET / HTTP/1.1" 200 7903 "-" "Mozilla/5.0 (compatible; Baiduspider/2.0; +http://www.baidu.com/search/spider.html)"
123.125.71.54 - - [05/May/2013:23:21:11 +0200] "GET / HTTP/1.1" 200 7903 "-" "Mozilla/5.0 (compatible; Baiduspider/2.0; +http://www.baidu.com/search/spider.html)"
139.18.38.182 - - [05/May/2013:23:21:57 +0200] "GET /seiten/produkte.htm HTTP/1.1" 200 9105 "" "webmeasurement-bot, http://rvs.informatik.uni-leipzig.de/bot.php"
139.18.38.182 - - [05/May/2013:23:22:09 +0200] "GET /seiten/partner.htm HTTP/1.1" 200 9458 "" "webmeasurement-bot, http://rvs.informatik.uni-leipzig.de/bot.php"
139.18.38.182 - - [05/May/2013:23:22:29 +0200] "GET /seiten/referenzen.htm HTTP/1.1" 200 40249 "" "webmeasurement-bot, http://rvs.informatik.uni-leipzig.de/bot.php"
139.18.38.182 - - [05/May/2013:23:22:39 +0200] "GET /seiten/service.htm HTTP/1.1" 200 9959 "" "webmeasurement-bot, http://rvs.informatik.uni-leipzig.de/bot.php"
139.18.38.182 - - [05/May/2013:23:22:59 +0200] "GET /seiten/kontakt.php HTTP/1.1" 200 12788 "" "webmeasurement-bot, http://rvs.informatik.uni-leipzig.de/bot.php"
139.18.38.182 - - [05/May/2013:23:23:12 +0200] "GET /seiten/databund.html HTTP/1.1" 200 9125 "" "webmeasurement-bot, http://rvs.informatik.uni-leipzig.de/bot.php"
139.18.38.182 - - [05/May/2013:23:23:33 +0200] "GET /seiten/impr.htm HTTP/1.1" 200 8696 "" "webmeasurement-bot, http://rvs.informatik.uni-leipzig.de/bot.php"
220.181.108.120 - - [06/May/2013:00:20:20 +0200] "GET / HTTP/1.1" 200 7903 "-" "Mozilla/5.0 (compatible; Baiduspider/2.0; +http://www.baidu.com/search/spider.html)"
123.125.71.33 - - [06/May/2013:00:20:20 +0200] "GET / HTTP/1.1" 200 7903 "-" "Mozilla/5.0 (compatible; Baiduspider/2.0; +http://www.baidu.com/search/spider.html)"
80.190.97.212 - - [06/May/2013:00:42:54 +0200] "GET / HTTP/1.1" 200 7903 "-" "Mozilla/5.0 (X11; U; FreeBSD i386; en-US; rv:1.9.1.12) Gecko/20100912 Firefox/3.5.12"
208.115.111.72 - - [06/May/2013:00:45:39 +0200] "GET /seiten/service.htm HTTP/1.1" 200 9959 "-" "Mozilla/5.0 (compatible; Ezooms/1.0; ezooms.bot@gmail.com)"
208.115.111.71 - - [06/May/2013:00:54:39 +0200] "GET /seiten/intern/?M=A HTTP/1.1" 403 1222 "-" "Mozilla/5.0 (compatible; Ezooms/1.0; ezooms.bot@gmail.com)"
141.8.147.12 - - [06/May/2013:01:18:52 +0200] "GET /robots.txt HTTP/1.1" 404 1256 "-" "Mozilla/5.0 (compatible; YandexBot/3.0; +http://yandex.com/bots)"
80.190.97.212 - - [06/May/2013:01:24:11 +0200] "GET / HTTP/1.1" 200 7903 "-" "Mozilla/5.0 (X11; U; FreeBSD i386; en-US; rv:1.9.1.12) Gecko/20100912 Firefox/3.5.12"
80.190.97.212 - - [06/May/2013:02:11:36 +0200] "GET / HTTP/1.1" 200 7903 "-" "Mozilla/5.0 (X11; U; FreeBSD i386; en-US; rv:1.9.1.12) Gecko/20100912 Firefox/3.5.12"
80.190.97.212 - - [06/May/2013:02:51:23 +0200] "GET / HTTP/1.1" 200 7903 "-" "Mozilla/5.0 (X11; U; FreeBSD i386; en-US; rv:1.9.1.12) Gecko/20100912 Firefox/3.5.12"
218.30.103.41 - - [06/May/2013:02:54:05 +0200] "GET /robots.txt HTTP/1.1" 404 1256 "-" "Sogou web spider/4.0"
218.30.103.41 - - [06/May/2013:02:54:06 +0200] "GET / HTTP/1.1" 304 - "-" "Sogou web spider/4.0(+http://www.sogou.com/docs/help/webmasters.htm#07)"
157.56.229.187 - - [06/May/2013:03:38:42 +0200] "GET /robots.txt HTTP/1.1" 404 1256 "-" "Mozilla/5.0 (compatible; bingbot/2.0; +http://www.bing.com/bingbot.htm)"
157.56.229.187 - - [06/May/2013:03:40:34 +0200] "GET / HTTP/1.1" 304 - "-" "Mozilla/5.0 (compatible; bingbot/2.0; +http://www.bing.com/bingbot.htm)"
66.249.75.211 - - [06/May/2013:03:49:30 +0200] "GET /robots.txt HTTP/1.1" 404 1256 "-" "Mozilla/5.0 (compatible; Googlebot/2.1; +http://www.google.com/bot.html)"
66.249.78.242 - - [06/May/2013:03:49:30 +0200] "GET / HTTP/1.1" 200 7903 "-" "Mozilla/5.0 (iPhone; U; CPU iPhone OS 4_1 like Mac OS X; en-us) AppleWebKit/532.9 (KHTML, like Gecko) Version/4.0.5 Mobile/8B117 Safari/6531.22.7 (compatible; Googlebot-Mobile/2.1; +http://www.google.com/bot.html)"
218.30.103.41 - - [06/May/2013:04:19:30 +0200] "GET / HTTP/1.1" 304 - "-" "Sogou web spider/4.0(+http://www.sogou.com/docs/help/webmasters.htm#07)"
188.165.248.204 - - [06/May/2013:04:56:32 +0200] "GET /robots.txt HTTP/1.0" 404 1256 "-" "Mozilla/5.0 (compatible; MJ12bot/v1.4.3; http://www.majestic12.co.uk/bot.php?+)"
188.165.248.204 - - [06/May/2013:04:56:34 +0200] "GET /about-us.html HTTP/1.0" 404 1256 "-" "Mozilla/5.0 (compatible; MJ12bot/v1.4.3; http://www.majestic12.co.uk/bot.php?+)"
188.165.248.204 - - [06/May/2013:04:56:36 +0200] "GET /bookkeeping.html HTTP/1.0" 404 1256 "-" "Mozilla/5.0 (compatible; MJ12bot/v1.4.3; http://www.majestic12.co.uk/bot.php?+)"
188.165.248.204 - - [06/May/2013:04:56:39 +0200] "GET /contact-us.html HTTP/1.0" 404 1256 "-" "Mozilla/5.0 (compatible; MJ12bot/v1.4.3; http://www.majestic12.co.uk/bot.php?+)"
188.165.248.204 - - [06/May/2013:04:56:41 +0200] "GET /corporate-controller.html HTTP/1.0" 404 1256 "-" "Mozilla/5.0 (compatible; MJ12bot/v1.4.3; http://www.majestic12.co.uk/bot.php?+)"
188.165.248.204 - - [06/May/2013:04:56:43 +0200] "GET /index.html HTTP/1.0" 200 7903 "-" "Mozilla/5.0 (compatible; MJ12bot/v1.4.3; http://www.majestic12.co.uk/bot.php?+)"
188.165.248.204 - - [06/May/2013:04:56:46 +0200] "GET /privacy.html HTTP/1.0" 404 1256 "-" "Mozilla/5.0 (compatible; MJ12bot/v1.4.3; http://www.majestic12.co.uk/bot.php?+)"
188.165.248.204 - - [06/May/2013:04:56:48 +0200] "GET /red-flags.html HTTP/1.0" 404 1256 "-" "Mozilla/5.0 (compatible; MJ12bot/v1.4.3; http://www.majestic12.co.uk/bot.php?+)"
188.165.248.204 - - [06/May/2013:04:56:51 +0200] "GET /treasury-services.html HTTP/1.0" 404 1256 "-" "Mozilla/5.0 (compatible; MJ12bot/v1.4.3; http://www.majestic12.co.uk/bot.php?+)"
66.249.78.242 - - [06/May/2013:05:04:45 +0200] "GET /seiten/databund.html HTTP/1.1" 304 - "-" "Mozilla/5.0 (iPhone; U; CPU iPhone OS 4_1 like Mac OS X; en-us) AppleWebKit/532.9 (KHTML, like Gecko) Version/4.0.5 Mobile/8B117 Safari/6531.22.7 (compatible; Googlebot-Mobile/2.1; +http://www.google.com/bot.html)"
65.55.215.101 - - [06/May/2013:05:11:22 +0200] "GET /robots.txt HTTP/1.1" 404 1256 "-" "msnbot-media/1.1 (+http://search.msn.com/msnbot.htm)"
65.55.215.101 - - [06/May/2013:05:11:22 +0200] "GET /img/komfa1_s.jpg HTTP/1.1" 404 1256 "-" "msnbot-media/1.1 (+http://search.msn.com/msnbot.htm)"
80.190.97.212 - - [06/May/2013:05:18:18 +0200] "GET / HTTP/1.1" 200 7903 "-" "Mozilla/5.0 (X11; U; FreeBSD i386; en-US; rv:1.9.1.12) Gecko/20100912 Firefox/3.5.12"
80.190.97.212 - - [06/May/2013:05:18:18 +0200] "GET / HTTP/1.1" 200 7903 "-" "Mozilla/5.0 (X11; U; FreeBSD i386; en-US; rv:1.9.1.12) Gecko/20100912 Firefox/3.5.12"
149.154.152.123 - - [06/May/2013:05:47:26 +0200] "GET / HTTP/1.1" 200 7903 "-" "curl/7.21.0 (x86_64-pc-linux-gnu) libcurl/7.21.0 OpenSSL/0.9.8o zlib/1.2.3.4 libidn/1.15 libssh2/1.2.6"
85.214.21.33 - - [06/May/2013:06:07:12 +0200] "GET / HTTP/1.0" 200 7903 "-" "-"
85.214.21.33 - - [06/May/2013:06:07:12 +0200] "GET / HTTP/1.0" 200 7903 "-" "-"
93.220.250.116 - - [06/May/2013:06:23:41 +0200] "GET / HTTP/1.1" 200 7903 "-" "Mozilla/5.0 (Windows; U; Windows NT 5.1; de; rv:1.9.0.10) Gecko/2009042316 Firefox/3.0.10 (.NET CLR 3.5.30729)"
61.135.249.12 - - [06/May/2013:06:23:55 +0200] "GET / HTTP/1.1" 200 7903 "-" "Mozilla/5.0 (compatible; YodaoBot/1.0; http://www.yodao.com/help/webmaster/spider/; )"
184.22.183.114 - - [06/May/2013:06:41:56 +0200] "GET /seiten/impr.htm HTTP/1.1" 200 8696 "-" "Mozilla/5.0 (X11; Linux i686; rv:6.0) Gecko/20100101 Firefox/6.0"
212.95.127.99 - - [06/May/2013:07:01:33 +0200] "GET /gast-fsw/tatbestand20130401.zip HTTP/1.0" 200 68038 "-" "Mozilla/5.0 (Windows NT 5.1; rv:20.0) Gecko/20100101 Firefox/20.0"
141.8.147.12 - - [06/May/2013:07:01:54 +0200] "GET /seiten/referenzen.htm HTTP/1.1" 200 40249 "-" "Mozilla/5.0 (compatible; YandexBot/3.0; +http://yandex.com/bots)"
212.95.127.99 - - [06/May/2013:07:03:03 +0200] "GET /gast-fsw/fsw_update1024_v506.zip HTTP/1.0" 200 12478153 "-" "Mozilla/5.0 (Windows NT 5.1; rv:20.0) Gecko/20100101 Firefox/20.0"
208.115.111.71 - - [06/May/2013:07:04:58 +0200] "GET /robots.txt HTTP/1.1" 404 1256 "-" "Mozilla/5.0 (compatible; Ezooms/1.0; ezooms.bot@gmail.com)"
194.95.255.66 - - [06/May/2013:07:25:10 +0200] "HEAD / HTTP/1.0" 200 - "-" "-"
194.95.255.66 - - [06/May/2013:07:25:12 +0200] "GET /gast-fsw/fsw_update1024_v506.zip HTTP/1.0" 200 12478153 "-" "Mozilla/4.0 (compatible; MSIE 8.0; Windows NT 5.1; Trident/4.0; .NET CLR 2.0.50727; .NET4.0C; .NET4.0E; .NET CLR 3.0.4506.2152; .NET CLR 3.5.30729)"
195.145.124.10 - - [06/May/2013:07:25:22 +0200] "GET /gast-fsw/fsw_update1024_v506.zip HTTP/1.1" 200 12478153 "-" "Mozilla/4.0 (compatible; MSIE 8.0; Windows NT 5.1; Trident/4.0; GTB7.0; .NET CLR 1.1.4322; .NET CLR 1.0.3705; InfoPath.1; .NET CLR 2.0.50727; .NET CLR 3.0.4506.2152; .NET CLR 3.5.30729)"
91.102.136.90 - - [06/May/2013:07:35:40 +0200] "GET /gast-fsw/fsw_update1024_v506.zip HTTP/1.0" 200 12478153 "-" "Mozilla/5.0 (Windows NT 6.1; rv:20.0) Gecko/20100101 Firefox/20.0"
199.30.16.46 - - [06/May/2013:07:36:24 +0200] "GET /robots.txt HTTP/1.1" 404 1256 "-" "msnbot-media/1.1 (+http://search.msn.com/msnbot.htm)"
199.30.16.46 - - [06/May/2013:07:36:24 +0200] "GET /img/databund.jpg HTTP/1.1" 404 1256 "-" "msnbot-media/1.1 (+http://search.msn.com/msnbot.htm)"
91.102.136.90 - - [06/May/2013:07:44:02 +0200] "GET /gast-fsw/fsw_update1024_v506.zip HTTP/1.0" 200 12478153 "-" "Mozilla/5.0 (Windows NT 6.1; rv:20.0) Gecko/20100101 Firefox/20.0"
65.55.215.79 - - [06/May/2013:08:00:09 +0200] "GET /robots.txt HTTP/1.1" 404 1256 "-" "msnbot-media/1.1 (+http://search.msn.com/msnbot.htm)"
65.55.215.79 - - [06/May/2013:08:00:09 +0200] "GET /img/komfa1_s.jpg HTTP/1.1" 404 1256 "-" "msnbot-media/1.1 (+http://search.msn.com/msnbot.htm)"
157.56.229.187 - - [06/May/2013:08:17:00 +0200] "GET /robots.txt HTTP/1.1" 404 1256 "-" "Mozilla/5.0 (compatible; bingbot/2.0; +http://www.bing.com/bingbot.htm)"
157.56.229.187 - - [06/May/2013:08:19:09 +0200] "GET / HTTP/1.1" 200 7903 "-" "Mozilla/5.0 (compatible; bingbot/2.0; +http://www.bing.com/bingbot.htm)"
208.115.111.71 - - [06/May/2013:09:04:19 +0200] "GET /seiten/kontakt.php HTTP/1.1" 200 12788 "-" "Mozilla/5.0 (compatible; Ezooms/1.0; ezooms.bot@gmail.com)"
61.135.249.126 - - [06/May/2013:09:24:40 +0200] "GET / HTTP/1.1" 200 7903 "-" "Mozilla/5.0 (compatible; YodaoBot/1.0; http://www.yodao.com/help/webmaster/spider/; )"
91.65.32.91 - - [06/May/2013:09:59:09 +0200] "GET / HTTP/1.1" 200 7903 "-" "Mozilla/5.0 (Windows NT 6.1; WOW64; rv:20.0) Gecko/20100101 Firefox/20.0"
91.65.32.91 - - [06/May/2013:09:59:09 +0200] "GET /css/style.css HTTP/1.1" 200 3549 "http://www.prokommunal.com/" "Mozilla/5.0 (Windows NT 6.1; WOW64; rv:20.0) Gecko/20100101 Firefox/20.0"
91.65.32.91 - - [06/May/2013:09:59:09 +0200] "GET /scripte/basics.js HTTP/1.1" 200 198 "http://www.prokommunal.com/" "Mozilla/5.0 (Windows NT 6.1; WOW64; rv:20.0) Gecko/20100101 Firefox/20.0"
91.65.32.91 - - [06/May/2013:09:59:09 +0200] "GET /img/head01.jpg HTTP/1.1" 200 6350 "http://www.prokommunal.com/" "Mozilla/5.0 (Windows NT 6.1; WOW64; rv:20.0) Gecko/20100101 Firefox/20.0"
91.65.32.91 - - [06/May/2013:09:59:09 +0200] "GET /favicon.ico HTTP/1.1" 200 894 "-" "Mozilla/5.0 (Windows NT 6.1; WOW64; rv:20.0) Gecko/20100101 Firefox/20.0"
91.65.32.91 - - [06/May/2013:09:59:09 +0200] "GET /img/head02.jpg HTTP/1.1" 200 4929 "http://www.prokommunal.com/" "Mozilla/5.0 (Windows NT 6.1; WOW64; rv:20.0) Gecko/20100101 Firefox/20.0"
91.65.32.91 - - [06/May/2013:09:59:09 +0200] "GET /img/head03.jpg HTTP/1.1" 200 7610 "http://www.prokommunal.com/" "Mozilla/5.0 (Windows NT 6.1; WOW64; rv:20.0) Gecko/20100101 Firefox/20.0"
91.65.32.91 - - [06/May/2013:09:59:09 +0200] "GET /redesign/img/bg_gelb.jpg HTTP/1.1" 200 368 "http://www.prokommunal.com/css/style.css" "Mozilla/5.0 (Windows NT 6.1; WOW64; rv:20.0) Gecko/20100101 Firefox/20.0"
91.65.32.91 - - [06/May/2013:09:59:09 +0200] "GET /redesign/img/bg_foot.gif HTTP/1.1" 200 286 "http://www.prokommunal.com/css/style.css" "Mozilla/5.0 (Windows NT 6.1; WOW64; rv:20.0) Gecko/20100101 Firefox/20.0"
91.65.32.91 - - [06/May/2013:09:59:13 +0200] "GET /seiten/service.htm HTTP/1.1" 200 9959 "http://www.prokommunal.com/" "Mozilla/5.0 (Windows NT 6.1; WOW64; rv:20.0) Gecko/20100101 Firefox/20.0"
91.65.32.91 - - [06/May/2013:09:59:13 +0200] "GET /img/men_01.jpg HTTP/1.1" 200 713 "http://www.prokommunal.com/seiten/service.htm" "Mozilla/5.0 (Windows NT 6.1; WOW64; rv:20.0) Gecko/20100101 Firefox/20.0"
91.65.32.91 - - [06/May/2013:09:59:13 +0200] "GET /img/top.gif HTTP/1.1" 200 96 "http://www.prokommunal.com/seiten/service.htm" "Mozilla/5.0 (Windows NT 6.1; WOW64; rv:20.0) Gecko/20100101 Firefox/20.0"
91.65.32.91 - - [06/May/2013:09:59:13 +0200] "GET /redesign/img/term.jpg HTTP/1.1" 200 498 "http://www.prokommunal.com/css/style.css" "Mozilla/5.0 (Windows NT 6.1; WOW64; rv:20.0) Gecko/20100101 Firefox/20.0"
83.243.48.3 - - [06/May/2013:10:02:53 +0200] "GET /gast-fsw/fsw_update1024_v506.zip HTTP/1.1" 304 - "-" "Mozilla/4.0 (compatible; MSIE 8.0; Windows NT 5.1; Trident/4.0; .NET CLR 2.0.50727; .NET CLR 3.0.4506.2152; .NET CLR 3.5.30729; .NET CLR 1.1.4322; .NET4.0C; .NET4.0E)"
208.115.111.68 - - [06/May/2013:10:04:30 +0200] "GET /robots.txt HTTP/1.1" 404 1256 "-" "Mozilla/5.0 (compatible; Ezooms/1.0; ezooms.bot@gmail.com)"
173.199.120.163 - - [06/May/2013:10:06:33 +0200] "GET /seiten/kontroll.htm HTTP/1.1" 200 6599 "-" "Mozilla/5.0 (compatible; AhrefsBot/4.0; +http://ahrefs.com/robot/)"
90.153.10.34 - - [06/May/2013:10:21:38 +0200] "GET /gast-fsw/fsw_update1024_v506.zip HTTP/1.1" 200 12478153 "-" "Mozilla/5.0 (Windows NT 5.1; rv:20.0) Gecko/20100101 Firefox/20.0"
212.43.93.109 - - [06/May/2013:10:37:21 +0200] "GET / HTTP/1.1" 200 7903 "http://www.google.de/url?sa=t&rct=j&q=prokommunal&source=web&cd=1&ved=0CDEQFjAA&url=http%3A%2F%2Fwww.prokommunal.com%2F&ei=TWuHUbChF6bD7AaJn4GQBA&usg=AFQjCNF5ZvO5ecR3rprSCB3llFRGksZz8A&bvm=bv.45960087,d.ZGU" "Mozilla/4.0 (compatible; MSIE 8.0; Windows NT 5.1; Trident/4.0; .NET CLR 2.0.50727; .NET CLR 3.0.04506.30; .NET CLR 1.1.4322; .NET CLR 3.0.04506.648; .NET CLR 3.0.4506.2152; .NET CLR 3.5.30729; .NET4.0C; .NET4.0E)"
212.43.93.109 - - [06/May/2013:10:37:22 +0200] "GET /scripte/basics.js HTTP/1.1" 200 198 "http://www.prokommunal.com/" "Mozilla/4.0 (compatible; MSIE 8.0; Windows NT 5.1; Trident/4.0; .NET CLR 2.0.50727; .NET CLR 3.0.04506.30; .NET CLR 1.1.4322; .NET CLR 3.0.04506.648; .NET CLR 3.0.4506.2152; .NET CLR 3.5.30729; .NET4.0C; .NET4.0E)"
212.43.93.109 - - [06/May/2013:10:37:22 +0200] "GET /css/style.css HTTP/1.1" 200 3549 "http://www.prokommunal.com/" "Mozilla/4.0 (compatible; MSIE 8.0; Windows NT 5.1; Trident/4.0; .NET CLR 2.0.50727; .NET CLR 3.0.04506.30; .NET CLR 1.1.4322; .NET CLR 3.0.04506.648; .NET CLR 3.0.4506.2152; .NET CLR 3.5.30729; .NET4.0C; .NET4.0E)"
212.43.93.109 - - [06/May/2013:10:37:22 +0200] "GET /img/head01.jpg HTTP/1.1" 200 6350 "http://www.prokommunal.com/" "Mozilla/4.0 (compatible; MSIE 8.0; Windows NT 5.1; Trident/4.0; .NET CLR 2.0.50727; .NET CLR 3.0.04506.30; .NET CLR 1.1.4322; .NET CLR 3.0.04506.648; .NET CLR 3.0.4506.2152; .NET CLR 3.5.30729; .NET4.0C; .NET4.0E)"
212.43.93.109 - - [06/May/2013:10:37:22 +0200] "GET /img/head02.jpg HTTP/1.1" 200 4929 "http://www.prokommunal.com/" "Mozilla/4.0 (compatible; MSIE 8.0; Windows NT 5.1; Trident/4.0; .NET CLR 2.0.50727; .NET CLR 3.0.04506.30; .NET CLR 1.1.4322; .NET CLR 3.0.04506.648; .NET CLR 3.0.4506.2152; .NET CLR 3.5.30729; .NET4.0C; .NET4.0E)"
212.43.93.109 - - [06/May/2013:10:37:22 +0200] "GET /img/head03.jpg HTTP/1.1" 200 7610 "http://www.prokommunal.com/" "Mozilla/4.0 (compatible; MSIE 8.0; Windows NT 5.1; Trident/4.0; .NET CLR 2.0.50727; .NET CLR 3.0.04506.30; .NET CLR 1.1.4322; .NET CLR 3.0.04506.648; .NET CLR 3.0.4506.2152; .NET CLR 3.5.30729; .NET4.0C; .NET4.0E)"
212.43.93.109 - - [06/May/2013:10:37:22 +0200] "GET /redesign/img/bg_gelb.jpg HTTP/1.1" 200 368 "http://www.prokommunal.com/" "Mozilla/4.0 (compatible; MSIE 8.0; Windows NT 5.1; Trident/4.0; .NET CLR 2.0.50727; .NET CLR 3.0.04506.30; .NET CLR 1.1.4322; .NET CLR 3.0.04506.648; .NET CLR 3.0.4506.2152; .NET CLR 3.5.30729; .NET4.0C; .NET4.0E)"
212.43.93.109 - - [06/May/2013:10:37:22 +0200] "GET /redesign/img/bg_foot.gif HTTP/1.1" 200 286 "http://www.prokommunal.com/" "Mozilla/4.0 (compatible; MSIE 8.0; Windows NT 5.1; Trident/4.0; .NET CLR 2.0.50727; .NET CLR 3.0.04506.30; .NET CLR 1.1.4322; .NET CLR 3.0.04506.648; .NET CLR 3.0.4506.2152; .NET CLR 3.5.30729; .NET4.0C; .NET4.0E)"
212.43.93.109 - - [06/May/2013:10:37:22 +0200] "GET /favicon.ico HTTP/1.1" 200 894 "-" "Mozilla/4.0 (compatible; MSIE 8.0; Windows NT 5.1; Trident/4.0; .NET CLR 2.0.50727; .NET CLR 3.0.04506.30; .NET CLR 1.1.4322; .NET CLR 3.0.04506.648; .NET CLR 3.0.4506.2152; .NET CLR 3.5.30729; .NET4.0C; .NET4.0E)"
212.43.93.109 - - [06/May/2013:10:37:26 +0200] "GET /seiten/kontakt.php HTTP/1.1" 200 12788 "http://www.prokommunal.com/" "Mozilla/4.0 (compatible; MSIE 8.0; Windows NT 5.1; Trident/4.0; .NET CLR 2.0.50727; .NET CLR 3.0.04506.30; .NET CLR 1.1.4322; .NET CLR 3.0.04506.648; .NET CLR 3.0.4506.2152; .NET CLR 3.5.30729; .NET4.0C; .NET4.0E)"
212.43.93.109 - - [06/May/2013:10:37:27 +0200] "GET /css/style.css HTTP/1.1" 200 3549 "http://www.prokommunal.com/seiten/kontakt.php" "Mozilla/4.0 (compatible; MSIE 8.0; Windows NT 5.1; Trident/4.0; .NET CLR 2.0.50727; .NET CLR 3.0.04506.30; .NET CLR 1.1.4322; .NET CLR 3.0.04506.648; .NET CLR 3.0.4506.2152; .NET CLR 3.5.30729; .NET4.0C; .NET4.0E)"
212.43.93.109 - - [06/May/2013:10:37:27 +0200] "GET /scripte/basics.js HTTP/1.1" 200 198 "http://www.prokommunal.com/seiten/kontakt.php" "Mozilla/4.0 (compatible; MSIE 8.0; Windows NT 5.1; Trident/4.0; .NET CLR 2.0.50727; .NET CLR 3.0.04506.30; .NET CLR 1.1.4322; .NET CLR 3.0.04506.648; .NET CLR 3.0.4506.2152; .NET CLR 3.5.30729; .NET4.0C; .NET4.0E)"
212.43.93.109 - - [06/May/2013:10:37:27 +0200] "GET /img/head01.jpg HTTP/1.1" 200 6350 "http://www.prokommunal.com/seiten/kontakt.php" "Mozilla/4.0 (compatible; MSIE 8.0; Windows NT 5.1; Trident/4.0; .NET CLR 2.0.50727; .NET CLR 3.0.04506.30; .NET CLR 1.1.4322; .NET CLR 3.0.04506.648; .NET CLR 3.0.4506.2152; .NET CLR 3.5.30729; .NET4.0C; .NET4.0E)"
212.43.93.109 - - [06/May/2013:10:37:27 +0200] "GET /img/head02.jpg HTTP/1.1" 200 4929 "http://www.prokommunal.com/seiten/kontakt.php" "Mozilla/4.0 (compatible; MSIE 8.0; Windows NT 5.1; Trident/4.0; .NET CLR 2.0.50727; .NET CLR 3.0.04506.30; .NET CLR 1.1.4322; .NET CLR 3.0.04506.648; .NET CLR 3.0.4506.2152; .NET CLR 3.5.30729; .NET4.0C; .NET4.0E)"
212.43.93.109 - - [06/May/2013:10:37:27 +0200] "GET /img/head03.jpg HTTP/1.1" 200 7610 "http://www.prokommunal.com/seiten/kontakt.php" "Mozilla/4.0 (compatible; MSIE 8.0; Windows NT 5.1; Trident/4.0; .NET CLR 2.0.50727; .NET CLR 3.0.04506.30; .NET CLR 1.1.4322; .NET CLR 3.0.04506.648; .NET CLR 3.0.4506.2152; .NET CLR 3.5.30729; .NET4.0C; .NET4.0E)"
212.43.93.109 - - [06/May/2013:10:37:27 +0200] "GET /redesign/img/bg_gelb.jpg HTTP/1.1" 200 368 "http://www.prokommunal.com/seiten/kontakt.php" "Mozilla/4.0 (compatible; MSIE 8.0; Windows NT 5.1; Trident/4.0; .NET CLR 2.0.50727; .NET CLR 3.0.04506.30; .NET CLR 1.1.4322; .NET CLR 3.0.04506.648; .NET CLR 3.0.4506.2152; .NET CLR 3.5.30729; .NET4.0C; .NET4.0E)"
212.43.93.109 - - [06/May/2013:10:37:27 +0200] "GET /img/1px_tr.gif HTTP/1.1" 200 43 "http://www.prokommunal.com/seiten/kontakt.php" "Mozilla/4.0 (compatible; MSIE 8.0; Windows NT 5.1; Trident/4.0; .NET CLR 2.0.50727; .NET CLR 3.0.04506.30; .NET CLR 1.1.4322; .NET CLR 3.0.04506.648; .NET CLR 3.0.4506.2152; .NET CLR 3.5.30729; .NET4.0C; .NET4.0E)"
212.43.93.109 - - [06/May/2013:10:37:27 +0200] "GET /img/top.gif HTTP/1.1" 200 96 "http://www.prokommunal.com/seiten/kontakt.php" "Mozilla/4.0 (compatible; MSIE 8.0; Windows NT 5.1; Trident/4.0; .NET CLR 2.0.50727; .NET CLR 3.0.04506.30; .NET CLR 1.1.4322; .NET CLR 3.0.04506.648; .NET CLR 3.0.4506.2152; .NET CLR 3.5.30729; .NET4.0C; .NET4.0E)"
212.43.93.109 - - [06/May/2013:10:37:27 +0200] "GET /img/men_01.jpg HTTP/1.1" 200 713 "http://www.prokommunal.com/seiten/kontakt.php" "Mozilla/4.0 (compatible; MSIE 8.0; Windows NT 5.1; Trident/4.0; .NET CLR 2.0.50727; .NET CLR 3.0.04506.30; .NET CLR 1.1.4322; .NET CLR 3.0.04506.648; .NET CLR 3.0.4506.2152; .NET CLR 3.5.30729; .NET4.0C; .NET4.0E)"
212.43.93.109 - - [06/May/2013:10:37:27 +0200] "GET /redesign/img/bg_foot.gif HTTP/1.1" 200 286 "http://www.prokommunal.com/seiten/kontakt.php" "Mozilla/4.0 (compatible; MSIE 8.0; Windows NT 5.1; Trident/4.0; .NET CLR 2.0.50727; .NET CLR 3.0.04506.30; .NET CLR 1.1.4322; .NET CLR 3.0.04506.648; .NET CLR 3.0.4506.2152; .NET CLR 3.5.30729; .NET4.0C; .NET4.0E)"
212.43.93.109 - - [06/May/2013:10:37:27 +0200] "GET /favicon.ico HTTP/1.1" 200 894 "-" "Mozilla/4.0 (compatible; MSIE 8.0; Windows NT 5.1; Trident/4.0; .NET CLR 2.0.50727; .NET CLR 3.0.04506.30; .NET CLR 1.1.4322; .NET CLR 3.0.04506.648; .NET CLR 3.0.4506.2152; .NET CLR 3.5.30729; .NET4.0C; .NET4.0E)"
66.249.78.242 - - [06/May/2013:10:53:35 +0200] "GET /seiten/fahrlehrerwesen.htm HTTP/1.1" 304 - "-" "Mozilla/5.0 (iPhone; U; CPU iPhone OS 4_1 like Mac OS X; en-us) AppleWebKit/532.9 (KHTML, like Gecko) Version/4.0.5 Mobile/8B117 Safari/6531.22.7 (compatible; Googlebot-Mobile/2.1; +http://www.google.com/bot.html)"
208.115.111.72 - - [06/May/2013:10:54:21 +0200] "GET /robots.txt HTTP/1.1" 404 1256 "-" "Mozilla/5.0 (compatible; Ezooms/1.0; ezooms.bot@gmail.com)"
212.43.93.109 - - [06/May/2013:11:05:26 +0200] "GET / HTTP/1.1" 200 7903 "http://www.google.de/url?sa=t&rct=j&q=prokommunal&source=web&cd=1&ved=0CDEQFjAA&url=http%3A%2F%2Fwww.prokommunal.com%2F&ei=TWuHUbChF6bD7AaJn4GQBA&usg=AFQjCNF5ZvO5ecR3rprSCB3llFRGksZz8A&bvm=bv.45960087,d.ZGU" "Mozilla/4.0 (compatible; MSIE 8.0; Windows NT 5.1; Trident/4.0; .NET CLR 2.0.50727; .NET CLR 3.0.04506.30; .NET CLR 1.1.4322; .NET CLR 3.0.04506.648; .NET CLR 3.0.4506.2152; .NET CLR 3.5.30729; .NET4.0C; .NET4.0E)"
212.43.93.109 - - [06/May/2013:11:05:26 +0200] "GET /scripte/basics.js HTTP/1.1" 200 198 "http://www.prokommunal.com/" "Mozilla/4.0 (compatible; MSIE 8.0; Windows NT 5.1; Trident/4.0; .NET CLR 2.0.50727; .NET CLR 3.0.04506.30; .NET CLR 1.1.4322; .NET CLR 3.0.04506.648; .NET CLR 3.0.4506.2152; .NET CLR 3.5.30729; .NET4.0C; .NET4.0E)"
212.43.93.109 - - [06/May/2013:11:05:26 +0200] "GET /css/style.css HTTP/1.1" 200 3549 "http://www.prokommunal.com/" "Mozilla/4.0 (compatible; MSIE 8.0; Windows NT 5.1; Trident/4.0; .NET CLR 2.0.50727; .NET CLR 3.0.04506.30; .NET CLR 1.1.4322; .NET CLR 3.0.04506.648; .NET CLR 3.0.4506.2152; .NET CLR 3.5.30729; .NET4.0C; .NET4.0E)"
212.43.93.109 - - [06/May/2013:11:05:26 +0200] "GET /img/head02.jpg HTTP/1.1" 200 4929 "http://www.prokommunal.com/" "Mozilla/4.0 (compatible; MSIE 8.0; Windows NT 5.1; Trident/4.0; .NET CLR 2.0.50727; .NET CLR 3.0.04506.30; .NET CLR 1.1.4322; .NET CLR 3.0.04506.648; .NET CLR 3.0.4506.2152; .NET CLR 3.5.30729; .NET4.0C; .NET4.0E)"
212.43.93.109 - - [06/May/2013:11:05:26 +0200] "GET /img/head01.jpg HTTP/1.1" 200 6350 "http://www.prokommunal.com/" "Mozilla/4.0 (compatible; MSIE 8.0; Windows NT 5.1; Trident/4.0; .NET CLR 2.0.50727; .NET CLR 3.0.04506.30; .NET CLR 1.1.4322; .NET CLR 3.0.04506.648; .NET CLR 3.0.4506.2152; .NET CLR 3.5.30729; .NET4.0C; .NET4.0E)"
212.43.93.109 - - [06/May/2013:11:05:26 +0200] "GET /redesign/img/bg_foot.gif HTTP/1.1" 200 286 "http://www.prokommunal.com/" "Mozilla/4.0 (compatible; MSIE 8.0; Windows NT 5.1; Trident/4.0; .NET CLR 2.0.50727; .NET CLR 3.0.04506.30; .NET CLR 1.1.4322; .NET CLR 3.0.04506.648; .NET CLR 3.0.4506.2152; .NET CLR 3.5.30729; .NET4.0C; .NET4.0E)"
212.43.93.109 - - [06/May/2013:11:05:26 +0200] "GET /redesign/img/bg_gelb.jpg HTTP/1.1" 200 368 "http://www.prokommunal.com/" "Mozilla/4.0 (compatible; MSIE 8.0; Windows NT 5.1; Trident/4.0; .NET CLR 2.0.50727; .NET CLR 3.0.04506.30; .NET CLR 1.1.4322; .NET CLR 3.0.04506.648; .NET CLR 3.0.4506.2152; .NET CLR 3.5.30729; .NET4.0C; .NET4.0E)"
212.43.93.109 - - [06/May/2013:11:05:29 +0200] "GET /img/head03.jpg HTTP/1.1" 200 7610 "http://www.prokommunal.com/" "Mozilla/4.0 (compatible; MSIE 8.0; Windows NT 5.1; Trident/4.0; .NET CLR 2.0.50727; .NET CLR 3.0.04506.30; .NET CLR 1.1.4322; .NET CLR 3.0.04506.648; .NET CLR 3.0.4506.2152; .NET CLR 3.5.30729; .NET4.0C; .NET4.0E)"
208.115.111.72 - - [06/May/2013:11:27:23 +0200] "GET /seiten/partner.htm HTTP/1.1" 200 9458 "-" "Mozilla/5.0 (compatible; Ezooms/1.0; ezooms.bot@gmail.com)"
