52.137.90.252 - - [27/Feb/2021:00:38:25 +0100] "GET /gotteslob/gotteslob_alle.jpg HTTP/1.1" 200 24560 "-" "Mozilla/5.0 (compatible; bingbot/2.0; +http://www.bing.com/bingbot.htm)"
62.138.2.214 - - [27/Feb/2021:00:40:27 +0100] "GET /gotteslob/index.html HTTP/1.1" 200 2770 "-" "Mozilla/5.0 (X11; Linux x86_64; rv:81.0) Gecko/20100101 Firefox/81.0"
62.138.2.214 - - [27/Feb/2021:00:47:40 +0100] "GET /buecher/rezensionen.html HTTP/1.1" 200 6964 "-" "Mozilla/5.0 (X11; Linux x86_64; rv:81.0) Gecko/20100101 Firefox/81.0"
13.66.139.144 - - [27/Feb/2021:00:56:47 +0100] "GET /buecher/gesichter/29.jpg HTTP/1.1" 200 9282 "-" "Mozilla/5.0 (compatible; bingbot/2.0; +http://www.bing.com/bingbot.htm)"
62.138.2.214 - - [27/Feb/2021:01:00:51 +0100] "GET /sonderthemen/presse.html HTTP/1.1" 200 5772 "-" "Mozilla/5.0 (X11; Linux x86_64; rv:81.0) Gecko/20100101 Firefox/81.0"
62.138.2.214 - - [27/Feb/2021:01:25:24 +0100] "GET /buecher/rezensionen_ungeteilt.html HTTP/1.1" 200 9764 "-" "Mozilla/5.0 (X11; Linux x86_64; rv:81.0) Gecko/20100101 Firefox/81.0"
62.138.2.214 - - [27/Feb/2021:01:30:29 +0100] "GET /buecher/rezensionen_nicht_auf_sand_gebaut.html HTTP/1.1" 200 6594 "-" "Mozilla/5.0 (X11; Linux x86_64; rv:81.0) Gecko/20100101 Firefox/81.0"
62.138.2.214 - - [27/Feb/2021:01:37:39 +0100] "GET /buecher/rezensionen_leiblichkeit_und_zeitlichkeit.html HTTP/1.1" 200 8821 "-" "Mozilla/5.0 (X11; Linux x86_64; rv:81.0) Gecko/20100101 Firefox/81.0"
62.138.2.214 - - [27/Feb/2021:01:39:36 +0100] "GET /sonderthemen/oekt_extra3.pdf HTTP/1.1" 200 2109745 "-" "Mozilla/5.0 (X11; Linux x86_64; rv:81.0) Gecko/20100101 Firefox/81.0"
62.138.2.214 - - [27/Feb/2021:01:43:42 +0100] "GET /sonderthemen/oekz2003_s01.pdf HTTP/1.1" 200 66807 "-" "Mozilla/5.0 (X11; Linux x86_64; rv:81.0) Gecko/20100101 Firefox/81.0"
66.249.76.236 - - [27/Feb/2021:01:45:33 +0100] "GET /buecher/gesichter/06.jpg HTTP/1.1" 200 8732 "-" "Googlebot-Image/1.0"
17.58.101.68 - - [27/Feb/2021:01:49:06 +0100] "GET /robots.txt HTTP/1.1" 200 100 "-" "Mozilla/5.0 (Macintosh; Intel Mac OS X 10_15_5) AppleWebKit/605.1.15 (KHTML, like Gecko) Version/13.1.1 Safari/605.1.15 (Applebot/0.1; +http://www.apple.com/go/applebot)"
17.58.103.231 - - [27/Feb/2021:01:49:06 +0100] "GET /buecher/gesichter.jpg HTTP/1.1" 200 7271 "-" "Mozilla/5.0 (Macintosh; Intel Mac OS X 10_15_5) AppleWebKit/605.1.15 (KHTML, like Gecko) Version/13.1.1 Safari/605.1.15 (Applebot/0.1; +http://www.apple.com/go/applebot)"
62.138.2.214 - - [27/Feb/2021:02:07:35 +0100] "GET /sonderthemen/oekt_extra1.pdf HTTP/1.1" 200 1849015 "-" "Mozilla/5.0 (X11; Linux x86_64; rv:81.0) Gecko/20100101 Firefox/81.0"
95.216.96.254 - - [27/Feb/2021:02:14:31 +0100] "GET /robots.txt HTTP/1.1" 200 100 "-" "Mozilla/5.0 (compatible; SEOkicks; +https://www.seokicks.de/robot.html)"
95.216.96.254 - - [27/Feb/2021:02:14:33 +0100] "GET / HTTP/1.1" 200 9360 "-" "Mozilla/5.0 (compatible; SEOkicks; +https://www.seokicks.de/robot.html)"
95.216.96.254 - - [27/Feb/2021:02:14:35 +0100] "GET /buecher/index.html HTTP/1.1" 200 25885 "http://www.morusverlag.de/" "Mozilla/5.0 (compatible; SEOkicks; +https://www.seokicks.de/robot.html)"
95.216.96.254 - - [27/Feb/2021:02:14:36 +0100] "GET /cds/index.html HTTP/1.1" 200 7987 "http://www.morusverlag.de/" "Mozilla/5.0 (compatible; SEOkicks; +https://www.seokicks.de/robot.html)"
95.216.96.254 - - [27/Feb/2021:02:14:37 +0100] "GET /gotteslob/index.html HTTP/1.1" 200 2770 "http://www.morusverlag.de/" "Mozilla/5.0 (compatible; SEOkicks; +https://www.seokicks.de/robot.html)"
95.216.96.254 - - [27/Feb/2021:02:14:39 +0100] "GET /jahrbuch/index.html HTTP/1.1" 200 3956 "http://www.morusverlag.de/" "Mozilla/5.0 (compatible; SEOkicks; +https://www.seokicks.de/robot.html)"
95.216.96.254 - - [27/Feb/2021:02:14:40 +0100] "GET /sonderthemen/index.html HTTP/1.1" 200 7102 "http://www.morusverlag.de/" "Mozilla/5.0 (compatible; SEOkicks; +https://www.seokicks.de/robot.html)"
95.216.96.254 - - [27/Feb/2021:02:14:41 +0100] "GET /kontakt/index.html HTTP/1.1" 200 2896 "http://www.morusverlag.de/" "Mozilla/5.0 (compatible; SEOkicks; +https://www.seokicks.de/robot.html)"
95.216.96.254 - - [27/Feb/2021:02:14:42 +0100] "GET /impressum.html HTTP/1.1" 200 2808 "http://www.morusverlag.de/" "Mozilla/5.0 (compatible; SEOkicks; +https://www.seokicks.de/robot.html)"
95.216.96.254 - - [27/Feb/2021:02:14:44 +0100] "GET /cds/rosarium.html HTTP/1.1" 200 6680 "http://www.morusverlag.de/" "Mozilla/5.0 (compatible; SEOkicks; +https://www.seokicks.de/robot.html)"
62.138.2.214 - - [27/Feb/2021:02:22:34 +0100] "GET /sonderthemen/az2003_s01.pdf HTTP/1.1" 200 120642 "-" "Mozilla/5.0 (X11; Linux x86_64; rv:81.0) Gecko/20100101 Firefox/81.0"
62.138.2.214 - - [27/Feb/2021:02:32:22 +0100] "GET / HTTP/1.1" 200 9360 "-" "Mozilla/5.0 (X11; Linux x86_64; rv:81.0) Gecko/20100101 Firefox/81.0"
66.249.76.232 - - [27/Feb/2021:02:51:38 +0100] "GET /buecher/gesichter/02.jpg HTTP/1.1" 200 9266 "-" "Googlebot-Image/1.0"
62.138.2.214 - - [27/Feb/2021:02:52:16 +0100] "GET /sonderthemen/sk2004_s01.pdf HTTP/1.1" 200 162742 "-" "Mozilla/5.0 (X11; Linux x86_64; rv:81.0) Gecko/20100101 Firefox/81.0"
17.58.103.231 - - [27/Feb/2021:02:52:43 +0100] "GET /cds/rosarium_k.jpg HTTP/1.1" 200 3972 "-" "Mozilla/5.0 (Macintosh; Intel Mac OS X 10_15_5) AppleWebKit/605.1.15 (KHTML, like Gecko) Version/13.1.1 Safari/605.1.15 (Applebot/0.1; +http://www.apple.com/go/applebot)"
62.138.2.214 - - [27/Feb/2021:02:55:37 +0100] "GET /sonderthemen/az2003.pdf HTTP/1.1" 200 4864675 "-" "Mozilla/5.0 (X11; Linux x86_64; rv:81.0) Gecko/20100101 Firefox/81.0"
62.138.2.214 - - [27/Feb/2021:03:06:21 +0100] "GET /sonderthemen/sk2004.pdf HTTP/1.1" 200 1967215 "-" "Mozilla/5.0 (X11; Linux x86_64; rv:81.0) Gecko/20100101 Firefox/81.0"
62.138.2.214 - - [27/Feb/2021:03:14:34 +0100] "GET /sonderthemen/oekz2003.pdf HTTP/1.1" 200 4017017 "-" "Mozilla/5.0 (X11; Linux x86_64; rv:81.0) Gecko/20100101 Firefox/81.0"
50.28.36.117 - - [27/Feb/2021:03:16:28 +0100] "GET /wp-login.php HTTP/1.1" 404 2381 "-" "Mozilla/5.0(Windows NT 6.3; Win64; x64; rv:84.0) Gecko/20100101 Firefox/84.0"
62.138.2.214 - - [27/Feb/2021:03:18:03 +0100] "GET /sonderthemen/archiv.html HTTP/1.1" 200 6959 "-" "Mozilla/5.0 (X11; Linux x86_64; rv:81.0) Gecko/20100101 Firefox/81.0"
95.217.76.237 - - [27/Feb/2021:03:22:36 +0100] "GET / HTTP/1.1" 200 9360 "-" "BacklinkCrawler (http://www.backlinktest.com/crawler.html)"
95.217.76.237 - - [27/Feb/2021:03:22:36 +0100] "GET /robots.txt HTTP/1.1" 200 100 "-" "BacklinkCrawler (http://www.backlinktest.com/crawler.html)"
95.217.76.237 - - [27/Feb/2021:03:22:39 +0100] "GET /buecher/veroeffentlichungsliste.html HTTP/1.1" 200 129779 "-" "BacklinkCrawler (http://www.backlinktest.com/crawler.html)"
95.217.76.237 - - [27/Feb/2021:03:22:42 +0100] "GET /index.html HTTP/1.1" 200 9360 "-" "BacklinkCrawler (http://www.backlinktest.com/crawler.html)"
95.217.76.237 - - [27/Feb/2021:03:22:45 +0100] "GET /buecher/rezensionen_chateaubriand.html HTTP/1.1" 200 47317 "-" "BacklinkCrawler (http://www.backlinktest.com/crawler.html)"
95.217.76.237 - - [27/Feb/2021:03:22:48 +0100] "GET /buecher/rezensionen.html HTTP/1.1" 200 6964 "-" "BacklinkCrawler (http://www.backlinktest.com/crawler.html)"
95.217.76.237 - - [27/Feb/2021:03:22:50 +0100] "GET /buecher/rezensionen_ungeteilt.html HTTP/1.1" 200 9764 "-" "BacklinkCrawler (http://www.backlinktest.com/crawler.html)"
95.217.76.237 - - [27/Feb/2021:03:22:53 +0100] "GET /buecher/rezensionen_preysing.html HTTP/1.1" 200 9502 "-" "BacklinkCrawler (http://www.backlinktest.com/crawler.html)"
95.217.76.237 - - [27/Feb/2021:03:22:56 +0100] "GET /buecher/rezensionen_leiblichkeit_und_zeitlichkeit.html HTTP/1.1" 200 8821 "-" "BacklinkCrawler (http://www.backlinktest.com/crawler.html)"
95.217.76.237 - - [27/Feb/2021:03:22:58 +0100] "GET /buecher/rezensionen_nicht_auf_sand_gebaut.html HTTP/1.1" 200 6594 "-" "BacklinkCrawler (http://www.backlinktest.com/crawler.html)"
95.217.76.237 - - [27/Feb/2021:03:23:01 +0100] "GET /buecher/rezensionen_le_saulchoir.html HTTP/1.1" 200 34009 "-" "BacklinkCrawler (http://www.backlinktest.com/crawler.html)"
95.217.76.237 - - [27/Feb/2021:03:23:05 +0100] "GET /buecher/rezensionen_krise_zum_heil.html HTTP/1.1" 200 9828 "-" "BacklinkCrawler (http://www.backlinktest.com/crawler.html)"
95.217.76.237 - - [27/Feb/2021:03:23:07 +0100] "GET /buecher/rezensionen_ignatius.html HTTP/1.1" 200 8182 "-" "BacklinkCrawler (http://www.backlinktest.com/crawler.html)"
95.217.76.237 - - [27/Feb/2021:03:23:10 +0100] "GET /buecher/rezensionen_engel.html HTTP/1.1" 200 6598 "-" "BacklinkCrawler (http://www.backlinktest.com/crawler.html)"
95.217.76.237 - - [27/Feb/2021:03:23:12 +0100] "GET /buecher/rezensionen_psalmen.html HTTP/1.1" 200 6787 "-" "BacklinkCrawler (http://www.backlinktest.com/crawler.html)"
95.217.76.237 - - [27/Feb/2021:03:23:15 +0100] "GET /cds/hymnos_akathistos.html HTTP/1.1" 200 11061 "-" "BacklinkCrawler (http://www.backlinktest.com/crawler.html)"
95.217.76.237 - - [27/Feb/2021:03:23:18 +0100] "GET /cds/ignatius.html HTTP/1.1" 200 6576 "-" "BacklinkCrawler (http://www.backlinktest.com/crawler.html)"
95.217.76.237 - - [27/Feb/2021:03:23:20 +0100] "GET /cds/rosarium.html HTTP/1.1" 200 6680 "-" "BacklinkCrawler (http://www.backlinktest.com/crawler.html)"
95.217.76.237 - - [27/Feb/2021:03:23:22 +0100] "GET /impressum.html HTTP/1.1" 200 2808 "-" "BacklinkCrawler (http://www.backlinktest.com/crawler.html)"
95.217.76.237 - - [27/Feb/2021:03:23:26 +0100] "GET /kontakt/index.html HTTP/1.1" 200 2896 "-" "BacklinkCrawler (http://www.backlinktest.com/crawler.html)"
95.217.76.237 - - [27/Feb/2021:03:23:29 +0100] "GET /sonderthemen/index.html HTTP/1.1" 200 7102 "-" "BacklinkCrawler (http://www.backlinktest.com/crawler.html)"
95.217.76.237 - - [27/Feb/2021:03:23:32 +0100] "GET /sonderthemen/presse.html HTTP/1.1" 200 5772 "-" "BacklinkCrawler (http://www.backlinktest.com/crawler.html)"
95.217.76.237 - - [27/Feb/2021:03:23:35 +0100] "GET /sonderthemen/archiv.html HTTP/1.1" 200 6959 "-" "BacklinkCrawler (http://www.backlinktest.com/crawler.html)"
95.217.76.237 - - [27/Feb/2021:03:23:39 +0100] "GET /jahrbuch/index.html HTTP/1.1" 200 3956 "-" "BacklinkCrawler (http://www.backlinktest.com/crawler.html)"
95.217.76.237 - - [27/Feb/2021:03:23:42 +0100] "GET /jahrbuch/bestellung.php HTTP/1.1" 200 10316 "-" "BacklinkCrawler (http://www.backlinktest.com/crawler.html)"
95.217.76.237 - - [27/Feb/2021:03:23:44 +0100] "GET /jahrbuch/titelseiten/index.html HTTP/1.1" 200 6735 "-" "BacklinkCrawler (http://www.backlinktest.com/crawler.html)"
95.217.76.237 - - [27/Feb/2021:03:23:47 +0100] "GET /gotteslob/index.html HTTP/1.1" 200 2770 "-" "BacklinkCrawler (http://www.backlinktest.com/crawler.html)"
95.217.76.237 - - [27/Feb/2021:03:23:51 +0100] "GET /cds/index.html HTTP/1.1" 200 7987 "-" "BacklinkCrawler (http://www.backlinktest.com/crawler.html)"
95.217.76.237 - - [27/Feb/2021:03:23:53 +0100] "GET /cds/astazi.html HTTP/1.1" 200 8453 "-" "BacklinkCrawler (http://www.backlinktest.com/crawler.html)"
95.217.76.237 - - [27/Feb/2021:03:23:55 +0100] "GET /cds/lumina.html HTTP/1.1" 200 9000 "-" "BacklinkCrawler (http://www.backlinktest.com/crawler.html)"
95.217.76.237 - - [27/Feb/2021:03:23:58 +0100] "GET /cds/glockenspiel2.html HTTP/1.1" 200 9831 "-" "BacklinkCrawler (http://www.backlinktest.com/crawler.html)"
95.217.76.237 - - [27/Feb/2021:03:24:00 +0100] "GET /cds/glockenspiel1.html HTTP/1.1" 200 9736 "-" "BacklinkCrawler (http://www.backlinktest.com/crawler.html)"
95.217.76.237 - - [27/Feb/2021:03:24:02 +0100] "GET /buecher/index.html HTTP/1.1" 200 25885 "-" "BacklinkCrawler (http://www.backlinktest.com/crawler.html)"
95.217.76.237 - - [27/Feb/2021:03:24:05 +0100] "GET /buecher/diskussion.html HTTP/1.1" 200 9925 "-" "BacklinkCrawler (http://www.backlinktest.com/crawler.html)"
95.217.76.237 - - [27/Feb/2021:03:24:08 +0100] "GET /buecher/bestellung.php HTTP/1.1" 200 10142 "-" "BacklinkCrawler (http://www.backlinktest.com/crawler.html)"
140.203.12.5 - - [27/Feb/2021:03:24:57 +0100] "HEAD / HTTP/1.1" 200 - "-" "Java/1.6.0_23"
178.63.51.106 - - [27/Feb/2021:03:28:29 +0100] "GET /buecher/ HTTP/1.1" 200 25885 "-" "Mozilla/5.0 (Windows NT 10.0; WOW64) AppleWebKit/537.36 (KHTML, like Gecko) Chrome/86.0.4240.198 Safari/537.36"
178.63.51.106 - - [27/Feb/2021:03:28:29 +0100] "GET /buecher/index.html HTTP/1.1" 200 25885 "-" "Mozilla/5.0 (Macintosh; Intel Mac OS X 10_15_4) AppleWebKit/605.1.15 (KHTML, like Gecko) Version/13.1 Safari/605.1.15"
62.138.2.214 - - [27/Feb/2021:03:30:07 +0100] "GET /sonderthemen/oekt_extra2.pdf HTTP/1.1" 200 1939949 "-" "Mozilla/5.0 (X11; Linux x86_64; rv:81.0) Gecko/20100101 Firefox/81.0"
62.138.2.214 - - [27/Feb/2021:03:35:59 +0100] "GET /buecher/rezensionen_ignatius.html HTTP/1.1" 200 8182 "-" "Mozilla/5.0 (X11; Linux x86_64; rv:81.0) Gecko/20100101 Firefox/81.0"
62.138.2.214 - - [27/Feb/2021:03:40:52 +0100] "GET /sonderthemen/az1999.pdf HTTP/1.1" 200 1842982 "-" "Mozilla/5.0 (X11; Linux x86_64; rv:81.0) Gecko/20100101 Firefox/81.0"
62.138.2.214 - - [27/Feb/2021:03:52:42 +0100] "GET /sonderthemen/sk2002.pdf HTTP/1.1" 200 2628923 "-" "Mozilla/5.0 (X11; Linux x86_64; rv:81.0) Gecko/20100101 Firefox/81.0"
62.138.2.214 - - [27/Feb/2021:04:04:29 +0100] "GET /sonderthemen/az2000.pdf HTTP/1.1" 200 2253581 "-" "Mozilla/5.0 (X11; Linux x86_64; rv:81.0) Gecko/20100101 Firefox/81.0"
62.138.2.214 - - [27/Feb/2021:04:19:44 +0100] "GET /sonderthemen/sk2000.pdf HTTP/1.1" 200 2925489 "-" "Mozilla/5.0 (X11; Linux x86_64; rv:81.0) Gecko/20100101 Firefox/81.0"
62.138.2.214 - - [27/Feb/2021:04:27:34 +0100] "GET /sonderthemen/oeaz2001.pdf HTTP/1.1" 200 4496626 "-" "Mozilla/5.0 (X11; Linux x86_64; rv:81.0) Gecko/20100101 Firefox/81.0"
62.138.2.214 - - [27/Feb/2021:04:32:18 +0100] "GET /sonderthemen/oeaz2002.pdf HTTP/1.1" 200 3161455 "-" "Mozilla/5.0 (X11; Linux x86_64; rv:81.0) Gecko/20100101 Firefox/81.0"
62.138.2.214 - - [27/Feb/2021:04:37:10 +0100] "GET /sonderthemen/sk2001.pdf HTTP/1.1" 200 3098589 "-" "Mozilla/5.0 (X11; Linux x86_64; rv:81.0) Gecko/20100101 Firefox/81.0"
193.124.188.188 - - [27/Feb/2021:05:34:54 +0100] "HEAD / HTTP/1.1" 200 - "https://window-10.ru/" "Mozilla/7.0 (compatible; MSIE3.00; Windows 2007)"
193.124.188.83 - - [27/Feb/2021:05:34:54 +0100] "HEAD / HTTP/1.1" 200 - "https://veb-whatsapp.ru/" "Mozilla/3.0 (compatible; MSIE2.00; Windows 2006)"
194.67.210.77 - - [27/Feb/2021:05:34:54 +0100] "HEAD / HTTP/1.1" 200 - "https://spektr-clinic.ru/" "Mozilla/7.0 (compatible; MSIE4.00; Windows 2007)"
194.67.207.9 - - [27/Feb/2021:05:34:54 +0100] "HEAD / HTTP/1.1" 200 - "https://toir-m.ru/product/yashchiki-dlya-peska-vetoshi-protivogololyednykh-reagentov/" "Mozilla/8.0 (compatible; MSIE6.00; Windows 2002)"
185.125.219.13 - - [27/Feb/2021:05:34:55 +0100] "HEAD / HTTP/1.1" 200 - "https://marka-development.com/expertise/" "Mozilla/7.0 (compatible; MSIE6.00; Windows 2004)"
185.224.132.45 - - [27/Feb/2021:05:34:58 +0100] "HEAD / HTTP/1.1" 200 - "https://xn------cddcgbdkcccbzjcbcebg0a6diedb2em2a6a2m5a.xn--p1ai" "Mozilla/3.0 (compatible; MSIE5.00; Windows 2002)"
45.132.107.248 - - [27/Feb/2021:05:34:58 +0100] "HEAD / HTTP/1.1" 200 - "https://russtaxi.ru/taksi-simferopol-morskoe" "Mozilla/6.0 (compatible; MSIE2.00; Windows 2008)"
212.86.109.31 - - [27/Feb/2021:05:34:59 +0100] "HEAD / HTTP/1.1" 200 - "https://www.europe-dyson.ru/hair-driers" "Mozilla/3.0 (compatible; MSIE4.00; Windows 2005)"
185.241.52.68 - - [27/Feb/2021:05:34:59 +0100] "HEAD / HTTP/1.1" 200 - "http://metropolbank.ru/private/exchange" "Mozilla/2.0 (compatible; MSIE2.00; Windows 2002)"
77.220.215.153 - - [27/Feb/2021:05:35:01 +0100] "HEAD / HTTP/1.1" 200 - "https://drugpovar.ru/category/vypechka/" "Mozilla/3.0 (compatible; MSIE6.00; Windows 2003)"
185.209.20.147 - - [27/Feb/2021:05:35:01 +0100] "HEAD / HTTP/1.1" 200 - "https://avto-lady.com/alkotestery" "Mozilla/7.0 (compatible; MSIE6.00; Windows 2007)"
185.203.240.129 - - [27/Feb/2021:05:35:01 +0100] "HEAD / HTTP/1.1" 200 - "https://dronnews.ru/reytingi" "Mozilla/4.0 (compatible; MSIE6.00; Windows 2008)"
85.209.89.224 - - [27/Feb/2021:05:35:15 +0100] "HEAD / HTTP/1.1" 200 - "https://shop-dyson.ru/airwrap-styler" "Mozilla/7.0 (compatible; MSIE5.00; Windows 2009)"
85.209.89.217 - - [27/Feb/2021:05:35:16 +0100] "HEAD / HTTP/1.1" 200 - "https://www.santechshara.com.ua/" "Mozilla/8.0 (compatible; MSIE4.00; Windows 2003)"
85.209.89.205 - - [27/Feb/2021:05:35:16 +0100] "HEAD / HTTP/1.1" 200 - "https://vseprobrak.ru" "Mozilla/5.0 (compatible; MSIE6.00; Windows 2009)"
85.209.89.241 - - [27/Feb/2021:05:35:17 +0100] "HEAD / HTTP/1.1" 200 - "https://igla.media/narugnaja-reklama/bukvy-svetovye/" "Mozilla/6.0 (compatible; MSIE4.00; Windows 2007)"
85.209.89.216 - - [27/Feb/2021:05:35:17 +0100] "HEAD / HTTP/1.1" 200 - "https://textodrom.net/dom/784-kak-otstirat-ruchku-s-odezhdy.html" "Mozilla/6.0 (compatible; MSIE4.00; Windows 2002)"
168.119.69.91 - - [27/Feb/2021:05:37:44 +0100] "GET /sonderthemen/oekt_extra3.pdf HTTP/1.1" 200 2109745 "-" "Mozilla/5.0 (Macintosh; Intel Mac OS X 11_0_1) AppleWebKit/537.36 (KHTML, like Gecko) Chrome/87.0.4280.67 Safari/537.36"
193.124.190.18 - - [27/Feb/2021:05:39:38 +0100] "HEAD / HTTP/1.1" 200 - "https://voltik.kz/" "Mozilla/2.0 (compatible; MSIE5.00; Windows 2002)"
194.67.207.94 - - [27/Feb/2021:05:41:32 +0100] "HEAD / HTTP/1.1" 200 - "https://zakon-i.ru/" "Mozilla/5.0 (compatible; MSIE6.00; Windows 2004)"
185.5.249.185 - - [27/Feb/2021:05:43:50 +0100] "HEAD / HTTP/1.1" 200 - "https://nissan-auto.in/" "Mozilla/2.0 (compatible; MSIE7.00; Windows 2004)"
95.216.96.254 - - [27/Feb/2021:06:20:14 +0100] "GET /cds/ignatius.html HTTP/1.1" 200 6576 "http://www.morusverlag.de/" "Mozilla/5.0 (compatible; SEOkicks; +https://www.seokicks.de/robot.html)"
95.216.96.254 - - [27/Feb/2021:06:20:20 +0100] "GET /cds/hymnos_akathistos.html HTTP/1.1" 200 11061 "http://www.morusverlag.de/" "Mozilla/5.0 (compatible; SEOkicks; +https://www.seokicks.de/robot.html)"
95.216.96.254 - - [27/Feb/2021:06:20:21 +0100] "GET /buecher/rezensionen_chateaubriand.html HTTP/1.1" 200 47317 "http://www.morusverlag.de/" "Mozilla/5.0 (compatible; SEOkicks; +https://www.seokicks.de/robot.html)"
95.216.96.254 - - [27/Feb/2021:06:20:23 +0100] "GET /buecher/veroeffentlichungsliste.html HTTP/1.1" 200 129779 "http://www.morusverlag.de/" "Mozilla/5.0 (compatible; SEOkicks; +https://www.seokicks.de/robot.html)"
95.216.96.254 - - [27/Feb/2021:06:20:28 +0100] "GET /index.html HTTP/1.1" 200 9360 "http://www.morusverlag.de/buecher/index.html" "Mozilla/5.0 (compatible; SEOkicks; +https://www.seokicks.de/robot.html)"
95.216.96.254 - - [27/Feb/2021:06:20:30 +0100] "GET /buecher/bestellung.php HTTP/1.1" 200 10142 "http://www.morusverlag.de/buecher/index.html" "Mozilla/5.0 (compatible; SEOkicks; +https://www.seokicks.de/robot.html)"
95.216.96.254 - - [27/Feb/2021:06:20:33 +0100] "GET /buecher/rezensionen_psalmen.html HTTP/1.1" 200 6787 "http://www.morusverlag.de/buecher/index.html" "Mozilla/5.0 (compatible; SEOkicks; +https://www.seokicks.de/robot.html)"
95.216.96.254 - - [27/Feb/2021:06:20:35 +0100] "GET /buecher/rezensionen_engel.html HTTP/1.1" 200 6598 "http://www.morusverlag.de/buecher/index.html" "Mozilla/5.0 (compatible; SEOkicks; +https://www.seokicks.de/robot.html)"
95.216.96.254 - - [27/Feb/2021:06:20:37 +0100] "GET /buecher/diskussion.html HTTP/1.1" 200 9925 "http://www.morusverlag.de/buecher/index.html" "Mozilla/5.0 (compatible; SEOkicks; +https://www.seokicks.de/robot.html)"
95.216.96.254 - - [27/Feb/2021:06:20:40 +0100] "GET /buecher/rezensionen_le_saulchoir.html HTTP/1.1" 200 34009 "http://www.morusverlag.de/buecher/index.html" "Mozilla/5.0 (compatible; SEOkicks; +https://www.seokicks.de/robot.html)"
95.216.96.254 - - [27/Feb/2021:06:20:46 +0100] "GET /buecher/rezensionen_krise_zum_heil.html HTTP/1.1" 200 9828 "http://www.morusverlag.de/buecher/index.html" "Mozilla/5.0 (compatible; SEOkicks; +https://www.seokicks.de/robot.html)"
54.36.148.162 - - [27/Feb/2021:07:20:38 +0100] "GET /robots.txt HTTP/1.1" 200 100 "-" "Mozilla/5.0 (compatible; AhrefsBot/6.1; +http://ahrefs.com/robot/)"
78.46.90.120 - - [27/Feb/2021:08:51:57 +0100] "GET /sonderthemen/oekz2003.pdf HTTP/1.1" 200 4017017 "-" "Mozilla/5.0 (Windows NT 10.0; Win64; x64; rv:82.0) Gecko/20100101 Firefox/82.0"
88.198.90.9 - - [27/Feb/2021:08:52:11 +0100] "GET /sonderthemen/oekz2003.pdf HTTP/1.1" 200 4017017 "-" "Mozilla/5.0 (Windows NT 10.0; Win64; x64) AppleWebKit/537.36 (KHTML, like Gecko) Chrome/86.0.4240.198 Safari/537.36 OPR/72.0.3815.400"
17.58.103.231 - - [27/Feb/2021:08:53:16 +0100] "GET /gotteslob.jpg HTTP/1.1" 200 9390 "-" "Mozilla/5.0 (Macintosh; Intel Mac OS X 10_15_5) AppleWebKit/605.1.15 (KHTML, like Gecko) Version/13.1.1 Safari/605.1.15 (Applebot/0.1; +http://www.apple.com/go/applebot)"
46.4.83.150 - - [27/Feb/2021:09:14:50 +0100] "GET /sonderthemen/sk2002.pdf HTTP/1.1" 200 2628923 "-" "Mozilla/5.0 (X11; Ubuntu; Linux x86_64; rv:77.0) Gecko/20100101 Firefox/77.0"
88.198.90.9 - - [27/Feb/2021:09:20:44 +0100] "GET /sonderthemen/oekt_extra3.pdf HTTP/1.1" 200 2109745 "-" "Mozilla/5.0 (X11; Ubuntu; Linux x86_64; rv:82.0) Gecko/20100101 Firefox/82.0"
88.198.43.207 - - [27/Feb/2021:09:46:06 +0100] "GET /sonderthemen/oekt_extra2.pdf HTTP/1.1" 200 1939949 "-" "Mozilla/5.0 (Windows NT 10.0; Win64; x64; rv:82.0) Gecko/20100101 Firefox/82.0"
13.66.139.37 - - [27/Feb/2021:09:50:14 +0100] "GET /buecher/gesichter/19.jpg HTTP/1.1" 200 8281 "-" "Mozilla/5.0 (compatible; bingbot/2.0; +http://www.bing.com/bingbot.htm)"
13.66.139.144 - - [27/Feb/2021:10:21:21 +0100] "GET /buecher/le_saulchoir.jpg HTTP/1.1" 200 2734 "-" "Mozilla/5.0 (compatible; bingbot/2.0; +http://www.bing.com/bingbot.htm)"
46.185.117.92 - - [27/Feb/2021:10:30:06 +0100] "GET / HTTP/1.1" 200 9360 "https://gigienadez.ru/" "Mozilla/4.61 [en] (X11; U; ) - BrowseX (2.0.0 Windows)"
46.185.117.92 - - [27/Feb/2021:10:30:06 +0100] "GET / HTTP/1.1" 200 9360 "https://gigienadez.ru/" "Mozilla/4.61 [en] (X11; U; ) - BrowseX (2.0.0 Windows)"
46.185.117.92 - - [27/Feb/2021:10:30:07 +0100] "GET / HTTP/1.1" 200 9360 "https://gigienadez.ru/" "Mozilla/4.61 [en] (X11; U; ) - BrowseX (2.0.0 Windows)"
13.66.139.6 - - [27/Feb/2021:10:31:35 +0100] "GET /buecher/gesichter/14.jpg HTTP/1.1" 200 7847 "-" "Mozilla/5.0 (compatible; bingbot/2.0; +http://www.bing.com/bingbot.htm)"
13.66.139.144 - - [27/Feb/2021:11:05:16 +0100] "GET /buecher/gesichter/27.jpg HTTP/1.1" 200 8110 "-" "Mozilla/5.0 (compatible; bingbot/2.0; +http://www.bing.com/bingbot.htm)"
168.119.11.187 - - [27/Feb/2021:11:16:14 +0100] "GET /sonderthemen/sk2000.pdf HTTP/1.1" 200 2925489 "-" "Mozilla/5.0 (Macintosh; Intel Mac OS X 10_15_6) AppleWebKit/537.36 (KHTML, like Gecko) Chrome/87.0.4280.88 Safari/537.36"
13.66.139.144 - - [27/Feb/2021:11:16:16 +0100] "GET /buecher/gesichter/15.jpg HTTP/1.1" 200 7253 "-" "Mozilla/5.0 (compatible; bingbot/2.0; +http://www.bing.com/bingbot.htm)"
17.58.103.231 - - [27/Feb/2021:11:26:10 +0100] "GET / HTTP/1.1" 200 9360 "-" "Mozilla/5.0 (Macintosh; Intel Mac OS X 10_15_5) AppleWebKit/605.1.15 (KHTML, like Gecko) Version/13.1.1 Safari/605.1.15 (Applebot/0.1; +http://www.apple.com/go/applebot)"
157.55.39.114 - - [27/Feb/2021:11:33:26 +0100] "GET /robots.txt HTTP/1.1" 200 100 "-" "Mozilla/5.0 (compatible; bingbot/2.0; +http://www.bing.com/bingbot.htm)"
157.55.39.82 - - [27/Feb/2021:11:33:36 +0100] "GET /main.css HTTP/1.1" 200 1439 "-" "Mozilla/5.0 (compatible; bingbot/2.0; +http://www.bing.com/bingbot.htm)"
144.76.162.206 - - [27/Feb/2021:11:47:34 +0100] "GET /sonderthemen/az1999.pdf HTTP/1.1" 200 1842982 "-" "Mozilla/5.0 (Windows NT 10.0; Win64; x64) AppleWebKit/537.36 (KHTML, like Gecko) Chrome/87.0.4280.101 Safari/537.36"
168.119.11.187 - - [27/Feb/2021:11:47:48 +0100] "GET /sonderthemen/az1999.pdf HTTP/1.1" 200 1842982 "-" "Mozilla/5.0 (Windows NT 10.0; Win64; x64) AppleWebKit/537.36 (KHTML, like Gecko) Chrome/86.0.4240.183 Safari/537.36"
95.216.96.254 - - [27/Feb/2021:12:01:22 +0100] "GET /buecher/rezensionen_nicht_auf_sand_gebaut.html HTTP/1.1" 200 6594 "http://www.morusverlag.de/buecher/index.html" "Mozilla/5.0 (compatible; SEOkicks; +https://www.seokicks.de/robot.html)"
95.216.96.254 - - [27/Feb/2021:12:01:23 +0100] "GET /buecher/rezensionen_leiblichkeit_und_zeitlichkeit.html HTTP/1.1" 200 8821 "http://www.morusverlag.de/buecher/index.html" "Mozilla/5.0 (compatible; SEOkicks; +https://www.seokicks.de/robot.html)"
95.216.96.254 - - [27/Feb/2021:12:01:25 +0100] "GET /buecher/rezensionen_preysing.html HTTP/1.1" 200 9502 "http://www.morusverlag.de/buecher/index.html" "Mozilla/5.0 (compatible; SEOkicks; +https://www.seokicks.de/robot.html)"
95.216.96.254 - - [27/Feb/2021:12:01:27 +0100] "GET /cds/glockenspiel1.html HTTP/1.1" 200 9736 "http://www.morusverlag.de/cds/index.html" "Mozilla/5.0 (compatible; SEOkicks; +https://www.seokicks.de/robot.html)"
95.216.96.254 - - [27/Feb/2021:12:01:29 +0100] "GET /cds/glockenspiel2.html HTTP/1.1" 200 9831 "http://www.morusverlag.de/cds/index.html" "Mozilla/5.0 (compatible; SEOkicks; +https://www.seokicks.de/robot.html)"
95.216.96.254 - - [27/Feb/2021:12:01:34 +0100] "GET /cds/lumina.html HTTP/1.1" 200 9000 "http://www.morusverlag.de/cds/index.html" "Mozilla/5.0 (compatible; SEOkicks; +https://www.seokicks.de/robot.html)"
95.216.96.254 - - [27/Feb/2021:12:01:39 +0100] "GET /cds/astazi.html HTTP/1.1" 200 8453 "http://www.morusverlag.de/cds/index.html" "Mozilla/5.0 (compatible; SEOkicks; +https://www.seokicks.de/robot.html)"
95.216.96.254 - - [27/Feb/2021:12:01:40 +0100] "GET /jahrbuch/titelseiten/index.html HTTP/1.1" 200 6735 "http://www.morusverlag.de/jahrbuch/index.html" "Mozilla/5.0 (compatible; SEOkicks; +https://www.seokicks.de/robot.html)"
95.216.96.254 - - [27/Feb/2021:12:01:42 +0100] "GET /jahrbuch/bestellung.php HTTP/1.1" 200 10316 "http://www.morusverlag.de/jahrbuch/index.html" "Mozilla/5.0 (compatible; SEOkicks; +https://www.seokicks.de/robot.html)"
95.216.96.254 - - [27/Feb/2021:12:01:44 +0100] "GET /sonderthemen/archiv.html HTTP/1.1" 200 6959 "http://www.morusverlag.de/sonderthemen/index.html" "Mozilla/5.0 (compatible; SEOkicks; +https://www.seokicks.de/robot.html)"
95.216.96.254 - - [27/Feb/2021:12:01:45 +0100] "GET /sonderthemen/presse.html HTTP/1.1" 200 5772 "http://www.morusverlag.de/sonderthemen/index.html" "Mozilla/5.0 (compatible; SEOkicks; +https://www.seokicks.de/robot.html)"
40.77.189.91 - - [27/Feb/2021:12:04:45 +0100] "GET /main.css HTTP/1.1" 200 1439 "http://www.morusverlag.de/buecher/veroeffentlichungsliste.html" "Mozilla/5.0 (Windows NT 6.1; WOW64) AppleWebKit/534+ (KHTML, like Gecko) BingPreview/1.0b"
17.58.103.231 - - [27/Feb/2021:12:58:54 +0100] "GET /buecher/chateaubriand.jpg HTTP/1.1" 200 2272 "-" "Mozilla/5.0 (Macintosh; Intel Mac OS X 10_15_5) AppleWebKit/605.1.15 (KHTML, like Gecko) Version/13.1.1 Safari/605.1.15 (Applebot/0.1; +http://www.apple.com/go/applebot)"
193.124.191.92 - - [27/Feb/2021:13:40:40 +0100] "HEAD / HTTP/1.1" 200 - "https://h2h.am/services" "Mozilla/7.0 (compatible; MSIE2.00; Windows 2008)"
13.66.139.144 - - [27/Feb/2021:14:00:55 +0100] "GET /sonderthemen/sk2002.pdf HTTP/1.1" 200 2628923 "-" "Mozilla/5.0 (compatible; bingbot/2.0; +http://www.bing.com/bingbot.htm)"
13.66.139.37 - - [27/Feb/2021:14:07:51 +0100] "GET /buecher/rezensionen.html HTTP/1.1" 200 6964 "-" "Mozilla/5.0 (compatible; bingbot/2.0; +http://www.bing.com/bingbot.htm)"
88.198.36.62 - - [27/Feb/2021:14:08:32 +0100] "GET /sonderthemen/sk2002.pdf HTTP/1.1" 200 2628923 "-" "Mozilla/5.0 (Windows NT 6.1; Win64; x64) AppleWebKit/537.36 (KHTML, like Gecko) Chrome/86.0.4240.198 Safari/537.36"
168.119.69.91 - - [27/Feb/2021:14:22:51 +0100] "GET /buecher/ HTTP/1.1" 200 25885 "-" "Mozilla/5.0 (X11; Linux x86_64) AppleWebKit/537.36 (KHTML, like Gecko) Chrome/87.0.4280.66 Safari/537.36"
17.58.103.231 - - [27/Feb/2021:15:12:21 +0100] "GET /buecher/schenuit.jpg HTTP/1.1" 200 2024 "-" "Mozilla/5.0 (Macintosh; Intel Mac OS X 10_15_5) AppleWebKit/605.1.15 (KHTML, like Gecko) Version/13.1.1 Safari/605.1.15 (Applebot/0.1; +http://www.apple.com/go/applebot)"
13.66.139.145 - - [27/Feb/2021:15:52:14 +0100] "GET /buecher/gesichter/11.jpg HTTP/1.1" 200 6175 "-" "Mozilla/5.0 (compatible; bingbot/2.0; +http://www.bing.com/bingbot.htm)"
82.207.239.154 - - [27/Feb/2021:16:43:17 +0100] "GET /favicon.ico HTTP/1.1" 200 4286 "http://www.morusverlag.de/sonderthemen/sk2001.pdf" "Mozilla/5.0 (Windows NT 6.1; Win64; x64; rv:86.0) Gecko/20100101 Firefox/86.0"
82.207.239.154 - - [27/Feb/2021:16:43:17 +0100] "GET /sonderthemen/sk2001.pdf HTTP/1.1" 206 18397 "https://www.google.com/" "Mozilla/5.0 (Windows NT 6.1; Win64; x64; rv:86.0) Gecko/20100101 Firefox/86.0"
82.207.239.154 - - [27/Feb/2021:16:43:17 +0100] "GET /sonderthemen/sk2001.pdf HTTP/1.1" 206 65536 "https://www.google.com/" "Mozilla/5.0 (Windows NT 6.1; Win64; x64; rv:86.0) Gecko/20100101 Firefox/86.0"
82.207.239.154 - - [27/Feb/2021:16:43:17 +0100] "GET /sonderthemen/sk2001.pdf HTTP/1.1" 206 65536 "https://www.google.com/" "Mozilla/5.0 (Windows NT 6.1; Win64; x64; rv:86.0) Gecko/20100101 Firefox/86.0"
82.207.239.154 - - [27/Feb/2021:16:43:17 +0100] "GET /sonderthemen/sk2001.pdf HTTP/1.1" 200 3098589 "https://www.google.com/" "Mozilla/5.0 (Windows NT 6.1; Win64; x64; rv:86.0) Gecko/20100101 Firefox/86.0"
82.207.239.154 - - [27/Feb/2021:16:53:38 +0100] "GET /favicon.ico HTTP/1.1" 200 4286 "http://www.morusverlag.de/sonderthemen/sk2001.pdf" "Mozilla/5.0 (Windows NT 6.1; Win64; x64; rv:86.0) Gecko/20100101 Firefox/86.0"
66.249.76.234 - - [27/Feb/2021:16:55:47 +0100] "GET /buecher/rezension_gesichter_u_geschichten.pdf HTTP/1.1" 304 - "-" "Mozilla/5.0 (compatible; Googlebot/2.1; +http://www.google.com/bot.html)"
66.249.76.232 - - [27/Feb/2021:17:25:47 +0100] "GET /robots.txt HTTP/1.1" 200 100 "-" "Mozilla/5.0 (compatible; Googlebot/2.1; +http://www.google.com/bot.html)"
66.249.76.236 - - [27/Feb/2021:17:25:47 +0100] "GET /index.html HTTP/1.1" 200 9360 "-" "Mozilla/5.0 (Linux; Android 6.0.1; Nexus 5X Build/MMB29P) AppleWebKit/537.36 (KHTML, like Gecko) Chrome/88.0.4324.188 Mobile Safari/537.36 (compatible; Googlebot/2.1; +http://www.google.com/bot.html)"
95.216.96.254 - - [27/Feb/2021:17:40:01 +0100] "GET /buecher/rezensionen_ignatius.html HTTP/1.1" 200 8182 "http://www.morusverlag.de/cds/ignatius.html" "Mozilla/5.0 (compatible; SEOkicks; +https://www.seokicks.de/robot.html)"
95.216.96.254 - - [27/Feb/2021:17:40:03 +0100] "GET /buecher/rezensionen.html HTTP/1.1" 200 6964 "http://www.morusverlag.de/buecher/rezensionen_chateaubriand.html" "Mozilla/5.0 (compatible; SEOkicks; +https://www.seokicks.de/robot.html)"
95.216.96.254 - - [27/Feb/2021:17:40:04 +0100] "GET /buecher/rezensionen_ungeteilt.html HTTP/1.1" 200 9764 "http://www.morusverlag.de/buecher/rezensionen.html" "Mozilla/5.0 (compatible; SEOkicks; +https://www.seokicks.de/robot.html)"
82.207.239.154 - - [27/Feb/2021:17:47:17 +0100] "GET /favicon.ico HTTP/1.1" 200 4286 "http://www.morusverlag.de/sonderthemen/sk2001.pdf" "Mozilla/5.0 (Windows NT 6.1; Win64; x64; rv:86.0) Gecko/20100101 Firefox/86.0"
82.207.239.154 - - [27/Feb/2021:17:47:17 +0100] "GET /sonderthemen/sk2001.pdf HTTP/1.1" 206 18397 "-" "Mozilla/5.0 (Windows NT 6.1; Win64; x64; rv:86.0) Gecko/20100101 Firefox/86.0"
82.207.239.154 - - [27/Feb/2021:17:47:17 +0100] "GET /sonderthemen/sk2001.pdf HTTP/1.1" 200 3098589 "-" "Mozilla/5.0 (Windows NT 6.1; Win64; x64; rv:86.0) Gecko/20100101 Firefox/86.0"
185.209.20.147 - - [27/Feb/2021:17:50:18 +0100] "HEAD / HTTP/1.1" 200 - "https://elite-skill.ru/category/%d0%bf%d0%be%d1%80%d1%87%d0%b0-%d0%b8-%d1%81%d0%b3%d0%bb%d0%b0%d0%b7/" "Mozilla/7.0 (compatible; MSIE6.00; Windows 2005)"
88.198.90.9 - - [27/Feb/2021:18:07:50 +0100] "GET /sonderthemen/oekt_extra1.pdf HTTP/1.1" 200 1849015 "-" "Mozilla/5.0 (Macintosh; Intel Mac OS X 10_15_5) AppleWebKit/537.36 (KHTML, like Gecko) Chrome/86.0.4240.198 Safari/537.36"
144.76.162.206 - - [27/Feb/2021:18:07:50 +0100] "GET /sonderthemen/oekt_extra1.pdf HTTP/1.1" 200 1849015 "-" "Mozilla/5.0 (Windows NT 10.0; Win64; x64) AppleWebKit/537.36 (KHTML, like Gecko) Chrome/85.0.4183.121 Safari/537.36"
46.4.83.150 - - [27/Feb/2021:18:09:38 +0100] "GET /sonderthemen/oekt_extra1.pdf HTTP/1.1" 200 1849015 "-" "Mozilla/5.0 (Windows NT 10.0; Win64; x64) AppleWebKit/537.36 (KHTML, like Gecko) Chrome/87.0.4280.66 Safari/537.36 Edg/87.0.664.41"
78.46.90.120 - - [27/Feb/2021:18:23:17 +0100] "GET /sonderthemen/az2000.pdf HTTP/1.1" 200 2253581 "-" "Mozilla/5.0 (Windows NT 6.1; Win64; x64) AppleWebKit/537.36 (KHTML, like Gecko) Chrome/86.0.4240.198 Safari/537.36 OPR/72.0.3815.400"
148.251.50.77 - - [27/Feb/2021:18:24:04 +0100] "GET /sonderthemen/az2000.pdf HTTP/1.1" 200 2253581 "-" "Mozilla/5.0 (Windows NT 10.0; Win64; x64) AppleWebKit/537.36 (KHTML, like Gecko) Chrome/87.0.4280.66 Safari/537.36 Edg/87.0.664.41"
168.119.69.91 - - [27/Feb/2021:18:45:28 +0100] "GET /buecher/index.html HTTP/1.1" 200 25885 "-" "Mozilla/5.0 (Macintosh; Intel Mac OS X 11_0_0) AppleWebKit/537.36 (KHTML, like Gecko) Chrome/86.0.4240.198 Safari/537.36"
168.119.69.91 - - [27/Feb/2021:18:45:28 +0100] "GET /buecher/ HTTP/1.1" 200 25885 "-" "Mozilla/5.0 (X11; Ubuntu; Linux x86_64; rv:82.0) Gecko/20100101 Firefox/82.0"
27.115.124.6 - - [27/Feb/2021:18:48:17 +0100] "GET / HTTP/1.1" 200 9360 "-" "Mozilla/5.0 (Linux; U; Android 8.1.0; zh-CN; EML-AL00 Build/HUAWEIEML-AL00) AppleWebKit/537.36 (KHTML, like Gecko) Version/4.0 Chrome/57.0.2987.108 baidu.sogo.uc.UCBrowser/11.9.4.974 UWS/2.13.1.48 Mobile Safari/537.36 AliApp(DingTalk/4.5.11) com.alibaba.android.rimet/10487439 Channel/227200 language/zh-CN"
27.115.124.6 - - [27/Feb/2021:18:48:18 +0100] "GET / HTTP/1.1" 200 9360 "http://baidu.com/" "Mozilla/5.0 (Linux; U; Android 8.1.0; zh-CN; EML-AL00 Build/HUAWEIEML-AL00) AppleWebKit/537.36 (KHTML, like Gecko) Version/4.0 Chrome/57.0.2987.108 baidu.sogo.uc.UCBrowser/11.9.4.974 UWS/2.13.1.48 Mobile Safari/537.36 AliApp(DingTalk/4.5.11) com.alibaba.android.rimet/10487439 Channel/227200 language/zh-CN"
27.115.124.6 - - [27/Feb/2021:18:48:22 +0100] "GET /main.css HTTP/1.1" 200 1439 "http://www.morusverlag.de/" "Mozilla/5.0 (Linux; U; Android 8.1.0; zh-CN; EML-AL00 Build/HUAWEIEML-AL00) AppleWebKit/537.36 (KHTML, like Gecko) Version/4.0 Chrome/57.0.2987.108 baidu.sogo.uc.UCBrowser/11.9.4.974 UWS/2.13.1.48 Mobile Safari/537.36 AliApp(DingTalk/4.5.11) com.alibaba.android.rimet/10487439 Channel/227200 language/zh-CN"
27.115.124.6 - - [27/Feb/2021:18:48:22 +0100] "GET /logo_g.gif HTTP/1.1" 200 1301 "http://www.morusverlag.de/" "Mozilla/5.0 (Linux; U; Android 8.1.0; zh-CN; EML-AL00 Build/HUAWEIEML-AL00) AppleWebKit/537.36 (KHTML, like Gecko) Version/4.0 Chrome/57.0.2987.108 baidu.sogo.uc.UCBrowser/11.9.4.974 UWS/2.13.1.48 Mobile Safari/537.36 AliApp(DingTalk/4.5.11) com.alibaba.android.rimet/10487439 Channel/227200 language/zh-CN"
27.115.124.38 - - [27/Feb/2021:18:48:22 +0100] "GET /mv_g.gif HTTP/1.1" 200 4070 "http://www.morusverlag.de/" "Mozilla/5.0 (Linux; U; Android 8.1.0; zh-CN; EML-AL00 Build/HUAWEIEML-AL00) AppleWebKit/537.36 (KHTML, like Gecko) Version/4.0 Chrome/57.0.2987.108 baidu.sogo.uc.UCBrowser/11.9.4.974 UWS/2.13.1.48 Mobile Safari/537.36 AliApp(DingTalk/4.5.11) com.alibaba.android.rimet/10487439 Channel/227200 language/zh-CN"
27.115.124.6 - - [27/Feb/2021:18:48:22 +0100] "GET /mv_gr_w.gif HTTP/1.1" 200 2005 "http://www.morusverlag.de/" "Mozilla/5.0 (Linux; U; Android 8.1.0; zh-CN; EML-AL00 Build/HUAWEIEML-AL00) AppleWebKit/537.36 (KHTML, like Gecko) Version/4.0 Chrome/57.0.2987.108 baidu.sogo.uc.UCBrowser/11.9.4.974 UWS/2.13.1.48 Mobile Safari/537.36 AliApp(DingTalk/4.5.11) com.alibaba.android.rimet/10487439 Channel/227200 language/zh-CN"
27.115.124.6 - - [27/Feb/2021:18:48:22 +0100] "GET /jahrbuch_k.jpg HTTP/1.1" 200 3719 "http://www.morusverlag.de/" "Mozilla/5.0 (Linux; U; Android 8.1.0; zh-CN; EML-AL00 Build/HUAWEIEML-AL00) AppleWebKit/537.36 (KHTML, like Gecko) Version/4.0 Chrome/57.0.2987.108 baidu.sogo.uc.UCBrowser/11.9.4.974 UWS/2.13.1.48 Mobile Safari/537.36 AliApp(DingTalk/4.5.11) com.alibaba.android.rimet/10487439 Channel/227200 language/zh-CN"
27.115.124.6 - - [27/Feb/2021:18:48:22 +0100] "GET /pf.gif HTTP/1.1" 200 62 "http://www.morusverlag.de/" "Mozilla/5.0 (Linux; U; Android 8.1.0; zh-CN; EML-AL00 Build/HUAWEIEML-AL00) AppleWebKit/537.36 (KHTML, like Gecko) Version/4.0 Chrome/57.0.2987.108 baidu.sogo.uc.UCBrowser/11.9.4.974 UWS/2.13.1.48 Mobile Safari/537.36 AliApp(DingTalk/4.5.11) com.alibaba.android.rimet/10487439 Channel/227200 language/zh-CN"
27.115.124.6 - - [27/Feb/2021:18:48:22 +0100] "GET /cds/rosarium_k.jpg HTTP/1.1" 200 3972 "http://www.morusverlag.de/" "Mozilla/5.0 (Linux; U; Android 8.1.0; zh-CN; EML-AL00 Build/HUAWEIEML-AL00) AppleWebKit/537.36 (KHTML, like Gecko) Version/4.0 Chrome/57.0.2987.108 baidu.sogo.uc.UCBrowser/11.9.4.974 UWS/2.13.1.48 Mobile Safari/537.36 AliApp(DingTalk/4.5.11) com.alibaba.android.rimet/10487439 Channel/227200 language/zh-CN"
27.115.124.38 - - [27/Feb/2021:18:48:22 +0100] "GET /buecher/gesichter.jpg HTTP/1.1" 200 7271 "http://www.morusverlag.de/" "Mozilla/5.0 (Linux; U; Android 8.1.0; zh-CN; EML-AL00 Build/HUAWEIEML-AL00) AppleWebKit/537.36 (KHTML, like Gecko) Version/4.0 Chrome/57.0.2987.108 baidu.sogo.uc.UCBrowser/11.9.4.974 UWS/2.13.1.48 Mobile Safari/537.36 AliApp(DingTalk/4.5.11) com.alibaba.android.rimet/10487439 Channel/227200 language/zh-CN"
27.115.124.6 - - [27/Feb/2021:18:48:23 +0100] "GET /cds/hymnos_k.jpg HTTP/1.1" 200 4986 "http://www.morusverlag.de/" "Mozilla/5.0 (Linux; U; Android 8.1.0; zh-CN; EML-AL00 Build/HUAWEIEML-AL00) AppleWebKit/537.36 (KHTML, like Gecko) Version/4.0 Chrome/57.0.2987.108 baidu.sogo.uc.UCBrowser/11.9.4.974 UWS/2.13.1.48 Mobile Safari/537.36 AliApp(DingTalk/4.5.11) com.alibaba.android.rimet/10487439 Channel/227200 language/zh-CN"
27.115.124.6 - - [27/Feb/2021:18:48:23 +0100] "GET /cds/ignatius_k.jpg HTTP/1.1" 200 3965 "http://www.morusverlag.de/" "Mozilla/5.0 (Linux; U; Android 8.1.0; zh-CN; EML-AL00 Build/HUAWEIEML-AL00) AppleWebKit/537.36 (KHTML, like Gecko) Version/4.0 Chrome/57.0.2987.108 baidu.sogo.uc.UCBrowser/11.9.4.974 UWS/2.13.1.48 Mobile Safari/537.36 AliApp(DingTalk/4.5.11) com.alibaba.android.rimet/10487439 Channel/227200 language/zh-CN"
27.115.124.38 - - [27/Feb/2021:18:48:23 +0100] "GET /cds/astazi_k.jpg HTTP/1.1" 200 6049 "http://www.morusverlag.de/" "Mozilla/5.0 (Linux; U; Android 8.1.0; zh-CN; EML-AL00 Build/HUAWEIEML-AL00) AppleWebKit/537.36 (KHTML, like Gecko) Version/4.0 Chrome/57.0.2987.108 baidu.sogo.uc.UCBrowser/11.9.4.974 UWS/2.13.1.48 Mobile Safari/537.36 AliApp(DingTalk/4.5.11) com.alibaba.android.rimet/10487439 Channel/227200 language/zh-CN"
27.115.124.6 - - [27/Feb/2021:18:48:23 +0100] "GET /gotteslob.jpg HTTP/1.1" 200 9390 "http://www.morusverlag.de/" "Mozilla/5.0 (Linux; U; Android 8.1.0; zh-CN; EML-AL00 Build/HUAWEIEML-AL00) AppleWebKit/537.36 (KHTML, like Gecko) Version/4.0 Chrome/57.0.2987.108 baidu.sogo.uc.UCBrowser/11.9.4.974 UWS/2.13.1.48 Mobile Safari/537.36 AliApp(DingTalk/4.5.11) com.alibaba.android.rimet/10487439 Channel/227200 language/zh-CN"
27.115.124.6 - - [27/Feb/2021:18:48:23 +0100] "GET /buecher/engel.jpg HTTP/1.1" 200 5414 "http://www.morusverlag.de/" "Mozilla/5.0 (Linux; U; Android 8.1.0; zh-CN; EML-AL00 Build/HUAWEIEML-AL00) AppleWebKit/537.36 (KHTML, like Gecko) Version/4.0 Chrome/57.0.2987.108 baidu.sogo.uc.UCBrowser/11.9.4.974 UWS/2.13.1.48 Mobile Safari/537.36 AliApp(DingTalk/4.5.11) com.alibaba.android.rimet/10487439 Channel/227200 language/zh-CN"
27.115.124.38 - - [27/Feb/2021:18:48:24 +0100] "GET /buch_k.jpg HTTP/1.1" 200 4591 "http://www.morusverlag.de/" "Mozilla/5.0 (Linux; U; Android 8.1.0; zh-CN; EML-AL00 Build/HUAWEIEML-AL00) AppleWebKit/537.36 (KHTML, like Gecko) Version/4.0 Chrome/57.0.2987.108 baidu.sogo.uc.UCBrowser/11.9.4.974 UWS/2.13.1.48 Mobile Safari/537.36 AliApp(DingTalk/4.5.11) com.alibaba.android.rimet/10487439 Channel/227200 language/zh-CN"
27.115.124.6 - - [27/Feb/2021:18:48:24 +0100] "GET /strich.gif HTTP/1.1" 200 45 "http://www.morusverlag.de/" "Mozilla/5.0 (Linux; U; Android 8.1.0; zh-CN; EML-AL00 Build/HUAWEIEML-AL00) AppleWebKit/537.36 (KHTML, like Gecko) Version/4.0 Chrome/57.0.2987.108 baidu.sogo.uc.UCBrowser/11.9.4.974 UWS/2.13.1.48 Mobile Safari/537.36 AliApp(DingTalk/4.5.11) com.alibaba.android.rimet/10487439 Channel/227200 language/zh-CN"
27.115.124.6 - - [27/Feb/2021:18:48:24 +0100] "GET /buecher/chateaubriand.jpg HTTP/1.1" 200 2272 "http://www.morusverlag.de/" "Mozilla/5.0 (Linux; U; Android 8.1.0; zh-CN; EML-AL00 Build/HUAWEIEML-AL00) AppleWebKit/537.36 (KHTML, like Gecko) Version/4.0 Chrome/57.0.2987.108 baidu.sogo.uc.UCBrowser/11.9.4.974 UWS/2.13.1.48 Mobile Safari/537.36 AliApp(DingTalk/4.5.11) com.alibaba.android.rimet/10487439 Channel/227200 language/zh-CN"
144.76.162.206 - - [27/Feb/2021:18:48:43 +0100] "GET /sonderthemen/az2003.pdf HTTP/1.1" 200 4864675 "-" "Mozilla/5.0 (X11; Linux x86_64) AppleWebKit/537.36 (KHTML, like Gecko) Chrome/86.0.4240.198 Safari/537.36"
78.46.90.120 - - [27/Feb/2021:18:49:01 +0100] "GET /sonderthemen/az2003.pdf HTTP/1.1" 200 4864675 "-" "Mozilla/5.0 (X11; Ubuntu; Linux x86_64; rv:84.0) Gecko/20100101 Firefox/84.0"
168.119.69.91 - - [27/Feb/2021:18:52:27 +0100] "GET /buecher/index.html HTTP/1.1" 200 25885 "-" "Mozilla/5.0 (Windows NT 10.0; Win64; x64) AppleWebKit/537.36 (KHTML, like Gecko) Chrome/87.0.4280.67 Safari/537.36 Edg/87.0.664.55"
168.119.11.187 - - [27/Feb/2021:18:52:39 +0100] "GET /buecher/ HTTP/1.1" 200 25885 "-" "Mozilla/5.0 (Macintosh; Intel Mac OS X 10_15_6) AppleWebKit/605.1.15 (KHTML, like Gecko) Version/14.0 Safari/605.1.15"
114.119.141.215 - - [27/Feb/2021:19:20:47 +0100] "GET /robots.txt HTTP/1.1" 200 100 "-" "(compatible;PetalBot;+https://aspiegel.com/petalbot)"
176.9.47.122 - - [27/Feb/2021:19:22:00 +0100] "GET / HTTP/1.1" 200 9360 "-" "Mozilla/5.0 (Windows NT 10.0; Win64; x64; rv:79.0) Gecko/20100101 Firefox/79.0"
185.203.240.129 - - [27/Feb/2021:19:28:18 +0100] "HEAD / HTTP/1.1" 200 - "https://volga.news/work-staff" "Mozilla/3.0 (compatible; MSIE4.00; Windows 2009)"
85.209.89.224 - - [27/Feb/2021:19:28:19 +0100] "HEAD / HTTP/1.1" 200 - "http://makrab.news/?m_ob=TPS&m_id=21" "Mozilla/8.0 (compatible; MSIE3.00; Windows 2004)"
85.209.89.205 - - [27/Feb/2021:19:30:07 +0100] "HEAD / HTTP/1.1" 200 - "https://region35.ru/cat_movie.php" "Mozilla/5.0 (compatible; MSIE6.00; Windows 2006)"
85.209.89.216 - - [27/Feb/2021:19:30:38 +0100] "HEAD / HTTP/1.1" 200 - "https://www.opentown.org/t/ecology" "Mozilla/7.0 (compatible; MSIE5.00; Windows 2009)"
66.249.76.232 - - [27/Feb/2021:20:25:47 +0100] "GET /buecher/rezension_gesichter_u_geschichten.pdf HTTP/1.1" 304 - "-" "Mozilla/5.0 (Linux; Android 6.0.1; Nexus 5X Build/MMB29P) AppleWebKit/537.36 (KHTML, like Gecko) Chrome/88.0.4324.188 Mobile Safari/537.36 (compatible; Googlebot/2.1; +http://www.google.com/bot.html)"
168.119.69.91 - - [27/Feb/2021:20:39:06 +0100] "GET /sonderthemen/oekt_extra2.pdf HTTP/1.1" 200 1939949 "-" "Mozilla/5.0 (Macintosh; Intel Mac OS X 10_13_6) AppleWebKit/537.36 (KHTML, like Gecko) Chrome/87.0.4280.67 Safari/537.36"
168.119.69.91 - - [27/Feb/2021:20:39:05 +0100] "GET /sonderthemen/oekt_extra3.pdf HTTP/1.1" 200 2109745 "-" "Mozilla/5.0 (Windows NT 10.0; rv:78.0) Gecko/20100101 Firefox/78.0"
66.249.76.232 - - [27/Feb/2021:21:25:47 +0100] "GET /buecher/der_neunte_tag.html HTTP/1.1" 304 - "-" "Mozilla/5.0 (Linux; Android 6.0.1; Nexus 5X Build/MMB29P) AppleWebKit/537.36 (KHTML, like Gecko) Chrome/88.0.4324.188 Mobile Safari/537.36 (compatible; Googlebot/2.1; +http://www.google.com/bot.html)"
185.191.171.36 - - [27/Feb/2021:22:18:03 +0100] "GET /robots.txt HTTP/1.1" 200 100 "-" "Mozilla/5.0 (compatible; SemrushBot/7~bl; +http://www.semrush.com/bot.html)"
185.191.171.39 - - [27/Feb/2021:22:18:03 +0100] "GET /gotteslob/index.html HTTP/1.1" 200 2770 "-" "Mozilla/5.0 (compatible; SemrushBot/7~bl; +http://www.semrush.com/bot.html)"
66.249.81.48 - - [27/Feb/2021:22:18:52 +0100] "GET /buecher/gesichter/04.jpg HTTP/1.1" 200 7078 "-" "Mozilla/5.0 (Windows NT 5.1; rv:11.0) Gecko Firefox/11.0 (via ggpht.com GoogleImageProxy)"
178.63.51.106 - - [27/Feb/2021:23:05:08 +0100] "GET /sonderthemen/oekt_extra1.pdf HTTP/1.1" 200 1849015 "-" "Mozilla/5.0 (Windows NT 10.0; Win64; x64) AppleWebKit/537.36 (KHTML, like Gecko) Chrome/86.0.4240.75 Safari/537.36"
79.247.235.15 - - [27/Feb/2021:23:13:49 +0100] "GET /sonderthemen/sk2002.pdf HTTP/1.1" 200 2628923 "-" "Dalvik/2.1.0 (Linux; U; Android 8.0.0; SM-A520F Build/R16NW)"
78.46.94.83 - - [27/Feb/2021:23:57:57 +0100] "GET /sonderthemen/az2000.pdf HTTP/1.1" 200 2253581 "-" "Mozilla/5.0 (Windows NT 10.0; Win64; x64) AppleWebKit/537.36 (KHTML, like Gecko) Chrome/87.0.4280.88 Safari/537.36 Edg/87.0.664.57"
168.119.11.187 - - [27/Feb/2021:23:58:16 +0100] "GET /sonderthemen/az2000.pdf HTTP/1.1" 200 2253581 "-" "Mozilla/5.0 (X11; Linux x86_64) AppleWebKit/537.36 (KHTML, like Gecko) Chrome/87.0.4280.66 Safari/537.36"
144.76.102.243 - - [28/Feb/2021:00:00:10 +0100] "GET /sonderthemen/az2003.pdf HTTP/1.1" 200 4864675 "-" "Mozilla/5.0 (Macintosh; Intel Mac OS X 10.16; rv:83.0) Gecko/20100101 Firefox/83.0"
168.119.69.91 - - [28/Feb/2021:00:00:38 +0100] "GET /sonderthemen/az2003.pdf HTTP/1.1" 200 4864675 "-" "Mozilla/5.0 (Windows NT 10.0; Win64; x64) AppleWebKit/537.36 (KHTML, like Gecko) Chrome/87.0.4280.101 Safari/537.36"
168.119.11.187 - - [28/Feb/2021:00:13:33 +0100] "GET /sonderthemen/oekt_extra2.pdf HTTP/1.1" 200 1939949 "-" "Mozilla/5.0 (Macintosh; Intel Mac OS X 10_15_6) AppleWebKit/537.36 (KHTML, like Gecko) Chrome/86.0.4240.198 Safari/537.36"
88.198.90.9 - - [28/Feb/2021:00:15:41 +0100] "GET /sonderthemen/oekt_extra2.pdf HTTP/1.1" 200 1939949 "-" "Mozilla/5.0 (X11; Linux x86_64) AppleWebKit/537.36 (KHTML, like Gecko) Chrome/87.0.4280.67 Safari/537.36"
168.119.11.187 - - [28/Feb/2021:00:14:00 +0100] "GET /sonderthemen/oekt_extra2.pdf HTTP/1.1" 200 1939949 "-" "Mozilla/5.0 (Macintosh; Intel Mac OS X 10.15; rv:83.0) Gecko/20100101 Firefox/83.0"
78.46.90.120 - - [28/Feb/2021:00:53:27 +0100] "GET /sonderthemen/oekt_extra1.pdf HTTP/1.1" 200 1849015 "-" "Mozilla/5.0 (Macintosh; Intel Mac OS X 10_15_6) AppleWebKit/537.36 (KHTML, like Gecko) Chrome/87.0.4280.67 Safari/537.36"
178.63.51.106 - - [28/Feb/2021:00:53:23 +0100] "GET /sonderthemen/oekt_extra1.pdf HTTP/1.1" 200 1849015 "-" "Mozilla/5.0 (X11; Ubuntu; Linux x86_64; rv:77.0) Gecko/20100101 Firefox/77.0"
40.77.167.73 - - [28/Feb/2021:00:56:21 +0100] "GET /cds/hymnos_akathistos.html HTTP/1.1" 304 - "-" "Mozilla/5.0 (compatible; bingbot/2.0; +http://www.bing.com/bingbot.htm)"
42.236.10.122 - - [28/Feb/2021:01:32:22 +0100] "GET / HTTP/1.1" 200 9360 "http://www.morusverlag.de/" "Mozilla/5.0 (Windows NT 6.1; WOW64) AppleWebKit/537.36 (KHTML, like Gecko) Chrome/50.4.2661.102 Safari/537.36; 360Spider"
213.144.5.151 - - [28/Feb/2021:02:09:45 +0100] "HEAD / HTTP/1.1" 200 - "-" "Java/15-ea"
13.66.139.6 - - [28/Feb/2021:02:30:02 +0100] "GET /cds/ignatius.jpg HTTP/1.1" 200 18712 "-" "Mozilla/5.0 (compatible; bingbot/2.0; +http://www.bing.com/bingbot.htm)"
34.77.162.12 - - [28/Feb/2021:02:33:43 +0100] "GET / HTTP/1.1" 200 9360 "-" "Expanse indexes the network perimeters of our customers. If you have any questions or concerns, please reach out to: scaninfo@expanseinc.com"
185.191.171.2 - - [28/Feb/2021:02:49:02 +0100] "GET /robots.txt HTTP/1.1" 200 100 "-" "Mozilla/5.0 (compatible; SemrushBot/7~bl; +http://www.semrush.com/bot.html)"
185.191.171.3 - - [28/Feb/2021:02:49:02 +0100] "GET / HTTP/1.1" 200 9360 "-" "Mozilla/5.0 (compatible; SemrushBot/7~bl; +http://www.semrush.com/bot.html)"
140.203.12.9 - - [28/Feb/2021:03:24:33 +0100] "HEAD / HTTP/1.1" 200 - "-" "Java/1.6.0_23"
78.46.94.83 - - [28/Feb/2021:03:59:33 +0100] "GET /sonderthemen/sk2001.pdf HTTP/1.1" 200 3098589 "-" "Mozilla/5.0 (Macintosh; Intel Mac OS X 10.14; rv:83.0) Gecko/20100101 Firefox/83.0"
78.46.94.83 - - [28/Feb/2021:03:59:34 +0100] "GET /sonderthemen/sk2000.pdf HTTP/1.1" 200 2925489 "-" "Mozilla/5.0 (Windows NT 10.0; Win64; x64) AppleWebKit/537.36 (KHTML, like Gecko) Chrome/87.0.4280.88 Safari/537.36"
78.46.94.83 - - [28/Feb/2021:03:59:33 +0100] "GET /sonderthemen/oeaz2001.pdf HTTP/1.1" 200 4496626 "-" "Mozilla/5.0 (X11; Ubuntu; Linux x86_64; rv:77.0) Gecko/20100101 Firefox/77.0"
168.119.69.91 - - [28/Feb/2021:03:59:52 +0100] "GET /sonderthemen/sk2000.pdf HTTP/1.1" 200 2925489 "-" "Mozilla/5.0 (Windows NT 10.0; WOW64) AppleWebKit/537.36 (KHTML, like Gecko) Chrome/86.0.4240.198 Safari/537.36"
168.119.69.91 - - [28/Feb/2021:03:59:52 +0100] "GET /sonderthemen/oeaz2001.pdf HTTP/1.1" 200 4496626 "-" "Mozilla/5.0 (Macintosh; Intel Mac OS X 10.15; rv:84.0) Gecko/20100101 Firefox/84.0"
78.46.90.120 - - [28/Feb/2021:04:03:29 +0100] "GET /sonderthemen/oekt_extra1.pdf HTTP/1.1" 200 1849015 "-" "Mozilla/5.0 (Macintosh; Intel Mac OS X 10_15_6) AppleWebKit/537.36 (KHTML, like Gecko) Chrome/87.0.4280.67 Safari/537.36"
193.124.188.188 - - [28/Feb/2021:04:07:48 +0100] "HEAD / HTTP/1.1" 200 - "https://fandbox.ru/rashgardy/" "Mozilla/4.0 (compatible; MSIE4.00; Windows 2009)"
193.124.190.18 - - [28/Feb/2021:04:07:49 +0100] "HEAD / HTTP/1.1" 200 - "https://dompodklych.ru/remont-montazh/steny/" "Mozilla/3.0 (compatible; MSIE4.00; Windows 2003)"
46.4.83.150 - - [28/Feb/2021:04:38:14 +0100] "GET /sonderthemen/sk2002.pdf HTTP/1.1" 200 2628923 "-" "Mozilla/5.0 (Macintosh; Intel Mac OS X 10.14; rv:83.0) Gecko/20100101 Firefox/83.0"
78.46.90.120 - - [28/Feb/2021:04:52:50 +0100] "GET /sonderthemen/oekz2003.pdf HTTP/1.1" 200 4017017 "-" "Mozilla/5.0 (Macintosh; Intel Mac OS X 11_1_0) AppleWebKit/537.36 (KHTML, like Gecko) Chrome/87.0.4280.88 Safari/537.36"
88.198.90.9 - - [28/Feb/2021:04:53:40 +0100] "GET /sonderthemen/oekz2003.pdf HTTP/1.1" 200 4017017 "-" "Mozilla/5.0 (Macintosh; Intel Mac OS X 10_13_6) AppleWebKit/537.36 (KHTML, like Gecko) Chrome/87.0.4280.67 Safari/537.36"
144.76.102.243 - - [28/Feb/2021:05:05:32 +0100] "GET /sonderthemen/oekz2003.pdf HTTP/1.1" 200 4017017 "-" "Mozilla/5.0 (Windows NT 10.0; Win64; x64) AppleWebKit/537.36 (KHTML, like Gecko) Chrome/86.0.4240.111 Safari/537.36"
