78.46.94.83 - - [26/Feb/2021:01:54:23 +0100] "GET /sonderthemen/az2000.pdf HTTP/1.1" 200 2253581 "-" "Mozilla/5.0 (Macintosh; Intel Mac OS X 10_14_6) AppleWebKit/537.36 (KHTML, like Gecko) Chrome/87.0.4280.88 Safari/537.36"
78.46.90.120 - - [26/Feb/2021:01:54:46 +0100] "GET /sonderthemen/az2000.pdf HTTP/1.1" 200 2253581 "-" "Mozilla/5.0 (Windows NT 10.0; Win64; x64; rv:82.0) Gecko/20100101 Firefox/82.0"
13.66.139.6 - - [26/Feb/2021:02:01:52 +0100] "GET /buecher/gesichter/25.jpg HTTP/1.1" 200 7280 "-" "Mozilla/5.0 (compatible; bingbot/2.0; +http://www.bing.com/bingbot.htm)"
54.36.149.89 - - [26/Feb/2021:02:07:15 +0100] "GET /buecher/bestellung.php HTTP/1.1" 200 10142 "-" "Mozilla/5.0 (compatible; AhrefsBot/7.0; +http://ahrefs.com/robot/)"
52.137.90.252 - - [26/Feb/2021:02:11:53 +0100] "GET /buecher/gesichter/28.jpg HTTP/1.1" 200 7684 "-" "Mozilla/5.0 (compatible; bingbot/2.0; +http://www.bing.com/bingbot.htm)"
52.27.135.113 - - [26/Feb/2021:02:33:21 +0100] "GET / HTTP/1.1" 200 9360 "-" "Mozilla/5.0 (Macintosh; Intel Mac OS X 10_8_3) AppleWebKit/537.31 (KHTML, like Gecko) Chrome/26.0.1410.65 Safari/537.31"
40.77.167.87 - - [26/Feb/2021:02:44:42 +0100] "GET /robots.txt HTTP/1.1" 200 100 "-" "Mozilla/5.0 (compatible; bingbot/2.0; +http://www.bing.com/bingbot.htm)"
13.66.139.132 - - [26/Feb/2021:02:44:53 +0100] "GET /buecher/gesichter/23.jpg HTTP/1.1" 200 8706 "-" "Mozilla/5.0 (compatible; bingbot/2.0; +http://www.bing.com/bingbot.htm)"
13.66.139.132 - - [26/Feb/2021:02:50:33 +0100] "GET /search.php HTTP/1.1" 200 2027 "-" "Mozilla/5.0 (compatible; bingbot/2.0; +http://www.bing.com/bingbot.htm)"
140.203.12.9 - - [26/Feb/2021:03:24:38 +0100] "HEAD / HTTP/1.1" 200 - "-" "Java/1.6.0_23"
144.76.162.206 - - [26/Feb/2021:03:29:57 +0100] "GET /sonderthemen/sk2000.pdf HTTP/1.1" 200 2925489 "-" "Mozilla/5.0 (Windows NT 10.0; Win64; x64) AppleWebKit/537.36 (KHTML, like Gecko) Chrome/87.0.4280.88 Safari/537.36 Edg/87.0.664.60"
216.18.204.198 - - [26/Feb/2021:04:13:53 +0100] "GET /robots.txt HTTP/1.1" 200 100 "-" "Mozilla/5.0 (compatible; Adsbot/3.1)"
5.34.180.192 - - [26/Feb/2021:04:14:49 +0100] "GET / HTTP/1.1" 200 9360 "https://sexuria.net/" "Mozilla/4.0 (compatible; MSIE 6.0; Windows NT 5.1; SV1; .NET CLR 1.1.4322)"
5.34.180.192 - - [26/Feb/2021:04:14:49 +0100] "GET / HTTP/1.1" 200 9360 "https://sexuria.net/" "Mozilla/4.0 (compatible; MSIE 6.0; Windows NT 5.1; SV1; .NET CLR 1.1.4322)"
5.34.180.192 - - [26/Feb/2021:04:14:50 +0100] "GET / HTTP/1.1" 200 9360 "https://sexuria.net/" "Mozilla/4.0 (compatible; MSIE 6.0; Windows NT 5.1; SV1; .NET CLR 1.1.4322)"
216.18.204.198 - - [26/Feb/2021:04:16:07 +0100] "GET / HTTP/1.1" 200 9360 "-" "Mozilla/5.0 (compatible; Adsbot/3.1)"
216.18.204.198 - - [26/Feb/2021:04:16:14 +0100] "GET /cds/index.html HTTP/1.1" 200 7987 "http://www.morusverlag.de/" "Mozilla/5.0 (compatible; Adsbot/3.1)"
216.18.204.198 - - [26/Feb/2021:04:16:22 +0100] "GET /impressum.html HTTP/1.1" 200 2808 "http://www.morusverlag.de/" "Mozilla/5.0 (compatible; Adsbot/3.1)"
216.18.204.198 - - [26/Feb/2021:04:16:30 +0100] "GET /cds/ignatius.html HTTP/1.1" 200 6576 "http://www.morusverlag.de/" "Mozilla/5.0 (compatible; Adsbot/3.1)"
216.18.204.198 - - [26/Feb/2021:04:16:37 +0100] "GET /cds/rosarium.html HTTP/1.1" 200 6680 "http://www.morusverlag.de/" "Mozilla/5.0 (compatible; Adsbot/3.1)"
216.18.204.198 - - [26/Feb/2021:04:16:45 +0100] "GET /buecher/index.html HTTP/1.1" 200 25885 "http://www.morusverlag.de/" "Mozilla/5.0 (compatible; Adsbot/3.1)"
216.18.204.198 - - [26/Feb/2021:04:16:52 +0100] "GET /kontakt/index.html HTTP/1.1" 200 2896 "http://www.morusverlag.de/" "Mozilla/5.0 (compatible; Adsbot/3.1)"
216.18.204.198 - - [26/Feb/2021:04:16:59 +0100] "GET /jahrbuch/index.html HTTP/1.1" 200 3956 "http://www.morusverlag.de/" "Mozilla/5.0 (compatible; Adsbot/3.1)"
216.18.204.198 - - [26/Feb/2021:04:17:08 +0100] "GET /gotteslob/index.html HTTP/1.1" 200 2770 "http://www.morusverlag.de/" "Mozilla/5.0 (compatible; Adsbot/3.1)"
216.18.204.198 - - [26/Feb/2021:04:17:15 +0100] "GET /sonderthemen/index.html HTTP/1.1" 200 7102 "http://www.morusverlag.de/" "Mozilla/5.0 (compatible; Adsbot/3.1)"
216.18.204.198 - - [26/Feb/2021:04:17:39 +0100] "GET /cds/hymnos_akathistos.html HTTP/1.1" 200 11061 "http://www.morusverlag.de/" "Mozilla/5.0 (compatible; Adsbot/3.1)"
216.18.204.198 - - [26/Feb/2021:04:17:51 +0100] "GET /buecher/veroeffentlichungsliste.html HTTP/1.1" 200 129779 "http://www.morusverlag.de/" "Mozilla/5.0 (compatible; Adsbot/3.1)"
216.18.204.198 - - [26/Feb/2021:04:17:59 +0100] "GET /buecher/rezensionen_chateaubriand.html HTTP/1.1" 200 47317 "http://www.morusverlag.de/" "Mozilla/5.0 (compatible; Adsbot/3.1)"
216.18.204.198 - - [26/Feb/2021:04:18:09 +0100] "GET /index.html HTTP/1.1" 200 9360 "http://www.morusverlag.de/" "Mozilla/5.0 (compatible; Adsbot/3.1)"
216.18.204.198 - - [26/Feb/2021:04:18:20 +0100] "GET /sonderthemen/ HTTP/1.1" 200 7102 "http://www.morusverlag.de/" "Mozilla/5.0 (compatible; Adsbot/3.1)"
216.18.204.198 - - [26/Feb/2021:04:18:37 +0100] "GET /cds/astazi.html HTTP/1.1" 200 8453 "http://www.morusverlag.de/" "Mozilla/5.0 (compatible; Adsbot/3.1)"
216.18.204.198 - - [26/Feb/2021:04:18:43 +0100] "GET /cds/lumina.html HTTP/1.1" 200 9000 "http://www.morusverlag.de/" "Mozilla/5.0 (compatible; Adsbot/3.1)"
216.18.204.198 - - [26/Feb/2021:04:18:55 +0100] "GET /buecher/bestellung.php HTTP/1.1" 200 10142 "http://www.morusverlag.de/" "Mozilla/5.0 (compatible; Adsbot/3.1)"
216.18.204.198 - - [26/Feb/2021:04:19:04 +0100] "GET /cds/glockenspiel1.html HTTP/1.1" 200 9736 "http://www.morusverlag.de/" "Mozilla/5.0 (compatible; Adsbot/3.1)"
216.18.204.198 - - [26/Feb/2021:04:19:12 +0100] "GET /cds/glockenspiel2.html HTTP/1.1" 200 9831 "http://www.morusverlag.de/" "Mozilla/5.0 (compatible; Adsbot/3.1)"
216.18.204.198 - - [26/Feb/2021:04:19:20 +0100] "GET /buecher/diskussion.html HTTP/1.1" 200 9925 "http://www.morusverlag.de/" "Mozilla/5.0 (compatible; Adsbot/3.1)"
216.18.204.198 - - [26/Feb/2021:04:19:28 +0100] "GET /jahrbuch/bestellung.php HTTP/1.1" 200 10316 "http://www.morusverlag.de/" "Mozilla/5.0 (compatible; Adsbot/3.1)"
216.18.204.198 - - [26/Feb/2021:04:19:36 +0100] "GET /buecher/rezensionen.html HTTP/1.1" 200 6964 "http://www.morusverlag.de/" "Mozilla/5.0 (compatible; Adsbot/3.1)"
216.18.204.198 - - [26/Feb/2021:04:19:49 +0100] "GET /sonderthemen/archiv.html HTTP/1.1" 200 6959 "http://www.morusverlag.de/" "Mozilla/5.0 (compatible; Adsbot/3.1)"
216.18.204.198 - - [26/Feb/2021:04:19:59 +0100] "GET /sonderthemen/presse.html HTTP/1.1" 200 5772 "http://www.morusverlag.de/" "Mozilla/5.0 (compatible; Adsbot/3.1)"
216.18.204.198 - - [26/Feb/2021:04:20:10 +0100] "GET /buecher/rezensionen_engel.html HTTP/1.1" 200 6598 "http://www.morusverlag.de/" "Mozilla/5.0 (compatible; Adsbot/3.1)"
216.18.204.198 - - [26/Feb/2021:04:20:18 +0100] "GET /jahrbuch/titelseiten/index.html HTTP/1.1" 200 6735 "http://www.morusverlag.de/" "Mozilla/5.0 (compatible; Adsbot/3.1)"
216.18.204.198 - - [26/Feb/2021:04:20:28 +0100] "GET /buecher/rezensionen_psalmen.html HTTP/1.1" 200 6787 "http://www.morusverlag.de/" "Mozilla/5.0 (compatible; Adsbot/3.1)"
216.18.204.198 - - [26/Feb/2021:04:20:37 +0100] "GET /buecher/rezensionen_ignatius.html HTTP/1.1" 200 8182 "http://www.morusverlag.de/" "Mozilla/5.0 (compatible; Adsbot/3.1)"
216.18.204.198 - - [26/Feb/2021:04:20:45 +0100] "GET /buecher/rezensionen_preysing.html HTTP/1.1" 200 9502 "http://www.morusverlag.de/" "Mozilla/5.0 (compatible; Adsbot/3.1)"
216.18.204.198 - - [26/Feb/2021:04:20:55 +0100] "GET /buecher/rezensionen_le_saulchoir.html HTTP/1.1" 200 34009 "http://www.morusverlag.de/" "Mozilla/5.0 (compatible; Adsbot/3.1)"
216.18.204.198 - - [26/Feb/2021:04:21:04 +0100] "GET /buecher/rezensionen_krise_zum_heil.html HTTP/1.1" 200 9828 "http://www.morusverlag.de/" "Mozilla/5.0 (compatible; Adsbot/3.1)"
216.18.204.198 - - [26/Feb/2021:04:21:15 +0100] "GET /buecher/rezensionen_nicht_auf_sand_gebaut.html HTTP/1.1" 200 6594 "http://www.morusverlag.de/" "Mozilla/5.0 (compatible; Adsbot/3.1)"
216.18.204.198 - - [26/Feb/2021:04:21:22 +0100] "GET /buecher/rezensionen_leiblichkeit_und_zeitlichkeit.html HTTP/1.1" 200 8821 "http://www.morusverlag.de/" "Mozilla/5.0 (compatible; Adsbot/3.1)"
216.18.204.198 - - [26/Feb/2021:04:21:30 +0100] "GET /buecher/ HTTP/1.1" 200 25885 "http://www.morusverlag.de/" "Mozilla/5.0 (compatible; Adsbot/3.1)"
216.18.204.198 - - [26/Feb/2021:04:21:38 +0100] "GET /buecher/rezensionen_ungeteilt.html HTTP/1.1" 200 9764 "http://www.morusverlag.de/" "Mozilla/5.0 (compatible; Adsbot/3.1)"
144.76.162.206 - - [26/Feb/2021:04:26:44 +0100] "GET /sonderthemen/az1999.pdf HTTP/1.1" 200 1842982 "-" "Mozilla/5.0 (Macintosh; Intel Mac OS X 10_15_5) AppleWebKit/537.36 (KHTML, like Gecko) Chrome/86.0.4240.198 Safari/537.36"
13.66.139.37 - - [26/Feb/2021:04:30:17 +0100] "GET /cds/lumina.jpg HTTP/1.1" 200 31150 "-" "Mozilla/5.0 (compatible; bingbot/2.0; +http://www.bing.com/bingbot.htm)"
193.124.191.92 - - [26/Feb/2021:04:35:19 +0100] "HEAD / HTTP/1.1" 200 - "https://igla.media/interernaya-reklama/bukvy-nesvetovye/" "Mozilla/8.0 (compatible; MSIE3.00; Windows 2004)"
13.66.139.6 - - [26/Feb/2021:04:39:08 +0100] "GET /buecher/gesichter/08.jpg HTTP/1.1" 200 10437 "-" "Mozilla/5.0 (compatible; bingbot/2.0; +http://www.bing.com/bingbot.htm)"
114.119.155.233 - - [26/Feb/2021:04:39:33 +0100] "GET /robots.txt HTTP/1.1" 200 100 "-" "(compatible;PetalBot;+https://aspiegel.com/petalbot)"
5.183.93.21 - - [26/Feb/2021:05:11:50 +0100] "GET / HTTP/1.0" 200 9360 "https://rentaremotecomputer.com" "Mozilla/5.0 (Windows NT 10.0; Win64; x64) AppleWebKit/537.36 (KHTML, like Gecko) Chrome/83.0.4096.0 Safari/537.36"
168.119.11.187 - - [26/Feb/2021:05:14:56 +0100] "GET /sonderthemen/oekt_extra3.pdf HTTP/1.1" 200 2109745 "-" "Mozilla/5.0 (Macintosh; Intel Mac OS X 11_1_0) AppleWebKit/537.36 (KHTML, like Gecko) Chrome/87.0.4280.88 Safari/537.36"
13.66.139.6 - - [26/Feb/2021:05:24:03 +0100] "GET /buecher/gesichter.jpg HTTP/1.1" 200 7271 "-" "Mozilla/5.0 (compatible; bingbot/2.0; +http://www.bing.com/bingbot.htm)"
168.119.69.91 - - [26/Feb/2021:05:43:09 +0100] "GET /sonderthemen/oekt_extra3.pdf HTTP/1.1" 200 2109745 "-" "Mozilla/5.0 (X11; Ubuntu; Linux x86_64; rv:82.0) Gecko/20100101 Firefox/82.0"
88.198.43.207 - - [26/Feb/2021:05:43:13 +0100] "GET /sonderthemen/oekt_extra3.pdf HTTP/1.1" 200 2109745 "-" "Mozilla/5.0 (Macintosh; Intel Mac OS X 10_14_6) AppleWebKit/537.36 (KHTML, like Gecko) Chrome/87.0.4280.67 Safari/537.36"
13.66.139.6 - - [26/Feb/2021:06:49:11 +0100] "GET /buecher/gesichter/16.jpg HTTP/1.1" 200 8367 "-" "Mozilla/5.0 (compatible; bingbot/2.0; +http://www.bing.com/bingbot.htm)"
88.198.36.62 - - [26/Feb/2021:06:52:03 +0100] "GET /buecher/index.html HTTP/1.1" 200 25885 "-" "Mozilla/5.0 (Macintosh; Intel Mac OS X 10.15; rv:84.0) Gecko/20100101 Firefox/84.0"
88.198.43.207 - - [26/Feb/2021:07:12:20 +0100] "GET /buecher/rezensionen_engel.html HTTP/1.1" 200 6598 "-" "Mozilla/5.0 (Macintosh; Intel Mac OS X 10_15_7) AppleWebKit/537.36 (KHTML, like Gecko) Chrome/87.0.4280.67 Safari/537.36"
54.36.148.65 - - [26/Feb/2021:07:15:21 +0100] "GET /robots.txt HTTP/1.1" 200 100 "-" "Mozilla/5.0 (compatible; AhrefsBot/6.1; +http://ahrefs.com/robot/)"
66.249.76.232 - - [26/Feb/2021:07:31:21 +0100] "GET /jahrbuch/index.html HTTP/1.1" 200 3956 "-" "Mozilla/5.0 (Linux; Android 6.0.1; Nexus 5X Build/MMB29P) AppleWebKit/537.36 (KHTML, like Gecko) Chrome/88.0.4324.188 Mobile Safari/537.36 (compatible; Googlebot/2.1; +http://www.google.com/bot.html)"
193.124.188.188 - - [26/Feb/2021:07:42:57 +0100] "HEAD / HTTP/1.1" 200 - "https://gid.volga.news" "Mozilla/7.0 (compatible; MSIE5.00; Windows 2008)"
193.124.188.83 - - [26/Feb/2021:07:42:57 +0100] "HEAD / HTTP/1.1" 200 - "https://toir-m.ru/product/klyuchnitsy-nastennye-metallicheskie/klyuchnitsa-zakrytaya/" "Mozilla/4.0 (compatible; MSIE2.00; Windows 2008)"
194.67.207.9 - - [26/Feb/2021:07:42:57 +0100] "HEAD / HTTP/1.1" 200 - "https://grishechkin.ru" "Mozilla/4.0 (compatible; MSIE2.00; Windows 2004)"
194.67.210.77 - - [26/Feb/2021:07:42:57 +0100] "HEAD / HTTP/1.1" 200 - "https://xn------cddcgbdkcccbzjcbcebg0a6diedb2em2a6a2m5a.xn--p1ai" "Mozilla/6.0 (compatible; MSIE3.00; Windows 2009)"
185.125.219.13 - - [26/Feb/2021:07:43:10 +0100] "HEAD / HTTP/1.1" 200 - "https://xn----dtbbchbcsbfle4bf8a0ipa.xn--p1ai" "Mozilla/2.0 (compatible; MSIE2.00; Windows 2002)"
45.132.107.248 - - [26/Feb/2021:07:43:12 +0100] "HEAD / HTTP/1.1" 200 - "https://veloextreme.ru/samokaty/samokaty/" "Mozilla/3.0 (compatible; MSIE4.00; Windows 2002)"
185.224.132.45 - - [26/Feb/2021:07:43:12 +0100] "HEAD / HTTP/1.1" 200 - "https://xn----ctbdbgccvcbgq6ai4b4hpa.xn--p1ai" "Mozilla/2.0 (compatible; MSIE6.00; Windows 2007)"
212.86.109.31 - - [26/Feb/2021:07:43:12 +0100] "HEAD / HTTP/1.1" 200 - "https://dronnews.ru" "Mozilla/5.0 (compatible; MSIE7.00; Windows 2008)"
185.241.52.68 - - [26/Feb/2021:07:43:12 +0100] "HEAD / HTTP/1.1" 200 - "https://rtservis.ru/mekhobrabotka" "Mozilla/3.0 (compatible; MSIE7.00; Windows 2008)"
185.209.20.147 - - [26/Feb/2021:07:43:14 +0100] "HEAD / HTTP/1.1" 200 - "https://kievlinza.ua/" "Mozilla/4.0 (compatible; MSIE7.00; Windows 2003)"
77.220.215.153 - - [26/Feb/2021:07:43:14 +0100] "HEAD / HTTP/1.1" 200 - "https://avto-lady.com/puskovye-ustojstva" "Mozilla/7.0 (compatible; MSIE6.00; Windows 2002)"
185.203.240.129 - - [26/Feb/2021:07:43:16 +0100] "HEAD / HTTP/1.1" 200 - "https://drugpovar.ru/category/zakuski-iz-yaits/" "Mozilla/8.0 (compatible; MSIE7.00; Windows 2007)"
194.67.207.94 - - [26/Feb/2021:07:43:17 +0100] "HEAD / HTTP/1.1" 200 - "https://russtaxi.ru/taksi-gelendjik-betta" "Mozilla/5.0 (compatible; MSIE3.00; Windows 2007)"
85.209.89.205 - - [26/Feb/2021:07:44:32 +0100] "HEAD / HTTP/1.1" 200 - "https://www.santechshara.com.ua/" "Mozilla/6.0 (compatible; MSIE3.00; Windows 2007)"
85.209.89.224 - - [26/Feb/2021:07:44:32 +0100] "HEAD / HTTP/1.1" 200 - "https://www.europe-dyson.ru/hair-driers" "Mozilla/6.0 (compatible; MSIE6.00; Windows 2008)"
85.209.89.217 - - [26/Feb/2021:07:44:32 +0100] "HEAD / HTTP/1.1" 200 - "https://shop-dyson.ru/accessories" "Mozilla/2.0 (compatible; MSIE3.00; Windows 2003)"
85.209.89.241 - - [26/Feb/2021:07:44:32 +0100] "HEAD / HTTP/1.1" 200 - "https://vseprobrak.ru" "Mozilla/6.0 (compatible; MSIE3.00; Windows 2009)"
85.209.89.216 - - [26/Feb/2021:07:50:33 +0100] "HEAD / HTTP/1.1" 200 - "http://metropolbank.ru/private/otherservices" "Mozilla/8.0 (compatible; MSIE7.00; Windows 2003)"
185.5.249.185 - - [26/Feb/2021:07:58:29 +0100] "HEAD / HTTP/1.1" 200 - "https://marka-development.com/portfolio/" "Mozilla/4.0 (compatible; MSIE6.00; Windows 2007)"
46.128.219.23 - - [26/Feb/2021:08:10:31 +0100] "GET / HTTP/1.1" 200 9360 "-" "Mozilla/5.0 (X11; Ubuntu; Linux x86_64; rv:86.0) Gecko/20100101 Firefox/86.0"
46.128.219.23 - - [26/Feb/2021:08:10:31 +0100] "GET /main.css HTTP/1.1" 200 1439 "http://www.morusverlag.de/" "Mozilla/5.0 (X11; Ubuntu; Linux x86_64; rv:86.0) Gecko/20100101 Firefox/86.0"
46.128.219.23 - - [26/Feb/2021:08:10:31 +0100] "GET /logo_g.gif HTTP/1.1" 200 1301 "http://www.morusverlag.de/" "Mozilla/5.0 (X11; Ubuntu; Linux x86_64; rv:86.0) Gecko/20100101 Firefox/86.0"
46.128.219.23 - - [26/Feb/2021:08:10:31 +0100] "GET /mv_g.gif HTTP/1.1" 200 4070 "http://www.morusverlag.de/" "Mozilla/5.0 (X11; Ubuntu; Linux x86_64; rv:86.0) Gecko/20100101 Firefox/86.0"
46.128.219.23 - - [26/Feb/2021:08:10:31 +0100] "GET /mv_gr_w.gif HTTP/1.1" 200 2005 "http://www.morusverlag.de/" "Mozilla/5.0 (X11; Ubuntu; Linux x86_64; rv:86.0) Gecko/20100101 Firefox/86.0"
46.128.219.23 - - [26/Feb/2021:08:10:31 +0100] "GET /strich.gif HTTP/1.1" 200 45 "http://www.morusverlag.de/" "Mozilla/5.0 (X11; Ubuntu; Linux x86_64; rv:86.0) Gecko/20100101 Firefox/86.0"
46.128.219.23 - - [26/Feb/2021:08:10:31 +0100] "GET /jahrbuch_k.jpg HTTP/1.1" 200 3719 "http://www.morusverlag.de/" "Mozilla/5.0 (X11; Ubuntu; Linux x86_64; rv:86.0) Gecko/20100101 Firefox/86.0"
46.128.219.23 - - [26/Feb/2021:08:10:31 +0100] "GET /pf.gif HTTP/1.1" 200 62 "http://www.morusverlag.de/" "Mozilla/5.0 (X11; Ubuntu; Linux x86_64; rv:86.0) Gecko/20100101 Firefox/86.0"
46.128.219.23 - - [26/Feb/2021:08:10:31 +0100] "GET /buecher/gesichter.jpg HTTP/1.1" 200 7271 "http://www.morusverlag.de/" "Mozilla/5.0 (X11; Ubuntu; Linux x86_64; rv:86.0) Gecko/20100101 Firefox/86.0"
46.128.219.23 - - [26/Feb/2021:08:10:31 +0100] "GET /cds/rosarium_k.jpg HTTP/1.1" 200 3972 "http://www.morusverlag.de/" "Mozilla/5.0 (X11; Ubuntu; Linux x86_64; rv:86.0) Gecko/20100101 Firefox/86.0"
46.128.219.23 - - [26/Feb/2021:08:10:31 +0100] "GET /cds/ignatius_k.jpg HTTP/1.1" 200 3965 "http://www.morusverlag.de/" "Mozilla/5.0 (X11; Ubuntu; Linux x86_64; rv:86.0) Gecko/20100101 Firefox/86.0"
46.128.219.23 - - [26/Feb/2021:08:10:31 +0100] "GET /gotteslob.jpg HTTP/1.1" 200 9390 "http://www.morusverlag.de/" "Mozilla/5.0 (X11; Ubuntu; Linux x86_64; rv:86.0) Gecko/20100101 Firefox/86.0"
46.128.219.23 - - [26/Feb/2021:08:10:31 +0100] "GET /buecher/engel.jpg HTTP/1.1" 200 5414 "http://www.morusverlag.de/" "Mozilla/5.0 (X11; Ubuntu; Linux x86_64; rv:86.0) Gecko/20100101 Firefox/86.0"
46.128.219.23 - - [26/Feb/2021:08:10:31 +0100] "GET /buecher/chateaubriand.jpg HTTP/1.1" 200 2272 "http://www.morusverlag.de/" "Mozilla/5.0 (X11; Ubuntu; Linux x86_64; rv:86.0) Gecko/20100101 Firefox/86.0"
46.128.219.23 - - [26/Feb/2021:08:10:31 +0100] "GET /buch_k.jpg HTTP/1.1" 200 4591 "http://www.morusverlag.de/" "Mozilla/5.0 (X11; Ubuntu; Linux x86_64; rv:86.0) Gecko/20100101 Firefox/86.0"
46.128.219.23 - - [26/Feb/2021:08:10:31 +0100] "GET /cds/hymnos_k.jpg HTTP/1.1" 200 4986 "http://www.morusverlag.de/" "Mozilla/5.0 (X11; Ubuntu; Linux x86_64; rv:86.0) Gecko/20100101 Firefox/86.0"
46.128.219.23 - - [26/Feb/2021:08:10:31 +0100] "GET /cds/astazi_k.jpg HTTP/1.1" 200 6049 "http://www.morusverlag.de/" "Mozilla/5.0 (X11; Ubuntu; Linux x86_64; rv:86.0) Gecko/20100101 Firefox/86.0"
46.128.219.23 - - [26/Feb/2021:08:10:31 +0100] "GET /favicon.ico HTTP/1.1" 200 4286 "http://www.morusverlag.de/" "Mozilla/5.0 (X11; Ubuntu; Linux x86_64; rv:86.0) Gecko/20100101 Firefox/86.0"
13.66.139.37 - - [26/Feb/2021:08:27:42 +0100] "GET /cds/rosarium.jpg HTTP/1.1" 200 21032 "-" "Mozilla/5.0 (compatible; bingbot/2.0; +http://www.bing.com/bingbot.htm)"
66.249.76.236 - - [26/Feb/2021:08:30:04 +0100] "GET /sonderthemen/oekz2003_s01.pdf HTTP/1.1" 200 66807 "-" "Googlebot/2.1 (+http://www.google.com/bot.html)"
66.249.76.236 - - [26/Feb/2021:08:31:21 +0100] "GET /buecher/der_neunte_tag.html HTTP/1.1" 304 - "-" "Mozilla/5.0 (compatible; Googlebot/2.1; +http://www.google.com/bot.html)"
77.75.78.170 - - [26/Feb/2021:09:17:02 +0100] "GET /robots.txt HTTP/1.1" 200 100 "-" "Mozilla/5.0 (compatible; SeznamBot/3.2; +http://napoveda.seznam.cz/en/seznambot-intro/)"
77.75.78.170 - - [26/Feb/2021:09:17:02 +0100] "GET /buecher/rezensionen_chateaubriand.html HTTP/1.1" 200 47317 "-" "Mozilla/5.0 (compatible; SeznamBot/3.2; +http://napoveda.seznam.cz/en/seznambot-intro/)"
88.198.90.9 - - [26/Feb/2021:09:27:19 +0100] "GET /sonderthemen/sk2001.pdf HTTP/1.1" 200 3098589 "-" "Mozilla/5.0 (Windows NT 10.0; Win64; x64) AppleWebKit/537.36 (KHTML, like Gecko) Chrome/85.0.4183.121 Safari/537.36"
88.198.43.207 - - [26/Feb/2021:09:46:39 +0100] "GET /sonderthemen/sk2002.pdf HTTP/1.1" 200 2628923 "-" "Mozilla/5.0 (Macintosh; Intel Mac OS X 10_14_6) AppleWebKit/537.36 (KHTML, like Gecko) Chrome/87.0.4280.67 Safari/537.36"
144.76.102.243 - - [26/Feb/2021:09:47:59 +0100] "GET /sonderthemen/sk2002.pdf HTTP/1.1" 200 2628923 "-" "Mozilla/5.0 (Windows NT 10.0; Win64; x64) AppleWebKit/537.36 (KHTML, like Gecko) Chrome/86.0.4240.183 Safari/537.36 OPR/72.0.3815.320"
13.66.139.6 - - [26/Feb/2021:09:56:50 +0100] "GET /cds/glockenspiel1.jpg HTTP/1.1" 200 28614 "-" "Mozilla/5.0 (compatible; bingbot/2.0; +http://www.bing.com/bingbot.htm)"
13.66.139.132 - - [26/Feb/2021:10:25:37 +0100] "GET /buecher/der_neunte_tag.jpg HTTP/1.1" 200 6411 "-" "Mozilla/5.0 (compatible; bingbot/2.0; +http://www.bing.com/bingbot.htm)"
62.138.2.214 - - [26/Feb/2021:11:01:37 +0100] "GET /robots.txt HTTP/1.1" 304 - "-" "Mozilla/5.0 (X11; Linux x86_64; rv:81.0) Gecko/20100101 Firefox/81.0"
62.138.2.214 - - [26/Feb/2021:11:01:38 +0100] "GET / HTTP/1.1" 200 9360 "-" "Mozilla/5.0 (X11; Linux x86_64; rv:81.0) Gecko/20100101 Firefox/81.0"
77.75.77.101 - - [26/Feb/2021:11:08:38 +0100] "GET /robots.txt HTTP/1.1" 200 100 "-" "Mozilla/5.0 (compatible; SeznamBot/3.2; +http://napoveda.seznam.cz/en/seznambot-intro/)"
77.75.77.101 - - [26/Feb/2021:11:08:38 +0100] "GET /jahrbuch/titelseiten/index.html HTTP/1.1" 200 6735 "-" "Mozilla/5.0 (compatible; SeznamBot/3.2; +http://napoveda.seznam.cz/en/seznambot-intro/)"
78.46.94.83 - - [26/Feb/2021:11:09:27 +0100] "GET /sonderthemen/oeaz2001.pdf HTTP/1.1" 200 4496626 "-" "Mozilla/5.0 (Windows NT 10.0; Win64; x64) AppleWebKit/537.36 (KHTML, like Gecko) Chrome/86.0.4240.111 Safari/537.36"
88.198.36.62 - - [26/Feb/2021:11:09:57 +0100] "GET /sonderthemen/oeaz2001.pdf HTTP/1.1" 200 4496626 "-" "Mozilla/5.0 (X11; Ubuntu; Linux x86_64; rv:77.0) Gecko/20100101 Firefox/77.0"
148.251.50.77 - - [26/Feb/2021:11:10:14 +0100] "GET /sonderthemen/oeaz2001.pdf HTTP/1.1" 200 4496626 "-" "Mozilla/5.0 (Macintosh; Intel Mac OS X 10_15_5) AppleWebKit/537.36 (KHTML, like Gecko) Chrome/86.0.4240.198 Safari/537.36"
93.216.61.155 - - [26/Feb/2021:11:29:15 +0100] "GET / HTTP/1.1" 200 9360 "https://www.google.com/" "Mozilla/5.0 (iPhone; CPU iPhone OS 14_1 like Mac OS X) AppleWebKit/605.1.15 (KHTML, like Gecko) Version/14.0 Mobile/15E148 Safari/604.1"
93.216.61.155 - - [26/Feb/2021:11:29:15 +0100] "GET /main.css HTTP/1.1" 200 1439 "http://www.morusverlag.de/" "Mozilla/5.0 (iPhone; CPU iPhone OS 14_1 like Mac OS X) AppleWebKit/605.1.15 (KHTML, like Gecko) Version/14.0 Mobile/15E148 Safari/604.1"
93.216.61.155 - - [26/Feb/2021:11:29:15 +0100] "GET /mv_gr_w.gif HTTP/1.1" 200 2005 "http://www.morusverlag.de/" "Mozilla/5.0 (iPhone; CPU iPhone OS 14_1 like Mac OS X) AppleWebKit/605.1.15 (KHTML, like Gecko) Version/14.0 Mobile/15E148 Safari/604.1"
93.216.61.155 - - [26/Feb/2021:11:29:15 +0100] "GET /jahrbuch_k.jpg HTTP/1.1" 200 3719 "http://www.morusverlag.de/" "Mozilla/5.0 (iPhone; CPU iPhone OS 14_1 like Mac OS X) AppleWebKit/605.1.15 (KHTML, like Gecko) Version/14.0 Mobile/15E148 Safari/604.1"
93.216.61.155 - - [26/Feb/2021:11:29:15 +0100] "GET /logo_g.gif HTTP/1.1" 200 1301 "http://www.morusverlag.de/" "Mozilla/5.0 (iPhone; CPU iPhone OS 14_1 like Mac OS X) AppleWebKit/605.1.15 (KHTML, like Gecko) Version/14.0 Mobile/15E148 Safari/604.1"
93.216.61.155 - - [26/Feb/2021:11:29:15 +0100] "GET /pf.gif HTTP/1.1" 200 62 "http://www.morusverlag.de/" "Mozilla/5.0 (iPhone; CPU iPhone OS 14_1 like Mac OS X) AppleWebKit/605.1.15 (KHTML, like Gecko) Version/14.0 Mobile/15E148 Safari/604.1"
93.216.61.155 - - [26/Feb/2021:11:29:15 +0100] "GET /mv_g.gif HTTP/1.1" 200 4070 "http://www.morusverlag.de/" "Mozilla/5.0 (iPhone; CPU iPhone OS 14_1 like Mac OS X) AppleWebKit/605.1.15 (KHTML, like Gecko) Version/14.0 Mobile/15E148 Safari/604.1"
93.216.61.155 - - [26/Feb/2021:11:29:15 +0100] "GET /buecher/gesichter.jpg HTTP/1.1" 200 7271 "http://www.morusverlag.de/" "Mozilla/5.0 (iPhone; CPU iPhone OS 14_1 like Mac OS X) AppleWebKit/605.1.15 (KHTML, like Gecko) Version/14.0 Mobile/15E148 Safari/604.1"
93.216.61.155 - - [26/Feb/2021:11:29:15 +0100] "GET /cds/rosarium_k.jpg HTTP/1.1" 200 3972 "http://www.morusverlag.de/" "Mozilla/5.0 (iPhone; CPU iPhone OS 14_1 like Mac OS X) AppleWebKit/605.1.15 (KHTML, like Gecko) Version/14.0 Mobile/15E148 Safari/604.1"
93.216.61.155 - - [26/Feb/2021:11:29:15 +0100] "GET /cds/ignatius_k.jpg HTTP/1.1" 200 3965 "http://www.morusverlag.de/" "Mozilla/5.0 (iPhone; CPU iPhone OS 14_1 like Mac OS X) AppleWebKit/605.1.15 (KHTML, like Gecko) Version/14.0 Mobile/15E148 Safari/604.1"
93.216.61.155 - - [26/Feb/2021:11:29:15 +0100] "GET /cds/hymnos_k.jpg HTTP/1.1" 200 4986 "http://www.morusverlag.de/" "Mozilla/5.0 (iPhone; CPU iPhone OS 14_1 like Mac OS X) AppleWebKit/605.1.15 (KHTML, like Gecko) Version/14.0 Mobile/15E148 Safari/604.1"
93.216.61.155 - - [26/Feb/2021:11:29:15 +0100] "GET /cds/astazi_k.jpg HTTP/1.1" 200 6049 "http://www.morusverlag.de/" "Mozilla/5.0 (iPhone; CPU iPhone OS 14_1 like Mac OS X) AppleWebKit/605.1.15 (KHTML, like Gecko) Version/14.0 Mobile/15E148 Safari/604.1"
93.216.61.155 - - [26/Feb/2021:11:29:15 +0100] "GET /gotteslob.jpg HTTP/1.1" 200 9390 "http://www.morusverlag.de/" "Mozilla/5.0 (iPhone; CPU iPhone OS 14_1 like Mac OS X) AppleWebKit/605.1.15 (KHTML, like Gecko) Version/14.0 Mobile/15E148 Safari/604.1"
93.216.61.155 - - [26/Feb/2021:11:29:15 +0100] "GET /buecher/engel.jpg HTTP/1.1" 200 5414 "http://www.morusverlag.de/" "Mozilla/5.0 (iPhone; CPU iPhone OS 14_1 like Mac OS X) AppleWebKit/605.1.15 (KHTML, like Gecko) Version/14.0 Mobile/15E148 Safari/604.1"
93.216.61.155 - - [26/Feb/2021:11:29:15 +0100] "GET /buecher/chateaubriand.jpg HTTP/1.1" 200 2272 "http://www.morusverlag.de/" "Mozilla/5.0 (iPhone; CPU iPhone OS 14_1 like Mac OS X) AppleWebKit/605.1.15 (KHTML, like Gecko) Version/14.0 Mobile/15E148 Safari/604.1"
93.216.61.155 - - [26/Feb/2021:11:29:15 +0100] "GET /buch_k.jpg HTTP/1.1" 200 4591 "http://www.morusverlag.de/" "Mozilla/5.0 (iPhone; CPU iPhone OS 14_1 like Mac OS X) AppleWebKit/605.1.15 (KHTML, like Gecko) Version/14.0 Mobile/15E148 Safari/604.1"
93.216.61.155 - - [26/Feb/2021:11:29:15 +0100] "GET /strich.gif HTTP/1.1" 200 45 "http://www.morusverlag.de/" "Mozilla/5.0 (iPhone; CPU iPhone OS 14_1 like Mac OS X) AppleWebKit/605.1.15 (KHTML, like Gecko) Version/14.0 Mobile/15E148 Safari/604.1"
93.216.61.155 - - [26/Feb/2021:11:29:15 +0100] "GET /favicon.ico HTTP/1.1" 200 4286 "http://www.morusverlag.de/" "Mozilla/5.0 (iPhone; CPU iPhone OS 14_1 like Mac OS X) AppleWebKit/605.1.15 (KHTML, like Gecko) Version/14.0 Mobile/15E148 Safari/604.1"
93.216.61.155 - - [26/Feb/2021:11:29:33 +0100] "GET /buecher/rezensionen_chateaubriand.html HTTP/1.1" 200 47317 "http://www.morusverlag.de/" "Mozilla/5.0 (iPhone; CPU iPhone OS 14_1 like Mac OS X) AppleWebKit/605.1.15 (KHTML, like Gecko) Version/14.0 Mobile/15E148 Safari/604.1"
93.216.61.155 - - [26/Feb/2021:11:29:33 +0100] "GET /buecher/schenuit.jpg HTTP/1.1" 200 2024 "http://www.morusverlag.de/buecher/rezensionen_chateaubriand.html" "Mozilla/5.0 (iPhone; CPU iPhone OS 14_1 like Mac OS X) AppleWebKit/605.1.15 (KHTML, like Gecko) Version/14.0 Mobile/15E148 Safari/604.1"
93.216.61.155 - - [26/Feb/2021:11:29:33 +0100] "GET /m.gif HTTP/1.1" 200 95 "http://www.morusverlag.de/buecher/rezensionen_chateaubriand.html" "Mozilla/5.0 (iPhone; CPU iPhone OS 14_1 like Mac OS X) AppleWebKit/605.1.15 (KHTML, like Gecko) Version/14.0 Mobile/15E148 Safari/604.1"
144.76.102.243 - - [26/Feb/2021:12:00:21 +0100] "GET /sonderthemen/az2000.pdf HTTP/1.1" 200 2253581 "-" "Mozilla/5.0 (X11; Linux x86_64) AppleWebKit/537.36 (KHTML, like Gecko) Chrome/86.0.4240.198 Safari/537.36"
144.76.102.243 - - [26/Feb/2021:12:00:21 +0100] "GET /sonderthemen/az1999.pdf HTTP/1.1" 200 1842982 "-" "Mozilla/5.0 (Macintosh; Intel Mac OS X 10.14; rv:83.0) Gecko/20100101 Firefox/83.0"
168.119.11.187 - - [26/Feb/2021:12:00:45 +0100] "GET /sonderthemen/az2000.pdf HTTP/1.1" 200 2253581 "-" "Mozilla/5.0 (Windows NT 10.0; WOW64; Trident/7.0; rv:11.0) like Gecko"
168.119.11.187 - - [26/Feb/2021:12:00:48 +0100] "GET /sonderthemen/az1999.pdf HTTP/1.1" 200 1842982 "-" "Mozilla/5.0 (Macintosh; Intel Mac OS X 10.15; rv:84.0) Gecko/20100101 Firefox/84.0"
168.119.69.91 - - [26/Feb/2021:12:10:04 +0100] "GET /sonderthemen/oekt_extra1.pdf HTTP/1.1" 200 1849015 "-" "Mozilla/5.0 (Windows NT 10.0; Win64; x64) AppleWebKit/537.36 (KHTML, like Gecko) Chrome/76.0.3809.100 Safari/537.36"
62.138.2.214 - - [26/Feb/2021:12:15:29 +0100] "GET /robots.txt HTTP/1.1" 200 100 "-" "Mozilla/5.0 (X11; Linux x86_64; rv:81.0) Gecko/20100101 Firefox/81.0"
62.138.2.214 - - [26/Feb/2021:12:15:29 +0100] "GET /jahrbuch/index.html HTTP/1.1" 200 3956 "-" "Mozilla/5.0 (X11; Linux x86_64; rv:81.0) Gecko/20100101 Firefox/81.0"
82.165.49.62 - - [26/Feb/2021:12:17:18 +0100] "GET /.env HTTP/1.1" 404 2381 "-" "Mozlila/5.0 (Linux; Android 7.0; SM-G892A Bulid/NRD90M; wv) AppleWebKit/537.36 (KHTML, like Gecko) Version/4.0 Chrome/60.0.3112.107 Moblie Safari/537.36"
66.249.81.46 - - [26/Feb/2021:12:34:46 +0100] "GET /buecher/gesichter/11.jpg HTTP/1.1" 200 6175 "-" "Mozilla/5.0 (Windows NT 5.1; rv:11.0) Gecko Firefox/11.0 (via ggpht.com GoogleImageProxy)"
195.123.209.118 - - [26/Feb/2021:12:43:15 +0100] "GET / HTTP/1.1" 200 9360 "https://pinup-casino1.ru/" "Mozilla/4.0 (compatible; MSIE 6.0; Windows NT 5.1; KKman2.0)"
195.123.209.118 - - [26/Feb/2021:12:43:16 +0100] "GET / HTTP/1.1" 200 9360 "https://pinup-casino1.ru/" "Mozilla/4.0 (compatible; MSIE 6.0; Windows NT 5.1; KKman2.0)"
195.123.209.118 - - [26/Feb/2021:12:43:16 +0100] "GET / HTTP/1.1" 200 9360 "https://pinup-casino1.ru/" "Mozilla/4.0 (compatible; MSIE 6.0; Windows NT 5.1; KKman2.0)"
193.124.190.18 - - [26/Feb/2021:13:03:11 +0100] "HEAD / HTTP/1.1" 200 - "https://textodrom.net/dom/281-kak-pochistit-duhovku-i-protiven-bez-bytovoy-himii.html" "Mozilla/8.0 (compatible; MSIE3.00; Windows 2005)"
62.138.2.214 - - [26/Feb/2021:13:24:32 +0100] "GET /robots.txt HTTP/1.1" 200 100 "-" "Mozilla/5.0 (X11; Linux x86_64; rv:81.0) Gecko/20100101 Firefox/81.0"
62.138.2.214 - - [26/Feb/2021:13:24:32 +0100] "GET /buecher/index.html HTTP/1.1" 200 25885 "-" "Mozilla/5.0 (X11; Linux x86_64; rv:81.0) Gecko/20100101 Firefox/81.0"
62.138.2.214 - - [26/Feb/2021:13:49:40 +0100] "GET /cds/index.html HTTP/1.1" 200 7987 "-" "Mozilla/5.0 (X11; Linux x86_64; rv:81.0) Gecko/20100101 Firefox/81.0"
157.55.39.184 - - [26/Feb/2021:14:04:12 +0100] "GET /sonderthemen/sk2002.pdf HTTP/1.1" 304 - "-" "Mozilla/5.0 (compatible; bingbot/2.0; +http://www.bing.com/bingbot.htm)"
62.138.2.214 - - [26/Feb/2021:14:59:49 +0100] "GET /buecher/rezensionen_chateaubriand.html HTTP/1.1" 200 47317 "-" "Mozilla/5.0 (X11; Linux x86_64; rv:81.0) Gecko/20100101 Firefox/81.0"
84.164.251.32 - - [26/Feb/2021:15:11:25 +0100] "GET /sonderthemen/oeaz2002.pdf HTTP/1.1" 200 3161455 "https://www.google.com/" "Mozilla/5.0 (Windows NT 10.0; Win64; x64) AppleWebKit/537.36 (KHTML, like Gecko) Chrome/88.0.4324.182 Safari/537.36"
84.164.251.32 - - [26/Feb/2021:15:12:32 +0100] "GET /favicon.ico HTTP/1.1" 200 4286 "http://www.morusverlag.de/sonderthemen/oeaz2002.pdf" "Mozilla/5.0 (Windows NT 10.0; Win64; x64) AppleWebKit/537.36 (KHTML, like Gecko) Chrome/88.0.4324.182 Safari/537.36"
17.58.103.231 - - [26/Feb/2021:15:24:09 +0100] "GET /buecher/rezensionen_chateaubriand.html HTTP/1.1" 200 47317 "-" "Mozilla/5.0 (Macintosh; Intel Mac OS X 10_15_5) AppleWebKit/605.1.15 (KHTML, like Gecko) Version/13.1.1 Safari/605.1.15 (Applebot/0.1; +http://www.apple.com/go/applebot)"
13.66.139.6 - - [26/Feb/2021:15:58:27 +0100] "GET /buecher/gesichter/18.jpg HTTP/1.1" 200 8757 "-" "Mozilla/5.0 (compatible; bingbot/2.0; +http://www.bing.com/bingbot.htm)"
77.75.77.54 - - [26/Feb/2021:16:00:57 +0100] "GET /robots.txt HTTP/1.1" 200 100 "-" "Mozilla/5.0 (compatible; SeznamBot/3.2; +http://napoveda.seznam.cz/en/seznambot-intro/)"
77.75.77.54 - - [26/Feb/2021:16:00:57 +0100] "GET /cds/astazi.html HTTP/1.1" 304 - "-" "Mozilla/5.0 (compatible; SeznamBot/3.2; +http://napoveda.seznam.cz/en/seznambot-intro/)"
77.75.77.54 - - [26/Feb/2021:16:00:57 +0100] "GET /jahrbuch/index.html HTTP/1.1" 304 - "-" "Mozilla/5.0 (compatible; SeznamBot/3.2; +http://napoveda.seznam.cz/en/seznambot-intro/)"
194.173.174.10 - - [26/Feb/2021:16:14:22 +0100] "HEAD / HTTP/1.1" 200 - "-" "Mozilla/5.0 (Windows NT 6.3; WOW64) AppleWebKit/537.36 (KHTML, like Gecko) Chrome/43.0.2357.134 Safari/537.36"
17.58.103.231 - - [26/Feb/2021:16:16:36 +0100] "GET /buecher/rezensionen_ungeteilt.html HTTP/1.1" 200 9764 "-" "Mozilla/5.0 (Macintosh; Intel Mac OS X 10_15_5) AppleWebKit/605.1.15 (KHTML, like Gecko) Version/13.1.1 Safari/605.1.15 (Applebot/0.1; +http://www.apple.com/go/applebot)"
88.198.36.62 - - [26/Feb/2021:16:26:33 +0100] "GET /sonderthemen/az1999.pdf HTTP/1.1" 200 1842982 "-" "Mozilla/5.0 (Macintosh; Intel Mac OS X 10_14_6) AppleWebKit/605.1.15 (KHTML, like Gecko) Version/14.0.1 Safari/605.1.15"
178.63.51.106 - - [26/Feb/2021:16:45:15 +0100] "GET /sonderthemen/az1999.pdf HTTP/1.1" 200 1842982 "-" "Mozilla/5.0 (Windows NT 10.0; Win64; x64) AppleWebKit/537.36 (KHTML, like Gecko) Chrome/85.0.4183.121 Safari/537.36"
168.119.11.187 - - [26/Feb/2021:16:45:10 +0100] "GET /sonderthemen/az1999.pdf HTTP/1.1" 200 1842982 "-" "Mozilla/5.0 (X11; Linux x86_64) AppleWebKit/537.36 (KHTML, like Gecko) Chrome/87.0.4280.66 Safari/537.36"
13.66.139.132 - - [26/Feb/2021:16:50:05 +0100] "GET /buecher/gesichter/04.jpg HTTP/1.1" 200 7078 "-" "Mozilla/5.0 (compatible; bingbot/2.0; +http://www.bing.com/bingbot.htm)"
212.86.109.31 - - [26/Feb/2021:16:50:22 +0100] "HEAD / HTTP/1.1" 200 - "https://www.opentown.org/regions" "Mozilla/5.0 (compatible; MSIE4.00; Windows 2005)"
185.209.20.147 - - [26/Feb/2021:16:50:22 +0100] "HEAD / HTTP/1.1" 200 - "https://volga.news/work-staff" "Mozilla/8.0 (compatible; MSIE3.00; Windows 2005)"
185.203.240.129 - - [26/Feb/2021:16:50:22 +0100] "HEAD / HTTP/1.1" 200 - "https://region35.ru/cat_movie.php" "Mozilla/3.0 (compatible; MSIE6.00; Windows 2007)"
77.220.215.153 - - [26/Feb/2021:16:50:23 +0100] "HEAD / HTTP/1.1" 200 - "http://makrab.news/?m_ob=TPS&m_id=1" "Mozilla/6.0 (compatible; MSIE4.00; Windows 2005)"
85.209.89.217 - - [26/Feb/2021:16:50:23 +0100] "HEAD / HTTP/1.1" 200 - "https://elite-skill.ru/category/%d0%be%d1%81%d0%be%d0%b7%d0%bd%d0%b0%d0%bd%d0%bd%d1%8b%d0%b5-%d1%81%d0%bd%d0%be%d0%b2%d0%b8%d0%b4%d0%b5%d0%bd%d0%b8%d1%8f/" "Mozilla/3.0 (compatible; MSIE6.00; Windows 2004)"
85.209.89.224 - - [26/Feb/2021:16:50:23 +0100] "HEAD / HTTP/1.1" 200 - "https://www.samara-airport.com/news/vmestitelnyie-i-udobnyie-taksi-v-samare-miniven,-dlya-komfortnoj-poezdki-na-dalnie-rasstoyaniya.html" "Mozilla/5.0 (compatible; MSIE6.00; Windows 2006)"
185.224.132.45 - - [26/Feb/2021:16:51:47 +0100] "HEAD / HTTP/1.1" 200 - "http://lesorubles.ru/" "Mozilla/6.0 (compatible; MSIE4.00; Windows 2004)"
85.209.89.205 - - [26/Feb/2021:16:52:50 +0100] "HEAD / HTTP/1.1" 200 - "https://ohitalia.ru/" "Mozilla/6.0 (compatible; MSIE5.00; Windows 2003)"
45.132.107.248 - - [26/Feb/2021:16:53:11 +0100] "HEAD / HTTP/1.1" 200 - "https://coronaviruswiki.ru/" "Mozilla/8.0 (compatible; MSIE4.00; Windows 2003)"
185.241.52.68 - - [26/Feb/2021:16:53:41 +0100] "HEAD / HTTP/1.1" 200 - "https://krymmedtrans.ru/" "Mozilla/2.0 (compatible; MSIE5.00; Windows 2009)"
85.209.89.241 - - [26/Feb/2021:16:56:24 +0100] "HEAD / HTTP/1.1" 200 - "https://centraltv.net/" "Mozilla/5.0 (compatible; MSIE3.00; Windows 2009)"
85.209.89.216 - - [26/Feb/2021:16:56:24 +0100] "HEAD / HTTP/1.1" 200 - "https://inspina.ru/" "Mozilla/7.0 (compatible; MSIE3.00; Windows 2007)"
62.138.2.214 - - [26/Feb/2021:16:57:22 +0100] "GET /robots.txt HTTP/1.1" 200 100 "-" "Mozilla/5.0 (X11; Linux x86_64; rv:81.0) Gecko/20100101 Firefox/81.0"
62.138.2.214 - - [26/Feb/2021:16:57:22 +0100] "GET /buecher/veroeffentlichungsliste.html HTTP/1.1" 200 129779 "-" "Mozilla/5.0 (X11; Linux x86_64; rv:81.0) Gecko/20100101 Firefox/81.0"
66.249.76.234 - - [26/Feb/2021:16:57:50 +0100] "GET /robots.txt HTTP/1.1" 200 100 "-" "Mozilla/5.0 (compatible; Googlebot/2.1; +http://www.google.com/bot.html)"
66.249.76.236 - - [26/Feb/2021:16:57:50 +0100] "GET /cds/hymnos_heft.jpg HTTP/1.1" 304 - "-" "Googlebot-Image/1.0"
77.75.79.62 - - [26/Feb/2021:17:00:44 +0100] "GET /robots.txt HTTP/1.1" 200 100 "-" "Mozilla/5.0 (compatible; SeznamBot/3.2; +http://napoveda.seznam.cz/en/seznambot-intro/)"
77.75.79.62 - - [26/Feb/2021:17:00:44 +0100] "GET /buecher/index.html HTTP/1.1" 200 25885 "-" "Mozilla/5.0 (compatible; SeznamBot/3.2; +http://napoveda.seznam.cz/en/seznambot-intro/)"
66.249.76.236 - - [26/Feb/2021:17:02:44 +0100] "GET /jahrbuch/titelseiten/1957.jpg HTTP/1.1" 200 12765 "-" "Googlebot-Image/1.0"
13.66.139.132 - - [26/Feb/2021:17:15:18 +0100] "GET /buecher/rezensionen_le_saulchoir.html HTTP/1.1" 200 34009 "-" "Mozilla/5.0 (compatible; bingbot/2.0; +http://www.bing.com/bingbot.htm)"
13.66.139.37 - - [26/Feb/2021:17:38:43 +0100] "GET /buecher/gesichter/24.jpg HTTP/1.1" 200 8021 "-" "Mozilla/5.0 (compatible; bingbot/2.0; +http://www.bing.com/bingbot.htm)"
13.66.139.37 - - [26/Feb/2021:17:43:43 +0100] "GET /buecher/gesichter/02.jpg HTTP/1.1" 200 9266 "-" "Mozilla/5.0 (compatible; bingbot/2.0; +http://www.bing.com/bingbot.htm)"
168.119.69.91 - - [26/Feb/2021:18:00:32 +0100] "GET /sonderthemen/az2003.pdf HTTP/1.1" 200 4864675 "-" "Mozilla/5.0 (Windows NT 10.0; Win64; x64; rv:82.0) Gecko/20100101 Firefox/82.0"
66.249.76.234 - - [26/Feb/2021:18:15:06 +0100] "GET /cds/hymnos.jpg HTTP/1.1" 304 - "-" "Googlebot-Image/1.0"
77.75.78.168 - - [26/Feb/2021:18:52:12 +0100] "GET /robots.txt HTTP/1.1" 200 100 "-" "Mozilla/5.0 (compatible; SeznamBot/3.2; +http://napoveda.seznam.cz/en/seznambot-intro/)"
77.75.78.168 - - [26/Feb/2021:18:52:13 +0100] "GET /gotteslob/index.html HTTP/1.1" 304 - "-" "Mozilla/5.0 (compatible; SeznamBot/3.2; +http://napoveda.seznam.cz/en/seznambot-intro/)"
62.138.2.214 - - [26/Feb/2021:19:34:30 +0100] "GET /jahrbuch/titelseiten/index.html HTTP/1.1" 200 6735 "-" "Mozilla/5.0 (X11; Linux x86_64; rv:81.0) Gecko/20100101 Firefox/81.0"
46.4.83.150 - - [26/Feb/2021:19:38:21 +0100] "GET /impressum.html HTTP/1.1" 200 2808 "-" "Mozilla/5.0 (Macintosh; Intel Mac OS X 10_13_6) AppleWebKit/537.36 (KHTML, like Gecko) Chrome/87.0.4280.67 Safari/537.36"
46.4.83.150 - - [26/Feb/2021:19:38:23 +0100] "GET /kontakt/index.html HTTP/1.1" 200 2896 "-" "Mozilla/5.0 (Windows NT 6.1; Win64; x64) AppleWebKit/537.36 (KHTML, like Gecko) Chrome/86.0.4240.198 Safari/537.36"
46.4.83.150 - - [26/Feb/2021:19:38:37 +0100] "GET / HTTP/1.1" 200 9360 "-" "Mozilla/5.0 (Macintosh; Intel Mac OS X 10.15; rv:84.0) Gecko/20100101 Firefox/84.0"
46.4.83.150 - - [26/Feb/2021:19:38:55 +0100] "GET /cds/rosarium.html HTTP/1.1" 200 6680 "-" "Mozilla/5.0 (Macintosh; Intel Mac OS X 10_15_6) AppleWebKit/537.36 (KHTML, like Gecko) Chrome/86.0.4240.198 Safari/537.36"
46.4.83.150 - - [26/Feb/2021:19:38:55 +0100] "GET /sonderthemen/index.html HTTP/1.1" 200 7102 "-" "Mozilla/5.0 (Windows NT 10.0; Win64; x64) AppleWebKit/537.36 (KHTML, like Gecko) Chrome/76.0.3809.100 Safari/537.36"
46.4.83.150 - - [26/Feb/2021:19:38:55 +0100] "GET /buecher/veroeffentlichungsliste.html HTTP/1.1" 200 129779 "-" "Mozilla/5.0 (Macintosh; Intel Mac OS X 10_15_7) AppleWebKit/605.1.15 (KHTML, like Gecko) Version/14.0.1 Safari/605.1.15"
46.4.83.150 - - [26/Feb/2021:19:38:56 +0100] "GET /jahrbuch/index.html HTTP/1.1" 200 3956 "-" "Mozilla/5.0 (Macintosh; Intel Mac OS X 10_15_6) AppleWebKit/605.1.15 (KHTML, like Gecko) Version/14.0 Safari/605.1.15"
46.4.83.150 - - [26/Feb/2021:19:38:56 +0100] "GET /buecher/index.html HTTP/1.1" 200 25885 "-" "Mozilla/5.0 (Macintosh; Intel Mac OS X 10_15_6) AppleWebKit/605.1.15 (KHTML, like Gecko) Version/14.0.1 Safari/605.1.15"
46.4.83.150 - - [26/Feb/2021:19:38:56 +0100] "GET /cds/ignatius.html HTTP/1.1" 200 6576 "-" "Mozilla/5.0 (Macintosh; Intel Mac OS X 10_15_7) AppleWebKit/605.1.15 (KHTML, like Gecko) Version/14.0 Safari/605.1.15"
46.4.83.150 - - [26/Feb/2021:19:38:56 +0100] "GET /cds/index.html HTTP/1.1" 200 7987 "-" "Mozilla/5.0 (Windows NT 10.0; Win64; x64) AppleWebKit/537.36 (KHTML, like Gecko) Chrome/87.0.4280.88 Safari/537.36"
46.4.83.150 - - [26/Feb/2021:19:39:20 +0100] "GET /cds/hymnos_akathistos.html HTTP/1.1" 200 11061 "-" "Mozilla/5.0 (Macintosh; Intel Mac OS X 10.14; rv:83.0) Gecko/20100101 Firefox/83.0"
46.4.83.150 - - [26/Feb/2021:19:39:24 +0100] "GET /gotteslob/index.html HTTP/1.1" 200 2770 "-" "Mozilla/5.0 (Macintosh; Intel Mac OS X 10_15_6) AppleWebKit/537.36 (KHTML, like Gecko) Chrome/87.0.4280.67 Safari/537.36"
46.4.83.150 - - [26/Feb/2021:19:39:27 +0100] "GET /index.html HTTP/1.1" 200 9360 "-" "Mozilla/5.0 (Windows NT 10.0; Win64; x64) AppleWebKit/537.36 (KHTML, like Gecko) Chrome/87.0.4280.66 Safari/537.36 Edg/87.0.664.41"
46.4.83.150 - - [26/Feb/2021:19:39:28 +0100] "GET /cds/glockenspiel1.html HTTP/1.1" 200 9736 "-" "Mozilla/5.0 (Windows NT 10.0; Win64; x64; rv:78.0) Gecko/20100101 Firefox/78.0"
46.4.83.150 - - [26/Feb/2021:19:39:28 +0100] "GET /buecher/diskussion.html HTTP/1.1" 200 9925 "-" "Mozilla/5.0 (Windows NT 10.0; Win64; x64; rv:78.0) Gecko/20100101 Firefox/78.0"
46.4.83.150 - - [26/Feb/2021:19:39:28 +0100] "GET /cds/astazi.html HTTP/1.1" 200 8453 "-" "Mozilla/5.0 (Macintosh; Intel Mac OS X 10.15; rv:82.0) Gecko/20100101 Firefox/82.0"
46.4.83.150 - - [26/Feb/2021:19:39:28 +0100] "GET /buecher/bestellung.php HTTP/1.1" 200 10142 "-" "Mozilla/5.0 (Macintosh; Intel Mac OS X 11_1_0) AppleWebKit/537.36 (KHTML, like Gecko) Chrome/87.0.4280.88 Safari/537.36"
46.4.83.150 - - [26/Feb/2021:19:39:28 +0100] "GET /jahrbuch/bestellung.php HTTP/1.1" 200 10316 "-" "Mozilla/5.0 (X11; Linux x86_64; rv:78.0) Gecko/20100101 Firefox/78.0"
46.4.83.150 - - [26/Feb/2021:19:39:28 +0100] "GET /cds/lumina.html HTTP/1.1" 200 9000 "-" "Mozilla/5.0 (Windows NT 10.0; Win64; x64) AppleWebKit/537.36 (KHTML, like Gecko) Chrome/86.0.4240.198 Safari/537.36 OPR/72.0.3815.400"
46.4.83.150 - - [26/Feb/2021:19:39:28 +0100] "GET /cds/glockenspiel2.html HTTP/1.1" 200 9831 "-" "Mozilla/5.0 (Macintosh; Intel Mac OS X 10.14; rv:82.0) Gecko/20100101 Firefox/82.0"
46.4.83.150 - - [26/Feb/2021:19:39:28 +0100] "GET /jahrbuch/titelseiten/index.html HTTP/1.1" 200 6735 "-" "Mozilla/5.0 (Macintosh; Intel Mac OS X 10_14_6) AppleWebKit/605.1.15 (KHTML, like Gecko) Version/14.0.1 Safari/605.1.15"
46.4.83.150 - - [26/Feb/2021:19:39:29 +0100] "GET /sonderthemen/archiv.html HTTP/1.1" 200 6959 "-" "Mozilla/5.0 (Macintosh; Intel Mac OS X 10_14_6) AppleWebKit/537.36 (KHTML, like Gecko) Chrome/86.0.4240.198 Safari/537.36"
46.4.83.150 - - [26/Feb/2021:19:39:29 +0100] "GET /sonderthemen/index.html HTTP/1.1" 200 7102 "-" "Mozilla/5.0 (Macintosh; Intel Mac OS X 10_14_6) AppleWebKit/537.36 (KHTML, like Gecko) Chrome/87.0.4280.88 Safari/537.36"
46.4.83.150 - - [26/Feb/2021:19:39:29 +0100] "GET /sonderthemen/presse.html HTTP/1.1" 200 5772 "-" "Mozilla/5.0 (X11; Linux x86_64; rv:82.0) Gecko/20100101 Firefox/82.0"
46.4.83.150 - - [26/Feb/2021:19:39:34 +0100] "GET /cds/glockenspiel2.html HTTP/1.1" 200 9831 "-" "Mozilla/5.0 (X11; Ubuntu; Linux x86_64; rv:82.0) Gecko/20100101 Firefox/82.0"
46.4.83.150 - - [26/Feb/2021:19:39:37 +0100] "GET /jahrbuch/titelseiten/index.html HTTP/1.1" 200 6735 "-" "Mozilla/5.0 (Macintosh; Intel Mac OS X 10_14_6) AppleWebKit/605.1.15 (KHTML, like Gecko) Version/14.0.1 Safari/605.1.15"
144.76.162.206 - - [26/Feb/2021:19:49:16 +0100] "GET /sonderthemen/oeaz2002.pdf HTTP/1.1" 200 3161455 "-" "Mozilla/5.0 (Windows NT 10.0; Win64; x64) AppleWebKit/537.36 (KHTML, like Gecko) Chrome/87.0.4280.67 Safari/537.36 Edg/87.0.664.47"
77.75.77.32 - - [26/Feb/2021:20:33:14 +0100] "GET /robots.txt HTTP/1.1" 200 100 "-" "Mozilla/5.0 (compatible; SeznamBot/3.2; +http://napoveda.seznam.cz/en/seznambot-intro/)"
77.75.77.32 - - [26/Feb/2021:20:33:15 +0100] "GET /cds/hymnos_akathistos.html HTTP/1.1" 304 - "-" "Mozilla/5.0 (compatible; SeznamBot/3.2; +http://napoveda.seznam.cz/en/seznambot-intro/)"
62.138.2.214 - - [26/Feb/2021:20:34:47 +0100] "GET /jahrbuch/bestellung.php HTTP/1.1" 200 10316 "-" "Mozilla/5.0 (X11; Linux x86_64; rv:81.0) Gecko/20100101 Firefox/81.0"
216.18.204.198 - - [26/Feb/2021:20:52:01 +0100] "GET /sonderthemen/akademieprogramm/03/pro_zei_03_s15.pdf HTTP/1.1" 404 2381 "http://www.morusverlag.de/" "Mozilla/5.0 (compatible; Adsbot/3.1)"
216.18.204.198 - - [26/Feb/2021:20:52:09 +0100] "GET /sonderthemen/akademieprogramm/04/pro_zei_04_s15.pdf HTTP/1.1" 404 2381 "http://www.morusverlag.de/" "Mozilla/5.0 (compatible; Adsbot/3.1)"
62.138.2.214 - - [26/Feb/2021:21:04:53 +0100] "GET /index.html HTTP/1.1" 200 9360 "-" "Mozilla/5.0 (X11; Linux x86_64; rv:81.0) Gecko/20100101 Firefox/81.0"
62.138.2.214 - - [26/Feb/2021:21:19:47 +0100] "GET /robots.txt HTTP/1.1" 200 100 "-" "Mozilla/5.0 (X11; Linux x86_64; rv:81.0) Gecko/20100101 Firefox/81.0"
62.138.2.214 - - [26/Feb/2021:21:19:47 +0100] "GET /buecher/rezension_gesichter_u_geschichten.pdf HTTP/1.1" 200 223287 "-" "Mozilla/5.0 (X11; Linux x86_64; rv:81.0) Gecko/20100101 Firefox/81.0"
62.138.2.214 - - [26/Feb/2021:21:30:28 +0100] "GET /robots.txt HTTP/1.1" 200 100 "-" "Mozilla/5.0 (X11; Linux x86_64; rv:81.0) Gecko/20100101 Firefox/81.0"
62.138.2.214 - - [26/Feb/2021:21:30:28 +0100] "GET /buecher/rezensionen_le_saulchoir.html HTTP/1.1" 200 34009 "-" "Mozilla/5.0 (X11; Linux x86_64; rv:81.0) Gecko/20100101 Firefox/81.0"
62.138.2.214 - - [26/Feb/2021:21:46:28 +0100] "GET /buecher/rezensionen_krise_zum_heil.html HTTP/1.1" 200 9828 "-" "Mozilla/5.0 (X11; Linux x86_64; rv:81.0) Gecko/20100101 Firefox/81.0"
62.138.2.214 - - [26/Feb/2021:21:53:16 +0100] "GET /cds/glockenspiel2.html HTTP/1.1" 200 9831 "-" "Mozilla/5.0 (X11; Linux x86_64; rv:81.0) Gecko/20100101 Firefox/81.0"
168.119.11.187 - - [26/Feb/2021:21:55:48 +0100] "GET /sonderthemen/az2000.pdf HTTP/1.1" 200 2253581 "-" "Mozilla/5.0 (X11; Ubuntu; Linux x86_64; rv:84.0) Gecko/20100101 Firefox/84.0"
62.138.2.214 - - [26/Feb/2021:22:08:15 +0100] "GET /cds/glockenspiel1.html HTTP/1.1" 200 9736 "-" "Mozilla/5.0 (X11; Linux x86_64; rv:81.0) Gecko/20100101 Firefox/81.0"
62.138.2.214 - - [26/Feb/2021:22:24:59 +0100] "GET /buecher/bestellung.php HTTP/1.1" 200 10142 "-" "Mozilla/5.0 (X11; Linux x86_64; rv:81.0) Gecko/20100101 Firefox/81.0"
62.138.2.214 - - [26/Feb/2021:22:38:59 +0100] "GET /buecher/rezensionen_preysing.html HTTP/1.1" 200 9502 "-" "Mozilla/5.0 (X11; Linux x86_64; rv:81.0) Gecko/20100101 Firefox/81.0"
62.138.2.214 - - [26/Feb/2021:22:44:49 +0100] "GET /buecher/rezensionen_engel.html HTTP/1.1" 200 6598 "-" "Mozilla/5.0 (X11; Linux x86_64; rv:81.0) Gecko/20100101 Firefox/81.0"
78.46.94.83 - - [26/Feb/2021:22:53:23 +0100] "GET /sonderthemen/oekt_extra3.pdf HTTP/1.1" 200 2109745 "-" "Mozilla/5.0 (Windows NT 6.3; Win64; x64) AppleWebKit/537.36 (KHTML, like Gecko) Chrome/87.0.4280.88 Safari/537.36"
78.46.94.83 - - [26/Feb/2021:22:53:24 +0100] "GET /sonderthemen/oekz2003.pdf HTTP/1.1" 200 4017017 "-" "Mozilla/5.0 (Macintosh; Intel Mac OS X 11_0_1) AppleWebKit/537.36 (KHTML, like Gecko) Chrome/87.0.4280.88 Safari/537.36"
168.119.69.91 - - [26/Feb/2021:22:53:25 +0100] "GET /sonderthemen/oekt_extra3.pdf HTTP/1.1" 200 2109745 "-" "Mozilla/5.0 (Macintosh; Intel Mac OS X 10_15_6) AppleWebKit/605.1.15 (KHTML, like Gecko) Version/13.1.2 Safari/605.1.15"
168.119.69.91 - - [26/Feb/2021:22:53:25 +0100] "GET /sonderthemen/oekz2003.pdf HTTP/1.1" 200 4017017 "-" "Mozilla/5.0 (Windows NT 10.0; Win64; x64) AppleWebKit/537.36 (KHTML, like Gecko) Chrome/86.0.4240.198 Safari/537.36 Edg/86.0.622.69"
178.63.51.106 - - [26/Feb/2021:22:53:55 +0100] "GET /sonderthemen/oekt_extra3.pdf HTTP/1.1" 200 2109745 "-" "Mozilla/5.0 (Windows NT 10.0; Win64; x64; rv:82.0) Gecko/20100101 Firefox/82.0"
178.63.51.106 - - [26/Feb/2021:22:53:54 +0100] "GET /sonderthemen/oekz2003.pdf HTTP/1.1" 200 4017017 "-" "Mozilla/5.0 (Windows NT 6.1; Win64; x64) AppleWebKit/537.36 (KHTML, like Gecko) Chrome/86.0.4240.198 Safari/537.36"
178.63.51.106 - - [26/Feb/2021:22:53:37 +0100] "GET /sonderthemen/oekt_extra3.pdf HTTP/1.1" 200 2109745 "-" "Mozilla/5.0 (Macintosh; Intel Mac OS X 11_0_1) AppleWebKit/537.36 (KHTML, like Gecko) Chrome/87.0.4280.88 Safari/537.36"
62.138.2.214 - - [26/Feb/2021:22:54:34 +0100] "GET /buecher/rezensionen_psalmen.html HTTP/1.1" 200 6787 "-" "Mozilla/5.0 (X11; Linux x86_64; rv:81.0) Gecko/20100101 Firefox/81.0"
62.138.2.214 - - [26/Feb/2021:23:00:40 +0100] "GET /buecher/diskussion.html HTTP/1.1" 200 9925 "-" "Mozilla/5.0 (X11; Linux x86_64; rv:81.0) Gecko/20100101 Firefox/81.0"
62.138.2.214 - - [26/Feb/2021:23:06:53 +0100] "GET /cds/astazi.html HTTP/1.1" 200 8453 "-" "Mozilla/5.0 (X11; Linux x86_64; rv:81.0) Gecko/20100101 Firefox/81.0"
13.66.139.132 - - [26/Feb/2021:23:07:31 +0100] "GET /buecher/gesichter/06.jpg HTTP/1.1" 200 8732 "-" "Mozilla/5.0 (compatible; bingbot/2.0; +http://www.bing.com/bingbot.htm)"
62.138.2.214 - - [26/Feb/2021:23:21:42 +0100] "GET /cds/lumina.html HTTP/1.1" 200 9000 "-" "Mozilla/5.0 (X11; Linux x86_64; rv:81.0) Gecko/20100101 Firefox/81.0"
62.138.2.214 - - [26/Feb/2021:23:29:46 +0100] "GET /cds/rosarium.html HTTP/1.1" 200 6680 "-" "Mozilla/5.0 (X11; Linux x86_64; rv:81.0) Gecko/20100101 Firefox/81.0"
178.63.51.106 - - [26/Feb/2021:23:31:41 +0100] "GET /buecher/veroeffentlichungsliste.html HTTP/1.1" 200 129779 "-" "Mozilla/5.0 (X11; Ubuntu; Linux x86_64; rv:83.0) Gecko/20100101 Firefox/83.0"
114.119.152.204 - - [26/Feb/2021:23:33:32 +0100] "GET /robots.txt HTTP/1.1" 200 100 "-" "(compatible;PetalBot;+https://aspiegel.com/petalbot)"
62.138.2.214 - - [26/Feb/2021:23:35:30 +0100] "GET /cds/hymnos_akathistos.html HTTP/1.1" 200 11061 "-" "Mozilla/5.0 (X11; Linux x86_64; rv:81.0) Gecko/20100101 Firefox/81.0"
78.46.90.120 - - [26/Feb/2021:23:36:38 +0100] "GET /buecher/veroeffentlichungsliste.html HTTP/1.1" 200 129779 "-" "Mozilla/5.0 (Windows NT 6.3; Win64; x64; rv:83.0) Gecko/20100101 Firefox/83.0"
62.138.2.214 - - [26/Feb/2021:23:40:43 +0100] "GET /impressum.html HTTP/1.1" 200 2808 "-" "Mozilla/5.0 (X11; Linux x86_64; rv:81.0) Gecko/20100101 Firefox/81.0"
13.66.139.37 - - [26/Feb/2021:23:50:44 +0100] "GET /buecher/gesichter/01.jpg HTTP/1.1" 200 7981 "-" "Mozilla/5.0 (compatible; bingbot/2.0; +http://www.bing.com/bingbot.htm)"
62.138.2.214 - - [27/Feb/2021:00:03:35 +0100] "GET /sonderthemen/index.html HTTP/1.1" 200 7102 "-" "Mozilla/5.0 (X11; Linux x86_64; rv:81.0) Gecko/20100101 Firefox/81.0"
62.138.2.214 - - [27/Feb/2021:00:19:49 +0100] "GET /kontakt/index.html HTTP/1.1" 200 2896 "-" "Mozilla/5.0 (X11; Linux x86_64; rv:81.0) Gecko/20100101 Firefox/81.0"
62.138.2.214 - - [27/Feb/2021:00:30:31 +0100] "GET /cds/ignatius.html HTTP/1.1" 200 6576 "-" "Mozilla/5.0 (X11; Linux x86_64; rv:81.0) Gecko/20100101 Firefox/81.0"
