88.198.43.207 - - [22/Feb/2021:20:12:19 +0100] "GET /sonderthemen/oekz2003.pdf HTTP/1.1" 200 4017017 "-" "Mozilla/5.0 (Macintosh; Intel Mac OS X 11_0_0) AppleWebKit/537.36 (KHTML, like Gecko) Chrome/86.0.4240.198 Safari/537.36"
78.46.94.83 - - [22/Feb/2021:20:28:32 +0100] "GET /buecher/ HTTP/1.1" 200 25885 "-" "Mozilla/5.0 (Macintosh; Intel Mac OS X 10_14_6) AppleWebKit/605.1.15 (KHTML, like Gecko) Version/14.0.1 Safari/605.1.15"
88.198.90.9 - - [22/Feb/2021:20:28:46 +0100] "GET /buecher/ HTTP/1.1" 200 25885 "-" "Mozilla/5.0 (Windows NT 10.0; WOW64) AppleWebKit/537.36 (KHTML, like Gecko) Chrome/86.0.4240.198 Safari/537.36"
88.198.90.9 - - [22/Feb/2021:20:29:01 +0100] "GET /buecher/ HTTP/1.1" 200 25885 "-" "Mozilla/5.0 (Macintosh; Intel Mac OS X 10.15; rv:84.0) Gecko/20100101 Firefox/84.0"
78.46.90.120 - - [22/Feb/2021:20:39:11 +0100] "GET /sonderthemen/sk2004.pdf HTTP/1.1" 200 1967215 "-" "Mozilla/5.0 (Windows NT 6.3; Win64; x64; rv:83.0) Gecko/20100101 Firefox/83.0"
78.46.90.120 - - [22/Feb/2021:20:39:11 +0100] "GET /sonderthemen/oeaz2001.pdf HTTP/1.1" 200 4496626 "-" "Mozilla/5.0 (X11; Linux x86_64; rv:82.0) Gecko/20100101 Firefox/82.0"
178.121.80.46 - - [22/Feb/2021:20:50:41 +0100] "GET / HTTP/1.1" 200 9360 "https://www.google.com/" "Mozilla/5.0 (Windows NT 10.0; Win64; x64) AppleWebKit/537.36 (KHTML, like Gecko) Chrome/88.0.4324.182 Safari/537.36"
178.121.80.46 - - [22/Feb/2021:20:50:41 +0100] "GET /main.css HTTP/1.1" 200 1439 "http://www.morusverlag.de/" "Mozilla/5.0 (Windows NT 10.0; Win64; x64) AppleWebKit/537.36 (KHTML, like Gecko) Chrome/88.0.4324.182 Safari/537.36"
178.121.80.46 - - [22/Feb/2021:20:50:41 +0100] "GET /logo_g.gif HTTP/1.1" 200 1301 "http://www.morusverlag.de/" "Mozilla/5.0 (Windows NT 10.0; Win64; x64) AppleWebKit/537.36 (KHTML, like Gecko) Chrome/88.0.4324.182 Safari/537.36"
178.121.80.46 - - [22/Feb/2021:20:50:41 +0100] "GET /mv_g.gif HTTP/1.1" 200 4070 "http://www.morusverlag.de/" "Mozilla/5.0 (Windows NT 10.0; Win64; x64) AppleWebKit/537.36 (KHTML, like Gecko) Chrome/88.0.4324.182 Safari/537.36"
178.121.80.46 - - [22/Feb/2021:20:50:41 +0100] "GET /mv_gr_w.gif HTTP/1.1" 200 2005 "http://www.morusverlag.de/" "Mozilla/5.0 (Windows NT 10.0; Win64; x64) AppleWebKit/537.36 (KHTML, like Gecko) Chrome/88.0.4324.182 Safari/537.36"
178.121.80.46 - - [22/Feb/2021:20:50:41 +0100] "GET /pf.gif HTTP/1.1" 200 62 "http://www.morusverlag.de/" "Mozilla/5.0 (Windows NT 10.0; Win64; x64) AppleWebKit/537.36 (KHTML, like Gecko) Chrome/88.0.4324.182 Safari/537.36"
178.121.80.46 - - [22/Feb/2021:20:50:41 +0100] "GET /jahrbuch_k.jpg HTTP/1.1" 200 3719 "http://www.morusverlag.de/" "Mozilla/5.0 (Windows NT 10.0; Win64; x64) AppleWebKit/537.36 (KHTML, like Gecko) Chrome/88.0.4324.182 Safari/537.36"
178.121.80.46 - - [22/Feb/2021:20:50:41 +0100] "GET /buecher/gesichter.jpg HTTP/1.1" 200 7271 "http://www.morusverlag.de/" "Mozilla/5.0 (Windows NT 10.0; Win64; x64) AppleWebKit/537.36 (KHTML, like Gecko) Chrome/88.0.4324.182 Safari/537.36"
178.121.80.46 - - [22/Feb/2021:20:50:41 +0100] "GET /cds/rosarium_k.jpg HTTP/1.1" 200 3972 "http://www.morusverlag.de/" "Mozilla/5.0 (Windows NT 10.0; Win64; x64) AppleWebKit/537.36 (KHTML, like Gecko) Chrome/88.0.4324.182 Safari/537.36"
178.121.80.46 - - [22/Feb/2021:20:50:41 +0100] "GET /cds/hymnos_k.jpg HTTP/1.1" 200 4986 "http://www.morusverlag.de/" "Mozilla/5.0 (Windows NT 10.0; Win64; x64) AppleWebKit/537.36 (KHTML, like Gecko) Chrome/88.0.4324.182 Safari/537.36"
178.121.80.46 - - [22/Feb/2021:20:50:41 +0100] "GET /cds/ignatius_k.jpg HTTP/1.1" 200 3965 "http://www.morusverlag.de/" "Mozilla/5.0 (Windows NT 10.0; Win64; x64) AppleWebKit/537.36 (KHTML, like Gecko) Chrome/88.0.4324.182 Safari/537.36"
178.121.80.46 - - [22/Feb/2021:20:50:41 +0100] "GET /buch_k.jpg HTTP/1.1" 200 4591 "http://www.morusverlag.de/" "Mozilla/5.0 (Windows NT 10.0; Win64; x64) AppleWebKit/537.36 (KHTML, like Gecko) Chrome/88.0.4324.182 Safari/537.36"
178.121.80.46 - - [22/Feb/2021:20:50:41 +0100] "GET /strich.gif HTTP/1.1" 200 45 "http://www.morusverlag.de/" "Mozilla/5.0 (Windows NT 10.0; Win64; x64) AppleWebKit/537.36 (KHTML, like Gecko) Chrome/88.0.4324.182 Safari/537.36"
178.121.80.46 - - [22/Feb/2021:20:50:41 +0100] "GET /gotteslob.jpg HTTP/1.1" 200 9390 "http://www.morusverlag.de/" "Mozilla/5.0 (Windows NT 10.0; Win64; x64) AppleWebKit/537.36 (KHTML, like Gecko) Chrome/88.0.4324.182 Safari/537.36"
178.121.80.46 - - [22/Feb/2021:20:50:41 +0100] "GET /buecher/chateaubriand.jpg HTTP/1.1" 200 2272 "http://www.morusverlag.de/" "Mozilla/5.0 (Windows NT 10.0; Win64; x64) AppleWebKit/537.36 (KHTML, like Gecko) Chrome/88.0.4324.182 Safari/537.36"
178.121.80.46 - - [22/Feb/2021:20:50:41 +0100] "GET /buecher/engel.jpg HTTP/1.1" 200 5414 "http://www.morusverlag.de/" "Mozilla/5.0 (Windows NT 10.0; Win64; x64) AppleWebKit/537.36 (KHTML, like Gecko) Chrome/88.0.4324.182 Safari/537.36"
178.121.80.46 - - [22/Feb/2021:20:50:41 +0100] "GET /cds/astazi_k.jpg HTTP/1.1" 200 6049 "http://www.morusverlag.de/" "Mozilla/5.0 (Windows NT 10.0; Win64; x64) AppleWebKit/537.36 (KHTML, like Gecko) Chrome/88.0.4324.182 Safari/537.36"
178.121.80.46 - - [22/Feb/2021:20:50:42 +0100] "GET /favicon.ico HTTP/1.1" 200 4286 "http://www.morusverlag.de/" "Mozilla/5.0 (Windows NT 10.0; Win64; x64) AppleWebKit/537.36 (KHTML, like Gecko) Chrome/88.0.4324.182 Safari/537.36"
13.66.139.20 - - [22/Feb/2021:20:54:12 +0100] "GET /buecher/gesichter/11.jpg HTTP/1.1" 200 6175 "-" "Mozilla/5.0 (compatible; bingbot/2.0; +http://www.bing.com/bingbot.htm)"
91.19.247.178 - - [22/Feb/2021:21:01:08 +0100] "GET /cds/ HTTP/1.1" 200 7987 "-" "Mozilla/5.0 (Android 10; Mobile; rv:85.0) Gecko/85.0 Firefox/85.0"
91.19.247.178 - - [22/Feb/2021:21:01:08 +0100] "GET /main.css HTTP/1.1" 200 1439 "http://www.morusverlag.de/cds/" "Mozilla/5.0 (Android 10; Mobile; rv:85.0) Gecko/85.0 Firefox/85.0"
91.19.247.178 - - [22/Feb/2021:21:01:09 +0100] "GET /cds/ignatius_k.jpg HTTP/1.1" 200 3965 "http://www.morusverlag.de/cds/" "Mozilla/5.0 (Android 10; Mobile; rv:85.0) Gecko/85.0 Firefox/85.0"
91.19.247.178 - - [22/Feb/2021:21:01:09 +0100] "GET /logo_g.gif HTTP/1.1" 200 1301 "http://www.morusverlag.de/cds/" "Mozilla/5.0 (Android 10; Mobile; rv:85.0) Gecko/85.0 Firefox/85.0"
91.19.247.178 - - [22/Feb/2021:21:01:09 +0100] "GET /pf.gif HTTP/1.1" 200 62 "http://www.morusverlag.de/cds/" "Mozilla/5.0 (Android 10; Mobile; rv:85.0) Gecko/85.0 Firefox/85.0"
91.19.247.178 - - [22/Feb/2021:21:01:09 +0100] "GET /cds/hymnos_k.jpg HTTP/1.1" 200 4986 "http://www.morusverlag.de/cds/" "Mozilla/5.0 (Android 10; Mobile; rv:85.0) Gecko/85.0 Firefox/85.0"
91.19.247.178 - - [22/Feb/2021:21:01:09 +0100] "GET /cds/astazi_k.jpg HTTP/1.1" 200 6049 "http://www.morusverlag.de/cds/" "Mozilla/5.0 (Android 10; Mobile; rv:85.0) Gecko/85.0 Firefox/85.0"
91.19.247.178 - - [22/Feb/2021:21:01:09 +0100] "GET /cds/lumina_k.jpg HTTP/1.1" 200 6053 "http://www.morusverlag.de/cds/" "Mozilla/5.0 (Android 10; Mobile; rv:85.0) Gecko/85.0 Firefox/85.0"
91.19.247.178 - - [22/Feb/2021:21:01:09 +0100] "GET /strich.gif HTTP/1.1" 200 45 "http://www.morusverlag.de/cds/" "Mozilla/5.0 (Android 10; Mobile; rv:85.0) Gecko/85.0 Firefox/85.0"
91.19.247.178 - - [22/Feb/2021:21:01:09 +0100] "GET /cds/glockenspiel2_k.jpg HTTP/1.1" 200 5265 "http://www.morusverlag.de/cds/" "Mozilla/5.0 (Android 10; Mobile; rv:85.0) Gecko/85.0 Firefox/85.0"
91.19.247.178 - - [22/Feb/2021:21:01:09 +0100] "GET /mv_g.gif HTTP/1.1" 200 4070 "http://www.morusverlag.de/cds/" "Mozilla/5.0 (Android 10; Mobile; rv:85.0) Gecko/85.0 Firefox/85.0"
91.19.247.178 - - [22/Feb/2021:21:01:09 +0100] "GET /cds/rosarium_k.jpg HTTP/1.1" 200 3972 "http://www.morusverlag.de/cds/" "Mozilla/5.0 (Android 10; Mobile; rv:85.0) Gecko/85.0 Firefox/85.0"
91.19.247.178 - - [22/Feb/2021:21:01:09 +0100] "GET /m.gif HTTP/1.1" 200 95 "http://www.morusverlag.de/cds/" "Mozilla/5.0 (Android 10; Mobile; rv:85.0) Gecko/85.0 Firefox/85.0"
91.19.247.178 - - [22/Feb/2021:21:01:09 +0100] "GET /cds/glockenspiel1_k.jpg HTTP/1.1" 200 5641 "http://www.morusverlag.de/cds/" "Mozilla/5.0 (Android 10; Mobile; rv:85.0) Gecko/85.0 Firefox/85.0"
62.138.2.214 - - [22/Feb/2021:21:12:39 +0100] "GET / HTTP/1.1" 200 9360 "-" "Mozilla/5.0 (X11; Linux x86_64; rv:81.0) Gecko/20100101 Firefox/81.0"
88.198.43.207 - - [22/Feb/2021:21:27:49 +0100] "GET /sonderthemen/oekt_extra2.pdf HTTP/1.1" 200 1939949 "-" "Mozilla/5.0 (Windows NT 10.0; Win64; x64) AppleWebKit/537.36 (KHTML, like Gecko) Chrome/86.0.4240.198 Safari/537.36 Edg/86.0.622.69"
66.249.73.141 - - [22/Feb/2021:22:05:04 +0100] "GET /buecher/ HTTP/1.1" 200 25885 "-" "Mozilla/5.0 (Linux; Android 6.0.1; Nexus 5X Build/MMB29P) AppleWebKit/537.36 (KHTML, like Gecko) Chrome/88.0.4324.188 Mobile Safari/537.36 (compatible; Googlebot/2.1; +http://www.google.com/bot.html)"
13.66.139.20 - - [22/Feb/2021:22:24:52 +0100] "GET /cds/astazi.jpg HTTP/1.1" 200 31331 "-" "Mozilla/5.0 (compatible; bingbot/2.0; +http://www.bing.com/bingbot.htm)"
62.138.2.214 - - [22/Feb/2021:22:46:51 +0100] "GET /jahrbuch/index.html HTTP/1.1" 200 3956 "-" "Mozilla/5.0 (X11; Linux x86_64; rv:81.0) Gecko/20100101 Firefox/81.0"
78.46.90.120 - - [22/Feb/2021:23:21:07 +0100] "GET /sonderthemen/sk2004.pdf HTTP/1.1" 200 1967215 "-" "Mozilla/5.0 (Macintosh; Intel Mac OS X 10.15; rv:83.0) Gecko/20100101 Firefox/83.0"
78.46.90.120 - - [22/Feb/2021:23:21:07 +0100] "GET /sonderthemen/oeaz2002.pdf HTTP/1.1" 200 3161455 "-" "Mozilla/5.0 (Macintosh; Intel Mac OS X 10_15_6) AppleWebKit/537.36 (KHTML, like Gecko) Chrome/86.0.4240.198 Safari/537.36"
46.4.83.150 - - [22/Feb/2021:23:21:07 +0100] "GET /sonderthemen/oekz2003.pdf HTTP/1.1" 200 4017017 "-" "Mozilla/5.0 (Macintosh; Intel Mac OS X 10_15_7) AppleWebKit/537.36 (KHTML, like Gecko) Chrome/86.0.4240.183 Safari/537.36"
62.138.2.214 - - [22/Feb/2021:23:27:08 +0100] "GET /gotteslob/index.html HTTP/1.1" 200 2770 "-" "Mozilla/5.0 (X11; Linux x86_64; rv:81.0) Gecko/20100101 Firefox/81.0"
66.249.73.141 - - [22/Feb/2021:23:35:25 +0100] "GET /buecher HTTP/1.1" 301 354 "-" "Mozilla/5.0 (Linux; Android 6.0.1; Nexus 5X Build/MMB29P) AppleWebKit/537.36 (KHTML, like Gecko) Chrome/88.0.4324.188 Mobile Safari/537.36 (compatible; Googlebot/2.1; +http://www.google.com/bot.html)"
144.76.162.206 - - [22/Feb/2021:23:38:48 +0100] "GET /sonderthemen/oekz2003_s01.pdf HTTP/1.1" 200 66807 "-" "Mozilla/5.0 (Windows NT 10.0; Win64; x64) AppleWebKit/537.36 (KHTML, like Gecko) Chrome/86.0.4240.111 Safari/537.36"
62.138.2.214 - - [22/Feb/2021:23:57:03 +0100] "GET /buecher/index.html HTTP/1.1" 200 25885 "-" "Mozilla/5.0 (X11; Linux x86_64; rv:81.0) Gecko/20100101 Firefox/81.0"
178.159.37.104 - - [23/Feb/2021:00:14:22 +0100] "GET / HTTP/1.1" 200 9360 "https://jobgirl24.ru/" "Mozilla/4.0 (compatible; MSIE 6.0; MSIE 5.5; Windows NT 4.0) Opera 7.0 [en]"
178.159.37.104 - - [23/Feb/2021:00:14:23 +0100] "GET / HTTP/1.1" 200 9360 "https://jobgirl24.ru/" "Mozilla/4.0 (compatible; MSIE 6.0; MSIE 5.5; Windows NT 4.0) Opera 7.0 [en]"
178.159.37.104 - - [23/Feb/2021:00:14:23 +0100] "GET / HTTP/1.1" 200 9360 "https://jobgirl24.ru/" "Mozilla/4.0 (compatible; MSIE 6.0; MSIE 5.5; Windows NT 4.0) Opera 7.0 [en]"
66.249.76.234 - - [23/Feb/2021:00:24:54 +0100] "GET / HTTP/1.1" 200 9360 "http://finde-berlin.de/company/morus-verlag" "Mozilla/5.0 (Linux; Android 6.0.1; Nexus 5X Build/MMB29P) AppleWebKit/537.36 (KHTML, like Gecko) Chrome/88.0.4324.175 Mobile Safari/537.36 (compatible; Googlebot/2.1; +http://www.google.com/bot.html)"
5.34.180.192 - - [23/Feb/2021:00:52:37 +0100] "GET / HTTP/1.1" 200 9360 "https://vids18.site/" "Mozilla/4.0 (compatible; MSIE 6.0; Windows ME) Opera 7.11 [en]"
5.34.180.192 - - [23/Feb/2021:00:52:37 +0100] "GET / HTTP/1.1" 200 9360 "https://vids18.site/" "Mozilla/4.0 (compatible; MSIE 6.0; Windows ME) Opera 7.11 [en]"
5.34.180.192 - - [23/Feb/2021:00:52:38 +0100] "GET / HTTP/1.1" 200 9360 "https://vids18.site/" "Mozilla/4.0 (compatible; MSIE 6.0; Windows ME) Opera 7.11 [en]"
34.96.130.157 - - [23/Feb/2021:00:52:40 +0100] "GET / HTTP/1.1" 200 9360 "-" "Expanse indexes the network perimeters of our customers. If you have any questions or concerns, please reach out to: scaninfo@expanseinc.com"
62.138.2.214 - - [23/Feb/2021:00:54:12 +0100] "GET /index.html HTTP/1.1" 200 9360 "-" "Mozilla/5.0 (X11; Linux x86_64; rv:81.0) Gecko/20100101 Firefox/81.0"
207.46.13.155 - - [23/Feb/2021:01:01:30 +0100] "GET /cds/hymnos_akathistos.html HTTP/1.1" 304 - "-" "Mozilla/5.0 (compatible; bingbot/2.0; +http://www.bing.com/bingbot.htm)"
13.66.139.37 - - [23/Feb/2021:01:32:37 +0100] "GET /cds/ignatius.jpg HTTP/1.1" 200 18712 "-" "Mozilla/5.0 (compatible; bingbot/2.0; +http://www.bing.com/bingbot.htm)"
195.123.209.118 - - [23/Feb/2021:02:09:42 +0100] "GET / HTTP/1.1" 200 9360 "https://www.xxxmania.top/" "Opera/7.11 (Windows NT 5.1; U) [en]"
195.123.209.118 - - [23/Feb/2021:02:09:42 +0100] "GET / HTTP/1.1" 200 9360 "https://www.xxxmania.top/" "Opera/7.11 (Windows NT 5.1; U) [en]"
195.123.209.118 - - [23/Feb/2021:02:09:43 +0100] "GET / HTTP/1.1" 200 9360 "https://www.xxxmania.top/" "Opera/7.11 (Windows NT 5.1; U) [en]"
42.236.10.74 - - [23/Feb/2021:02:17:04 +0100] "GET / HTTP/1.1" 200 9360 "http://www.morusverlag.de/" "Mozilla/5.0 (Windows NT 6.1; WOW64) AppleWebKit/537.36 (KHTML, like Gecko) Chrome/50.0.2661.102 Safari/537.36; 360Spider"
62.138.2.214 - - [23/Feb/2021:02:23:59 +0100] "GET /buecher/rezensionen_chateaubriand.html HTTP/1.1" 200 47317 "-" "Mozilla/5.0 (X11; Linux x86_64; rv:81.0) Gecko/20100101 Firefox/81.0"
62.138.2.214 - - [23/Feb/2021:02:34:41 +0100] "GET /buecher/veroeffentlichungsliste.html HTTP/1.1" 200 129779 "-" "Mozilla/5.0 (X11; Linux x86_64; rv:81.0) Gecko/20100101 Firefox/81.0"
168.119.69.91 - - [23/Feb/2021:02:55:27 +0100] "GET /sonderthemen/az2003.pdf HTTP/1.1" 200 4864675 "-" "Mozilla/5.0 (Macintosh; Intel Mac OS X 10_15_6) AppleWebKit/537.36 (KHTML, like Gecko) Chrome/87.0.4280.88 Safari/537.36"
62.138.2.214 - - [23/Feb/2021:02:57:19 +0100] "GET /cds/ignatius.html HTTP/1.1" 200 6576 "-" "Mozilla/5.0 (X11; Linux x86_64; rv:81.0) Gecko/20100101 Firefox/81.0"
66.249.76.234 - - [23/Feb/2021:03:05:16 +0100] "GET /buecher/index.html HTTP/1.1" 200 25885 "-" "Mozilla/5.0 (Linux; Android 6.0.1; Nexus 5X Build/MMB29P) AppleWebKit/537.36 (KHTML, like Gecko) Chrome/88.0.4324.188 Mobile Safari/537.36 (compatible; Googlebot/2.1; +http://www.google.com/bot.html)"
66.249.76.234 - - [23/Feb/2021:03:05:19 +0100] "GET /contentflow/contentflow.js HTTP/1.1" 200 42064 "http://www.morusverlag.de/buecher/index.html" "Mozilla/5.0 (Linux; Android 6.0.1; Nexus 5X Build/MMB29P) AppleWebKit/537.36 (KHTML, like Gecko) Chrome/88.0.4324.175 Mobile Safari/537.36 (compatible; Googlebot/2.1; +http://www.google.com/bot.html)"
66.249.76.234 - - [23/Feb/2021:03:05:19 +0100] "GET /contentflow/contentflow.css HTTP/1.1" 200 3109 "http://www.morusverlag.de/buecher/index.html" "Mozilla/5.0 (Linux; Android 6.0.1; Nexus 5X Build/MMB29P) AppleWebKit/537.36 (KHTML, like Gecko) Chrome/88.0.4324.175 Mobile Safari/537.36 (compatible; Googlebot/2.1; +http://www.google.com/bot.html)"
66.249.76.234 - - [23/Feb/2021:03:05:20 +0100] "GET /contentflow/mycontentflow.css HTTP/1.1" 404 2381 "http://www.morusverlag.de/buecher/index.html" "Mozilla/5.0 (Linux; Android 6.0.1; Nexus 5X Build/MMB29P) AppleWebKit/537.36 (KHTML, like Gecko) Chrome/88.0.4324.175 Mobile Safari/537.36 (compatible; Googlebot/2.1; +http://www.google.com/bot.html)"
66.249.76.234 - - [23/Feb/2021:03:05:20 +0100] "GET /contentflow/ContentFlowAddOn_white.js HTTP/1.1" 200 471 "http://www.morusverlag.de/buecher/index.html" "Mozilla/5.0 (Linux; Android 6.0.1; Nexus 5X Build/MMB29P) AppleWebKit/537.36 (KHTML, like Gecko) Chrome/88.0.4324.175 Mobile Safari/537.36 (compatible; Googlebot/2.1; +http://www.google.com/bot.html)"
66.249.76.232 - - [23/Feb/2021:03:05:21 +0100] "GET /contentflow/ContentFlowAddOn_white.css HTTP/1.1" 200 3174 "http://www.morusverlag.de/buecher/index.html" "Mozilla/5.0 (Linux; Android 6.0.1; Nexus 5X Build/MMB29P) AppleWebKit/537.36 (KHTML, like Gecko) Chrome/88.0.4324.175 Mobile Safari/537.36 (compatible; Googlebot/2.1; +http://www.google.com/bot.html)"
62.138.2.214 - - [23/Feb/2021:03:20:01 +0100] "GET /cds/index.html HTTP/1.1" 200 7987 "-" "Mozilla/5.0 (X11; Linux x86_64; rv:81.0) Gecko/20100101 Firefox/81.0"
140.203.12.7 - - [23/Feb/2021:03:25:58 +0100] "HEAD / HTTP/1.1" 200 - "-" "Java/1.6.0_23"
62.138.2.214 - - [23/Feb/2021:03:39:10 +0100] "GET /cds/hymnos_akathistos.html HTTP/1.1" 200 11061 "-" "Mozilla/5.0 (X11; Linux x86_64; rv:81.0) Gecko/20100101 Firefox/81.0"
178.63.51.106 - - [23/Feb/2021:03:43:25 +0100] "GET /buecher/index.html HTTP/1.1" 200 25885 "-" "Mozilla/5.0 (Macintosh; Intel Mac OS X 10.14; rv:83.0) Gecko/20100101 Firefox/83.0"
144.76.102.243 - - [23/Feb/2021:03:43:26 +0100] "GET /buecher/ HTTP/1.1" 200 25885 "-" "Mozilla/5.0 (Windows NT 10.0; Win64; x64) AppleWebKit/537.36 (KHTML, like Gecko) Chrome/87.0.4280.67 Safari/537.36"
168.119.69.91 - - [23/Feb/2021:03:43:41 +0100] "GET /buecher/index.html HTTP/1.1" 200 25885 "-" "Mozilla/5.0 (X11; Linux x86_64; rv:82.0) Gecko/20100101 Firefox/82.0"
148.251.50.77 - - [23/Feb/2021:03:56:15 +0100] "GET /sonderthemen/oeaz2001.pdf HTTP/1.1" 200 4496626 "-" "Mozilla/5.0 (X11; Fedora; Linux x86_64; rv:83.0) Gecko/20100101 Firefox/83.0"
78.46.94.83 - - [23/Feb/2021:03:57:44 +0100] "GET /sonderthemen/oeaz2001.pdf HTTP/1.1" 200 4496626 "-" "Mozilla/5.0 (Macintosh; Intel Mac OS X 10_15_6) AppleWebKit/605.1.15 (KHTML, like Gecko) Version/14.0.2 Safari/605.1.15"
62.138.2.214 - - [23/Feb/2021:04:07:23 +0100] "GET /kontakt/index.html HTTP/1.1" 200 2896 "-" "Mozilla/5.0 (X11; Linux x86_64; rv:81.0) Gecko/20100101 Firefox/81.0"
62.138.2.214 - - [23/Feb/2021:04:20:36 +0100] "GET /cds/rosarium.html HTTP/1.1" 200 6680 "-" "Mozilla/5.0 (X11; Linux x86_64; rv:81.0) Gecko/20100101 Firefox/81.0"
67.195.177.50 - - [23/Feb/2021:04:20:44 +0100] "GET /buecher/gesichter/17.jpg HTTP/1.1" 200 7587 "https://images.search.yahoo.com/" "YahooCacheSystem; YahooWebServiceClient"
62.138.2.214 - - [23/Feb/2021:04:37:53 +0100] "GET /cds/rosarium.html HTTP/1.1" 200 6680 "-" "Mozilla/5.0 (X11; Linux x86_64; rv:81.0) Gecko/20100101 Firefox/81.0"
62.138.2.214 - - [23/Feb/2021:04:43:44 +0100] "GET /impressum.html HTTP/1.1" 200 2808 "-" "Mozilla/5.0 (X11; Linux x86_64; rv:81.0) Gecko/20100101 Firefox/81.0"
66.249.76.234 - - [23/Feb/2021:04:45:07 +0100] "GET /cds/astazi.html HTTP/1.1" 304 - "-" "Mozilla/5.0 (Linux; Android 6.0.1; Nexus 5X Build/MMB29P) AppleWebKit/537.36 (KHTML, like Gecko) Chrome/88.0.4324.188 Mobile Safari/537.36 (compatible; Googlebot/2.1; +http://www.google.com/bot.html)"
62.138.2.214 - - [23/Feb/2021:04:50:36 +0100] "GET /sonderthemen/index.html HTTP/1.1" 200 7102 "-" "Mozilla/5.0 (X11; Linux x86_64; rv:81.0) Gecko/20100101 Firefox/81.0"
62.138.2.214 - - [23/Feb/2021:04:52:28 +0100] "GET /buecher/rezensionen_psalmen.html HTTP/1.1" 200 6787 "-" "Mozilla/5.0 (X11; Linux x86_64; rv:81.0) Gecko/20100101 Firefox/81.0"
193.124.188.83 - - [23/Feb/2021:05:00:48 +0100] "HEAD / HTTP/1.1" 200 - "http://metropolbank.ru" "Mozilla/2.0 (compatible; MSIE5.00; Windows 2004)"
193.124.188.188 - - [23/Feb/2021:05:00:48 +0100] "HEAD / HTTP/1.1" 200 - "https://www.samara-airport.com/news/vmestitelnyie-i-udobnyie-taksi-v-samare-miniven,-dlya-komfortnoj-poezdki-na-dalnie-rasstoyaniya.html" "Mozilla/2.0 (compatible; MSIE5.00; Windows 2004)"
194.67.210.77 - - [23/Feb/2021:05:00:48 +0100] "HEAD / HTTP/1.1" 200 - "https://marka-development.com/software-company/" "Mozilla/8.0 (compatible; MSIE3.00; Windows 2008)"
194.67.207.9 - - [23/Feb/2021:05:00:49 +0100] "HEAD / HTTP/1.1" 200 - "https://grishechkin.ru" "Mozilla/3.0 (compatible; MSIE6.00; Windows 2009)"
92.220.10.100 - - [23/Feb/2021:05:00:50 +0100] "GET /robots.txt HTTP/1.1" 200 100 "-" "Mozilla/5.0 (compatible; MJ12bot/v1.4.8; http://mj12bot.com/)"
92.220.10.100 - - [23/Feb/2021:05:00:51 +0100] "GET / HTTP/1.1" 200 9360 "-" "Mozilla/5.0 (compatible; MJ12bot/v1.4.8; http://mj12bot.com/)"
212.86.109.31 - - [23/Feb/2021:05:00:54 +0100] "HEAD / HTTP/1.1" 200 - "https://baby.dn.ua/detskoe-pitanie/sovety-po-pitaniyu-detej.html" "Mozilla/4.0 (compatible; MSIE4.00; Windows 2004)"
45.132.107.248 - - [23/Feb/2021:05:00:54 +0100] "HEAD / HTTP/1.1" 200 - "https://veloextreme.ru/veloaksessuary/kresla-dlya-perevozki-detey/" "Mozilla/5.0 (compatible; MSIE6.00; Windows 2005)"
185.224.132.45 - - [23/Feb/2021:05:00:54 +0100] "HEAD / HTTP/1.1" 200 - "https://xn----ctbdbgccvcbgq6ai4b4hpa.xn--p1ai" "Mozilla/2.0 (compatible; MSIE3.00; Windows 2009)"
185.241.52.68 - - [23/Feb/2021:05:00:55 +0100] "HEAD / HTTP/1.1" 200 - "https://rtservis.ru/production/paltsy" "Mozilla/5.0 (compatible; MSIE3.00; Windows 2009)"
185.203.240.129 - - [23/Feb/2021:05:00:57 +0100] "HEAD / HTTP/1.1" 200 - "https://rector.by/coaches-biznes_trener_valentina_lihacheva.html" "Mozilla/3.0 (compatible; MSIE5.00; Windows 2008)"
185.209.20.147 - - [23/Feb/2021:05:00:57 +0100] "HEAD / HTTP/1.1" 200 - "https://archery-expert.com/" "Mozilla/4.0 (compatible; MSIE3.00; Windows 2003)"
77.220.215.153 - - [23/Feb/2021:05:00:58 +0100] "HEAD / HTTP/1.1" 200 - "https://polotsk-portal.ru" "Mozilla/5.0 (compatible; MSIE7.00; Windows 2007)"
185.5.249.185 - - [23/Feb/2021:05:02:53 +0100] "HEAD / HTTP/1.1" 200 - "https://xn------cddcgbdkcccbzjcbcebg0a6diedb2em2a6a2m5a.xn--p1ai/category/%d1%80%d0%b0%d0%b7%d0%b2%d0%b8%d1%82%d0%b8%d0%b5/" "Mozilla/3.0 (compatible; MSIE5.00; Windows 2009)"
185.125.219.13 - - [23/Feb/2021:05:03:17 +0100] "HEAD / HTTP/1.1" 200 - "https://xn----dtbbchbcsbfle4bf8a0ipa.xn--p1ai" "Mozilla/8.0 (compatible; MSIE3.00; Windows 2003)"
194.67.207.94 - - [23/Feb/2021:05:04:30 +0100] "HEAD / HTTP/1.1" 200 - "https://russtaxi.ru/taksi-adler-olginka" "Mozilla/8.0 (compatible; MSIE6.00; Windows 2008)"
85.209.89.241 - - [23/Feb/2021:05:04:34 +0100] "HEAD / HTTP/1.1" 200 - "https://drugpovar.ru/category/vtorye-blyuda/" "Mozilla/2.0 (compatible; MSIE2.00; Windows 2003)"
85.209.89.205 - - [23/Feb/2021:05:04:35 +0100] "HEAD / HTTP/1.1" 200 - "https://landrover.com.ua/ru/rangeroverevoque" "Mozilla/8.0 (compatible; MSIE6.00; Windows 2008)"
85.209.89.217 - - [23/Feb/2021:05:04:35 +0100] "HEAD / HTTP/1.1" 200 - "https://jaguar.com.ua" "Mozilla/8.0 (compatible; MSIE4.00; Windows 2003)"
85.209.89.224 - - [23/Feb/2021:05:04:36 +0100] "HEAD / HTTP/1.1" 200 - "https://avto-lady.com/videoregistratory" "Mozilla/7.0 (compatible; MSIE2.00; Windows 2007)"
62.138.2.214 - - [23/Feb/2021:05:05:55 +0100] "GET /buecher/rezensionen_le_saulchoir.html HTTP/1.1" 200 34009 "-" "Mozilla/5.0 (X11; Linux x86_64; rv:81.0) Gecko/20100101 Firefox/81.0"
85.209.89.216 - - [23/Feb/2021:05:06:35 +0100] "HEAD / HTTP/1.1" 200 - "https://kupime.kz/detyam/detskie-avtokresla/" "Mozilla/4.0 (compatible; MSIE7.00; Windows 2006)"
62.138.2.243 - - [23/Feb/2021:05:10:16 +0100] "GET /robots.txt HTTP/1.1" 200 100 "-" "Mozilla/5.0 (compatible; MJ12bot/v1.4.8; http://mj12bot.com/)"
62.138.2.243 - - [23/Feb/2021:05:10:19 +0100] "GET /buecher/ HTTP/1.1" 200 25885 "-" "Mozilla/5.0 (compatible; MJ12bot/v1.4.8; http://mj12bot.com/)"
95.217.199.192 - - [23/Feb/2021:05:21:03 +0100] "HEAD / HTTP/1.1" 200 - "https://kievlinza.ua/" "Mozilla/3.0 (compatible; MSIE6.00; Windows 2002)"
62.138.2.214 - - [23/Feb/2021:05:26:41 +0100] "GET /buecher/rezensionen_krise_zum_heil.html HTTP/1.1" 200 9828 "-" "Mozilla/5.0 (X11; Linux x86_64; rv:81.0) Gecko/20100101 Firefox/81.0"
62.138.2.214 - - [23/Feb/2021:05:31:39 +0100] "GET /buecher/rezensionen_leiblichkeit_und_zeitlichkeit.html HTTP/1.1" 200 8821 "-" "Mozilla/5.0 (X11; Linux x86_64; rv:81.0) Gecko/20100101 Firefox/81.0"
62.138.2.214 - - [23/Feb/2021:05:51:16 +0100] "GET /cds/lumina.html HTTP/1.1" 200 9000 "-" "Mozilla/5.0 (X11; Linux x86_64; rv:81.0) Gecko/20100101 Firefox/81.0"
62.138.2.214 - - [23/Feb/2021:05:56:27 +0100] "GET /buecher/rezensionen_nicht_auf_sand_gebaut.html HTTP/1.1" 200 6594 "-" "Mozilla/5.0 (X11; Linux x86_64; rv:81.0) Gecko/20100101 Firefox/81.0"
62.138.2.214 - - [23/Feb/2021:06:05:54 +0100] "GET /buecher/rezension_gesichter_u_geschichten.pdf HTTP/1.1" 200 223287 "-" "Mozilla/5.0 (X11; Linux x86_64; rv:81.0) Gecko/20100101 Firefox/81.0"
193.124.191.92 - - [23/Feb/2021:06:12:28 +0100] "HEAD / HTTP/1.1" 200 - "https://toir-m.ru/product/pochtovye-yashchiki/" "Mozilla/4.0 (compatible; MSIE7.00; Windows 2009)"
62.138.2.214 - - [23/Feb/2021:06:16:05 +0100] "GET /buecher/diskussion.html HTTP/1.1" 200 9925 "-" "Mozilla/5.0 (X11; Linux x86_64; rv:81.0) Gecko/20100101 Firefox/81.0"
62.138.2.214 - - [23/Feb/2021:06:31:54 +0100] "GET /cds/astazi.html HTTP/1.1" 200 8453 "-" "Mozilla/5.0 (X11; Linux x86_64; rv:81.0) Gecko/20100101 Firefox/81.0"
62.138.2.214 - - [23/Feb/2021:06:34:33 +0100] "GET /buecher/rezensionen_preysing.html HTTP/1.1" 200 9502 "-" "Mozilla/5.0 (X11; Linux x86_64; rv:81.0) Gecko/20100101 Firefox/81.0"
62.138.2.214 - - [23/Feb/2021:06:38:27 +0100] "GET /buecher/rezensionen_engel.html HTTP/1.1" 200 6598 "-" "Mozilla/5.0 (X11; Linux x86_64; rv:81.0) Gecko/20100101 Firefox/81.0"
62.138.2.214 - - [23/Feb/2021:06:42:02 +0100] "GET /buecher/bestellung.php HTTP/1.1" 200 10142 "-" "Mozilla/5.0 (X11; Linux x86_64; rv:81.0) Gecko/20100101 Firefox/81.0"
144.76.162.206 - - [23/Feb/2021:06:46:01 +0100] "GET /impressum.html HTTP/1.1" 200 2808 "-" "Mozilla/5.0 (X11; Fedora; Linux x86_64; rv:83.0) Gecko/20100101 Firefox/83.0"
62.138.2.214 - - [23/Feb/2021:06:59:42 +0100] "GET /gotteslob/index.html HTTP/1.1" 200 2770 "-" "Mozilla/5.0 (X11; Linux x86_64; rv:81.0) Gecko/20100101 Firefox/81.0"
62.138.2.214 - - [23/Feb/2021:07:04:46 +0100] "GET /buecher/rezensionen.html HTTP/1.1" 200 6964 "-" "Mozilla/5.0 (X11; Linux x86_64; rv:81.0) Gecko/20100101 Firefox/81.0"
66.249.76.232 - - [23/Feb/2021:07:05:56 +0100] "GET /buecher/ HTTP/1.1" 304 - "-" "Mozilla/5.0 (Linux; Android 6.0.1; Nexus 5X Build/MMB29P) AppleWebKit/537.36 (KHTML, like Gecko) Chrome/88.0.4324.188 Mobile Safari/537.36 (compatible; Googlebot/2.1; +http://www.google.com/bot.html)"
62.138.2.214 - - [23/Feb/2021:07:06:08 +0100] "GET /buecher/rezensionen_ignatius.html HTTP/1.1" 200 8182 "-" "Mozilla/5.0 (X11; Linux x86_64; rv:81.0) Gecko/20100101 Firefox/81.0"
62.138.2.214 - - [23/Feb/2021:07:11:16 +0100] "GET /jahrbuch/titelseiten/index.html HTTP/1.1" 200 6735 "-" "Mozilla/5.0 (X11; Linux x86_64; rv:81.0) Gecko/20100101 Firefox/81.0"
62.138.2.214 - - [23/Feb/2021:07:13:09 +0100] "GET / HTTP/1.1" 200 9360 "-" "Mozilla/5.0 (X11; Linux x86_64; rv:81.0) Gecko/20100101 Firefox/81.0"
78.46.94.83 - - [23/Feb/2021:07:13:44 +0100] "GET /buecher/ HTTP/1.1" 200 25885 "-" "Mozilla/5.0 (Macintosh; Intel Mac OS X 10_15_6) AppleWebKit/605.1.15 (KHTML, like Gecko) Version/14.0.1 Safari/605.1.15"
78.46.94.83 - - [23/Feb/2021:07:13:44 +0100] "GET /buecher/index.html HTTP/1.1" 200 25885 "-" "Mozilla/5.0 (Windows NT 10.0; Win64; x64) AppleWebKit/537.36 (KHTML, like Gecko) Chrome/87.0.4280.66 Safari/537.36"
62.138.2.214 - - [23/Feb/2021:07:18:32 +0100] "GET /cds/glockenspiel2.html HTTP/1.1" 200 9831 "-" "Mozilla/5.0 (X11; Linux x86_64; rv:81.0) Gecko/20100101 Firefox/81.0"
62.138.2.214 - - [23/Feb/2021:07:22:16 +0100] "GET /cds/glockenspiel1.html HTTP/1.1" 200 9736 "-" "Mozilla/5.0 (X11; Linux x86_64; rv:81.0) Gecko/20100101 Firefox/81.0"
62.138.2.214 - - [23/Feb/2021:07:27:33 +0100] "GET /sonderthemen/oekt_extra2.pdf HTTP/1.1" 200 1939949 "-" "Mozilla/5.0 (X11; Linux x86_64; rv:81.0) Gecko/20100101 Firefox/81.0"
62.138.2.214 - - [23/Feb/2021:07:30:39 +0100] "GET /sonderthemen/az2003.pdf HTTP/1.1" 200 4864675 "-" "Mozilla/5.0 (X11; Linux x86_64; rv:81.0) Gecko/20100101 Firefox/81.0"
62.138.2.214 - - [23/Feb/2021:07:35:13 +0100] "GET /sonderthemen/archiv.html HTTP/1.1" 200 6959 "-" "Mozilla/5.0 (X11; Linux x86_64; rv:81.0) Gecko/20100101 Firefox/81.0"
62.138.2.214 - - [23/Feb/2021:07:38:59 +0100] "GET /sonderthemen/az2003_s01.pdf HTTP/1.1" 200 120642 "-" "Mozilla/5.0 (X11; Linux x86_64; rv:81.0) Gecko/20100101 Firefox/81.0"
17.58.101.68 - - [23/Feb/2021:07:46:28 +0100] "GET /robots.txt HTTP/1.1" 200 100 "-" "Mozilla/5.0 (Macintosh; Intel Mac OS X 10_15_5) AppleWebKit/605.1.15 (KHTML, like Gecko) Version/13.1.1 Safari/605.1.15 (Applebot/0.1; +http://www.apple.com/go/applebot)"
17.58.103.231 - - [23/Feb/2021:07:46:29 +0100] "GET / HTTP/1.1" 200 9360 "-" "Mozilla/5.0 (Macintosh; Intel Mac OS X 10_15_5) AppleWebKit/605.1.15 (KHTML, like Gecko) Version/13.1.1 Safari/605.1.15 (Applebot/0.1; +http://www.apple.com/go/applebot)"
62.138.2.214 - - [23/Feb/2021:07:52:48 +0100] "GET /sonderthemen/sk2004.pdf HTTP/1.1" 200 1967215 "-" "Mozilla/5.0 (X11; Linux x86_64; rv:81.0) Gecko/20100101 Firefox/81.0"
13.66.139.6 - - [23/Feb/2021:08:03:50 +0100] "GET /buecher/gesichter/03.jpg HTTP/1.1" 200 10026 "-" "Mozilla/5.0 (compatible; bingbot/2.0; +http://www.bing.com/bingbot.htm)"
62.138.2.214 - - [23/Feb/2021:08:05:49 +0100] "GET /sonderthemen/oekz2003.pdf HTTP/1.1" 200 4017017 "-" "Mozilla/5.0 (X11; Linux x86_64; rv:81.0) Gecko/20100101 Firefox/81.0"
62.138.2.214 - - [23/Feb/2021:08:07:18 +0100] "GET /sonderthemen/sk2004_s01.pdf HTTP/1.1" 200 162742 "-" "Mozilla/5.0 (X11; Linux x86_64; rv:81.0) Gecko/20100101 Firefox/81.0"
62.138.2.214 - - [23/Feb/2021:08:11:17 +0100] "GET /sonderthemen/oekz2003_s01.pdf HTTP/1.1" 200 66807 "-" "Mozilla/5.0 (X11; Linux x86_64; rv:81.0) Gecko/20100101 Firefox/81.0"
62.138.2.214 - - [23/Feb/2021:08:14:34 +0100] "GET /sonderthemen/oekt_extra1.pdf HTTP/1.1" 200 1849015 "-" "Mozilla/5.0 (X11; Linux x86_64; rv:81.0) Gecko/20100101 Firefox/81.0"
62.138.2.214 - - [23/Feb/2021:08:25:32 +0100] "GET /sonderthemen/presse.html HTTP/1.1" 200 5772 "-" "Mozilla/5.0 (X11; Linux x86_64; rv:81.0) Gecko/20100101 Firefox/81.0"
62.138.2.214 - - [23/Feb/2021:08:31:26 +0100] "GET /sonderthemen/oekt_extra3.pdf HTTP/1.1" 200 2109745 "-" "Mozilla/5.0 (X11; Linux x86_64; rv:81.0) Gecko/20100101 Firefox/81.0"
62.138.2.214 - - [23/Feb/2021:08:38:13 +0100] "GET /buecher/rezensionen_ungeteilt.html HTTP/1.1" 200 9764 "-" "Mozilla/5.0 (X11; Linux x86_64; rv:81.0) Gecko/20100101 Firefox/81.0"
62.138.2.214 - - [23/Feb/2021:08:43:55 +0100] "GET /sonderthemen/oeaz2001.pdf HTTP/1.1" 200 4496626 "-" "Mozilla/5.0 (X11; Linux x86_64; rv:81.0) Gecko/20100101 Firefox/81.0"
62.138.2.214 - - [23/Feb/2021:08:50:19 +0100] "GET /sonderthemen/sk2000.pdf HTTP/1.1" 200 2925489 "-" "Mozilla/5.0 (X11; Linux x86_64; rv:81.0) Gecko/20100101 Firefox/81.0"
62.138.2.214 - - [23/Feb/2021:08:59:00 +0100] "GET /sonderthemen/sk2002.pdf HTTP/1.1" 200 2628923 "-" "Mozilla/5.0 (X11; Linux x86_64; rv:81.0) Gecko/20100101 Firefox/81.0"
62.138.2.214 - - [23/Feb/2021:09:01:28 +0100] "GET /sonderthemen/az2000.pdf HTTP/1.1" 200 2253581 "-" "Mozilla/5.0 (X11; Linux x86_64; rv:81.0) Gecko/20100101 Firefox/81.0"
62.138.2.214 - - [23/Feb/2021:09:07:42 +0100] "GET /sonderthemen/oeaz2002.pdf HTTP/1.1" 200 3161455 "-" "Mozilla/5.0 (X11; Linux x86_64; rv:81.0) Gecko/20100101 Firefox/81.0"
62.138.2.214 - - [23/Feb/2021:09:15:33 +0100] "GET /sonderthemen/sk2001.pdf HTTP/1.1" 200 3098589 "-" "Mozilla/5.0 (X11; Linux x86_64; rv:81.0) Gecko/20100101 Firefox/81.0"
62.138.2.214 - - [23/Feb/2021:09:19:06 +0100] "GET /sonderthemen/az1999.pdf HTTP/1.1" 200 1842982 "-" "Mozilla/5.0 (X11; Linux x86_64; rv:81.0) Gecko/20100101 Firefox/81.0"
144.76.102.243 - - [23/Feb/2021:09:37:57 +0100] "GET /sonderthemen/oeaz2002.pdf HTTP/1.1" 200 3161455 "-" "Mozilla/5.0 (X11; Ubuntu; Linux x86_64; rv:83.0) Gecko/20100101 Firefox/83.0"
85.25.177.219 - - [23/Feb/2021:09:52:19 +0100] "GET /logo_g.gif HTTP/1.1" 200 1301 "-" "Mozilla/5.0 (compatible; adscanner/)/1.0 (Mozilla/5.0 (compatible; seoscanners.net/1.0; +spider@seoscanners.net); http://seoscanners.net; spider@seoscanners.net)"
85.25.177.219 - - [23/Feb/2021:09:52:19 +0100] "GET /jahrbuch_k.jpg HTTP/1.1" 200 3719 "-" "Mozilla/5.0 (compatible; adscanner/)/1.0 (Mozilla/5.0 (compatible; seoscanners.net/1.0; +spider@seoscanners.net); http://seoscanners.net; spider@seoscanners.net)"
85.25.177.219 - - [23/Feb/2021:09:52:19 +0100] "GET /buch_k.jpg HTTP/1.1" 200 4591 "-" "Mozilla/5.0 (compatible; adscanner/)/1.0 (Mozilla/5.0 (compatible; seoscanners.net/1.0; +spider@seoscanners.net); http://seoscanners.net; spider@seoscanners.net)"
85.25.185.103 - - [23/Feb/2021:09:52:19 +0100] "GET /buecher/gesichter.jpg HTTP/1.1" 200 7271 "-" "Mozilla/5.0 (compatible; adscanner/)/1.0 (Mozilla/5.0 (compatible; seoscanners.net/1.0; +spider@seoscanners.net); http://seoscanners.net; spider@seoscanners.net)"
85.25.210.23 - - [23/Feb/2021:09:52:19 +0100] "GET /cds/ignatius_k.jpg HTTP/1.1" 200 3965 "-" "Mozilla/5.0 (compatible; adscanner/)/1.0 (Mozilla/5.0 (compatible; seoscanners.net/1.0; +spider@seoscanners.net); http://seoscanners.net; spider@seoscanners.net)"
62.138.2.160 - - [23/Feb/2021:09:52:19 +0100] "GET /cds/hymnos_k.jpg HTTP/1.1" 200 4986 "-" "Mozilla/5.0 (compatible; adscanner/)/1.0 (Mozilla/5.0 (compatible; seoscanners.net/1.0; +spider@seoscanners.net); http://seoscanners.net; spider@seoscanners.net)"
62.138.2.160 - - [23/Feb/2021:09:52:19 +0100] "GET /cds/astazi_k.jpg HTTP/1.1" 200 6049 "-" "Mozilla/5.0 (compatible; adscanner/)/1.0 (Mozilla/5.0 (compatible; seoscanners.net/1.0; +spider@seoscanners.net); http://seoscanners.net; spider@seoscanners.net)"
85.25.185.103 - - [23/Feb/2021:09:52:19 +0100] "GET /gotteslob.jpg HTTP/1.1" 200 9390 "-" "Mozilla/5.0 (compatible; adscanner/)/1.0 (Mozilla/5.0 (compatible; seoscanners.net/1.0; +spider@seoscanners.net); http://seoscanners.net; spider@seoscanners.net)"
85.25.177.219 - - [23/Feb/2021:09:52:20 +0100] "GET /mv_gr_w.gif HTTP/1.1" 200 2005 "-" "Mozilla/5.0 (compatible; adscanner/)/1.0 (Mozilla/5.0 (compatible; seoscanners.net/1.0; +spider@seoscanners.net); http://seoscanners.net; spider@seoscanners.net)"
62.138.2.160 - - [23/Feb/2021:09:52:20 +0100] "GET /buecher/chateaubriand.jpg HTTP/1.1" 200 2272 "-" "Mozilla/5.0 (compatible; adscanner/)/1.0 (Mozilla/5.0 (compatible; seoscanners.net/1.0; +spider@seoscanners.net); http://seoscanners.net; spider@seoscanners.net)"
85.25.177.219 - - [23/Feb/2021:09:52:20 +0100] "GET /buecher/engel.jpg HTTP/1.1" 200 5414 "-" "Mozilla/5.0 (compatible; adscanner/)/1.0 (Mozilla/5.0 (compatible; seoscanners.net/1.0; +spider@seoscanners.net); http://seoscanners.net; spider@seoscanners.net)"
85.25.185.103 - - [23/Feb/2021:09:52:21 +0100] "GET /pf.gif HTTP/1.1" 200 62 "-" "Mozilla/5.0 (compatible; adscanner/)/1.0 (Mozilla/5.0 (compatible; seoscanners.net/1.0; +spider@seoscanners.net); http://seoscanners.net; spider@seoscanners.net)"
85.25.210.23 - - [23/Feb/2021:09:52:21 +0100] "GET /cds/rosarium_k.jpg HTTP/1.1" 200 3972 "-" "Mozilla/5.0 (compatible; adscanner/)/1.0 (Mozilla/5.0 (compatible; seoscanners.net/1.0; +spider@seoscanners.net); http://seoscanners.net; spider@seoscanners.net)"
85.25.210.23 - - [23/Feb/2021:09:52:22 +0100] "GET /mv_g.gif HTTP/1.1" 200 4070 "-" "Mozilla/5.0 (compatible; adscanner/)/1.0 (Mozilla/5.0 (compatible; seoscanners.net/1.0; +spider@seoscanners.net); http://seoscanners.net; spider@seoscanners.net)"
78.46.94.83 - - [23/Feb/2021:09:56:01 +0100] "GET /sonderthemen/oekt_extra3.pdf HTTP/1.1" 200 2109745 "-" "Mozilla/5.0 (Macintosh; Intel Mac OS X 10_15_6) AppleWebKit/605.1.15 (KHTML, like Gecko) Version/14.0.2 Safari/605.1.15"
13.66.139.37 - - [23/Feb/2021:09:56:51 +0100] "GET /buecher/gesichter/30.jpg HTTP/1.1" 200 8702 "-" "Mozilla/5.0 (compatible; bingbot/2.0; +http://www.bing.com/bingbot.htm)"
195.123.209.118 - - [23/Feb/2021:10:03:40 +0100] "GET / HTTP/1.1" 200 9360 "https://siteripz.net/" "Opera/7.11 (Windows NT 5.1; U) [en]"
195.123.209.118 - - [23/Feb/2021:10:03:40 +0100] "GET / HTTP/1.1" 200 9360 "https://siteripz.net/" "Opera/7.11 (Windows NT 5.1; U) [en]"
195.123.209.118 - - [23/Feb/2021:10:03:41 +0100] "GET / HTTP/1.1" 200 9360 "https://siteripz.net/" "Opera/7.11 (Windows NT 5.1; U) [en]"
78.46.94.83 - - [23/Feb/2021:10:06:02 +0100] "GET /buecher/veroeffentlichungsliste.html HTTP/1.1" 200 129779 "-" "Mozilla/5.0 (Windows NT 10.0; Win64; x64) AppleWebKit/537.36 (KHTML, like Gecko) Chrome/87.0.4280.67 Safari/537.36 Edg/87.0.664.47"
42.236.10.98 - - [23/Feb/2021:10:54:11 +0100] "GET / HTTP/1.1" 200 9360 "http://www.morusverlag.de/" "Mozilla/5.0(compatible;MSIE9.0;WindowsNT6.1;Trident/5.0)"
192.99.13.75 - - [23/Feb/2021:10:58:40 +0100] "GET /robots.txt HTTP/1.1" 200 100 "-" "Mozilla/5.0 (compatible; MJ12bot/v1.4.8; http://mj12bot.com/)"
192.99.13.75 - - [23/Feb/2021:10:59:23 +0100] "GET /buecher/index.html HTTP/1.1" 200 25885 "-" "Mozilla/5.0 (compatible; MJ12bot/v1.4.8; http://mj12bot.com/)"
192.99.13.75 - - [23/Feb/2021:11:00:00 +0100] "GET /buecher/rezensionen_chateaubriand.html HTTP/1.1" 200 47317 "-" "Mozilla/5.0 (compatible; MJ12bot/v1.4.8; http://mj12bot.com/)"
192.99.13.75 - - [23/Feb/2021:11:00:30 +0100] "GET /buecher/veroeffentlichungsliste.html HTTP/1.1" 200 129779 "-" "Mozilla/5.0 (compatible; MJ12bot/v1.4.8; http://mj12bot.com/)"
192.99.13.75 - - [23/Feb/2021:11:01:48 +0100] "GET /cds/hymnos_akathistos.html HTTP/1.1" 200 11061 "-" "Mozilla/5.0 (compatible; MJ12bot/v1.4.8; http://mj12bot.com/)"
192.99.13.75 - - [23/Feb/2021:11:02:16 +0100] "GET /cds/ignatius.html HTTP/1.1" 200 6576 "-" "Mozilla/5.0 (compatible; MJ12bot/v1.4.8; http://mj12bot.com/)"
192.99.13.75 - - [23/Feb/2021:11:02:49 +0100] "GET /cds/index.html HTTP/1.1" 200 7987 "-" "Mozilla/5.0 (compatible; MJ12bot/v1.4.8; http://mj12bot.com/)"
192.99.13.75 - - [23/Feb/2021:11:03:36 +0100] "GET /cds/rosarium.html HTTP/1.1" 200 6680 "-" "Mozilla/5.0 (compatible; MJ12bot/v1.4.8; http://mj12bot.com/)"
192.99.13.75 - - [23/Feb/2021:11:04:47 +0100] "GET /gotteslob/index.html HTTP/1.1" 200 2770 "-" "Mozilla/5.0 (compatible; MJ12bot/v1.4.8; http://mj12bot.com/)"
192.99.13.75 - - [23/Feb/2021:11:05:30 +0100] "GET /impressum.html HTTP/1.1" 200 2808 "-" "Mozilla/5.0 (compatible; MJ12bot/v1.4.8; http://mj12bot.com/)"
192.99.13.75 - - [23/Feb/2021:11:05:59 +0100] "GET /jahrbuch/index.html HTTP/1.1" 200 3956 "-" "Mozilla/5.0 (compatible; MJ12bot/v1.4.8; http://mj12bot.com/)"
192.99.13.75 - - [23/Feb/2021:11:06:31 +0100] "GET /kontakt/index.html HTTP/1.1" 200 2896 "-" "Mozilla/5.0 (compatible; MJ12bot/v1.4.8; http://mj12bot.com/)"
192.99.13.75 - - [23/Feb/2021:11:07:20 +0100] "GET /sonderthemen/index.html HTTP/1.1" 200 7102 "-" "Mozilla/5.0 (compatible; MJ12bot/v1.4.8; http://mj12bot.com/)"
148.251.50.77 - - [23/Feb/2021:11:08:39 +0100] "GET /buecher/rezensionen_le_saulchoir.html HTTP/1.1" 200 34009 "-" "Mozilla/5.0 (X11; Ubuntu; Linux x86_64; rv:83.0) Gecko/20100101 Firefox/83.0"
78.46.94.83 - - [23/Feb/2021:11:10:22 +0100] "GET /buecher/ HTTP/1.1" 200 25885 "-" "Mozilla/5.0 (Macintosh; Intel Mac OS X 10.14; rv:83.0) Gecko/20100101 Firefox/83.0"
148.251.50.77 - - [23/Feb/2021:11:10:22 +0100] "GET /buecher/index.html HTTP/1.1" 200 25885 "-" "Mozilla/5.0 (Windows NT 6.1; Win64; x64) AppleWebKit/537.36 (KHTML, like Gecko) Chrome/87.0.4280.88 Safari/537.36"
42.236.10.109 - - [23/Feb/2021:12:17:43 +0100] "GET / HTTP/1.1" 200 9360 "http://www.morusverlag.de/" "Mozilla/5.0 (Windows NT 6.1; WOW64) AppleWebKit/537.36 (KHTML, like Gecko) Chrome/50.0.2661.102 Safari/537.36; 360Spider"
66.249.76.234 - - [23/Feb/2021:12:44:16 +0100] "GET /kontakt/ HTTP/1.1" 304 - "-" "Mozilla/5.0 (Linux; Android 6.0.1; Nexus 5X Build/MMB29P) AppleWebKit/537.36 (KHTML, like Gecko) Chrome/88.0.4324.188 Mobile Safari/537.36 (compatible; Googlebot/2.1; +http://www.google.com/bot.html)"
40.77.167.75 - - [23/Feb/2021:12:47:13 +0100] "GET / HTTP/1.1" 304 - "-" "Mozilla/5.0 (compatible; bingbot/2.0; +http://www.bing.com/bingbot.htm)"
114.119.140.70 - - [23/Feb/2021:13:01:31 +0100] "GET /robots.txt HTTP/1.1" 200 100 "-" "(compatible;PetalBot;+https://aspiegel.com/petalbot)"
193.124.190.18 - - [23/Feb/2021:13:08:59 +0100] "HEAD / HTTP/1.1" 200 - "https://dronnews.ru/obzory/dji" "Mozilla/6.0 (compatible; MSIE7.00; Windows 2009)"
66.249.76.236 - - [23/Feb/2021:13:34:50 +0100] "GET /buecher/rezensionen_preysing.html HTTP/1.1" 200 9502 "-" "Mozilla/5.0 (Linux; Android 6.0.1; Nexus 5X Build/MMB29P) AppleWebKit/537.36 (KHTML, like Gecko) Chrome/88.0.4324.188 Mobile Safari/537.36 (compatible; Googlebot/2.1; +http://www.google.com/bot.html)"
66.249.76.234 - - [23/Feb/2021:13:34:53 +0100] "GET /main.css HTTP/1.1" 200 1439 "http://www.morusverlag.de/buecher/rezensionen_preysing.html" "Mozilla/5.0 (Linux; Android 6.0.1; Nexus 5X Build/MMB29P) AppleWebKit/537.36 (KHTML, like Gecko) Chrome/88.0.4324.175 Mobile Safari/537.36 (compatible; Googlebot/2.1; +http://www.google.com/bot.html)"
213.144.5.151 - - [23/Feb/2021:14:04:55 +0100] "GET /robots.txt HTTP/1.1" 200 100 "-" "Apache-HttpClient/4.5.12 (Java/15-ea)"
213.144.5.151 - - [23/Feb/2021:14:04:55 +0100] "GET / HTTP/1.1" 200 9360 "" "Mozilla/5.0 (Windows NT 10.0; Win64; x64) AppleWebKit/537.36 (KHTML, like Gecko) Chrome/84.0.4147.135 Safari/537.36"
213.144.5.151 - - [23/Feb/2021:14:06:42 +0100] "GET /impressum.html HTTP/1.1" 200 2808 "www.morusverlag.de" "Mozilla/5.0 (Windows NT 10.0; Win64; x64) AppleWebKit/537.36 (KHTML, like Gecko) Chrome/84.0.4147.135 Safari/537.36"
87.178.172.203 - - [23/Feb/2021:14:15:43 +0100] "GET /favicon.ico HTTP/1.1" 200 4286 "http://www.morusverlag.de/sonderthemen/az2000.pdf" "Mozilla/5.0 (Windows NT 10.0; Win64; x64) AppleWebKit/537.36 (KHTML, like Gecko) Chrome/88.0.4324.182 Safari/537.36"
87.178.172.203 - - [23/Feb/2021:14:15:43 +0100] "GET /sonderthemen/az2000.pdf HTTP/1.1" 200 2253581 "https://www.google.com/" "Mozilla/5.0 (Windows NT 10.0; Win64; x64) AppleWebKit/537.36 (KHTML, like Gecko) Chrome/88.0.4324.182 Safari/537.36"
168.119.11.187 - - [23/Feb/2021:14:18:33 +0100] "GET /buecher/rezensionen.html HTTP/1.1" 200 6964 "-" "Mozilla/5.0 (Windows NT 6.1; Win64; x64) AppleWebKit/537.36 (KHTML, like Gecko) Chrome/87.0.4280.66 Safari/537.36"
178.63.51.106 - - [23/Feb/2021:14:18:46 +0100] "GET /buecher/rezensionen.html HTTP/1.1" 200 6964 "-" "Mozilla/5.0 (Macintosh; Intel Mac OS X 10_15_7) AppleWebKit/605.1.15 (KHTML, like Gecko) Version/14.0 Safari/605.1.15"
78.46.94.83 - - [23/Feb/2021:14:18:56 +0100] "GET /buecher/rezensionen.html HTTP/1.1" 200 6964 "-" "Mozilla/5.0 (X11; Linux x86_64; rv:78.0) Gecko/20100101 Firefox/78.0"
168.119.11.187 - - [23/Feb/2021:14:32:54 +0100] "GET /buecher/ HTTP/1.1" 200 25885 "-" "Mozilla/5.0 (Macintosh; Intel Mac OS X 10_15_6) AppleWebKit/537.36 (KHTML, like Gecko) Chrome/86.0.4240.198 Safari/537.36"
178.63.51.106 - - [23/Feb/2021:14:33:03 +0100] "GET /buecher/index.html HTTP/1.1" 200 25885 "-" "Mozilla/5.0 (Windows NT 10.0; Win64; x64; rv:78.0) Gecko/20100101 Firefox/78.0"
144.76.162.206 - - [23/Feb/2021:14:33:06 +0100] "GET /buecher/index.html HTTP/1.1" 200 25885 "-" "Mozilla/5.0 (Macintosh; Intel Mac OS X 10_15_6) AppleWebKit/605.1.15 (KHTML, like Gecko) Version/14.0.1 Safari/605.1.15"
78.46.94.83 - - [23/Feb/2021:14:52:27 +0100] "GET /buecher/index.html HTTP/1.1" 200 25885 "-" "Mozilla/5.0 (Windows NT 10.0; Win64; x64) AppleWebKit/537.36 (KHTML, like Gecko) Chrome/87.0.4280.67 Safari/537.36"
78.46.94.83 - - [23/Feb/2021:14:52:28 +0100] "GET /buecher/rezension_gesichter_u_geschichten.pdf HTTP/1.1" 200 223287 "-" "Mozilla/5.0 (Macintosh; Intel Mac OS X 10_15_6) AppleWebKit/605.1.15 (KHTML, like Gecko) Version/13.1.2 Safari/605.1.15"
78.46.94.83 - - [23/Feb/2021:14:52:28 +0100] "GET /buecher/ HTTP/1.1" 200 25885 "-" "Mozilla/5.0 (Windows NT 10.0; Win64; x64) AppleWebKit/537.36 (KHTML, like Gecko) Chrome/86.0.4240.193 Safari/537.36"
114.119.140.161 - - [23/Feb/2021:14:58:57 +0100] "GET /robots.txt HTTP/1.1" 200 100 "-" "(compatible;PetalBot;+https://aspiegel.com/petalbot)"
168.119.11.187 - - [23/Feb/2021:16:30:26 +0100] "GET /sonderthemen/az2000.pdf HTTP/1.1" 200 2253581 "-" "Mozilla/5.0 (X11; Linux x86_64; rv:83.0) Gecko/20100101 Firefox/83.0"
13.66.139.6 - - [23/Feb/2021:16:38:10 +0100] "GET /buecher/rezensionen_chateaubriand.html HTTP/1.1" 200 47317 "-" "Mozilla/5.0 (compatible; bingbot/2.0; +http://www.bing.com/bingbot.htm)"
78.46.94.83 - - [23/Feb/2021:16:43:00 +0100] "GET /sonderthemen/sk2000.pdf HTTP/1.1" 200 2925489 "-" "Mozilla/5.0 (Windows NT 10.0; Win64; x64) AppleWebKit/537.36 (KHTML, like Gecko) Chrome/87.0.4280.67 Safari/537.36"
178.63.51.106 - - [23/Feb/2021:16:42:46 +0100] "GET /sonderthemen/sk2000.pdf HTTP/1.1" 200 2925489 "-" "Mozilla/5.0 (X11; Ubuntu; Linux x86_64; rv:84.0) Gecko/20100101 Firefox/84.0"
66.249.76.234 - - [23/Feb/2021:16:58:30 +0100] "GET /jahrbuch/titelseiten/1957.jpg HTTP/1.1" 200 12765 "-" "Googlebot-Image/1.0"
87.237.188.117 - - [23/Feb/2021:16:59:42 +0100] "GET / HTTP/1.1" 200 9360 "-" "Mozilla/5.0 (Windows NT 10.0; Win64; x64) AppleWebKit/537.36 (KHTML, like Gecko) Chrome/76.0.3809.132 Safari/537.36"
87.237.188.117 - - [23/Feb/2021:16:59:42 +0100] "GET / HTTP/1.1" 200 9360 "-" "Mozilla/5.0 (Windows NT 10.0; Win64; x64) AppleWebKit/537.36 (KHTML, like Gecko) Chrome/88.0.4324.96 Safari/537.36"
3.238.161.18 - - [23/Feb/2021:18:16:42 +0100] "GET /robots.txt HTTP/1.1" 200 100 "-" "CCBot/2.0 (https://commoncrawl.org/faq/)"
3.238.161.18 - - [23/Feb/2021:18:16:42 +0100] "GET / HTTP/1.1" 200 9360 "-" "CCBot/2.0 (https://commoncrawl.org/faq/)"
212.86.109.31 - - [23/Feb/2021:18:35:23 +0100] "HEAD / HTTP/1.1" 200 - "https://tlt.volga.news/sport" "Mozilla/8.0 (compatible; MSIE3.00; Windows 2003)"
185.209.20.147 - - [23/Feb/2021:18:35:24 +0100] "HEAD / HTTP/1.1" 200 - "https://elite-skill.ru/category/%d0%bc%d0%b0%d0%b3%d0%b8%d1%8f-%d0%b7%d0%b5%d1%80%d0%ba%d0%b0%d0%bb/" "Mozilla/5.0 (compatible; MSIE3.00; Windows 2003)"
77.220.215.153 - - [23/Feb/2021:18:35:24 +0100] "HEAD / HTTP/1.1" 200 - "http://tv-express.ru" "Mozilla/6.0 (compatible; MSIE6.00; Windows 2007)"
185.203.240.129 - - [23/Feb/2021:18:35:24 +0100] "HEAD / HTTP/1.1" 200 - "https://newsvo.ru/stories" "Mozilla/6.0 (compatible; MSIE5.00; Windows 2009)"
85.209.89.217 - - [23/Feb/2021:18:38:40 +0100] "HEAD / HTTP/1.1" 200 - "https://gid.volga.news/realty" "Mozilla/6.0 (compatible; MSIE3.00; Windows 2004)"
85.209.89.205 - - [23/Feb/2021:18:38:55 +0100] "HEAD / HTTP/1.1" 200 - "https://volga.news/sport" "Mozilla/5.0 (compatible; MSIE5.00; Windows 2004)"
85.209.89.224 - - [23/Feb/2021:18:38:56 +0100] "HEAD / HTTP/1.1" 200 - "http://makrab.news/?m_ob=TPS&m_id=7" "Mozilla/7.0 (compatible; MSIE2.00; Windows 2009)"
85.209.89.216 - - [23/Feb/2021:18:42:04 +0100] "HEAD / HTTP/1.1" 200 - "https://www.opentown.org/ni" "Mozilla/3.0 (compatible; MSIE6.00; Windows 2002)"
85.209.89.241 - - [23/Feb/2021:18:42:04 +0100] "HEAD / HTTP/1.1" 200 - "https://region35.ru" "Mozilla/8.0 (compatible; MSIE3.00; Windows 2009)"
185.224.132.45 - - [23/Feb/2021:18:43:33 +0100] "HEAD / HTTP/1.1" 200 - "http://dab-info.ru/" "Mozilla/3.0 (compatible; MSIE3.00; Windows 2004)"
45.132.107.248 - - [23/Feb/2021:18:44:03 +0100] "HEAD / HTTP/1.1" 200 - "https://www.zlatvrata.ru/" "Mozilla/3.0 (compatible; MSIE7.00; Windows 2003)"
185.241.52.68 - - [23/Feb/2021:18:46:29 +0100] "HEAD / HTTP/1.1" 200 - "https://zapovit.org/" "Mozilla/3.0 (compatible; MSIE3.00; Windows 2002)"
144.76.102.243 - - [23/Feb/2021:18:56:06 +0100] "GET /sonderthemen/sk2000.pdf HTTP/1.1" 200 2925489 "-" "Mozilla/5.0 (Windows NT 10.0; Win64; x64) AppleWebKit/537.36 (KHTML, like Gecko) Chrome/87.0.4280.88 Safari/537.36 Edg/87.0.664.57"
194.67.210.77 - - [23/Feb/2021:19:00:34 +0100] "HEAD / HTTP/1.1" 200 - "https://in-vk.com/" "Mozilla/2.0 (compatible; MSIE5.00; Windows 2008)"
194.67.207.9 - - [23/Feb/2021:19:00:35 +0100] "HEAD / HTTP/1.1" 200 - "http://firstsmi.ru/" "Mozilla/7.0 (compatible; MSIE7.00; Windows 2005)"
185.125.219.13 - - [23/Feb/2021:19:00:36 +0100] "HEAD / HTTP/1.1" 200 - "https://news54.ru/" "Mozilla/3.0 (compatible; MSIE7.00; Windows 2009)"
193.124.188.83 - - [23/Feb/2021:19:00:42 +0100] "HEAD / HTTP/1.1" 200 - "https://coffeetee.ru/" "Mozilla/3.0 (compatible; MSIE3.00; Windows 2002)"
193.124.188.188 - - [23/Feb/2021:19:00:42 +0100] "HEAD / HTTP/1.1" 200 - "https://malinaexpert.ru/" "Mozilla/2.0 (compatible; MSIE7.00; Windows 2004)"
194.67.207.94 - - [23/Feb/2021:19:05:06 +0100] "HEAD / HTTP/1.1" 200 - "https://lodki-pvh.com.ua/" "Mozilla/5.0 (compatible; MSIE2.00; Windows 2009)"
193.124.191.92 - - [23/Feb/2021:19:05:14 +0100] "HEAD / HTTP/1.1" 200 - "https://fonarikitop.ru/" "Mozilla/8.0 (compatible; MSIE7.00; Windows 2006)"
185.5.249.185 - - [23/Feb/2021:19:10:11 +0100] "HEAD / HTTP/1.1" 200 - "https://pansionat-seasons.ru/" "Mozilla/5.0 (compatible; MSIE3.00; Windows 2002)"
85.25.177.219 - - [23/Feb/2021:19:30:46 +0100] "GET /jahrbuch/jahrbuch.jpg HTTP/1.1" 200 11282 "-" "Mozilla/5.0 (compatible; adscanner/)/1.0 (Mozilla/5.0 (compatible; seoscanners.net/1.0; +spider@seoscanners.net); http://seoscanners.net; spider@seoscanners.net)"
178.63.51.106 - - [23/Feb/2021:20:12:31 +0100] "GET /sonderthemen/oekt_extra2.pdf HTTP/1.1" 200 1939949 "-" "Mozilla/5.0 (Macintosh; Intel Mac OS X 11_0_1) AppleWebKit/537.36 (KHTML, like Gecko) Chrome/87.0.4280.88 Safari/537.36"
168.119.69.91 - - [23/Feb/2021:20:13:05 +0100] "GET /sonderthemen/oekt_extra2.pdf HTTP/1.1" 200 1939949 "-" "Mozilla/5.0 (Windows NT 6.1; Win64; x64) AppleWebKit/537.36 (KHTML, like Gecko) Chrome/86.0.4240.198 Safari/537.36 OPR/72.0.3815.400"
144.76.162.206 - - [23/Feb/2021:20:55:56 +0100] "GET /sonderthemen/az1999.pdf HTTP/1.1" 200 1842982 "-" "Mozilla/5.0 (Windows NT 10.0; WOW64) AppleWebKit/537.36 (KHTML, like Gecko) Chrome/86.0.4240.198 Safari/537.36"
195.123.209.118 - - [23/Feb/2021:21:05:26 +0100] "GET / HTTP/1.1" 200 9360 "https://vchulkah.net/" "Mozilla/3.0 (compatible; WebCapture 2.0; Auto; Windows)"
195.123.209.118 - - [23/Feb/2021:21:05:26 +0100] "GET / HTTP/1.1" 200 9360 "https://vchulkah.net/" "Mozilla/3.0 (compatible; WebCapture 2.0; Auto; Windows)"
195.123.209.118 - - [23/Feb/2021:21:05:26 +0100] "GET / HTTP/1.1" 200 9360 "https://vchulkah.net/" "Mozilla/3.0 (compatible; WebCapture 2.0; Auto; Windows)"
