173.231.59.210 - - [09/Sep/2020:00:03:08 +0200] "GET /robots.txt HTTP/1.1" 200 100 "-" "Mozilla/5.0 (compatible; Adsbot/3.1)"
173.231.59.210 - - [09/Sep/2020:00:03:13 +0200] "GET / HTTP/1.1" 200 9360 "-" "Mozilla/5.0 (compatible; Adsbot/3.1)"
114.119.138.70 - - [09/Sep/2020:00:09:46 +0200] "GET /buecher/veroeffentlichungsliste.html HTTP/1.1" 200 129779 "-" "Mozilla/5.0 (Linux; Android 7.0;) AppleWebKit/537.36 (KHTML, like Gecko) Mobile Safari/537.36 (compatible; PetalBot;+http://aspiegel.com/petalbot)"
173.231.59.210 - - [09/Sep/2020:00:41:21 +0200] "GET /cds/index.html HTTP/1.1" 200 7987 "http://www.morusverlag.de/" "Mozilla/5.0 (compatible; Adsbot/3.1)"
173.231.59.210 - - [09/Sep/2020:00:41:26 +0200] "GET /impressum.html HTTP/1.1" 200 2808 "http://www.morusverlag.de/" "Mozilla/5.0 (compatible; Adsbot/3.1)"
173.231.59.210 - - [09/Sep/2020:00:41:32 +0200] "GET /cds/ignatius.html HTTP/1.1" 200 6576 "http://www.morusverlag.de/" "Mozilla/5.0 (compatible; Adsbot/3.1)"
173.231.59.210 - - [09/Sep/2020:00:41:37 +0200] "GET /cds/rosarium.html HTTP/1.1" 200 6680 "http://www.morusverlag.de/" "Mozilla/5.0 (compatible; Adsbot/3.1)"
173.231.59.210 - - [09/Sep/2020:00:41:43 +0200] "GET /buecher/index.html HTTP/1.1" 200 25885 "http://www.morusverlag.de/" "Mozilla/5.0 (compatible; Adsbot/3.1)"
173.231.59.210 - - [09/Sep/2020:00:41:48 +0200] "GET /kontakt/index.html HTTP/1.1" 200 2896 "http://www.morusverlag.de/" "Mozilla/5.0 (compatible; Adsbot/3.1)"
173.231.59.210 - - [09/Sep/2020:00:41:54 +0200] "GET /jahrbuch/index.html HTTP/1.1" 200 3956 "http://www.morusverlag.de/" "Mozilla/5.0 (compatible; Adsbot/3.1)"
173.231.59.210 - - [09/Sep/2020:00:41:59 +0200] "GET /gotteslob/index.html HTTP/1.1" 200 2770 "http://www.morusverlag.de/" "Mozilla/5.0 (compatible; Adsbot/3.1)"
173.231.59.210 - - [09/Sep/2020:00:42:04 +0200] "GET /sonderthemen/index.html HTTP/1.1" 200 7102 "http://www.morusverlag.de/" "Mozilla/5.0 (compatible; Adsbot/3.1)"
173.231.59.210 - - [09/Sep/2020:00:42:10 +0200] "GET /cds/hymnos_akathistos.html HTTP/1.1" 200 11061 "http://www.morusverlag.de/" "Mozilla/5.0 (compatible; Adsbot/3.1)"
157.55.39.74 - - [09/Sep/2020:00:42:11 +0200] "GET /buecher/gesichter/16.jpg HTTP/1.1" 200 8367 "-" "Mozilla/5.0 (compatible; bingbot/2.0; +http://www.bing.com/bingbot.htm)"
173.231.59.210 - - [09/Sep/2020:00:42:15 +0200] "GET /buecher/veroeffentlichungsliste.html HTTP/1.1" 200 129779 "http://www.morusverlag.de/" "Mozilla/5.0 (compatible; Adsbot/3.1)"
173.231.59.210 - - [09/Sep/2020:00:42:22 +0200] "GET /buecher/rezensionen_chateaubriand.html HTTP/1.1" 200 47317 "http://www.morusverlag.de/" "Mozilla/5.0 (compatible; Adsbot/3.1)"
114.119.140.113 - - [09/Sep/2020:00:45:00 +0200] "GET /sonderthemen/sk2000.pdf HTTP/1.1" 200 2925489 "-" "Mozilla/5.0 (Linux; Android 7.0;) AppleWebKit/537.36 (KHTML, like Gecko) Mobile Safari/537.36 (compatible; PetalBot;+http://aspiegel.com/petalbot)"
54.36.149.15 - - [09/Sep/2020:00:59:45 +0200] "GET /sonderthemen/presse.html HTTP/1.1" 200 5772 "-" "Mozilla/5.0 (compatible; AhrefsBot/7.0; +http://ahrefs.com/robot/)"
46.4.83.150 - - [09/Sep/2020:01:17:52 +0200] "GET /sonderthemen/az1999.pdf HTTP/1.1" 200 1842982 "-" "Mozilla/5.0 (compatible; MSIE 10.0; Windows NT 6.1; Trident/6.0)"
178.137.90.95 - - [09/Sep/2020:01:29:03 +0200] "GET / HTTP/1.1" 200 9360 "https://sauni-lipetsk.ru/" "Mozilla/4.0 (compatible; MSIE 6.0; Windows NT 5.1; .NET CLR 1.1.4322; FDM)"
178.137.90.95 - - [09/Sep/2020:01:29:03 +0200] "GET / HTTP/1.1" 200 9360 "http://greenshop.su/" "Mozilla/4.0 (compatible; MSIE 6.0; Windows NT 5.1; SV1; FunWebProducts; MRA 4.6 (build 01425); .NET CLR 1.1.4322; .NET CLR 2.0.50727)"
178.137.90.95 - - [09/Sep/2020:01:29:03 +0200] "GET / HTTP/1.1" 200 9360 "https://sauni-lipetsk.ru/" "Mozilla/4.0 (compatible; MSIE 6.0; Windows NT 5.1; .NET CLR 1.1.4322; FDM)"
178.137.90.95 - - [09/Sep/2020:01:29:03 +0200] "GET / HTTP/1.1" 200 9360 "http://greenshop.su/" "Mozilla/4.0 (compatible; MSIE 6.0; Windows NT 5.1; SV1; FunWebProducts; MRA 4.6 (build 01425); .NET CLR 1.1.4322; .NET CLR 2.0.50727)"
178.137.90.95 - - [09/Sep/2020:01:29:04 +0200] "GET / HTTP/1.1" 200 9360 "https://sauni-lipetsk.ru/" "Mozilla/4.0 (compatible; MSIE 6.0; Windows NT 5.1; .NET CLR 1.1.4322; FDM)"
178.137.90.95 - - [09/Sep/2020:01:29:04 +0200] "GET / HTTP/1.1" 200 9360 "http://greenshop.su/" "Mozilla/4.0 (compatible; MSIE 6.0; Windows NT 5.1; SV1; FunWebProducts; MRA 4.6 (build 01425); .NET CLR 1.1.4322; .NET CLR 2.0.50727)"
40.77.167.215 - - [09/Sep/2020:01:52:38 +0200] "GET /buecher/gesichter/31.jpg HTTP/1.1" 200 8424 "-" "Mozilla/5.0 (compatible; bingbot/2.0; +http://www.bing.com/bingbot.htm)"
185.191.171.35 - - [09/Sep/2020:01:55:15 +0200] "GET /robots.txt HTTP/1.1" 200 100 "-" "Mozilla/5.0 (compatible; SemrushBot/6~bl; +http://www.semrush.com/bot.html)"
185.191.171.14 - - [09/Sep/2020:01:55:16 +0200] "GET /jahrbuch/index.html HTTP/1.1" 200 3956 "-" "Mozilla/5.0 (compatible; SemrushBot/6~bl; +http://www.semrush.com/bot.html)"
54.36.148.229 - - [09/Sep/2020:02:01:32 +0200] "GET /impressum.html HTTP/1.1" 200 2808 "-" "Mozilla/5.0 (compatible; AhrefsBot/7.0; +http://ahrefs.com/robot/)"
173.231.59.210 - - [09/Sep/2020:02:03:23 +0200] "GET /index.html HTTP/1.1" 200 9360 "http://www.morusverlag.de/" "Mozilla/5.0 (compatible; Adsbot/3.1)"
173.231.59.210 - - [09/Sep/2020:02:03:28 +0200] "GET /sonderthemen/ HTTP/1.1" 200 7102 "http://www.morusverlag.de/" "Mozilla/5.0 (compatible; Adsbot/3.1)"
173.231.59.210 - - [09/Sep/2020:02:03:43 +0200] "GET /cds/astazi.html HTTP/1.1" 200 8453 "http://www.morusverlag.de/" "Mozilla/5.0 (compatible; Adsbot/3.1)"
173.231.59.210 - - [09/Sep/2020:02:03:48 +0200] "GET /cds/lumina.html HTTP/1.1" 200 9000 "http://www.morusverlag.de/" "Mozilla/5.0 (compatible; Adsbot/3.1)"
173.231.59.210 - - [09/Sep/2020:02:03:54 +0200] "GET /buecher/bestellung.php HTTP/1.1" 200 10142 "http://www.morusverlag.de/" "Mozilla/5.0 (compatible; Adsbot/3.1)"
173.231.59.210 - - [09/Sep/2020:02:03:59 +0200] "GET /cds/glockenspiel1.html HTTP/1.1" 200 9736 "http://www.morusverlag.de/" "Mozilla/5.0 (compatible; Adsbot/3.1)"
173.231.59.210 - - [09/Sep/2020:02:04:05 +0200] "GET /cds/glockenspiel2.html HTTP/1.1" 200 9831 "http://www.morusverlag.de/" "Mozilla/5.0 (compatible; Adsbot/3.1)"
173.231.59.210 - - [09/Sep/2020:02:04:10 +0200] "GET /buecher/diskussion.html HTTP/1.1" 200 9925 "http://www.morusverlag.de/" "Mozilla/5.0 (compatible; Adsbot/3.1)"
173.231.59.210 - - [09/Sep/2020:02:04:16 +0200] "GET /jahrbuch/bestellung.php HTTP/1.1" 200 10316 "http://www.morusverlag.de/" "Mozilla/5.0 (compatible; Adsbot/3.1)"
173.231.59.210 - - [09/Sep/2020:02:04:22 +0200] "GET /sonderthemen/az2003.pdf HTTP/1.1" 200 4864675 "http://www.morusverlag.de/" "Mozilla/5.0 (compatible; Adsbot/3.1)"
173.231.59.210 - - [09/Sep/2020:02:04:27 +0200] "GET /sonderthemen/sk2004.pdf HTTP/1.1" 200 1967215 "http://www.morusverlag.de/" "Mozilla/5.0 (compatible; Adsbot/3.1)"
173.231.59.210 - - [09/Sep/2020:02:04:32 +0200] "GET /buecher/rezensionen.html HTTP/1.1" 200 6964 "http://www.morusverlag.de/" "Mozilla/5.0 (compatible; Adsbot/3.1)"
173.231.59.210 - - [09/Sep/2020:02:04:38 +0200] "GET /sonderthemen/archiv.html HTTP/1.1" 200 6959 "http://www.morusverlag.de/" "Mozilla/5.0 (compatible; Adsbot/3.1)"
173.231.59.210 - - [09/Sep/2020:02:04:43 +0200] "GET /sonderthemen/presse.html HTTP/1.1" 200 5772 "http://www.morusverlag.de/" "Mozilla/5.0 (compatible; Adsbot/3.1)"
173.231.59.210 - - [09/Sep/2020:02:04:48 +0200] "GET /sonderthemen/oekz2003.pdf HTTP/1.1" 200 4017017 "http://www.morusverlag.de/" "Mozilla/5.0 (compatible; Adsbot/3.1)"
173.231.59.210 - - [09/Sep/2020:02:04:54 +0200] "GET /sonderthemen/az2003_s01.pdf HTTP/1.1" 200 120642 "http://www.morusverlag.de/" "Mozilla/5.0 (compatible; Adsbot/3.1)"
173.231.59.210 - - [09/Sep/2020:02:04:59 +0200] "GET /sonderthemen/sk2004_s01.pdf HTTP/1.1" 200 162742 "http://www.morusverlag.de/" "Mozilla/5.0 (compatible; Adsbot/3.1)"
173.231.59.210 - - [09/Sep/2020:02:05:04 +0200] "GET /sonderthemen/oekt_extra1.pdf HTTP/1.1" 200 1849015 "http://www.morusverlag.de/" "Mozilla/5.0 (compatible; Adsbot/3.1)"
173.231.59.210 - - [09/Sep/2020:02:05:10 +0200] "GET /sonderthemen/oekt_extra2.pdf HTTP/1.1" 200 1939949 "http://www.morusverlag.de/" "Mozilla/5.0 (compatible; Adsbot/3.1)"
173.231.59.210 - - [09/Sep/2020:02:05:15 +0200] "GET /sonderthemen/oekt_extra3.pdf HTTP/1.1" 200 2109745 "http://www.morusverlag.de/" "Mozilla/5.0 (compatible; Adsbot/3.1)"
173.231.59.210 - - [09/Sep/2020:02:05:20 +0200] "GET /sonderthemen/oekz2003_s01.pdf HTTP/1.1" 200 66807 "http://www.morusverlag.de/" "Mozilla/5.0 (compatible; Adsbot/3.1)"
173.231.59.210 - - [09/Sep/2020:02:05:25 +0200] "GET /buecher/rezensionen_engel.html HTTP/1.1" 200 6598 "http://www.morusverlag.de/" "Mozilla/5.0 (compatible; Adsbot/3.1)"
173.231.59.210 - - [09/Sep/2020:02:05:31 +0200] "GET /jahrbuch/titelseiten/index.html HTTP/1.1" 200 6735 "http://www.morusverlag.de/" "Mozilla/5.0 (compatible; Adsbot/3.1)"
173.231.59.210 - - [09/Sep/2020:02:05:36 +0200] "GET /buecher/rezensionen_psalmen.html HTTP/1.1" 200 6787 "http://www.morusverlag.de/" "Mozilla/5.0 (compatible; Adsbot/3.1)"
173.231.59.210 - - [09/Sep/2020:02:05:42 +0200] "GET /buecher/rezensionen_ignatius.html HTTP/1.1" 200 8182 "http://www.morusverlag.de/" "Mozilla/5.0 (compatible; Adsbot/3.1)"
173.231.59.210 - - [09/Sep/2020:02:05:47 +0200] "GET /buecher/rezensionen_preysing.html HTTP/1.1" 200 9502 "http://www.morusverlag.de/" "Mozilla/5.0 (compatible; Adsbot/3.1)"
173.231.59.210 - - [09/Sep/2020:02:05:53 +0200] "GET /buecher/rezensionen_le_saulchoir.html HTTP/1.1" 200 34009 "http://www.morusverlag.de/" "Mozilla/5.0 (compatible; Adsbot/3.1)"
173.231.59.210 - - [09/Sep/2020:02:05:58 +0200] "GET /buecher/rezensionen_krise_zum_heil.html HTTP/1.1" 200 9828 "http://www.morusverlag.de/" "Mozilla/5.0 (compatible; Adsbot/3.1)"
173.231.59.210 - - [09/Sep/2020:02:06:04 +0200] "GET /buecher/rezension_gesichter_u_geschichten.pdf HTTP/1.1" 200 223287 "http://www.morusverlag.de/" "Mozilla/5.0 (compatible; Adsbot/3.1)"
173.231.59.210 - - [09/Sep/2020:02:06:09 +0200] "GET /buecher/rezensionen_nicht_auf_sand_gebaut.html HTTP/1.1" 200 6594 "http://www.morusverlag.de/" "Mozilla/5.0 (compatible; Adsbot/3.1)"
173.231.59.210 - - [09/Sep/2020:02:06:15 +0200] "GET /buecher/rezensionen_leiblichkeit_und_zeitlichkeit.html HTTP/1.1" 200 8821 "http://www.morusverlag.de/" "Mozilla/5.0 (compatible; Adsbot/3.1)"
77.88.9.131 - - [09/Sep/2020:02:38:33 +0200] "GET /robots.txt HTTP/1.1" 200 100 "-" "Mozilla/5.0 (compatible; YandexBot/3.0; +http://yandex.com/bots)"
77.88.9.131 - - [09/Sep/2020:02:38:37 +0200] "GET /sonderthemen/presse.html HTTP/1.1" 200 5772 "-" "Mozilla/5.0 (compatible; YandexBot/3.0; +http://yandex.com/bots)"
47.240.248.155 - - [09/Sep/2020:02:55:49 +0200] "GET /xmlrpc.php HTTP/1.1" 404 2381 "-" "Mozilla/5.0 (Windows NT 6.1; WOW64; rv:45.0) Gecko/20100101 Firefox/45.0"
47.75.178.149 - - [09/Sep/2020:02:55:50 +0200] "GET /xmlrpc.php HTTP/1.1" 404 2381 "-" "Mozilla/5.0 (Windows NT 6.1; WOW64; rv:45.0) Gecko/20100101 Firefox/45.0"
47.244.243.41 - - [09/Sep/2020:02:55:52 +0200] "GET /xmlrpc.php HTTP/1.1" 404 2381 "-" "Mozilla/5.0 (Windows NT 6.1; WOW64; rv:45.0) Gecko/20100101 Firefox/45.0"
54.36.148.208 - - [09/Sep/2020:03:02:40 +0200] "GET / HTTP/1.1" 200 9360 "-" "Mozilla/5.0 (compatible; AhrefsBot/7.0; +http://ahrefs.com/robot/)"
173.231.59.210 - - [09/Sep/2020:03:55:13 +0200] "GET /buecher/ HTTP/1.1" 200 25885 "http://www.morusverlag.de/" "Mozilla/5.0 (compatible; Adsbot/3.1)"
173.231.59.210 - - [09/Sep/2020:03:55:19 +0200] "GET /sonderthemen/az1999.pdf HTTP/1.1" 200 1842982 "http://www.morusverlag.de/" "Mozilla/5.0 (compatible; Adsbot/3.1)"
173.231.59.210 - - [09/Sep/2020:03:55:24 +0200] "GET /sonderthemen/az2000.pdf HTTP/1.1" 200 2253581 "http://www.morusverlag.de/" "Mozilla/5.0 (compatible; Adsbot/3.1)"
173.231.59.210 - - [09/Sep/2020:03:55:30 +0200] "GET /sonderthemen/sk2000.pdf HTTP/1.1" 200 2925489 "http://www.morusverlag.de/" "Mozilla/5.0 (compatible; Adsbot/3.1)"
173.231.59.210 - - [09/Sep/2020:03:55:35 +0200] "GET /sonderthemen/sk2001.pdf HTTP/1.1" 200 3098589 "http://www.morusverlag.de/" "Mozilla/5.0 (compatible; Adsbot/3.1)"
173.231.59.210 - - [09/Sep/2020:03:55:40 +0200] "GET /sonderthemen/sk2002.pdf HTTP/1.1" 200 2628923 "http://www.morusverlag.de/" "Mozilla/5.0 (compatible; Adsbot/3.1)"
173.231.59.210 - - [09/Sep/2020:03:55:45 +0200] "GET /sonderthemen/oeaz2001.pdf HTTP/1.1" 200 4496626 "http://www.morusverlag.de/" "Mozilla/5.0 (compatible; Adsbot/3.1)"
173.231.59.210 - - [09/Sep/2020:03:55:51 +0200] "GET /sonderthemen/oeaz2002.pdf HTTP/1.1" 200 3161455 "http://www.morusverlag.de/" "Mozilla/5.0 (compatible; Adsbot/3.1)"
173.231.59.210 - - [09/Sep/2020:03:55:56 +0200] "GET /buecher/rezensionen_ungeteilt.html HTTP/1.1" 200 9764 "http://www.morusverlag.de/" "Mozilla/5.0 (compatible; Adsbot/3.1)"
54.36.148.208 - - [09/Sep/2020:04:02:37 +0200] "GET /buecher/rezensionen_chateaubriand.html HTTP/1.1" 200 47317 "-" "Mozilla/5.0 (compatible; AhrefsBot/7.0; +http://ahrefs.com/robot/)"
114.119.151.119 - - [09/Sep/2020:04:13:57 +0200] "GET /sonntagszeitung/index.html HTTP/1.1" 404 2381 "-" "Mozilla/5.0 (Linux; Android 7.0;) AppleWebKit/537.36 (KHTML, like Gecko) Mobile Safari/537.36 (compatible; PetalBot;+http://aspiegel.com/petalbot)"
114.119.138.70 - - [09/Sep/2020:04:19:33 +0200] "GET /cds/astazi.html HTTP/1.1" 200 8453 "-" "Mozilla/5.0 (Linux; Android 7.0;) AppleWebKit/537.36 (KHTML, like Gecko) Mobile Safari/537.36 (compatible; PetalBot;+http://aspiegel.com/petalbot)"
140.203.12.6 - - [09/Sep/2020:04:22:12 +0200] "HEAD / HTTP/1.1" 200 - "-" "Java/1.6.0_23"
185.224.132.45 - - [09/Sep/2020:04:39:10 +0200] "HEAD / HTTP/1.1" 200 - "https://xn----8sbelqbnik7ajet.xn--p1ai/catalog/bh20/" "Mozilla/5.0 (compatible; MSIE3.00; Windows 2005)"
212.86.109.31 - - [09/Sep/2020:04:39:11 +0200] "HEAD / HTTP/1.1" 200 - "https://t-store.com.ua/en/oversize-t-shirt/" "Mozilla/3.0 (compatible; MSIE3.00; Windows 2004)"
185.209.20.147 - - [09/Sep/2020:04:39:11 +0200] "HEAD / HTTP/1.1" 200 - "https://vikupauto96.ru/bu" "Mozilla/5.0 (compatible; MSIE7.00; Windows 2009)"
185.203.240.129 - - [09/Sep/2020:04:39:11 +0200] "HEAD / HTTP/1.1" 200 - "https://aromagolik.kz/" "Mozilla/8.0 (compatible; MSIE2.00; Windows 2006)"
85.209.89.217 - - [09/Sep/2020:04:39:13 +0200] "HEAD / HTTP/1.1" 200 - "https://nogostop.ru/zhivot/kak-ubrat-obvissij-zivot-posle-pohudenia.html" "Mozilla/5.0 (compatible; MSIE5.00; Windows 2005)"
85.209.89.205 - - [09/Sep/2020:04:39:13 +0200] "HEAD / HTTP/1.1" 200 - "https://miazar.ru/shemy/vyshivka/yolka/" "Mozilla/8.0 (compatible; MSIE3.00; Windows 2005)"
85.209.89.224 - - [09/Sep/2020:04:39:13 +0200] "HEAD / HTTP/1.1" 200 - "https://strojdvor.ru/ventilyaciya/kak-sdelat-prinuditelnuyu-ventilyaciyu-v-dome-i-kvartire-svoimi-rukami-zatrativ-minimum-sredstv/" "Mozilla/8.0 (compatible; MSIE2.00; Windows 2003)"
85.209.89.216 - - [09/Sep/2020:04:41:27 +0200] "HEAD / HTTP/1.1" 200 - "https://zabor-shtaketnik.ru/" "Mozilla/7.0 (compatible; MSIE3.00; Windows 2004)"
85.209.89.241 - - [09/Sep/2020:04:45:20 +0200] "HEAD / HTTP/1.1" 200 - "https://kliningovyj-raj.ru/tehnika-i-sredstva/dlya-chistki-dukhovok-i-plit/" "Mozilla/4.0 (compatible; MSIE2.00; Windows 2004)"
193.124.188.83 - - [09/Sep/2020:04:48:05 +0200] "HEAD / HTTP/1.1" 200 - "http://promefey.ru/teplovizionnoe-obsledovanie" "Mozilla/2.0 (compatible; MSIE2.00; Windows 2008)"
193.124.188.188 - - [09/Sep/2020:04:48:06 +0200] "HEAD / HTTP/1.1" 200 - "https://coffeetee.ru/2019/06/29/amerikano-istorija-i-otlichija-v-prigotovlenii/" "Mozilla/5.0 (compatible; MSIE5.00; Windows 2003)"
193.124.191.92 - - [09/Sep/2020:04:48:06 +0200] "HEAD / HTTP/1.1" 200 - "http://oliaus.ru/category/posetiteli-na-sajt/" "Mozilla/2.0 (compatible; MSIE6.00; Windows 2006)"
194.67.210.77 - - [09/Sep/2020:04:48:06 +0200] "HEAD / HTTP/1.1" 200 - "https://toyota-cars.info/2019/10/13/tojota-aristo/" "Mozilla/2.0 (compatible; MSIE3.00; Windows 2003)"
193.124.190.18 - - [09/Sep/2020:04:48:06 +0200] "HEAD / HTTP/1.1" 200 - "https://bboom.pro/service/prilozheniya/" "Mozilla/4.0 (compatible; MSIE7.00; Windows 2008)"
185.125.219.13 - - [09/Sep/2020:04:53:29 +0200] "HEAD / HTTP/1.1" 200 - "http://rupolitshow.ru/puls" "Mozilla/2.0 (compatible; MSIE6.00; Windows 2007)"
194.67.207.94 - - [09/Sep/2020:04:53:30 +0200] "HEAD / HTTP/1.1" 200 - "https://www.bettergames.ru/walk.php?id=423" "Mozilla/3.0 (compatible; MSIE4.00; Windows 2004)"
185.5.249.185 - - [09/Sep/2020:04:53:30 +0200] "HEAD / HTTP/1.1" 200 - "https://nissan-auto.in/2019/12/20/tojota-rav-4-nissan-x-trejl/" "Mozilla/6.0 (compatible; MSIE2.00; Windows 2007)"
194.67.207.9 - - [09/Sep/2020:04:53:48 +0200] "HEAD / HTTP/1.1" 200 - "https://vse-pro-bmw.info/nedostatki-slabye-mesta-neispravnosti-bmv-3-serii/" "Mozilla/4.0 (compatible; MSIE2.00; Windows 2002)"
114.119.142.112 - - [09/Sep/2020:04:59:44 +0200] "GET /buecher/rezensionen_le_saulchoir.html HTTP/1.1" 200 34009 "-" "Mozilla/5.0 (Linux; Android 7.0;) AppleWebKit/537.36 (KHTML, like Gecko) Mobile Safari/537.36 (compatible; PetalBot;+http://aspiegel.com/petalbot)"
207.46.13.61 - - [09/Sep/2020:05:20:01 +0200] "GET /sonderthemen/index.html HTTP/1.1" 200 7102 "-" "Mozilla/5.0 (compatible; bingbot/2.0; +http://www.bing.com/bingbot.htm)"
77.220.215.153 - - [09/Sep/2020:05:40:31 +0200] "HEAD / HTTP/1.1" 200 - "https://fuehair.ru/peresadka-borodi-v-moskve/" "Mozilla/8.0 (compatible; MSIE5.00; Windows 2005)"
185.214.164.198 - - [09/Sep/2020:05:41:50 +0200] "HEAD / HTTP/1.1" 200 - "https://spb-spravkin.com/sertificates/zaklyuchenie-kek-i-vkk/" "Mozilla/6.0 (compatible; MSIE3.00; Windows 2008)"
114.119.157.241 - - [09/Sep/2020:05:49:47 +0200] "GET /sonderthemen/sk2001.pdf HTTP/1.1" 200 3098589 "-" "Mozilla/5.0 (Linux; Android 7.0;) AppleWebKit/537.36 (KHTML, like Gecko) Mobile Safari/537.36 (compatible; PetalBot;+http://aspiegel.com/petalbot)"
49.72.139.189 - - [09/Sep/2020:06:47:32 +0200] "GET / HTTP/1.1" 200 9360 "http://www.teol.de/zeitschr.htm" "ia_archiver"
144.76.102.243 - - [09/Sep/2020:07:16:01 +0200] "GET /sonderthemen/oekz2003.pdf HTTP/1.1" 200 4017017 "-" "Mozilla/5.0 (Windows NT 10.0; Win64; x64; rv:57.0) Gecko/20100101 Firefox/57.0"
78.46.90.120 - - [09/Sep/2020:07:16:07 +0200] "GET /sonderthemen/oekz2003.pdf HTTP/1.1" 200 4017017 "-" "Mozilla/5.0 (Macintosh; Intel Mac OS X 10.13; rv:58.0) Gecko/20100101 Firefox/58.0"
46.119.191.49 - - [09/Sep/2020:07:30:31 +0200] "GET / HTTP/1.1" 200 9360 "https://svoi-tver.ru/" "Mozilla/4.0 (compatible; MSIE 6.0; Windows NT 5.1; SV1; MRA 4.6 (build 01425); MRSPUTNIK 1, 5, 0, 19 SW)"
46.119.191.49 - - [09/Sep/2020:07:30:31 +0200] "GET / HTTP/1.1" 200 9360 "https://zarabotat-na-sajte.ru/" "Mozilla/4.0 (compatible; MSIE 6.0; Windows NT 5.1; ru) Opera 8.01"
46.119.191.49 - - [09/Sep/2020:07:30:32 +0200] "GET / HTTP/1.1" 200 9360 "https://svoi-tver.ru/" "Mozilla/4.0 (compatible; MSIE 6.0; Windows NT 5.1; SV1; MRA 4.6 (build 01425); MRSPUTNIK 1, 5, 0, 19 SW)"
46.119.191.49 - - [09/Sep/2020:07:30:32 +0200] "GET / HTTP/1.1" 200 9360 "https://zarabotat-na-sajte.ru/" "Mozilla/4.0 (compatible; MSIE 6.0; Windows NT 5.1; ru) Opera 8.01"
46.119.191.49 - - [09/Sep/2020:07:30:32 +0200] "GET / HTTP/1.1" 200 9360 "https://svoi-tver.ru/" "Mozilla/4.0 (compatible; MSIE 6.0; Windows NT 5.1; SV1; MRA 4.6 (build 01425); MRSPUTNIK 1, 5, 0, 19 SW)"
46.119.191.49 - - [09/Sep/2020:07:30:32 +0200] "GET / HTTP/1.1" 200 9360 "https://zarabotat-na-sajte.ru/" "Mozilla/4.0 (compatible; MSIE 6.0; Windows NT 5.1; ru) Opera 8.01"
114.119.142.112 - - [09/Sep/2020:07:52:19 +0200] "GET /buecher/ HTTP/1.1" 200 25885 "-" "Mozilla/5.0 (Linux; Android 7.0;) AppleWebKit/537.36 (KHTML, like Gecko) Mobile Safari/537.36 (compatible; PetalBot;+http://aspiegel.com/petalbot)"
88.198.36.62 - - [09/Sep/2020:07:58:44 +0200] "GET /sonderthemen/az1999.pdf HTTP/1.1" 200 1842982 "-" "Mozilla/5.0 (Windows NT 6.1; WOW64; Trident/7.0; rv:11.0) like Gecko"
54.36.148.209 - - [09/Sep/2020:08:18:22 +0200] "GET /cds/hymnos_akathistos.html HTTP/1.1" 200 11061 "-" "Mozilla/5.0 (compatible; AhrefsBot/7.0; +http://ahrefs.com/robot/)"
185.191.171.17 - - [09/Sep/2020:08:39:36 +0200] "GET /robots.txt HTTP/1.1" 200 100 "-" "Mozilla/5.0 (compatible; SemrushBot/6~bl; +http://www.semrush.com/bot.html)"
185.191.171.18 - - [09/Sep/2020:08:39:37 +0200] "GET /buecher/rezensionen_le_saulchoir.html HTTP/1.1" 200 34009 "-" "Mozilla/5.0 (compatible; SemrushBot/6~bl; +http://www.semrush.com/bot.html)"
114.119.151.119 - - [09/Sep/2020:08:59:17 +0200] "GET /sonderthemen/sk2001.jpg HTTP/1.1" 200 13633 "-" "Mozilla/5.0 (Linux; Android 7.0;) AppleWebKit/537.36 (KHTML, like Gecko) Mobile Safari/537.36 (compatible; PetalBot;+http://aspiegel.com/petalbot)"
114.119.128.40 - - [09/Sep/2020:09:04:55 +0200] "GET /sonderthemen/oekt_extra1.pdf HTTP/1.1" 200 1849015 "-" "Mozilla/5.0 (Linux; Android 7.0;) AppleWebKit/537.36 (KHTML, like Gecko) Mobile Safari/537.36 (compatible; PetalBot;+http://aspiegel.com/petalbot)"
185.191.171.3 - - [09/Sep/2020:09:18:18 +0200] "GET /aktuell.html HTTP/1.1" 404 2381 "-" "Mozilla/5.0 (compatible; SemrushBot/6~bl; +http://www.semrush.com/bot.html)"
46.119.191.49 - - [09/Sep/2020:09:20:41 +0200] "GET / HTTP/1.1" 200 9360 "https://pornhive.org/" "Mozilla/4.0 (compatible; MSIE 6.0; Windows NT 5.1; SV1)"
46.119.191.49 - - [09/Sep/2020:09:20:42 +0200] "GET / HTTP/1.1" 200 9360 "https://pornhive.org/" "Mozilla/4.0 (compatible; MSIE 6.0; Windows NT 5.1; SV1)"
46.119.191.49 - - [09/Sep/2020:09:20:42 +0200] "GET / HTTP/1.1" 200 9360 "https://pornhive.org/" "Mozilla/4.0 (compatible; MSIE 6.0; Windows NT 5.1; SV1)"
148.251.50.77 - - [09/Sep/2020:09:23:25 +0200] "GET /sonderthemen/oekt_extra3.pdf HTTP/1.1" 200 2109745 "-" "Mozilla/5.0 (X11; Ubuntu; Linux x86_64; rv:58.0) Gecko/20100101 Firefox/58.0"
148.251.50.77 - - [09/Sep/2020:09:23:41 +0200] "GET /sonderthemen/oekt_extra3.pdf HTTP/1.1" 200 2109745 "-" "Mozilla/5.0 (Macintosh; Intel Mac OS X 10_13_1) AppleWebKit/604.3.5 (KHTML, like Gecko) Version/11.0.1 Safari/604.3.5"
185.76.96.137 - - [09/Sep/2020:09:25:16 +0200] "GET /favicon.ico HTTP/1.1" 200 4286 "-" "Mozilla/5.0 (Windows NT 10.0; Win64; x64; rv:80.0) Gecko/20100101 Firefox/80.0"
185.76.96.137 - - [09/Sep/2020:09:25:17 +0200] "GET /sonderthemen/sk2000.pdf HTTP/1.1" 206 41905 "https://www.google.com/" "Mozilla/5.0 (Windows NT 10.0; Win64; x64; rv:80.0) Gecko/20100101 Firefox/80.0"
185.76.96.137 - - [09/Sep/2020:09:25:15 +0200] "GET /sonderthemen/sk2000.pdf HTTP/1.1" 200 2925489 "https://www.google.com/" "Mozilla/5.0 (Windows NT 10.0; Win64; x64; rv:80.0) Gecko/20100101 Firefox/80.0"
185.81.157.132 - - [09/Sep/2020:09:41:39 +0200] "POST /wp-content/plugins/wp-file-manager/lib/php/connector.minimal.php HTTP/1.1" 404 2381 "-" "python-requests/2.24.0"
62.210.143.10 - - [09/Sep/2020:09:46:14 +0200] "GET /robots.txt HTTP/1.1" 200 100 "-" "Mozilla/5.0 (compatible; Barkrowler/0.9; +https://babbar.tech/crawler)"
62.210.143.10 - - [09/Sep/2020:09:46:22 +0200] "GET / HTTP/1.1" 200 9360 "-" "Mozilla/5.0 (compatible; Barkrowler/0.9; +https://babbar.tech/crawler)"
62.210.143.10 - - [09/Sep/2020:09:46:30 +0200] "GET /index.html HTTP/1.1" 200 9360 "-" "Mozilla/5.0 (compatible; Barkrowler/0.9; +https://babbar.tech/crawler)"
62.210.143.10 - - [09/Sep/2020:09:46:38 +0200] "GET /impressum.html HTTP/1.1" 200 2808 "-" "Mozilla/5.0 (compatible; Barkrowler/0.9; +https://babbar.tech/crawler)"
62.210.143.10 - - [09/Sep/2020:09:46:45 +0200] "GET /kontakt/index.html HTTP/1.1" 200 2896 "-" "Mozilla/5.0 (compatible; Barkrowler/0.9; +https://babbar.tech/crawler)"
62.210.143.10 - - [09/Sep/2020:09:46:52 +0200] "GET /buecher/index.html HTTP/1.1" 200 25885 "-" "Mozilla/5.0 (compatible; Barkrowler/0.9; +https://babbar.tech/crawler)"
2.247.255.67 - - [09/Sep/2020:09:47:04 +0200] "GET /cds/rosarium.html HTTP/1.1" 200 6680 "https://www.google.com/" "Mozilla/5.0 (Linux; Android 7.0; PRA-LX1 Build/HUAWEIPRA-LX1) AppleWebKit/537.36 (KHTML, like Gecko) Chrome/64.0.3282.137 Mobile Safari/537.36"
2.247.255.67 - - [09/Sep/2020:09:47:04 +0200] "GET /main.css HTTP/1.1" 200 1439 "http://www.morusverlag.de/cds/rosarium.html" "Mozilla/5.0 (Linux; Android 7.0; PRA-LX1 Build/HUAWEIPRA-LX1) AppleWebKit/537.36 (KHTML, like Gecko) Chrome/64.0.3282.137 Mobile Safari/537.36"
2.247.255.67 - - [09/Sep/2020:09:47:04 +0200] "GET /mv_g.gif HTTP/1.1" 200 4070 "http://www.morusverlag.de/cds/rosarium.html" "Mozilla/5.0 (Linux; Android 7.0; PRA-LX1 Build/HUAWEIPRA-LX1) AppleWebKit/537.36 (KHTML, like Gecko) Chrome/64.0.3282.137 Mobile Safari/537.36"
2.247.255.67 - - [09/Sep/2020:09:47:04 +0200] "GET /cds/rosarium.jpg HTTP/1.1" 200 21032 "http://www.morusverlag.de/cds/rosarium.html" "Mozilla/5.0 (Linux; Android 7.0; PRA-LX1 Build/HUAWEIPRA-LX1) AppleWebKit/537.36 (KHTML, like Gecko) Chrome/64.0.3282.137 Mobile Safari/537.36"
2.247.255.67 - - [09/Sep/2020:09:47:04 +0200] "GET /strich.gif HTTP/1.1" 200 45 "http://www.morusverlag.de/cds/rosarium.html" "Mozilla/5.0 (Linux; Android 7.0; PRA-LX1 Build/HUAWEIPRA-LX1) AppleWebKit/537.36 (KHTML, like Gecko) Chrome/64.0.3282.137 Mobile Safari/537.36"
2.247.255.67 - - [09/Sep/2020:09:47:04 +0200] "GET /logo_g.gif HTTP/1.1" 200 1301 "http://www.morusverlag.de/cds/rosarium.html" "Mozilla/5.0 (Linux; Android 7.0; PRA-LX1 Build/HUAWEIPRA-LX1) AppleWebKit/537.36 (KHTML, like Gecko) Chrome/64.0.3282.137 Mobile Safari/537.36"
2.247.255.67 - - [09/Sep/2020:09:47:04 +0200] "GET /pf.gif HTTP/1.1" 200 62 "http://www.morusverlag.de/cds/rosarium.html" "Mozilla/5.0 (Linux; Android 7.0; PRA-LX1 Build/HUAWEIPRA-LX1) AppleWebKit/537.36 (KHTML, like Gecko) Chrome/64.0.3282.137 Mobile Safari/537.36"
2.247.255.67 - - [09/Sep/2020:09:47:04 +0200] "GET /m.gif HTTP/1.1" 200 95 "http://www.morusverlag.de/cds/rosarium.html" "Mozilla/5.0 (Linux; Android 7.0; PRA-LX1 Build/HUAWEIPRA-LX1) AppleWebKit/537.36 (KHTML, like Gecko) Chrome/64.0.3282.137 Mobile Safari/537.36"
2.247.255.67 - - [09/Sep/2020:09:47:05 +0200] "GET /favicon.ico HTTP/1.1" 200 4286 "http://www.morusverlag.de/cds/rosarium.html" "Mozilla/5.0 (Linux; Android 7.0; PRA-LX1 Build/HUAWEIPRA-LX1) AppleWebKit/537.36 (KHTML, like Gecko) Chrome/64.0.3282.137 Mobile Safari/537.36"
62.210.143.10 - - [09/Sep/2020:09:47:07 +0200] "GET /cds/index.html HTTP/1.1" 200 7987 "-" "Mozilla/5.0 (compatible; Barkrowler/0.9; +https://babbar.tech/crawler)"
62.210.143.10 - - [09/Sep/2020:09:47:14 +0200] "GET /sonderthemen/index.html HTTP/1.1" 200 7102 "-" "Mozilla/5.0 (compatible; Barkrowler/0.9; +https://babbar.tech/crawler)"
62.210.143.10 - - [09/Sep/2020:09:47:21 +0200] "GET /sonderthemen/archiv.html HTTP/1.1" 200 6959 "-" "Mozilla/5.0 (compatible; Barkrowler/0.9; +https://babbar.tech/crawler)"
62.210.143.10 - - [09/Sep/2020:09:47:29 +0200] "GET /buecher/bestellung.php HTTP/1.1" 200 10142 "-" "Mozilla/5.0 (compatible; Barkrowler/0.9; +https://babbar.tech/crawler)"
62.210.143.10 - - [09/Sep/2020:09:47:37 +0200] "GET /jahrbuch/index.html HTTP/1.1" 200 3956 "-" "Mozilla/5.0 (compatible; Barkrowler/0.9; +https://babbar.tech/crawler)"
62.210.143.10 - - [09/Sep/2020:09:47:44 +0200] "GET /cds/lumina.html HTTP/1.1" 200 9000 "-" "Mozilla/5.0 (compatible; Barkrowler/0.9; +https://babbar.tech/crawler)"
114.119.158.31 - - [09/Sep/2020:09:52:26 +0200] "GET /gotteslob HTTP/1.1" 301 356 "-" "Mozilla/5.0 (Linux; Android 7.0;) AppleWebKit/537.36 (KHTML, like Gecko) Mobile Safari/537.36 (compatible; PetalBot;+http://aspiegel.com/petalbot)"
114.119.158.31 - - [09/Sep/2020:09:52:26 +0200] "GET /gotteslob/ HTTP/1.1" 200 2770 "-" "Mozilla/5.0 (Linux; Android 7.0;) AppleWebKit/537.36 (KHTML, like Gecko) Mobile Safari/537.36 (compatible; PetalBot;+http://aspiegel.com/petalbot)"
95.216.96.170 - - [09/Sep/2020:09:59:42 +0200] "GET /robots.txt HTTP/1.1" 200 100 "-" "Mozilla/5.0 (compatible; SEOkicks; +https://www.seokicks.de/robot.html)"
95.216.96.170 - - [09/Sep/2020:09:59:43 +0200] "GET / HTTP/1.1" 200 9360 "-" "Mozilla/5.0 (compatible; SEOkicks; +https://www.seokicks.de/robot.html)"
95.216.96.170 - - [09/Sep/2020:09:59:45 +0200] "GET /buecher/index.html HTTP/1.1" 200 25885 "http://www.morusverlag.de/" "Mozilla/5.0 (compatible; SEOkicks; +https://www.seokicks.de/robot.html)"
95.216.96.170 - - [09/Sep/2020:09:59:49 +0200] "GET /cds/index.html HTTP/1.1" 200 7987 "http://www.morusverlag.de/" "Mozilla/5.0 (compatible; SEOkicks; +https://www.seokicks.de/robot.html)"
95.216.96.170 - - [09/Sep/2020:09:59:51 +0200] "GET /gotteslob/index.html HTTP/1.1" 200 2770 "http://www.morusverlag.de/" "Mozilla/5.0 (compatible; SEOkicks; +https://www.seokicks.de/robot.html)"
95.216.96.170 - - [09/Sep/2020:09:59:53 +0200] "GET /jahrbuch/index.html HTTP/1.1" 200 3956 "http://www.morusverlag.de/" "Mozilla/5.0 (compatible; SEOkicks; +https://www.seokicks.de/robot.html)"
95.216.96.170 - - [09/Sep/2020:09:59:55 +0200] "GET /sonderthemen/index.html HTTP/1.1" 200 7102 "http://www.morusverlag.de/" "Mozilla/5.0 (compatible; SEOkicks; +https://www.seokicks.de/robot.html)"
95.216.96.170 - - [09/Sep/2020:09:59:56 +0200] "GET /kontakt/index.html HTTP/1.1" 200 2896 "http://www.morusverlag.de/" "Mozilla/5.0 (compatible; SEOkicks; +https://www.seokicks.de/robot.html)"
95.216.96.170 - - [09/Sep/2020:09:59:58 +0200] "GET /impressum.html HTTP/1.1" 200 2808 "http://www.morusverlag.de/" "Mozilla/5.0 (compatible; SEOkicks; +https://www.seokicks.de/robot.html)"
95.216.96.170 - - [09/Sep/2020:10:00:02 +0200] "GET /cds/rosarium.html HTTP/1.1" 200 6680 "http://www.morusverlag.de/" "Mozilla/5.0 (compatible; SEOkicks; +https://www.seokicks.de/robot.html)"
114.119.142.112 - - [09/Sep/2020:10:06:28 +0200] "GET /cds/glockenspiel1.html HTTP/1.1" 200 9736 "-" "Mozilla/5.0 (Linux; Android 7.0;) AppleWebKit/537.36 (KHTML, like Gecko) Mobile Safari/537.36 (compatible; PetalBot;+http://aspiegel.com/petalbot)"
109.162.71.172 - - [09/Sep/2020:10:08:52 +0200] "GET / HTTP/1.1" 200 9360 "https://mamashki.com/" "Mozilla/4.0 (compatible; MSIE 6.0; Windows XP)"
109.162.71.172 - - [09/Sep/2020:10:08:53 +0200] "GET / HTTP/1.1" 200 9360 "https://mamashki.com/" "Mozilla/4.0 (compatible; MSIE 6.0; Windows XP)"
109.162.71.172 - - [09/Sep/2020:10:08:54 +0200] "GET / HTTP/1.1" 200 9360 "https://mamashki.com/" "Mozilla/4.0 (compatible; MSIE 6.0; Windows XP)"
157.55.39.180 - - [09/Sep/2020:10:15:35 +0200] "GET /buecher/gesichter/18.jpg HTTP/1.1" 200 8757 "-" "Mozilla/5.0 (compatible; bingbot/2.0; +http://www.bing.com/bingbot.htm)"
51.137.10.109 - - [09/Sep/2020:10:29:36 +0200] "GET /logo_g.gif HTTP/1.1" 200 1301 "-" "DuckDuckBot/1.1; (+http://duckduckgo.com/duckduckbot.html)"
42.236.106.90 - - [09/Sep/2020:10:39:11 +0200] "GET / HTTP/1.1" 200 9360 "http://www.morusverlag.de/" "Mozilla/5.0 (Windows NT 6.1; WOW64) AppleWebKit/537.36 (KHTML, like Gecko) Chrome/50.4.2661.102 Safari/537.36; 360Spider"
114.119.151.119 - - [09/Sep/2020:10:44:10 +0200] "GET /buecher/bestellung.php HTTP/1.1" 200 10142 "-" "Mozilla/5.0 (Linux; Android 7.0;) AppleWebKit/537.36 (KHTML, like Gecko) Mobile Safari/537.36 (compatible; PetalBot;+http://aspiegel.com/petalbot)"
78.46.94.83 - - [09/Sep/2020:10:58:03 +0200] "GET /sonderthemen/az2000.pdf HTTP/1.1" 200 2253581 "-" "Mozilla/5.0 (Windows; U; Windows NT 6.1; en-US) AppleWebKit/533.19.4 (KHTML, like Gecko) Version/5.0.2 Safari/533.18.5"
148.251.50.77 - - [09/Sep/2020:11:45:48 +0200] "GET /sonderthemen/oeaz2002.pdf HTTP/1.1" 200 3161455 "-" "Mozilla/5.0 (X11; Ubuntu; Linux x86_64; rv:58.0) Gecko/20100101 Firefox/58.0"
167.71.184.226 - - [09/Sep/2020:12:03:09 +0200] "GET / HTTP/1.1" 200 9360 "-" "Mozilla/5.0 (Macintosh; Intel Mac OS X 10_14_1) AppleWebKit/537.36 (KHTML, like Gecko) Chrome/75.0.3770.142 Safari/537.36"
114.119.151.82 - - [09/Sep/2020:12:14:42 +0200] "GET /robots.txt HTTP/1.1" 200 100 "-" "(compatible;PetalBot;+http://aspiegel.com/petalbot)"
114.119.150.227 - - [09/Sep/2020:12:20:13 +0200] "GET /buecher/index.html HTTP/1.1" 200 25885 "-" "Mozilla/5.0 (Linux; Android 7.0;) AppleWebKit/537.36 (KHTML, like Gecko) Mobile Safari/537.36 (compatible; PetalBot;+http://aspiegel.com/petalbot)"
114.119.150.227 - - [09/Sep/2020:12:25:48 +0200] "GET /buecher/rezensionen.html HTTP/1.1" 200 6964 "-" "Mozilla/5.0 (Linux; Android 7.0;) AppleWebKit/537.36 (KHTML, like Gecko) Mobile Safari/537.36 (compatible; PetalBot;+http://aspiegel.com/petalbot)"
114.119.140.113 - - [09/Sep/2020:13:04:23 +0200] "GET /buecher/der_neunte_tag.html HTTP/1.1" 200 5820 "-" "Mozilla/5.0 (Linux; Android 7.0;) AppleWebKit/537.36 (KHTML, like Gecko) Mobile Safari/537.36 (compatible; PetalBot;+http://aspiegel.com/petalbot)"
144.76.162.206 - - [09/Sep/2020:13:06:20 +0200] "GET /buecher/veroeffentlichungsliste.html HTTP/1.1" 200 129779 "-" "Mozilla/5.0 (Windows NT 6.1) AppleWebKit/537.36 (KHTML, like Gecko) Chrome/63.0.3239.132 Safari/537.36"
157.55.39.74 - - [09/Sep/2020:13:12:44 +0200] "GET /buecher/gesichter/13.jpg HTTP/1.1" 200 8373 "-" "Mozilla/5.0 (compatible; bingbot/2.0; +http://www.bing.com/bingbot.htm)"
194.173.174.10 - - [09/Sep/2020:13:18:07 +0200] "HEAD / HTTP/1.1" 200 - "-" "Mozilla/5.0 (Windows NT 6.3; WOW64) AppleWebKit/537.36 (KHTML, like Gecko) Chrome/43.0.2357.134 Safari/537.36"
114.119.128.40 - - [09/Sep/2020:13:25:37 +0200] "GET /index.html HTTP/1.1" 200 9360 "-" "Mozilla/5.0 (Linux; Android 7.0;) AppleWebKit/537.36 (KHTML, like Gecko) Mobile Safari/537.36 (compatible; PetalBot;+http://aspiegel.com/petalbot)"
109.162.71.172 - - [09/Sep/2020:13:28:41 +0200] "GET / HTTP/1.1" 200 9360 "https://mamashki.com/" "Mozilla/4.0 (compatible; MSIE 6.0; Windows XP)"
109.162.71.172 - - [09/Sep/2020:13:28:41 +0200] "GET / HTTP/1.1" 200 9360 "https://mamashki.com/" "Mozilla/4.0 (compatible; MSIE 6.0; Windows XP)"
109.162.71.172 - - [09/Sep/2020:13:28:42 +0200] "GET / HTTP/1.1" 200 9360 "https://mamashki.com/" "Mozilla/4.0 (compatible; MSIE 6.0; Windows XP)"
114.119.141.206 - - [09/Sep/2020:13:33:10 +0200] "GET /robots.txt HTTP/1.1" 200 100 "-" "(compatible;PetalBot;+http://aspiegel.com/petalbot)"
95.216.96.170 - - [09/Sep/2020:14:38:11 +0200] "GET /cds/ignatius.html HTTP/1.1" 200 6576 "http://www.morusverlag.de/" "Mozilla/5.0 (compatible; SEOkicks; +https://www.seokicks.de/robot.html)"
95.216.96.170 - - [09/Sep/2020:14:38:13 +0200] "GET /cds/hymnos_akathistos.html HTTP/1.1" 200 11061 "http://www.morusverlag.de/" "Mozilla/5.0 (compatible; SEOkicks; +https://www.seokicks.de/robot.html)"
95.216.96.170 - - [09/Sep/2020:14:38:27 +0200] "GET /buecher/rezensionen_chateaubriand.html HTTP/1.1" 200 47317 "http://www.morusverlag.de/" "Mozilla/5.0 (compatible; SEOkicks; +https://www.seokicks.de/robot.html)"
95.216.96.170 - - [09/Sep/2020:14:38:30 +0200] "GET /buecher/veroeffentlichungsliste.html HTTP/1.1" 200 129779 "http://www.morusverlag.de/" "Mozilla/5.0 (compatible; SEOkicks; +https://www.seokicks.de/robot.html)"
95.216.96.170 - - [09/Sep/2020:14:38:33 +0200] "GET /index.html HTTP/1.1" 200 9360 "http://www.morusverlag.de/buecher/index.html" "Mozilla/5.0 (compatible; SEOkicks; +https://www.seokicks.de/robot.html)"
95.216.96.170 - - [09/Sep/2020:14:38:35 +0200] "GET /buecher/bestellung.php HTTP/1.1" 200 10142 "http://www.morusverlag.de/buecher/index.html" "Mozilla/5.0 (compatible; SEOkicks; +https://www.seokicks.de/robot.html)"
95.216.96.170 - - [09/Sep/2020:14:38:36 +0200] "GET /buecher/rezensionen_psalmen.html HTTP/1.1" 200 6787 "http://www.morusverlag.de/buecher/index.html" "Mozilla/5.0 (compatible; SEOkicks; +https://www.seokicks.de/robot.html)"
95.216.96.170 - - [09/Sep/2020:14:38:38 +0200] "GET /buecher/rezensionen_engel.html HTTP/1.1" 200 6598 "http://www.morusverlag.de/buecher/index.html" "Mozilla/5.0 (compatible; SEOkicks; +https://www.seokicks.de/robot.html)"
95.216.96.170 - - [09/Sep/2020:14:38:40 +0200] "GET /buecher/diskussion.html HTTP/1.1" 200 9925 "http://www.morusverlag.de/buecher/index.html" "Mozilla/5.0 (compatible; SEOkicks; +https://www.seokicks.de/robot.html)"
95.216.96.170 - - [09/Sep/2020:14:38:43 +0200] "GET /buecher/rezensionen_le_saulchoir.html HTTP/1.1" 200 34009 "http://www.morusverlag.de/buecher/index.html" "Mozilla/5.0 (compatible; SEOkicks; +https://www.seokicks.de/robot.html)"
95.216.96.170 - - [09/Sep/2020:14:38:52 +0200] "GET /buecher/rezensionen_krise_zum_heil.html HTTP/1.1" 200 9828 "http://www.morusverlag.de/buecher/index.html" "Mozilla/5.0 (compatible; SEOkicks; +https://www.seokicks.de/robot.html)"
114.119.134.178 - - [09/Sep/2020:14:49:30 +0200] "GET /robots.txt HTTP/1.1" 200 100 "-" "(compatible;PetalBot;+http://aspiegel.com/petalbot)"
144.76.102.243 - - [09/Sep/2020:15:04:21 +0200] "GET /sonderthemen/oekt_extra3.pdf HTTP/1.1" 200 2109745 "-" "Mozilla/5.0 (Windows; U; Windows NT 6.1; en-US) AppleWebKit/533.19.4 (KHTML, like Gecko) Version/5.0.2 Safari/533.18.5"
144.76.102.243 - - [09/Sep/2020:15:04:21 +0200] "GET /sonderthemen/oekz2003.pdf HTTP/1.1" 200 4017017 "-" "Mozilla/5.0 (Windows NT 10.0; Win64; x64) AppleWebKit/537.36 (KHTML, like Gecko) Chrome/63.0.3239.132 Safari/537.36"
207.46.13.223 - - [09/Sep/2020:15:04:32 +0200] "GET /robots.txt HTTP/1.1" 200 100 "-" "Mozilla/5.0 (compatible; bingbot/2.0; +http://www.bing.com/bingbot.htm)"
178.137.90.95 - - [09/Sep/2020:15:30:37 +0200] "GET / HTTP/1.1" 200 9360 "https://www.mosrif.ru/produktsiya/stoleshnitsy" "Mozilla/0.91 Beta (Windows)"
178.137.90.95 - - [09/Sep/2020:15:30:38 +0200] "GET / HTTP/1.1" 200 9360 "https://www.mosrif.ru/produktsiya/stoleshnitsy" "Mozilla/0.91 Beta (Windows)"
178.137.90.95 - - [09/Sep/2020:15:30:38 +0200] "GET / HTTP/1.1" 200 9360 "https://www.mosrif.ru/produktsiya/stoleshnitsy" "Mozilla/0.91 Beta (Windows)"
39.101.1.61 - - [09/Sep/2020:15:48:14 +0200] "GET /data/admin/allowurl.txt HTTP/1.1" 404 2381 "-" "Mozilla/5.0 (Windows NT 10.0; WOW64; rv:48.0) Gecko/20100101 Firefox/48.0"
39.101.1.61 - - [09/Sep/2020:15:48:15 +0200] "GET /css/album.css HTTP/1.1" 404 2381 "-" "Mozilla/5.0 (Windows NT 10.0; WOW64; rv:48.0) Gecko/20100101 Firefox/48.0"
39.101.1.61 - - [09/Sep/2020:15:48:57 +0200] "GET /xxxss HTTP/1.1" 404 2381 "-" "Mozilla/5.0 (Windows NT 10.0; WOW64; rv:48.0) Gecko/20100101 Firefox/48.0"
114.119.129.14 - - [09/Sep/2020:16:08:34 +0200] "GET /robots.txt HTTP/1.1" 200 100 "-" "(compatible;PetalBot;+http://aspiegel.com/petalbot)"
78.46.94.83 - - [09/Sep/2020:16:21:39 +0200] "GET /sonderthemen/az1999.pdf HTTP/1.1" 200 1842982 "-" "Mozilla/5.0 (Windows NT 6.1; Win64; x64) AppleWebKit/537.36 (KHTML, like Gecko) Chrome/63.0.3239.84 Safari/537.36"
78.46.90.120 - - [09/Sep/2020:16:22:27 +0200] "GET /sonderthemen/az1999.pdf HTTP/1.1" 200 1842982 "-" "Mozilla/5.0 (Windows NT 10.0; Win64; x64) AppleWebKit/537.36 (KHTML, like Gecko) Chrome/64.0.3282.140 Safari/537.36"
85.25.177.139 - - [09/Sep/2020:16:23:34 +0200] "GET /robots.txt HTTP/1.1" 200 100 "-" "Mozilla/5.0 (compatible; adscanner/)/1.0 (http://seocompany.store; spider@seocompany.store)"
85.25.177.139 - - [09/Sep/2020:16:23:36 +0200] "GET / HTTP/1.1" 200 9360 "-" "Mozilla/5.0 (compatible; adscanner/)/1.0 (http://seocompany.store; spider@seocompany.store)"
159.224.225.228 - - [09/Sep/2020:16:31:50 +0200] "GET / HTTP/1.0" 200 9360 "-" "Mozilla/5.0 (Windows NT 10.0; Win64; x64) AppleWebKit/537.36 (KHTML, like Gecko) Chrome/71.0.3578.98 Safari/537.36"
54.36.149.67 - - [09/Sep/2020:16:37:56 +0200] "GET /robots.txt HTTP/1.1" 200 100 "-" "Mozilla/5.0 (compatible; AhrefsBot/6.1; +http://ahrefs.com/robot/)"
54.36.148.208 - - [09/Sep/2020:16:37:57 +0200] "GET /buecher/rezensionen_ungeteilt.html HTTP/1.1" 200 9764 "-" "Mozilla/5.0 (compatible; AhrefsBot/7.0; +http://ahrefs.com/robot/)"
85.25.177.139 - - [09/Sep/2020:16:39:29 +0200] "GET /jahrbuch/index.html HTTP/1.1" 200 3956 "-" "Mozilla/5.0 (compatible; adscanner/)/1.0 (http://seocompany.store; spider@seocompany.store)"
144.76.162.206 - - [09/Sep/2020:16:46:37 +0200] "GET /sonderthemen/sk2001.pdf HTTP/1.1" 200 3098589 "-" "Mozilla/5.0 (X11; Linux x86_64) AppleWebKit/537.36 (KHTML, like Gecko) Ubuntu Chromium/63.0.3239.84 Chrome/63.0.3239.84 Safari/537.36"
88.198.43.207 - - [09/Sep/2020:16:46:49 +0200] "GET /sonderthemen/sk2001.pdf HTTP/1.1" 200 3098589 "-" "Mozilla/5.0 (Macintosh; Intel Mac OS X 10_13_3) AppleWebKit/537.36 (KHTML, like Gecko) Chrome/64.0.3282.140 Safari/537.36"
66.249.70.105 - - [09/Sep/2020:17:00:15 +0200] "GET /robots.txt HTTP/1.1" 200 100 "-" "Mozilla/5.0 (compatible; Googlebot/2.1; +http://www.google.com/bot.html)"
66.249.70.109 - - [09/Sep/2020:17:00:15 +0200] "GET / HTTP/1.1" 200 9360 "-" "Mozilla/5.0 (compatible; Googlebot/2.1; +http://www.google.com/bot.html)"
66.249.70.105 - - [09/Sep/2020:17:00:33 +0200] "GET /buecher/rezensionen_chateaubriand.html HTTP/1.1" 200 47317 "-" "Mozilla/5.0 (compatible; Googlebot/2.1; +http://www.google.com/bot.html)"
66.249.70.109 - - [09/Sep/2020:17:01:09 +0200] "GET /buecher/index.html HTTP/1.1" 200 25885 "-" "Mozilla/5.0 (compatible; Googlebot/2.1; +http://www.google.com/bot.html)"
148.251.233.233 - - [09/Sep/2020:17:04:02 +0200] "GET /robots.txt HTTP/1.1" 200 100 "-" "mindUpBot (datenbutler.de)"
148.251.233.233 - - [09/Sep/2020:17:04:07 +0200] "GET / HTTP/1.1" 200 9360 "-" "mindUpBot (datenbutler.de)"
148.251.233.233 - - [09/Sep/2020:17:04:12 +0200] "GET /sonderthemen/index.html HTTP/1.1" 200 7102 "-" "mindUpBot (datenbutler.de)"
148.251.233.233 - - [09/Sep/2020:17:04:17 +0200] "GET /buecher/rezensionen_preysing.html HTTP/1.1" 200 9502 "-" "mindUpBot (datenbutler.de)"
148.251.233.233 - - [09/Sep/2020:17:04:22 +0200] "GET /buecher/index.html HTTP/1.1" 200 25885 "-" "mindUpBot (datenbutler.de)"
148.251.233.233 - - [09/Sep/2020:17:04:27 +0200] "GET /index.html HTTP/1.1" 200 9360 "-" "mindUpBot (datenbutler.de)"
148.251.233.233 - - [09/Sep/2020:17:04:32 +0200] "GET /sonderthemen/archiv.html HTTP/1.1" 200 6959 "-" "mindUpBot (datenbutler.de)"
148.251.233.233 - - [09/Sep/2020:17:04:37 +0200] "GET /kontakt/index.html HTTP/1.1" 200 2896 "-" "mindUpBot (datenbutler.de)"
148.251.233.233 - - [09/Sep/2020:17:04:42 +0200] "GET /gotteslob/index.html HTTP/1.1" 200 2770 "-" "mindUpBot (datenbutler.de)"
148.251.233.233 - - [09/Sep/2020:17:04:47 +0200] "GET /jahrbuch/index.html HTTP/1.1" 200 3956 "-" "mindUpBot (datenbutler.de)"
148.251.233.233 - - [09/Sep/2020:17:04:52 +0200] "GET /impressum.html HTTP/1.1" 200 2808 "-" "mindUpBot (datenbutler.de)"
148.251.233.233 - - [09/Sep/2020:17:04:57 +0200] "GET /impressum.html HTTP/1.1" 200 2808 "-" "mindUpBot (datenbutler.de)"
148.251.233.233 - - [09/Sep/2020:17:05:02 +0200] "GET /kontakt/index.html HTTP/1.1" 200 2896 "-" "mindUpBot (datenbutler.de)"
167.114.252.180 - - [09/Sep/2020:17:15:03 +0200] "GET / HTTP/1.1" 200 9360 "-" "Mozilla/5.0 (Windows NT 10.0; Win64; x64; rv:79.0) Gecko/20100101 Firefox/79.0"
85.25.177.139 - - [09/Sep/2020:17:24:52 +0200] "GET /jahrbuch/bestellung.php HTTP/1.1" 200 10316 "-" "Mozilla/5.0 (compatible; adscanner/)/1.0 (http://seocompany.store; spider@seocompany.store)"
40.77.167.215 - - [09/Sep/2020:17:34:58 +0200] "GET /buecher/rezensionen_leiblichkeit_und_zeitlichkeit.html HTTP/1.1" 200 8821 "-" "Mozilla/5.0 (compatible; bingbot/2.0; +http://www.bing.com/bingbot.htm)"
85.25.177.139 - - [09/Sep/2020:17:43:13 +0200] "GET /index.html HTTP/1.1" 200 9360 "-" "Mozilla/5.0 (compatible; adscanner/)/1.0 (http://seocompany.store; spider@seocompany.store)"
185.224.132.45 - - [09/Sep/2020:17:54:40 +0200] "HEAD / HTTP/1.1" 200 - "http://znamenitosti.info/reiting-zvezd/" "Mozilla/2.0 (compatible; MSIE5.00; Windows 2002)"
77.220.215.153 - - [09/Sep/2020:17:54:41 +0200] "HEAD / HTTP/1.1" 200 - "https://metaphysican.com/sport/" "Mozilla/7.0 (compatible; MSIE4.00; Windows 2009)"
212.86.109.31 - - [09/Sep/2020:17:54:42 +0200] "HEAD / HTTP/1.1" 200 - "http://pupilby.net/object/" "Mozilla/7.0 (compatible; MSIE7.00; Windows 2008)"
185.203.240.129 - - [09/Sep/2020:17:54:42 +0200] "HEAD / HTTP/1.1" 200 - "http://polotsk-portal.ru/raspisanie-transporta.html" "Mozilla/7.0 (compatible; MSIE5.00; Windows 2004)"
185.209.20.147 - - [09/Sep/2020:17:54:42 +0200] "HEAD / HTTP/1.1" 200 - "http://uchinfo.com.ua/exclusive/" "Mozilla/2.0 (compatible; MSIE6.00; Windows 2002)"
85.209.89.205 - - [09/Sep/2020:17:54:43 +0200] "HEAD / HTTP/1.1" 200 - "https://poltava.sq.com.ua/rus/news/zozh/" "Mozilla/3.0 (compatible; MSIE4.00; Windows 2007)"
85.209.89.224 - - [09/Sep/2020:17:54:44 +0200] "HEAD / HTTP/1.1" 200 - "http://penza-post.ru/news" "Mozilla/2.0 (compatible; MSIE7.00; Windows 2007)"
85.209.89.217 - - [09/Sep/2020:17:55:13 +0200] "HEAD / HTTP/1.1" 200 - "http://pr.ua/catalog/news/108" "Mozilla/6.0 (compatible; MSIE2.00; Windows 2005)"
85.209.89.216 - - [09/Sep/2020:18:08:10 +0200] "HEAD / HTTP/1.1" 200 - "http://makrab.news/?m_ob=TPS&m_id=18" "Mozilla/8.0 (compatible; MSIE2.00; Windows 2009)"
114.119.138.70 - - [09/Sep/2020:18:08:55 +0200] "GET /cds HTTP/1.1" 301 350 "-" "Mozilla/5.0 (Linux; Android 7.0;) AppleWebKit/537.36 (KHTML, like Gecko) Mobile Safari/537.36 (compatible; PetalBot;+http://aspiegel.com/petalbot)"
114.119.138.70 - - [09/Sep/2020:18:08:55 +0200] "GET /cds/ HTTP/1.1" 200 7987 "-" "Mozilla/5.0 (Linux; Android 7.0;) AppleWebKit/537.36 (KHTML, like Gecko) Mobile Safari/537.36 (compatible; PetalBot;+http://aspiegel.com/petalbot)"
194.67.210.77 - - [09/Sep/2020:18:14:25 +0200] "HEAD / HTTP/1.1" 200 - "https://www.tsekhovik.com.ua/pamyatniki/pamyatniki-iz-mramora.html" "Mozilla/6.0 (compatible; MSIE7.00; Windows 2006)"
193.124.188.188 - - [09/Sep/2020:18:14:25 +0200] "HEAD / HTTP/1.1" 200 - "https://ua.velesritual.com.ua" "Mozilla/6.0 (compatible; MSIE2.00; Windows 2008)"
193.124.188.83 - - [09/Sep/2020:18:14:46 +0200] "HEAD / HTTP/1.1" 200 - "https://malinaexpert.ru/yagoda-poxozhaya-na-malinu/#pohozhaya-na-malinu-skromnaya-moroshka" "Mozilla/7.0 (compatible; MSIE5.00; Windows 2008)"
193.124.191.92 - - [09/Sep/2020:18:15:53 +0200] "HEAD / HTTP/1.1" 200 - "https://priliv.com.ua" "Mozilla/7.0 (compatible; MSIE4.00; Windows 2002)"
193.124.190.18 - - [09/Sep/2020:18:16:12 +0200] "HEAD / HTTP/1.1" 200 - "https://lodki-pvh.com.ua" "Mozilla/8.0 (compatible; MSIE5.00; Windows 2006)"
85.209.89.241 - - [09/Sep/2020:18:18:59 +0200] "HEAD / HTTP/1.1" 200 - "https://dontimes.news/misli-vsluh/" "Mozilla/3.0 (compatible; MSIE5.00; Windows 2005)"
194.67.207.9 - - [09/Sep/2020:18:20:07 +0200] "HEAD / HTTP/1.1" 200 - "https://carivka.com.ua/hotels.html" "Mozilla/3.0 (compatible; MSIE5.00; Windows 2003)"
194.67.207.94 - - [09/Sep/2020:18:20:08 +0200] "HEAD / HTTP/1.1" 200 - "https://pamjatnik.com.ua/pamjatniki-korostishev" "Mozilla/7.0 (compatible; MSIE2.00; Windows 2004)"
185.125.219.13 - - [09/Sep/2020:18:20:08 +0200] "HEAD / HTTP/1.1" 200 - "https://freesmi.by/category/culture" "Mozilla/8.0 (compatible; MSIE5.00; Windows 2005)"
185.5.249.185 - - [09/Sep/2020:18:20:15 +0200] "HEAD / HTTP/1.1" 200 - "https://velesritual.com.ua" "Mozilla/2.0 (compatible; MSIE6.00; Windows 2003)"
114.119.128.40 - - [09/Sep/2020:18:29:47 +0200] "GET /gotteslob/ HTTP/1.1" 200 2770 "-" "Mozilla/5.0 (Linux; Android 7.0;) AppleWebKit/537.36 (KHTML, like Gecko) Mobile Safari/537.36 (compatible; PetalBot;+http://aspiegel.com/petalbot)"
207.46.13.61 - - [09/Sep/2020:18:35:31 +0200] "GET /sonderthemen/index.html HTTP/1.1" 200 7102 "-" "Mozilla/5.0 (compatible; bingbot/2.0; +http://www.bing.com/bingbot.htm)"
39.101.1.61 - - [09/Sep/2020:18:39:20 +0200] "GET /e/admin/index.php HTTP/1.1" 404 2381 "-" "Mozilla/5.0 (Windows NT 10.0; WOW64; rv:48.0) Gecko/20100101 Firefox/48.0"
114.119.158.31 - - [09/Sep/2020:18:47:10 +0200] "GET /buecher/rezensionen_chateaubriand.html HTTP/1.1" 200 47317 "-" "Mozilla/5.0 (Linux; Android 7.0;) AppleWebKit/537.36 (KHTML, like Gecko) Mobile Safari/537.36 (compatible; PetalBot;+http://aspiegel.com/petalbot)"
66.249.70.109 - - [09/Sep/2020:18:52:07 +0200] "GET /buecher/ HTTP/1.1" 200 25885 "-" "Mozilla/5.0 (compatible; Googlebot/2.1; +http://www.google.com/bot.html)"
66.249.70.107 - - [09/Sep/2020:18:52:16 +0200] "GET /contentflow/mycontentflow.css HTTP/1.1" 404 2381 "http://www.morusverlag.de/buecher/" "Mozilla/5.0 AppleWebKit/537.36 (KHTML, like Gecko; compatible; Googlebot/2.1; +http://www.google.com/bot.html) Chrome/85.0.4183.93 Safari/537.36"
144.76.102.243 - - [09/Sep/2020:18:56:45 +0200] "GET /sonderthemen/oekt_extra1.pdf HTTP/1.1" 200 1849015 "-" "Mozilla/5.0 (Windows NT 10.0; Win64; x64) AppleWebKit/537.36 (KHTML, like Gecko) Chrome/63.0.3239.132 Safari/537.36 OPR/50.0.2762.58"
46.4.83.150 - - [09/Sep/2020:18:56:45 +0200] "GET /sonderthemen/oekt_extra3.pdf HTTP/1.1" 200 2109745 "-" "Mozilla/5.0 (Windows NT 6.1; WOW64; Trident/7.0; rv:11.0) like Gecko"
78.46.90.120 - - [09/Sep/2020:18:56:59 +0200] "GET /sonderthemen/oekt_extra3.pdf HTTP/1.1" 200 2109745 "-" "Mozilla/5.0 (Windows NT 6.1; WOW64) AppleWebKit/537.36 (KHTML, like Gecko) Chrome/43.0.2357.134 Safari/537.36"
144.76.102.243 - - [09/Sep/2020:18:57:14 +0200] "GET /sonderthemen/oekt_extra3.pdf HTTP/1.1" 200 2109745 "-" "Mozilla/5.0 (Windows NT 6.1; Win64; x64) AppleWebKit/537.36 (KHTML, like Gecko) Chrome/63.0.3239.84 Safari/537.36"
114.119.142.112 - - [09/Sep/2020:19:09:46 +0200] "GET /cds/index.html HTTP/1.1" 200 7987 "-" "Mozilla/5.0 (Linux; Android 7.0;) AppleWebKit/537.36 (KHTML, like Gecko) Mobile Safari/537.36 (compatible; PetalBot;+http://aspiegel.com/petalbot)"
77.88.9.134 - - [09/Sep/2020:19:10:25 +0200] "GET /robots.txt HTTP/1.1" 200 100 "-" "Mozilla/5.0 (compatible; YandexBot/3.0; +http://yandex.com/bots)"
77.88.9.134 - - [09/Sep/2020:19:10:29 +0200] "GET /cds/glockenspiel1.html HTTP/1.1" 200 9736 "-" "Mozilla/5.0 (compatible; YandexBot/3.0; +http://yandex.com/bots)"
85.25.177.139 - - [09/Sep/2020:19:27:06 +0200] "GET /jahrbuch/titelseiten/index.html HTTP/1.1" 200 6735 "-" "Mozilla/5.0 (compatible; adscanner/)/1.0 (http://seocompany.store; spider@seocompany.store)"
144.76.162.206 - - [09/Sep/2020:19:37:23 +0200] "GET /buecher/ HTTP/1.1" 200 25885 "-" "Mozilla/5.0 (Windows NT 6.1; Win64; x64) AppleWebKit/537.36 (KHTML, like Gecko) Chrome/63.0.3239.132 Safari/537.36"
