78.46.90.120 - - [09/Sep/2020:19:37:25 +0200] "GET /buecher/index.html HTTP/1.1" 200 25885 "-" "Mozilla/5.0 (Macintosh; Intel Mac OS X 10_12_6) AppleWebKit/537.36 (KHTML, like Gecko) Chrome/64.0.3282.140 Safari/537.36"
207.46.13.153 - - [09/Sep/2020:19:39:03 +0200] "GET /sonderthemen/az2000.pdf HTTP/1.1" 200 2253581 "-" "Mozilla/5.0 (compatible; bingbot/2.0; +http://www.bing.com/bingbot.htm)"
85.25.177.139 - - [09/Sep/2020:20:00:02 +0200] "GET /cds/index.html HTTP/1.1" 200 7987 "-" "Mozilla/5.0 (compatible; adscanner/)/1.0 (http://seocompany.store; spider@seocompany.store)"
144.76.102.243 - - [09/Sep/2020:20:36:41 +0200] "GET /sonderthemen/oekt_extra2.pdf HTTP/1.1" 200 1939949 "-" "Mozilla/5.0 (Windows NT 10.0; Win64; x64) AppleWebKit/537.36 (KHTML, like Gecko) Chrome/64.0.3282.140 Safari/537.36"
114.119.157.241 - - [09/Sep/2020:20:53:49 +0200] "GET /buecher/rezensionen_leiblichkeit_und_zeitlichkeit.html HTTP/1.1" 200 8821 "-" "Mozilla/5.0 (Linux; Android 7.0;) AppleWebKit/537.36 (KHTML, like Gecko) Mobile Safari/537.36 (compatible; PetalBot;+http://aspiegel.com/petalbot)"
95.91.231.96 - - [09/Sep/2020:20:55:27 +0200] "GET /cds/hymnos_akathistos.html HTTP/1.1" 200 11061 "-" "Mozilla/5.0 (Macintosh; Intel Mac OS X 10_15_6) AppleWebKit/605.1.15 (KHTML, like Gecko)"
95.91.231.96 - - [09/Sep/2020:20:55:27 +0200] "GET /apple-touch-icon-precomposed.png HTTP/1.1" 404 2381 "-" "Safari/15609.3.5.1.3 CFNetwork/1128.0.1 Darwin/19.6.0 (x86_64)"
95.91.231.96 - - [09/Sep/2020:20:55:27 +0200] "GET /apple-touch-icon.png HTTP/1.1" 404 2381 "-" "Safari/15609.3.5.1.3 CFNetwork/1128.0.1 Darwin/19.6.0 (x86_64)"
95.91.231.96 - - [09/Sep/2020:20:55:27 +0200] "GET /favicon.ico HTTP/1.1" 200 4286 "-" "Safari/15609.3.5.1.3 CFNetwork/1128.0.1 Darwin/19.6.0 (x86_64)"
95.91.231.96 - - [09/Sep/2020:20:55:27 +0200] "GET /cds/hymnos_akathistos.html HTTP/1.1" 200 11061 "-" "Mozilla/5.0 (iPhone; CPU iPhone OS 13_1_3 like Mac OS X) AppleWebKit/605.1.15 (KHTML, like Gecko) Version/13.0.1 Mobile/15E148 Safari/604.1"
85.25.177.139 - - [09/Sep/2020:20:58:24 +0200] "GET /cds/ignatius.html HTTP/1.1" 200 6576 "-" "Mozilla/5.0 (compatible; adscanner/)/1.0 (http://seocompany.store; spider@seocompany.store)"
95.216.96.170 - - [09/Sep/2020:21:03:14 +0200] "GET /buecher/rezensionen_nicht_auf_sand_gebaut.html HTTP/1.1" 200 6594 "http://www.morusverlag.de/buecher/index.html" "Mozilla/5.0 (compatible; SEOkicks; +https://www.seokicks.de/robot.html)"
95.216.96.170 - - [09/Sep/2020:21:03:15 +0200] "GET /buecher/rezensionen_leiblichkeit_und_zeitlichkeit.html HTTP/1.1" 200 8821 "http://www.morusverlag.de/buecher/index.html" "Mozilla/5.0 (compatible; SEOkicks; +https://www.seokicks.de/robot.html)"
95.216.96.170 - - [09/Sep/2020:21:03:57 +0200] "GET /buecher/rezensionen_preysing.html HTTP/1.1" 200 9502 "http://www.morusverlag.de/buecher/index.html" "Mozilla/5.0 (compatible; SEOkicks; +https://www.seokicks.de/robot.html)"
95.216.96.170 - - [09/Sep/2020:21:03:58 +0200] "GET /cds/glockenspiel1.html HTTP/1.1" 200 9736 "http://www.morusverlag.de/cds/index.html" "Mozilla/5.0 (compatible; SEOkicks; +https://www.seokicks.de/robot.html)"
95.216.96.170 - - [09/Sep/2020:21:04:02 +0200] "GET /cds/glockenspiel2.html HTTP/1.1" 200 9831 "http://www.morusverlag.de/cds/index.html" "Mozilla/5.0 (compatible; SEOkicks; +https://www.seokicks.de/robot.html)"
95.216.96.170 - - [09/Sep/2020:21:04:05 +0200] "GET /cds/lumina.html HTTP/1.1" 200 9000 "http://www.morusverlag.de/cds/index.html" "Mozilla/5.0 (compatible; SEOkicks; +https://www.seokicks.de/robot.html)"
95.216.96.170 - - [09/Sep/2020:21:04:06 +0200] "GET /cds/astazi.html HTTP/1.1" 200 8453 "http://www.morusverlag.de/cds/index.html" "Mozilla/5.0 (compatible; SEOkicks; +https://www.seokicks.de/robot.html)"
95.216.96.170 - - [09/Sep/2020:21:04:08 +0200] "GET /jahrbuch/titelseiten/index.html HTTP/1.1" 200 6735 "http://www.morusverlag.de/jahrbuch/index.html" "Mozilla/5.0 (compatible; SEOkicks; +https://www.seokicks.de/robot.html)"
85.25.177.139 - - [09/Sep/2020:21:19:30 +0200] "GET /buecher/index.html HTTP/1.1" 200 25885 "-" "Mozilla/5.0 (compatible; adscanner/)/1.0 (http://seocompany.store; spider@seocompany.store)"
39.101.1.61 - - [09/Sep/2020:21:23:40 +0200] "GET /index.php?m=admin&c=index&a=login&dosubmit=1 HTTP/1.1" 404 2381 "-" "Mozilla/5.0 (Windows NT 10.0; WOW64; rv:48.0) Gecko/20100101 Firefox/48.0"
178.137.90.95 - - [09/Sep/2020:21:39:54 +0200] "GET / HTTP/1.1" 200 9360 "https://gcup.ru/" "Mozilla/4.0 (compatible; MSIE 6.0; America Online Browser 1.1; rev1.2; Windows NT 5.1; SV1; .NET CLR 1.1.4322)"
178.137.90.95 - - [09/Sep/2020:21:39:55 +0200] "GET / HTTP/1.1" 200 9360 "https://gcup.ru/" "Mozilla/4.0 (compatible; MSIE 6.0; America Online Browser 1.1; rev1.2; Windows NT 5.1; SV1; .NET CLR 1.1.4322)"
178.137.90.95 - - [09/Sep/2020:21:39:55 +0200] "GET / HTTP/1.1" 200 9360 "https://gcup.ru/" "Mozilla/4.0 (compatible; MSIE 6.0; America Online Browser 1.1; rev1.2; Windows NT 5.1; SV1; .NET CLR 1.1.4322)"
85.25.177.139 - - [09/Sep/2020:21:48:37 +0200] "GET /kontakt/index.html HTTP/1.1" 200 2896 "-" "Mozilla/5.0 (compatible; adscanner/)/1.0 (http://seocompany.store; spider@seocompany.store)"
93.192.204.100 - - [09/Sep/2020:21:56:02 +0200] "GET /cds/rosarium.jpg HTTP/1.1" 200 21032 "https://www.bing.com/" "Mozilla/5.0 (Windows NT 10.0; Win64; x64) AppleWebKit/537.36 (KHTML, like Gecko) Chrome/84.0.4147.125 Safari/537.36 Edg/84.0.522.61"
66.249.70.109 - - [09/Sep/2020:21:56:33 +0200] "GET /cds/hymnos_akathistos.html HTTP/1.1" 200 11061 "-" "Mozilla/5.0 (compatible; Googlebot/2.1; +http://www.google.com/bot.html)"
78.46.94.83 - - [09/Sep/2020:21:59:51 +0200] "GET /sonderthemen/oekz2003.pdf HTTP/1.1" 200 4017017 "-" "Mozilla/5.0 (Macintosh; Intel Mac OS X 10_11_6) AppleWebKit/604.5.6 (KHTML, like Gecko) Version/11.0.3 Safari/604.5.6"
66.249.70.109 - - [09/Sep/2020:22:01:34 +0200] "GET /impressum.html HTTP/1.1" 200 2808 "-" "Mozilla/5.0 (compatible; Googlebot/2.1; +http://www.google.com/bot.html)"
66.249.70.109 - - [09/Sep/2020:22:08:09 +0200] "GET /buecher/veroeffentlichungsliste.html HTTP/1.1" 200 129779 "-" "Mozilla/5.0 (compatible; Googlebot/2.1; +http://www.google.com/bot.html)"
114.119.140.113 - - [09/Sep/2020:22:10:59 +0200] "GET /buecher/ HTTP/1.1" 200 25885 "-" "Mozilla/5.0 (Linux; Android 7.0;) AppleWebKit/537.36 (KHTML, like Gecko) Mobile Safari/537.36 (compatible; PetalBot;+http://aspiegel.com/petalbot)"
114.119.142.173 - - [09/Sep/2020:22:16:42 +0200] "GET /buecher/guardini HTTP/1.1" 404 2381 "-" "Mozilla/5.0 (Linux; Android 7.0;) AppleWebKit/537.36 (KHTML, like Gecko) Mobile Safari/537.36 (compatible; PetalBot;+http://aspiegel.com/petalbot)"
85.25.177.139 - - [09/Sep/2020:22:28:09 +0200] "GET /sonderthemen/index.html HTTP/1.1" 200 7102 "-" "Mozilla/5.0 (compatible; adscanner/)/1.0 (http://seocompany.store; spider@seocompany.store)"
46.4.83.150 - - [09/Sep/2020:22:33:55 +0200] "GET /sonderthemen/sk2002.pdf HTTP/1.1" 200 2628923 "-" "Mozilla/5.0 (Macintosh; Intel Mac OS X 10.13; rv:58.0) Gecko/20100101 Firefox/58.0"
85.25.177.139 - - [09/Sep/2020:22:39:12 +0200] "GET /cds/rosarium.html HTTP/1.1" 200 6680 "-" "Mozilla/5.0 (compatible; adscanner/)/1.0 (http://seocompany.store; spider@seocompany.store)"
85.25.177.139 - - [09/Sep/2020:22:47:53 +0200] "GET /cds/rosarium.html HTTP/1.1" 200 6680 "-" "Mozilla/5.0 (compatible; adscanner/)/1.0 (http://seocompany.store; spider@seocompany.store)"
85.25.177.139 - - [09/Sep/2020:23:00:11 +0200] "GET /cds/rosarium.html HTTP/1.1" 200 6680 "-" "Mozilla/5.0 (compatible; adscanner/)/1.0 (http://seocompany.store; spider@seocompany.store)"
114.119.154.65 - - [09/Sep/2020:23:36:12 +0200] "GET /buecher/veroeffentlichungsliste.html HTTP/1.1" 200 129779 "-" "Mozilla/5.0 (Linux; Android 7.0;) AppleWebKit/537.36 (KHTML, like Gecko) Mobile Safari/537.36 (compatible; PetalBot;+http://aspiegel.com/petalbot)"
66.249.70.107 - - [09/Sep/2020:23:47:52 +0200] "GET /index.html HTTP/1.1" 200 9360 "-" "Mozilla/5.0 (compatible; Googlebot/2.1; +http://www.google.com/bot.html)"
144.76.102.243 - - [09/Sep/2020:23:48:18 +0200] "GET /sonderthemen/sk2002.pdf HTTP/1.1" 200 2628923 "-" "Mozilla/5.0 (Macintosh; Intel Mac OS X 10.12; rv:57.0) Gecko/20100101 Firefox/57.0"
46.4.83.150 - - [09/Sep/2020:23:48:40 +0200] "GET /sonderthemen/sk2002.pdf HTTP/1.1" 200 2628923 "-" "Mozilla/5.0 (Windows NT 10.0; Win64; x64) AppleWebKit/537.36 (KHTML, like Gecko) Chrome/63.0.3239.132 Safari/537.36"
178.137.165.245 - - [09/Sep/2020:23:50:47 +0200] "GET / HTTP/1.1" 200 9360 "https://arendakabinetov.ru/" "Mozilla/4.0 (compatible; MSIE 6.0; Windows NT 5.0; APC; .NET CLR 1.0.3705; .NET CLR 1.1.4322; .NET CLR 2.0.50215; InfoPath.1)"
178.137.165.245 - - [09/Sep/2020:23:50:47 +0200] "GET / HTTP/1.1" 200 9360 "https://arendakabinetov.ru/" "Mozilla/4.0 (compatible; MSIE 6.0; Windows NT 5.0; APC; .NET CLR 1.0.3705; .NET CLR 1.1.4322; .NET CLR 2.0.50215; InfoPath.1)"
178.137.165.245 - - [09/Sep/2020:23:50:48 +0200] "GET / HTTP/1.1" 200 9360 "https://arendakabinetov.ru/" "Mozilla/4.0 (compatible; MSIE 6.0; Windows NT 5.0; APC; .NET CLR 1.0.3705; .NET CLR 1.1.4322; .NET CLR 2.0.50215; InfoPath.1)"
133.18.202.253 - - [09/Sep/2020:23:54:11 +0200] "GET /buecher/rezensionen_christliche_frauen.html HTTP/1.1" 404 2381 "-" "Mozilla/5.0 (Macintosh; Intel Mac OS X 10_10_3) AppleWebKit/537.36 (KHTML, like Gecko) Chrome/42.0.2311.90 Safari/537.36"
185.191.171.4 - - [10/Sep/2020:00:09:06 +0200] "GET /robots.txt HTTP/1.1" 200 100 "-" "Mozilla/5.0 (compatible; SemrushBot/6~bl; +http://www.semrush.com/bot.html)"
185.191.171.14 - - [10/Sep/2020:00:09:07 +0200] "GET /cds/lumina.html HTTP/1.1" 200 9000 "-" "Mozilla/5.0 (compatible; SemrushBot/6~bl; +http://www.semrush.com/bot.html)"
85.25.177.139 - - [10/Sep/2020:00:15:52 +0200] "GET /impressum.html HTTP/1.1" 200 2808 "-" "Mozilla/5.0 (compatible; adscanner/)/1.0 (http://seocompany.store; spider@seocompany.store)"
85.25.177.139 - - [10/Sep/2020:00:30:55 +0200] "GET /buecher/veroeffentlichungsliste.html HTTP/1.1" 200 129779 "-" "Mozilla/5.0 (compatible; adscanner/)/1.0 (http://seocompany.store; spider@seocompany.store)"
85.25.177.139 - - [10/Sep/2020:00:43:21 +0200] "GET /buecher/rezensionen_chateaubriand.html HTTP/1.1" 200 47317 "-" "Mozilla/5.0 (compatible; adscanner/)/1.0 (http://seocompany.store; spider@seocompany.store)"
85.25.177.139 - - [10/Sep/2020:01:04:26 +0200] "GET /cds/glockenspiel1.html HTTP/1.1" 200 9736 "-" "Mozilla/5.0 (compatible; adscanner/)/1.0 (http://seocompany.store; spider@seocompany.store)"
78.46.90.120 - - [10/Sep/2020:01:15:18 +0200] "GET /sonderthemen/az1999.pdf HTTP/1.1" 200 1842982 "-" "Mozilla/5.0 (Macintosh; U; Intel Mac OS X 10_5_8; zh-cn) AppleWebKit/533.18.1 (KHTML, like Gecko) Version/5.0.2 Safari/533.18.5"
88.198.43.207 - - [10/Sep/2020:01:15:48 +0200] "GET /sonderthemen/az1999.pdf HTTP/1.1" 200 1842982 "-" "Mozilla/5.0 (Macintosh; Intel Mac OS X 10_12_6) AppleWebKit/537.36 (KHTML, like Gecko) Chrome/64.0.3282.140 Safari/537.36"
88.198.90.9 - - [10/Sep/2020:01:15:50 +0200] "GET /sonderthemen/az1999.pdf HTTP/1.1" 200 1842982 "-" "Mozilla/5.0 (Macintosh; Intel Mac OS X 10_12_6) AppleWebKit/604.4.7 (KHTML, like Gecko) Version/11.0.2 Safari/604.4.7"
85.25.177.139 - - [10/Sep/2020:01:16:56 +0200] "GET /buecher/rezensionen_ignatius.html HTTP/1.1" 200 8182 "-" "Mozilla/5.0 (compatible; adscanner/)/1.0 (http://seocompany.store; spider@seocompany.store)"
17.58.101.58 - - [10/Sep/2020:01:25:54 +0200] "GET /robots.txt HTTP/1.1" 200 100 "-" "Mozilla/5.0 (Macintosh; Intel Mac OS X 10_15_5) AppleWebKit/605.1.15 (KHTML, like Gecko) Version/13.1.1 Safari/605.1.15 (Applebot/0.1; +http://www.apple.com/go/applebot)"
17.58.103.218 - - [10/Sep/2020:01:25:54 +0200] "GET /buecher/chateaubriand.jpg HTTP/1.1" 200 2272 "-" "Mozilla/5.0 (Macintosh; Intel Mac OS X 10_15_5) AppleWebKit/605.1.15 (KHTML, like Gecko) Version/13.1.1 Safari/605.1.15 (Applebot/0.1; +http://www.apple.com/go/applebot)"
66.249.70.109 - - [10/Sep/2020:01:27:35 +0200] "GET /cds/index.html HTTP/1.1" 200 7987 "-" "Mozilla/5.0 (compatible; Googlebot/2.1; +http://www.google.com/bot.html)"
85.25.177.139 - - [10/Sep/2020:01:27:42 +0200] "GET /gotteslob/index.html HTTP/1.1" 200 2770 "-" "Mozilla/5.0 (compatible; adscanner/)/1.0 (http://seocompany.store; spider@seocompany.store)"
185.191.171.12 - - [10/Sep/2020:01:43:43 +0200] "GET /robots.txt HTTP/1.1" 200 100 "-" "Mozilla/5.0 (compatible; SemrushBot/6~bl; +http://www.semrush.com/bot.html)"
185.191.171.18 - - [10/Sep/2020:01:43:44 +0200] "GET /buecher/rezensionen_ignatius.html HTTP/1.1" 200 8182 "-" "Mozilla/5.0 (compatible; SemrushBot/6~bl; +http://www.semrush.com/bot.html)"
85.25.177.139 - - [10/Sep/2020:01:48:17 +0200] "GET /buecher/rezension_gesichter_u_geschichten.pdf HTTP/1.1" 200 223287 "-" "Mozilla/5.0 (compatible; adscanner/)/1.0 (http://seocompany.store; spider@seocompany.store)"
185.224.132.45 - - [10/Sep/2020:01:54:17 +0200] "HEAD / HTTP/1.1" 200 - "https://aromagolik.kz/zhenskiy-parfyum/" "Mozilla/8.0 (compatible; MSIE6.00; Windows 2003)"
77.220.215.153 - - [10/Sep/2020:01:54:18 +0200] "HEAD / HTTP/1.1" 200 - "https://vikupauto96.ru/" "Mozilla/6.0 (compatible; MSIE7.00; Windows 2004)"
185.203.240.129 - - [10/Sep/2020:01:54:18 +0200] "HEAD / HTTP/1.1" 200 - "https://zabor-shtaketnik.ru/" "Mozilla/3.0 (compatible; MSIE7.00; Windows 2005)"
212.86.109.31 - - [10/Sep/2020:01:54:18 +0200] "HEAD / HTTP/1.1" 200 - "http://oliaus.ru/category/bez-rubriki/" "Mozilla/7.0 (compatible; MSIE7.00; Windows 2005)"
185.209.20.147 - - [10/Sep/2020:01:55:07 +0200] "HEAD / HTTP/1.1" 200 - "https://vse-pro-bmw.info/bmw-3-series-octavia/" "Mozilla/3.0 (compatible; MSIE4.00; Windows 2002)"
114.119.157.241 - - [10/Sep/2020:01:57:12 +0200] "GET /cds/index.html HTTP/1.1" 200 7987 "-" "Mozilla/5.0 (Linux; Android 7.0;) AppleWebKit/537.36 (KHTML, like Gecko) Mobile Safari/537.36 (compatible; PetalBot;+http://aspiegel.com/petalbot)"
85.209.89.217 - - [10/Sep/2020:02:03:12 +0200] "HEAD / HTTP/1.1" 200 - "https://coffeetee.ru/2019/07/22/gotovim-karamelnyj-latte/" "Mozilla/6.0 (compatible; MSIE6.00; Windows 2009)"
85.209.89.224 - - [10/Sep/2020:02:03:12 +0200] "HEAD / HTTP/1.1" 200 - "https://toyota-cars.info/2020/05/13/obzor-toyota-voxy/" "Mozilla/8.0 (compatible; MSIE6.00; Windows 2002)"
85.209.89.205 - - [10/Sep/2020:02:03:12 +0200] "HEAD / HTTP/1.1" 200 - "https://nissan-auto.in/2019/12/16/nissan-qashqai-ford-kuga/" "Mozilla/5.0 (compatible; MSIE6.00; Windows 2003)"
85.209.89.216 - - [10/Sep/2020:02:03:29 +0200] "HEAD / HTTP/1.1" 200 - "https://fuehair.ru/peresadka-brovei-v-moskve/" "Mozilla/5.0 (compatible; MSIE3.00; Windows 2009)"
85.209.89.241 - - [10/Sep/2020:02:08:20 +0200] "HEAD / HTTP/1.1" 200 - "http://promefey.ru/ekspertiza_styazhki" "Mozilla/6.0 (compatible; MSIE5.00; Windows 2005)"
85.25.177.139 - - [10/Sep/2020:02:11:08 +0200] "GET /buecher/rezensionen_psalmen.html HTTP/1.1" 200 6787 "-" "Mozilla/5.0 (compatible; adscanner/)/1.0 (http://seocompany.store; spider@seocompany.store)"
193.124.188.188 - - [10/Sep/2020:02:15:15 +0200] "HEAD / HTTP/1.1" 200 - "https://poltava.sq.com.ua/rus/news/novosti/" "Mozilla/4.0 (compatible; MSIE3.00; Windows 2006)"
193.124.188.83 - - [10/Sep/2020:02:15:15 +0200] "HEAD / HTTP/1.1" 200 - "https://bboom.pro/service/prilozheniya/" "Mozilla/7.0 (compatible; MSIE6.00; Windows 2005)"
193.124.190.18 - - [10/Sep/2020:02:15:15 +0200] "HEAD / HTTP/1.1" 200 - "https://xn----8sbelqbnik7ajet.xn--p1ai/catalog/csa_34000/" "Mozilla/6.0 (compatible; MSIE5.00; Windows 2007)"
193.124.191.92 - - [10/Sep/2020:02:15:15 +0200] "HEAD / HTTP/1.1" 200 - "https://www.bettergames.ru/game.php?id=4422" "Mozilla/8.0 (compatible; MSIE4.00; Windows 2006)"
194.67.210.77 - - [10/Sep/2020:02:15:15 +0200] "HEAD / HTTP/1.1" 200 - "http://uchinfo.com.ua/exclusive/" "Mozilla/3.0 (compatible; MSIE6.00; Windows 2006)"
87.189.155.57 - - [10/Sep/2020:02:17:42 +0200] "GET /buecher/gesichter/17.jpg HTTP/1.1" 200 7587 "-" "Mozilla/5.0 (iPad; CPU OS 9_3_6 like Mac OS X) AppleWebKit/601.1.46 (KHTML, like Gecko) Version/9.0 Mobile/13G37 Safari/601.1"
87.189.155.57 - - [10/Sep/2020:02:17:42 +0200] "GET /buecher/gesichter/24.jpg HTTP/1.1" 200 8021 "-" "Mozilla/5.0 (iPad; CPU OS 9_3_6 like Mac OS X) AppleWebKit/601.1.46 (KHTML, like Gecko) Version/9.0 Mobile/13G37 Safari/601.1"
87.189.155.57 - - [10/Sep/2020:02:17:42 +0200] "GET /buecher/gesichter/04.jpg HTTP/1.1" 200 7078 "-" "Mozilla/5.0 (iPad; CPU OS 9_3_6 like Mac OS X) AppleWebKit/601.1.46 (KHTML, like Gecko) Version/9.0 Mobile/13G37 Safari/601.1"
87.189.155.57 - - [10/Sep/2020:02:17:42 +0200] "GET /buecher/gesichter/14.jpg HTTP/1.1" 200 7847 "-" "Mozilla/5.0 (iPad; CPU OS 9_3_6 like Mac OS X) AppleWebKit/601.1.46 (KHTML, like Gecko) Version/9.0 Mobile/13G37 Safari/601.1"
185.125.219.13 - - [10/Sep/2020:02:18:10 +0200] "HEAD / HTTP/1.1" 200 - "https://metaphysican.com" "Mozilla/8.0 (compatible; MSIE3.00; Windows 2006)"
185.5.249.185 - - [10/Sep/2020:02:18:11 +0200] "HEAD / HTTP/1.1" 200 - "http://penza-post.ru" "Mozilla/2.0 (compatible; MSIE4.00; Windows 2005)"
194.67.207.9 - - [10/Sep/2020:02:18:11 +0200] "HEAD / HTTP/1.1" 200 - "http://pupilby.net/news/" "Mozilla/6.0 (compatible; MSIE4.00; Windows 2003)"
194.67.207.94 - - [10/Sep/2020:02:18:14 +0200] "HEAD / HTTP/1.1" 200 - "http://polotsk-portal.ru/obschestvo/" "Mozilla/5.0 (compatible; MSIE4.00; Windows 2008)"
87.189.155.57 - - [10/Sep/2020:02:21:27 +0200] "GET /buecher/gesichter/09.jpg HTTP/1.1" 200 9739 "-" "Mozilla/5.0 (iPad; CPU OS 9_3_6 like Mac OS X) AppleWebKit/601.1.46 (KHTML, like Gecko) Version/9.0 Mobile/13G37 Safari/601.1"
85.25.177.139 - - [10/Sep/2020:02:22:04 +0200] "GET /sonderthemen/oekz2003_s01.pdf HTTP/1.1" 200 66807 "-" "Mozilla/5.0 (compatible; adscanner/)/1.0 (http://seocompany.store; spider@seocompany.store)"
154.54.249.18 - - [10/Sep/2020:02:29:15 +0200] "GET /robots.txt HTTP/1.1" 200 100 "-" "Mozilla/5.0 (compatible; Barkrowler/0.9; +https://babbar.tech/crawler)"
154.54.249.18 - - [10/Sep/2020:02:29:23 +0200] "GET /cds/hymnos_akathistos.html HTTP/1.1" 200 11061 "-" "Mozilla/5.0 (compatible; Barkrowler/0.9; +https://babbar.tech/crawler)"
114.119.140.113 - - [10/Sep/2020:02:32:09 +0200] "GET /cds/hymnos_akathistos.html HTTP/1.1" 200 11061 "-" "Mozilla/5.0 (Linux; Android 7.0;) AppleWebKit/537.36 (KHTML, like Gecko) Mobile Safari/537.36 (compatible; PetalBot;+http://aspiegel.com/petalbot)"
85.25.177.139 - - [10/Sep/2020:02:33:42 +0200] "GET /sonderthemen/oekz2003_s01.pdf HTTP/1.1" 200 66807 "-" "Mozilla/5.0 (compatible; adscanner/)/1.0 (http://seocompany.store; spider@seocompany.store)"
194.173.174.10 - - [10/Sep/2020:02:34:25 +0200] "HEAD / HTTP/1.1" 200 - "-" "Mozilla/5.0 (Windows NT 6.3; WOW64) AppleWebKit/537.36 (KHTML, like Gecko) Chrome/43.0.2357.134 Safari/537.36"
207.46.13.153 - - [10/Sep/2020:02:51:49 +0200] "GET /robots.txt HTTP/1.1" 200 100 "-" "Mozilla/5.0 (compatible; bingbot/2.0; +http://www.bing.com/bingbot.htm)"
207.46.13.153 - - [10/Sep/2020:02:51:49 +0200] "GET /robots.txt HTTP/1.1" 200 100 "-" "Mozilla/5.0 (compatible; bingbot/2.0; +http://www.bing.com/bingbot.htm)"
157.55.39.249 - - [10/Sep/2020:02:51:54 +0200] "GET /main.css HTTP/1.1" 200 1439 "-" "Mozilla/5.0 (compatible; bingbot/2.0; +http://www.bing.com/bingbot.htm)"
114.119.154.65 - - [10/Sep/2020:02:56:29 +0200] "GET /buecher/bestellung.php HTTP/1.1" 200 10142 "-" "Mozilla/5.0 (Linux; Android 7.0;) AppleWebKit/537.36 (KHTML, like Gecko) Mobile Safari/537.36 (compatible; PetalBot;+http://aspiegel.com/petalbot)"
85.25.177.139 - - [10/Sep/2020:02:57:32 +0200] "GET / HTTP/1.1" 200 9360 "-" "Mozilla/5.0 (compatible; adscanner/)/1.0 (http://seocompany.store; spider@seocompany.store)"
85.25.177.139 - - [10/Sep/2020:03:04:03 +0200] "GET / HTTP/1.1" 200 9360 "-" "Mozilla/5.0 (compatible; adscanner/)/1.0 (http://seocompany.store; spider@seocompany.store)"
66.249.70.109 - - [10/Sep/2020:03:07:18 +0200] "GET /cds/ignatius.html HTTP/1.1" 200 6576 "-" "Mozilla/5.0 (compatible; Googlebot/2.1; +http://www.google.com/bot.html)"
85.25.177.139 - - [10/Sep/2020:03:21:30 +0200] "GET /sonderthemen/sk2004_s01.pdf HTTP/1.1" 200 162742 "-" "Mozilla/5.0 (compatible; adscanner/)/1.0 (http://seocompany.store; spider@seocompany.store)"
85.25.177.139 - - [10/Sep/2020:03:34:28 +0200] "GET /sonderthemen/az2003_s01.pdf HTTP/1.1" 200 120642 "-" "Mozilla/5.0 (compatible; adscanner/)/1.0 (http://seocompany.store; spider@seocompany.store)"
85.25.177.139 - - [10/Sep/2020:03:42:38 +0200] "GET /sonderthemen/oekz2003.pdf HTTP/1.1" 200 4017017 "-" "Mozilla/5.0 (compatible; adscanner/)/1.0 (http://seocompany.store; spider@seocompany.store)"
114.119.128.40 - - [10/Sep/2020:03:43:10 +0200] "GET /cds/ignatius.html HTTP/1.1" 200 6576 "-" "Mozilla/5.0 (Linux; Android 7.0;) AppleWebKit/537.36 (KHTML, like Gecko) Mobile Safari/537.36 (compatible; PetalBot;+http://aspiegel.com/petalbot)"
94.130.18.160 - - [10/Sep/2020:03:48:39 +0200] "GET /robots.txt HTTP/1.1" 200 100 "-" "Mozilla/5.0 (compatible; BLEXBot/1.0; +http://webmeup-crawler.com/)"
94.130.18.160 - - [10/Sep/2020:03:48:42 +0200] "GET /sitemap.xml HTTP/1.1" 404 2381 "-" "Mozilla/5.0 (compatible; BLEXBot/1.0; +http://webmeup-crawler.com/)"
85.25.177.139 - - [10/Sep/2020:03:49:13 +0200] "GET /sonderthemen/sk2004.pdf HTTP/1.1" 200 1967215 "-" "Mozilla/5.0 (compatible; adscanner/)/1.0 (http://seocompany.store; spider@seocompany.store)"
85.25.177.139 - - [10/Sep/2020:03:52:54 +0200] "GET /sonderthemen/archiv.html HTTP/1.1" 200 6959 "-" "Mozilla/5.0 (compatible; adscanner/)/1.0 (http://seocompany.store; spider@seocompany.store)"
85.25.177.139 - - [10/Sep/2020:04:06:47 +0200] "GET /sonderthemen/oekt_extra3.pdf HTTP/1.1" 200 2109745 "-" "Mozilla/5.0 (compatible; adscanner/)/1.0 (http://seocompany.store; spider@seocompany.store)"
114.119.142.112 - - [10/Sep/2020:04:07:32 +0200] "GET /buecher/rezensionen_ignatius.html HTTP/1.1" 200 8182 "-" "Mozilla/5.0 (Linux; Android 7.0;) AppleWebKit/537.36 (KHTML, like Gecko) Mobile Safari/537.36 (compatible; PetalBot;+http://aspiegel.com/petalbot)"
17.58.103.218 - - [10/Sep/2020:04:10:43 +0200] "GET /buecher/schenuit.jpg HTTP/1.1" 200 2024 "-" "Mozilla/5.0 (Macintosh; Intel Mac OS X 10_15_5) AppleWebKit/605.1.15 (KHTML, like Gecko) Version/13.1.1 Safari/605.1.15 (Applebot/0.1; +http://www.apple.com/go/applebot)"
114.119.128.40 - - [10/Sep/2020:04:19:37 +0200] "GET /buecher/rezensionen_chateaubriand.html HTTP/1.1" 200 47317 "-" "Mozilla/5.0 (Linux; Android 7.0;) AppleWebKit/537.36 (KHTML, like Gecko) Mobile Safari/537.36 (compatible; PetalBot;+http://aspiegel.com/petalbot)"
85.25.177.139 - - [10/Sep/2020:04:20:07 +0200] "GET /sonderthemen/presse.html HTTP/1.1" 200 5772 "-" "Mozilla/5.0 (compatible; adscanner/)/1.0 (http://seocompany.store; spider@seocompany.store)"
140.203.12.4 - - [10/Sep/2020:04:22:39 +0200] "HEAD / HTTP/1.1" 200 - "-" "Java/1.6.0_23"
185.214.164.198 - - [10/Sep/2020:04:38:44 +0200] "HEAD / HTTP/1.1" 200 - "http://malinca.ru/kak-zonu-bikini-pobrit-bez-razdrazheniya-sekrety-i-rekomendatsii/" "Mozilla/5.0 (compatible; MSIE4.00; Windows 2009)"
66.249.70.107 - - [10/Sep/2020:04:47:01 +0200] "GET /buecher/rezensionen_psalmen.html HTTP/1.1" 200 6787 "-" "Mozilla/5.0 (compatible; Googlebot/2.1; +http://www.google.com/bot.html)"
85.25.177.139 - - [10/Sep/2020:04:51:55 +0200] "GET /buecher/rezensionen.html HTTP/1.1" 200 6964 "-" "Mozilla/5.0 (compatible; adscanner/)/1.0 (http://seocompany.store; spider@seocompany.store)"
85.25.177.139 - - [10/Sep/2020:05:02:50 +0200] "GET /sonderthemen/oekt_extra2.pdf HTTP/1.1" 200 1939949 "-" "Mozilla/5.0 (compatible; adscanner/)/1.0 (http://seocompany.store; spider@seocompany.store)"
85.25.177.139 - - [10/Sep/2020:05:06:25 +0200] "GET /sonderthemen/oekt_extra2.pdf HTTP/1.1" 200 1939949 "-" "Mozilla/5.0 (compatible; adscanner/)/1.0 (http://seocompany.store; spider@seocompany.store)"
114.119.151.119 - - [10/Sep/2020:05:10:40 +0200] "GET /index.html HTTP/1.1" 200 9360 "-" "Mozilla/5.0 (Linux; Android 7.0;) AppleWebKit/537.36 (KHTML, like Gecko) Mobile Safari/537.36 (compatible; PetalBot;+http://aspiegel.com/petalbot)"
139.155.73.2 - - [10/Sep/2020:05:12:31 +0200] "GET /wp-login.php HTTP/1.1" 404 2381 "-" "Apache-HttpClient/4.5.2 (Java/1.8.0_151)"
139.155.73.2 - - [10/Sep/2020:05:12:31 +0200] "GET /?author=1 HTTP/1.1" 200 9360 "-" "Apache-HttpClient/4.5.2 (Java/1.8.0_151)"
139.155.73.2 - - [10/Sep/2020:05:12:32 +0200] "GET /?author=2 HTTP/1.1" 200 9360 "-" "Apache-HttpClient/4.5.2 (Java/1.8.0_151)"
139.155.73.2 - - [10/Sep/2020:05:12:32 +0200] "GET /?author=3 HTTP/1.1" 200 9360 "-" "Apache-HttpClient/4.5.2 (Java/1.8.0_151)"
139.155.73.2 - - [10/Sep/2020:05:12:33 +0200] "GET /?author=4 HTTP/1.1" 200 9360 "-" "Apache-HttpClient/4.5.2 (Java/1.8.0_151)"
139.155.73.2 - - [10/Sep/2020:05:12:33 +0200] "GET /?author=5 HTTP/1.1" 200 9360 "-" "Apache-HttpClient/4.5.2 (Java/1.8.0_151)"
139.155.73.2 - - [10/Sep/2020:05:12:33 +0200] "GET /?author=6 HTTP/1.1" 200 9360 "-" "Apache-HttpClient/4.5.2 (Java/1.8.0_151)"
139.155.73.2 - - [10/Sep/2020:05:12:34 +0200] "GET /?author=7 HTTP/1.1" 200 9360 "-" "Apache-HttpClient/4.5.2 (Java/1.8.0_151)"
139.155.73.2 - - [10/Sep/2020:05:12:37 +0200] "GET /?author=8 HTTP/1.1" 200 9360 "-" "Apache-HttpClient/4.5.2 (Java/1.8.0_151)"
139.155.73.2 - - [10/Sep/2020:05:12:38 +0200] "GET /?author=9 HTTP/1.1" 200 9360 "-" "Apache-HttpClient/4.5.2 (Java/1.8.0_151)"
139.155.73.2 - - [10/Sep/2020:05:12:38 +0200] "GET /?author=10 HTTP/1.1" 200 9360 "-" "Apache-HttpClient/4.5.2 (Java/1.8.0_151)"
139.155.73.2 - - [10/Sep/2020:05:12:39 +0200] "GET /?author=11 HTTP/1.1" 200 9360 "-" "Apache-HttpClient/4.5.2 (Java/1.8.0_151)"
139.155.73.2 - - [10/Sep/2020:05:12:40 +0200] "GET /?author=12 HTTP/1.1" 200 9360 "-" "Apache-HttpClient/4.5.2 (Java/1.8.0_151)"
139.155.73.2 - - [10/Sep/2020:05:12:40 +0200] "GET /?author=13 HTTP/1.1" 200 9360 "-" "Apache-HttpClient/4.5.2 (Java/1.8.0_151)"
139.155.73.2 - - [10/Sep/2020:05:12:41 +0200] "GET /?author=14 HTTP/1.1" 200 9360 "-" "Apache-HttpClient/4.5.2 (Java/1.8.0_151)"
139.155.73.2 - - [10/Sep/2020:05:12:41 +0200] "GET /?author=15 HTTP/1.1" 200 9360 "-" "Apache-HttpClient/4.5.2 (Java/1.8.0_151)"
139.155.73.2 - - [10/Sep/2020:05:12:42 +0200] "GET /?author=16 HTTP/1.1" 200 9360 "-" "Apache-HttpClient/4.5.2 (Java/1.8.0_151)"
139.155.73.2 - - [10/Sep/2020:05:12:44 +0200] "GET /?author=17 HTTP/1.1" 200 9360 "-" "Apache-HttpClient/4.5.2 (Java/1.8.0_151)"
139.155.73.2 - - [10/Sep/2020:05:12:44 +0200] "GET /?author=18 HTTP/1.1" 200 9360 "-" "Apache-HttpClient/4.5.2 (Java/1.8.0_151)"
139.155.73.2 - - [10/Sep/2020:05:12:45 +0200] "GET /?author=19 HTTP/1.1" 200 9360 "-" "Apache-HttpClient/4.5.2 (Java/1.8.0_151)"
139.155.73.2 - - [10/Sep/2020:05:12:46 +0200] "GET /?author=20 HTTP/1.1" 200 9360 "-" "Apache-HttpClient/4.5.2 (Java/1.8.0_151)"
85.25.177.139 - - [10/Sep/2020:05:14:15 +0200] "GET /buecher/rezensionen_krise_zum_heil.html HTTP/1.1" 200 9828 "-" "Mozilla/5.0 (compatible; adscanner/)/1.0 (http://seocompany.store; spider@seocompany.store)"
85.25.177.139 - - [10/Sep/2020:05:23:09 +0200] "GET /buecher/rezensionen_le_saulchoir.html HTTP/1.1" 200 34009 "-" "Mozilla/5.0 (compatible; adscanner/)/1.0 (http://seocompany.store; spider@seocompany.store)"
144.76.162.206 - - [10/Sep/2020:05:24:26 +0200] "GET /sonderthemen/sk2002.pdf HTTP/1.1" 200 2628923 "-" "Mozilla/5.0 (X11; Ubuntu; Linux x86_64; rv:58.0) Gecko/20100101 Firefox/58.0"
78.46.94.83 - - [10/Sep/2020:05:24:58 +0200] "GET /sonderthemen/sk2002.pdf HTTP/1.1" 200 2628923 "-" "Mozilla/5.0 (Macintosh; Intel Mac OS X 10_13_3) AppleWebKit/604.5.6 (KHTML, like Gecko) Version/11.0.3 Safari/604.5.6"
114.119.138.70 - - [10/Sep/2020:05:32:42 +0200] "GET /buecher/rezensionen_ungeteilt.html HTTP/1.1" 200 9764 "-" "Mozilla/5.0 (Linux; Android 7.0;) AppleWebKit/537.36 (KHTML, like Gecko) Mobile Safari/537.36 (compatible; PetalBot;+http://aspiegel.com/petalbot)"
85.25.177.139 - - [10/Sep/2020:05:43:35 +0200] "GET /buecher/rezensionen_preysing.html HTTP/1.1" 200 9502 "-" "Mozilla/5.0 (compatible; adscanner/)/1.0 (http://seocompany.store; spider@seocompany.store)"
46.4.83.150 - - [10/Sep/2020:05:53:41 +0200] "GET /sonderthemen/oekt_extra3.pdf HTTP/1.1" 200 2109745 "-" "Mozilla/5.0 (Windows NT 10.0) AppleWebKit/537.36 (KHTML, like Gecko) Chrome/63.0.3239.132 Safari/537.36"
144.76.162.206 - - [10/Sep/2020:05:53:41 +0200] "GET /sonderthemen/oekt_extra3.pdf HTTP/1.1" 200 2109745 "-" "Mozilla/5.0 (X11; Linux x86_64; rv:58.0) Gecko/20100101 Firefox/58.0"
88.198.90.9 - - [10/Sep/2020:05:53:50 +0200] "GET /sonderthemen/oekt_extra3.pdf HTTP/1.1" 200 2109745 "-" "Mozilla/5.0 (Macintosh; Intel Mac OS X 10_10_5) AppleWebKit/537.36 (KHTML, like Gecko) Chrome/63.0.3239.132 Safari/537.36"
85.25.177.139 - - [10/Sep/2020:05:54:02 +0200] "GET /buecher/rezensionen_engel.html HTTP/1.1" 200 6598 "-" "Mozilla/5.0 (compatible; adscanner/)/1.0 (http://seocompany.store; spider@seocompany.store)"
114.119.157.241 - - [10/Sep/2020:06:14:37 +0200] "GET /buecher/rezensionen_preysing.html HTTP/1.1" 200 9502 "-" "Mozilla/5.0 (Linux; Android 7.0;) AppleWebKit/537.36 (KHTML, like Gecko) Mobile Safari/537.36 (compatible; PetalBot;+http://aspiegel.com/petalbot)"
85.25.177.139 - - [10/Sep/2020:06:18:30 +0200] "GET /buecher/rezensionen_nicht_auf_sand_gebaut.html HTTP/1.1" 200 6594 "-" "Mozilla/5.0 (compatible; adscanner/)/1.0 (http://seocompany.store; spider@seocompany.store)"
66.249.70.107 - - [10/Sep/2020:06:26:44 +0200] "GET /gotteslob/index.html HTTP/1.1" 200 2770 "-" "Mozilla/5.0 (compatible; Googlebot/2.1; +http://www.google.com/bot.html)"
85.25.177.139 - - [10/Sep/2020:06:39:43 +0200] "GET /buecher/bestellung.php HTTP/1.1" 200 10142 "-" "Mozilla/5.0 (compatible; adscanner/)/1.0 (http://seocompany.store; spider@seocompany.store)"
144.76.162.206 - - [10/Sep/2020:06:50:20 +0200] "GET /buecher/ HTTP/1.1" 200 25885 "-" "Mozilla/5.0 (X11; Linux x86_64) AppleWebKit/537.36 (KHTML, like Gecko) Chrome/63.0.3239.132 Safari/537.36"
85.25.177.139 - - [10/Sep/2020:06:53:35 +0200] "GET /cds/lumina.html HTTP/1.1" 200 9000 "-" "Mozilla/5.0 (compatible; adscanner/)/1.0 (http://seocompany.store; spider@seocompany.store)"
85.25.177.139 - - [10/Sep/2020:07:10:32 +0200] "GET /sonderthemen/oekt_extra1.pdf HTTP/1.1" 200 1849015 "-" "Mozilla/5.0 (compatible; adscanner/)/1.0 (http://seocompany.store; spider@seocompany.store)"
77.88.9.134 - - [10/Sep/2020:07:13:31 +0200] "GET /robots.txt HTTP/1.1" 200 100 "-" "Mozilla/5.0 (compatible; YandexBot/3.0; +http://yandex.com/bots)"
77.88.9.134 - - [10/Sep/2020:07:13:35 +0200] "GET /sonderthemen/archiv.html HTTP/1.1" 200 6959 "-" "Mozilla/5.0 (compatible; YandexBot/3.0; +http://yandex.com/bots)"
88.198.43.207 - - [10/Sep/2020:07:21:06 +0200] "GET /sonderthemen/oekt_extra2.pdf HTTP/1.1" 200 1939949 "-" "Mozilla/5.0 (Windows NT 6.1; WOW64) AppleWebKit/537.36 (KHTML, like Gecko) Chrome/63.0.3239.132 Safari/537.36"
88.198.43.207 - - [10/Sep/2020:07:21:06 +0200] "GET /sonderthemen/oekt_extra3.pdf HTTP/1.1" 200 2109745 "-" "Mozilla/5.0 (Macintosh; Intel Mac OS X 10.13; rv:57.0) Gecko/20100101 Firefox/57.0"
88.198.36.62 - - [10/Sep/2020:07:21:11 +0200] "GET /sonderthemen/oekt_extra3.pdf HTTP/1.1" 200 2109745 "-" "Mozilla/5.0 (Macintosh; Intel Mac OS X 10_13_3) AppleWebKit/537.36 (KHTML, like Gecko) Chrome/64.0.3282.140 Safari/537.36"
88.198.36.62 - - [10/Sep/2020:07:21:11 +0200] "GET /sonderthemen/oekt_extra2.pdf HTTP/1.1" 200 1939949 "-" "Mozilla/5.0 (Macintosh; Intel Mac OS X 10_6_8) AppleWebKit/537.13+ (KHTML, like Gecko) Version/5.1.7 Safari/534.57.2"
85.25.177.139 - - [10/Sep/2020:07:26:32 +0200] "GET /sonderthemen/az2003.pdf HTTP/1.1" 200 4864675 "-" "Mozilla/5.0 (compatible; adscanner/)/1.0 (http://seocompany.store; spider@seocompany.store)"
85.25.177.139 - - [10/Sep/2020:07:41:05 +0200] "GET /sonderthemen/az2000.pdf HTTP/1.1" 200 2253581 "-" "Mozilla/5.0 (compatible; adscanner/)/1.0 (http://seocompany.store; spider@seocompany.store)"
114.119.142.112 - - [10/Sep/2020:07:49:22 +0200] "GET /buecher/rezensionen_le_saulchoir.html HTTP/1.1" 200 34009 "-" "Mozilla/5.0 (Linux; Android 7.0;) AppleWebKit/537.36 (KHTML, like Gecko) Mobile Safari/537.36 (compatible; PetalBot;+http://aspiegel.com/petalbot)"
85.25.185.196 - - [10/Sep/2020:07:51:25 +0200] "GET /cds/glockenspiel1_k.jpg HTTP/1.1" 200 5641 "-" "Mozilla/5.0 (compatible; adscanner/)/1.0 (Mozilla/5.0 (compatible; seoscanners.net/1.0; +spider@seoscanners.net); http://seoscanners.net; spider@seoscanners.net)"
85.25.177.139 - - [10/Sep/2020:07:57:05 +0200] "GET /sonderthemen/sk2001.pdf HTTP/1.1" 200 3098589 "-" "Mozilla/5.0 (compatible; adscanner/)/1.0 (http://seocompany.store; spider@seocompany.store)"
88.198.43.207 - - [10/Sep/2020:07:58:41 +0200] "GET /sonderthemen/oekt_extra1.pdf HTTP/1.1" 200 1849015 "-" "Mozilla/5.0 (Windows NT 10.0; Win64; x64) AppleWebKit/537.36 (KHTML, like Gecko) Chrome/63.0.3239.84 Safari/537.36"
88.198.90.9 - - [10/Sep/2020:07:59:34 +0200] "GET /sonderthemen/oekt_extra1.pdf HTTP/1.1" 200 1849015 "-" "Mozilla/5.0 (Windows NT 10.0; Win64; x64) AppleWebKit/537.36 (KHTML, like Gecko) Chrome/63.0.3239.132 Safari/537.36"
66.249.73.141 - - [10/Sep/2020:08:06:27 +0200] "GET /sonderthemen/index.html HTTP/1.1" 200 7102 "-" "Mozilla/5.0 (compatible; Googlebot/2.1; +http://www.google.com/bot.html)"
85.25.177.139 - - [10/Sep/2020:08:09:33 +0200] "GET /sonderthemen/oeaz2002.pdf HTTP/1.1" 200 3161455 "-" "Mozilla/5.0 (compatible; adscanner/)/1.0 (http://seocompany.store; spider@seocompany.store)"
85.25.177.139 - - [10/Sep/2020:08:13:28 +0200] "GET /sonderthemen/az1999.pdf HTTP/1.1" 200 1842982 "-" "Mozilla/5.0 (compatible; adscanner/)/1.0 (http://seocompany.store; spider@seocompany.store)"
5.9.145.132 - - [10/Sep/2020:08:27:26 +0200] "GET /sonderthemen/az2003.pdf HTTP/1.1" 200 4864675 "-" "Mozilla/5.0 (X11; Linux x86_64; rv:57.0) Gecko/20100101 Firefox/57.0"
78.46.90.120 - - [10/Sep/2020:08:27:06 +0200] "GET /sonderthemen/az2003.pdf HTTP/1.1" 200 4864675 "-" "Mozilla/5.0 (Macintosh; Intel Mac OS X 10.12; rv:58.0) Gecko/20100101 Firefox/58.0"
85.25.177.139 - - [10/Sep/2020:08:28:10 +0200] "GET /sonderthemen/oeaz2001.pdf HTTP/1.1" 200 4496626 "-" "Mozilla/5.0 (compatible; adscanner/)/1.0 (http://seocompany.store; spider@seocompany.store)"
88.198.36.62 - - [10/Sep/2020:08:35:28 +0200] "GET /buecher/index.html HTTP/1.1" 200 25885 "-" "Mozilla/5.0 (Macintosh; Intel Mac OS X 10_12_6) AppleWebKit/537.36 (KHTML, like Gecko) Chrome/64.0.3282.119 Safari/537.36"
144.76.162.206 - - [10/Sep/2020:08:35:28 +0200] "GET /buecher/ HTTP/1.1" 200 25885 "-" "Mozilla/5.0 (Windows NT 10.0; Win64; x64) AppleWebKit/537.36 (KHTML, like Gecko) Chrome/63.0.3239.132 Safari/537.36"
85.25.177.139 - - [10/Sep/2020:08:43:00 +0200] "GET /sonderthemen/sk2000.pdf HTTP/1.1" 200 2925489 "-" "Mozilla/5.0 (compatible; adscanner/)/1.0 (http://seocompany.store; spider@seocompany.store)"
85.25.177.139 - - [10/Sep/2020:08:56:41 +0200] "GET /cds/glockenspiel2.html HTTP/1.1" 200 9831 "-" "Mozilla/5.0 (compatible; adscanner/)/1.0 (http://seocompany.store; spider@seocompany.store)"
85.25.177.139 - - [10/Sep/2020:09:12:04 +0200] "GET /buecher/rezensionen_ungeteilt.html HTTP/1.1" 200 9764 "-" "Mozilla/5.0 (compatible; adscanner/)/1.0 (http://seocompany.store; spider@seocompany.store)"
114.119.154.65 - - [10/Sep/2020:09:16:08 +0200] "GET /buecher/rezensionen_engel.html HTTP/1.1" 200 6598 "-" "Mozilla/5.0 (Linux; Android 7.0;) AppleWebKit/537.36 (KHTML, like Gecko) Mobile Safari/537.36 (compatible; PetalBot;+http://aspiegel.com/petalbot)"
49.72.139.189 - - [10/Sep/2020:09:26:50 +0200] "GET / HTTP/1.1" 200 9360 "http://www.mortagecorporation.com/" "ia_archiver"
85.25.177.139 - - [10/Sep/2020:09:44:18 +0200] "GET /cds/astazi.html HTTP/1.1" 200 8453 "-" "Mozilla/5.0 (compatible; adscanner/)/1.0 (http://seocompany.store; spider@seocompany.store)"
66.249.73.141 - - [10/Sep/2020:09:46:10 +0200] "GET /buecher/rezensionen.html HTTP/1.1" 200 6964 "-" "Mozilla/5.0 (compatible; Googlebot/2.1; +http://www.google.com/bot.html)"
46.4.83.150 - - [10/Sep/2020:09:49:02 +0200] "GET /sonderthemen/az2000.pdf HTTP/1.1" 200 2253581 "-" "Mozilla/5.0 (Macintosh; Intel Mac OS X 10_12_6) AppleWebKit/604.5.6 (KHTML, like Gecko) Version/11.0.3 Safari/604.5.6"
49.72.139.189 - - [10/Sep/2020:10:10:40 +0200] "GET /sonderthemen/index.html HTTP/1.1" 200 7102 "http://www.morusverlag.de/" "ia_archiver"
49.72.139.189 - - [10/Sep/2020:10:10:40 +0200] "GET /kontakt/index.html HTTP/1.1" 200 2896 "http://www.morusverlag.de/" "ia_archiver"
49.72.139.189 - - [10/Sep/2020:10:10:40 +0200] "GET /gotteslob/index.html HTTP/1.1" 200 2770 "http://www.morusverlag.de/" "ia_archiver"
49.72.139.189 - - [10/Sep/2020:10:10:42 +0200] "GET /cds/ignatius.html HTTP/1.1" 200 6576 "http://www.morusverlag.de/" "ia_archiver"
49.72.139.189 - - [10/Sep/2020:10:10:42 +0200] "GET /impressum.html HTTP/1.1" 200 2808 "http://www.morusverlag.de/" "ia_archiver"
49.72.139.189 - - [10/Sep/2020:10:10:42 +0200] "GET /cds/hymnos_akathistos.html HTTP/1.1" 200 11061 "http://www.morusverlag.de/" "ia_archiver"
49.72.139.189 - - [10/Sep/2020:10:10:43 +0200] "GET /jahrbuch/index.html HTTP/1.1" 200 3956 "http://www.morusverlag.de/" "ia_archiver"
49.72.139.189 - - [10/Sep/2020:10:10:43 +0200] "GET /buecher/index.html HTTP/1.1" 200 25885 "http://www.morusverlag.de/" "ia_archiver"
49.72.139.189 - - [10/Sep/2020:10:10:43 +0200] "GET /cds/index.html HTTP/1.1" 200 7987 "http://www.morusverlag.de/" "ia_archiver"
49.72.139.189 - - [10/Sep/2020:10:10:44 +0200] "GET /cds/rosarium.html HTTP/1.1" 200 6680 "http://www.morusverlag.de/" "ia_archiver"
49.72.139.189 - - [10/Sep/2020:10:10:44 +0200] "GET /buecher/rezensionen_chateaubriand.html HTTP/1.1" 200 47317 "http://www.morusverlag.de/" "ia_archiver"
49.72.139.189 - - [10/Sep/2020:10:10:44 +0200] "GET /buecher/veroeffentlichungsliste.html HTTP/1.1" 200 129779 "http://www.morusverlag.de/" "ia_archiver"
185.191.171.17 - - [10/Sep/2020:10:47:38 +0200] "GET /robots.txt HTTP/1.1" 200 100 "-" "Mozilla/5.0 (compatible; SemrushBot/6~bl; +http://www.semrush.com/bot.html)"
185.191.171.5 - - [10/Sep/2020:10:47:39 +0200] "GET /kontakt/index.html HTTP/1.1" 200 2896 "-" "Mozilla/5.0 (compatible; SemrushBot/6~bl; +http://www.semrush.com/bot.html)"
185.191.171.5 - - [10/Sep/2020:10:54:36 +0200] "GET /buecher/index.html HTTP/1.1" 200 25885 "-" "Mozilla/5.0 (compatible; SemrushBot/6~bl; +http://www.semrush.com/bot.html)"
49.72.139.189 - - [10/Sep/2020:11:01:52 +0200] "GET /index.html HTTP/1.1" 200 9360 "http://www.morusverlag.de/cds/ignatius.html" "ia_archiver"
66.249.73.137 - - [10/Sep/2020:11:25:53 +0200] "GET /buecher/diskussion.html HTTP/1.1" 200 9925 "-" "Mozilla/5.0 (compatible; Googlebot/2.1; +http://www.google.com/bot.html)"
85.25.177.139 - - [10/Sep/2020:11:43:59 +0200] "GET /buecher/rezensionen_leiblichkeit_und_zeitlichkeit.html HTTP/1.1" 200 8821 "-" "Mozilla/5.0 (compatible; adscanner/)/1.0 (http://seocompany.store; spider@seocompany.store)"
85.25.177.187 - - [10/Sep/2020:11:48:51 +0200] "GET /buecher/gesichter.jpg HTTP/1.1" 200 7271 "-" "Mozilla/5.0 (compatible; adscanner/)/1.0 (Mozilla/5.0 (compatible; seoscanners.net/1.0; +spider@seoscanners.net); http://seoscanners.net; spider@seoscanners.net)"
157.55.39.249 - - [10/Sep/2020:12:18:45 +0200] "GET /buecher/gesichter/24.jpg HTTP/1.1" 200 8021 "-" "Mozilla/5.0 (compatible; bingbot/2.0; +http://www.bing.com/bingbot.htm)"
40.77.167.84 - - [10/Sep/2020:12:18:53 +0200] "GET /gotteslob/gotteslob_alle.jpg HTTP/1.1" 200 24560 "-" "Mozilla/5.0 (compatible; bingbot/2.0; +http://www.bing.com/bingbot.htm)"
114.119.154.65 - - [10/Sep/2020:12:36:58 +0200] "GET /sonderthemen/az2000.pdf HTTP/1.1" 200 2253581 "-" "Mozilla/5.0 (Linux; Android 7.0;) AppleWebKit/537.36 (KHTML, like Gecko) Mobile Safari/537.36 (compatible; PetalBot;+http://aspiegel.com/petalbot)"
109.41.3.9 - - [10/Sep/2020:12:43:52 +0200] "GET /buecher/gesichter/20.jpg HTTP/1.1" 200 8785 "https://www.bing.com/" "Mozilla/5.0 (Windows NT 6.1; Win64; x64; rv:80.0) Gecko/20100101 Firefox/80.0"
79.110.72.26 - - [10/Sep/2020:12:58:46 +0200] "GET /sonderthemen/az2000.pdf HTTP/1.1" 200 2253581 "-" "Mozilla/5.0 (Windows NT 10.0; Win64; x64) AppleWebKit/537.36 (KHTML, like Gecko) Chrome/84.0.4147.125 Safari/537.36"
66.249.73.139 - - [10/Sep/2020:13:05:36 +0200] "GET /buecher/rezensionen_engel.html HTTP/1.1" 200 6598 "-" "Mozilla/5.0 (compatible; Googlebot/2.1; +http://www.google.com/bot.html)"
114.119.142.112 - - [10/Sep/2020:13:29:24 +0200] "GET /buecher/rezensionen_nicht_auf_sand_gebaut.html HTTP/1.1" 200 6594 "-" "Mozilla/5.0 (Linux; Android 7.0;) AppleWebKit/537.36 (KHTML, like Gecko) Mobile Safari/537.36 (compatible; PetalBot;+http://aspiegel.com/petalbot)"
78.46.90.120 - - [10/Sep/2020:13:55:10 +0200] "GET /sonderthemen/oeaz2002.pdf HTTP/1.1" 200 3161455 "-" "Mozilla/5.0 (Macintosh; Intel Mac OS X 10_10_5) AppleWebKit/537.36 (KHTML, like Gecko) Chrome/63.0.3239.132 Safari/537.36"
88.198.90.9 - - [10/Sep/2020:14:04:35 +0200] "GET /sonderthemen/oekt_extra2.pdf HTTP/1.1" 200 1939949 "-" "Mozilla/5.0 (Windows NT 10.0; WOW64; Trident/7.0; rv:11.0) like Gecko"
46.4.83.150 - - [10/Sep/2020:14:04:42 +0200] "GET /sonderthemen/oekt_extra2.pdf HTTP/1.1" 200 1939949 "-" "Mozilla/5.0 (Windows NT 6.1; Win64; x64) AppleWebKit/537.36 (KHTML, like Gecko) Chrome/64.0.3282.119 Safari/537.36"
78.46.90.120 - - [10/Sep/2020:14:04:54 +0200] "GET /sonderthemen/oekt_extra2.pdf HTTP/1.1" 200 1939949 "-" "Mozilla/5.0 (Windows NT 10.0) AppleWebKit/537.36 (KHTML, like Gecko) Chrome/63.0.3239.132 Safari/537.36"
144.76.102.243 - - [10/Sep/2020:14:07:58 +0200] "GET /buecher/index.html HTTP/1.1" 200 25885 "-" "Mozilla/5.0 (X11; Linux x86_64) AppleWebKit/537.36 (KHTML, like Gecko) Chrome/64.0.3282.119 Safari/537.36"
148.251.50.77 - - [10/Sep/2020:14:08:25 +0200] "GET /buecher/index.html HTTP/1.1" 200 25885 "-" "Mozilla/5.0 (Macintosh; U; Intel Mac OS X 10_5_8; zh-cn) AppleWebKit/533.18.1 (KHTML, like Gecko) Version/5.0.2 Safari/533.18.5"
5.9.145.132 - - [10/Sep/2020:14:10:46 +0200] "GET /sonderthemen/oekz2003.pdf HTTP/1.1" 200 4017017 "-" "Mozilla/5.0 (Macintosh; Intel Mac OS X 10_13_1) AppleWebKit/537.36 (KHTML, like Gecko) Chrome/63.0.3239.132 Safari/537.36"
78.46.94.83 - - [10/Sep/2020:14:10:59 +0200] "GET /sonderthemen/oekz2003.pdf HTTP/1.1" 200 4017017 "-" "Mozilla/5.0 (Windows NT 6.1; WOW64) AppleWebKit/537.36 (KHTML, like Gecko) Chrome/63.0.3239.132 Safari/537.36"
88.198.36.62 - - [10/Sep/2020:14:15:18 +0200] "GET /sonderthemen/oekt_extra1.pdf HTTP/1.1" 200 1849015 "-" "Mozilla/5.0 (X11; Linux x86_64) AppleWebKit/537.36 (KHTML, like Gecko) Chrome/63.0.3239.132 Safari/537.36"
144.76.102.243 - - [10/Sep/2020:14:15:41 +0200] "GET /sonderthemen/oekt_extra1.pdf HTTP/1.1" 200 1849015 "-" "Mozilla/5.0 (Windows NT 10.0; Win64; x64) AppleWebKit/537.36 (KHTML, like Gecko) Chrome/63.0.3239.84 Safari/537.36"
46.118.158.198 - - [10/Sep/2020:14:22:57 +0200] "GET / HTTP/1.1" 200 9360 "https://sexkvartal.net/categories/" "Mozilla/4.0 (compatible; MSIE 6.0; Windows NT 5.1; ru) Opera 8.01"
46.118.158.198 - - [10/Sep/2020:14:22:57 +0200] "GET / HTTP/1.1" 200 9360 "https://sexkvartal.net/categories/" "Mozilla/4.0 (compatible; MSIE 6.0; Windows NT 5.1; ru) Opera 8.01"
46.118.158.198 - - [10/Sep/2020:14:22:58 +0200] "GET / HTTP/1.1" 200 9360 "https://sexkvartal.net/categories/" "Mozilla/4.0 (compatible; MSIE 6.0; Windows NT 5.1; ru) Opera 8.01"
114.119.154.65 - - [10/Sep/2020:14:25:18 +0200] "GET / HTTP/1.1" 200 9360 "-" "Mozilla/5.0 (Linux; Android 7.0;) AppleWebKit/537.36 (KHTML, like Gecko) Mobile Safari/537.36 (compatible; PetalBot;+http://aspiegel.com/petalbot)"
66.249.73.139 - - [10/Sep/2020:14:45:19 +0200] "GET /buecher/rezensionen_preysing.html HTTP/1.1" 200 9502 "-" "Mozilla/5.0 (compatible; Googlebot/2.1; +http://www.google.com/bot.html)"
144.76.102.243 - - [10/Sep/2020:14:59:17 +0200] "GET /sonderthemen/oekt_extra1.pdf HTTP/1.1" 200 1849015 "-" "Mozilla/5.0 (Windows NT 10.0; Win64; x64) AppleWebKit/537.36 (KHTML, like Gecko) Chrome/64.0.3282.140 Safari/537.36"
95.216.96.242 - - [10/Sep/2020:15:20:36 +0200] "GET /robots.txt HTTP/1.1" 200 100 "-" "Mozilla/5.0 (compatible; SEOkicks; +https://www.seokicks.de/robot.html)"
95.216.96.242 - - [10/Sep/2020:15:20:37 +0200] "GET / HTTP/1.1" 200 9360 "-" "Mozilla/5.0 (compatible; SEOkicks; +https://www.seokicks.de/robot.html)"
95.216.96.242 - - [10/Sep/2020:15:20:39 +0200] "GET /buecher/index.html HTTP/1.1" 200 25885 "http://www.morusverlag.de/" "Mozilla/5.0 (compatible; SEOkicks; +https://www.seokicks.de/robot.html)"
95.216.96.242 - - [10/Sep/2020:15:20:41 +0200] "GET /cds/index.html HTTP/1.1" 200 7987 "http://www.morusverlag.de/" "Mozilla/5.0 (compatible; SEOkicks; +https://www.seokicks.de/robot.html)"
95.216.96.242 - - [10/Sep/2020:15:20:43 +0200] "GET /gotteslob/index.html HTTP/1.1" 200 2770 "http://www.morusverlag.de/" "Mozilla/5.0 (compatible; SEOkicks; +https://www.seokicks.de/robot.html)"
95.216.96.242 - - [10/Sep/2020:15:20:44 +0200] "GET /jahrbuch/index.html HTTP/1.1" 200 3956 "http://www.morusverlag.de/" "Mozilla/5.0 (compatible; SEOkicks; +https://www.seokicks.de/robot.html)"
95.216.96.242 - - [10/Sep/2020:15:20:46 +0200] "GET /sonderthemen/index.html HTTP/1.1" 200 7102 "http://www.morusverlag.de/" "Mozilla/5.0 (compatible; SEOkicks; +https://www.seokicks.de/robot.html)"
95.216.96.242 - - [10/Sep/2020:15:20:48 +0200] "GET /kontakt/index.html HTTP/1.1" 200 2896 "http://www.morusverlag.de/" "Mozilla/5.0 (compatible; SEOkicks; +https://www.seokicks.de/robot.html)"
95.216.96.242 - - [10/Sep/2020:15:20:50 +0200] "GET /impressum.html HTTP/1.1" 200 2808 "http://www.morusverlag.de/" "Mozilla/5.0 (compatible; SEOkicks; +https://www.seokicks.de/robot.html)"
95.216.96.242 - - [10/Sep/2020:15:20:51 +0200] "GET /cds/rosarium.html HTTP/1.1" 200 6680 "http://www.morusverlag.de/" "Mozilla/5.0 (compatible; SEOkicks; +https://www.seokicks.de/robot.html)"
88.198.90.9 - - [10/Sep/2020:15:39:50 +0200] "GET /sonderthemen/az2003.pdf HTTP/1.1" 200 4864675 "-" "Mozilla/5.0 (compatible; MSIE 10.0; Windows NT 6.1; Trident/6.0)"
138.197.137.225 - - [10/Sep/2020:16:17:13 +0200] "HEAD / HTTP/1.1" 200 - "-" "Mozilla/5.0 (Windows NT 6.3; WOW64) AppleWebKit/537.36 (KHTML, like Gecko) Chrome/41.0.2225.0 Safari/537.36"
66.249.73.141 - - [10/Sep/2020:16:25:02 +0200] "GET /buecher/rezension_gesichter_u_geschichten.pdf HTTP/1.1" 200 223287 "-" "Mozilla/5.0 (compatible; Googlebot/2.1; +http://www.google.com/bot.html)"
176.8.250.231 - - [10/Sep/2020:16:29:56 +0200] "GET / HTTP/1.1" 200 9360 "https://avtointeres.ru/" "Mozilla/4.0 (compatible; MSIE 6.0; Windows XP)"
176.8.250.231 - - [10/Sep/2020:16:29:57 +0200] "GET / HTTP/1.1" 200 9360 "https://avtointeres.ru/" "Mozilla/4.0 (compatible; MSIE 6.0; Windows XP)"
176.8.250.231 - - [10/Sep/2020:16:29:57 +0200] "GET / HTTP/1.1" 200 9360 "https://avtointeres.ru/" "Mozilla/4.0 (compatible; MSIE 6.0; Windows XP)"
114.119.140.113 - - [10/Sep/2020:16:35:48 +0200] "GET /gotteslob HTTP/1.1" 301 356 "-" "Mozilla/5.0 (Linux; Android 7.0;) AppleWebKit/537.36 (KHTML, like Gecko) Mobile Safari/537.36 (compatible; PetalBot;+http://aspiegel.com/petalbot)"
114.119.140.113 - - [10/Sep/2020:16:35:48 +0200] "GET /gotteslob/ HTTP/1.1" 200 2770 "-" "Mozilla/5.0 (Linux; Android 7.0;) AppleWebKit/537.36 (KHTML, like Gecko) Mobile Safari/537.36 (compatible; PetalBot;+http://aspiegel.com/petalbot)"
77.220.215.153 - - [10/Sep/2020:16:49:12 +0200] "HEAD / HTTP/1.1" 200 - "https://t-store.com.ua/en/light-sweatshirt/" "Mozilla/5.0 (compatible; MSIE6.00; Windows 2006)"
185.224.132.45 - - [10/Sep/2020:16:50:25 +0200] "HEAD / HTTP/1.1" 200 - "https://ua.velesritual.com.ua" "Mozilla/2.0 (compatible; MSIE5.00; Windows 2006)"
212.86.109.31 - - [10/Sep/2020:16:51:55 +0200] "HEAD / HTTP/1.1" 200 - "https://lodki-pvh.com.ua" "Mozilla/4.0 (compatible; MSIE6.00; Windows 2007)"
185.203.240.129 - - [10/Sep/2020:16:51:55 +0200] "HEAD / HTTP/1.1" 200 - "https://priliv.com.ua" "Mozilla/4.0 (compatible; MSIE2.00; Windows 2004)"
185.209.20.147 - - [10/Sep/2020:16:52:42 +0200] "HEAD / HTTP/1.1" 200 - "https://malinaexpert.ru/kak-pravilno-podvjazyvat-malinu-vesnoj/" "Mozilla/8.0 (compatible; MSIE4.00; Windows 2006)"
88.198.43.207 - - [10/Sep/2020:16:53:11 +0200] "GET /sonderthemen/az2000.pdf HTTP/1.1" 200 2253581 "-" "Mozilla/5.0 (Windows NT 6.1; Win64; x64) AppleWebKit/537.36 (KHTML, like Gecko) Chrome/63.0.3239.132 Safari/537.36"
114.119.142.173 - - [10/Sep/2020:16:55:22 +0200] "GET /cds/lumina.html HTTP/1.1" 200 9000 "-" "Mozilla/5.0 (Linux; Android 7.0;) AppleWebKit/537.36 (KHTML, like Gecko) Mobile Safari/537.36 (compatible; PetalBot;+http://aspiegel.com/petalbot)"
85.209.89.217 - - [10/Sep/2020:16:58:49 +0200] "HEAD / HTTP/1.1" 200 - "https://carivka.com.ua/hotels.html" "Mozilla/4.0 (compatible; MSIE6.00; Windows 2009)"
85.209.89.205 - - [10/Sep/2020:16:58:50 +0200] "HEAD / HTTP/1.1" 200 - "https://pamjatnik.com.ua/pamjatniki-korostishev" "Mozilla/6.0 (compatible; MSIE3.00; Windows 2007)"
85.209.89.224 - - [10/Sep/2020:16:58:54 +0200] "HEAD / HTTP/1.1" 200 - "http://rupolitshow.ru" "Mozilla/7.0 (compatible; MSIE5.00; Windows 2003)"
185.214.164.198 - - [10/Sep/2020:17:02:44 +0200] "HEAD / HTTP/1.1" 200 - "https://coronavirus-covid.info/" "Mozilla/2.0 (compatible; MSIE7.00; Windows 2002)"
95.91.202.188 - - [10/Sep/2020:17:03:52 +0200] "GET / HTTP/1.1" 200 9360 "-" "Mozilla/5.0 (Macintosh; Intel Mac OS X 10_12_6) AppleWebKit/605.1.15 (KHTML, like Gecko) Version/12.1.2 Safari/605.1.15"
95.91.202.188 - - [10/Sep/2020:17:03:52 +0200] "GET /logo_g.gif HTTP/1.1" 200 1301 "http://www.morusverlag.de/" "Mozilla/5.0 (Macintosh; Intel Mac OS X 10_12_6) AppleWebKit/605.1.15 (KHTML, like Gecko) Version/12.1.2 Safari/605.1.15"
95.91.202.188 - - [10/Sep/2020:17:03:52 +0200] "GET /mv_g.gif HTTP/1.1" 200 4070 "http://www.morusverlag.de/" "Mozilla/5.0 (Macintosh; Intel Mac OS X 10_12_6) AppleWebKit/605.1.15 (KHTML, like Gecko) Version/12.1.2 Safari/605.1.15"
