185.224.132.45 - - [18/Sep/2020:04:06:17 +0200] "HEAD / HTTP/1.1" 200 - "https://nazvonok.info/ringtones/legkaja-muzyka/" "Mozilla/3.0 (compatible; MSIE3.00; Windows 2006)"
185.209.20.147 - - [18/Sep/2020:04:06:20 +0200] "HEAD / HTTP/1.1" 200 - "https://ax4.ru/test-drayvy/" "Mozilla/7.0 (compatible; MSIE2.00; Windows 2007)"
85.209.89.205 - - [18/Sep/2020:04:10:03 +0200] "HEAD / HTTP/1.1" 200 - "https://bboom.pro/service/brendbuk/" "Mozilla/6.0 (compatible; MSIE2.00; Windows 2007)"
85.209.89.217 - - [18/Sep/2020:04:10:03 +0200] "HEAD / HTTP/1.1" 200 - "https://xn--80aaeboem7becafaceliezo7p.xn--p1ai" "Mozilla/6.0 (compatible; MSIE7.00; Windows 2003)"
85.209.89.224 - - [18/Sep/2020:04:10:03 +0200] "HEAD / HTTP/1.1" 200 - "https://styleray.ru/avia-bilety/" "Mozilla/6.0 (compatible; MSIE3.00; Windows 2004)"
185.214.164.198 - - [18/Sep/2020:04:10:03 +0200] "HEAD / HTTP/1.1" 200 - "http://xn--80aaic9ahigbz7m.xn--p1ai/item/262-bochka-dubovaya" "Mozilla/3.0 (compatible; MSIE3.00; Windows 2009)"
85.209.89.241 - - [18/Sep/2020:04:14:11 +0200] "HEAD / HTTP/1.1" 200 - "https://yulna.ru/services/zootaksi/" "Mozilla/2.0 (compatible; MSIE4.00; Windows 2006)"
85.209.89.216 - - [18/Sep/2020:04:14:14 +0200] "HEAD / HTTP/1.1" 200 - "https://zeusweb.ru/sozdaniye-saytov-vizitok" "Mozilla/6.0 (compatible; MSIE6.00; Windows 2008)"
193.124.188.188 - - [18/Sep/2020:04:18:21 +0200] "HEAD / HTTP/1.1" 200 - "https://freering.ru/ringtones/classical/" "Mozilla/3.0 (compatible; MSIE4.00; Windows 2004)"
193.124.191.92 - - [18/Sep/2020:04:18:21 +0200] "HEAD / HTTP/1.1" 200 - "https://avia.bet/airlines/" "Mozilla/5.0 (compatible; MSIE5.00; Windows 2006)"
193.124.188.83 - - [18/Sep/2020:04:18:22 +0200] "HEAD / HTTP/1.1" 200 - "https://imoby.su/ringtones/pop/" "Mozilla/3.0 (compatible; MSIE6.00; Windows 2006)"
194.67.210.77 - - [18/Sep/2020:04:18:22 +0200] "HEAD / HTTP/1.1" 200 - "https://su48.ru/" "Mozilla/3.0 (compatible; MSIE6.00; Windows 2005)"
193.124.190.18 - - [18/Sep/2020:04:22:38 +0200] "HEAD / HTTP/1.1" 200 - "https://www.samara-airport.com/stranyi/ufa.html" "Mozilla/3.0 (compatible; MSIE4.00; Windows 2008)"
185.5.249.185 - - [18/Sep/2020:04:22:54 +0200] "HEAD / HTTP/1.1" 200 - "https://freering.ru/ringtones/easy-listening/" "Mozilla/5.0 (compatible; MSIE4.00; Windows 2006)"
194.67.207.9 - - [18/Sep/2020:04:22:57 +0200] "HEAD / HTTP/1.1" 200 - "https://doorstyle48.ru/" "Mozilla/7.0 (compatible; MSIE5.00; Windows 2007)"
185.125.219.13 - - [18/Sep/2020:04:22:58 +0200] "HEAD / HTTP/1.1" 200 - "https://mobiring.ru/ringtones/alternativa/" "Mozilla/8.0 (compatible; MSIE6.00; Windows 2006)"
194.67.207.94 - - [18/Sep/2020:04:23:11 +0200] "HEAD / HTTP/1.1" 200 - "https://autolider42.ru/catalog/li/chevrolet/" "Mozilla/3.0 (compatible; MSIE6.00; Windows 2008)"
140.203.12.8 - - [18/Sep/2020:04:24:14 +0200] "HEAD / HTTP/1.1" 200 - "-" "Java/1.6.0_23"
157.55.39.207 - - [18/Sep/2020:04:48:45 +0200] "GET /robots.txt HTTP/1.1" 200 100 "-" "Mozilla/5.0 (compatible; bingbot/2.0; +http://www.bing.com/bingbot.htm)"
40.77.167.221 - - [18/Sep/2020:04:48:50 +0200] "GET /main.css HTTP/1.1" 200 1439 "-" "Mozilla/5.0 (compatible; bingbot/2.0; +http://www.bing.com/bingbot.htm)"
85.25.177.139 - - [18/Sep/2020:04:51:21 +0200] "GET /sonderthemen/index.html HTTP/1.1" 200 7102 "-" "Mozilla/5.0 (compatible; adscanner/)/1.0 (http://seocompany.store; spider@seocompany.store)"
85.25.177.139 - - [18/Sep/2020:05:16:55 +0200] "GET /cds/ignatius.html HTTP/1.1" 200 6576 "-" "Mozilla/5.0 (compatible; adscanner/)/1.0 (http://seocompany.store; spider@seocompany.store)"
114.119.158.31 - - [18/Sep/2020:05:31:27 +0200] "GET /buecher/rezensionen_preysing.html HTTP/1.1" 200 9502 "-" "Mozilla/5.0 (Linux; Android 7.0;) AppleWebKit/537.36 (KHTML, like Gecko) Mobile Safari/537.36 (compatible; PetalBot;+http://aspiegel.com/petalbot)"
85.25.177.139 - - [18/Sep/2020:06:01:25 +0200] "GET /cds/index.html HTTP/1.1" 200 7987 "-" "Mozilla/5.0 (compatible; adscanner/)/1.0 (http://seocompany.store; spider@seocompany.store)"
85.25.177.139 - - [18/Sep/2020:06:14:24 +0200] "GET /buecher/index.html HTTP/1.1" 200 25885 "-" "Mozilla/5.0 (compatible; adscanner/)/1.0 (http://seocompany.store; spider@seocompany.store)"
85.25.177.139 - - [18/Sep/2020:06:19:59 +0200] "GET /buecher/veroeffentlichungsliste.html HTTP/1.1" 200 129779 "-" "Mozilla/5.0 (compatible; adscanner/)/1.0 (http://seocompany.store; spider@seocompany.store)"
46.118.122.191 - - [18/Sep/2020:06:29:45 +0200] "GET / HTTP/1.1" 200 9360 "https://spanking.to/" "Mozilla/4.0 (compatible; MSIE 5.5; Windows 95; BCD2000)"
46.118.122.191 - - [18/Sep/2020:06:29:45 +0200] "GET / HTTP/1.1" 200 9360 "https://spanking.to/" "Mozilla/4.0 (compatible; MSIE 5.5; Windows 95; BCD2000)"
46.118.122.191 - - [18/Sep/2020:06:29:45 +0200] "GET / HTTP/1.1" 200 9360 "https://spanking.to/" "Mozilla/4.0 (compatible; MSIE 5.5; Windows 95; BCD2000)"
85.25.177.139 - - [18/Sep/2020:06:32:11 +0200] "GET /jahrbuch/titelseiten/index.html HTTP/1.1" 200 6735 "-" "Mozilla/5.0 (compatible; adscanner/)/1.0 (http://seocompany.store; spider@seocompany.store)"
85.25.177.139 - - [18/Sep/2020:06:59:14 +0200] "GET /jahrbuch/bestellung.php HTTP/1.1" 200 10316 "-" "Mozilla/5.0 (compatible; adscanner/)/1.0 (http://seocompany.store; spider@seocompany.store)"
114.119.149.51 - - [18/Sep/2020:07:04:01 +0200] "GET /buecher/rezensionen_leiblichkeit_und_zeitlichkeit.html HTTP/1.1" 200 8821 "-" "Mozilla/5.0 (Linux; Android 7.0;) AppleWebKit/537.36 (KHTML, like Gecko) Mobile Safari/537.36 (compatible; PetalBot;+http://aspiegel.com/petalbot)"
66.249.68.45 - - [18/Sep/2020:07:04:11 +0200] "GET /cds/hymnos_k.jpg HTTP/1.1" 304 - "-" "Googlebot-Image/1.0"
114.119.128.40 - - [18/Sep/2020:07:09:09 +0200] "GET /cds/glockenspiel1.html HTTP/1.1" 200 9736 "-" "Mozilla/5.0 (Linux; Android 7.0;) AppleWebKit/537.36 (KHTML, like Gecko) Mobile Safari/537.36 (compatible; PetalBot;+http://aspiegel.com/petalbot)"
114.119.140.113 - - [18/Sep/2020:07:40:49 +0200] "GET /sonderthemen/az1999.jpg HTTP/1.1" 200 11828 "-" "Mozilla/5.0 (Linux; Android 7.0;) AppleWebKit/537.36 (KHTML, like Gecko) Mobile Safari/537.36 (compatible; PetalBot;+http://aspiegel.com/petalbot)"
85.25.177.139 - - [18/Sep/2020:07:46:47 +0200] "GET /index.html HTTP/1.1" 200 9360 "-" "Mozilla/5.0 (compatible; adscanner/)/1.0 (http://seocompany.store; spider@seocompany.store)"
85.25.177.139 - - [18/Sep/2020:07:52:12 +0200] "GET /kontakt/index.html HTTP/1.1" 200 2896 "-" "Mozilla/5.0 (compatible; adscanner/)/1.0 (http://seocompany.store; spider@seocompany.store)"
114.119.138.70 - - [18/Sep/2020:08:01:51 +0200] "GET /buecher/rezensionen_chateaubriand.html HTTP/1.1" 200 47317 "-" "Mozilla/5.0 (Linux; Android 7.0;) AppleWebKit/537.36 (KHTML, like Gecko) Mobile Safari/537.36 (compatible; PetalBot;+http://aspiegel.com/petalbot)"
114.119.149.51 - - [18/Sep/2020:08:31:15 +0200] "GET /buecher/rezensionen_psalmen.html HTTP/1.1" 200 6787 "-" "Mozilla/5.0 (Linux; Android 7.0;) AppleWebKit/537.36 (KHTML, like Gecko) Mobile Safari/537.36 (compatible; PetalBot;+http://aspiegel.com/petalbot)"
85.25.177.139 - - [18/Sep/2020:08:40:28 +0200] "GET /robots.txt HTTP/1.1" 200 100 "-" "Mozilla/5.0 (compatible; adscanner/)/1.0 (http://seocompany.store; spider@seocompany.store)"
85.25.177.139 - - [18/Sep/2020:08:40:28 +0200] "GET /sonderthemen/archiv.html HTTP/1.1" 200 6959 "-" "Mozilla/5.0 (compatible; adscanner/)/1.0 (http://seocompany.store; spider@seocompany.store)"
40.77.167.122 - - [18/Sep/2020:08:45:18 +0200] "GET /cds/index.html HTTP/1.1" 304 - "-" "Mozilla/5.0 (compatible; bingbot/2.0; +http://www.bing.com/bingbot.htm)"
114.119.142.112 - - [18/Sep/2020:08:45:20 +0200] "GET /buecher/rezensionen_ungeteilt.html HTTP/1.1" 200 9764 "-" "Mozilla/5.0 (Linux; Android 7.0;) AppleWebKit/537.36 (KHTML, like Gecko) Mobile Safari/537.36 (compatible; PetalBot;+http://aspiegel.com/petalbot)"
114.119.140.113 - - [18/Sep/2020:08:50:32 +0200] "GET /cds/astazi.html HTTP/1.1" 200 8453 "-" "Mozilla/5.0 (Linux; Android 7.0;) AppleWebKit/537.36 (KHTML, like Gecko) Mobile Safari/537.36 (compatible; PetalBot;+http://aspiegel.com/petalbot)"
114.119.138.35 - - [18/Sep/2020:08:55:46 +0200] "GET /gotteslob HTTP/1.1" 301 356 "-" "Mozilla/5.0 (Linux; Android 7.0;) AppleWebKit/537.36 (KHTML, like Gecko) Mobile Safari/537.36 (compatible; PetalBot;+http://aspiegel.com/petalbot)"
114.119.138.35 - - [18/Sep/2020:08:55:46 +0200] "GET /gotteslob/ HTTP/1.1" 200 2770 "-" "Mozilla/5.0 (Linux; Android 7.0;) AppleWebKit/537.36 (KHTML, like Gecko) Mobile Safari/537.36 (compatible; PetalBot;+http://aspiegel.com/petalbot)"
85.25.177.139 - - [18/Sep/2020:09:00:00 +0200] "GET /sonderthemen/oekt_extra2.pdf HTTP/1.1" 200 1939949 "-" "Mozilla/5.0 (compatible; adscanner/)/1.0 (http://seocompany.store; spider@seocompany.store)"
85.25.177.139 - - [18/Sep/2020:09:31:22 +0200] "GET / HTTP/1.1" 200 9360 "-" "Mozilla/5.0 (compatible; adscanner/)/1.0 (http://seocompany.store; spider@seocompany.store)"
85.25.177.139 - - [18/Sep/2020:09:50:19 +0200] "GET /buecher/rezensionen_krise_zum_heil.html HTTP/1.1" 200 9828 "-" "Mozilla/5.0 (compatible; adscanner/)/1.0 (http://seocompany.store; spider@seocompany.store)"
154.54.249.18 - - [18/Sep/2020:09:52:32 +0200] "GET /robots.txt HTTP/1.1" 200 100 "-" "Mozilla/5.0 (compatible; Barkrowler/0.9; +https://babbar.tech/crawler)"
154.54.249.18 - - [18/Sep/2020:09:52:37 +0200] "GET /buecher/index.html HTTP/1.1" 200 25885 "-" "Mozilla/5.0 (compatible; Barkrowler/0.9; +https://babbar.tech/crawler)"
154.54.249.18 - - [18/Sep/2020:09:52:42 +0200] "GET /jahrbuch/index.html HTTP/1.1" 200 3956 "-" "Mozilla/5.0 (compatible; Barkrowler/0.9; +https://babbar.tech/crawler)"
154.54.249.18 - - [18/Sep/2020:09:52:47 +0200] "GET /cds/hymnos_akathistos.html HTTP/1.1" 200 11061 "-" "Mozilla/5.0 (compatible; Barkrowler/0.9; +https://babbar.tech/crawler)"
85.25.177.139 - - [18/Sep/2020:09:54:58 +0200] "GET /buecher/rezensionen_krise_zum_heil.html HTTP/1.1" 200 9828 "-" "Mozilla/5.0 (compatible; adscanner/)/1.0 (http://seocompany.store; spider@seocompany.store)"
37.229.252.28 - - [18/Sep/2020:10:07:24 +0200] "GET / HTTP/1.1" 200 9360 "https://www.mosrif.ru/produktsiya/podokonniki" "Mozilla/4.0 (compatible; MSIE 6.0; Windows NT 5.1; MRA 4.3 (build 01218); .NET CLR 1.1.4322)"
37.229.252.28 - - [18/Sep/2020:10:07:24 +0200] "GET / HTTP/1.1" 200 9360 "https://www.mosrif.ru/produktsiya/podokonniki" "Mozilla/4.0 (compatible; MSIE 6.0; Windows NT 5.1; MRA 4.3 (build 01218); .NET CLR 1.1.4322)"
37.229.252.28 - - [18/Sep/2020:10:07:25 +0200] "GET / HTTP/1.1" 200 9360 "https://www.mosrif.ru/produktsiya/podokonniki" "Mozilla/4.0 (compatible; MSIE 6.0; Windows NT 5.1; MRA 4.3 (build 01218); .NET CLR 1.1.4322)"
85.25.177.139 - - [18/Sep/2020:10:20:31 +0200] "GET /sonderthemen/az2000.pdf HTTP/1.1" 200 2253581 "-" "Mozilla/5.0 (compatible; adscanner/)/1.0 (http://seocompany.store; spider@seocompany.store)"
77.220.215.153 - - [18/Sep/2020:10:31:47 +0200] "HEAD / HTTP/1.1" 200 - "http://v45.ru/remont/glace_pr.htm" "Mozilla/2.0 (compatible; MSIE6.00; Windows 2003)"
185.203.240.129 - - [18/Sep/2020:10:31:47 +0200] "HEAD / HTTP/1.1" 200 - "https://avkenergo.ru/catalog/opn/" "Mozilla/2.0 (compatible; MSIE7.00; Windows 2003)"
212.86.109.31 - - [18/Sep/2020:10:31:47 +0200] "HEAD / HTTP/1.1" 200 - "https://binabi.ru" "Mozilla/7.0 (compatible; MSIE7.00; Windows 2008)"
85.25.177.139 - - [18/Sep/2020:10:32:58 +0200] "GET /sonderthemen/az1999.pdf HTTP/1.1" 200 1842982 "-" "Mozilla/5.0 (compatible; adscanner/)/1.0 (http://seocompany.store; spider@seocompany.store)"
185.191.171.10 - - [18/Sep/2020:10:48:27 +0200] "GET /robots.txt HTTP/1.1" 200 100 "-" "Mozilla/5.0 (compatible; SemrushBot/6~bl; +http://www.semrush.com/bot.html)"
185.191.171.13 - - [18/Sep/2020:10:48:28 +0200] "GET /buecher/rezensionen_ungeteilt.html HTTP/1.1" 200 9764 "-" "Mozilla/5.0 (compatible; SemrushBot/6~bl; +http://www.semrush.com/bot.html)"
165.227.177.154 - - [18/Sep/2020:11:06:01 +0200] "GET / HTTP/1.1" 200 9360 "http://www.morusverlag.de" "Mozilla/5.0 (X11; Datanyze; Linux x86_64) AppleWebKit/537.36 (KHTML, like Gecko) Chrome/65.0.3325.181 Safari/537.36"
165.227.177.154 - - [18/Sep/2020:11:06:02 +0200] "GET /main.css HTTP/1.1" 200 1439 "-" "Mozilla/5.0 (X11; Datanyze; Linux x86_64) AppleWebKit/537.36 (KHTML, like Gecko) Chrome/65.0.3325.181 Safari/537.36"
165.227.177.154 - - [18/Sep/2020:11:06:15 +0200] "GET /robots.txt HTTP/1.1" 200 100 "-" "Mozilla/5.0 (Macintosh; Intel Mac OS X 10_9_3) AppleWebKit/537.36 (KHTML, like Gecko) Chrome/35.0.1916.114 Safari/537.36"
165.227.177.154 - - [18/Sep/2020:11:06:23 +0200] "GET /cds/index.html HTTP/1.1" 200 7987 "http://www.morusverlag.de" "Mozilla/5.0 (X11; Datanyze; Linux x86_64) AppleWebKit/537.36 (KHTML, like Gecko) Chrome/65.0.3325.181 Safari/537.36"
165.227.177.154 - - [18/Sep/2020:11:06:23 +0200] "GET /jahrbuch/index.html HTTP/1.1" 200 3956 "http://www.morusverlag.de" "Mozilla/5.0 (X11; Datanyze; Linux x86_64) AppleWebKit/537.36 (KHTML, like Gecko) Chrome/65.0.3325.181 Safari/537.36"
165.227.177.154 - - [18/Sep/2020:11:06:23 +0200] "GET /gotteslob/index.html HTTP/1.1" 200 2770 "http://www.morusverlag.de" "Mozilla/5.0 (X11; Datanyze; Linux x86_64) AppleWebKit/537.36 (KHTML, like Gecko) Chrome/65.0.3325.181 Safari/537.36"
165.227.177.154 - - [18/Sep/2020:11:06:23 +0200] "GET /buecher/index.html HTTP/1.1" 200 25885 "http://www.morusverlag.de" "Mozilla/5.0 (X11; Datanyze; Linux x86_64) AppleWebKit/537.36 (KHTML, like Gecko) Chrome/65.0.3325.181 Safari/537.36"
165.227.177.154 - - [18/Sep/2020:11:06:24 +0200] "GET /sonderthemen/index.html HTTP/1.1" 200 7102 "http://www.morusverlag.de" "Mozilla/5.0 (X11; Datanyze; Linux x86_64) AppleWebKit/537.36 (KHTML, like Gecko) Chrome/65.0.3325.181 Safari/537.36"
165.227.177.154 - - [18/Sep/2020:11:06:25 +0200] "GET /impressum.html HTTP/1.1" 200 2808 "http://www.morusverlag.de" "Mozilla/5.0 (X11; Datanyze; Linux x86_64) AppleWebKit/537.36 (KHTML, like Gecko) Chrome/65.0.3325.181 Safari/537.36"
165.227.177.154 - - [18/Sep/2020:11:06:25 +0200] "GET /../main.css HTTP/1.1" 400 1200 "-" "Mozilla/5.0 (X11; Datanyze; Linux x86_64) AppleWebKit/537.36 (KHTML, like Gecko) Chrome/65.0.3325.181 Safari/537.36"
165.227.177.154 - - [18/Sep/2020:11:06:25 +0200] "GET /cds/rosarium.html HTTP/1.1" 200 6680 "http://www.morusverlag.de" "Mozilla/5.0 (X11; Datanyze; Linux x86_64) AppleWebKit/537.36 (KHTML, like Gecko) Chrome/65.0.3325.181 Safari/537.36"
165.227.177.154 - - [18/Sep/2020:11:06:25 +0200] "GET /kontakt/index.html HTTP/1.1" 200 2896 "http://www.morusverlag.de" "Mozilla/5.0 (X11; Datanyze; Linux x86_64) AppleWebKit/537.36 (KHTML, like Gecko) Chrome/65.0.3325.181 Safari/537.36"
165.227.177.154 - - [18/Sep/2020:11:06:25 +0200] "GET /../main.css HTTP/1.1" 400 1200 "-" "Mozilla/5.0 (X11; Datanyze; Linux x86_64) AppleWebKit/537.36 (KHTML, like Gecko) Chrome/65.0.3325.181 Safari/537.36"
165.227.177.154 - - [18/Sep/2020:11:06:25 +0200] "GET /../contentflow/contentflow.js HTTP/1.1" 400 1200 "-" "Mozilla/5.0 (X11; Datanyze; Linux x86_64) AppleWebKit/537.36 (KHTML, like Gecko) Chrome/65.0.3325.181 Safari/537.36"
165.227.177.154 - - [18/Sep/2020:11:06:25 +0200] "GET /cds/ignatius.html HTTP/1.1" 200 6576 "http://www.morusverlag.de" "Mozilla/5.0 (X11; Datanyze; Linux x86_64) AppleWebKit/537.36 (KHTML, like Gecko) Chrome/65.0.3325.181 Safari/537.36"
165.227.177.154 - - [18/Sep/2020:11:06:25 +0200] "GET /../main.css HTTP/1.1" 400 1200 "-" "Mozilla/5.0 (X11; Datanyze; Linux x86_64) AppleWebKit/537.36 (KHTML, like Gecko) Chrome/65.0.3325.181 Safari/537.36"
165.227.177.154 - - [18/Sep/2020:11:06:25 +0200] "GET /../main.css HTTP/1.1" 400 1200 "-" "Mozilla/5.0 (X11; Datanyze; Linux x86_64) AppleWebKit/537.36 (KHTML, like Gecko) Chrome/65.0.3325.181 Safari/537.36"
165.227.177.154 - - [18/Sep/2020:11:06:26 +0200] "GET /../main.css HTTP/1.1" 400 1200 "-" "Mozilla/5.0 (X11; Datanyze; Linux x86_64) AppleWebKit/537.36 (KHTML, like Gecko) Chrome/65.0.3325.181 Safari/537.36"
165.227.177.154 - - [18/Sep/2020:11:06:26 +0200] "GET /cds/hymnos_akathistos.html HTTP/1.1" 200 11061 "http://www.morusverlag.de" "Mozilla/5.0 (X11; Datanyze; Linux x86_64) AppleWebKit/537.36 (KHTML, like Gecko) Chrome/65.0.3325.181 Safari/537.36"
165.227.177.154 - - [18/Sep/2020:11:06:28 +0200] "GET /buecher/rezensionen_chateaubriand.html HTTP/1.1" 200 47317 "http://www.morusverlag.de" "Mozilla/5.0 (X11; Datanyze; Linux x86_64) AppleWebKit/537.36 (KHTML, like Gecko) Chrome/65.0.3325.181 Safari/537.36"
165.227.177.154 - - [18/Sep/2020:11:06:28 +0200] "GET /buecher/veroeffentlichungsliste.html HTTP/1.1" 200 129779 "http://www.morusverlag.de" "Mozilla/5.0 (X11; Datanyze; Linux x86_64) AppleWebKit/537.36 (KHTML, like Gecko) Chrome/65.0.3325.181 Safari/537.36"
54.36.148.122 - - [18/Sep/2020:11:48:40 +0200] "GET /buecher/rezensionen_chateaubriand.html HTTP/1.1" 200 47317 "-" "Mozilla/5.0 (compatible; AhrefsBot/7.0; +http://ahrefs.com/robot/)"
40.77.167.195 - - [18/Sep/2020:11:54:59 +0200] "GET /impressum.html HTTP/1.1" 200 2808 "-" "Mozilla/5.0 (compatible; bingbot/2.0; +http://www.bing.com/bingbot.htm)"
85.25.177.139 - - [18/Sep/2020:12:02:45 +0200] "GET /buecher/rezensionen_psalmen.html HTTP/1.1" 200 6787 "-" "Mozilla/5.0 (compatible; adscanner/)/1.0 (http://seocompany.store; spider@seocompany.store)"
114.119.150.227 - - [18/Sep/2020:12:40:48 +0200] "GET /kontakt HTTP/1.1" 301 354 "-" "Mozilla/5.0 (Linux; Android 7.0;) AppleWebKit/537.36 (KHTML, like Gecko) Mobile Safari/537.36 (compatible; PetalBot;+https://aspiegel.com/petalbot)"
114.119.150.227 - - [18/Sep/2020:12:40:48 +0200] "GET /kontakt/ HTTP/1.1" 200 2896 "-" "Mozilla/5.0 (Linux; Android 7.0;) AppleWebKit/537.36 (KHTML, like Gecko) Mobile Safari/537.36 (compatible; PetalBot;+https://aspiegel.com/petalbot)"
85.25.177.139 - - [18/Sep/2020:12:53:59 +0200] "GET /buecher/bestellung.php HTTP/1.1" 200 10142 "-" "Mozilla/5.0 (compatible; adscanner/)/1.0 (http://seocompany.store; spider@seocompany.store)"
178.137.209.220 - - [18/Sep/2020:13:08:56 +0200] "GET / HTTP/1.1" 200 9360 "https://sauni-lipetsk.ru/" "Mozilla/1.22 (compatible; MSIE 2.0; Windows 95)"
178.137.209.220 - - [18/Sep/2020:13:08:56 +0200] "GET / HTTP/1.1" 200 9360 "http://greenshop.su/" "Mozilla/4.0 (compatible; MSIE 5.5; Windows 95; BCD2000)"
178.137.209.220 - - [18/Sep/2020:13:08:56 +0200] "GET / HTTP/1.1" 200 9360 "https://sauni-lipetsk.ru/" "Mozilla/1.22 (compatible; MSIE 2.0; Windows 95)"
178.137.209.220 - - [18/Sep/2020:13:08:56 +0200] "GET / HTTP/1.1" 200 9360 "http://greenshop.su/" "Mozilla/4.0 (compatible; MSIE 5.5; Windows 95; BCD2000)"
178.137.209.220 - - [18/Sep/2020:13:08:57 +0200] "GET / HTTP/1.1" 200 9360 "https://sauni-lipetsk.ru/" "Mozilla/1.22 (compatible; MSIE 2.0; Windows 95)"
178.137.209.220 - - [18/Sep/2020:13:08:57 +0200] "GET / HTTP/1.1" 200 9360 "http://greenshop.su/" "Mozilla/4.0 (compatible; MSIE 5.5; Windows 95; BCD2000)"
85.25.177.139 - - [18/Sep/2020:13:09:10 +0200] "GET /buecher/diskussion.html HTTP/1.1" 200 9925 "-" "Mozilla/5.0 (compatible; adscanner/)/1.0 (http://seocompany.store; spider@seocompany.store)"
114.119.138.70 - - [18/Sep/2020:13:14:47 +0200] "GET /jahrbuch/titelseiten/index.html HTTP/1.1" 200 6735 "-" "Mozilla/5.0 (Linux; Android 7.0;) AppleWebKit/537.36 (KHTML, like Gecko) Mobile Safari/537.36 (compatible; PetalBot;+https://aspiegel.com/petalbot)"
87.138.211.253 - - [18/Sep/2020:14:52:23 +0200] "GET / HTTP/1.1" 200 9360 "-" "Mozilla/5.0 (Windows NT 6.1; WOW64) AppleWebKit/536.5 (KHTML, like Gecko) Chrome/19.0.1084.56 Safari/536.5"
5.9.145.132 - - [18/Sep/2020:14:57:31 +0200] "GET /sonderthemen/az2003.pdf HTTP/1.1" 200 4864675 "-" "Mozilla/5.0 (Windows NT 10.0; Win64; x64) AppleWebKit/537.36 (KHTML, like Gecko) Chrome/63.0.3239.84 Safari/537.36"
144.76.162.206 - - [18/Sep/2020:14:57:40 +0200] "GET /sonderthemen/az2003_s01.pdf HTTP/1.1" 200 120642 "-" "Mozilla/5.0 (Windows NT 6.1) AppleWebKit/537.36 (KHTML, like Gecko) Chrome/63.0.3239.132 Safari/537.36"
144.76.162.206 - - [18/Sep/2020:14:57:49 +0200] "GET /sonderthemen/sk2001.pdf HTTP/1.1" 200 3098589 "-" "Mozilla/5.0 (Macintosh; Intel Mac OS X 10_6_8) AppleWebKit/534.59.8 (KHTML, like Gecko) Version/5.1.9 Safari/534.59.8"
144.76.102.243 - - [18/Sep/2020:14:57:58 +0200] "GET /buecher/rezensionen_psalmen.html HTTP/1.1" 200 6787 "-" "Mozilla/5.0 (Macintosh; Intel Mac OS X 10_11_6) AppleWebKit/604.5.6 (KHTML, like Gecko) Version/11.0.3 Safari/604.5.6"
144.76.102.243 - - [18/Sep/2020:14:57:58 +0200] "GET /buecher/rezension_gesichter_u_geschichten.pdf HTTP/1.1" 200 223287 "-" "Mozilla/5.0 (Windows NT 10.0; WOW64; Trident/7.0; rv:11.0) like Gecko"
144.76.102.243 - - [18/Sep/2020:14:57:59 +0200] "GET /sonderthemen/sk2002.pdf HTTP/1.1" 200 2628923 "-" "Mozilla/5.0 (Macintosh; Intel Mac OS X 107) AppleWebKit/534.48.3 (KHTML like Gecko) Version/5.1 Safari/534.48.3"
148.251.50.77 - - [18/Sep/2020:14:59:25 +0200] "GET /sonderthemen/az2003_s01.pdf HTTP/1.1" 200 120642 "-" "Mozilla/5.0 (Macintosh; Intel Mac OS X 10_6_8) AppleWebKit/534.58.2 (KHTML, like Gecko) Version/5.1.8 Safari/534.58.2"
148.251.50.77 - - [18/Sep/2020:14:59:26 +0200] "GET /buecher/rezensionen_psalmen.html HTTP/1.1" 200 6787 "-" "Mozilla/5.0 (Windows NT 6.1) AppleWebKit/537.36 (KHTML, like Gecko) Chrome/63.0.3239.132 Safari/537.36"
148.251.50.77 - - [18/Sep/2020:14:59:28 +0200] "GET /buecher/rezension_gesichter_u_geschichten.pdf HTTP/1.1" 200 223287 "-" "Mozilla/5.0 (Windows NT 6.1; WOW64) AppleWebKit/537.36 (KHTML, like Gecko) Chrome/63.0.3239.132 Safari/537.36"
148.251.50.77 - - [18/Sep/2020:14:59:25 +0200] "GET /sonderthemen/sk2001.pdf HTTP/1.1" 200 3098589 "-" "Mozilla/5.0 (Windows NT 10.0; Win64; x64) AppleWebKit/537.36 (KHTML, like Gecko) Chrome/63.0.3239.132 Safari/537.36"
148.251.50.77 - - [18/Sep/2020:14:59:26 +0200] "GET /sonderthemen/sk2002.pdf HTTP/1.1" 200 2628923 "-" "Mozilla/5.0 (X11; Linux x86_64) AppleWebKit/537.36 (KHTML, like Gecko) Ubuntu Chromium/63.0.3239.84 Chrome/63.0.3239.84 Safari/537.36"
37.229.252.28 - - [18/Sep/2020:15:07:35 +0200] "GET / HTTP/1.1" 200 9360 "https://www.mosrif.ru/produktsiya/podokonniki" "Mozilla/4.7 (compatible; OffByOne; Windows 2000) Webster Pro V3.4"
37.229.252.28 - - [18/Sep/2020:15:07:35 +0200] "GET / HTTP/1.1" 200 9360 "https://www.mosrif.ru/produktsiya/podokonniki" "Mozilla/4.7 (compatible; OffByOne; Windows 2000) Webster Pro V3.4"
37.229.252.28 - - [18/Sep/2020:15:07:36 +0200] "GET / HTTP/1.1" 200 9360 "https://www.mosrif.ru/produktsiya/podokonniki" "Mozilla/4.7 (compatible; OffByOne; Windows 2000) Webster Pro V3.4"
46.118.158.198 - - [18/Sep/2020:15:09:35 +0200] "GET / HTTP/1.1" 200 9360 "https://arendakabinetov.ru/" "Mozilla/4.0 (compatible; MSIE 6.0; Windows NT 5.0)"
46.118.158.198 - - [18/Sep/2020:15:09:36 +0200] "GET / HTTP/1.1" 200 9360 "https://arendakabinetov.ru/" "Mozilla/4.0 (compatible; MSIE 6.0; Windows NT 5.0)"
46.118.158.198 - - [18/Sep/2020:15:09:36 +0200] "GET / HTTP/1.1" 200 9360 "https://arendakabinetov.ru/" "Mozilla/4.0 (compatible; MSIE 6.0; Windows NT 5.0)"
85.25.177.139 - - [18/Sep/2020:15:13:13 +0200] "GET /buecher/rezensionen_preysing.html HTTP/1.1" 200 9502 "-" "Mozilla/5.0 (compatible; adscanner/)/1.0 (http://seocompany.store; spider@seocompany.store)"
80.110.79.56 - - [18/Sep/2020:15:23:46 +0200] "GET /cds/lumina.html HTTP/1.1" 200 9000 "https://www.google.com/" "Mozilla/5.0 (Linux; Android 10; MAR-LX1A) AppleWebKit/537.36 (KHTML, like Gecko) Chrome/85.0.4183.101 Mobile Safari/537.36"
80.110.79.56 - - [18/Sep/2020:15:23:46 +0200] "GET /main.css HTTP/1.1" 200 1439 "http://www.morusverlag.de/cds/lumina.html" "Mozilla/5.0 (Linux; Android 10; MAR-LX1A) AppleWebKit/537.36 (KHTML, like Gecko) Chrome/85.0.4183.101 Mobile Safari/537.36"
80.110.79.56 - - [18/Sep/2020:15:23:46 +0200] "GET /logo_g.gif HTTP/1.1" 200 1301 "http://www.morusverlag.de/cds/lumina.html" "Mozilla/5.0 (Linux; Android 10; MAR-LX1A) AppleWebKit/537.36 (KHTML, like Gecko) Chrome/85.0.4183.101 Mobile Safari/537.36"
80.110.79.56 - - [18/Sep/2020:15:23:46 +0200] "GET /mv_g.gif HTTP/1.1" 200 4070 "http://www.morusverlag.de/cds/lumina.html" "Mozilla/5.0 (Linux; Android 10; MAR-LX1A) AppleWebKit/537.36 (KHTML, like Gecko) Chrome/85.0.4183.101 Mobile Safari/537.36"
80.110.79.56 - - [18/Sep/2020:15:23:46 +0200] "GET /m.gif HTTP/1.1" 200 95 "http://www.morusverlag.de/cds/lumina.html" "Mozilla/5.0 (Linux; Android 10; MAR-LX1A) AppleWebKit/537.36 (KHTML, like Gecko) Chrome/85.0.4183.101 Mobile Safari/537.36"
80.110.79.56 - - [18/Sep/2020:15:23:46 +0200] "GET /pf.gif HTTP/1.1" 200 62 "http://www.morusverlag.de/cds/lumina.html" "Mozilla/5.0 (Linux; Android 10; MAR-LX1A) AppleWebKit/537.36 (KHTML, like Gecko) Chrome/85.0.4183.101 Mobile Safari/537.36"
80.110.79.56 - - [18/Sep/2020:15:23:46 +0200] "GET /strich.gif HTTP/1.1" 200 45 "http://www.morusverlag.de/cds/lumina.html" "Mozilla/5.0 (Linux; Android 10; MAR-LX1A) AppleWebKit/537.36 (KHTML, like Gecko) Chrome/85.0.4183.101 Mobile Safari/537.36"
80.110.79.56 - - [18/Sep/2020:15:23:46 +0200] "GET /cds/lumina.jpg HTTP/1.1" 200 31150 "http://www.morusverlag.de/cds/lumina.html" "Mozilla/5.0 (Linux; Android 10; MAR-LX1A) AppleWebKit/537.36 (KHTML, like Gecko) Chrome/85.0.4183.101 Mobile Safari/537.36"
80.110.79.56 - - [18/Sep/2020:15:23:46 +0200] "GET /favicon.ico HTTP/1.1" 200 4286 "http://www.morusverlag.de/cds/lumina.html" "Mozilla/5.0 (Linux; Android 10; MAR-LX1A) AppleWebKit/537.36 (KHTML, like Gecko) Chrome/85.0.4183.101 Mobile Safari/537.36"
85.25.177.139 - - [18/Sep/2020:15:44:24 +0200] "GET /sonderthemen/sk2004.pdf HTTP/1.1" 200 1967215 "-" "Mozilla/5.0 (compatible; adscanner/)/1.0 (http://seocompany.store; spider@seocompany.store)"
17.58.101.58 - - [18/Sep/2020:15:45:44 +0200] "GET /robots.txt HTTP/1.1" 200 100 "-" "Mozilla/5.0 (Macintosh; Intel Mac OS X 10_15_5) AppleWebKit/605.1.15 (KHTML, like Gecko) Version/13.1.1 Safari/605.1.15 (Applebot/0.1; +http://www.apple.com/go/applebot)"
17.58.103.228 - - [18/Sep/2020:15:45:44 +0200] "GET /buecher/leiblichkeit.jpg HTTP/1.1" 200 3929 "-" "Mozilla/5.0 (Macintosh; Intel Mac OS X 10_15_5) AppleWebKit/605.1.15 (KHTML, like Gecko) Version/13.1.1 Safari/605.1.15 (Applebot/0.1; +http://www.apple.com/go/applebot)"
176.126.217.66 - - [18/Sep/2020:15:45:56 +0200] "GET / HTTP/1.1" 200 9360 "-" "Mozilla/5.0 (Macintosh; Intel Mac OS X 10_15_6) AppleWebKit/537.36 (KHTML, like Gecko) Chrome/83.0.4103.116 Safari/537.36"
176.126.217.66 - - [18/Sep/2020:15:45:56 +0200] "GET /main.css HTTP/1.1" 200 1439 "http://www.morusverlag.de/" "Mozilla/5.0 (Macintosh; Intel Mac OS X 10_15_6) AppleWebKit/537.36 (KHTML, like Gecko) Chrome/83.0.4103.116 Safari/537.36"
176.126.217.66 - - [18/Sep/2020:15:45:56 +0200] "GET /logo_g.gif HTTP/1.1" 200 1301 "http://www.morusverlag.de/" "Mozilla/5.0 (Macintosh; Intel Mac OS X 10_15_6) AppleWebKit/537.36 (KHTML, like Gecko) Chrome/83.0.4103.116 Safari/537.36"
176.126.217.66 - - [18/Sep/2020:15:45:56 +0200] "GET /mv_g.gif HTTP/1.1" 200 4070 "http://www.morusverlag.de/" "Mozilla/5.0 (Macintosh; Intel Mac OS X 10_15_6) AppleWebKit/537.36 (KHTML, like Gecko) Chrome/83.0.4103.116 Safari/537.36"
176.126.217.66 - - [18/Sep/2020:15:45:56 +0200] "GET /mv_gr_w.gif HTTP/1.1" 200 2005 "http://www.morusverlag.de/" "Mozilla/5.0 (Macintosh; Intel Mac OS X 10_15_6) AppleWebKit/537.36 (KHTML, like Gecko) Chrome/83.0.4103.116 Safari/537.36"
176.126.217.66 - - [18/Sep/2020:15:45:56 +0200] "GET /jahrbuch_k.jpg HTTP/1.1" 200 3719 "http://www.morusverlag.de/" "Mozilla/5.0 (Macintosh; Intel Mac OS X 10_15_6) AppleWebKit/537.36 (KHTML, like Gecko) Chrome/83.0.4103.116 Safari/537.36"
176.126.217.66 - - [18/Sep/2020:15:45:57 +0200] "GET /pf.gif HTTP/1.1" 200 62 "http://www.morusverlag.de/" "Mozilla/5.0 (Macintosh; Intel Mac OS X 10_15_6) AppleWebKit/537.36 (KHTML, like Gecko) Chrome/83.0.4103.116 Safari/537.36"
176.126.217.66 - - [18/Sep/2020:15:45:57 +0200] "GET /buecher/gesichter.jpg HTTP/1.1" 200 7271 "http://www.morusverlag.de/" "Mozilla/5.0 (Macintosh; Intel Mac OS X 10_15_6) AppleWebKit/537.36 (KHTML, like Gecko) Chrome/83.0.4103.116 Safari/537.36"
176.126.217.66 - - [18/Sep/2020:15:45:57 +0200] "GET /cds/rosarium_k.jpg HTTP/1.1" 200 3972 "http://www.morusverlag.de/" "Mozilla/5.0 (Macintosh; Intel Mac OS X 10_15_6) AppleWebKit/537.36 (KHTML, like Gecko) Chrome/83.0.4103.116 Safari/537.36"
176.126.217.66 - - [18/Sep/2020:15:45:57 +0200] "GET /cds/ignatius_k.jpg HTTP/1.1" 200 3965 "http://www.morusverlag.de/" "Mozilla/5.0 (Macintosh; Intel Mac OS X 10_15_6) AppleWebKit/537.36 (KHTML, like Gecko) Chrome/83.0.4103.116 Safari/537.36"
176.126.217.66 - - [18/Sep/2020:15:45:57 +0200] "GET /cds/hymnos_k.jpg HTTP/1.1" 200 4986 "http://www.morusverlag.de/" "Mozilla/5.0 (Macintosh; Intel Mac OS X 10_15_6) AppleWebKit/537.36 (KHTML, like Gecko) Chrome/83.0.4103.116 Safari/537.36"
176.126.217.66 - - [18/Sep/2020:15:45:57 +0200] "GET /cds/astazi_k.jpg HTTP/1.1" 200 6049 "http://www.morusverlag.de/" "Mozilla/5.0 (Macintosh; Intel Mac OS X 10_15_6) AppleWebKit/537.36 (KHTML, like Gecko) Chrome/83.0.4103.116 Safari/537.36"
176.126.217.66 - - [18/Sep/2020:15:45:57 +0200] "GET /gotteslob.jpg HTTP/1.1" 200 9390 "http://www.morusverlag.de/" "Mozilla/5.0 (Macintosh; Intel Mac OS X 10_15_6) AppleWebKit/537.36 (KHTML, like Gecko) Chrome/83.0.4103.116 Safari/537.36"
176.126.217.66 - - [18/Sep/2020:15:45:57 +0200] "GET /buecher/engel.jpg HTTP/1.1" 200 5414 "http://www.morusverlag.de/" "Mozilla/5.0 (Macintosh; Intel Mac OS X 10_15_6) AppleWebKit/537.36 (KHTML, like Gecko) Chrome/83.0.4103.116 Safari/537.36"
176.126.217.66 - - [18/Sep/2020:15:45:57 +0200] "GET /buecher/chateaubriand.jpg HTTP/1.1" 200 2272 "http://www.morusverlag.de/" "Mozilla/5.0 (Macintosh; Intel Mac OS X 10_15_6) AppleWebKit/537.36 (KHTML, like Gecko) Chrome/83.0.4103.116 Safari/537.36"
176.126.217.66 - - [18/Sep/2020:15:45:57 +0200] "GET /buch_k.jpg HTTP/1.1" 200 4591 "http://www.morusverlag.de/" "Mozilla/5.0 (Macintosh; Intel Mac OS X 10_15_6) AppleWebKit/537.36 (KHTML, like Gecko) Chrome/83.0.4103.116 Safari/537.36"
176.126.217.66 - - [18/Sep/2020:15:45:57 +0200] "GET /strich.gif HTTP/1.1" 200 45 "http://www.morusverlag.de/" "Mozilla/5.0 (Macintosh; Intel Mac OS X 10_15_6) AppleWebKit/537.36 (KHTML, like Gecko) Chrome/83.0.4103.116 Safari/537.36"
176.126.217.66 - - [18/Sep/2020:15:45:57 +0200] "GET /favicon.ico HTTP/1.1" 200 4286 "http://www.morusverlag.de/" "Mozilla/5.0 (Macintosh; Intel Mac OS X 10_15_6) AppleWebKit/537.36 (KHTML, like Gecko) Chrome/83.0.4103.116 Safari/537.36"
176.126.217.66 - - [18/Sep/2020:15:46:18 +0200] "GET /kontakt/index.html HTTP/1.1" 200 2896 "http://www.morusverlag.de/" "Mozilla/5.0 (Macintosh; Intel Mac OS X 10_15_6) AppleWebKit/537.36 (KHTML, like Gecko) Chrome/83.0.4103.116 Safari/537.36"
176.126.217.66 - - [18/Sep/2020:15:46:18 +0200] "GET /m.gif HTTP/1.1" 200 95 "http://www.morusverlag.de/kontakt/index.html" "Mozilla/5.0 (Macintosh; Intel Mac OS X 10_15_6) AppleWebKit/537.36 (KHTML, like Gecko) Chrome/83.0.4103.116 Safari/537.36"
157.55.39.44 - - [18/Sep/2020:15:55:28 +0200] "GET /robots.txt HTTP/1.1" 200 100 "-" "Mozilla/5.0 (compatible; bingbot/2.0; +http://www.bing.com/bingbot.htm)"
5.9.145.132 - - [18/Sep/2020:16:06:30 +0200] "GET /sonderthemen/sk2002.pdf HTTP/1.1" 200 2628923 "-" "Mozilla/5.0 (Macintosh; Intel Mac OS X 1084) AppleWebKit/536.29.13 (KHTML like Gecko) Version/6.0.4 Safari/536.29.13"
78.46.94.83 - - [18/Sep/2020:16:08:30 +0200] "GET /sonderthemen/sk2002.pdf HTTP/1.1" 200 2628923 "-" "Mozilla/5.0 (Macintosh; Intel Mac OS X 10_12_6) AppleWebKit/537.36 (KHTML, like Gecko) Chrome/64.0.3282.140 Safari/537.36"
114.119.154.65 - - [18/Sep/2020:16:10:32 +0200] "GET /sonderthemen/index.html HTTP/1.1" 200 7102 "-" "Mozilla/5.0 (Linux; Android 7.0;) AppleWebKit/537.36 (KHTML, like Gecko) Mobile Safari/537.36 (compatible; PetalBot;+https://aspiegel.com/petalbot)"
85.25.177.139 - - [18/Sep/2020:16:12:16 +0200] "GET /sonderthemen/sk2004.pdf HTTP/1.1" 200 1967215 "-" "Mozilla/5.0 (compatible; adscanner/)/1.0 (http://seocompany.store; spider@seocompany.store)"
185.191.171.35 - - [18/Sep/2020:16:28:21 +0200] "GET /robots.txt HTTP/1.1" 200 100 "-" "Mozilla/5.0 (compatible; SemrushBot/6~bl; +http://www.semrush.com/bot.html)"
185.191.171.11 - - [18/Sep/2020:16:28:22 +0200] "GET /index.html HTTP/1.1" 200 9360 "-" "Mozilla/5.0 (compatible; SemrushBot/6~bl; +http://www.semrush.com/bot.html)"
85.25.177.139 - - [18/Sep/2020:16:56:20 +0200] "GET /sonderthemen/sk2004.pdf HTTP/1.1" 200 1967215 "-" "Mozilla/5.0 (compatible; adscanner/)/1.0 (http://seocompany.store; spider@seocompany.store)"
114.119.130.2 - - [18/Sep/2020:16:59:13 +0200] "GET /jahrbuch/index.html HTTP/1.1" 200 3956 "-" "Mozilla/5.0 (Linux; Android 7.0;) AppleWebKit/537.36 (KHTML, like Gecko) Mobile Safari/537.36 (compatible; PetalBot;+https://aspiegel.com/petalbot)"
85.25.177.139 - - [18/Sep/2020:17:10:32 +0200] "GET /sonderthemen/sk2004.pdf HTTP/1.1" 200 1967215 "-" "Mozilla/5.0 (compatible; adscanner/)/1.0 (http://seocompany.store; spider@seocompany.store)"
88.198.90.9 - - [18/Sep/2020:17:14:21 +0200] "GET /sonderthemen/az2000.pdf HTTP/1.1" 200 2253581 "-" "Mozilla/5.0 (X11; Ubuntu; Linux x86_64; rv:58.0) Gecko/20100101 Firefox/58.0"
88.198.90.9 - - [18/Sep/2020:17:14:21 +0200] "GET /sonderthemen/sk2001.pdf HTTP/1.1" 200 3098589 "-" "Mozilla/5.0 (Macintosh; Intel Mac OS X 10.12; rv:58.0) Gecko/20100101 Firefox/58.0"
88.198.90.9 - - [18/Sep/2020:17:14:22 +0200] "GET /sonderthemen/oeaz2001.pdf HTTP/1.1" 200 4496626 "-" "Mozilla/5.0 (Macintosh; Intel Mac OS X 10_11_6) AppleWebKit/537.36 (KHTML, like Gecko) Chrome/63.0.3239.132 Safari/537.36"
37.229.252.28 - - [18/Sep/2020:17:16:47 +0200] "GET / HTTP/1.1" 200 9360 "https://www.mosrif.ru/produktsiya/podokonniki" "Mozilla/0.91 Beta (Windows)"
37.229.252.28 - - [18/Sep/2020:17:16:48 +0200] "GET / HTTP/1.1" 200 9360 "https://www.mosrif.ru/produktsiya/podokonniki" "Mozilla/0.91 Beta (Windows)"
37.229.252.28 - - [18/Sep/2020:17:16:48 +0200] "GET / HTTP/1.1" 200 9360 "https://www.mosrif.ru/produktsiya/podokonniki" "Mozilla/0.91 Beta (Windows)"
85.25.177.139 - - [18/Sep/2020:17:37:26 +0200] "GET /sonderthemen/oeaz2002.pdf HTTP/1.1" 200 3161455 "-" "Mozilla/5.0 (compatible; adscanner/)/1.0 (http://seocompany.store; spider@seocompany.store)"
114.119.154.65 - - [18/Sep/2020:17:59:12 +0200] "GET /gotteslob/index.html HTTP/1.1" 200 2770 "-" "Mozilla/5.0 (Linux; Android 7.0;) AppleWebKit/537.36 (KHTML, like Gecko) Mobile Safari/537.36 (compatible; PetalBot;+https://aspiegel.com/petalbot)"
85.25.177.139 - - [18/Sep/2020:18:11:17 +0200] "GET /sonderthemen/oekz2003.pdf HTTP/1.1" 200 4017017 "-" "Mozilla/5.0 (compatible; adscanner/)/1.0 (http://seocompany.store; spider@seocompany.store)"
85.25.177.139 - - [18/Sep/2020:18:20:21 +0200] "GET /sonderthemen/sk2001.pdf HTTP/1.1" 200 3098589 "-" "Mozilla/5.0 (compatible; adscanner/)/1.0 (http://seocompany.store; spider@seocompany.store)"
46.118.158.198 - - [18/Sep/2020:18:21:53 +0200] "GET / HTTP/1.1" 200 9360 "https://teenporn18.net/" "Mozilla/4.0 (compatible; MSIE 6.0; Windows NT 5.1; MyIE2; Deepnet Explorer)"
46.118.158.198 - - [18/Sep/2020:18:21:53 +0200] "GET / HTTP/1.1" 200 9360 "https://teenporn18.net/" "Mozilla/4.0 (compatible; MSIE 6.0; Windows NT 5.1; MyIE2; Deepnet Explorer)"
46.118.158.198 - - [18/Sep/2020:18:21:54 +0200] "GET / HTTP/1.1" 200 9360 "https://teenporn18.net/" "Mozilla/4.0 (compatible; MSIE 6.0; Windows NT 5.1; MyIE2; Deepnet Explorer)"
157.55.39.194 - - [18/Sep/2020:18:35:45 +0200] "GET /sonderthemen/sk2000.pdf HTTP/1.1" 304 - "-" "Mozilla/5.0 (compatible; bingbot/2.0; +http://www.bing.com/bingbot.htm)"
85.25.177.139 - - [18/Sep/2020:19:00:03 +0200] "GET /sonderthemen/sk2002.pdf HTTP/1.1" 200 2628923 "-" "Mozilla/5.0 (compatible; adscanner/)/1.0 (http://seocompany.store; spider@seocompany.store)"
79.224.136.195 - - [18/Sep/2020:19:05:39 +0200] "GET /sonderthemen/oeaz2001.pdf HTTP/1.1" 200 4496626 "-" "Mozilla/5.0 (Macintosh; Intel Mac OS X 10_15_4) AppleWebKit/605.1.15 (KHTML, like Gecko) Version/13.1 Safari/605.1.15"
79.224.136.195 - - [18/Sep/2020:19:05:41 +0200] "GET /sonderthemen/favicon.ico HTTP/1.1" 404 2381 "-" "Mozilla/5.0 (Macintosh; Intel Mac OS X 10_15_4) AppleWebKit/605.1.15 (KHTML, like Gecko) Version/13.1 Safari/605.1.15"
148.251.50.77 - - [18/Sep/2020:19:18:30 +0200] "GET /sonderthemen/sk2002.pdf HTTP/1.1" 200 2628923 "-" "Mozilla/5.0 (Macintosh; Intel Mac OS X 10_10_5) AppleWebKit/537.36 (KHTML, like Gecko) Chrome/63.0.3239.132 Safari/537.36"
2.201.153.36 - - [18/Sep/2020:19:26:12 +0200] "GET /buecher/rezensionen_krise_zum_heil.html HTTP/1.1" 200 9828 "https://www.google.de/" "Mozilla/5.0 (Macintosh; Intel Mac OS X 10.12; rv:80.0) Gecko/20100101 Firefox/80.0"
2.201.153.36 - - [18/Sep/2020:19:26:12 +0200] "GET /main.css HTTP/1.1" 200 1439 "http://www.morusverlag.de/buecher/rezensionen_krise_zum_heil.html" "Mozilla/5.0 (Macintosh; Intel Mac OS X 10.12; rv:80.0) Gecko/20100101 Firefox/80.0"
2.201.153.36 - - [18/Sep/2020:19:26:12 +0200] "GET /logo_g.gif HTTP/1.1" 200 1301 "http://www.morusverlag.de/buecher/rezensionen_krise_zum_heil.html" "Mozilla/5.0 (Macintosh; Intel Mac OS X 10.12; rv:80.0) Gecko/20100101 Firefox/80.0"
2.201.153.36 - - [18/Sep/2020:19:26:12 +0200] "GET /mv_g.gif HTTP/1.1" 200 4070 "http://www.morusverlag.de/buecher/rezensionen_krise_zum_heil.html" "Mozilla/5.0 (Macintosh; Intel Mac OS X 10.12; rv:80.0) Gecko/20100101 Firefox/80.0"
2.201.153.36 - - [18/Sep/2020:19:26:12 +0200] "GET /pf.gif HTTP/1.1" 200 62 "http://www.morusverlag.de/buecher/rezensionen_krise_zum_heil.html" "Mozilla/5.0 (Macintosh; Intel Mac OS X 10.12; rv:80.0) Gecko/20100101 Firefox/80.0"
2.201.153.36 - - [18/Sep/2020:19:26:12 +0200] "GET /buecher/krise_zum_heil.jpg HTTP/1.1" 200 1930 "http://www.morusverlag.de/buecher/rezensionen_krise_zum_heil.html" "Mozilla/5.0 (Macintosh; Intel Mac OS X 10.12; rv:80.0) Gecko/20100101 Firefox/80.0"
2.201.153.36 - - [18/Sep/2020:19:26:12 +0200] "GET /m.gif HTTP/1.1" 200 95 "http://www.morusverlag.de/buecher/rezensionen_krise_zum_heil.html" "Mozilla/5.0 (Macintosh; Intel Mac OS X 10.12; rv:80.0) Gecko/20100101 Firefox/80.0"
2.201.153.36 - - [18/Sep/2020:19:26:12 +0200] "GET /strich.gif HTTP/1.1" 200 45 "http://www.morusverlag.de/buecher/rezensionen_krise_zum_heil.html" "Mozilla/5.0 (Macintosh; Intel Mac OS X 10.12; rv:80.0) Gecko/20100101 Firefox/80.0"
2.201.153.36 - - [18/Sep/2020:19:26:12 +0200] "GET /favicon.ico HTTP/1.1" 200 4286 "-" "Mozilla/5.0 (Macintosh; Intel Mac OS X 10.12; rv:80.0) Gecko/20100101 Firefox/80.0"
46.118.122.191 - - [18/Sep/2020:19:27:00 +0200] "GET / HTTP/1.1" 200 9360 "https://zarabotat-na-sajte.ru/" "Mozilla/4.0 (compatible; MSIE 6.0; Windows NT 5.1; SV1; .NET CLR 1.0.3705; .NET CLR 1.1.4322; .NET CLR 2.0.40607)"
46.118.122.191 - - [18/Sep/2020:19:27:01 +0200] "GET / HTTP/1.1" 200 9360 "https://zarabotat-na-sajte.ru/" "Mozilla/4.0 (compatible; MSIE 6.0; Windows NT 5.1; SV1; .NET CLR 1.0.3705; .NET CLR 1.1.4322; .NET CLR 2.0.40607)"
46.118.122.191 - - [18/Sep/2020:19:27:01 +0200] "GET / HTTP/1.1" 200 9360 "https://zarabotat-na-sajte.ru/" "Mozilla/4.0 (compatible; MSIE 6.0; Windows NT 5.1; SV1; .NET CLR 1.0.3705; .NET CLR 1.1.4322; .NET CLR 2.0.40607)"
85.25.177.139 - - [18/Sep/2020:19:39:11 +0200] "GET /buecher/rezensionen_chateaubriand.html HTTP/1.1" 200 47317 "-" "Mozilla/5.0 (compatible; adscanner/)/1.0 (http://seocompany.store; spider@seocompany.store)"
85.25.177.139 - - [18/Sep/2020:19:51:03 +0200] "GET /sonderthemen/az2003.pdf HTTP/1.1" 200 4864675 "-" "Mozilla/5.0 (compatible; adscanner/)/1.0 (http://seocompany.store; spider@seocompany.store)"
85.25.177.139 - - [18/Sep/2020:20:02:36 +0200] "GET /sonderthemen/oekt_extra2.pdf HTTP/1.1" 200 1939949 "-" "Mozilla/5.0 (compatible; adscanner/)/1.0 (http://seocompany.store; spider@seocompany.store)"
2.201.153.36 - - [18/Sep/2020:20:08:44 +0200] "GET /strich.gif HTTP/1.1" 200 45 "http://www.morusverlag.de/buecher/rezensionen_krise_zum_heil.html" "Mozilla/5.0 (Macintosh; Intel Mac OS X 10.12; rv:80.0) Gecko/20100101 Firefox/80.0"
85.25.177.139 - - [18/Sep/2020:20:13:47 +0200] "GET /cds/hymnos_akathistos.html HTTP/1.1" 200 11061 "-" "Mozilla/5.0 (compatible; adscanner/)/1.0 (http://seocompany.store; spider@seocompany.store)"
185.209.20.147 - - [18/Sep/2020:20:24:24 +0200] "HEAD / HTTP/1.1" 200 - "https://memorial48.ru/" "Mozilla/5.0 (compatible; MSIE6.00; Windows 2009)"
85.209.89.224 - - [18/Sep/2020:20:24:25 +0200] "HEAD / HTTP/1.1" 200 - "https://spb-spravkin.com/studentam" "Mozilla/6.0 (compatible; MSIE4.00; Windows 2008)"
85.25.177.139 - - [18/Sep/2020:20:25:03 +0200] "GET /buecher/rezensionen.html HTTP/1.1" 200 6964 "-" "Mozilla/5.0 (compatible; adscanner/)/1.0 (http://seocompany.store; spider@seocompany.store)"
114.119.138.70 - - [18/Sep/2020:20:29:21 +0200] "GET /jahrbuch/index.html HTTP/1.1" 200 3956 "-" "Mozilla/5.0 (Linux; Android 7.0;) AppleWebKit/537.36 (KHTML, like Gecko) Mobile Safari/537.36 (compatible; PetalBot;+https://aspiegel.com/petalbot)"
185.224.132.45 - - [18/Sep/2020:20:31:24 +0200] "HEAD / HTTP/1.1" 200 - "https://girlpas.ru" "Mozilla/4.0 (compatible; MSIE3.00; Windows 2006)"
85.209.89.217 - - [18/Sep/2020:20:37:47 +0200] "HEAD / HTTP/1.1" 200 - "https://relaminat.ru" "Mozilla/5.0 (compatible; MSIE2.00; Windows 2006)"
85.209.89.205 - - [18/Sep/2020:20:41:23 +0200] "HEAD / HTTP/1.1" 200 - "https://xn----9sbbkeacwrd4e.xn--p1ai/vybrat-besedku/besedka-na-beregu-4.html" "Mozilla/2.0 (compatible; MSIE6.00; Windows 2007)"
85.209.89.216 - - [18/Sep/2020:20:41:24 +0200] "HEAD / HTTP/1.1" 200 - "https://nebolitzhivot.ru" "Mozilla/3.0 (compatible; MSIE3.00; Windows 2005)"
185.214.164.198 - - [18/Sep/2020:20:42:52 +0200] "HEAD / HTTP/1.1" 200 - "https://www.amandine.ru" "Mozilla/2.0 (compatible; MSIE5.00; Windows 2006)"
85.209.89.241 - - [18/Sep/2020:20:42:56 +0200] "HEAD / HTTP/1.1" 200 - "https://ritual.net.ua" "Mozilla/3.0 (compatible; MSIE5.00; Windows 2005)"
193.124.188.83 - - [18/Sep/2020:20:54:49 +0200] "HEAD / HTTP/1.1" 200 - "https://arte.style/shop/fasadnye-materialy/chic-heritage1/" "Mozilla/4.0 (compatible; MSIE7.00; Windows 2005)"
194.67.210.77 - - [18/Sep/2020:20:54:49 +0200] "HEAD / HTTP/1.1" 200 - "https://sirius-el.ru" "Mozilla/5.0 (compatible; MSIE2.00; Windows 2009)"
193.124.188.188 - - [18/Sep/2020:20:54:49 +0200] "HEAD / HTTP/1.1" 200 - "https://elektrik-simferopol.ru/montazh-kontura-zashhitnogo-zazemleniya-simferopol/" "Mozilla/7.0 (compatible; MSIE3.00; Windows 2005)"
85.25.177.139 - - [18/Sep/2020:20:59:08 +0200] "GET /sonderthemen/oekt_extra1.pdf HTTP/1.1" 200 1849015 "-" "Mozilla/5.0 (compatible; adscanner/)/1.0 (http://seocompany.store; spider@seocompany.store)"
194.67.207.9 - - [18/Sep/2020:21:01:39 +0200] "HEAD / HTTP/1.1" 200 - "https://profmetmontazh.ru" "Mozilla/4.0 (compatible; MSIE5.00; Windows 2008)"
194.67.207.94 - - [18/Sep/2020:21:01:40 +0200] "HEAD / HTTP/1.1" 200 - "https://neoceramica.kz/products/smesitel-dlya-rakoviny-rosinka-z35-30b" "Mozilla/8.0 (compatible; MSIE4.00; Windows 2004)"
185.5.249.185 - - [18/Sep/2020:21:01:44 +0200] "HEAD / HTTP/1.1" 200 - "https://resnichkinn.ru" "Mozilla/2.0 (compatible; MSIE5.00; Windows 2009)"
185.125.219.13 - - [18/Sep/2020:21:01:46 +0200] "HEAD / HTTP/1.1" 200 - "https://nahera.ru/category/world" "Mozilla/7.0 (compatible; MSIE7.00; Windows 2004)"
193.124.191.92 - - [18/Sep/2020:21:07:17 +0200] "HEAD / HTTP/1.1" 200 - "https://coronavirus-covid.info/kak-otlichit-koronavirus-ot-prostudy-i-grippa" "Mozilla/2.0 (compatible; MSIE2.00; Windows 2009)"
193.124.190.18 - - [18/Sep/2020:21:07:18 +0200] "HEAD / HTTP/1.1" 200 - "https://gadget-news.net" "Mozilla/8.0 (compatible; MSIE7.00; Windows 2009)"
114.119.142.112 - - [18/Sep/2020:21:11:38 +0200] "GET /buecher/veroeffentlichungsliste.html HTTP/1.1" 200 129779 "-" "Mozilla/5.0 (Linux; Android 7.0;) AppleWebKit/537.36 (KHTML, like Gecko) Mobile Safari/537.36 (compatible; PetalBot;+https://aspiegel.com/petalbot)"
85.25.177.139 - - [18/Sep/2020:21:22:26 +0200] "GET /sonderthemen/oekz2003_s01.pdf HTTP/1.1" 200 66807 "-" "Mozilla/5.0 (compatible; adscanner/)/1.0 (http://seocompany.store; spider@seocompany.store)"
114.119.157.241 - - [18/Sep/2020:21:43:51 +0200] "GET /kontakt/index.html HTTP/1.1" 200 2896 "-" "Mozilla/5.0 (Linux; Android 7.0;) AppleWebKit/537.36 (KHTML, like Gecko) Mobile Safari/537.36 (compatible; PetalBot;+https://aspiegel.com/petalbot)"
185.191.171.4 - - [18/Sep/2020:21:55:04 +0200] "GET /robots.txt HTTP/1.1" 200 100 "-" "Mozilla/5.0 (compatible; SemrushBot/6~bl; +http://www.semrush.com/bot.html)"
185.191.171.25 - - [18/Sep/2020:21:55:04 +0200] "GET /cds/index.html HTTP/1.1" 200 7987 "-" "Mozilla/5.0 (compatible; SemrushBot/6~bl; +http://www.semrush.com/bot.html)"
85.25.177.139 - - [18/Sep/2020:22:04:27 +0200] "GET /cds/astazi.html HTTP/1.1" 200 8453 "-" "Mozilla/5.0 (compatible; adscanner/)/1.0 (http://seocompany.store; spider@seocompany.store)"
114.119.154.65 - - [18/Sep/2020:22:07:27 +0200] "GET /buecher/rezensionen_krise_zum_heil.html HTTP/1.1" 200 9828 "-" "Mozilla/5.0 (Linux; Android 7.0;) AppleWebKit/537.36 (KHTML, like Gecko) Mobile Safari/537.36 (compatible; PetalBot;+https://aspiegel.com/petalbot)"
85.25.177.139 - - [18/Sep/2020:22:15:06 +0200] "GET /cds/glockenspiel1.html HTTP/1.1" 200 9736 "-" "Mozilla/5.0 (compatible; adscanner/)/1.0 (http://seocompany.store; spider@seocompany.store)"
85.25.177.139 - - [18/Sep/2020:22:25:09 +0200] "GET /buecher/rezensionen_leiblichkeit_und_zeitlichkeit.html HTTP/1.1" 200 8821 "-" "Mozilla/5.0 (compatible; adscanner/)/1.0 (http://seocompany.store; spider@seocompany.store)"
85.25.177.139 - - [18/Sep/2020:22:35:10 +0200] "GET /cds/glockenspiel2.html HTTP/1.1" 200 9831 "-" "Mozilla/5.0 (compatible; adscanner/)/1.0 (http://seocompany.store; spider@seocompany.store)"
85.25.177.139 - - [18/Sep/2020:22:44:43 +0200] "GET /buecher/rezensionen_engel.html HTTP/1.1" 200 6598 "-" "Mozilla/5.0 (compatible; adscanner/)/1.0 (http://seocompany.store; spider@seocompany.store)"
85.25.177.139 - - [18/Sep/2020:22:54:18 +0200] "GET /buecher/rezensionen_nicht_auf_sand_gebaut.html HTTP/1.1" 200 6594 "-" "Mozilla/5.0 (compatible; adscanner/)/1.0 (http://seocompany.store; spider@seocompany.store)"
85.25.177.139 - - [18/Sep/2020:23:03:35 +0200] "GET /buecher/rezension_gesichter_u_geschichten.pdf HTTP/1.1" 200 223287 "-" "Mozilla/5.0 (compatible; adscanner/)/1.0 (http://seocompany.store; spider@seocompany.store)"
85.25.177.139 - - [18/Sep/2020:23:12:53 +0200] "GET /buecher/rezensionen_psalmen.html HTTP/1.1" 200 6787 "-" "Mozilla/5.0 (compatible; adscanner/)/1.0 (http://seocompany.store; spider@seocompany.store)"
154.54.249.18 - - [18/Sep/2020:23:19:49 +0200] "GET /robots.txt HTTP/1.1" 200 100 "-" "Mozilla/5.0 (compatible; Barkrowler/0.9; +https://babbar.tech/crawler)"
154.54.249.18 - - [18/Sep/2020:23:19:54 +0200] "GET /impressum.html HTTP/1.1" 200 2808 "-" "Mozilla/5.0 (compatible; Barkrowler/0.9; +https://babbar.tech/crawler)"
154.54.249.18 - - [18/Sep/2020:23:19:59 +0200] "GET /kontakt/index.html HTTP/1.1" 200 2896 "-" "Mozilla/5.0 (compatible; Barkrowler/0.9; +https://babbar.tech/crawler)"
154.54.249.18 - - [18/Sep/2020:23:20:04 +0200] "GET /cds/index.html HTTP/1.1" 200 7987 "-" "Mozilla/5.0 (compatible; Barkrowler/0.9; +https://babbar.tech/crawler)"
154.54.249.18 - - [18/Sep/2020:23:20:09 +0200] "GET /sonderthemen/index.html HTTP/1.1" 200 7102 "-" "Mozilla/5.0 (compatible; Barkrowler/0.9; +https://babbar.tech/crawler)"
154.54.249.18 - - [18/Sep/2020:23:20:14 +0200] "GET /buecher/diskussion.html HTTP/1.1" 200 9925 "-" "Mozilla/5.0 (compatible; Barkrowler/0.9; +https://babbar.tech/crawler)"
154.54.249.18 - - [18/Sep/2020:23:20:19 +0200] "GET /cds/ignatius.html HTTP/1.1" 200 6576 "-" "Mozilla/5.0 (compatible; Barkrowler/0.9; +https://babbar.tech/crawler)"
154.54.249.18 - - [18/Sep/2020:23:20:25 +0200] "GET /cds/rosarium.html HTTP/1.1" 200 6680 "-" "Mozilla/5.0 (compatible; Barkrowler/0.9; +https://babbar.tech/crawler)"
154.54.249.18 - - [18/Sep/2020:23:20:30 +0200] "GET /gotteslob/index.html HTTP/1.1" 200 2770 "-" "Mozilla/5.0 (compatible; Barkrowler/0.9; +https://babbar.tech/crawler)"
154.54.249.18 - - [18/Sep/2020:23:20:35 +0200] "GET /jahrbuch/titelseiten/index.html HTTP/1.1" 200 6735 "-" "Mozilla/5.0 (compatible; Barkrowler/0.9; +https://babbar.tech/crawler)"
154.54.249.18 - - [18/Sep/2020:23:20:40 +0200] "GET /buecher/veroeffentlichungsliste.html HTTP/1.1" 200 129779 "-" "Mozilla/5.0 (compatible; Barkrowler/0.9; +https://babbar.tech/crawler)"
154.54.249.18 - - [18/Sep/2020:23:20:45 +0200] "GET /buecher/rezensionen_chateaubriand.html HTTP/1.1" 200 47317 "-" "Mozilla/5.0 (compatible; Barkrowler/0.9; +https://babbar.tech/crawler)"
85.25.177.139 - - [18/Sep/2020:23:32:08 +0200] "GET /sonderthemen/sk2001.pdf HTTP/1.1" 200 3098589 "-" "Mozilla/5.0 (compatible; adscanner/)/1.0 (http://seocompany.store; spider@seocompany.store)"
78.46.94.83 - - [18/Sep/2020:23:34:56 +0200] "GET /sonderthemen/az2003.pdf HTTP/1.1" 200 4864675 "-" "Mozilla/5.0 (Windows NT 6.1) AppleWebKit/537.36 (KHTML, like Gecko) Chrome/63.0.3239.132 Safari/537.36"
114.119.132.235 - - [18/Sep/2020:23:35:03 +0200] "GET /robots.txt HTTP/1.1" 200 100 "-" "(compatible;PetalBot;+https://aspiegel.com/petalbot)"
85.25.177.139 - - [18/Sep/2020:23:41:32 +0200] "GET /sonderthemen/sk2000.pdf HTTP/1.1" 200 2925489 "-" "Mozilla/5.0 (compatible; adscanner/)/1.0 (http://seocompany.store; spider@seocompany.store)"
85.25.177.139 - - [18/Sep/2020:23:50:19 +0200] "GET /sonderthemen/oeaz2001.pdf HTTP/1.1" 200 4496626 "-" "Mozilla/5.0 (compatible; adscanner/)/1.0 (http://seocompany.store; spider@seocompany.store)"
207.46.13.1 - - [18/Sep/2020:23:58:48 +0200] "GET /buecher/gesichter/17.jpg HTTP/1.1" 200 7587 "-" "Mozilla/5.0 (compatible; bingbot/2.0; +http://www.bing.com/bingbot.htm)"
85.25.177.139 - - [19/Sep/2020:00:07:55 +0200] "GET /cds/ignatius.html HTTP/1.1" 200 6576 "-" "Mozilla/5.0 (compatible; adscanner/)/1.0 (http://seocompany.store; spider@seocompany.store)"
