85.25.177.139 - - [01/Sep/2020:00:01:52 +0200] "GET /robots.txt HTTP/1.1" 200 100 "-" "Mozilla/5.0 (compatible; adscanner/)/1.0 (http://seocompany.store; spider@seocompany.store)"
85.25.177.139 - - [01/Sep/2020:00:01:55 +0200] "GET /sonderthemen/oekz2003_s01.pdf HTTP/1.1" 200 66807 "-" "Mozilla/5.0 (compatible; adscanner/)/1.0 (http://seocompany.store; spider@seocompany.store)"
66.249.64.77 - - [01/Sep/2020:00:16:29 +0200] "GET /buecher/rezensionen_krise_zum_heil.html HTTP/1.1" 304 - "-" "Mozilla/5.0 (Linux; Android 6.0.1; Nexus 5X Build/MMB29P) AppleWebKit/537.36 (KHTML, like Gecko) Chrome/80.0.3987.92 Mobile Safari/537.36 (compatible; Googlebot/2.1; +http://www.google.com/bot.html)"
114.119.163.96 - - [01/Sep/2020:00:31:09 +0200] "GET /buecher/index.html HTTP/1.1" 200 25885 "-" "Mozilla/5.0 (Linux; Android 7.0;) AppleWebKit/537.36 (KHTML, like Gecko) Mobile Safari/537.36 (compatible; PetalBot;+http://aspiegel.com/petalbot)"
46.229.168.132 - - [01/Sep/2020:00:32:30 +0200] "GET /robots.txt HTTP/1.1" 200 100 "-" "Mozilla/5.0 (compatible; SemrushBot/6~bl; +http://www.semrush.com/bot.html)"
46.229.168.151 - - [01/Sep/2020:00:32:30 +0200] "GET /jahrbuch/bestellung.php HTTP/1.1" 200 10316 "-" "Mozilla/5.0 (compatible; SemrushBot/6~bl; +http://www.semrush.com/bot.html)"
94.44.123.253 - - [01/Sep/2020:00:49:20 +0200] "GET / HTTP/1.1" 200 9360 "-" "Mozilla/5.0 (Linux; Android 10; MAR-LX1A) AppleWebKit/537.36 (KHTML, like Gecko) Chrome/84.0.4147.111 Mobile Safari/537.36"
94.44.123.253 - - [01/Sep/2020:00:49:20 +0200] "GET /main.css HTTP/1.1" 200 1439 "-" "Mozilla/5.0 (Linux; Android 10; MAR-LX1A) AppleWebKit/537.36 (KHTML, like Gecko) Chrome/84.0.4147.111 Mobile Safari/537.36"
94.44.123.253 - - [01/Sep/2020:00:49:20 +0200] "GET /mv_gr_w.gif HTTP/1.1" 200 2005 "http://www.morusverlag.de/" "Mozilla/5.0 (Linux; Android 10; MAR-LX1A) AppleWebKit/537.36 (KHTML, like Gecko) Chrome/84.0.4147.111 Mobile Safari/537.36"
94.44.123.253 - - [01/Sep/2020:00:49:20 +0200] "GET /logo_g.gif HTTP/1.1" 200 1301 "http://www.morusverlag.de/" "Mozilla/5.0 (Linux; Android 10; MAR-LX1A) AppleWebKit/537.36 (KHTML, like Gecko) Chrome/84.0.4147.111 Mobile Safari/537.36"
94.44.123.253 - - [01/Sep/2020:00:49:20 +0200] "GET /mv_g.gif HTTP/1.1" 200 4070 "http://www.morusverlag.de/" "Mozilla/5.0 (Linux; Android 10; MAR-LX1A) AppleWebKit/537.36 (KHTML, like Gecko) Chrome/84.0.4147.111 Mobile Safari/537.36"
94.44.123.253 - - [01/Sep/2020:00:49:20 +0200] "GET /jahrbuch_k.jpg HTTP/1.1" 200 3719 "http://www.morusverlag.de/" "Mozilla/5.0 (Linux; Android 10; MAR-LX1A) AppleWebKit/537.36 (KHTML, like Gecko) Chrome/84.0.4147.111 Mobile Safari/537.36"
94.44.123.253 - - [01/Sep/2020:00:49:20 +0200] "GET /strich.gif HTTP/1.1" 200 45 "http://www.morusverlag.de/" "Mozilla/5.0 (Linux; Android 10; MAR-LX1A) AppleWebKit/537.36 (KHTML, like Gecko) Chrome/84.0.4147.111 Mobile Safari/537.36"
94.44.123.253 - - [01/Sep/2020:00:49:20 +0200] "GET /pf.gif HTTP/1.1" 200 62 "http://www.morusverlag.de/" "Mozilla/5.0 (Linux; Android 10; MAR-LX1A) AppleWebKit/537.36 (KHTML, like Gecko) Chrome/84.0.4147.111 Mobile Safari/537.36"
94.44.123.253 - - [01/Sep/2020:00:49:20 +0200] "GET /buecher/gesichter.jpg HTTP/1.1" 200 7271 "http://www.morusverlag.de/" "Mozilla/5.0 (Linux; Android 10; MAR-LX1A) AppleWebKit/537.36 (KHTML, like Gecko) Chrome/84.0.4147.111 Mobile Safari/537.36"
94.44.123.253 - - [01/Sep/2020:00:49:20 +0200] "GET /cds/rosarium_k.jpg HTTP/1.1" 200 3972 "http://www.morusverlag.de/" "Mozilla/5.0 (Linux; Android 10; MAR-LX1A) AppleWebKit/537.36 (KHTML, like Gecko) Chrome/84.0.4147.111 Mobile Safari/537.36"
94.44.123.253 - - [01/Sep/2020:00:49:20 +0200] "GET /cds/ignatius_k.jpg HTTP/1.1" 200 3965 "http://www.morusverlag.de/" "Mozilla/5.0 (Linux; Android 10; MAR-LX1A) AppleWebKit/537.36 (KHTML, like Gecko) Chrome/84.0.4147.111 Mobile Safari/537.36"
94.44.123.253 - - [01/Sep/2020:00:49:20 +0200] "GET /cds/hymnos_k.jpg HTTP/1.1" 200 4986 "http://www.morusverlag.de/" "Mozilla/5.0 (Linux; Android 10; MAR-LX1A) AppleWebKit/537.36 (KHTML, like Gecko) Chrome/84.0.4147.111 Mobile Safari/537.36"
94.44.123.253 - - [01/Sep/2020:00:49:20 +0200] "GET /cds/astazi_k.jpg HTTP/1.1" 200 6049 "http://www.morusverlag.de/" "Mozilla/5.0 (Linux; Android 10; MAR-LX1A) AppleWebKit/537.36 (KHTML, like Gecko) Chrome/84.0.4147.111 Mobile Safari/537.36"
94.44.123.253 - - [01/Sep/2020:00:49:20 +0200] "GET /gotteslob.jpg HTTP/1.1" 200 9390 "http://www.morusverlag.de/" "Mozilla/5.0 (Linux; Android 10; MAR-LX1A) AppleWebKit/537.36 (KHTML, like Gecko) Chrome/84.0.4147.111 Mobile Safari/537.36"
94.44.123.253 - - [01/Sep/2020:00:49:20 +0200] "GET /buecher/engel.jpg HTTP/1.1" 200 5414 "http://www.morusverlag.de/" "Mozilla/5.0 (Linux; Android 10; MAR-LX1A) AppleWebKit/537.36 (KHTML, like Gecko) Chrome/84.0.4147.111 Mobile Safari/537.36"
94.44.123.253 - - [01/Sep/2020:00:49:20 +0200] "GET /buecher/chateaubriand.jpg HTTP/1.1" 200 2272 "http://www.morusverlag.de/" "Mozilla/5.0 (Linux; Android 10; MAR-LX1A) AppleWebKit/537.36 (KHTML, like Gecko) Chrome/84.0.4147.111 Mobile Safari/537.36"
94.44.123.253 - - [01/Sep/2020:00:49:20 +0200] "GET /buch_k.jpg HTTP/1.1" 200 4591 "http://www.morusverlag.de/" "Mozilla/5.0 (Linux; Android 10; MAR-LX1A) AppleWebKit/537.36 (KHTML, like Gecko) Chrome/84.0.4147.111 Mobile Safari/537.36"
94.44.123.253 - - [01/Sep/2020:00:49:20 +0200] "GET /favicon.ico HTTP/1.1" 200 4286 "http://www.morusverlag.de/" "Mozilla/5.0 (Linux; Android 10; MAR-LX1A) AppleWebKit/537.36 (KHTML, like Gecko) Chrome/84.0.4147.111 Mobile Safari/537.36"
94.44.123.253 - - [01/Sep/2020:00:50:51 +0200] "GET /cds/hymnos_akathistos.html HTTP/1.1" 200 11061 "http://www.google.com/" "Mozilla/5.0 (Linux; Android 10; MAR-LX1A) AppleWebKit/537.36 (KHTML, like Gecko) Chrome/84.0.4147.111 Mobile Safari/537.36"
94.44.123.253 - - [01/Sep/2020:00:50:52 +0200] "GET /strich.gif HTTP/1.1" 200 45 "http://www.morusverlag.de/cds/hymnos_akathistos.html" "Mozilla/5.0 (Linux; Android 10; MAR-LX1A) AppleWebKit/537.36 (KHTML, like Gecko) Chrome/84.0.4147.111 Mobile Safari/537.36"
94.44.123.253 - - [01/Sep/2020:00:50:52 +0200] "GET /m.gif HTTP/1.1" 200 95 "http://www.morusverlag.de/cds/hymnos_akathistos.html" "Mozilla/5.0 (Linux; Android 10; MAR-LX1A) AppleWebKit/537.36 (KHTML, like Gecko) Chrome/84.0.4147.111 Mobile Safari/537.36"
94.44.123.253 - - [01/Sep/2020:00:50:52 +0200] "GET /cds/hymnos.jpg HTTP/1.1" 200 27752 "http://www.morusverlag.de/cds/hymnos_akathistos.html" "Mozilla/5.0 (Linux; Android 10; MAR-LX1A) AppleWebKit/537.36 (KHTML, like Gecko) Chrome/84.0.4147.111 Mobile Safari/537.36"
94.44.123.253 - - [01/Sep/2020:00:50:53 +0200] "GET /cds/hymnos_heft.jpg HTTP/1.1" 200 8653 "http://www.morusverlag.de/cds/hymnos_akathistos.html" "Mozilla/5.0 (Linux; Android 10; MAR-LX1A) AppleWebKit/537.36 (KHTML, like Gecko) Chrome/84.0.4147.111 Mobile Safari/537.36"
85.25.177.139 - - [01/Sep/2020:00:55:30 +0200] "GET /cds/astazi.html HTTP/1.1" 200 8453 "-" "Mozilla/5.0 (compatible; adscanner/)/1.0 (http://seocompany.store; spider@seocompany.store)"
46.229.168.153 - - [01/Sep/2020:01:02:33 +0200] "GET / HTTP/1.1" 200 9360 "-" "Mozilla/5.0 (compatible; SemrushBot/6~bl; +http://www.semrush.com/bot.html)"
79.205.102.119 - - [01/Sep/2020:01:05:49 +0200] "GET /sonderthemen/az2000.pdf HTTP/1.1" 200 2253581 "https://www.google.com/" "Mozilla/5.0 (Windows NT 6.1; Win64; x64; rv:80.0) Gecko/20100101 Firefox/80.0"
85.25.177.139 - - [01/Sep/2020:01:17:54 +0200] "GET /buecher/rezensionen.html HTTP/1.1" 200 6964 "-" "Mozilla/5.0 (compatible; adscanner/)/1.0 (http://seocompany.store; spider@seocompany.store)"
85.25.177.139 - - [01/Sep/2020:01:33:48 +0200] "GET /sonderthemen/oekz2003.pdf HTTP/1.1" 200 4017017 "-" "Mozilla/5.0 (compatible; adscanner/)/1.0 (http://seocompany.store; spider@seocompany.store)"
114.119.160.62 - - [01/Sep/2020:01:59:12 +0200] "GET /robots.txt HTTP/1.1" 200 100 "-" "(compatible;PetalBot;+http://aspiegel.com/petalbot)"
85.25.177.139 - - [01/Sep/2020:02:06:57 +0200] "GET /sonderthemen/oekt_extra1.pdf HTTP/1.1" 200 1849015 "-" "Mozilla/5.0 (compatible; adscanner/)/1.0 (http://seocompany.store; spider@seocompany.store)"
85.25.177.139 - - [01/Sep/2020:02:17:50 +0200] "GET /buecher/rezensionen_ignatius.html HTTP/1.1" 200 8182 "-" "Mozilla/5.0 (compatible; adscanner/)/1.0 (http://seocompany.store; spider@seocompany.store)"
114.119.164.167 - - [01/Sep/2020:02:29:15 +0200] "GET /buecher/veroeffentlichungsliste.html HTTP/1.1" 200 129779 "-" "Mozilla/5.0 (Linux; Android 7.0;) AppleWebKit/537.36 (KHTML, like Gecko) Mobile Safari/537.36 (compatible; PetalBot;+http://aspiegel.com/petalbot)"
85.25.177.139 - - [01/Sep/2020:02:34:20 +0200] "GET /sonderthemen/oekt_extra1.pdf HTTP/1.1" 200 1849015 "-" "Mozilla/5.0 (compatible; adscanner/)/1.0 (http://seocompany.store; spider@seocompany.store)"
85.25.177.139 - - [01/Sep/2020:02:44:16 +0200] "GET /index.html HTTP/1.1" 200 9360 "-" "Mozilla/5.0 (compatible; adscanner/)/1.0 (http://seocompany.store; spider@seocompany.store)"
114.119.167.32 - - [01/Sep/2020:02:44:38 +0200] "GET / HTTP/1.1" 200 9360 "-" "Mozilla/5.0 (Linux; Android 7.0;) AppleWebKit/537.36 (KHTML, like Gecko) Mobile Safari/537.36 (compatible; PetalBot;+http://aspiegel.com/petalbot)"
85.25.177.139 - - [01/Sep/2020:03:14:39 +0200] "GET /cds/glockenspiel1.html HTTP/1.1" 200 9736 "-" "Mozilla/5.0 (compatible; adscanner/)/1.0 (http://seocompany.store; spider@seocompany.store)"
85.25.177.139 - - [01/Sep/2020:03:32:28 +0200] "GET /sonderthemen/az2000.pdf HTTP/1.1" 200 2253581 "-" "Mozilla/5.0 (compatible; adscanner/)/1.0 (http://seocompany.store; spider@seocompany.store)"
178.137.165.245 - - [01/Sep/2020:03:58:23 +0200] "GET / HTTP/1.1" 200 9360 "https://www.socioforum.su/" "Mozilla/4.0 (compatible; MSIE 4.01; Digital AlphaServer 1000A 4/233; Windows NT; Powered By 64-Bit Alpha Processor)"
178.137.165.245 - - [01/Sep/2020:03:58:23 +0200] "GET / HTTP/1.1" 200 9360 "https://hanna-instruments.ru/" "Mozilla/1.22 (compatible; MSIE 2.0; Windows 95)"
178.137.165.245 - - [01/Sep/2020:03:58:23 +0200] "GET / HTTP/1.1" 200 9360 "https://www.socioforum.su/" "Mozilla/4.0 (compatible; MSIE 4.01; Digital AlphaServer 1000A 4/233; Windows NT; Powered By 64-Bit Alpha Processor)"
178.137.165.245 - - [01/Sep/2020:03:58:23 +0200] "GET / HTTP/1.1" 200 9360 "https://hanna-instruments.ru/" "Mozilla/1.22 (compatible; MSIE 2.0; Windows 95)"
178.137.165.245 - - [01/Sep/2020:03:58:24 +0200] "GET / HTTP/1.1" 200 9360 "https://www.socioforum.su/" "Mozilla/4.0 (compatible; MSIE 4.01; Digital AlphaServer 1000A 4/233; Windows NT; Powered By 64-Bit Alpha Processor)"
178.137.165.245 - - [01/Sep/2020:03:58:24 +0200] "GET / HTTP/1.1" 200 9360 "https://hanna-instruments.ru/" "Mozilla/1.22 (compatible; MSIE 2.0; Windows 95)"
148.251.50.77 - - [01/Sep/2020:04:03:42 +0200] "GET /sonderthemen/sk2000.pdf HTTP/1.1" 200 2925489 "-" "Mozilla/5.0 (Macintosh; Intel Mac OS X 10_6_8) AppleWebKit/534.58.2 (KHTML, like Gecko) Version/5.1.8 Safari/534.58.2"
85.25.177.139 - - [01/Sep/2020:04:03:51 +0200] "GET /sonderthemen/sk2000.pdf HTTP/1.1" 200 2925489 "-" "Mozilla/5.0 (compatible; adscanner/)/1.0 (http://seocompany.store; spider@seocompany.store)"
5.9.145.132 - - [01/Sep/2020:04:03:54 +0200] "GET /sonderthemen/sk2000.pdf HTTP/1.1" 200 2925489 "-" "Mozilla/5.0 (Windows NT 10.0; Win64; x64) AppleWebKit/537.36 (KHTML, like Gecko) Chrome/64.0.3282.119 Safari/537.36"
88.198.43.207 - - [01/Sep/2020:04:12:12 +0200] "GET /sonderthemen/sk2001.pdf HTTP/1.1" 200 3098589 "-" "Mozilla/5.0 (Windows NT 10.0; Win64; x64) AppleWebKit/537.36 (KHTML, like Gecko) Chrome/63.0.3239.132 Safari/537.36 OPR/50.0.2762.58"
85.25.177.139 - - [01/Sep/2020:04:16:48 +0200] "GET /buecher/rezensionen_preysing.html HTTP/1.1" 200 9502 "-" "Mozilla/5.0 (compatible; adscanner/)/1.0 (http://seocompany.store; spider@seocompany.store)"
140.203.12.4 - - [01/Sep/2020:04:25:39 +0200] "HEAD / HTTP/1.1" 200 - "-" "Java/1.6.0_23"
78.46.90.120 - - [01/Sep/2020:04:25:56 +0200] "GET /sonderthemen/oekt_extra1.pdf HTTP/1.1" 200 1849015 "-" "Mozilla/5.0 (Windows NT 6.3; Win64; x64) AppleWebKit/537.36 (KHTML, like Gecko) Chrome/63.0.3239.132 Safari/537.36"
88.198.90.9 - - [01/Sep/2020:04:25:59 +0200] "GET /sonderthemen/oekt_extra1.pdf HTTP/1.1" 200 1849015 "-" "Mozilla/5.0 (Macintosh; Intel Mac OS X 10_10_5) AppleWebKit/537.36 (KHTML, like Gecko) Chrome/63.0.3239.132 Safari/537.36"
74.208.59.42 - - [01/Sep/2020:04:30:46 +0200] "GET / HTTP/1.1" 200 9360 "-" "Mozilla/5.0 (compatible; pmoz.info ODP link checker; +http://pmoz.info/doc/botinfo.htm)"
85.25.177.139 - - [01/Sep/2020:04:32:23 +0200] "GET /buecher/rezensionen_engel.html HTTP/1.1" 200 6598 "-" "Mozilla/5.0 (compatible; adscanner/)/1.0 (http://seocompany.store; spider@seocompany.store)"
85.25.177.139 - - [01/Sep/2020:04:45:34 +0200] "GET /sonderthemen/oeaz2001.pdf HTTP/1.1" 200 4496626 "-" "Mozilla/5.0 (compatible; adscanner/)/1.0 (http://seocompany.store; spider@seocompany.store)"
114.119.164.167 - - [01/Sep/2020:04:55:10 +0200] "GET /cds HTTP/1.1" 301 350 "-" "Mozilla/5.0 (Linux; Android 7.0;) AppleWebKit/537.36 (KHTML, like Gecko) Mobile Safari/537.36 (compatible; PetalBot;+http://aspiegel.com/petalbot)"
114.119.164.167 - - [01/Sep/2020:04:55:10 +0200] "GET /cds/ HTTP/1.1" 200 7987 "-" "Mozilla/5.0 (Linux; Android 7.0;) AppleWebKit/537.36 (KHTML, like Gecko) Mobile Safari/537.36 (compatible; PetalBot;+http://aspiegel.com/petalbot)"
46.229.168.145 - - [01/Sep/2020:05:06:53 +0200] "GET /robots.txt HTTP/1.1" 200 100 "-" "Mozilla/5.0 (compatible; SemrushBot/6~bl; +http://www.semrush.com/bot.html)"
46.229.168.140 - - [01/Sep/2020:05:06:53 +0200] "GET /search.php HTTP/1.1" 200 2027 "-" "Mozilla/5.0 (compatible; SemrushBot/6~bl; +http://www.semrush.com/bot.html)"
85.25.177.139 - - [01/Sep/2020:05:16:36 +0200] "GET /buecher/rezensionen_nicht_auf_sand_gebaut.html HTTP/1.1" 200 6594 "-" "Mozilla/5.0 (compatible; adscanner/)/1.0 (http://seocompany.store; spider@seocompany.store)"
88.198.90.9 - - [01/Sep/2020:05:20:05 +0200] "GET /sonderthemen/oekz2003.pdf HTTP/1.1" 200 4017017 "-" "Mozilla/5.0 (Macintosh; Intel Mac OS X 1084) AppleWebKit/536.28.10 (KHTML like Gecko) Version/6.0.3 Safari/536.28.10"
185.224.132.45 - - [01/Sep/2020:05:35:35 +0200] "HEAD / HTTP/1.1" 200 - "https://komp103.com/ustanovka-programmnogo-obespecheniya.html" "Mozilla/6.0 (compatible; MSIE2.00; Windows 2006)"
85.25.177.139 - - [01/Sep/2020:05:38:33 +0200] "GET /sonderthemen/sk2001.pdf HTTP/1.1" 200 3098589 "-" "Mozilla/5.0 (compatible; adscanner/)/1.0 (http://seocompany.store; spider@seocompany.store)"
144.76.102.243 - - [01/Sep/2020:05:42:55 +0200] "GET /sonderthemen/sk2002.pdf HTTP/1.1" 200 2628923 "-" "Mozilla/5.0 (Windows NT 6.1; Win64; x64; rv:57.0) Gecko/20100101 Firefox/57.0"
148.251.50.77 - - [01/Sep/2020:05:43:01 +0200] "GET /sonderthemen/sk2002.pdf HTTP/1.1" 200 2628923 "-" "Mozilla/5.0 (Macintosh; Intel Mac OS X 10.12; rv:57.0) Gecko/20100101 Firefox/57.0"
193.124.188.188 - - [01/Sep/2020:05:44:09 +0200] "HEAD / HTTP/1.1" 200 - "https://aplaster.ru/projects/polusuhaya-styazhka-pola-v-starom-kinoteatre-moskvy/" "Mozilla/6.0 (compatible; MSIE7.00; Windows 2005)"
193.124.188.83 - - [01/Sep/2020:05:44:09 +0200] "HEAD / HTTP/1.1" 200 - "http://varshavka45.ru/remont/exhaust.htm" "Mozilla/2.0 (compatible; MSIE5.00; Windows 2002)"
193.124.191.92 - - [01/Sep/2020:05:44:09 +0200] "HEAD / HTTP/1.1" 200 - "https://velsnab.ru/kabelnaya_mufta_4_kntp_1_150_240.html" "Mozilla/8.0 (compatible; MSIE5.00; Windows 2009)"
193.124.190.18 - - [01/Sep/2020:05:44:59 +0200] "HEAD / HTTP/1.1" 200 - "https://windowsabc.ru/kompyuter/kakoj-xosting-vybrat-dlya-bitriks/" "Mozilla/7.0 (compatible; MSIE6.00; Windows 2002)"
194.67.210.77 - - [01/Sep/2020:05:45:08 +0200] "HEAD / HTTP/1.1" 200 - "https://socialbooster.me/c/likeeviews" "Mozilla/3.0 (compatible; MSIE3.00; Windows 2008)"
85.25.177.139 - - [01/Sep/2020:05:47:02 +0200] "GET /buecher/rezensionen_le_saulchoir.html HTTP/1.1" 200 34009 "-" "Mozilla/5.0 (compatible; adscanner/)/1.0 (http://seocompany.store; spider@seocompany.store)"
78.46.94.83 - - [01/Sep/2020:05:47:00 +0200] "GET /sonderthemen/sk2002.pdf HTTP/1.1" 200 2628923 "-" "Mozilla/5.0 (Macintosh; Intel Mac OS X 10_12_6) AppleWebKit/537.36 (KHTML, like Gecko) Chrome/64.0.3282.140 Safari/537.36"
46.4.83.150 - - [01/Sep/2020:05:47:15 +0200] "GET /sonderthemen/sk2002.pdf HTTP/1.1" 200 2628923 "-" "Mozilla/5.0 (X11; Linux x86_64; rv:58.0) Gecko/20100101 Firefox/58.0"
78.46.94.83 - - [01/Sep/2020:05:47:28 +0200] "GET /sonderthemen/sk2002.pdf HTTP/1.1" 200 2628923 "-" "Mozilla/5.0 (Macintosh; Intel Mac OS X 10.12; rv:58.0) Gecko/20100101 Firefox/58.0"
185.125.219.13 - - [01/Sep/2020:05:47:58 +0200] "HEAD / HTTP/1.1" 200 - "https://service-masterov.ru/zamena-kanalizatsii-v-kvartire/" "Mozilla/2.0 (compatible; MSIE3.00; Windows 2003)"
194.67.207.9 - - [01/Sep/2020:05:48:03 +0200] "HEAD / HTTP/1.1" 200 - "https://porscheremont.ru/" "Mozilla/7.0 (compatible; MSIE3.00; Windows 2004)"
178.137.90.95 - - [01/Sep/2020:05:54:04 +0200] "GET / HTTP/1.1" 200 9360 "http://greenshop.su/" "Mozilla/4.0 (compatible; MSIE 6.0; Windows NT 5.1; Q312461)"
178.137.90.95 - - [01/Sep/2020:05:54:04 +0200] "GET / HTTP/1.1" 200 9360 "https://sauni-moskva.ru/" "Mozilla/4.0 (compatible; MSIE 6.0; Windows NT 5.1; .NET CLR 1.0.3705)"
178.137.90.95 - - [01/Sep/2020:05:54:04 +0200] "GET / HTTP/1.1" 200 9360 "http://greenshop.su/" "Mozilla/4.0 (compatible; MSIE 6.0; Windows NT 5.1; Q312461)"
178.137.90.95 - - [01/Sep/2020:05:54:04 +0200] "GET / HTTP/1.1" 200 9360 "https://gcup.ru/" "Mozilla/4.0 (compatible; MSIE 6.0; Windows NT 5.1; .NET CLR 1.1.4322)"
178.137.90.95 - - [01/Sep/2020:05:54:05 +0200] "GET / HTTP/1.1" 200 9360 "https://gcup.ru/" "Mozilla/4.0 (compatible; MSIE 6.0; Windows NT 5.1; .NET CLR 1.1.4322)"
178.137.90.95 - - [01/Sep/2020:05:54:05 +0200] "GET / HTTP/1.1" 200 9360 "http://greenshop.su/" "Mozilla/4.0 (compatible; MSIE 6.0; Windows NT 5.1; Q312461)"
178.137.90.95 - - [01/Sep/2020:05:54:05 +0200] "GET / HTTP/1.1" 200 9360 "https://sauni-moskva.ru/" "Mozilla/4.0 (compatible; MSIE 6.0; Windows NT 5.1; .NET CLR 1.0.3705)"
178.137.90.95 - - [01/Sep/2020:05:54:05 +0200] "GET / HTTP/1.1" 200 9360 "https://gcup.ru/" "Mozilla/4.0 (compatible; MSIE 6.0; Windows NT 5.1; .NET CLR 1.1.4322)"
178.137.90.95 - - [01/Sep/2020:05:54:05 +0200] "GET / HTTP/1.1" 200 9360 "https://sauni-moskva.ru/" "Mozilla/4.0 (compatible; MSIE 6.0; Windows NT 5.1; .NET CLR 1.0.3705)"
178.137.90.95 - - [01/Sep/2020:05:54:07 +0200] "GET / HTTP/1.1" 200 9360 "https://www.mosrif.ru/produktsiya/stoleshnitsy" "Mozilla/4.0 (compatible; MSIE 6.0; Windows NT 5.1; .NET CLR 1.0.3705)"
178.137.90.95 - - [01/Sep/2020:05:54:08 +0200] "GET / HTTP/1.1" 200 9360 "https://www.mosrif.ru/produktsiya/stoleshnitsy" "Mozilla/4.0 (compatible; MSIE 6.0; Windows NT 5.1; .NET CLR 1.0.3705)"
178.137.90.95 - - [01/Sep/2020:05:54:08 +0200] "GET / HTTP/1.1" 200 9360 "https://www.mosrif.ru/produktsiya/stoleshnitsy" "Mozilla/4.0 (compatible; MSIE 6.0; Windows NT 5.1; .NET CLR 1.0.3705)"
185.5.249.185 - - [01/Sep/2020:05:58:45 +0200] "HEAD / HTTP/1.1" 200 - "https://zaim-zaem.ru" "Mozilla/4.0 (compatible; MSIE2.00; Windows 2003)"
85.25.177.139 - - [01/Sep/2020:06:02:45 +0200] "GET /buecher/rezensionen_krise_zum_heil.html HTTP/1.1" 200 9828 "-" "Mozilla/5.0 (compatible; adscanner/)/1.0 (http://seocompany.store; spider@seocompany.store)"
185.203.240.129 - - [01/Sep/2020:06:06:12 +0200] "HEAD / HTTP/1.1" 200 - "https://lodki-pvh.com.ua" "Mozilla/4.0 (compatible; MSIE4.00; Windows 2005)"
77.220.215.153 - - [01/Sep/2020:06:06:12 +0200] "HEAD / HTTP/1.1" 200 - "https://malinaexpert.ru/kak-poxudet-pomoshhyu-yagod-maliny/" "Mozilla/5.0 (compatible; MSIE6.00; Windows 2008)"
212.86.109.31 - - [01/Sep/2020:06:06:12 +0200] "HEAD / HTTP/1.1" 200 - "https://diaval.ru/uslugi/proektirovanie-kotelnyix.html" "Mozilla/2.0 (compatible; MSIE6.00; Windows 2002)"
185.209.20.147 - - [01/Sep/2020:06:06:12 +0200] "HEAD / HTTP/1.1" 200 - "https://priliv.com.ua" "Mozilla/7.0 (compatible; MSIE7.00; Windows 2002)"
85.209.89.216 - - [01/Sep/2020:06:06:13 +0200] "HEAD / HTTP/1.1" 200 - "https://daigo-uz.com/products/daigo/" "Mozilla/5.0 (compatible; MSIE7.00; Windows 2007)"
85.209.89.205 - - [01/Sep/2020:06:06:13 +0200] "HEAD / HTTP/1.1" 200 - "https://miazar.ru/shemy/vyshivka/sinyaya-ptica/" "Mozilla/8.0 (compatible; MSIE5.00; Windows 2005)"
85.209.89.224 - - [01/Sep/2020:06:06:13 +0200] "HEAD / HTTP/1.1" 200 - "https://strojdvor.ru/otoplenie/otoplenie-v-nezhilyx-pomeshheniyax/kak-sdelat-podshivnoj-potolok-dlya-bani-svoimi-rukami/" "Mozilla/8.0 (compatible; MSIE3.00; Windows 2009)"
85.209.89.241 - - [01/Sep/2020:06:06:13 +0200] "HEAD / HTTP/1.1" 200 - "https://kliningovyj-raj.ru/tehnika-i-sredstva/kak-ochistit-steklokeramicheskuyu-plitu/" "Mozilla/5.0 (compatible; MSIE3.00; Windows 2007)"
85.209.89.217 - - [01/Sep/2020:06:06:13 +0200] "HEAD / HTTP/1.1" 200 - "https://nogostop.ru/spina/tabletki-ot-gryzhi-pozvonochnika-poyasnichnogo-otdela-terafleks-artra-kollagen-xondrogard.html" "Mozilla/6.0 (compatible; MSIE3.00; Windows 2003)"
85.25.177.139 - - [01/Sep/2020:06:16:21 +0200] "GET /buecher/rezensionen_psalmen.html HTTP/1.1" 200 6787 "-" "Mozilla/5.0 (compatible; adscanner/)/1.0 (http://seocompany.store; spider@seocompany.store)"
85.25.177.139 - - [01/Sep/2020:06:22:58 +0200] "GET /buecher/rezensionen_ungeteilt.html HTTP/1.1" 200 9764 "-" "Mozilla/5.0 (compatible; adscanner/)/1.0 (http://seocompany.store; spider@seocompany.store)"
85.25.177.139 - - [01/Sep/2020:06:33:52 +0200] "GET / HTTP/1.1" 200 9360 "-" "Mozilla/5.0 (compatible; adscanner/)/1.0 (http://seocompany.store; spider@seocompany.store)"
46.119.191.49 - - [01/Sep/2020:06:34:25 +0200] "GET / HTTP/1.1" 200 9360 "https://zarabotat-na-sajte.ru/" "Mozilla/4.0 (compatible; MSIE 6.0; Windows NT 5.1)"
46.119.191.49 - - [01/Sep/2020:06:34:25 +0200] "GET / HTTP/1.1" 200 9360 "https://svoi-tver.ru/" "Mozilla/4.0 (compatible; MSIE 6.0; Windows NT 5.1; Q312461)"
46.119.191.49 - - [01/Sep/2020:06:34:25 +0200] "GET / HTTP/1.1" 200 9360 "https://jav-fetish.site/" "Mozilla/4.0 (compatible; MSIE 6.0; Windows NT 5.1; .NET CLR 1.1.4322)"
46.119.191.49 - - [01/Sep/2020:06:34:25 +0200] "GET / HTTP/1.1" 200 9360 "https://zarabotat-na-sajte.ru/" "Mozilla/4.0 (compatible; MSIE 6.0; Windows NT 5.1)"
46.119.191.49 - - [01/Sep/2020:06:34:25 +0200] "GET / HTTP/1.1" 200 9360 "https://svoi-tver.ru/" "Mozilla/4.0 (compatible; MSIE 6.0; Windows NT 5.1; Q312461)"
46.119.191.49 - - [01/Sep/2020:06:34:25 +0200] "GET / HTTP/1.1" 200 9360 "https://jav-fetish.site/" "Mozilla/4.0 (compatible; MSIE 6.0; Windows NT 5.1; .NET CLR 1.1.4322)"
46.119.191.49 - - [01/Sep/2020:06:34:26 +0200] "GET / HTTP/1.1" 200 9360 "https://zarabotat-na-sajte.ru/" "Mozilla/4.0 (compatible; MSIE 6.0; Windows NT 5.1)"
46.119.191.49 - - [01/Sep/2020:06:34:26 +0200] "GET / HTTP/1.1" 200 9360 "https://svoi-tver.ru/" "Mozilla/4.0 (compatible; MSIE 6.0; Windows NT 5.1; Q312461)"
46.119.191.49 - - [01/Sep/2020:06:34:27 +0200] "GET / HTTP/1.1" 200 9360 "https://jav-fetish.site/" "Mozilla/4.0 (compatible; MSIE 6.0; Windows NT 5.1; .NET CLR 1.1.4322)"
85.25.177.139 - - [01/Sep/2020:07:05:37 +0200] "GET /buecher/index.html HTTP/1.1" 200 25885 "-" "Mozilla/5.0 (compatible; adscanner/)/1.0 (http://seocompany.store; spider@seocompany.store)"
85.25.177.139 - - [01/Sep/2020:07:18:49 +0200] "GET /sonderthemen/oeaz2002.pdf HTTP/1.1" 200 3161455 "-" "Mozilla/5.0 (compatible; adscanner/)/1.0 (http://seocompany.store; spider@seocompany.store)"
88.198.43.207 - - [01/Sep/2020:07:24:24 +0200] "GET /sonderthemen/az1999.pdf HTTP/1.1" 200 1842982 "-" "Mozilla/5.0 (Macintosh; Intel Mac OS X 10_11_6) AppleWebKit/537.36 (KHTML, like Gecko) Chrome/63.0.3239.132 Safari/537.36"
85.25.177.139 - - [01/Sep/2020:07:36:22 +0200] "GET /sonderthemen/sk2002.pdf HTTP/1.1" 200 2628923 "-" "Mozilla/5.0 (compatible; adscanner/)/1.0 (http://seocompany.store; spider@seocompany.store)"
114.119.167.244 - - [01/Sep/2020:07:45:04 +0200] "GET /sonderthemen/az1999.jpg HTTP/1.1" 200 11828 "-" "Mozilla/5.0 (Linux; Android 7.0;) AppleWebKit/537.36 (KHTML, like Gecko) Mobile Safari/537.36 (compatible; PetalBot;+http://aspiegel.com/petalbot)"
85.25.177.139 - - [01/Sep/2020:07:49:09 +0200] "GET /jahrbuch/bestellung.php HTTP/1.1" 200 10316 "-" "Mozilla/5.0 (compatible; adscanner/)/1.0 (http://seocompany.store; spider@seocompany.store)"
85.25.177.139 - - [01/Sep/2020:08:15:48 +0200] "GET /cds/glockenspiel2.html HTTP/1.1" 200 9831 "-" "Mozilla/5.0 (compatible; adscanner/)/1.0 (http://seocompany.store; spider@seocompany.store)"
85.25.177.139 - - [01/Sep/2020:08:23:03 +0200] "GET /sonderthemen/oekt_extra3.pdf HTTP/1.1" 200 2109745 "-" "Mozilla/5.0 (compatible; adscanner/)/1.0 (http://seocompany.store; spider@seocompany.store)"
85.25.177.139 - - [01/Sep/2020:08:35:44 +0200] "GET /sonderthemen/az2003.pdf HTTP/1.1" 200 4864675 "-" "Mozilla/5.0 (compatible; adscanner/)/1.0 (http://seocompany.store; spider@seocompany.store)"
144.76.162.206 - - [01/Sep/2020:08:47:27 +0200] "GET /buecher/ HTTP/1.1" 200 25885 "-" "Mozilla/5.0 (Windows NT 6.1; Win64; x64; rv:52.0) Gecko/20100101 Firefox/52.0"
144.76.162.206 - - [01/Sep/2020:08:47:27 +0200] "GET /buecher/index.html HTTP/1.1" 200 25885 "-" "Mozilla/5.0 (Macintosh; Intel Mac OS X 10_13_3) AppleWebKit/537.36 (KHTML, like Gecko) Chrome/63.0.3239.132 Safari/537.36"
85.25.177.139 - - [01/Sep/2020:08:49:22 +0200] "GET /jahrbuch/titelseiten/index.html HTTP/1.1" 200 6735 "-" "Mozilla/5.0 (compatible; adscanner/)/1.0 (http://seocompany.store; spider@seocompany.store)"
85.25.177.139 - - [01/Sep/2020:08:53:46 +0200] "GET /kontakt/index.html HTTP/1.1" 200 2896 "-" "Mozilla/5.0 (compatible; adscanner/)/1.0 (http://seocompany.store; spider@seocompany.store)"
85.25.177.139 - - [01/Sep/2020:09:05:02 +0200] "GET /buecher/rezensionen_leiblichkeit_und_zeitlichkeit.html HTTP/1.1" 200 8821 "-" "Mozilla/5.0 (compatible; adscanner/)/1.0 (http://seocompany.store; spider@seocompany.store)"
85.25.177.139 - - [01/Sep/2020:09:10:42 +0200] "GET /buecher/diskussion.html HTTP/1.1" 200 9925 "-" "Mozilla/5.0 (compatible; adscanner/)/1.0 (http://seocompany.store; spider@seocompany.store)"
66.249.64.75 - - [01/Sep/2020:09:18:37 +0200] "GET /sonderthemen/sk2002.pdf HTTP/1.1" 304 - "-" "Mozilla/5.0 (Linux; Android 6.0.1; Nexus 5X Build/MMB29P) AppleWebKit/537.36 (KHTML, like Gecko) Chrome/80.0.3987.92 Mobile Safari/537.36 (compatible; Googlebot/2.1; +http://www.google.com/bot.html)"
85.25.177.139 - - [01/Sep/2020:09:22:05 +0200] "GET /buecher/rezension_gesichter_u_geschichten.pdf HTTP/1.1" 200 223287 "-" "Mozilla/5.0 (compatible; adscanner/)/1.0 (http://seocompany.store; spider@seocompany.store)"
87.185.214.112 - - [01/Sep/2020:09:26:00 +0200] "GET /cds/glockenspiel1.html HTTP/1.1" 200 9736 "https://www.google.com/" "Mozilla/5.0 (Windows NT 6.3; Win64; x64) AppleWebKit/537.36 (KHTML, like Gecko) Chrome/85.0.4183.83 Safari/537.36"
87.185.214.112 - - [01/Sep/2020:09:26:00 +0200] "GET /main.css HTTP/1.1" 200 1439 "http://www.morusverlag.de/cds/glockenspiel1.html" "Mozilla/5.0 (Windows NT 6.3; Win64; x64) AppleWebKit/537.36 (KHTML, like Gecko) Chrome/85.0.4183.83 Safari/537.36"
87.185.214.112 - - [01/Sep/2020:09:26:00 +0200] "GET /logo_g.gif HTTP/1.1" 200 1301 "http://www.morusverlag.de/cds/glockenspiel1.html" "Mozilla/5.0 (Windows NT 6.3; Win64; x64) AppleWebKit/537.36 (KHTML, like Gecko) Chrome/85.0.4183.83 Safari/537.36"
87.185.214.112 - - [01/Sep/2020:09:26:00 +0200] "GET /mv_g.gif HTTP/1.1" 200 4070 "http://www.morusverlag.de/cds/glockenspiel1.html" "Mozilla/5.0 (Windows NT 6.3; Win64; x64) AppleWebKit/537.36 (KHTML, like Gecko) Chrome/85.0.4183.83 Safari/537.36"
87.185.214.112 - - [01/Sep/2020:09:26:00 +0200] "GET /m.gif HTTP/1.1" 200 95 "http://www.morusverlag.de/cds/glockenspiel1.html" "Mozilla/5.0 (Windows NT 6.3; Win64; x64) AppleWebKit/537.36 (KHTML, like Gecko) Chrome/85.0.4183.83 Safari/537.36"
87.185.214.112 - - [01/Sep/2020:09:26:00 +0200] "GET /pf.gif HTTP/1.1" 200 62 "http://www.morusverlag.de/cds/glockenspiel1.html" "Mozilla/5.0 (Windows NT 6.3; Win64; x64) AppleWebKit/537.36 (KHTML, like Gecko) Chrome/85.0.4183.83 Safari/537.36"
87.185.214.112 - - [01/Sep/2020:09:26:00 +0200] "GET /cds/glockenspiel1.jpg HTTP/1.1" 200 28614 "http://www.morusverlag.de/cds/glockenspiel1.html" "Mozilla/5.0 (Windows NT 6.3; Win64; x64) AppleWebKit/537.36 (KHTML, like Gecko) Chrome/85.0.4183.83 Safari/537.36"
87.185.214.112 - - [01/Sep/2020:09:26:00 +0200] "GET /strich.gif HTTP/1.1" 200 45 "http://www.morusverlag.de/cds/glockenspiel1.html" "Mozilla/5.0 (Windows NT 6.3; Win64; x64) AppleWebKit/537.36 (KHTML, like Gecko) Chrome/85.0.4183.83 Safari/537.36"
87.185.214.112 - - [01/Sep/2020:09:26:01 +0200] "GET /favicon.ico HTTP/1.1" 200 4286 "http://www.morusverlag.de/cds/glockenspiel1.html" "Mozilla/5.0 (Windows NT 6.3; Win64; x64) AppleWebKit/537.36 (KHTML, like Gecko) Chrome/85.0.4183.83 Safari/537.36"
85.25.177.139 - - [01/Sep/2020:09:37:06 +0200] "GET /buecher/bestellung.php HTTP/1.1" 200 10142 "-" "Mozilla/5.0 (compatible; adscanner/)/1.0 (http://seocompany.store; spider@seocompany.store)"
66.249.64.75 - - [01/Sep/2020:09:38:58 +0200] "GET /buecher/rezensionen_krise_zum_heil.html HTTP/1.1" 304 - "-" "Mozilla/5.0 (Linux; Android 6.0.1; Nexus 5X Build/MMB29P) AppleWebKit/537.36 (KHTML, like Gecko) Chrome/80.0.3987.92 Mobile Safari/537.36 (compatible; Googlebot/2.1; +http://www.google.com/bot.html)"
85.25.177.139 - - [01/Sep/2020:10:08:09 +0200] "GET /cds/lumina.html HTTP/1.1" 200 9000 "-" "Mozilla/5.0 (compatible; adscanner/)/1.0 (http://seocompany.store; spider@seocompany.store)"
159.65.24.22 - - [01/Sep/2020:10:10:57 +0200] "GET / HTTP/1.1" 200 9360 "-" "Mozilla/5.0 (Windows NT 6.0) AppleWebKit/537.36 (KHTML, like Gecko) Chrome/34.0.1847.116 Safari/537.36"
159.65.24.22 - - [01/Sep/2020:10:10:58 +0200] "GET /buecher/index.html HTTP/1.1" 200 25885 "-" "Mozilla/5.0 (Windows NT 6.0) AppleWebKit/537.36 (KHTML, like Gecko) Chrome/34.0.1847.116 Safari/537.36"
159.65.24.22 - - [01/Sep/2020:10:11:00 +0200] "GET /cds/index.html HTTP/1.1" 200 7987 "-" "Mozilla/5.0 (Windows NT 6.0) AppleWebKit/537.36 (KHTML, like Gecko) Chrome/34.0.1847.116 Safari/537.36"
159.65.24.22 - - [01/Sep/2020:10:11:00 +0200] "GET /gotteslob/index.html HTTP/1.1" 200 2770 "-" "Mozilla/5.0 (Windows NT 6.0) AppleWebKit/537.36 (KHTML, like Gecko) Chrome/34.0.1847.116 Safari/537.36"
159.65.24.22 - - [01/Sep/2020:10:11:01 +0200] "GET /jahrbuch/index.html HTTP/1.1" 200 3956 "-" "Mozilla/5.0 (Windows NT 6.0) AppleWebKit/537.36 (KHTML, like Gecko) Chrome/34.0.1847.116 Safari/537.36"
159.65.24.22 - - [01/Sep/2020:10:11:02 +0200] "GET /index.html HTTP/1.1" 200 9360 "-" "Mozilla/5.0 (Windows NT 6.0) AppleWebKit/537.36 (KHTML, like Gecko) Chrome/34.0.1847.116 Safari/537.36"
159.65.24.22 - - [01/Sep/2020:10:11:02 +0200] "GET /sonderthemen/index.html HTTP/1.1" 200 7102 "-" "Mozilla/5.0 (Windows NT 6.0) AppleWebKit/537.36 (KHTML, like Gecko) Chrome/34.0.1847.116 Safari/537.36"
157.55.39.248 - - [01/Sep/2020:10:21:12 +0200] "GET /kontakt/index.html HTTP/1.1" 200 2896 "-" "Mozilla/5.0 (compatible; bingbot/2.0; +http://www.bing.com/bingbot.htm)"
31.148.130.134 - - [01/Sep/2020:10:33:27 +0200] "GET /sonderthemen/az2003.pdf HTTP/1.1" 200 4864675 "-" "Mozilla/5.0 (Windows NT 10.0; Win64; x64) AppleWebKit/537.36 (KHTML, like Gecko) Chrome/84.0.4147.125 Safari/537.36"
37.115.218.222 - - [01/Sep/2020:10:40:40 +0200] "GET / HTTP/1.1" 200 9360 "https://mamashki.com/" "Mozilla/4.0 (compatible; MSIE 6.0; Windows XP)"
37.115.218.222 - - [01/Sep/2020:10:40:40 +0200] "GET / HTTP/1.1" 200 9360 "https://russianpornogirls.com/" "Mozilla/4.0 (compatible; MSIE 6.0; Windows XP)"
37.115.218.222 - - [01/Sep/2020:10:40:40 +0200] "GET / HTTP/1.1" 200 9360 "https://mamashki.com/" "Mozilla/4.0 (compatible; MSIE 6.0; Windows XP)"
37.115.218.222 - - [01/Sep/2020:10:40:41 +0200] "GET / HTTP/1.1" 200 9360 "https://russianpornogirls.com/" "Mozilla/4.0 (compatible; MSIE 6.0; Windows XP)"
37.115.218.222 - - [01/Sep/2020:10:40:41 +0200] "GET / HTTP/1.1" 200 9360 "https://mamashki.com/" "Mozilla/4.0 (compatible; MSIE 6.0; Windows XP)"
37.115.218.222 - - [01/Sep/2020:10:40:44 +0200] "GET / HTTP/1.1" 200 9360 "https://russianpornogirls.com/" "Mozilla/4.0 (compatible; MSIE 6.0; Windows XP)"
17.58.101.58 - - [01/Sep/2020:11:10:08 +0200] "GET /robots.txt HTTP/1.1" 200 100 "-" "Mozilla/5.0 (Macintosh; Intel Mac OS X 10_15_5) AppleWebKit/605.1.15 (KHTML, like Gecko) Version/13.1.1 Safari/605.1.15 (Applebot/0.1; +http://www.apple.com/go/applebot)"
17.58.103.218 - - [01/Sep/2020:11:10:08 +0200] "GET / HTTP/1.1" 200 9360 "-" "Mozilla/5.0 (Macintosh; Intel Mac OS X 10_15_5) AppleWebKit/605.1.15 (KHTML, like Gecko) Version/13.1.1 Safari/605.1.15 (Applebot/0.1; +http://www.apple.com/go/applebot)"
46.229.168.130 - - [01/Sep/2020:11:13:20 +0200] "GET /robots.txt HTTP/1.1" 200 100 "-" "Mozilla/5.0 (compatible; SemrushBot/6~bl; +http://www.semrush.com/bot.html)"
46.229.168.149 - - [01/Sep/2020:11:13:20 +0200] "GET /cds/hymnos_akathistos.html HTTP/1.1" 200 11061 "-" "Mozilla/5.0 (compatible; SemrushBot/6~bl; +http://www.semrush.com/bot.html)"
88.198.36.62 - - [01/Sep/2020:11:47:37 +0200] "GET /sonderthemen/oekt_extra1.pdf HTTP/1.1" 200 1849015 "-" "Mozilla/5.0 (Windows NT 6.3; Win64; x64; rv:57.0) Gecko/20100101 Firefox/57.0"
148.251.50.77 - - [01/Sep/2020:11:47:50 +0200] "GET /sonderthemen/oekt_extra1.pdf HTTP/1.1" 200 1849015 "-" "Mozilla/5.0 (Windows NT 6.3; Win64; x64; rv:57.0) Gecko/20100101 Firefox/57.0"
114.119.151.119 - - [01/Sep/2020:11:49:20 +0200] "GET /cds/glockenspiel1.html HTTP/1.1" 200 9736 "-" "Mozilla/5.0 (Linux; Android 7.0;) AppleWebKit/537.36 (KHTML, like Gecko) Mobile Safari/537.36 (compatible; PetalBot;+http://aspiegel.com/petalbot)"
51.138.90.161 - - [01/Sep/2020:11:59:51 +0200] "GET / HTTP/1.1" 200 9360 "-" "Mozilla/5.0 (iPhone; CPU iPhone OS 13_3 like Mac OS X) AppleWebKit/605.1.15 (KHTML%2C like Gecko) Mobile/15E148"
51.138.90.161 - - [01/Sep/2020:12:00:38 +0200] "GET / HTTP/1.1" 200 9360 "-" "Mozilla/5.0 (iPhone; CPU iPhone OS 13_3 like Mac OS X) AppleWebKit/605.1.15 (KHTML%2C like Gecko) Mobile/15E148"
157.55.39.71 - - [01/Sep/2020:12:13:14 +0200] "GET /cds/hymnos_akathistos.html HTTP/1.1" 304 - "-" "Mozilla/5.0 (compatible; bingbot/2.0; +http://www.bing.com/bingbot.htm)"
144.76.102.243 - - [01/Sep/2020:12:36:17 +0200] "GET /sonderthemen/oekz2003.pdf HTTP/1.1" 200 4017017 "-" "Mozilla/5.0 (X11; Ubuntu; Linux x86_64; rv:58.0) Gecko/20100101 Firefox/58.0"
144.76.162.206 - - [01/Sep/2020:12:36:32 +0200] "GET /sonderthemen/oekz2003.pdf HTTP/1.1" 200 4017017 "-" "Mozilla/5.0 (Macintosh; Intel Mac OS X 10_8_2) AppleWebKit/536.26.17 (KHTML, like Gecko) Version/6.0.2 Safari/536.26.17"
144.76.162.206 - - [01/Sep/2020:13:07:59 +0200] "GET /sonderthemen/az2003.pdf HTTP/1.1" 200 4864675 "-" "Mozilla/5.0 (Macintosh; Intel Mac OS X 10_6_8) AppleWebKit/537.13+ (KHTML, like Gecko) Version/5.1.7 Safari/534.57.2"
95.216.96.242 - - [01/Sep/2020:13:12:24 +0200] "GET /robots.txt HTTP/1.1" 200 100 "-" "Mozilla/5.0 (compatible; SEOkicks; +https://www.seokicks.de/robot.html)"
95.216.96.242 - - [01/Sep/2020:13:12:26 +0200] "GET / HTTP/1.1" 200 9360 "-" "Mozilla/5.0 (compatible; SEOkicks; +https://www.seokicks.de/robot.html)"
95.216.96.242 - - [01/Sep/2020:13:12:27 +0200] "GET /buecher/index.html HTTP/1.1" 200 25885 "http://www.morusverlag.de/" "Mozilla/5.0 (compatible; SEOkicks; +https://www.seokicks.de/robot.html)"
95.216.96.242 - - [01/Sep/2020:13:12:30 +0200] "GET /cds/index.html HTTP/1.1" 200 7987 "http://www.morusverlag.de/" "Mozilla/5.0 (compatible; SEOkicks; +https://www.seokicks.de/robot.html)"
95.216.96.242 - - [01/Sep/2020:13:12:44 +0200] "GET /gotteslob/index.html HTTP/1.1" 200 2770 "http://www.morusverlag.de/" "Mozilla/5.0 (compatible; SEOkicks; +https://www.seokicks.de/robot.html)"
95.216.96.242 - - [01/Sep/2020:13:12:46 +0200] "GET /jahrbuch/index.html HTTP/1.1" 200 3956 "http://www.morusverlag.de/" "Mozilla/5.0 (compatible; SEOkicks; +https://www.seokicks.de/robot.html)"
95.216.96.242 - - [01/Sep/2020:13:12:47 +0200] "GET /sonderthemen/index.html HTTP/1.1" 200 7102 "http://www.morusverlag.de/" "Mozilla/5.0 (compatible; SEOkicks; +https://www.seokicks.de/robot.html)"
95.216.96.242 - - [01/Sep/2020:13:12:51 +0200] "GET /kontakt/index.html HTTP/1.1" 200 2896 "http://www.morusverlag.de/" "Mozilla/5.0 (compatible; SEOkicks; +https://www.seokicks.de/robot.html)"
95.216.96.242 - - [01/Sep/2020:13:12:53 +0200] "GET /impressum.html HTTP/1.1" 200 2808 "http://www.morusverlag.de/" "Mozilla/5.0 (compatible; SEOkicks; +https://www.seokicks.de/robot.html)"
95.216.96.242 - - [01/Sep/2020:13:12:54 +0200] "GET /cds/rosarium.html HTTP/1.1" 200 6680 "http://www.morusverlag.de/" "Mozilla/5.0 (compatible; SEOkicks; +https://www.seokicks.de/robot.html)"
114.119.142.173 - - [01/Sep/2020:13:19:02 +0200] "GET /sonderthemen/oekt_extra2.jpg HTTP/1.1" 200 11740 "-" "Mozilla/5.0 (Linux; Android 7.0;) AppleWebKit/537.36 (KHTML, like Gecko) Mobile Safari/537.36 (compatible; PetalBot;+http://aspiegel.com/petalbot)"
37.115.196.27 - - [01/Sep/2020:13:19:59 +0200] "GET / HTTP/1.1" 200 9360 "https://sauni-moskva.ru/" "Mozilla/4.0 (compatible; MSIE 6.0; Windows XP)"
37.115.196.27 - - [01/Sep/2020:13:19:59 +0200] "GET / HTTP/1.1" 200 9360 "https://sauni-moskva.ru/" "Mozilla/4.0 (compatible; MSIE 6.0; Windows XP)"
37.115.196.27 - - [01/Sep/2020:13:19:59 +0200] "GET / HTTP/1.1" 200 9360 "https://sauni-moskva.ru/" "Mozilla/4.0 (compatible; MSIE 6.0; Windows XP)"
37.115.196.27 - - [01/Sep/2020:13:19:59 +0200] "GET / HTTP/1.1" 200 9360 "https://sauni-moskva.ru/" "Mozilla/4.0 (compatible; MSIE 6.0; Windows XP)"
37.115.196.27 - - [01/Sep/2020:13:20:00 +0200] "GET / HTTP/1.1" 200 9360 "https://sauni-moskva.ru/" "Mozilla/4.0 (compatible; MSIE 6.0; Windows XP)"
37.115.196.27 - - [01/Sep/2020:13:20:00 +0200] "GET / HTTP/1.1" 200 9360 "https://sauni-moskva.ru/" "Mozilla/4.0 (compatible; MSIE 6.0; Windows XP)"
46.229.168.152 - - [01/Sep/2020:13:26:59 +0200] "GET /robots.txt HTTP/1.1" 200 100 "-" "Mozilla/5.0 (compatible; SemrushBot/6~bl; +http://www.semrush.com/bot.html)"
46.229.168.137 - - [01/Sep/2020:13:27:00 +0200] "GET /buecher/veroeffentlichungsliste.html HTTP/1.1" 200 129779 "-" "Mozilla/5.0 (compatible; SemrushBot/6~bl; +http://www.semrush.com/bot.html)"
114.119.142.173 - - [01/Sep/2020:13:52:23 +0200] "GET /buecher/rezensionen_psalmen.html HTTP/1.1" 200 6787 "-" "Mozilla/5.0 (Linux; Android 7.0;) AppleWebKit/537.36 (KHTML, like Gecko) Mobile Safari/537.36 (compatible; PetalBot;+http://aspiegel.com/petalbot)"
159.203.111.218 - - [01/Sep/2020:14:00:06 +0200] "GET / HTTP/1.1" 200 9360 "http://www.morusverlag.de" "Mozilla/5.0 (X11; Datanyze; Linux x86_64) AppleWebKit/537.36 (KHTML, like Gecko) Chrome/65.0.3325.181 Safari/537.36"
159.203.111.218 - - [01/Sep/2020:14:00:07 +0200] "GET /main.css HTTP/1.1" 200 1439 "-" "Mozilla/5.0 (X11; Datanyze; Linux x86_64) AppleWebKit/537.36 (KHTML, like Gecko) Chrome/65.0.3325.181 Safari/537.36"
159.203.111.218 - - [01/Sep/2020:14:00:18 +0200] "GET /robots.txt HTTP/1.1" 200 100 "-" "Mozilla/5.0 (compatible; MSIE 10.0; Windows NT 6.1; WOW64; Trident/6.0)"
159.203.111.218 - - [01/Sep/2020:14:00:23 +0200] "GET /cds/index.html HTTP/1.1" 200 7987 "http://www.morusverlag.de" "Mozilla/5.0 (X11; Datanyze; Linux x86_64) AppleWebKit/537.36 (KHTML, like Gecko) Chrome/65.0.3325.181 Safari/537.36"
159.203.111.218 - - [01/Sep/2020:14:00:23 +0200] "GET /gotteslob/index.html HTTP/1.1" 200 2770 "http://www.morusverlag.de" "Mozilla/5.0 (X11; Datanyze; Linux x86_64) AppleWebKit/537.36 (KHTML, like Gecko) Chrome/65.0.3325.181 Safari/537.36"
159.203.111.218 - - [01/Sep/2020:14:00:23 +0200] "GET /sonderthemen/index.html HTTP/1.1" 200 7102 "http://www.morusverlag.de" "Mozilla/5.0 (X11; Datanyze; Linux x86_64) AppleWebKit/537.36 (KHTML, like Gecko) Chrome/65.0.3325.181 Safari/537.36"
159.203.111.218 - - [01/Sep/2020:14:00:23 +0200] "GET /buecher/index.html HTTP/1.1" 200 25885 "http://www.morusverlag.de" "Mozilla/5.0 (X11; Datanyze; Linux x86_64) AppleWebKit/537.36 (KHTML, like Gecko) Chrome/65.0.3325.181 Safari/537.36"
159.203.111.218 - - [01/Sep/2020:14:00:24 +0200] "GET /jahrbuch/index.html HTTP/1.1" 200 3956 "http://www.morusverlag.de" "Mozilla/5.0 (X11; Datanyze; Linux x86_64) AppleWebKit/537.36 (KHTML, like Gecko) Chrome/65.0.3325.181 Safari/537.36"
159.203.111.218 - - [01/Sep/2020:14:00:25 +0200] "GET /kontakt/index.html HTTP/1.1" 200 2896 "http://www.morusverlag.de" "Mozilla/5.0 (X11; Datanyze; Linux x86_64) AppleWebKit/537.36 (KHTML, like Gecko) Chrome/65.0.3325.181 Safari/537.36"
159.203.111.218 - - [01/Sep/2020:14:00:25 +0200] "GET /../main.css HTTP/1.1" 400 1200 "-" "Mozilla/5.0 (X11; Datanyze; Linux x86_64) AppleWebKit/537.36 (KHTML, like Gecko) Chrome/65.0.3325.181 Safari/537.36"
159.203.111.218 - - [01/Sep/2020:14:00:25 +0200] "GET /../contentflow/contentflow.js HTTP/1.1" 400 1200 "-" "Mozilla/5.0 (X11; Datanyze; Linux x86_64) AppleWebKit/537.36 (KHTML, like Gecko) Chrome/65.0.3325.181 Safari/537.36"
159.203.111.218 - - [01/Sep/2020:14:00:25 +0200] "GET /../main.css HTTP/1.1" 400 1200 "-" "Mozilla/5.0 (X11; Datanyze; Linux x86_64) AppleWebKit/537.36 (KHTML, like Gecko) Chrome/65.0.3325.181 Safari/537.36"
159.203.111.218 - - [01/Sep/2020:14:00:25 +0200] "GET /../main.css HTTP/1.1" 400 1200 "-" "Mozilla/5.0 (X11; Datanyze; Linux x86_64) AppleWebKit/537.36 (KHTML, like Gecko) Chrome/65.0.3325.181 Safari/537.36"
159.203.111.218 - - [01/Sep/2020:14:00:25 +0200] "GET /cds/ignatius.html HTTP/1.1" 200 6576 "http://www.morusverlag.de" "Mozilla/5.0 (X11; Datanyze; Linux x86_64) AppleWebKit/537.36 (KHTML, like Gecko) Chrome/65.0.3325.181 Safari/537.36"
159.203.111.218 - - [01/Sep/2020:14:00:25 +0200] "GET /impressum.html HTTP/1.1" 200 2808 "http://www.morusverlag.de" "Mozilla/5.0 (X11; Datanyze; Linux x86_64) AppleWebKit/537.36 (KHTML, like Gecko) Chrome/65.0.3325.181 Safari/537.36"
159.203.111.218 - - [01/Sep/2020:14:00:25 +0200] "GET /../main.css HTTP/1.1" 400 1200 "-" "Mozilla/5.0 (X11; Datanyze; Linux x86_64) AppleWebKit/537.36 (KHTML, like Gecko) Chrome/65.0.3325.181 Safari/537.36"
159.203.111.218 - - [01/Sep/2020:14:00:25 +0200] "GET /cds/rosarium.html HTTP/1.1" 200 6680 "http://www.morusverlag.de" "Mozilla/5.0 (X11; Datanyze; Linux x86_64) AppleWebKit/537.36 (KHTML, like Gecko) Chrome/65.0.3325.181 Safari/537.36"
159.203.111.218 - - [01/Sep/2020:14:00:25 +0200] "GET /cds/hymnos_akathistos.html HTTP/1.1" 200 11061 "http://www.morusverlag.de" "Mozilla/5.0 (X11; Datanyze; Linux x86_64) AppleWebKit/537.36 (KHTML, like Gecko) Chrome/65.0.3325.181 Safari/537.36"
159.203.111.218 - - [01/Sep/2020:14:00:25 +0200] "GET /../main.css HTTP/1.1" 400 1200 "-" "Mozilla/5.0 (X11; Datanyze; Linux x86_64) AppleWebKit/537.36 (KHTML, like Gecko) Chrome/65.0.3325.181 Safari/537.36"
159.203.111.218 - - [01/Sep/2020:14:00:27 +0200] "GET /../main.css HTTP/1.1" 400 1200 "-" "Mozilla/5.0 (X11; Datanyze; Linux x86_64) AppleWebKit/537.36 (KHTML, like Gecko) Chrome/65.0.3325.181 Safari/537.36"
159.203.111.218 - - [01/Sep/2020:14:00:27 +0200] "GET /buecher/rezensionen_chateaubriand.html HTTP/1.1" 200 47317 "http://www.morusverlag.de" "Mozilla/5.0 (X11; Datanyze; Linux x86_64) AppleWebKit/537.36 (KHTML, like Gecko) Chrome/65.0.3325.181 Safari/537.36"
159.203.111.218 - - [01/Sep/2020:14:00:27 +0200] "GET /buecher/veroeffentlichungsliste.html HTTP/1.1" 200 129779 "http://www.morusverlag.de" "Mozilla/5.0 (X11; Datanyze; Linux x86_64) AppleWebKit/537.36 (KHTML, like Gecko) Chrome/65.0.3325.181 Safari/537.36"
40.77.167.135 - - [01/Sep/2020:14:02:29 +0200] "GET /search.php HTTP/1.1" 200 2027 "-" "Mozilla/5.0 (compatible; bingbot/2.0; +http://www.bing.com/bingbot.htm)"
66.249.64.73 - - [01/Sep/2020:14:03:07 +0200] "GET /sonderthemen/az2003.pdf HTTP/1.1" 304 - "-" "Mozilla/5.0 (Linux; Android 6.0.1; Nexus 5X Build/MMB29P) AppleWebKit/537.36 (KHTML, like Gecko) Chrome/80.0.3987.92 Mobile Safari/537.36 (compatible; Googlebot/2.1; +http://www.google.com/bot.html)"
88.198.43.207 - - [01/Sep/2020:14:05:16 +0200] "GET /buecher/rezensionen.html HTTP/1.1" 200 6964 "-" "Mozilla/5.0 (Windows NT 10.0; Win64; x64) AppleWebKit/537.36 (KHTML, like Gecko) Chrome/63.0.3239.132 Safari/537.36"
88.198.90.9 - - [01/Sep/2020:14:05:37 +0200] "GET /buecher/rezensionen.html HTTP/1.1" 200 6964 "-" "Mozilla/5.0 (X11; Linux x86_64; rv:58.0) Gecko/20100101 Firefox/58.0"
5.9.145.132 - - [01/Sep/2020:14:06:19 +0200] "GET /buecher/rezensionen.html HTTP/1.1" 200 6964 "-" "Mozilla/5.0 (Windows NT 6.1; Win64; x64) AppleWebKit/537.36 (KHTML, like Gecko) Chrome/64.0.3282.140 Safari/537.36"
66.249.64.77 - - [01/Sep/2020:14:13:08 +0200] "GET /sonderthemen/az2000.pdf HTTP/1.1" 304 - "-" "Mozilla/5.0 (Linux; Android 6.0.1; Nexus 5X Build/MMB29P) AppleWebKit/537.36 (KHTML, like Gecko) Chrome/80.0.3987.92 Mobile Safari/537.36 (compatible; Googlebot/2.1; +http://www.google.com/bot.html)"
194.67.207.94 - - [01/Sep/2020:14:19:18 +0200] "HEAD / HTTP/1.1" 200 - "https://xn-----7kcbtcaw9bbc6ayev7d.xn--p1ai" "Mozilla/2.0 (compatible; MSIE4.00; Windows 2003)"
46.229.168.147 - - [01/Sep/2020:14:20:47 +0200] "GET /cds/glockenspiel2.html HTTP/1.1" 200 9831 "-" "Mozilla/5.0 (compatible; SemrushBot/6~bl; +http://www.semrush.com/bot.html)"
17.58.103.228 - - [01/Sep/2020:14:26:55 +0200] "GET /cds/glockenspiel1.html HTTP/1.1" 200 9736 "-" "Mozilla/5.0 (Macintosh; Intel Mac OS X 10_15_5) AppleWebKit/605.1.15 (KHTML, like Gecko) Version/13.1.1 Safari/605.1.15 (Applebot/0.1; +http://www.apple.com/go/applebot)"
148.251.50.77 - - [01/Sep/2020:14:47:32 +0200] "GET /sonderthemen/az1999.pdf HTTP/1.1" 200 1842982 "-" "Mozilla/5.0 (Windows NT 10.0; Win64; x64) AppleWebKit/537.36 (KHTML, like Gecko) Chrome/63.0.3239.132 Safari/537.36"
66.249.64.73 - - [01/Sep/2020:15:03:37 +0200] "GET /robots.txt HTTP/1.1" 200 100 "-" "Mozilla/5.0 (compatible; Googlebot/2.1; +http://www.google.com/bot.html)"
66.249.64.75 - - [01/Sep/2020:15:03:37 +0200] "GET /sonderthemen/sk2001.pdf HTTP/1.1" 304 - "-" "Mozilla/5.0 (Linux; Android 6.0.1; Nexus 5X Build/MMB29P) AppleWebKit/537.36 (KHTML, like Gecko) Chrome/80.0.3987.92 Mobile Safari/537.36 (compatible; Googlebot/2.1; +http://www.google.com/bot.html)"
46.229.168.144 - - [01/Sep/2020:15:09:12 +0200] "GET /robots.txt HTTP/1.1" 200 100 "-" "Mozilla/5.0 (compatible; SemrushBot/6~bl; +http://www.semrush.com/bot.html)"
46.229.168.150 - - [01/Sep/2020:15:09:12 +0200] "GET /gotteslob/index.html HTTP/1.1" 200 2770 "-" "Mozilla/5.0 (compatible; SemrushBot/6~bl; +http://www.semrush.com/bot.html)"
78.46.94.83 - - [01/Sep/2020:15:12:42 +0200] "GET /sonderthemen/oeaz2002.pdf HTTP/1.1" 200 3161455 "-" "Mozilla/5.0 (Macintosh; Intel Mac OS X 10_5_8) AppleWebKit/534.50.2 (KHTML, like Gecko) Version/5.0.6 Safari/533.22.3"
78.46.94.83 - - [01/Sep/2020:15:13:08 +0200] "GET /sonderthemen/oeaz2002.pdf HTTP/1.1" 200 3161455 "-" "Mozilla/5.0 (Macintosh; Intel Mac OS X 10_11_6) AppleWebKit/604.5.6 (KHTML, like Gecko) Version/11.0.3 Safari/604.5.6"
66.249.64.77 - - [01/Sep/2020:16:16:11 +0200] "GET /buecher/ HTTP/1.1" 200 25885 "-" "Mozilla/5.0 (compatible; Googlebot/2.1; +http://www.google.com/bot.html)"
66.249.64.73 - - [01/Sep/2020:16:26:10 +0200] "GET /cds/hymnos_heft.jpg HTTP/1.1" 200 8653 "-" "Googlebot-Image/1.0"
66.249.64.77 - - [01/Sep/2020:17:03:06 +0200] "GET /sonderthemen/oekz2003.pdf HTTP/1.1" 304 - "-" "Mozilla/5.0 (Linux; Android 6.0.1; Nexus 5X Build/MMB29P) AppleWebKit/537.36 (KHTML, like Gecko) Chrome/80.0.3987.92 Mobile Safari/537.36 (compatible; Googlebot/2.1; +http://www.google.com/bot.html)"
144.76.162.206 - - [01/Sep/2020:17:26:52 +0200] "GET /sonderthemen/presse.html HTTP/1.1" 200 5772 "-" "Mozilla/5.0 (compatible; MSIE 10.0; Windows NT 6.1; WOW64; Trident/6.0)"
178.137.165.245 - - [01/Sep/2020:17:30:47 +0200] "GET / HTTP/1.1" 200 9360 "https://pansionat-kyiv.com.ua/" "Mozilla/4.0 (compatible; MSIE 5.0; Windows 3.1)"
178.137.165.245 - - [01/Sep/2020:17:30:47 +0200] "GET / HTTP/1.1" 200 9360 "https://pansionat-kyiv.com.ua/" "Mozilla/4.0 (compatible; MSIE 5.0; Windows 3.1)"
178.137.165.245 - - [01/Sep/2020:17:30:47 +0200] "GET / HTTP/1.1" 200 9360 "https://pansionat-kyiv.com.ua/" "Mozilla/4.0 (compatible; MSIE 5.0; Windows 3.1)"
95.216.96.242 - - [01/Sep/2020:17:49:42 +0200] "GET /cds/ignatius.html HTTP/1.1" 200 6576 "http://www.morusverlag.de/" "Mozilla/5.0 (compatible; SEOkicks; +https://www.seokicks.de/robot.html)"
95.216.96.242 - - [01/Sep/2020:17:49:44 +0200] "GET /cds/hymnos_akathistos.html HTTP/1.1" 200 11061 "http://www.morusverlag.de/" "Mozilla/5.0 (compatible; SEOkicks; +https://www.seokicks.de/robot.html)"
95.216.96.242 - - [01/Sep/2020:17:49:47 +0200] "GET /buecher/rezensionen_chateaubriand.html HTTP/1.1" 200 47317 "http://www.morusverlag.de/" "Mozilla/5.0 (compatible; SEOkicks; +https://www.seokicks.de/robot.html)"
95.216.96.242 - - [01/Sep/2020:17:49:49 +0200] "GET /buecher/veroeffentlichungsliste.html HTTP/1.1" 200 129779 "http://www.morusverlag.de/" "Mozilla/5.0 (compatible; SEOkicks; +https://www.seokicks.de/robot.html)"
95.216.96.242 - - [01/Sep/2020:17:49:51 +0200] "GET /index.html HTTP/1.1" 200 9360 "http://www.morusverlag.de/buecher/index.html" "Mozilla/5.0 (compatible; SEOkicks; +https://www.seokicks.de/robot.html)"
95.216.96.242 - - [01/Sep/2020:17:49:53 +0200] "GET /buecher/bestellung.php HTTP/1.1" 200 10142 "http://www.morusverlag.de/buecher/index.html" "Mozilla/5.0 (compatible; SEOkicks; +https://www.seokicks.de/robot.html)"
95.216.96.242 - - [01/Sep/2020:17:49:58 +0200] "GET /buecher/rezensionen_psalmen.html HTTP/1.1" 200 6787 "http://www.morusverlag.de/buecher/index.html" "Mozilla/5.0 (compatible; SEOkicks; +https://www.seokicks.de/robot.html)"
95.216.96.242 - - [01/Sep/2020:17:50:00 +0200] "GET /buecher/rezensionen_engel.html HTTP/1.1" 200 6598 "http://www.morusverlag.de/buecher/index.html" "Mozilla/5.0 (compatible; SEOkicks; +https://www.seokicks.de/robot.html)"
