66.249.73.137 - - [14/Sep/2020:09:17:02 +0200] "GET /cds/hymnos_akathistos.html HTTP/1.1" 304 - "-" "Mozilla/5.0 (Linux; Android 6.0.1; Nexus 5X Build/MMB29P) AppleWebKit/537.36 (KHTML, like Gecko) Chrome/80.0.3987.92 Mobile Safari/537.36 (compatible; Googlebot/2.1; +http://www.google.com/bot.html)"
144.76.162.206 - - [14/Sep/2020:09:17:53 +0200] "GET /sonderthemen/sk2001.pdf HTTP/1.1" 200 3098589 "-" "Mozilla/5.0 (Macintosh; Intel Mac OS X 10_6_8) AppleWebKit/537.13+ (KHTML, like Gecko) Version/5.1.7 Safari/534.57.2"
66.249.73.137 - - [14/Sep/2020:09:18:28 +0200] "GET /cds/ignatius.html HTTP/1.1" 200 6576 "-" "Mozilla/5.0 (Linux; Android 6.0.1; Nexus 5X Build/MMB29P) AppleWebKit/537.36 (KHTML, like Gecko) Chrome/85.0.4183.112 Mobile Safari/537.36 (compatible; Googlebot/2.1; +http://www.google.com/bot.html)"
66.249.73.141 - - [14/Sep/2020:09:26:20 +0200] "GET /impressum.html HTTP/1.1" 200 2808 "-" "Mozilla/5.0 (Linux; Android 6.0.1; Nexus 5X Build/MMB29P) AppleWebKit/537.36 (KHTML, like Gecko) Chrome/85.0.4183.112 Mobile Safari/537.36 (compatible; Googlebot/2.1; +http://www.google.com/bot.html)"
114.119.128.132 - - [14/Sep/2020:09:33:25 +0200] "GET /robots.txt HTTP/1.1" 200 100 "-" "(compatible;PetalBot;+http://aspiegel.com/petalbot)"
198.204.243.138 - - [14/Sep/2020:09:37:00 +0200] "GET /robots.txt HTTP/1.1" 200 100 "-" "Mozilla/5.0 (compatible; MJ12bot/v1.4.8; http://mj12bot.com/)"
198.204.243.138 - - [14/Sep/2020:09:37:02 +0200] "GET /index.html HTTP/1.1" 200 9360 "-" "Mozilla/5.0 (compatible; MJ12bot/v1.4.8; http://mj12bot.com/)"
198.204.243.138 - - [14/Sep/2020:09:37:04 +0200] "GET /jahrbuch/bestellung.php HTTP/1.1" 200 10316 "-" "Mozilla/5.0 (compatible; MJ12bot/v1.4.8; http://mj12bot.com/)"
54.36.148.234 - - [14/Sep/2020:09:39:17 +0200] "GET /robots.txt HTTP/1.1" 200 100 "-" "Mozilla/5.0 (compatible; AhrefsBot/6.1; +http://ahrefs.com/robot/)"
54.36.148.126 - - [14/Sep/2020:09:39:18 +0200] "GET /buecher/veroeffentlichungsliste.html HTTP/1.1" 200 129779 "-" "Mozilla/5.0 (compatible; AhrefsBot/7.0; +http://ahrefs.com/robot/)"
114.119.131.42 - - [14/Sep/2020:10:44:13 +0200] "GET /robots.txt HTTP/1.1" 200 100 "-" "(compatible;PetalBot;+http://aspiegel.com/petalbot)"
178.128.196.240 - - [14/Sep/2020:11:00:43 +0200] "GET /sonderthemen/sk2000.pdf HTTP/1.0" 200 2925489 "-" "Mozilla/5.0 (Windows NT 10.0; Win64; x64) AppleWebKit/537.36 (KHTML, like Gecko) Chrome/79.0.3945.117 Safari/537.36"
178.128.196.240 - - [14/Sep/2020:11:00:45 +0200] "GET / HTTP/1.0" 200 9360 "-" "Mozilla/5.0 (Windows NT 10.0; Win64; x64) AppleWebKit/537.36 (KHTML, like Gecko) Chrome/79.0.3945.117 Safari/537.36"
178.128.196.240 - - [14/Sep/2020:11:00:45 +0200] "GET /impressum.html HTTP/1.0" 200 2808 "-" "Mozilla/5.0 (Windows NT 10.0; Win64; x64) AppleWebKit/537.36 (KHTML, like Gecko) Chrome/79.0.3945.117 Safari/537.36"
114.119.140.113 - - [14/Sep/2020:11:11:39 +0200] "GET /buecher/rezensionen_psalmen.html HTTP/1.1" 200 6787 "-" "Mozilla/5.0 (Linux; Android 7.0;) AppleWebKit/537.36 (KHTML, like Gecko) Mobile Safari/537.36 (compatible; PetalBot;+http://aspiegel.com/petalbot)"
114.119.158.31 - - [14/Sep/2020:11:46:04 +0200] "GET /cds/index.html HTTP/1.1" 200 7987 "-" "Mozilla/5.0 (Linux; Android 7.0;) AppleWebKit/537.36 (KHTML, like Gecko) Mobile Safari/537.36 (compatible; PetalBot;+http://aspiegel.com/petalbot)"
114.119.135.181 - - [14/Sep/2020:11:54:27 +0200] "GET /robots.txt HTTP/1.1" 200 100 "-" "(compatible;PetalBot;+http://aspiegel.com/petalbot)"
114.119.154.65 - - [14/Sep/2020:12:16:21 +0200] "GET / HTTP/1.1" 200 9360 "-" "Mozilla/5.0 (Linux; Android 7.0;) AppleWebKit/537.36 (KHTML, like Gecko) Mobile Safari/537.36 (compatible; PetalBot;+http://aspiegel.com/petalbot)"
114.119.151.119 - - [14/Sep/2020:12:40:46 +0200] "GET /cds/glockenspiel2.html HTTP/1.1" 200 9831 "-" "Mozilla/5.0 (Linux; Android 7.0;) AppleWebKit/537.36 (KHTML, like Gecko) Mobile Safari/537.36 (compatible; PetalBot;+http://aspiegel.com/petalbot)"
207.46.13.61 - - [14/Sep/2020:12:44:02 +0200] "GET /cds/ignatius.html HTTP/1.1" 200 6576 "-" "Mozilla/5.0 (compatible; bingbot/2.0; +http://www.bing.com/bingbot.htm)"
66.249.73.141 - - [14/Sep/2020:12:50:20 +0200] "GET /sonderthemen/sk2000.pdf HTTP/1.1" 200 2925489 "-" "Mozilla/5.0 (compatible; Googlebot/2.1; +http://www.google.com/bot.html)"
185.191.171.24 - - [14/Sep/2020:13:00:12 +0200] "GET /robots.txt HTTP/1.1" 200 100 "-" "Mozilla/5.0 (compatible; SemrushBot/6~bl; +http://www.semrush.com/bot.html)"
185.191.171.8 - - [14/Sep/2020:13:00:13 +0200] "GET /buecher/bestellung.php HTTP/1.1" 200 10142 "-" "Mozilla/5.0 (compatible; SemrushBot/6~bl; +http://www.semrush.com/bot.html)"
114.119.130.125 - - [14/Sep/2020:13:05:19 +0200] "GET /robots.txt HTTP/1.1" 200 100 "-" "(compatible;PetalBot;+http://aspiegel.com/petalbot)"
114.119.142.173 - - [14/Sep/2020:13:29:47 +0200] "GET /buecher/veroeffentlichungsliste.html HTTP/1.1" 200 129779 "-" "Mozilla/5.0 (Linux; Android 7.0;) AppleWebKit/537.36 (KHTML, like Gecko) Mobile Safari/537.36 (compatible; PetalBot;+http://aspiegel.com/petalbot)"
78.46.90.120 - - [14/Sep/2020:14:09:37 +0200] "GET /sonderthemen/oekt_extra2.pdf HTTP/1.1" 200 1939949 "-" "Mozilla/5.0 (Windows NT 6.3; Win64; x64; rv:57.0) Gecko/20100101 Firefox/57.0"
84.38.129.102 - - [14/Sep/2020:14:24:57 +0200] "GET / HTTP/1.1" 200 9360 "-" "Java/1.8.0_261"
84.38.129.102 - - [14/Sep/2020:14:24:57 +0200] "GET /impressum.html HTTP/1.1" 200 2808 "-" "Java/1.8.0_261"
84.38.129.102 - - [14/Sep/2020:14:24:57 +0200] "GET /index.html HTTP/1.1" 200 9360 "-" "Java/1.8.0_261"
84.38.129.102 - - [14/Sep/2020:14:24:57 +0200] "GET /buecher/index.html HTTP/1.1" 200 25885 "-" "Java/1.8.0_261"
84.38.129.102 - - [14/Sep/2020:14:24:57 +0200] "GET /buecher/rezensionen_chateaubriand.html HTTP/1.1" 200 47317 "-" "Java/1.8.0_261"
84.38.129.102 - - [14/Sep/2020:14:24:58 +0200] "GET /buecher/veroeffentlichungsliste.html HTTP/1.1" 200 129779 "-" "Java/1.8.0_261"
84.38.129.102 - - [14/Sep/2020:14:24:58 +0200] "GET /cds/hymnos_akathistos.html HTTP/1.1" 200 11061 "-" "Java/1.8.0_261"
84.38.129.102 - - [14/Sep/2020:14:24:58 +0200] "GET /cds/ignatius.html HTTP/1.1" 200 6576 "-" "Java/1.8.0_261"
84.38.129.102 - - [14/Sep/2020:14:24:58 +0200] "GET /cds/index.html HTTP/1.1" 200 7987 "-" "Java/1.8.0_261"
84.38.129.102 - - [14/Sep/2020:14:24:58 +0200] "GET /cds/rosarium.html HTTP/1.1" 200 6680 "-" "Java/1.8.0_261"
84.38.129.102 - - [14/Sep/2020:14:24:58 +0200] "GET /gotteslob/index.html HTTP/1.1" 200 2770 "-" "Java/1.8.0_261"
84.38.129.102 - - [14/Sep/2020:14:24:58 +0200] "GET /jahrbuch/index.html HTTP/1.1" 200 3956 "-" "Java/1.8.0_261"
84.38.129.102 - - [14/Sep/2020:14:24:58 +0200] "GET /kontakt/index.html HTTP/1.1" 200 2896 "-" "Java/1.8.0_261"
84.38.129.102 - - [14/Sep/2020:14:24:58 +0200] "GET /sonderthemen/index.html HTTP/1.1" 200 7102 "-" "Java/1.8.0_261"
84.38.129.102 - - [14/Sep/2020:14:24:58 +0200] "GET /buecher/bestellung.php HTTP/1.1" 200 10142 "-" "Java/1.8.0_261"
84.38.129.102 - - [14/Sep/2020:14:24:58 +0200] "GET /buecher/diskussion.html HTTP/1.1" 200 9925 "-" "Java/1.8.0_261"
84.38.129.102 - - [14/Sep/2020:14:24:58 +0200] "GET /buecher/rezensionen_engel.html HTTP/1.1" 200 6598 "-" "Java/1.8.0_261"
84.38.129.102 - - [14/Sep/2020:14:24:58 +0200] "GET /buecher/rezensionen_krise_zum_heil.html HTTP/1.1" 200 9828 "-" "Java/1.8.0_261"
84.38.129.102 - - [14/Sep/2020:14:24:59 +0200] "GET /buecher/rezensionen_le_saulchoir.html HTTP/1.1" 200 34009 "-" "Java/1.8.0_261"
84.38.129.102 - - [14/Sep/2020:14:24:59 +0200] "GET /buecher/rezensionen_leiblichkeit_und_zeitlichkeit.html HTTP/1.1" 200 8821 "-" "Java/1.8.0_261"
84.38.129.102 - - [14/Sep/2020:14:24:59 +0200] "GET /buecher/rezensionen_nicht_auf_sand_gebaut.html HTTP/1.1" 200 6594 "-" "Java/1.8.0_261"
84.38.129.102 - - [14/Sep/2020:14:24:59 +0200] "GET /buecher/rezensionen_preysing.html HTTP/1.1" 200 9502 "-" "Java/1.8.0_261"
84.38.129.102 - - [14/Sep/2020:14:24:59 +0200] "GET /buecher/rezensionen_psalmen.html HTTP/1.1" 200 6787 "-" "Java/1.8.0_261"
84.38.129.102 - - [14/Sep/2020:14:24:59 +0200] "GET /contentflow/contentflow.js HTTP/1.1" 200 42064 "-" "Java/1.8.0_261"
84.38.129.102 - - [14/Sep/2020:14:24:59 +0200] "GET /buecher/rezensionen.html HTTP/1.1" 200 6964 "-" "Java/1.8.0_261"
84.38.129.102 - - [14/Sep/2020:14:24:59 +0200] "GET /buecher/rezensionen_ignatius.html HTTP/1.1" 200 8182 "-" "Java/1.8.0_261"
84.38.129.102 - - [14/Sep/2020:14:24:59 +0200] "GET /cds/astazi.html HTTP/1.1" 200 8453 "-" "Java/1.8.0_261"
84.38.129.102 - - [14/Sep/2020:14:24:59 +0200] "GET /cds/glockenspiel1.html HTTP/1.1" 200 9736 "-" "Java/1.8.0_261"
84.38.129.102 - - [14/Sep/2020:14:24:59 +0200] "GET /cds/glockenspiel2.html HTTP/1.1" 200 9831 "-" "Java/1.8.0_261"
84.38.129.102 - - [14/Sep/2020:14:24:59 +0200] "GET /cds/lumina.html HTTP/1.1" 200 9000 "-" "Java/1.8.0_261"
84.38.129.102 - - [14/Sep/2020:14:24:59 +0200] "GET /jahrbuch/bestellung.php HTTP/1.1" 200 10316 "-" "Java/1.8.0_261"
84.38.129.102 - - [14/Sep/2020:14:24:59 +0200] "GET /sonderthemen/archiv.html HTTP/1.1" 200 6959 "-" "Java/1.8.0_261"
84.38.129.102 - - [14/Sep/2020:14:24:59 +0200] "GET /sonderthemen/presse.html HTTP/1.1" 200 5772 "-" "Java/1.8.0_261"
84.38.129.102 - - [14/Sep/2020:14:24:59 +0200] "GET /contentflow/\"+K.src+\" HTTP/1.1" 404 2381 "-" "Java/1.8.0_261"
216.244.66.237 - - [14/Sep/2020:14:31:33 +0200] "GET /robots.txt HTTP/1.1" 200 100 "-" "Mozilla/5.0 (compatible; DotBot/1.1; http://www.opensiteexplorer.org/dotbot, help@moz.com)"
216.244.66.237 - - [14/Sep/2020:14:37:14 +0200] "GET /buecher/gesichter/18.jpg HTTP/1.1" 200 8757 "-" "Mozilla/5.0 (compatible; DotBot/1.1; http://www.opensiteexplorer.org/dotbot, help@moz.com)"
157.55.39.175 - - [14/Sep/2020:14:49:48 +0200] "GET /sonderthemen/sk2001.pdf HTTP/1.1" 200 3098589 "-" "Mozilla/5.0 (compatible; bingbot/2.0; +http://www.bing.com/bingbot.htm)"
114.119.150.227 - - [14/Sep/2020:14:53:01 +0200] "GET /buecher/guardini HTTP/1.1" 404 2381 "-" "Mozilla/5.0 (Linux; Android 7.0;) AppleWebKit/537.36 (KHTML, like Gecko) Mobile Safari/537.36 (compatible; PetalBot;+http://aspiegel.com/petalbot)"
114.119.150.227 - - [14/Sep/2020:15:25:16 +0200] "GET /jahrbuch/bestellung.php HTTP/1.1" 200 10316 "-" "Mozilla/5.0 (Linux; Android 7.0;) AppleWebKit/537.36 (KHTML, like Gecko) Mobile Safari/537.36 (compatible; PetalBot;+http://aspiegel.com/petalbot)"
66.249.73.137 - - [14/Sep/2020:15:41:32 +0200] "GET /robots.txt HTTP/1.1" 200 100 "-" "Mozilla/5.0 (compatible; Googlebot/2.1; +http://www.google.com/bot.html)"
66.249.73.137 - - [14/Sep/2020:15:41:32 +0200] "GET /sonderthemen/az2003.pdf HTTP/1.1" 304 - "-" "Mozilla/5.0 (Linux; Android 6.0.1; Nexus 5X Build/MMB29P) AppleWebKit/537.36 (KHTML, like Gecko) Chrome/80.0.3987.92 Mobile Safari/537.36 (compatible; Googlebot/2.1; +http://www.google.com/bot.html)"
95.217.203.179 - - [14/Sep/2020:15:45:40 +0200] "GET /buecher/rezensionen_krise_zum_heil.html HTTP/1.1" 200 9828 "-" "Mozilla/5.0 (compatible; Seekport Crawler; http://seekport.com/"
95.217.203.179 - - [14/Sep/2020:15:45:40 +0200] "GET /buecher/rezensionen_ungeteilt.html HTTP/1.1" 200 9764 "-" "Mozilla/5.0 (compatible; Seekport Crawler; http://seekport.com/"
66.249.73.137 - - [14/Sep/2020:15:51:20 +0200] "GET /cds/ HTTP/1.1" 200 7987 "-" "Mozilla/5.0 (Linux; Android 6.0.1; Nexus 5X Build/MMB29P) AppleWebKit/537.36 (KHTML, like Gecko) Chrome/80.0.3987.92 Mobile Safari/537.36 (compatible; Googlebot/2.1; +http://www.google.com/bot.html)"
207.46.13.85 - - [14/Sep/2020:15:54:14 +0200] "GET /sonderthemen/sk2004.pdf HTTP/1.1" 304 - "-" "Mozilla/5.0 (compatible; bingbot/2.0; +http://www.bing.com/bingbot.htm)"
78.46.94.83 - - [14/Sep/2020:16:03:36 +0200] "GET /buecher/ HTTP/1.1" 200 25885 "-" "Mozilla/5.0 (Macintosh; Intel Mac OS X 10.12; rv:58.0) Gecko/20100101 Firefox/58.0"
46.4.83.150 - - [14/Sep/2020:16:05:30 +0200] "GET /buecher/ HTTP/1.1" 200 25885 "-" "Mozilla/5.0 (Windows NT 6.1; Win64; x64) AppleWebKit/537.36 (KHTML, like Gecko) Chrome/64.0.3282.140 Safari/537.36"
185.224.132.45 - - [14/Sep/2020:16:08:04 +0200] "HEAD / HTTP/1.1" 200 - "https://www.amandine.ru" "Mozilla/4.0 (compatible; MSIE5.00; Windows 2006)"
185.214.164.198 - - [14/Sep/2020:16:08:04 +0200] "HEAD / HTTP/1.1" 200 - "https://coronavirus-covid.info" "Mozilla/3.0 (compatible; MSIE4.00; Windows 2003)"
85.209.89.205 - - [14/Sep/2020:16:08:12 +0200] "HEAD / HTTP/1.1" 200 - "https://nebolitzhivot.ru" "Mozilla/2.0 (compatible; MSIE2.00; Windows 2005)"
85.209.89.217 - - [14/Sep/2020:16:08:37 +0200] "HEAD / HTTP/1.1" 200 - "https://relaminat.ru" "Mozilla/4.0 (compatible; MSIE3.00; Windows 2004)"
85.209.89.224 - - [14/Sep/2020:16:08:40 +0200] "HEAD / HTTP/1.1" 200 - "https://sirius-el.ru" "Mozilla/8.0 (compatible; MSIE3.00; Windows 2009)"
66.249.73.137 - - [14/Sep/2020:16:09:48 +0200] "GET /sonderthemen/az2000.pdf HTTP/1.1" 200 2253581 "-" "Mozilla/5.0 (compatible; Googlebot/2.1; +http://www.google.com/bot.html)"
85.209.89.216 - - [14/Sep/2020:16:13:42 +0200] "HEAD / HTTP/1.1" 200 - "https://girlpas.ru" "Mozilla/4.0 (compatible; MSIE5.00; Windows 2009)"
114.119.157.241 - - [14/Sep/2020:16:14:40 +0200] "GET /impressum.html HTTP/1.1" 200 2808 "-" "Mozilla/5.0 (Linux; Android 7.0;) AppleWebKit/537.36 (KHTML, like Gecko) Mobile Safari/537.36 (compatible; PetalBot;+http://aspiegel.com/petalbot)"
85.209.89.241 - - [14/Sep/2020:16:15:37 +0200] "HEAD / HTTP/1.1" 200 - "https://ritual.net.ua" "Mozilla/4.0 (compatible; MSIE5.00; Windows 2009)"
194.67.210.77 - - [14/Sep/2020:16:23:20 +0200] "HEAD / HTTP/1.1" 200 - "https://elektrik-simferopol.ru" "Mozilla/2.0 (compatible; MSIE4.00; Windows 2002)"
193.124.188.188 - - [14/Sep/2020:16:24:17 +0200] "HEAD / HTTP/1.1" 200 - "https://gadget-news.net" "Mozilla/6.0 (compatible; MSIE4.00; Windows 2002)"
193.124.188.83 - - [14/Sep/2020:16:24:18 +0200] "HEAD / HTTP/1.1" 200 - "https://diaval.ru" "Mozilla/2.0 (compatible; MSIE4.00; Windows 2005)"
185.5.249.185 - - [14/Sep/2020:16:29:07 +0200] "HEAD / HTTP/1.1" 200 - "https://arte.style" "Mozilla/2.0 (compatible; MSIE3.00; Windows 2009)"
185.125.219.13 - - [14/Sep/2020:16:29:07 +0200] "HEAD / HTTP/1.1" 200 - "https://neoceramica.kz" "Mozilla/2.0 (compatible; MSIE3.00; Windows 2004)"
194.67.207.9 - - [14/Sep/2020:16:29:09 +0200] "HEAD / HTTP/1.1" 200 - "https://resnichkinn.ru" "Mozilla/8.0 (compatible; MSIE5.00; Windows 2009)"
194.67.207.94 - - [14/Sep/2020:16:29:10 +0200] "HEAD / HTTP/1.1" 200 - "https://profmetmontazh.ru" "Mozilla/3.0 (compatible; MSIE7.00; Windows 2003)"
193.124.191.92 - - [14/Sep/2020:16:37:52 +0200] "HEAD / HTTP/1.1" 200 - "https://www.doktorstress.ru" "Mozilla/3.0 (compatible; MSIE4.00; Windows 2006)"
193.124.190.18 - - [14/Sep/2020:16:37:54 +0200] "HEAD / HTTP/1.1" 200 - "https://puppet-studio.com.ua" "Mozilla/6.0 (compatible; MSIE7.00; Windows 2009)"
66.249.73.141 - - [14/Sep/2020:16:39:43 +0200] "GET /buecher/rezensionen_chateaubriand.html HTTP/1.1" 200 47317 "-" "Mozilla/5.0 (Linux; Android 6.0.1; Nexus 5X Build/MMB29P) AppleWebKit/537.36 (KHTML, like Gecko) Chrome/85.0.4183.112 Mobile Safari/537.36 (compatible; Googlebot/2.1; +http://www.google.com/bot.html)"
66.249.73.141 - - [14/Sep/2020:16:40:38 +0200] "GET /jahrbuch/index.html HTTP/1.1" 200 3956 "-" "Mozilla/5.0 (Linux; Android 6.0.1; Nexus 5X Build/MMB29P) AppleWebKit/537.36 (KHTML, like Gecko) Chrome/85.0.4183.112 Mobile Safari/537.36 (compatible; Googlebot/2.1; +http://www.google.com/bot.html)"
66.249.73.137 - - [14/Sep/2020:16:41:49 +0200] "GET /cds/index.html HTTP/1.1" 200 7987 "-" "Mozilla/5.0 (Linux; Android 6.0.1; Nexus 5X Build/MMB29P) AppleWebKit/537.36 (KHTML, like Gecko) Chrome/85.0.4183.112 Mobile Safari/537.36 (compatible; Googlebot/2.1; +http://www.google.com/bot.html)"
66.249.73.137 - - [14/Sep/2020:16:42:41 +0200] "GET /cds/lumina.html HTTP/1.1" 200 9000 "-" "Mozilla/5.0 (Linux; Android 6.0.1; Nexus 5X Build/MMB29P) AppleWebKit/537.36 (KHTML, like Gecko) Chrome/85.0.4183.112 Mobile Safari/537.36 (compatible; Googlebot/2.1; +http://www.google.com/bot.html)"
66.249.73.137 - - [14/Sep/2020:16:43:49 +0200] "GET /cds/astazi.html HTTP/1.1" 200 8453 "-" "Mozilla/5.0 (Linux; Android 6.0.1; Nexus 5X Build/MMB29P) AppleWebKit/537.36 (KHTML, like Gecko) Chrome/85.0.4183.112 Mobile Safari/537.36 (compatible; Googlebot/2.1; +http://www.google.com/bot.html)"
66.249.73.141 - - [14/Sep/2020:16:44:48 +0200] "GET /cds/glockenspiel1.html HTTP/1.1" 200 9736 "-" "Mozilla/5.0 (Linux; Android 6.0.1; Nexus 5X Build/MMB29P) AppleWebKit/537.36 (KHTML, like Gecko) Chrome/85.0.4183.112 Mobile Safari/537.36 (compatible; Googlebot/2.1; +http://www.google.com/bot.html)"
66.249.73.137 - - [14/Sep/2020:16:45:50 +0200] "GET /cds/hymnos_akathistos.html HTTP/1.1" 200 11061 "-" "Mozilla/5.0 (Linux; Android 6.0.1; Nexus 5X Build/MMB29P) AppleWebKit/537.36 (KHTML, like Gecko) Chrome/85.0.4183.112 Mobile Safari/537.36 (compatible; Googlebot/2.1; +http://www.google.com/bot.html)"
66.249.73.141 - - [14/Sep/2020:16:46:52 +0200] "GET /cds/glockenspiel2.html HTTP/1.1" 200 9831 "-" "Mozilla/5.0 (Linux; Android 6.0.1; Nexus 5X Build/MMB29P) AppleWebKit/537.36 (KHTML, like Gecko) Chrome/85.0.4183.112 Mobile Safari/537.36 (compatible; Googlebot/2.1; +http://www.google.com/bot.html)"
66.249.73.141 - - [14/Sep/2020:16:47:56 +0200] "GET /kontakt/index.html HTTP/1.1" 200 2896 "-" "Mozilla/5.0 (Linux; Android 6.0.1; Nexus 5X Build/MMB29P) AppleWebKit/537.36 (KHTML, like Gecko) Chrome/85.0.4183.112 Mobile Safari/537.36 (compatible; Googlebot/2.1; +http://www.google.com/bot.html)"
114.119.151.119 - - [14/Sep/2020:16:54:17 +0200] "GET /leserreisen/index.html HTTP/1.1" 404 2381 "-" "Mozilla/5.0 (Linux; Android 7.0;) AppleWebKit/537.36 (KHTML, like Gecko) Mobile Safari/537.36 (compatible; PetalBot;+http://aspiegel.com/petalbot)"
66.249.73.137 - - [14/Sep/2020:17:32:00 +0200] "GET /buecher/index.html HTTP/1.1" 200 25885 "-" "Mozilla/5.0 (Linux; Android 6.0.1; Nexus 5X Build/MMB29P) AppleWebKit/537.36 (KHTML, like Gecko) Chrome/85.0.4183.112 Mobile Safari/537.36 (compatible; Googlebot/2.1; +http://www.google.com/bot.html)"
78.46.94.83 - - [14/Sep/2020:17:42:26 +0200] "GET /buecher/ HTTP/1.1" 200 25885 "-" "Mozilla/5.0 (Macintosh; Intel Mac OS X 1084) AppleWebKit/536.28.10 (KHTML like Gecko) Version/6.0.3 Safari/536.28.10"
5.9.145.132 - - [14/Sep/2020:17:42:40 +0200] "GET /buecher/ HTTP/1.1" 200 25885 "-" "Mozilla/5.0 (Macintosh; Intel Mac OS X 10_5_8) AppleWebKit/534.50.2 (KHTML, like Gecko) Version/5.0.6 Safari/533.22.3"
66.249.73.141 - - [14/Sep/2020:17:49:30 +0200] "GET /sonderthemen/sk2002.pdf HTTP/1.1" 200 2628923 "-" "Mozilla/5.0 (compatible; Googlebot/2.1; +http://www.google.com/bot.html)"
148.251.50.77 - - [14/Sep/2020:17:51:16 +0200] "GET /sonderthemen/oeaz2002.pdf HTTP/1.1" 200 3161455 "-" "Mozilla/5.0 (X11; Linux x86_64; rv:58.0) Gecko/20100101 Firefox/58.0"
114.119.142.112 - - [14/Sep/2020:18:39:36 +0200] "GET /cds/lumina.html HTTP/1.1" 200 9000 "-" "Mozilla/5.0 (Linux; Android 7.0;) AppleWebKit/537.36 (KHTML, like Gecko) Mobile Safari/537.36 (compatible; PetalBot;+http://aspiegel.com/petalbot)"
66.249.73.137 - - [14/Sep/2020:18:49:05 +0200] "GET /gotteslob/index.html HTTP/1.1" 200 2770 "-" "Mozilla/5.0 (Linux; Android 6.0.1; Nexus 5X Build/MMB29P) AppleWebKit/537.36 (KHTML, like Gecko) Chrome/85.0.4183.112 Mobile Safari/537.36 (compatible; Googlebot/2.1; +http://www.google.com/bot.html)"
66.249.73.137 - - [14/Sep/2020:19:06:45 +0200] "GET /buecher/rezensionen_ignatius.html HTTP/1.1" 200 8182 "-" "Mozilla/5.0 (Linux; Android 6.0.1; Nexus 5X Build/MMB29P) AppleWebKit/537.36 (KHTML, like Gecko) Chrome/85.0.4183.113 Mobile Safari/537.36 (compatible; Googlebot/2.1; +http://www.google.com/bot.html)"
66.249.73.137 - - [14/Sep/2020:19:18:51 +0200] "GET /cds/simplay_control.swf HTTP/1.1" 200 1243 "-" "Mozilla/5.0 (Linux; Android 6.0.1; Nexus 5X Build/MMB29P) AppleWebKit/537.36 (KHTML, like Gecko) Chrome/85.0.4183.113 Mobile Safari/537.36 (compatible; Googlebot/2.1; +http://www.google.com/bot.html)"
66.249.73.141 - - [14/Sep/2020:19:23:36 +0200] "GET /sonderthemen/index.html HTTP/1.1" 200 7102 "-" "Mozilla/5.0 (Linux; Android 6.0.1; Nexus 5X Build/MMB29P) AppleWebKit/537.36 (KHTML, like Gecko) Chrome/85.0.4183.113 Mobile Safari/537.36 (compatible; Googlebot/2.1; +http://www.google.com/bot.html)"
66.249.73.139 - - [14/Sep/2020:19:29:54 +0200] "GET /sonderthemen/oekt_extra2.pdf HTTP/1.1" 200 1939949 "-" "Mozilla/5.0 (Linux; Android 6.0.1; Nexus 5X Build/MMB29P) AppleWebKit/537.36 (KHTML, like Gecko) Chrome/85.0.4183.113 Mobile Safari/537.36 (compatible; Googlebot/2.1; +http://www.google.com/bot.html)"
46.118.158.198 - - [14/Sep/2020:20:28:12 +0200] "GET / HTTP/1.1" 200 9360 "https://pansionat-kyiv.com.ua/" "Mozilla/4.0 (compatible; MSIE 5.5; Windows NT 5.0)"
46.118.158.198 - - [14/Sep/2020:20:28:12 +0200] "GET / HTTP/1.1" 200 9360 "https://pansionat-kyiv.com.ua/" "Mozilla/4.0 (compatible; MSIE 5.5; Windows NT 5.0)"
46.118.158.198 - - [14/Sep/2020:20:28:13 +0200] "GET / HTTP/1.1" 200 9360 "https://pansionat-kyiv.com.ua/" "Mozilla/4.0 (compatible; MSIE 5.5; Windows NT 5.0)"
88.198.90.9 - - [14/Sep/2020:20:38:38 +0200] "GET /sonderthemen/sk2000.pdf HTTP/1.1" 200 2925489 "-" "Mozilla/5.0 (Macintosh; Intel Mac OS X 10_13_3) AppleWebKit/604.5.6 (KHTML, like Gecko) Version/11.0.3 Safari/604.5.6"
114.119.128.40 - - [14/Sep/2020:20:45:35 +0200] "GET /buecher HTTP/1.1" 301 354 "-" "Mozilla/5.0 (Linux; Android 7.0;) AppleWebKit/537.36 (KHTML, like Gecko) Mobile Safari/537.36 (compatible; PetalBot;+http://aspiegel.com/petalbot)"
114.119.128.40 - - [14/Sep/2020:20:45:36 +0200] "GET /buecher/ HTTP/1.1" 200 25885 "-" "Mozilla/5.0 (Linux; Android 7.0;) AppleWebKit/537.36 (KHTML, like Gecko) Mobile Safari/537.36 (compatible; PetalBot;+http://aspiegel.com/petalbot)"
207.46.13.61 - - [14/Sep/2020:21:22:08 +0200] "GET /cds/ignatius.html HTTP/1.1" 200 6576 "-" "Mozilla/5.0 (compatible; bingbot/2.0; +http://www.bing.com/bingbot.htm)"
79.223.183.63 - - [14/Sep/2020:21:26:52 +0200] "GET /sonderthemen/sk2001.pdf HTTP/1.1" 200 3098589 "https://www.google.com/" "Mozilla/5.0 (Linux; Android 6.0.1; SM-A500FU) AppleWebKit/537.36 (KHTML, like Gecko) Chrome/85.0.4183.101 Mobile Safari/537.36"
79.223.183.63 - - [14/Sep/2020:21:26:53 +0200] "GET /sonderthemen/sk2001.pdf HTTP/1.1" 206 1733256 "https://www.google.com/" "Mozilla/5.0 (Linux; Android 6.0.1; SM-A500FU) AppleWebKit/537.36 (KHTML, like Gecko) Chrome/85.0.4183.101 Mobile Safari/537.36"
79.223.183.63 - - [14/Sep/2020:21:27:01 +0200] "GET /sonderthemen/sk2001.pdf HTTP/1.1" 206 1733256 "https://www.google.com/" "Mozilla/5.0 (Linux; Android 6.0.1; SM-A500FU) AppleWebKit/537.36 (KHTML, like Gecko) Chrome/85.0.4183.101 Mobile Safari/537.36"
157.55.39.44 - - [14/Sep/2020:21:31:12 +0200] "GET /robots.txt HTTP/1.1" 200 100 "-" "Mozilla/5.0 (compatible; bingbot/2.0; +http://www.bing.com/bingbot.htm)"
91.143.88.40 - - [14/Sep/2020:21:35:14 +0200] "GET /robots.txt HTTP/1.1" 200 100 "-" "Mozilla/5.0 (Windows NT 10.0; Win64; x64; rv:72.0) Gecko/20100101 Firefox/72.0"
91.143.88.40 - - [14/Sep/2020:21:35:14 +0200] "GET / HTTP/1.1" 200 9360 "-" "Mozilla/5.0 (Windows NT 10.0; Win64; x64; rv:72.0) Gecko/20100101 Firefox/72.0"
42.236.39.143 - - [14/Sep/2020:22:45:12 +0200] "GET / HTTP/1.1" 200 9360 "http://www.morusverlag.de/" "Mozilla/5.0 (Windows NT 6.1; WOW64) AppleWebKit/537.36 (KHTML, like Gecko) Chrome/50.4.2661.102 Safari/537.36; 360Spider"
54.36.148.138 - - [14/Sep/2020:22:48:06 +0200] "GET /buecher/index.html HTTP/1.1" 200 25885 "-" "Mozilla/5.0 (compatible; AhrefsBot/7.0; +http://ahrefs.com/robot/)"
114.119.128.40 - - [14/Sep/2020:22:52:27 +0200] "GET /cds/rosarium.html HTTP/1.1" 200 6680 "-" "Mozilla/5.0 (Linux; Android 7.0;) AppleWebKit/537.36 (KHTML, like Gecko) Mobile Safari/537.36 (compatible; PetalBot;+http://aspiegel.com/petalbot)"
37.229.252.28 - - [14/Sep/2020:22:53:26 +0200] "GET / HTTP/1.1" 200 9360 "https://www.mosrif.ru/produktsiya/podokonniki" "Mozilla/4.0 (compatible; MSIE 6.0; AOL 9.0; Windows NT 5.1)"
37.229.252.28 - - [14/Sep/2020:22:53:27 +0200] "GET / HTTP/1.1" 200 9360 "https://www.mosrif.ru/produktsiya/podokonniki" "Mozilla/4.0 (compatible; MSIE 6.0; AOL 9.0; Windows NT 5.1)"
37.229.252.28 - - [14/Sep/2020:22:53:27 +0200] "GET / HTTP/1.1" 200 9360 "https://www.mosrif.ru/produktsiya/podokonniki" "Mozilla/4.0 (compatible; MSIE 6.0; AOL 9.0; Windows NT 5.1)"
114.119.158.31 - - [14/Sep/2020:22:57:31 +0200] "GET /sonderthemen/archiv.html HTTP/1.1" 200 6959 "-" "Mozilla/5.0 (Linux; Android 7.0;) AppleWebKit/537.36 (KHTML, like Gecko) Mobile Safari/537.36 (compatible; PetalBot;+http://aspiegel.com/petalbot)"
144.76.102.243 - - [14/Sep/2020:23:17:38 +0200] "GET /sonderthemen/oekt_extra2.pdf HTTP/1.1" 200 1939949 "-" "Mozilla/5.0 (Macintosh; Intel Mac OS X 10_6_8) AppleWebKit/534.59.8 (KHTML, like Gecko) Version/5.1.9 Safari/534.59.8"
213.162.73.29 - - [14/Sep/2020:23:20:28 +0200] "GET /cds/hymnos_akathistos.html HTTP/1.1" 200 11061 "-" "Mozilla/5.0 (Linux; Android 8.0.0; SAMSUNG SM-A520F) AppleWebKit/537.36 (KHTML, like Gecko) SamsungBrowser/11.1 Chrome/75.0.3770.143 Mobile Safari/537.36"
213.162.73.29 - - [14/Sep/2020:23:20:28 +0200] "GET /main.css HTTP/1.1" 200 1439 "http://www.morusverlag.de/cds/hymnos_akathistos.html" "Mozilla/5.0 (Linux; Android 8.0.0; SAMSUNG SM-A520F) AppleWebKit/537.36 (KHTML, like Gecko) SamsungBrowser/11.1 Chrome/75.0.3770.143 Mobile Safari/537.36"
213.162.73.29 - - [14/Sep/2020:23:20:28 +0200] "GET /logo_g.gif HTTP/1.1" 200 1301 "http://www.morusverlag.de/cds/hymnos_akathistos.html" "Mozilla/5.0 (Linux; Android 8.0.0; SAMSUNG SM-A520F) AppleWebKit/537.36 (KHTML, like Gecko) SamsungBrowser/11.1 Chrome/75.0.3770.143 Mobile Safari/537.36"
213.162.73.29 - - [14/Sep/2020:23:20:28 +0200] "GET /mv_g.gif HTTP/1.1" 200 4070 "http://www.morusverlag.de/cds/hymnos_akathistos.html" "Mozilla/5.0 (Linux; Android 8.0.0; SAMSUNG SM-A520F) AppleWebKit/537.36 (KHTML, like Gecko) SamsungBrowser/11.1 Chrome/75.0.3770.143 Mobile Safari/537.36"
213.162.73.29 - - [14/Sep/2020:23:20:28 +0200] "GET /m.gif HTTP/1.1" 200 95 "http://www.morusverlag.de/cds/hymnos_akathistos.html" "Mozilla/5.0 (Linux; Android 8.0.0; SAMSUNG SM-A520F) AppleWebKit/537.36 (KHTML, like Gecko) SamsungBrowser/11.1 Chrome/75.0.3770.143 Mobile Safari/537.36"
213.162.73.29 - - [14/Sep/2020:23:20:28 +0200] "GET /pf.gif HTTP/1.1" 200 62 "http://www.morusverlag.de/cds/hymnos_akathistos.html" "Mozilla/5.0 (Linux; Android 8.0.0; SAMSUNG SM-A520F) AppleWebKit/537.36 (KHTML, like Gecko) SamsungBrowser/11.1 Chrome/75.0.3770.143 Mobile Safari/537.36"
213.162.73.29 - - [14/Sep/2020:23:20:28 +0200] "GET /cds/hymnos.jpg HTTP/1.1" 200 27752 "http://www.morusverlag.de/cds/hymnos_akathistos.html" "Mozilla/5.0 (Linux; Android 8.0.0; SAMSUNG SM-A520F) AppleWebKit/537.36 (KHTML, like Gecko) SamsungBrowser/11.1 Chrome/75.0.3770.143 Mobile Safari/537.36"
213.162.73.29 - - [14/Sep/2020:23:20:28 +0200] "GET /strich.gif HTTP/1.1" 200 45 "http://www.morusverlag.de/cds/hymnos_akathistos.html" "Mozilla/5.0 (Linux; Android 8.0.0; SAMSUNG SM-A520F) AppleWebKit/537.36 (KHTML, like Gecko) SamsungBrowser/11.1 Chrome/75.0.3770.143 Mobile Safari/537.36"
213.162.73.29 - - [14/Sep/2020:23:20:28 +0200] "GET /cds/hymnos_heft.jpg HTTP/1.1" 200 8653 "http://www.morusverlag.de/cds/hymnos_akathistos.html" "Mozilla/5.0 (Linux; Android 8.0.0; SAMSUNG SM-A520F) AppleWebKit/537.36 (KHTML, like Gecko) SamsungBrowser/11.1 Chrome/75.0.3770.143 Mobile Safari/537.36"
213.162.73.29 - - [14/Sep/2020:23:20:28 +0200] "GET /favicon.ico HTTP/1.1" 200 4286 "http://www.morusverlag.de/cds/hymnos_akathistos.html" "Mozilla/5.0 (Linux; Android 8.0.0; SAMSUNG SM-A520F) AppleWebKit/537.36 (KHTML, like Gecko) SamsungBrowser/11.1 Chrome/75.0.3770.143 Mobile Safari/537.36"
114.119.150.227 - - [14/Sep/2020:23:22:11 +0200] "GET /buecher/rezensionen_ungeteilt.html HTTP/1.1" 200 9764 "-" "Mozilla/5.0 (Linux; Android 7.0;) AppleWebKit/537.36 (KHTML, like Gecko) Mobile Safari/537.36 (compatible; PetalBot;+http://aspiegel.com/petalbot)"
144.76.102.243 - - [14/Sep/2020:23:24:59 +0200] "GET /sonderthemen/oekt_extra1.pdf HTTP/1.1" 200 1849015 "-" "Mozilla/5.0 (Windows NT 10.0; Win64; x64) AppleWebKit/537.36 (KHTML, like Gecko) Chrome/64.0.3282.140 Safari/537.36"
114.119.151.119 - - [15/Sep/2020:00:45:57 +0200] "GET /buecher/diskussion.html HTTP/1.1" 200 9925 "-" "Mozilla/5.0 (Linux; Android 7.0;) AppleWebKit/537.36 (KHTML, like Gecko) Mobile Safari/537.36 (compatible; PetalBot;+http://aspiegel.com/petalbot)"
78.46.94.83 - - [15/Sep/2020:00:57:00 +0200] "GET /sonderthemen/oeaz2001.pdf HTTP/1.1" 200 4496626 "-" "Mozilla/5.0 (Windows NT 6.1; Win64; x64; rv:58.0) Gecko/20100101 Firefox/58.0"
5.9.145.132 - - [15/Sep/2020:01:04:59 +0200] "GET /sonderthemen/sk2002.pdf HTTP/1.1" 200 2628923 "-" "Mozilla/5.0 (Windows NT 6.1; Win64; x64) AppleWebKit/537.36 (KHTML, like Gecko) Chrome/64.0.3282.140 Safari/537.36"
114.119.157.241 - - [15/Sep/2020:01:07:35 +0200] "GET /buecher/rezensionen_krise_zum_heil.html HTTP/1.1" 200 9828 "-" "Mozilla/5.0 (Linux; Android 7.0;) AppleWebKit/537.36 (KHTML, like Gecko) Mobile Safari/537.36 (compatible; PetalBot;+http://aspiegel.com/petalbot)"
46.118.158.198 - - [15/Sep/2020:01:29:25 +0200] "GET / HTTP/1.1" 200 9360 "https://hanna-instruments.ru/" "Opera/7.54 (Windows NT 5.1; U) [pl]"
46.118.158.198 - - [15/Sep/2020:01:29:26 +0200] "GET / HTTP/1.1" 200 9360 "https://hanna-instruments.ru/" "Opera/7.54 (Windows NT 5.1; U) [pl]"
46.118.158.198 - - [15/Sep/2020:01:29:26 +0200] "GET / HTTP/1.1" 200 9360 "https://hanna-instruments.ru/" "Opera/7.54 (Windows NT 5.1; U) [pl]"
114.119.158.31 - - [15/Sep/2020:01:35:13 +0200] "GET /buecher/rezensionen_preysing.html HTTP/1.1" 200 9502 "-" "Mozilla/5.0 (Linux; Android 7.0;) AppleWebKit/537.36 (KHTML, like Gecko) Mobile Safari/537.36 (compatible; PetalBot;+http://aspiegel.com/petalbot)"
77.220.215.153 - - [15/Sep/2020:01:37:43 +0200] "HEAD / HTTP/1.1" 200 - "https://memorial48.ru/" "Mozilla/4.0 (compatible; MSIE6.00; Windows 2009)"
185.203.240.129 - - [15/Sep/2020:01:37:44 +0200] "HEAD / HTTP/1.1" 200 - "https://su48.ru/" "Mozilla/4.0 (compatible; MSIE7.00; Windows 2005)"
212.86.109.31 - - [15/Sep/2020:01:37:44 +0200] "HEAD / HTTP/1.1" 200 - "https://doorstyle48.ru/" "Mozilla/7.0 (compatible; MSIE7.00; Windows 2005)"
185.209.20.147 - - [15/Sep/2020:01:37:44 +0200] "HEAD / HTTP/1.1" 200 - "https://yulna.ru" "Mozilla/6.0 (compatible; MSIE6.00; Windows 2005)"
114.119.158.31 - - [15/Sep/2020:02:07:35 +0200] "GET /kontakt/index.html HTTP/1.1" 200 2896 "-" "Mozilla/5.0 (Linux; Android 7.0;) AppleWebKit/537.36 (KHTML, like Gecko) Mobile Safari/537.36 (compatible; PetalBot;+http://aspiegel.com/petalbot)"
37.229.252.28 - - [15/Sep/2020:02:39:05 +0200] "GET / HTTP/1.1" 200 9360 "https://www.mosrif.ru/produktsiya/podokonniki" "Mozilla/4.0 (compatible; MSIE 6.0; Windows NT 5.1; SV1; FunWebProducts; .NET CLR 1.1.4322; PeoplePal 6.2)"
37.229.252.28 - - [15/Sep/2020:02:39:08 +0200] "GET / HTTP/1.1" 200 9360 "https://www.mosrif.ru/produktsiya/podokonniki" "Mozilla/4.0 (compatible; MSIE 6.0; Windows NT 5.1; SV1; FunWebProducts; .NET CLR 1.1.4322; PeoplePal 6.2)"
37.229.252.28 - - [15/Sep/2020:02:39:08 +0200] "GET / HTTP/1.1" 200 9360 "https://www.mosrif.ru/produktsiya/podokonniki" "Mozilla/4.0 (compatible; MSIE 6.0; Windows NT 5.1; SV1; FunWebProducts; .NET CLR 1.1.4322; PeoplePal 6.2)"
37.229.252.28 - - [15/Sep/2020:02:39:09 +0200] "GET / HTTP/1.1" 200 9360 "https://www.mosrif.ru/produktsiya/podokonniki" "Mozilla/4.0 (compatible; MSIE 6.0; Windows NT 5.1; SV1; FunWebProducts; .NET CLR 1.1.4322; PeoplePal 6.2)"
37.229.252.28 - - [15/Sep/2020:02:39:09 +0200] "GET / HTTP/1.1" 200 9360 "https://www.mosrif.ru/produktsiya/podokonniki" "Mozilla/4.0 (compatible; MSIE 6.0; Windows NT 5.1; SV1; FunWebProducts; .NET CLR 1.1.4322; PeoplePal 6.2)"
37.229.252.28 - - [15/Sep/2020:02:39:10 +0200] "GET / HTTP/1.1" 200 9360 "https://www.mosrif.ru/produktsiya/podokonniki" "Mozilla/4.0 (compatible; MSIE 6.0; Windows NT 5.1; SV1; FunWebProducts; .NET CLR 1.1.4322; PeoplePal 6.2)"
114.119.151.119 - - [15/Sep/2020:02:54:17 +0200] "GET /buecher/rezensionen.html HTTP/1.1" 200 6964 "-" "Mozilla/5.0 (Linux; Android 7.0;) AppleWebKit/537.36 (KHTML, like Gecko) Mobile Safari/537.36 (compatible; PetalBot;+http://aspiegel.com/petalbot)"
109.162.71.172 - - [15/Sep/2020:03:04:41 +0200] "GET / HTTP/1.1" 200 9360 "https://pornokisa.com/" "Mozilla/4.0 (compatible; MSIE 6.0; Windows XP)"
109.162.71.172 - - [15/Sep/2020:03:04:41 +0200] "GET / HTTP/1.1" 200 9360 "https://pornokisa.com/" "Mozilla/4.0 (compatible; MSIE 6.0; Windows XP)"
109.162.71.172 - - [15/Sep/2020:03:04:42 +0200] "GET / HTTP/1.1" 200 9360 "https://pornokisa.com/" "Mozilla/4.0 (compatible; MSIE 6.0; Windows XP)"
114.119.158.31 - - [15/Sep/2020:03:06:37 +0200] "GET /aktuell.html HTTP/1.1" 404 2381 "-" "Mozilla/5.0 (Linux; Android 7.0;) AppleWebKit/537.36 (KHTML, like Gecko) Mobile Safari/537.36 (compatible; PetalBot;+http://aspiegel.com/petalbot)"
157.55.39.175 - - [15/Sep/2020:03:31:37 +0200] "GET /buecher/gesichter/31.jpg HTTP/1.1" 200 8424 "-" "Mozilla/5.0 (compatible; bingbot/2.0; +http://www.bing.com/bingbot.htm)"
185.191.171.18 - - [15/Sep/2020:03:42:29 +0200] "GET /robots.txt HTTP/1.1" 200 100 "-" "Mozilla/5.0 (compatible; SemrushBot/6~bl; +http://www.semrush.com/bot.html)"
185.191.171.10 - - [15/Sep/2020:03:42:29 +0200] "GET /buecher/rezensionen_ungeteilt.html HTTP/1.1" 200 9764 "-" "Mozilla/5.0 (compatible; SemrushBot/6~bl; +http://www.semrush.com/bot.html)"
54.36.149.1 - - [15/Sep/2020:04:10:32 +0200] "GET /gotteslob/index.html HTTP/1.1" 200 2770 "-" "Mozilla/5.0 (compatible; AhrefsBot/7.0; +http://ahrefs.com/robot/)"
140.203.12.6 - - [15/Sep/2020:04:20:29 +0200] "HEAD / HTTP/1.1" 200 - "-" "Java/1.6.0_23"
85.25.177.219 - - [15/Sep/2020:04:21:05 +0200] "GET /jahrbuch/titelseiten/1994.jpg HTTP/1.1" 200 12562 "-" "Mozilla/5.0 (compatible; adscanner/)/1.0 (Mozilla/5.0 (compatible; seoscanners.net/1.0; +spider@seoscanners.net); http://seoscanners.net; spider@seoscanners.net)"
85.25.185.103 - - [15/Sep/2020:04:21:58 +0200] "GET /jahrbuch/titelseiten/1998.jpg HTTP/1.1" 200 8504 "-" "Mozilla/5.0 (compatible; adscanner/)/1.0 (Mozilla/5.0 (compatible; seoscanners.net/1.0; +spider@seoscanners.net); http://seoscanners.net; spider@seoscanners.net)"
193.124.188.188 - - [15/Sep/2020:04:27:41 +0200] "HEAD / HTTP/1.1" 200 - "http://malinca.ru/allergiya-v-vide-ozhoga-krapivy-na-kozhe/" "Mozilla/5.0 (compatible; MSIE3.00; Windows 2008)"
193.124.188.83 - - [15/Sep/2020:04:27:41 +0200] "HEAD / HTTP/1.1" 200 - "https://grafinia.com/zhenskie-uteplennye-kozhanye-kurtki/" "Mozilla/5.0 (compatible; MSIE3.00; Windows 2008)"
194.67.210.77 - - [15/Sep/2020:04:27:41 +0200] "HEAD / HTTP/1.1" 200 - "https://www.bettergames.ru/game.php?id=744" "Mozilla/8.0 (compatible; MSIE6.00; Windows 2004)"
193.124.191.92 - - [15/Sep/2020:04:27:41 +0200] "HEAD / HTTP/1.1" 200 - "https://ax4.ru/moto/" "Mozilla/4.0 (compatible; MSIE4.00; Windows 2003)"
193.124.190.18 - - [15/Sep/2020:04:27:43 +0200] "HEAD / HTTP/1.1" 200 - "https://xn--80akhjdecnjofu.xn--p1ai/catalog/dveri-mezhkomnatnye-sosna" "Mozilla/3.0 (compatible; MSIE6.00; Windows 2004)"
66.249.68.41 - - [15/Sep/2020:04:27:49 +0200] "GET /buecher/diskussion.html HTTP/1.1" 200 9925 "-" "Mozilla/5.0 (Linux; Android 6.0.1; Nexus 5X Build/MMB29P) AppleWebKit/537.36 (KHTML, like Gecko) Chrome/85.0.4183.113 Mobile Safari/537.36 (compatible; Googlebot/2.1; +http://www.google.com/bot.html)"
85.209.89.216 - - [15/Sep/2020:04:27:49 +0200] "HEAD / HTTP/1.1" 200 - "https://mobiring.ru/hot.html" "Mozilla/2.0 (compatible; MSIE5.00; Windows 2003)"
85.209.89.205 - - [15/Sep/2020:04:27:49 +0200] "HEAD / HTTP/1.1" 200 - "https://freetones.info/ringtones/funny/" "Mozilla/8.0 (compatible; MSIE7.00; Windows 2002)"
85.209.89.241 - - [15/Sep/2020:04:27:49 +0200] "HEAD / HTTP/1.1" 200 - "https://nazvonok.info/ringtones/klassicheskie/" "Mozilla/2.0 (compatible; MSIE2.00; Windows 2004)"
85.209.89.224 - - [15/Sep/2020:04:27:49 +0200] "HEAD / HTTP/1.1" 200 - "https://freering.ru/ringtones/bollywood-india/" "Mozilla/8.0 (compatible; MSIE5.00; Windows 2006)"
85.209.89.217 - - [15/Sep/2020:04:27:49 +0200] "HEAD / HTTP/1.1" 200 - "https://imoby.su/ringtones/prazdnichnye/" "Mozilla/8.0 (compatible; MSIE5.00; Windows 2004)"
66.249.68.41 - - [15/Sep/2020:04:29:05 +0200] "GET /buecher/rezensionen_preysing.html HTTP/1.1" 200 9502 "-" "Mozilla/5.0 (Linux; Android 6.0.1; Nexus 5X Build/MMB29P) AppleWebKit/537.36 (KHTML, like Gecko) Chrome/85.0.4183.113 Mobile Safari/537.36 (compatible; Googlebot/2.1; +http://www.google.com/bot.html)"
66.249.68.43 - - [15/Sep/2020:04:30:09 +0200] "GET /buecher/rezensionen_le_saulchoir.html HTTP/1.1" 200 34009 "-" "Mozilla/5.0 (Linux; Android 6.0.1; Nexus 5X Build/MMB29P) AppleWebKit/537.36 (KHTML, like Gecko) Chrome/85.0.4183.113 Mobile Safari/537.36 (compatible; Googlebot/2.1; +http://www.google.com/bot.html)"
66.249.68.41 - - [15/Sep/2020:04:31:41 +0200] "GET /buecher/rezensionen_krise_zum_heil.html HTTP/1.1" 200 9828 "-" "Mozilla/5.0 (Linux; Android 6.0.1; Nexus 5X Build/MMB29P) AppleWebKit/537.36 (KHTML, like Gecko) Chrome/85.0.4183.113 Mobile Safari/537.36 (compatible; Googlebot/2.1; +http://www.google.com/bot.html)"
194.67.207.94 - - [15/Sep/2020:04:32:05 +0200] "HEAD / HTTP/1.1" 200 - "https://bboom.pro/email-rassylki/" "Mozilla/8.0 (compatible; MSIE2.00; Windows 2008)"
185.125.219.13 - - [15/Sep/2020:04:32:07 +0200] "HEAD / HTTP/1.1" 200 - "http://oliaus.ru/category/platezhi-i-perevody/" "Mozilla/7.0 (compatible; MSIE6.00; Windows 2002)"
194.67.207.9 - - [15/Sep/2020:04:32:08 +0200] "HEAD / HTTP/1.1" 200 - "http://xn--80aaic9ahigbz7m.xn--p1ai/catalog/oborudovanie-" "Mozilla/8.0 (compatible; MSIE4.00; Windows 2004)"
66.249.68.43 - - [15/Sep/2020:04:32:52 +0200] "GET /buecher/rezensionen_leiblichkeit_und_zeitlichkeit.html HTTP/1.1" 200 8821 "-" "Mozilla/5.0 (Linux; Android 6.0.1; Nexus 5X Build/MMB29P) AppleWebKit/537.36 (KHTML, like Gecko) Chrome/85.0.4183.113 Mobile Safari/537.36 (compatible; Googlebot/2.1; +http://www.google.com/bot.html)"
66.249.68.45 - - [15/Sep/2020:04:34:11 +0200] "GET /impressum.html HTTP/1.1" 200 2808 "-" "Mozilla/5.0 (Linux; Android 6.0.1; Nexus 5X Build/MMB29P) AppleWebKit/537.36 (KHTML, like Gecko) Chrome/85.0.4183.113 Mobile Safari/537.36 (compatible; Googlebot/2.1; +http://www.google.com/bot.html)"
66.249.68.41 - - [15/Sep/2020:04:35:31 +0200] "GET /cds/index.html HTTP/1.1" 200 7987 "-" "Mozilla/5.0 (Linux; Android 6.0.1; Nexus 5X Build/MMB29P) AppleWebKit/537.36 (KHTML, like Gecko) Chrome/85.0.4183.113 Mobile Safari/537.36 (compatible; Googlebot/2.1; +http://www.google.com/bot.html)"
185.5.249.185 - - [15/Sep/2020:04:35:58 +0200] "HEAD / HTTP/1.1" 200 - "https://fuehair.ru/peresadka-borodi-v-moskve/" "Mozilla/4.0 (compatible; MSIE3.00; Windows 2005)"
114.119.140.113 - - [15/Sep/2020:04:37:29 +0200] "GET /gotteslob/index.html HTTP/1.1" 200 2770 "-" "Mozilla/5.0 (Linux; Android 7.0;) AppleWebKit/537.36 (KHTML, like Gecko) Mobile Safari/537.36 (compatible; PetalBot;+http://aspiegel.com/petalbot)"
107.150.59.82 - - [15/Sep/2020:04:53:11 +0200] "GET / HTTP/1.1" 200 9360 "-" "Mozilla/5.0 (Macintosh; Intel Mac OS X 10_12_5) AppleWeb Kit/537.36 (KHTML, like Gecko) Chrome/58.0.3029.110 Safari/537.36"
114.119.138.70 - - [15/Sep/2020:05:05:41 +0200] "GET / HTTP/1.1" 200 9360 "-" "Mozilla/5.0 (Linux; Android 7.0;) AppleWebKit/537.36 (KHTML, like Gecko) Mobile Safari/537.36 (compatible; PetalBot;+http://aspiegel.com/petalbot)"
66.249.68.41 - - [15/Sep/2020:05:10:05 +0200] "GET /buecher/rezensionen_engel.html HTTP/1.1" 200 6598 "-" "Mozilla/5.0 (Linux; Android 6.0.1; Nexus 5X Build/MMB29P) AppleWebKit/537.36 (KHTML, like Gecko) Chrome/85.0.4183.113 Mobile Safari/537.36 (compatible; Googlebot/2.1; +http://www.google.com/bot.html)"
130.232.251.43 - - [15/Sep/2020:05:28:06 +0200] "GET /cds/glockenspiel1.html HTTP/1.1" 200 9736 "-" "Mozilla/5.0 (Linux x86_64) Gecko/20100101 Firefox/79.0"
17.58.101.58 - - [15/Sep/2020:05:39:06 +0200] "GET /robots.txt HTTP/1.1" 200 100 "-" "Mozilla/5.0 (Macintosh; Intel Mac OS X 10_15_5) AppleWebKit/605.1.15 (KHTML, like Gecko) Version/13.1.1 Safari/605.1.15 (Applebot/0.1; +http://www.apple.com/go/applebot)"
17.58.103.218 - - [15/Sep/2020:05:39:07 +0200] "GET /buecher/index.html HTTP/1.1" 200 25885 "-" "Mozilla/5.0 (Macintosh; Intel Mac OS X 10_15_5) AppleWebKit/605.1.15 (KHTML, like Gecko) Version/13.1.1 Safari/605.1.15 (Applebot/0.1; +http://www.apple.com/go/applebot)"
207.46.13.96 - - [15/Sep/2020:05:54:06 +0200] "GET /buecher/gesichter/27.jpg HTTP/1.1" 200 8110 "-" "Mozilla/5.0 (compatible; bingbot/2.0; +http://www.bing.com/bingbot.htm)"
216.18.204.212 - - [15/Sep/2020:06:08:07 +0200] "GET / HTTP/1.1" 200 9360 "-" "Mozilla/5.0 (compatible; Adsbot/3.1)"
216.18.204.212 - - [15/Sep/2020:06:08:13 +0200] "GET /cds/index.html HTTP/1.1" 200 7987 "http://www.morusverlag.de/" "Mozilla/5.0 (compatible; Adsbot/3.1)"
216.18.204.212 - - [15/Sep/2020:06:08:19 +0200] "GET /impressum.html HTTP/1.1" 200 2808 "http://www.morusverlag.de/" "Mozilla/5.0 (compatible; Adsbot/3.1)"
216.18.204.212 - - [15/Sep/2020:06:08:24 +0200] "GET /cds/ignatius.html HTTP/1.1" 200 6576 "http://www.morusverlag.de/" "Mozilla/5.0 (compatible; Adsbot/3.1)"
216.18.204.212 - - [15/Sep/2020:06:08:30 +0200] "GET /cds/rosarium.html HTTP/1.1" 200 6680 "http://www.morusverlag.de/" "Mozilla/5.0 (compatible; Adsbot/3.1)"
216.18.204.212 - - [15/Sep/2020:06:08:35 +0200] "GET /buecher/index.html HTTP/1.1" 200 25885 "http://www.morusverlag.de/" "Mozilla/5.0 (compatible; Adsbot/3.1)"
216.18.204.212 - - [15/Sep/2020:06:08:41 +0200] "GET /kontakt/index.html HTTP/1.1" 200 2896 "http://www.morusverlag.de/" "Mozilla/5.0 (compatible; Adsbot/3.1)"
216.18.204.212 - - [15/Sep/2020:06:08:46 +0200] "GET /jahrbuch/index.html HTTP/1.1" 200 3956 "http://www.morusverlag.de/" "Mozilla/5.0 (compatible; Adsbot/3.1)"
216.18.204.212 - - [15/Sep/2020:06:08:52 +0200] "GET /gotteslob/index.html HTTP/1.1" 200 2770 "http://www.morusverlag.de/" "Mozilla/5.0 (compatible; Adsbot/3.1)"
216.18.204.212 - - [15/Sep/2020:06:08:57 +0200] "GET /sonderthemen/index.html HTTP/1.1" 200 7102 "http://www.morusverlag.de/" "Mozilla/5.0 (compatible; Adsbot/3.1)"
216.18.204.212 - - [15/Sep/2020:06:09:03 +0200] "GET /cds/hymnos_akathistos.html HTTP/1.1" 200 11061 "http://www.morusverlag.de/" "Mozilla/5.0 (compatible; Adsbot/3.1)"
216.18.204.212 - - [15/Sep/2020:06:09:08 +0200] "GET /buecher/veroeffentlichungsliste.html HTTP/1.1" 200 129779 "http://www.morusverlag.de/" "Mozilla/5.0 (compatible; Adsbot/3.1)"
216.18.204.212 - - [15/Sep/2020:06:09:16 +0200] "GET /buecher/rezensionen_chateaubriand.html HTTP/1.1" 200 47317 "http://www.morusverlag.de/" "Mozilla/5.0 (compatible; Adsbot/3.1)"
216.18.204.212 - - [15/Sep/2020:06:09:22 +0200] "GET /index.html HTTP/1.1" 200 9360 "http://www.morusverlag.de/" "Mozilla/5.0 (compatible; Adsbot/3.1)"
216.18.204.212 - - [15/Sep/2020:06:09:27 +0200] "GET /sonderthemen/ HTTP/1.1" 200 7102 "http://www.morusverlag.de/" "Mozilla/5.0 (compatible; Adsbot/3.1)"
216.18.204.212 - - [15/Sep/2020:06:09:33 +0200] "GET /cds/astazi.html HTTP/1.1" 200 8453 "http://www.morusverlag.de/" "Mozilla/5.0 (compatible; Adsbot/3.1)"
216.18.204.212 - - [15/Sep/2020:06:09:39 +0200] "GET /cds/lumina.html HTTP/1.1" 200 9000 "http://www.morusverlag.de/" "Mozilla/5.0 (compatible; Adsbot/3.1)"
216.18.204.212 - - [15/Sep/2020:06:09:45 +0200] "GET /buecher/bestellung.php HTTP/1.1" 200 10142 "http://www.morusverlag.de/" "Mozilla/5.0 (compatible; Adsbot/3.1)"
216.18.204.212 - - [15/Sep/2020:06:09:51 +0200] "GET /cds/glockenspiel1.html HTTP/1.1" 200 9736 "http://www.morusverlag.de/" "Mozilla/5.0 (compatible; Adsbot/3.1)"
216.18.204.212 - - [15/Sep/2020:06:09:57 +0200] "GET /cds/glockenspiel2.html HTTP/1.1" 200 9831 "http://www.morusverlag.de/" "Mozilla/5.0 (compatible; Adsbot/3.1)"
216.18.204.212 - - [15/Sep/2020:06:10:02 +0200] "GET /buecher/diskussion.html HTTP/1.1" 200 9925 "http://www.morusverlag.de/" "Mozilla/5.0 (compatible; Adsbot/3.1)"
216.18.204.212 - - [15/Sep/2020:06:10:08 +0200] "GET /jahrbuch/bestellung.php HTTP/1.1" 200 10316 "http://www.morusverlag.de/" "Mozilla/5.0 (compatible; Adsbot/3.1)"
216.18.204.212 - - [15/Sep/2020:06:10:21 +0200] "GET /sonderthemen/az2003.pdf HTTP/1.1" 200 4864675 "http://www.morusverlag.de/" "Mozilla/5.0 (compatible; Adsbot/3.1)"
216.18.204.212 - - [15/Sep/2020:06:10:27 +0200] "GET /sonderthemen/sk2004.pdf HTTP/1.1" 200 1967215 "http://www.morusverlag.de/" "Mozilla/5.0 (compatible; Adsbot/3.1)"
216.18.204.212 - - [15/Sep/2020:06:10:32 +0200] "GET /buecher/rezensionen.html HTTP/1.1" 200 6964 "http://www.morusverlag.de/" "Mozilla/5.0 (compatible; Adsbot/3.1)"
216.18.204.212 - - [15/Sep/2020:06:10:37 +0200] "GET /sonderthemen/archiv.html HTTP/1.1" 200 6959 "http://www.morusverlag.de/" "Mozilla/5.0 (compatible; Adsbot/3.1)"
216.18.204.212 - - [15/Sep/2020:06:10:43 +0200] "GET /sonderthemen/presse.html HTTP/1.1" 200 5772 "http://www.morusverlag.de/" "Mozilla/5.0 (compatible; Adsbot/3.1)"
216.18.204.212 - - [15/Sep/2020:06:10:48 +0200] "GET /sonderthemen/oekz2003.pdf HTTP/1.1" 200 4017017 "http://www.morusverlag.de/" "Mozilla/5.0 (compatible; Adsbot/3.1)"
216.18.204.212 - - [15/Sep/2020:06:10:54 +0200] "GET /sonderthemen/az2003_s01.pdf HTTP/1.1" 200 120642 "http://www.morusverlag.de/" "Mozilla/5.0 (compatible; Adsbot/3.1)"
216.18.204.212 - - [15/Sep/2020:06:10:59 +0200] "GET /sonderthemen/sk2004_s01.pdf HTTP/1.1" 200 162742 "http://www.morusverlag.de/" "Mozilla/5.0 (compatible; Adsbot/3.1)"
216.18.204.212 - - [15/Sep/2020:06:11:04 +0200] "GET /sonderthemen/oekt_extra1.pdf HTTP/1.1" 200 1849015 "http://www.morusverlag.de/" "Mozilla/5.0 (compatible; Adsbot/3.1)"
216.18.204.212 - - [15/Sep/2020:06:11:10 +0200] "GET /sonderthemen/oekt_extra2.pdf HTTP/1.1" 200 1939949 "http://www.morusverlag.de/" "Mozilla/5.0 (compatible; Adsbot/3.1)"
216.18.204.212 - - [15/Sep/2020:06:11:15 +0200] "GET /sonderthemen/oekt_extra3.pdf HTTP/1.1" 200 2109745 "http://www.morusverlag.de/" "Mozilla/5.0 (compatible; Adsbot/3.1)"
216.18.204.212 - - [15/Sep/2020:06:11:20 +0200] "GET /sonderthemen/oekz2003_s01.pdf HTTP/1.1" 200 66807 "http://www.morusverlag.de/" "Mozilla/5.0 (compatible; Adsbot/3.1)"
216.18.204.212 - - [15/Sep/2020:06:11:26 +0200] "GET /buecher/rezensionen_engel.html HTTP/1.1" 200 6598 "http://www.morusverlag.de/" "Mozilla/5.0 (compatible; Adsbot/3.1)"
216.18.204.212 - - [15/Sep/2020:06:11:31 +0200] "GET /jahrbuch/titelseiten/index.html HTTP/1.1" 200 6735 "http://www.morusverlag.de/" "Mozilla/5.0 (compatible; Adsbot/3.1)"
216.18.204.212 - - [15/Sep/2020:06:11:36 +0200] "GET /buecher/rezensionen_psalmen.html HTTP/1.1" 200 6787 "http://www.morusverlag.de/" "Mozilla/5.0 (compatible; Adsbot/3.1)"
216.18.204.212 - - [15/Sep/2020:06:11:42 +0200] "GET /buecher/rezensionen_ignatius.html HTTP/1.1" 200 8182 "http://www.morusverlag.de/" "Mozilla/5.0 (compatible; Adsbot/3.1)"
216.18.204.212 - - [15/Sep/2020:06:11:47 +0200] "GET /buecher/rezensionen_preysing.html HTTP/1.1" 200 9502 "http://www.morusverlag.de/" "Mozilla/5.0 (compatible; Adsbot/3.1)"
216.18.204.212 - - [15/Sep/2020:06:11:53 +0200] "GET /buecher/rezensionen_le_saulchoir.html HTTP/1.1" 200 34009 "http://www.morusverlag.de/" "Mozilla/5.0 (compatible; Adsbot/3.1)"
216.18.204.212 - - [15/Sep/2020:06:11:59 +0200] "GET /buecher/rezensionen_krise_zum_heil.html HTTP/1.1" 200 9828 "http://www.morusverlag.de/" "Mozilla/5.0 (compatible; Adsbot/3.1)"
216.18.204.212 - - [15/Sep/2020:06:12:04 +0200] "GET /buecher/rezension_gesichter_u_geschichten.pdf HTTP/1.1" 200 223287 "http://www.morusverlag.de/" "Mozilla/5.0 (compatible; Adsbot/3.1)"
216.18.204.212 - - [15/Sep/2020:06:12:09 +0200] "GET /buecher/rezensionen_nicht_auf_sand_gebaut.html HTTP/1.1" 200 6594 "http://www.morusverlag.de/" "Mozilla/5.0 (compatible; Adsbot/3.1)"
216.18.204.212 - - [15/Sep/2020:06:12:15 +0200] "GET /buecher/rezensionen_leiblichkeit_und_zeitlichkeit.html HTTP/1.1" 200 8821 "http://www.morusverlag.de/" "Mozilla/5.0 (compatible; Adsbot/3.1)"
216.18.204.212 - - [15/Sep/2020:06:12:20 +0200] "GET /buecher/ HTTP/1.1" 200 25885 "http://www.morusverlag.de/" "Mozilla/5.0 (compatible; Adsbot/3.1)"
216.18.204.212 - - [15/Sep/2020:06:12:26 +0200] "GET /sonderthemen/az1999.pdf HTTP/1.1" 200 1842982 "http://www.morusverlag.de/" "Mozilla/5.0 (compatible; Adsbot/3.1)"
216.18.204.212 - - [15/Sep/2020:06:12:31 +0200] "GET /sonderthemen/az2000.pdf HTTP/1.1" 200 2253581 "http://www.morusverlag.de/" "Mozilla/5.0 (compatible; Adsbot/3.1)"
216.18.204.212 - - [15/Sep/2020:06:12:37 +0200] "GET /sonderthemen/sk2000.pdf HTTP/1.1" 200 2925489 "http://www.morusverlag.de/" "Mozilla/5.0 (compatible; Adsbot/3.1)"
216.18.204.212 - - [15/Sep/2020:06:12:42 +0200] "GET /sonderthemen/sk2001.pdf HTTP/1.1" 200 3098589 "http://www.morusverlag.de/" "Mozilla/5.0 (compatible; Adsbot/3.1)"
216.18.204.212 - - [15/Sep/2020:06:12:47 +0200] "GET /sonderthemen/sk2002.pdf HTTP/1.1" 200 2628923 "http://www.morusverlag.de/" "Mozilla/5.0 (compatible; Adsbot/3.1)"
216.18.204.212 - - [15/Sep/2020:06:12:52 +0200] "GET /sonderthemen/oeaz2001.pdf HTTP/1.1" 200 4496626 "http://www.morusverlag.de/" "Mozilla/5.0 (compatible; Adsbot/3.1)"
216.18.204.212 - - [15/Sep/2020:06:12:58 +0200] "GET /sonderthemen/oeaz2002.pdf HTTP/1.1" 200 3161455 "http://www.morusverlag.de/" "Mozilla/5.0 (compatible; Adsbot/3.1)"
216.18.204.212 - - [15/Sep/2020:06:13:03 +0200] "GET /buecher/rezensionen_ungeteilt.html HTTP/1.1" 200 9764 "http://www.morusverlag.de/" "Mozilla/5.0 (compatible; Adsbot/3.1)"
114.119.151.119 - - [15/Sep/2020:06:14:34 +0200] "GET /kontakt HTTP/1.1" 301 354 "-" "Mozilla/5.0 (Linux; Android 7.0;) AppleWebKit/537.36 (KHTML, like Gecko) Mobile Safari/537.36 (compatible; PetalBot;+http://aspiegel.com/petalbot)"
114.119.151.119 - - [15/Sep/2020:06:14:34 +0200] "GET /kontakt/ HTTP/1.1" 200 2896 "-" "Mozilla/5.0 (Linux; Android 7.0;) AppleWebKit/537.36 (KHTML, like Gecko) Mobile Safari/537.36 (compatible; PetalBot;+http://aspiegel.com/petalbot)"
