54.209.98.150 - - [19/Jan/2020:23:39:08 +0100] "GET /robots.txt HTTP/1.0" 200 100 "-" "ia_archiver"
54.209.98.150 - - [19/Jan/2020:23:39:08 +0100] "GET /cds/hymnos_akathistos.html HTTP/1.0" 200 11061 "-" "ia_archiver"
54.209.98.150 - - [19/Jan/2020:23:47:09 +0100] "GET /buecher/rezensionen_engel.html HTTP/1.0" 200 6598 "-" "ia_archiver"
54.209.98.150 - - [19/Jan/2020:23:50:37 +0100] "GET /cds/rosarium.html HTTP/1.0" 200 6680 "-" "ia_archiver"
66.249.64.228 - - [19/Jan/2020:23:50:40 +0100] "GET /sonderthemen/az1999.pdf HTTP/1.1" 304 - "-" "Mozilla/5.0 (Linux; Android 6.0.1; Nexus 5X Build/MMB29P) AppleWebKit/537.36 (KHTML, like Gecko) Chrome/41.0.2272.96 Mobile Safari/537.36 (compatible; Googlebot/2.1; +http://www.google.com/bot.html)"
54.209.98.150 - - [19/Jan/2020:23:56:09 +0100] "GET /buecher/rezensionen_nicht_auf_sand_gebaut.html HTTP/1.0" 200 6594 "-" "ia_archiver"
54.209.98.150 - - [19/Jan/2020:23:58:09 +0100] "GET /buecher/bestellung.php HTTP/1.0" 200 10142 "-" "ia_archiver"
157.55.39.169 - - [20/Jan/2020:00:06:30 +0100] "GET /sonderthemen/oeaz2002.pdf HTTP/1.1" 304 - "-" "Mozilla/5.0 (compatible; bingbot/2.0; +http://www.bing.com/bingbot.htm)"
54.209.98.150 - - [20/Jan/2020:00:32:25 +0100] "GET /robots.txt HTTP/1.0" 200 100 "-" "ia_archiver"
54.209.98.150 - - [20/Jan/2020:00:32:25 +0100] "GET /cds/index.html HTTP/1.0" 200 7987 "-" "ia_archiver"
54.209.98.150 - - [20/Jan/2020:00:38:52 +0100] "GET /sonderthemen/presse.html HTTP/1.0" 200 5772 "-" "ia_archiver"
54.209.98.150 - - [20/Jan/2020:00:40:59 +0100] "GET /buecher/rezensionen_preysing.html HTTP/1.0" 200 9502 "-" "ia_archiver"
54.209.98.150 - - [20/Jan/2020:00:46:05 +0100] "GET /buecher/veroeffentlichungsliste.html HTTP/1.0" 200 129779 "-" "ia_archiver"
54.209.98.150 - - [20/Jan/2020:00:46:27 +0100] "GET /gotteslob/index.html HTTP/1.0" 200 2770 "-" "ia_archiver"
66.249.64.254 - - [20/Jan/2020:01:21:00 +0100] "GET /buecher/rezensionen_krise_zum_heil.html HTTP/1.1" 304 - "-" "Mozilla/5.0 (Linux; Android 6.0.1; Nexus 5X Build/MMB29P) AppleWebKit/537.36 (KHTML, like Gecko) Chrome/41.0.2272.96 Mobile Safari/537.36 (compatible; Googlebot/2.1; +http://www.google.com/bot.html)"
88.198.36.62 - - [20/Jan/2020:01:41:53 +0100] "GET /sonderthemen/oekz2003.pdf HTTP/1.1" 200 4017017 "-" "Mozilla/5.0 (Macintosh; Intel Mac OS X 10_13_3) AppleWebKit/537.36 (KHTML, like Gecko) Chrome/64.0.3282.140 Safari/537.36"
46.118.118.235 - - [20/Jan/2020:01:57:39 +0100] "GET /cds/ HTTP/1.1" 200 7987 "https://healthhacks.ru/" "Mozilla/4.0 (compatible; MSIE 6.0; Windows XP)"
46.118.118.235 - - [20/Jan/2020:01:57:39 +0100] "GET /cds/ HTTP/1.1" 200 7987 "https://healthhacks.ru/" "Mozilla/4.0 (compatible; MSIE 6.0; Windows XP)"
46.118.118.235 - - [20/Jan/2020:01:57:39 +0100] "GET /cds/ HTTP/1.1" 200 7987 "https://healthhacks.ru/" "Mozilla/4.0 (compatible; MSIE 6.0; Windows XP)"
66.249.64.254 - - [20/Jan/2020:02:21:49 +0100] "GET /sonderthemen/sk2001.pdf HTTP/1.1" 304 - "-" "Mozilla/5.0 (Linux; Android 6.0.1; Nexus 5X Build/MMB29P) AppleWebKit/537.36 (KHTML, like Gecko) Chrome/41.0.2272.96 Mobile Safari/537.36 (compatible; Googlebot/2.1; +http://www.google.com/bot.html)"
46.118.118.222 - - [20/Jan/2020:02:55:19 +0100] "GET /cds/ HTTP/1.1" 200 7987 "https://mobicover.com.ua/" "Mozilla/4.0 (compatible; MSIE 6.0; Windows NT 5.1; Deepnet Explorer 1.5.0; .NET CLR 1.0.3705)"
46.118.118.222 - - [20/Jan/2020:02:55:19 +0100] "GET /cds/ HTTP/1.1" 200 7987 "https://mobicover.com.ua/" "Mozilla/4.0 (compatible; MSIE 6.0; Windows NT 5.1; Deepnet Explorer 1.5.0; .NET CLR 1.0.3705)"
46.118.118.222 - - [20/Jan/2020:02:55:19 +0100] "GET /cds/ HTTP/1.1" 200 7987 "https://mobicover.com.ua/" "Mozilla/4.0 (compatible; MSIE 6.0; Windows NT 5.1; Deepnet Explorer 1.5.0; .NET CLR 1.0.3705)"
140.203.12.9 - - [20/Jan/2020:03:37:29 +0100] "HEAD / HTTP/1.1" 200 - "-" "Java/1.6.0_23"
54.209.98.150 - - [20/Jan/2020:03:46:36 +0100] "GET /buecher/rezensionen_leiblichkeit_und_zeitlichkeit.html HTTP/1.0" 200 8821 "-" "ia_archiver"
54.209.98.150 - - [20/Jan/2020:04:00:38 +0100] "GET /sonderthemen/archiv.html HTTP/1.0" 200 6959 "-" "ia_archiver"
66.249.64.228 - - [20/Jan/2020:04:05:51 +0100] "GET /buecher/rezensionen_christliche_frauen.html HTTP/1.1" 404 2381 "-" "Mozilla/5.0 (Linux; Android 6.0.1; Nexus 5X Build/MMB29P) AppleWebKit/537.36 (KHTML, like Gecko) Chrome/41.0.2272.96 Mobile Safari/537.36 (compatible; Googlebot/2.1; +http://www.google.com/bot.html)"
85.209.89.217 - - [20/Jan/2020:04:07:11 +0100] "HEAD / HTTP/1.1" 200 - "https://www.moscow.regnews.info" "Mozilla/4.0 (compatible; MSIE4.00; Windows 2003)"
85.209.89.241 - - [20/Jan/2020:04:07:11 +0100] "HEAD / HTTP/1.1" 200 - "https://promokodas.ru/store/bookvoed/" "Mozilla/8.0 (compatible; MSIE3.00; Windows 2006)"
85.209.89.224 - - [20/Jan/2020:04:07:11 +0100] "HEAD / HTTP/1.1" 200 - "https://www.silver-mania.ru/category/zaponki-kupit/" "Mozilla/4.0 (compatible; MSIE4.00; Windows 2008)"
54.209.98.150 - - [20/Jan/2020:04:09:36 +0100] "GET /cds/ignatius.html HTTP/1.0" 200 6576 "-" "ia_archiver"
46.118.118.223 - - [20/Jan/2020:04:10:02 +0100] "GET /cds/ HTTP/1.1" 200 7987 "https://porno-gallery.ru/" "Mozilla/4.0 (compatible; MSIE 6.0; Windows NT 5.1; Deepnet Explorer 1.5.0; .NET CLR 1.0.3705)"
46.118.118.223 - - [20/Jan/2020:04:10:03 +0100] "GET /cds/ HTTP/1.1" 200 7987 "https://porno-gallery.ru/" "Mozilla/4.0 (compatible; MSIE 6.0; Windows NT 5.1; Deepnet Explorer 1.5.0; .NET CLR 1.0.3705)"
46.118.118.223 - - [20/Jan/2020:04:10:03 +0100] "GET /cds/ HTTP/1.1" 200 7987 "https://porno-gallery.ru/" "Mozilla/4.0 (compatible; MSIE 6.0; Windows NT 5.1; Deepnet Explorer 1.5.0; .NET CLR 1.0.3705)"
178.151.245.174 - - [20/Jan/2020:04:13:04 +0100] "GET /robots.txt HTTP/1.1" 200 100 "-" "Mozilla/5.0 (compatible; MJ12bot/v1.4.8; http://mj12bot.com/)"
178.151.245.174 - - [20/Jan/2020:04:13:06 +0100] "GET /buecher/ HTTP/1.1" 200 25885 "-" "Mozilla/5.0 (compatible; MJ12bot/v1.4.8; http://mj12bot.com/)"
77.220.215.153 - - [20/Jan/2020:04:27:34 +0100] "HEAD / HTTP/1.1" 200 - "https://jaaj.club/article.aspx?enname=culture&id=2733" "Mozilla/3.0 (compatible; MSIE3.00; Windows 2004)"
54.209.98.150 - - [20/Jan/2020:04:54:36 +0100] "GET /kontakt/index.html HTTP/1.0" 200 2896 "-" "ia_archiver"
66.249.64.254 - - [20/Jan/2020:05:06:13 +0100] "GET /buecher/leiblichkeit.jpg HTTP/1.1" 200 3929 "-" "Googlebot-Image/1.0"
46.118.118.227 - - [20/Jan/2020:05:18:27 +0100] "GET /cds/ HTTP/1.1" 200 7987 "https://javcoast.com/" "Mozilla/4.0 (compatible; MSIE 6.0; Windows NT 5.1; Deepnet Explorer 1.5.0; .NET CLR 1.0.3705)"
46.118.118.227 - - [20/Jan/2020:05:18:28 +0100] "GET /cds/ HTTP/1.1" 200 7987 "https://javcoast.com/" "Mozilla/4.0 (compatible; MSIE 6.0; Windows NT 5.1; Deepnet Explorer 1.5.0; .NET CLR 1.0.3705)"
46.118.118.227 - - [20/Jan/2020:05:18:28 +0100] "GET /cds/ HTTP/1.1" 200 7987 "https://javcoast.com/" "Mozilla/4.0 (compatible; MSIE 6.0; Windows NT 5.1; Deepnet Explorer 1.5.0; .NET CLR 1.0.3705)"
66.249.64.225 - - [20/Jan/2020:05:35:25 +0100] "GET /buecher/leiblichkeit.jpg HTTP/1.1" 200 3929 "-" "Googlebot-Image/1.0"
66.249.64.254 - - [20/Jan/2020:05:50:17 +0100] "GET /sonderthemen/oekt_extra1.pdf HTTP/1.1" 200 1849015 "-" "Mozilla/5.0 (Linux; Android 6.0.1; Nexus 5X Build/MMB29P) AppleWebKit/537.36 (KHTML, like Gecko) Chrome/41.0.2272.96 Mobile Safari/537.36 (compatible; Googlebot/2.1; +http://www.google.com/bot.html)"
85.209.89.216 - - [20/Jan/2020:06:04:42 +0100] "HEAD / HTTP/1.1" 200 - "http://www.turism19.ru/category/puteshestviya-po-sng/" "Mozilla/8.0 (compatible; MSIE2.00; Windows 2006)"
185.203.240.129 - - [20/Jan/2020:06:04:42 +0100] "HEAD / HTTP/1.1" 200 - "https://metazentr.ru/katalog/medicinskaya-mebel-i-izdeliya/kartoteki-medicinskie/" "Mozilla/2.0 (compatible; MSIE2.00; Windows 2009)"
85.209.89.205 - - [20/Jan/2020:06:04:42 +0100] "HEAD / HTTP/1.1" 200 - "https://alloprokat.ru" "Mozilla/2.0 (compatible; MSIE4.00; Windows 2004)"
185.209.20.147 - - [20/Jan/2020:06:04:42 +0100] "HEAD / HTTP/1.1" 200 - "https://tuningberg.ru" "Mozilla/2.0 (compatible; MSIE2.00; Windows 2004)"
212.86.109.31 - - [20/Jan/2020:06:04:43 +0100] "HEAD / HTTP/1.1" 200 - "https://sviko.com/t/comparison-of-secure-erase-and-other-data-removal-methods-in-government-agencies/67/" "Mozilla/6.0 (compatible; MSIE7.00; Windows 2006)"
77.75.79.36 - - [20/Jan/2020:06:09:37 +0100] "GET /robots.txt HTTP/1.1" 200 100 "-" "Mozilla/5.0 (compatible; SeznamBot/3.2; +http://napoveda.seznam.cz/en/seznambot-intro/)"
77.75.79.36 - - [20/Jan/2020:06:09:38 +0100] "GET /gotteslob/index.html HTTP/1.1" 304 - "-" "Mozilla/5.0 (compatible; SeznamBot/3.2; +http://napoveda.seznam.cz/en/seznambot-intro/)"
77.75.79.36 - - [20/Jan/2020:06:09:38 +0100] "GET / HTTP/1.1" 304 - "-" "Mozilla/5.0 (compatible; SeznamBot/3.2; +http://napoveda.seznam.cz/en/seznambot-intro/)"
109.102.226.187 - - [20/Jan/2020:07:04:33 +0100] "GET /impressum.html HTTP/1.1" 200 2808 "-" "Mozilla/5.0 (compatible& Googlebot/2.1& +http://www.google.com/bot.html)"
109.102.226.187 - - [20/Jan/2020:07:04:33 +0100] "GET /impressum.html HTTP/1.1" 200 2808 "-" "Mozilla/5.0 (Linux; U; Android 4.0.3; ko-kr; LG-L160L Build/IML74K) AppleWebkit/534.30 (KHTML, like Gecko) Version/4.0 Mobile Safari/534.30"
194.67.207.94 - - [20/Jan/2020:07:21:54 +0100] "HEAD / HTTP/1.1" 200 - "https://ct-prom.ru/product-category/spanbond/" "Mozilla/8.0 (compatible; MSIE4.00; Windows 2007)"
194.67.207.9 - - [20/Jan/2020:07:21:56 +0100] "HEAD / HTTP/1.1" 200 - "https://legins.ru/woman/woman-wear/" "Mozilla/6.0 (compatible; MSIE2.00; Windows 2009)"
148.251.50.77 - - [20/Jan/2020:07:28:12 +0100] "GET /sonderthemen/sk2001.pdf HTTP/1.1" 200 3098589 "-" "Mozilla/5.0 (X11; Linux x86_64) AppleWebKit/537.36 (KHTML, like Gecko) Chrome/64.0.3282.119 Safari/537.36"
108.59.8.70 - - [20/Jan/2020:07:31:02 +0100] "GET /robots.txt HTTP/1.1" 200 100 "-" "Mozilla/5.0 (compatible; MJ12bot/v1.4.8; http://mj12bot.com/)"
194.67.210.77 - - [20/Jan/2020:07:46:18 +0100] "HEAD / HTTP/1.1" 200 - "http://azbyka.com.ua/" "Mozilla/8.0 (compatible; MSIE3.00; Windows 2004)"
193.124.190.18 - - [20/Jan/2020:07:47:40 +0100] "HEAD / HTTP/1.1" 200 - "https://kocos.kz/volosy/" "Mozilla/4.0 (compatible; MSIE3.00; Windows 2008)"
193.124.188.83 - - [20/Jan/2020:07:47:41 +0100] "HEAD / HTTP/1.1" 200 - "http://look.com.ua" "Mozilla/4.0 (compatible; MSIE7.00; Windows 2007)"
193.124.188.188 - - [20/Jan/2020:07:47:42 +0100] "HEAD / HTTP/1.1" 200 - "https://davolosam.ru/zdorove-volos/" "Mozilla/6.0 (compatible; MSIE5.00; Windows 2009)"
185.125.219.13 - - [20/Jan/2020:07:47:42 +0100] "HEAD / HTTP/1.1" 200 - "https://tubba.ru/browse-mi-mi-mishki-videos-1-date.html" "Mozilla/2.0 (compatible; MSIE2.00; Windows 2006)"
193.124.191.92 - - [20/Jan/2020:07:47:43 +0100] "HEAD / HTTP/1.1" 200 - "https://naskoruyuruku.ru/kuhnya/nacionalnye-kuhni/" "Mozilla/3.0 (compatible; MSIE7.00; Windows 2008)"
46.118.118.222 - - [20/Jan/2020:07:53:00 +0100] "GET /cds/ HTTP/1.1" 200 7987 "https://avtolombard-voronezh.ru/" "Mozilla/4.0 (compatible- MSIE 6.0- Windows NT 5.1- SV1- .NET CLR 1.1.4322"
46.118.118.222 - - [20/Jan/2020:07:53:00 +0100] "GET /cds/ HTTP/1.1" 200 7987 "https://avtolombard-voronezh.ru/" "Mozilla/4.0 (compatible- MSIE 6.0- Windows NT 5.1- SV1- .NET CLR 1.1.4322"
46.118.118.222 - - [20/Jan/2020:07:53:02 +0100] "GET /cds/ HTTP/1.1" 200 7987 "https://avtolombard-voronezh.ru/" "Mozilla/4.0 (compatible- MSIE 6.0- Windows NT 5.1- SV1- .NET CLR 1.1.4322"
54.209.98.150 - - [20/Jan/2020:08:22:00 +0100] "GET /robots.txt HTTP/1.0" 200 100 "-" "ia_archiver"
54.209.98.150 - - [20/Jan/2020:08:22:01 +0100] "GET /jahrbuch/index.html HTTP/1.0" 200 3956 "-" "ia_archiver"
54.209.98.150 - - [20/Jan/2020:08:31:28 +0100] "GET /buecher/rezensionen_psalmen.html HTTP/1.0" 200 6787 "-" "ia_archiver"
54.209.98.150 - - [20/Jan/2020:08:32:34 +0100] "GET /buecher/rezensionen_chateaubriand.html HTTP/1.0" 200 47317 "-" "ia_archiver"
54.209.98.150 - - [20/Jan/2020:09:00:33 +0100] "GET /buecher/rezensionen_krise_zum_heil.html HTTP/1.0" 200 9828 "-" "ia_archiver"
84.165.34.1 - - [20/Jan/2020:09:04:10 +0100] "GET /favicon.ico HTTP/1.1" 200 4286 "-" "Mozilla/5.0 (Windows NT 6.3; Win64; x64; rv:72.0) Gecko/20100101 Firefox/72.0"
84.165.34.1 - - [20/Jan/2020:09:04:10 +0100] "GET /sonderthemen/sk2001.pdf HTTP/1.1" 206 18397 "https://www.google.com/" "Mozilla/5.0 (Windows NT 6.3; Win64; x64; rv:72.0) Gecko/20100101 Firefox/72.0"
84.165.34.1 - - [20/Jan/2020:09:04:11 +0100] "GET /sonderthemen/sk2001.pdf HTTP/1.1" 206 65536 "https://www.google.com/" "Mozilla/5.0 (Windows NT 6.3; Win64; x64; rv:72.0) Gecko/20100101 Firefox/72.0"
84.165.34.1 - - [20/Jan/2020:09:04:12 +0100] "GET /sonderthemen/sk2001.pdf HTTP/1.1" 206 65536 "https://www.google.com/" "Mozilla/5.0 (Windows NT 6.3; Win64; x64; rv:72.0) Gecko/20100101 Firefox/72.0"
84.165.34.1 - - [20/Jan/2020:09:04:13 +0100] "GET /sonderthemen/sk2001.pdf HTTP/1.1" 206 65536 "https://www.google.com/" "Mozilla/5.0 (Windows NT 6.3; Win64; x64; rv:72.0) Gecko/20100101 Firefox/72.0"
84.165.34.1 - - [20/Jan/2020:09:04:13 +0100] "GET /sonderthemen/sk2001.pdf HTTP/1.1" 206 65536 "https://www.google.com/" "Mozilla/5.0 (Windows NT 6.3; Win64; x64; rv:72.0) Gecko/20100101 Firefox/72.0"
84.165.34.1 - - [20/Jan/2020:09:04:13 +0100] "GET /sonderthemen/sk2001.pdf HTTP/1.1" 206 65536 "https://www.google.com/" "Mozilla/5.0 (Windows NT 6.3; Win64; x64; rv:72.0) Gecko/20100101 Firefox/72.0"
84.165.34.1 - - [20/Jan/2020:09:04:13 +0100] "GET /sonderthemen/sk2001.pdf HTTP/1.1" 206 65536 "https://www.google.com/" "Mozilla/5.0 (Windows NT 6.3; Win64; x64; rv:72.0) Gecko/20100101 Firefox/72.0"
84.165.34.1 - - [20/Jan/2020:09:04:14 +0100] "GET /sonderthemen/sk2001.pdf HTTP/1.1" 206 65536 "https://www.google.com/" "Mozilla/5.0 (Windows NT 6.3; Win64; x64; rv:72.0) Gecko/20100101 Firefox/72.0"
84.165.34.1 - - [20/Jan/2020:09:04:13 +0100] "GET /sonderthemen/sk2001.pdf HTTP/1.1" 206 65536 "https://www.google.com/" "Mozilla/5.0 (Windows NT 6.3; Win64; x64; rv:72.0) Gecko/20100101 Firefox/72.0"
84.165.34.1 - - [20/Jan/2020:09:04:14 +0100] "GET /sonderthemen/sk2001.pdf HTTP/1.1" 206 65536 "https://www.google.com/" "Mozilla/5.0 (Windows NT 6.3; Win64; x64; rv:72.0) Gecko/20100101 Firefox/72.0"
84.165.34.1 - - [20/Jan/2020:09:04:14 +0100] "GET /sonderthemen/sk2001.pdf HTTP/1.1" 206 65536 "https://www.google.com/" "Mozilla/5.0 (Windows NT 6.3; Win64; x64; rv:72.0) Gecko/20100101 Firefox/72.0"
84.165.34.1 - - [20/Jan/2020:09:04:13 +0100] "GET /sonderthemen/sk2001.pdf HTTP/1.1" 206 65536 "https://www.google.com/" "Mozilla/5.0 (Windows NT 6.3; Win64; x64; rv:72.0) Gecko/20100101 Firefox/72.0"
84.165.34.1 - - [20/Jan/2020:09:04:15 +0100] "GET /sonderthemen/sk2001.pdf HTTP/1.1" 206 65536 "https://www.google.com/" "Mozilla/5.0 (Windows NT 6.3; Win64; x64; rv:72.0) Gecko/20100101 Firefox/72.0"
84.165.34.1 - - [20/Jan/2020:09:04:16 +0100] "GET /sonderthemen/sk2001.pdf HTTP/1.1" 206 65536 "https://www.google.com/" "Mozilla/5.0 (Windows NT 6.3; Win64; x64; rv:72.0) Gecko/20100101 Firefox/72.0"
84.165.34.1 - - [20/Jan/2020:09:04:17 +0100] "GET /sonderthemen/sk2001.pdf HTTP/1.1" 206 65536 "https://www.google.com/" "Mozilla/5.0 (Windows NT 6.3; Win64; x64; rv:72.0) Gecko/20100101 Firefox/72.0"
84.165.34.1 - - [20/Jan/2020:09:04:17 +0100] "GET /sonderthemen/sk2001.pdf HTTP/1.1" 206 65536 "https://www.google.com/" "Mozilla/5.0 (Windows NT 6.3; Win64; x64; rv:72.0) Gecko/20100101 Firefox/72.0"
84.165.34.1 - - [20/Jan/2020:09:04:18 +0100] "GET /sonderthemen/sk2001.pdf HTTP/1.1" 206 65536 "https://www.google.com/" "Mozilla/5.0 (Windows NT 6.3; Win64; x64; rv:72.0) Gecko/20100101 Firefox/72.0"
84.165.34.1 - - [20/Jan/2020:09:04:19 +0100] "GET /sonderthemen/sk2001.pdf HTTP/1.1" 206 65536 "https://www.google.com/" "Mozilla/5.0 (Windows NT 6.3; Win64; x64; rv:72.0) Gecko/20100101 Firefox/72.0"
84.165.34.1 - - [20/Jan/2020:09:04:10 +0100] "GET /sonderthemen/sk2001.pdf HTTP/1.1" 200 3098589 "https://www.google.com/" "Mozilla/5.0 (Windows NT 6.3; Win64; x64; rv:72.0) Gecko/20100101 Firefox/72.0"
66.249.64.254 - - [20/Jan/2020:09:11:32 +0100] "GET /robots.txt HTTP/1.1" 200 100 "-" "Mozilla/5.0 (compatible; Googlebot/2.1; +http://www.google.com/bot.html)"
66.249.64.225 - - [20/Jan/2020:09:11:32 +0100] "GET /buecher/ HTTP/1.1" 304 - "-" "Mozilla/5.0 (Linux; Android 6.0.1; Nexus 5X Build/MMB29P) AppleWebKit/537.36 (KHTML, like Gecko) Chrome/41.0.2272.96 Mobile Safari/537.36 (compatible; Googlebot/2.1; +http://www.google.com/bot.html)"
89.248.160.152 - - [20/Jan/2020:09:22:17 +0100] "GET / HTTP/1.1" 200 9360 "-" "Mozilla/5.0 (compatible; MSIE 9.0; Windows NT 6.1; Trident/5.0)"
89.248.160.152 - - [20/Jan/2020:09:22:17 +0100] "GET /wp-login.php HTTP/1.1" 404 2381 "-" "Mozilla/5.0 (compatible; MSIE 9.0; Windows NT 6.1; Trident/5.0)"
89.248.160.152 - - [20/Jan/2020:09:22:17 +0100] "GET /blog/wp-login.php HTTP/1.1" 404 2381 "-" "Mozilla/5.0 (compatible; MSIE 9.0; Windows NT 6.1; Trident/5.0)"
89.248.160.152 - - [20/Jan/2020:09:22:17 +0100] "GET /blogs/wp-login.php HTTP/1.1" 404 2381 "-" "Mozilla/5.0 (compatible; MSIE 9.0; Windows NT 6.1; Trident/5.0)"
89.248.160.152 - - [20/Jan/2020:09:22:17 +0100] "GET /home/wp-login.php HTTP/1.1" 404 2381 "-" "Mozilla/5.0 (compatible; MSIE 9.0; Windows NT 6.1; Trident/5.0)"
89.248.160.152 - - [20/Jan/2020:09:22:17 +0100] "GET /wordpress/wp-login.php HTTP/1.1" 404 2381 "-" "Mozilla/5.0 (compatible; MSIE 9.0; Windows NT 6.1; Trident/5.0)"
89.248.160.152 - - [20/Jan/2020:09:22:17 +0100] "GET /press/wp-login.php HTTP/1.1" 404 2381 "-" "Mozilla/5.0 (compatible; MSIE 9.0; Windows NT 6.1; Trident/5.0)"
89.248.160.152 - - [20/Jan/2020:09:22:17 +0100] "GET /wp/wp-login.php HTTP/1.1" 404 2381 "-" "Mozilla/5.0 (compatible; MSIE 9.0; Windows NT 6.1; Trident/5.0)"
89.248.160.152 - - [20/Jan/2020:09:22:17 +0100] "GET /wpmu/wp-login.php HTTP/1.1" 404 2381 "-" "Mozilla/5.0 (compatible; MSIE 9.0; Windows NT 6.1; Trident/5.0)"
89.248.160.152 - - [20/Jan/2020:09:22:17 +0100] "GET /web/wp-login.php HTTP/1.1" 404 2381 "-" "Mozilla/5.0 (compatible; MSIE 9.0; Windows NT 6.1; Trident/5.0)"
89.248.160.152 - - [20/Jan/2020:09:22:18 +0100] "GET /new/wp-login.php HTTP/1.1" 404 2381 "-" "Mozilla/5.0 (compatible; MSIE 9.0; Windows NT 6.1; Trident/5.0)"
89.248.160.152 - - [20/Jan/2020:09:22:18 +0100] "GET /news/wp-login.php HTTP/1.1" 404 2381 "-" "Mozilla/5.0 (compatible; MSIE 9.0; Windows NT 6.1; Trident/5.0)"
89.248.160.152 - - [20/Jan/2020:09:22:18 +0100] "GET /site/wp-login.php HTTP/1.1" 404 2381 "-" "Mozilla/5.0 (compatible; MSIE 9.0; Windows NT 6.1; Trident/5.0)"
89.248.160.152 - - [20/Jan/2020:09:22:18 +0100] "GET /sites/wp-login.php HTTP/1.1" 404 2381 "-" "Mozilla/5.0 (compatible; MSIE 9.0; Windows NT 6.1; Trident/5.0)"
89.248.160.152 - - [20/Jan/2020:09:22:18 +0100] "GET /sitio/wp-login.php HTTP/1.1" 404 2381 "-" "Mozilla/5.0 (compatible; MSIE 9.0; Windows NT 6.1; Trident/5.0)"
89.248.160.152 - - [20/Jan/2020:09:22:18 +0100] "GET /en/wp-login.php HTTP/1.1" 404 2381 "-" "Mozilla/5.0 (compatible; MSIE 9.0; Windows NT 6.1; Trident/5.0)"
89.248.160.152 - - [20/Jan/2020:09:22:18 +0100] "GET /old/wp-login.php HTTP/1.1" 404 2381 "-" "Mozilla/5.0 (compatible; MSIE 9.0; Windows NT 6.1; Trident/5.0)"
89.248.160.152 - - [20/Jan/2020:09:22:18 +0100] "GET /info/wp-login.php HTTP/1.1" 404 2381 "-" "Mozilla/5.0 (compatible; MSIE 9.0; Windows NT 6.1; Trident/5.0)"
89.248.160.152 - - [20/Jan/2020:09:22:18 +0100] "GET /demo/wp-login.php HTTP/1.1" 404 2381 "-" "Mozilla/5.0 (compatible; MSIE 9.0; Windows NT 6.1; Trident/5.0)"
89.248.160.152 - - [20/Jan/2020:09:22:18 +0100] "GET /portal/wp-login.php HTTP/1.1" 404 2381 "-" "Mozilla/5.0 (compatible; MSIE 9.0; Windows NT 6.1; Trident/5.0)"
89.248.160.152 - - [20/Jan/2020:09:22:18 +0100] "GET /english/wp-login.php HTTP/1.1" 404 2381 "-" "Mozilla/5.0 (compatible; MSIE 9.0; Windows NT 6.1; Trident/5.0)"
3.227.2.246 - - [20/Jan/2020:09:24:04 +0100] "GET /robots.txt HTTP/1.1" 200 100 "-" "CCBot/2.0 (https://commoncrawl.org/faq/)"
3.227.2.246 - - [20/Jan/2020:09:24:04 +0100] "GET /buecher/rezensionen_engel.html HTTP/1.1" 200 6598 "-" "CCBot/2.0 (https://commoncrawl.org/faq/)"
185.5.249.185 - - [20/Jan/2020:09:32:31 +0100] "HEAD / HTTP/1.1" 200 - "https://spectehkom-mo.ru/big-trucks/o-kompani/" "Mozilla/2.0 (compatible; MSIE2.00; Windows 2009)"
77.75.78.167 - - [20/Jan/2020:09:32:55 +0100] "GET /robots.txt HTTP/1.1" 200 100 "-" "Mozilla/5.0 (compatible; SeznamBot/3.2; +http://napoveda.seznam.cz/en/seznambot-intro/)"
77.75.78.167 - - [20/Jan/2020:09:32:56 +0100] "GET /cds/hymnos_akathistos.html HTTP/1.1" 304 - "-" "Mozilla/5.0 (compatible; SeznamBot/3.2; +http://napoveda.seznam.cz/en/seznambot-intro/)"
77.75.78.167 - - [20/Jan/2020:09:32:56 +0100] "GET /cds/lumina.html HTTP/1.1" 304 - "-" "Mozilla/5.0 (compatible; SeznamBot/3.2; +http://napoveda.seznam.cz/en/seznambot-intro/)"
3.227.2.246 - - [20/Jan/2020:09:42:39 +0100] "GET /index.html HTTP/1.1" 200 9360 "-" "CCBot/2.0 (https://commoncrawl.org/faq/)"
3.227.2.246 - - [20/Jan/2020:09:56:50 +0100] "GET /buecher/diskussion.html HTTP/1.1" 200 9925 "-" "CCBot/2.0 (https://commoncrawl.org/faq/)"
78.46.156.169 - - [20/Jan/2020:10:09:47 +0100] "GET /sonderthemen/oeaz2001.pdf HTTP/1.1" 200 4496626 "-" "Mozilla/5.0 (Windows NT 10.0; Win64; x64) AppleWebKit/537.36 (KHTML, like Gecko) Chrome/64.0.3282.167 Safari/537.36"
17.58.102.76 - - [20/Jan/2020:10:16:05 +0100] "GET /robots.txt HTTP/1.1" 200 100 "-" "Mozilla/5.0 (Macintosh; Intel Mac OS X 10_10_1) AppleWebKit/600.2.5 (KHTML, like Gecko) Version/8.0.2 Safari/600.2.5 (Applebot/0.1; +http://www.apple.com/go/applebot)"
17.58.96.45 - - [20/Jan/2020:10:16:06 +0100] "GET /aktuell.html HTTP/1.1" 404 2381 "-" "Mozilla/5.0 (Macintosh; Intel Mac OS X 10_10_1) AppleWebKit/600.2.5 (KHTML, like Gecko) Version/8.0.2 Safari/600.2.5 (Applebot/0.1; +http://www.apple.com/go/applebot)"
3.227.2.246 - - [20/Jan/2020:10:33:49 +0100] "GET /buecher/rezensionen_psalmen.html HTTP/1.1" 200 6787 "-" "CCBot/2.0 (https://commoncrawl.org/faq/)"
66.249.64.225 - - [20/Jan/2020:10:36:05 +0100] "GET /cds/hymnos_akathistos.html HTTP/1.1" 304 - "-" "Mozilla/5.0 (Linux; Android 6.0.1; Nexus 5X Build/MMB29P) AppleWebKit/537.36 (KHTML, like Gecko) Chrome/41.0.2272.96 Mobile Safari/537.36 (compatible; Googlebot/2.1; +http://www.google.com/bot.html)"
3.227.2.246 - - [20/Jan/2020:10:36:07 +0100] "GET /buecher/rezensionen_nicht_auf_sand_gebaut.html HTTP/1.1" 200 6594 "-" "CCBot/2.0 (https://commoncrawl.org/faq/)"
3.227.2.246 - - [20/Jan/2020:10:46:00 +0100] "GET /buecher/bestellung.php HTTP/1.1" 200 10142 "-" "CCBot/2.0 (https://commoncrawl.org/faq/)"
66.249.64.225 - - [20/Jan/2020:10:46:05 +0100] "GET /jahrbuch/ HTTP/1.1" 200 3956 "-" "Mozilla/5.0 (Linux; Android 6.0.1; Nexus 5X Build/MMB29P) AppleWebKit/537.36 (KHTML, like Gecko) Chrome/41.0.2272.96 Mobile Safari/537.36 (compatible; Googlebot/2.1; +http://www.google.com/bot.html)"
85.25.177.187 - - [20/Jan/2020:10:53:24 +0100] "GET /robots.txt HTTP/1.1" 304 - "-" "Mozilla/5.0 (compatible; adscanner/)/1.0 (http://seocompany.store; spider@seocompany.store)"
85.25.177.187 - - [20/Jan/2020:10:53:24 +0100] "GET /index.html HTTP/1.1" 200 9360 "-" "Mozilla/5.0 (compatible; adscanner/)/1.0 (http://seocompany.store; spider@seocompany.store)"
66.249.64.254 - - [20/Jan/2020:10:56:23 +0100] "GET /sonderthemen/oeaz2002.pdf HTTP/1.1" 200 3161455 "-" "Mozilla/5.0 (Linux; Android 6.0.1; Nexus 5X Build/MMB29P) AppleWebKit/537.36 (KHTML, like Gecko) Chrome/41.0.2272.96 Mobile Safari/537.36 (compatible; Googlebot/2.1; +http://www.google.com/bot.html)"
77.75.78.167 - - [20/Jan/2020:10:56:25 +0100] "GET /robots.txt HTTP/1.1" 200 100 "-" "Mozilla/5.0 (compatible; SeznamBot/3.2; +http://napoveda.seznam.cz/en/seznambot-intro/)"
77.75.78.167 - - [20/Jan/2020:10:56:25 +0100] "GET /cds/ignatius.html HTTP/1.1" 304 - "-" "Mozilla/5.0 (compatible; SeznamBot/3.2; +http://napoveda.seznam.cz/en/seznambot-intro/)"
85.25.177.187 - - [20/Jan/2020:10:58:22 +0100] "GET /index.html HTTP/1.1" 200 9360 "-" "Mozilla/5.0 (compatible; adscanner/)/1.0 (http://seocompany.store; spider@seocompany.store)"
144.76.168.111 - - [20/Jan/2020:10:59:07 +0100] "GET /buecher/ HTTP/1.1" 200 25885 "-" "Mozilla/5.0 (Windows NT 10.0; Win64; x64) AppleWebKit/537.36 (KHTML, like Gecko) Chrome/63.0.3239.132 Safari/537.36"
3.227.2.246 - - [20/Jan/2020:11:18:28 +0100] "GET /buecher/rezensionen_krise_zum_heil.html HTTP/1.1" 200 9828 "-" "CCBot/2.0 (https://commoncrawl.org/faq/)"
37.113.186.239 - - [20/Jan/2020:11:25:09 +0100] "GET / HTTP/1.1" 200 9360 "https://lanet.tv/ru/channels/ictv/" "Mozilla/5.0 (Windows NT 5.1) AppleWebKit/537.1 (KHTML, like Gecko) Maxthon/4.0.0.2000 Chrome/22.0.1229.79 Safari/537.1"
37.113.186.239 - - [20/Jan/2020:11:25:09 +0100] "GET / HTTP/1.1" 200 9360 "https://lanet.tv/ru/channels/ictv/" "Mozilla/5.0 (Windows NT 5.1) AppleWebKit/537.1 (KHTML, like Gecko) Maxthon/4.0.0.2000 Chrome/22.0.1229.79 Safari/537.1"
37.113.186.239 - - [20/Jan/2020:11:25:10 +0100] "GET / HTTP/1.1" 200 9360 "https://lanet.tv/ru/channels/ictv/" "Mozilla/5.0 (Windows NT 5.1) AppleWebKit/537.1 (KHTML, like Gecko) Maxthon/4.0.0.2000 Chrome/22.0.1229.79 Safari/537.1"
106.38.241.143 - - [20/Jan/2020:12:11:36 +0100] "GET /robots.txt HTTP/1.1" 200 100 "-" "Sogou web spider/4.0(+http://www.sogou.com/docs/help/webmasters.htm#07)"
85.25.177.187 - - [20/Jan/2020:12:17:28 +0100] "GET /buecher/bestellung.php HTTP/1.1" 200 10142 "-" "Mozilla/5.0 (compatible; adscanner/)/1.0 (http://seocompany.store; spider@seocompany.store)"
85.25.177.187 - - [20/Jan/2020:12:23:27 +0100] "GET /buecher/bestellung.php HTTP/1.1" 200 10142 "-" "Mozilla/5.0 (compatible; adscanner/)/1.0 (http://seocompany.store; spider@seocompany.store)"
85.25.177.187 - - [20/Jan/2020:12:23:51 +0100] "GET /buecher/bestellung.php HTTP/1.1" 200 10142 "-" "Mozilla/5.0 (compatible; adscanner/)/1.0 (http://seocompany.store; spider@seocompany.store)"
85.25.177.187 - - [20/Jan/2020:12:29:55 +0100] "GET /buecher/bestellung.php HTTP/1.1" 200 10142 "-" "Mozilla/5.0 (compatible; adscanner/)/1.0 (http://seocompany.store; spider@seocompany.store)"
85.25.177.187 - - [20/Jan/2020:12:33:43 +0100] "GET /buecher/diskussion.html HTTP/1.1" 200 9925 "-" "Mozilla/5.0 (compatible; adscanner/)/1.0 (http://seocompany.store; spider@seocompany.store)"
5.9.145.132 - - [20/Jan/2020:12:35:01 +0100] "GET /sonderthemen/sk2004.pdf HTTP/1.1" 200 1967215 "-" "Mozilla/5.0 (Macintosh; Intel Mac OS X 10_12_6) AppleWebKit/604.4.7 (KHTML, like Gecko) Version/11.0.2 Safari/604.4.7"
85.25.177.187 - - [20/Jan/2020:12:38:01 +0100] "GET /buecher/rezensionen_krise_zum_heil.html HTTP/1.1" 200 9828 "-" "Mozilla/5.0 (compatible; adscanner/)/1.0 (http://seocompany.store; spider@seocompany.store)"
85.25.177.187 - - [20/Jan/2020:12:43:08 +0100] "GET /buecher/rezensionen_krise_zum_heil.html HTTP/1.1" 200 9828 "-" "Mozilla/5.0 (compatible; adscanner/)/1.0 (http://seocompany.store; spider@seocompany.store)"
85.25.177.187 - - [20/Jan/2020:12:43:57 +0100] "GET /buecher/rezensionen_krise_zum_heil.html HTTP/1.1" 200 9828 "-" "Mozilla/5.0 (compatible; adscanner/)/1.0 (http://seocompany.store; spider@seocompany.store)"
85.25.177.187 - - [20/Jan/2020:12:44:02 +0100] "GET /buecher/rezensionen_psalmen.html HTTP/1.1" 200 6787 "-" "Mozilla/5.0 (compatible; adscanner/)/1.0 (http://seocompany.store; spider@seocompany.store)"
54.209.98.150 - - [20/Jan/2020:12:45:59 +0100] "GET /robots.txt HTTP/1.0" 200 100 "-" "ia_archiver"
54.209.98.150 - - [20/Jan/2020:12:45:59 +0100] "GET /index.html HTTP/1.0" 200 9360 "-" "ia_archiver"
85.25.177.187 - - [20/Jan/2020:12:48:30 +0100] "GET /buecher/rezensionen_le_saulchoir.html HTTP/1.1" 200 34009 "-" "Mozilla/5.0 (compatible; adscanner/)/1.0 (http://seocompany.store; spider@seocompany.store)"
85.25.177.187 - - [20/Jan/2020:12:51:07 +0100] "GET /buecher/rezensionen_nicht_auf_sand_gebaut.html HTTP/1.1" 200 6594 "-" "Mozilla/5.0 (compatible; adscanner/)/1.0 (http://seocompany.store; spider@seocompany.store)"
85.25.177.187 - - [20/Jan/2020:12:53:10 +0100] "GET /buecher/rezensionen_nicht_auf_sand_gebaut.html HTTP/1.1" 200 6594 "-" "Mozilla/5.0 (compatible; adscanner/)/1.0 (http://seocompany.store; spider@seocompany.store)"
85.25.177.187 - - [20/Jan/2020:13:02:59 +0100] "GET /buecher/rezensionen_nicht_auf_sand_gebaut.html HTTP/1.1" 200 6594 "-" "Mozilla/5.0 (compatible; adscanner/)/1.0 (http://seocompany.store; spider@seocompany.store)"
85.25.177.187 - - [20/Jan/2020:13:10:27 +0100] "GET /buecher/rezensionen_engel.html HTTP/1.1" 200 6598 "-" "Mozilla/5.0 (compatible; adscanner/)/1.0 (http://seocompany.store; spider@seocompany.store)"
85.25.177.187 - - [20/Jan/2020:13:15:33 +0100] "GET /buecher/rezensionen_engel.html HTTP/1.1" 200 6598 "-" "Mozilla/5.0 (compatible; adscanner/)/1.0 (http://seocompany.store; spider@seocompany.store)"
46.118.118.223 - - [20/Jan/2020:13:17:27 +0100] "GET /cds/ HTTP/1.1" 200 7987 "https://med-dopomoga.com/" "Mozilla/4.0 (compatible; MSIE 6.0; Windows NT 5.1; SV1; Media Center PC"
46.118.118.223 - - [20/Jan/2020:13:17:28 +0100] "GET /cds/ HTTP/1.1" 200 7987 "https://med-dopomoga.com/" "Mozilla/4.0 (compatible; MSIE 6.0; Windows NT 5.1; SV1; Media Center PC"
46.118.118.223 - - [20/Jan/2020:13:17:28 +0100] "GET /cds/ HTTP/1.1" 200 7987 "https://med-dopomoga.com/" "Mozilla/4.0 (compatible; MSIE 6.0; Windows NT 5.1; SV1; Media Center PC"
85.25.177.187 - - [20/Jan/2020:13:17:45 +0100] "GET /buecher/rezensionen_preysing.html HTTP/1.1" 200 9502 "-" "Mozilla/5.0 (compatible; adscanner/)/1.0 (http://seocompany.store; spider@seocompany.store)"
85.25.177.187 - - [20/Jan/2020:13:18:27 +0100] "GET /buecher/rezensionen_preysing.html HTTP/1.1" 200 9502 "-" "Mozilla/5.0 (compatible; adscanner/)/1.0 (http://seocompany.store; spider@seocompany.store)"
85.25.177.187 - - [20/Jan/2020:13:22:21 +0100] "GET /buecher/rezensionen_preysing.html HTTP/1.1" 200 9502 "-" "Mozilla/5.0 (compatible; adscanner/)/1.0 (http://seocompany.store; spider@seocompany.store)"
54.36.148.69 - - [20/Jan/2020:13:26:39 +0100] "GET /robots.txt HTTP/1.1" 200 100 "-" "Mozilla/5.0 (compatible; AhrefsBot/6.1; +http://ahrefs.com/robot/)"
66.249.64.228 - - [20/Jan/2020:13:36:42 +0100] "GET /buecher/rezensionen_ignatius.html HTTP/1.1" 200 8182 "-" "Mozilla/5.0 (Linux; Android 6.0.1; Nexus 5X Build/MMB29P) AppleWebKit/537.36 (KHTML, like Gecko) Chrome/41.0.2272.96 Mobile Safari/537.36 (compatible; Googlebot/2.1; +http://www.google.com/bot.html)"
54.36.149.50 - - [20/Jan/2020:13:38:08 +0100] "GET /robots.txt HTTP/1.1" 200 100 "-" "Mozilla/5.0 (compatible; AhrefsBot/6.1; +http://ahrefs.com/robot/)"
151.80.39.140 - - [20/Jan/2020:13:38:09 +0100] "GET / HTTP/1.1" 200 9360 "-" "Mozilla/5.0 (compatible; AhrefsBot/6.1; +http://ahrefs.com/robot/)"
85.25.177.187 - - [20/Jan/2020:13:40:18 +0100] "GET /buecher/rezensionen_leiblichkeit_und_zeitlichkeit.html HTTP/1.1" 200 8821 "-" "Mozilla/5.0 (compatible; adscanner/)/1.0 (http://seocompany.store; spider@seocompany.store)"
85.25.177.187 - - [20/Jan/2020:13:44:46 +0100] "GET /buecher/rezension_gesichter_u_geschichten.pdf HTTP/1.1" 200 223287 "-" "Mozilla/5.0 (compatible; adscanner/)/1.0 (http://seocompany.store; spider@seocompany.store)"
66.249.64.228 - - [20/Jan/2020:13:46:33 +0100] "GET /buecher/veroeffentlichungsliste.html HTTP/1.1" 200 129779 "-" "Mozilla/5.0 (Linux; Android 6.0.1; Nexus 5X Build/MMB29P) AppleWebKit/537.36 (KHTML, like Gecko) Chrome/41.0.2272.96 Mobile Safari/537.36 (compatible; Googlebot/2.1; +http://www.google.com/bot.html)"
85.25.177.187 - - [20/Jan/2020:13:47:49 +0100] "GET /buecher/rezension_gesichter_u_geschichten.pdf HTTP/1.1" 200 223287 "-" "Mozilla/5.0 (compatible; adscanner/)/1.0 (http://seocompany.store; spider@seocompany.store)"
85.25.177.187 - - [20/Jan/2020:13:49:58 +0100] "GET /cds/glockenspiel1.html HTTP/1.1" 200 9736 "-" "Mozilla/5.0 (compatible; adscanner/)/1.0 (http://seocompany.store; spider@seocompany.store)"
66.249.64.225 - - [20/Jan/2020:13:56:45 +0100] "GET /kontakt/ HTTP/1.1" 304 - "-" "Mozilla/5.0 (Linux; Android 6.0.1; Nexus 5X Build/MMB29P) AppleWebKit/537.36 (KHTML, like Gecko) Chrome/41.0.2272.96 Mobile Safari/537.36 (compatible; Googlebot/2.1; +http://www.google.com/bot.html)"
85.25.177.187 - - [20/Jan/2020:13:57:15 +0100] "GET /cds/glockenspiel2.html HTTP/1.1" 200 9831 "-" "Mozilla/5.0 (compatible; adscanner/)/1.0 (http://seocompany.store; spider@seocompany.store)"
66.249.64.254 - - [20/Jan/2020:13:58:13 +0100] "GET /buecher/bestellung.php HTTP/1.1" 200 10142 "-" "Mozilla/5.0 (Linux; Android 6.0.1; Nexus 5X Build/MMB29P) AppleWebKit/537.36 (KHTML, like Gecko) Chrome/41.0.2272.96 Mobile Safari/537.36 (compatible; Googlebot/2.1; +http://www.google.com/bot.html)"
95.216.96.243 - - [20/Jan/2020:13:59:02 +0100] "GET /robots.txt HTTP/1.1" 200 100 "-" "Mozilla/5.0 (compatible; SEOkicks; +https://www.seokicks.de/robot.html)"
95.216.96.243 - - [20/Jan/2020:13:59:03 +0100] "GET / HTTP/1.1" 200 9360 "-" "Mozilla/5.0 (compatible; SEOkicks; +https://www.seokicks.de/robot.html)"
95.216.96.243 - - [20/Jan/2020:13:59:04 +0100] "GET /buecher/index.html HTTP/1.1" 200 25885 "http://www.morusverlag.de/" "Mozilla/5.0 (compatible; SEOkicks; +https://www.seokicks.de/robot.html)"
95.216.96.243 - - [20/Jan/2020:13:59:05 +0100] "GET /cds/index.html HTTP/1.1" 200 7987 "http://www.morusverlag.de/" "Mozilla/5.0 (compatible; SEOkicks; +https://www.seokicks.de/robot.html)"
95.216.96.243 - - [20/Jan/2020:13:59:07 +0100] "GET /gotteslob/index.html HTTP/1.1" 200 2770 "http://www.morusverlag.de/" "Mozilla/5.0 (compatible; SEOkicks; +https://www.seokicks.de/robot.html)"
95.216.96.243 - - [20/Jan/2020:13:59:08 +0100] "GET /jahrbuch/index.html HTTP/1.1" 200 3956 "http://www.morusverlag.de/" "Mozilla/5.0 (compatible; SEOkicks; +https://www.seokicks.de/robot.html)"
95.216.96.243 - - [20/Jan/2020:13:59:10 +0100] "GET /sonderthemen/index.html HTTP/1.1" 200 7102 "http://www.morusverlag.de/" "Mozilla/5.0 (compatible; SEOkicks; +https://www.seokicks.de/robot.html)"
95.216.96.243 - - [20/Jan/2020:13:59:11 +0100] "GET /kontakt/index.html HTTP/1.1" 200 2896 "http://www.morusverlag.de/" "Mozilla/5.0 (compatible; SEOkicks; +https://www.seokicks.de/robot.html)"
95.216.96.243 - - [20/Jan/2020:13:59:12 +0100] "GET /impressum.html HTTP/1.1" 200 2808 "http://www.morusverlag.de/" "Mozilla/5.0 (compatible; SEOkicks; +https://www.seokicks.de/robot.html)"
85.25.177.187 - - [20/Jan/2020:14:02:03 +0100] "GET /cds/glockenspiel2.html HTTP/1.1" 200 9831 "-" "Mozilla/5.0 (compatible; adscanner/)/1.0 (http://seocompany.store; spider@seocompany.store)"
66.249.64.225 - - [20/Jan/2020:14:06:34 +0100] "GET /gotteslob/ HTTP/1.1" 304 - "-" "Mozilla/5.0 (Linux; Android 6.0.1; Nexus 5X Build/MMB29P) AppleWebKit/537.36 (KHTML, like Gecko) Chrome/41.0.2272.96 Mobile Safari/537.36 (compatible; Googlebot/2.1; +http://www.google.com/bot.html)"
85.25.177.187 - - [20/Jan/2020:14:11:17 +0100] "GET /cds/lumina.html HTTP/1.1" 200 9000 "-" "Mozilla/5.0 (compatible; adscanner/)/1.0 (http://seocompany.store; spider@seocompany.store)"
85.25.177.187 - - [20/Jan/2020:14:13:15 +0100] "GET /cds/lumina.html HTTP/1.1" 200 9000 "-" "Mozilla/5.0 (compatible; adscanner/)/1.0 (http://seocompany.store; spider@seocompany.store)"
85.25.177.187 - - [20/Jan/2020:14:18:40 +0100] "GET /cds/lumina.html HTTP/1.1" 200 9000 "-" "Mozilla/5.0 (compatible; adscanner/)/1.0 (http://seocompany.store; spider@seocompany.store)"
85.25.177.187 - - [20/Jan/2020:14:20:50 +0100] "GET /cds/lumina.html HTTP/1.1" 200 9000 "-" "Mozilla/5.0 (compatible; adscanner/)/1.0 (http://seocompany.store; spider@seocompany.store)"
46.229.168.141 - - [20/Jan/2020:14:23:02 +0100] "GET /robots.txt HTTP/1.1" 200 100 "-" "Mozilla/5.0 (compatible; SemrushBot/6~bl; +http://www.semrush.com/bot.html)"
46.229.168.131 - - [20/Jan/2020:14:23:02 +0100] "GET /buecher/rezensionen_nicht_auf_sand_gebaut.html HTTP/1.1" 200 6594 "-" "Mozilla/5.0 (compatible; SemrushBot/6~bl; +http://www.semrush.com/bot.html)"
85.25.177.187 - - [20/Jan/2020:14:24:44 +0100] "GET /cds/astazi.html HTTP/1.1" 200 8453 "-" "Mozilla/5.0 (compatible; adscanner/)/1.0 (http://seocompany.store; spider@seocompany.store)"
85.25.177.187 - - [20/Jan/2020:14:28:14 +0100] "GET /cds/astazi.html HTTP/1.1" 200 8453 "-" "Mozilla/5.0 (compatible; adscanner/)/1.0 (http://seocompany.store; spider@seocompany.store)"
85.25.177.187 - - [20/Jan/2020:14:31:48 +0100] "GET / HTTP/1.1" 200 9360 "-" "Mozilla/5.0 (compatible; adscanner/)/1.0 (http://seocompany.store; spider@seocompany.store)"
138.201.200.50 - - [20/Jan/2020:14:42:08 +0100] "GET / HTTP/1.1" 200 9360 "-" "Go-http-client/1.1"
138.201.200.50 - - [20/Jan/2020:14:42:09 +0100] "GET / HTTP/1.1" 200 9360 "-" "Go-http-client/1.1"
138.201.200.50 - - [20/Jan/2020:14:42:14 +0100] "GET /kontakt/index.html HTTP/1.1" 200 2896 "-" "Go-http-client/1.1"
138.201.200.50 - - [20/Jan/2020:14:42:14 +0100] "GET /buecher/veroeffentlichungsliste.html HTTP/1.1" 200 129779 "-" "Go-http-client/1.1"
138.201.200.50 - - [20/Jan/2020:14:42:14 +0100] "GET /impressum.html HTTP/1.1" 200 2808 "-" "Go-http-client/1.1"
138.201.200.50 - - [20/Jan/2020:14:42:15 +0100] "GET /cds/index.html HTTP/1.1" 200 7987 "-" "Go-http-client/1.1"
138.201.200.50 - - [20/Jan/2020:14:42:15 +0100] "GET /gotteslob/index.html HTTP/1.1" 200 2770 "-" "Go-http-client/1.1"
138.201.200.50 - - [20/Jan/2020:14:42:15 +0100] "GET /buecher/index.html HTTP/1.1" 200 25885 "-" "Go-http-client/1.1"
138.201.200.50 - - [20/Jan/2020:14:42:15 +0100] "GET /jahrbuch/index.html HTTP/1.1" 200 3956 "-" "Go-http-client/1.1"
138.201.200.50 - - [20/Jan/2020:14:42:15 +0100] "GET /cds/rosarium.html HTTP/1.1" 200 6680 "-" "Go-http-client/1.1"
138.201.200.50 - - [20/Jan/2020:14:42:15 +0100] "GET /cds/hymnos_akathistos.html HTTP/1.1" 200 11061 "-" "Go-http-client/1.1"
138.201.200.50 - - [20/Jan/2020:14:42:15 +0100] "GET /cds/ignatius.html HTTP/1.1" 200 6576 "-" "Go-http-client/1.1"
138.201.200.50 - - [20/Jan/2020:14:42:15 +0100] "GET /index.html HTTP/1.1" 200 9360 "-" "Go-http-client/1.1"
138.201.200.50 - - [20/Jan/2020:14:42:15 +0100] "GET /sonderthemen/index.html HTTP/1.1" 200 7102 "-" "Go-http-client/1.1"
138.201.200.50 - - [20/Jan/2020:14:42:16 +0100] "GET /cds/glockenspiel2.html HTTP/1.1" 200 9831 "-" "Go-http-client/1.1"
138.201.200.50 - - [20/Jan/2020:14:42:16 +0100] "GET /jahrbuch/bestellung.php HTTP/1.1" 200 10316 "-" "Go-http-client/1.1"
138.201.200.50 - - [20/Jan/2020:14:42:16 +0100] "GET /cds/lumina.html HTTP/1.1" 200 9000 "-" "Go-http-client/1.1"
138.201.200.50 - - [20/Jan/2020:14:42:16 +0100] "GET /cds/glockenspiel1.html HTTP/1.1" 200 9736 "-" "Go-http-client/1.1"
138.201.200.50 - - [20/Jan/2020:14:42:16 +0100] "GET /cds/astazi.html HTTP/1.1" 200 8453 "-" "Go-http-client/1.1"
138.201.200.50 - - [20/Jan/2020:14:42:17 +0100] "GET /jahrbuch/titelseiten/index.html HTTP/1.1" 200 6735 "-" "Go-http-client/1.1"
138.201.200.50 - - [20/Jan/2020:14:42:17 +0100] "GET /buecher/bestellung.php HTTP/1.1" 200 10142 "-" "Go-http-client/1.1"
138.201.200.50 - - [20/Jan/2020:14:42:17 +0100] "GET /buecher/rezensionen_chateaubriand.html HTTP/1.1" 200 47317 "-" "Go-http-client/1.1"
138.201.200.50 - - [20/Jan/2020:14:42:17 +0100] "GET /buecher/rezensionen_engel.html HTTP/1.1" 200 6598 "-" "Go-http-client/1.1"
138.201.200.50 - - [20/Jan/2020:14:42:17 +0100] "GET /buecher/rezensionen_nicht_auf_sand_gebaut.html HTTP/1.1" 200 6594 "-" "Go-http-client/1.1"
138.201.200.50 - - [20/Jan/2020:14:42:17 +0100] "GET /buecher/rezensionen_leiblichkeit_und_zeitlichkeit.html HTTP/1.1" 200 8821 "-" "Go-http-client/1.1"
138.201.200.50 - - [20/Jan/2020:14:42:17 +0100] "GET /buecher/rezensionen_krise_zum_heil.html HTTP/1.1" 200 9828 "-" "Go-http-client/1.1"
138.201.200.50 - - [20/Jan/2020:14:42:17 +0100] "GET /buecher/rezensionen_preysing.html HTTP/1.1" 200 9502 "-" "Go-http-client/1.1"
138.201.200.50 - - [20/Jan/2020:14:42:17 +0100] "GET /buecher/rezensionen_psalmen.html HTTP/1.1" 200 6787 "-" "Go-http-client/1.1"
138.201.200.50 - - [20/Jan/2020:14:42:17 +0100] "GET /buecher/rezensionen_ignatius.html HTTP/1.1" 200 8182 "-" "Go-http-client/1.1"
138.201.200.50 - - [20/Jan/2020:14:42:17 +0100] "GET /buecher/rezensionen_le_saulchoir.html HTTP/1.1" 200 34009 "-" "Go-http-client/1.1"
138.201.200.50 - - [20/Jan/2020:14:42:17 +0100] "GET /buecher/diskussion.html HTTP/1.1" 200 9925 "-" "Go-http-client/1.1"
138.201.200.50 - - [20/Jan/2020:14:42:20 +0100] "GET /sonderthemen/presse.html HTTP/1.1" 200 5772 "-" "Go-http-client/1.1"
138.201.200.50 - - [20/Jan/2020:14:42:20 +0100] "GET /sonderthemen/archiv.html HTTP/1.1" 200 6959 "-" "Go-http-client/1.1"
85.25.177.187 - - [20/Jan/2020:14:43:29 +0100] "GET / HTTP/1.1" 200 9360 "-" "Mozilla/5.0 (compatible; adscanner/)/1.0 (http://seocompany.store; spider@seocompany.store)"
46.118.118.222 - - [20/Jan/2020:14:49:53 +0100] "GET /cds/ HTTP/1.1" 200 7987 "https://tamada69.com/glavnaya/tamada-tver" "Mozilla/4.0 (compatible- MSIE 6.0- Windows NT 5.1- SV1- .NET CLR 1.1.4322"
46.118.118.222 - - [20/Jan/2020:14:49:53 +0100] "GET /cds/ HTTP/1.1" 200 7987 "https://tamada69.com/glavnaya/tamada-tver" "Mozilla/4.0 (compatible- MSIE 6.0- Windows NT 5.1- SV1- .NET CLR 1.1.4322"
46.118.118.222 - - [20/Jan/2020:14:49:54 +0100] "GET /cds/ HTTP/1.1" 200 7987 "https://tamada69.com/glavnaya/tamada-tver" "Mozilla/4.0 (compatible- MSIE 6.0- Windows NT 5.1- SV1- .NET CLR 1.1.4322"
83.134.80.72 - - [20/Jan/2020:14:56:48 +0100] "GET / HTTP/1.1" 200 9360 "-" "Java/1.8.0_111"
83.134.80.72 - - [20/Jan/2020:14:56:48 +0100] "GET /impressum.html HTTP/1.1" 200 2808 "-" "Java/1.8.0_111"
83.134.80.72 - - [20/Jan/2020:14:56:49 +0100] "GET /index.html HTTP/1.1" 200 9360 "-" "Java/1.8.0_111"
83.134.80.72 - - [20/Jan/2020:14:56:49 +0100] "GET /buecher/index.html HTTP/1.1" 200 25885 "-" "Java/1.8.0_111"
83.134.80.72 - - [20/Jan/2020:14:56:49 +0100] "GET /buecher/rezensionen_chateaubriand.html HTTP/1.1" 200 47317 "-" "Java/1.8.0_111"
83.134.80.72 - - [20/Jan/2020:14:56:49 +0100] "GET /buecher/veroeffentlichungsliste.html HTTP/1.1" 200 129779 "-" "Java/1.8.0_111"
83.134.80.72 - - [20/Jan/2020:14:56:51 +0100] "GET /cds/hymnos_akathistos.html HTTP/1.1" 200 11061 "-" "Java/1.8.0_111"
83.134.80.72 - - [20/Jan/2020:14:56:51 +0100] "GET /cds/ignatius.html HTTP/1.1" 200 6576 "-" "Java/1.8.0_111"
83.134.80.72 - - [20/Jan/2020:14:56:51 +0100] "GET /cds/index.html HTTP/1.1" 200 7987 "-" "Java/1.8.0_111"
83.134.80.72 - - [20/Jan/2020:14:56:51 +0100] "GET /cds/rosarium.html HTTP/1.1" 200 6680 "-" "Java/1.8.0_111"
83.134.80.72 - - [20/Jan/2020:14:56:51 +0100] "GET /gotteslob/index.html HTTP/1.1" 200 2770 "-" "Java/1.8.0_111"
83.134.80.72 - - [20/Jan/2020:14:56:51 +0100] "GET /jahrbuch/index.html HTTP/1.1" 200 3956 "-" "Java/1.8.0_111"
83.134.80.72 - - [20/Jan/2020:14:56:51 +0100] "GET /kontakt/index.html HTTP/1.1" 200 2896 "-" "Java/1.8.0_111"
83.134.80.72 - - [20/Jan/2020:14:56:51 +0100] "GET /sonderthemen/index.html HTTP/1.1" 200 7102 "-" "Java/1.8.0_111"
83.134.80.72 - - [20/Jan/2020:14:56:51 +0100] "GET /buecher/bestellung.php HTTP/1.1" 200 10142 "-" "Java/1.8.0_111"
83.134.80.72 - - [20/Jan/2020:14:56:52 +0100] "GET /buecher/diskussion.html HTTP/1.1" 200 9925 "-" "Java/1.8.0_111"
83.134.80.72 - - [20/Jan/2020:14:56:52 +0100] "GET /buecher/rezensionen_engel.html HTTP/1.1" 200 6598 "-" "Java/1.8.0_111"
83.134.80.72 - - [20/Jan/2020:14:56:52 +0100] "GET /buecher/rezensionen_krise_zum_heil.html HTTP/1.1" 200 9828 "-" "Java/1.8.0_111"
83.134.80.72 - - [20/Jan/2020:14:56:52 +0100] "GET /buecher/rezensionen_le_saulchoir.html HTTP/1.1" 200 34009 "-" "Java/1.8.0_111"
83.134.80.72 - - [20/Jan/2020:14:56:52 +0100] "GET /buecher/rezensionen_leiblichkeit_und_zeitlichkeit.html HTTP/1.1" 200 8821 "-" "Java/1.8.0_111"
83.134.80.72 - - [20/Jan/2020:14:56:52 +0100] "GET /buecher/rezensionen_nicht_auf_sand_gebaut.html HTTP/1.1" 200 6594 "-" "Java/1.8.0_111"
83.134.80.72 - - [20/Jan/2020:14:56:52 +0100] "GET /buecher/rezensionen_preysing.html HTTP/1.1" 200 9502 "-" "Java/1.8.0_111"
83.134.80.72 - - [20/Jan/2020:14:56:52 +0100] "GET /buecher/rezensionen_psalmen.html HTTP/1.1" 200 6787 "-" "Java/1.8.0_111"
83.134.80.72 - - [20/Jan/2020:14:56:52 +0100] "GET /contentflow/contentflow.js HTTP/1.1" 200 42064 "-" "Java/1.8.0_111"
83.134.80.72 - - [20/Jan/2020:14:56:52 +0100] "GET /buecher/rezensionen.html HTTP/1.1" 200 6964 "-" "Java/1.8.0_111"
83.134.80.72 - - [20/Jan/2020:14:56:53 +0100] "GET /buecher/rezensionen_ignatius.html HTTP/1.1" 200 8182 "-" "Java/1.8.0_111"
83.134.80.72 - - [20/Jan/2020:14:56:53 +0100] "GET /cds/astazi.html HTTP/1.1" 200 8453 "-" "Java/1.8.0_111"
83.134.80.72 - - [20/Jan/2020:14:56:53 +0100] "GET /cds/glockenspiel1.html HTTP/1.1" 200 9736 "-" "Java/1.8.0_111"
83.134.80.72 - - [20/Jan/2020:14:56:53 +0100] "GET /cds/glockenspiel2.html HTTP/1.1" 200 9831 "-" "Java/1.8.0_111"
83.134.80.72 - - [20/Jan/2020:14:56:53 +0100] "GET /cds/lumina.html HTTP/1.1" 200 9000 "-" "Java/1.8.0_111"
83.134.80.72 - - [20/Jan/2020:14:56:53 +0100] "GET /jahrbuch/bestellung.php HTTP/1.1" 200 10316 "-" "Java/1.8.0_111"
83.134.80.72 - - [20/Jan/2020:14:56:53 +0100] "GET /sonderthemen/archiv.html HTTP/1.1" 200 6959 "-" "Java/1.8.0_111"
83.134.80.72 - - [20/Jan/2020:14:56:53 +0100] "GET /sonderthemen/presse.html HTTP/1.1" 200 5772 "-" "Java/1.8.0_111"
83.134.80.72 - - [20/Jan/2020:14:56:54 +0100] "GET /contentflow/\"+K.src+\" HTTP/1.1" 404 2381 "-" "Java/1.8.0_111"
66.249.64.225 - - [20/Jan/2020:15:06:31 +0100] "GET /buecher/diskussion.html HTTP/1.1" 200 9925 "-" "Mozilla/5.0 (Linux; Android 6.0.1; Nexus 5X Build/MMB29P) AppleWebKit/537.36 (KHTML, like Gecko) Chrome/41.0.2272.96 Mobile Safari/537.36 (compatible; Googlebot/2.1; +http://www.google.com/bot.html)"
85.25.177.187 - - [20/Jan/2020:15:12:29 +0100] "GET /jahrbuch/titelseiten/index.html HTTP/1.1" 200 6735 "-" "Mozilla/5.0 (compatible; adscanner/)/1.0 (http://seocompany.store; spider@seocompany.store)"
46.229.168.162 - - [20/Jan/2020:15:15:32 +0100] "GET /robots.txt HTTP/1.1" 200 100 "-" "Mozilla/5.0 (compatible; SemrushBot/6~bl; +http://www.semrush.com/bot.html)"
46.229.168.143 - - [20/Jan/2020:15:15:32 +0100] "GET /jahrbuch/titelseiten/index.html HTTP/1.1" 200 6735 "-" "Mozilla/5.0 (compatible; SemrushBot/6~bl; +http://www.semrush.com/bot.html)"
66.249.64.225 - - [20/Jan/2020:15:16:22 +0100] "GET /sonderthemen/oekt_extra1.pdf HTTP/1.1" 304 - "-" "Mozilla/5.0 (Linux; Android 6.0.1; Nexus 5X Build/MMB29P) AppleWebKit/537.36 (KHTML, like Gecko) Chrome/41.0.2272.96 Mobile Safari/537.36 (compatible; Googlebot/2.1; +http://www.google.com/bot.html)"
85.25.177.187 - - [20/Jan/2020:15:16:28 +0100] "GET /jahrbuch/bestellung.php HTTP/1.1" 200 10316 "-" "Mozilla/5.0 (compatible; adscanner/)/1.0 (http://seocompany.store; spider@seocompany.store)"
85.25.177.187 - - [20/Jan/2020:15:21:30 +0100] "GET /jahrbuch/bestellung.php HTTP/1.1" 200 10316 "-" "Mozilla/5.0 (compatible; adscanner/)/1.0 (http://seocompany.store; spider@seocompany.store)"
85.25.177.187 - - [20/Jan/2020:15:24:39 +0100] "GET /jahrbuch/bestellung.php HTTP/1.1" 200 10316 "-" "Mozilla/5.0 (compatible; adscanner/)/1.0 (http://seocompany.store; spider@seocompany.store)"
62.218.123.37 - - [20/Jan/2020:15:28:45 +0100] "GET /cds/hymnos_akathistos.html HTTP/1.1" 200 11061 "-" "Mozilla/5.0 (Windows NT 10.0; WOW64; Trident/7.0; rv:11.0) like Gecko"
62.218.123.37 - - [20/Jan/2020:15:28:45 +0100] "GET /logo_g.gif HTTP/1.1" 200 1301 "http://www.morusverlag.de/cds/hymnos_akathistos.html" "Mozilla/5.0 (Windows NT 10.0; WOW64; Trident/7.0; rv:11.0) like Gecko"
62.218.123.37 - - [20/Jan/2020:15:28:45 +0100] "GET /mv_g.gif HTTP/1.1" 200 4070 "http://www.morusverlag.de/cds/hymnos_akathistos.html" "Mozilla/5.0 (Windows NT 10.0; WOW64; Trident/7.0; rv:11.0) like Gecko"
62.218.123.37 - - [20/Jan/2020:15:28:45 +0100] "GET /strich.gif HTTP/1.1" 200 45 "http://www.morusverlag.de/cds/hymnos_akathistos.html" "Mozilla/5.0 (Windows NT 10.0; WOW64; Trident/7.0; rv:11.0) like Gecko"
62.218.123.37 - - [20/Jan/2020:15:28:45 +0100] "GET /m.gif HTTP/1.1" 200 95 "http://www.morusverlag.de/cds/hymnos_akathistos.html" "Mozilla/5.0 (Windows NT 10.0; WOW64; Trident/7.0; rv:11.0) like Gecko"
62.218.123.37 - - [20/Jan/2020:15:28:45 +0100] "GET /pf.gif HTTP/1.1" 200 62 "http://www.morusverlag.de/cds/hymnos_akathistos.html" "Mozilla/5.0 (Windows NT 10.0; WOW64; Trident/7.0; rv:11.0) like Gecko"
62.218.123.37 - - [20/Jan/2020:15:28:45 +0100] "GET /cds/hymnos.jpg HTTP/1.1" 200 27752 "http://www.morusverlag.de/cds/hymnos_akathistos.html" "Mozilla/5.0 (Windows NT 10.0; WOW64; Trident/7.0; rv:11.0) like Gecko"
62.218.123.37 - - [20/Jan/2020:15:28:45 +0100] "GET /cds/hymnos_heft.jpg HTTP/1.1" 200 8653 "http://www.morusverlag.de/cds/hymnos_akathistos.html" "Mozilla/5.0 (Windows NT 10.0; WOW64; Trident/7.0; rv:11.0) like Gecko"
62.218.123.37 - - [20/Jan/2020:15:28:45 +0100] "GET /main.css HTTP/1.1" 200 1439 "http://www.morusverlag.de/cds/hymnos_akathistos.html" "Mozilla/5.0 (Windows NT 10.0; WOW64; Trident/7.0; rv:11.0) like Gecko"
62.218.123.37 - - [20/Jan/2020:15:28:45 +0100] "GET /favicon.ico HTTP/1.1" 200 4286 "-" "Mozilla/5.0 (Windows NT 10.0; Win64; x64; Trident/7.0; rv:11.0) like Gecko"
46.118.118.223 - - [20/Jan/2020:15:45:29 +0100] "GET /cds/ HTTP/1.1" 200 7987 "https://damianis.ru/" "Mozilla/4.0 (compatible- MSIE 6.0- Windows NT 5.1- SV1- .NET CLR 1.1.4322"
46.118.118.223 - - [20/Jan/2020:15:45:30 +0100] "GET /cds/ HTTP/1.1" 200 7987 "https://damianis.ru/" "Mozilla/4.0 (compatible- MSIE 6.0- Windows NT 5.1- SV1- .NET CLR 1.1.4322"
46.118.118.223 - - [20/Jan/2020:15:45:30 +0100] "GET /cds/ HTTP/1.1" 200 7987 "https://damianis.ru/" "Mozilla/4.0 (compatible- MSIE 6.0- Windows NT 5.1- SV1- .NET CLR 1.1.4322"
85.25.177.187 - - [20/Jan/2020:16:09:49 +0100] "GET /buecher/rezensionen_ignatius.html HTTP/1.1" 200 8182 "-" "Mozilla/5.0 (compatible; adscanner/)/1.0 (http://seocompany.store; spider@seocompany.store)"
85.25.177.187 - - [20/Jan/2020:16:15:50 +0100] "GET /buecher/rezensionen_ignatius.html HTTP/1.1" 200 8182 "-" "Mozilla/5.0 (compatible; adscanner/)/1.0 (http://seocompany.store; spider@seocompany.store)"
