82.100.209.34 - - [27/Oct/2014:10:37:29 +0100] "GET /images/newsletter.png HTTP/1.1" 200 14619 "http://www.mink-gmbh.de/style.css" "Mozilla/5.0 (Windows NT 6.1; WOW64; rv:32.0) Gecko/20100101 Firefox/32.0"
82.100.209.34 - - [27/Oct/2014:10:37:29 +0100] "GET /images/freecall.jpg HTTP/1.1" 200 39195 "http://www.mink-gmbh.de/kontakt.php" "Mozilla/5.0 (Windows NT 6.1; WOW64; rv:32.0) Gecko/20100101 Firefox/32.0"
82.100.209.34 - - [27/Oct/2014:10:37:29 +0100] "GET /images/logos.jpg HTTP/1.1" 200 35043 "http://www.mink-gmbh.de/kontakt.php" "Mozilla/5.0 (Windows NT 6.1; WOW64; rv:32.0) Gecko/20100101 Firefox/32.0"
82.100.209.34 - - [27/Oct/2014:10:37:29 +0100] "GET /images/wunschpreis.jpg HTTP/1.1" 200 16767 "http://www.mink-gmbh.de/kontakt.php" "Mozilla/5.0 (Windows NT 6.1; WOW64; rv:32.0) Gecko/20100101 Firefox/32.0"
82.100.209.34 - - [27/Oct/2014:10:37:29 +0100] "GET /images/bg.png HTTP/1.1" 200 922 "http://www.mink-gmbh.de/style.css" "Mozilla/5.0 (Windows NT 6.1; WOW64; rv:32.0) Gecko/20100101 Firefox/32.0"
82.100.209.34 - - [27/Oct/2014:10:37:29 +0100] "GET /images/navibg.png HTTP/1.1" 200 2803 "http://www.mink-gmbh.de/style.css" "Mozilla/5.0 (Windows NT 6.1; WOW64; rv:32.0) Gecko/20100101 Firefox/32.0"
82.100.209.34 - - [27/Oct/2014:10:37:29 +0100] "GET /images/footerbg.jpg HTTP/1.1" 200 2184 "http://www.mink-gmbh.de/style.css" "Mozilla/5.0 (Windows NT 6.1; WOW64; rv:32.0) Gecko/20100101 Firefox/32.0"
82.100.209.34 - - [27/Oct/2014:10:37:29 +0100] "GET /images/wrapperbg.jpg HTTP/1.1" 200 27465 "http://www.mink-gmbh.de/style.css" "Mozilla/5.0 (Windows NT 6.1; WOW64; rv:32.0) Gecko/20100101 Firefox/32.0"
82.100.209.34 - - [27/Oct/2014:10:37:30 +0100] "GET /images/header.jpg HTTP/1.1" 200 25189 "http://www.mink-gmbh.de/style.css" "Mozilla/5.0 (Windows NT 6.1; WOW64; rv:32.0) Gecko/20100101 Firefox/32.0"
78.46.94.23 - - [27/Oct/2014:10:37:07 +0100] "GET /news.php?cs_go=archiv&cs_startpos=180 HTTP/1.0" 200 5365 "-" "Mozilla/5.0 (compatible; MJ12bot/v1.4.5; http://www.majestic12.co.uk/bot.php?+)"
82.100.209.34 - - [27/Oct/2014:10:37:37 +0100] "GET /standard.php HTTP/1.1" 200 5259 "http://www.mink-gmbh.de/kontakt.php" "Mozilla/5.0 (Windows NT 6.1; WOW64; rv:32.0) Gecko/20100101 Firefox/32.0"
78.46.94.23 - - [27/Oct/2014:10:37:49 +0100] "GET /news.php?cs_go=archiv&cs_startpos=181 HTTP/1.0" 200 5365 "-" "Mozilla/5.0 (compatible; MJ12bot/v1.4.5; http://www.majestic12.co.uk/bot.php?+)"
82.100.209.34 - - [27/Oct/2014:10:31:38 +0100] "GET / HTTP/1.1" 200 8120 "http://www.google.de/url?sa=t&rct=j&q=&esrc=s&source=web&cd=1&ved=0CDgQFjAA&url=http%3A%2F%2Fwww.mink-gmbh.de%2F&ei=iglOVODiM8HeaKuggOAJ&usg=AFQjCNFHX4Iglls9oo-KYXTmDUV_5KOVIg&bvm=bv.77880786,d.bGQ" "Mozilla/5.0 (Windows NT 6.1; WOW64; rv:32.0) Gecko/20100101 Firefox/32.0"
82.100.209.34 - - [27/Oct/2014:10:37:41 +0100] "GET /preisanfrage.php HTTP/1.1" 200 5002 "http://www.mink-gmbh.de/kontakt.php" "Mozilla/5.0 (Windows NT 6.1; WOW64; rv:32.0) Gecko/20100101 Firefox/32.0"
82.100.209.34 - - [27/Oct/2014:10:38:16 +0100] "GET /kontakt.php HTTP/1.1" 200 4996 "http://www.google.de/url?sa=t&rct=j&q=&esrc=s&source=web&cd=2&ved=0CCgQjBAwAQ&url=http%3A%2F%2Fwww.mink-gmbh.de%2Fkontakt.php&ei=4xFOVPPvOYXxav3VgdAN&usg=AFQjCNGc4Uk3AnmIYxZ5z_4vpGIDOIrQvQ&bvm=bv.77880786,d.bGQ" "Mozilla/5.0 (Windows NT 6.1; WOW64; rv:32.0) Gecko/20100101 Firefox/32.0"
82.100.209.34 - - [27/Oct/2014:10:39:36 +0100] "GET /kontakt.php HTTP/1.1" 200 4996 "http://www.google.de/url?sa=t&rct=j&q=&esrc=s&source=web&cd=2&ved=0CDQQFjAB&url=http%3A%2F%2Fwww.mink-gmbh.de%2Fkontakt.php&ei=dBJOVOSLGsvXarL9gcAJ&usg=AFQjCNGc4Uk3AnmIYxZ5z_4vpGIDOIrQvQ&bvm=bv.77880786,d.bGQ" "Mozilla/5.0 (Windows NT 6.1; WOW64; rv:32.0) Gecko/20100101 Firefox/32.0"
188.165.15.192 - - [27/Oct/2014:10:41:32 +0100] "GET /news.php?cs_go=archiv&cs_id=5325&cs_search= HTTP/1.1" 200 5365 "-" "Mozilla/5.0 (compatible; AhrefsBot/5.0; +http://ahrefs.com/robot/)"
66.249.79.72 - - [27/Oct/2014:10:42:42 +0100] "GET /preisanfrage.php HTTP/1.1" 200 5002 "-" "Mozilla/5.0 (compatible; Googlebot/2.1; +http://www.google.com/bot.html)"
82.100.209.34 - - [27/Oct/2014:10:47:03 +0100] "GET /style.css HTTP/1.1" 200 8402 "http://webcache.googleusercontent.com/search?q=cache:u8xmZu_XxsoJ:www.mink-gmbh.de/+&cd=4&hl=de&ct=clnk" "Mozilla/5.0 (Windows NT 6.3; WOW64; Trident/7.0; rv:11.0) like Gecko"
82.100.209.34 - - [27/Oct/2014:10:47:03 +0100] "GET /modul.css HTTP/1.1" 200 35038 "http://webcache.googleusercontent.com/search?q=cache:u8xmZu_XxsoJ:www.mink-gmbh.de/+&cd=4&hl=de&ct=clnk" "Mozilla/5.0 (Windows NT 6.3; WOW64; Trident/7.0; rv:11.0) like Gecko"
82.100.209.34 - - [27/Oct/2014:10:47:03 +0100] "GET /images/bg.png HTTP/1.1" 200 922 "http://webcache.googleusercontent.com/search?q=cache:u8xmZu_XxsoJ:www.mink-gmbh.de/+&cd=4&hl=de&ct=clnk" "Mozilla/5.0 (Windows NT 6.3; WOW64; Trident/7.0; rv:11.0) like Gecko"
82.100.209.34 - - [27/Oct/2014:10:47:08 +0100] "GET /favicon.ico HTTP/1.1" 304 - "-" "Mozilla/5.0 (Windows NT 6.3; Win64; x64; Trident/7.0; rv:11.0) like Gecko"
208.115.111.75 - - [27/Oct/2014:10:50:58 +0100] "GET /robots.txt HTTP/1.1" 200 177 "-" "Mozilla/5.0 (compatible; DotBot/1.1; http://www.opensiteexplorer.org/dotbot, help@moz.com)"
82.100.209.34 - - [27/Oct/2014:10:44:07 +0100] "GET / HTTP/1.1" 200 8120 "http://www.google.de/url?sa=t&rct=j&q=&esrc=s&source=web&cd=1&ved=0CC4QFjAA&url=http%3A%2F%2Fwww.mink-gmbh.de%2F&ei=dBJOVOSLGsvXarL9gcAJ&usg=AFQjCNFHX4Iglls9oo-KYXTmDUV_5KOVIg&bvm=bv.77880786,d.bGQ" "Mozilla/5.0 (Windows NT 6.1; WOW64; rv:32.0) Gecko/20100101 Firefox/32.0"
82.100.209.34 - - [27/Oct/2014:10:46:07 +0100] "GET / HTTP/1.1" 200 8120 "-" "Mozilla/5.0 (Windows NT 6.3; WOW64; Trident/7.0; rv:11.0) like Gecko"
82.100.209.34 - - [27/Oct/2014:10:46:51 +0100] "GET / HTTP/1.1" 200 8120 "http://www.google.com/url?sa=t&rct=j&q=&esrc=s&source=web&cd=4&ved=0CDwQFjAD&url=http%3A%2F%2Fwww.mink-gmbh.de%2F&ei=KBROVO71F9jdavWRgoAO&usg=AFQjCNFHX4Iglls9oo-KYXTmDUV_5KOVIg&sig2=baJm0RhuzySYd6orqVq-Yg&bvm=bv.77880786,d.d2s" "Mozilla/5.0 (Windows NT 6.3; WOW64; Trident/7.0; rv:11.0) like Gecko"
66.249.79.72 - - [27/Oct/2014:10:55:20 +0100] "GET /preisanfrage.php HTTP/1.1" 200 5002 "-" "Mozilla/5.0 (compatible; Googlebot/2.1; +http://www.google.com/bot.html)"
66.249.79.64 - - [27/Oct/2014:11:20:00 +0100] "GET /preisanfrage.php HTTP/1.1" 200 5002 "-" "Mozilla/5.0 (compatible; Googlebot/2.1; +http://www.google.com/bot.html)"
82.100.209.34 - - [27/Oct/2014:11:39:57 +0100] "GET /standard.php HTTP/1.1" 200 5259 "http://web2.cylex.de/reviews/viewcompanywebsite.aspx?firmaName=herbert-mink-gmbh&companyId=5251604&showUrl=http%3a%2f%2fwww.mink-gmbh.de%2fstandard.php" "Mozilla/5.0 (Windows NT 6.1; WOW64; Trident/7.0; rv:11.0) like Gecko"
82.100.209.34 - - [27/Oct/2014:11:39:24 +0100] "GET / HTTP/1.1" 200 8120 "http://web2.cylex.de/reviews/viewcompanywebsite.aspx?firmaName=herbert-mink-gmbh&companyId=5251604" "Mozilla/5.0 (Windows NT 6.1; WOW64; Trident/7.0; rv:11.0) like Gecko"
82.100.209.34 - - [27/Oct/2014:11:39:35 +0100] "GET / HTTP/1.1" 200 8120 "http://web2.cylex.de/reviews/viewcompanywebsite.aspx?firmaName=herbert-mink-gmbh&companyId=5251604" "Mozilla/5.0 (Windows NT 6.1; WOW64; Trident/7.0; rv:11.0) like Gecko"
82.100.209.34 - - [27/Oct/2014:11:39:43 +0100] "GET / HTTP/1.1" 200 8120 "http://web2.cylex.de/reviews/viewcompanywebsite.aspx?firmaName=herbert-mink-gmbh&companyId=5251604" "Mozilla/5.0 (Windows NT 6.1; WOW64; Trident/7.0; rv:11.0) like Gecko"
82.100.209.34 - - [27/Oct/2014:11:40:06 +0100] "GET / HTTP/1.1" 200 8120 "http://web2.cylex.de/reviews/viewcompanywebsite.aspx?firmaName=herbert-mink-gmbh&companyId=5251604" "Mozilla/5.0 (Windows NT 6.1; WOW64; Trident/7.0; rv:11.0) like Gecko"
82.100.209.34 - - [27/Oct/2014:11:45:22 +0100] "GET / HTTP/1.1" 200 8120 "http://web2.cylex.de/reviews/viewcompanywebsite.aspx?firmaName=herbert-mink-gmbh&companyId=5251604" "Mozilla/5.0 (Windows NT 6.1; WOW64; Trident/7.0; rv:11.0) like Gecko"
66.249.78.183 - - [27/Oct/2014:12:11:04 +0100] "GET /robots.txt HTTP/1.1" 200 177 "-" "Mozilla/5.0 (compatible; Googlebot/2.1; +http://www.google.com/bot.html)"
66.249.78.190 - - [27/Oct/2014:12:11:04 +0100] "GET /faq.php HTTP/1.1" 200 5392 "-" "SAMSUNG-SGH-E250/1.0 Profile/MIDP-2.0 Configuration/CLDC-1.1 UP.Browser/6.2.3.3.c.1.101 (GUI) MMP/2.0 (compatible; Googlebot-Mobile/2.1; +http://www.google.com/bot.html)"
78.47.15.198 - - [27/Oct/2014:12:25:34 +0100] "GET /robots.txt HTTP/1.1" 200 177 "-" "Mozilla/5.0 (compatible; uMBot-IC/1.0; mailto: crawling@ubermetrics-technologies.com)"
78.47.15.198 - - [27/Oct/2014:12:25:34 +0100] "GET /jobs.php HTTP/1.1" 200 4965 "-" "Mozilla/5.0 (compatible; uMBot-IC/1.0; mailto: crawling@ubermetrics-technologies.com)"
208.115.111.75 - - [27/Oct/2014:12:34:03 +0100] "GET /lexikon.php?cs_go=2&cs_char=p HTTP/1.1" 200 5379 "-" "Mozilla/5.0 (compatible; DotBot/1.1; http://www.opensiteexplorer.org/dotbot, help@moz.com)"
66.249.78.176 - - [27/Oct/2014:12:40:02 +0100] "GET / HTTP/1.1" 200 4480 "-" "Mozilla/5.0 (iPhone; CPU iPhone OS 6_0 like Mac OS X) AppleWebKit/536.26 (KHTML, like Gecko) Version/6.0 Mobile/10A5376e Safari/8536.25 (compatible; Googlebot/2.1; +http://www.google.com/bot.html)"
178.63.80.14 - - [27/Oct/2014:12:53:59 +0100] "GET /robots.txt HTTP/1.1" 200 177 "-" "Mozilla/5.0 (compatible; uMBot-IC/1.0; mailto: crawling@ubermetrics-technologies.com)"
178.63.80.14 - - [27/Oct/2014:12:53:59 +0100] "GET /jobs.php HTTP/1.1" 200 4965 "-" "Mozilla/5.0 (compatible; uMBot-IC/1.0; mailto: crawling@ubermetrics-technologies.com)"
66.249.78.183 - - [27/Oct/2014:12:52:02 +0100] "GET / HTTP/1.1" 200 4480 "-" "Mozilla/5.0 (iPhone; CPU iPhone OS 6_0 like Mac OS X) AppleWebKit/536.26 (KHTML, like Gecko) Version/6.0 Mobile/10A5376e Safari/8536.25 (compatible; Googlebot/2.1; +http://www.google.com/bot.html)"
66.249.78.190 - - [27/Oct/2014:13:09:43 +0100] "GET /kwk.php HTTP/1.1" 200 5369 "-" "Mozilla/5.0 (compatible; Googlebot/2.1; +http://www.google.com/bot.html)"
84.189.163.71 - - [27/Oct/2014:13:13:17 +0100] "GET /style.css HTTP/1.1" 200 8402 "http://www.mink-gmbh.de/" "Mozilla/5.0 (Windows NT 6.3; WOW64) AppleWebKit/537.36 (KHTML, like Gecko) Chrome/38.0.2125.104 Safari/537.36"
84.189.163.71 - - [27/Oct/2014:13:13:17 +0100] "GET /modul.css HTTP/1.1" 200 35038 "http://www.mink-gmbh.de/" "Mozilla/5.0 (Windows NT 6.3; WOW64) AppleWebKit/537.36 (KHTML, like Gecko) Chrome/38.0.2125.104 Safari/537.36"
66.249.78.183 - - [27/Oct/2014:13:13:09 +0100] "GET / HTTP/1.1" 200 4480 "-" "Mozilla/5.0 (iPhone; CPU iPhone OS 6_0 like Mac OS X) AppleWebKit/536.26 (KHTML, like Gecko) Version/6.0 Mobile/10A5376e Safari/8536.25 (compatible; Googlebot/2.1; +http://www.google.com/bot.html)"
84.189.163.71 - - [27/Oct/2014:13:13:17 +0100] "GET / HTTP/1.1" 200 4480 "https://www.google.de/" "Mozilla/5.0 (Windows NT 6.3; WOW64) AppleWebKit/537.36 (KHTML, like Gecko) Chrome/38.0.2125.104 Safari/537.36"
66.249.78.190 - - [27/Oct/2014:13:19:09 +0100] "GET / HTTP/1.1" 200 4480 "-" "Mozilla/5.0 (iPhone; CPU iPhone OS 6_0 like Mac OS X) AppleWebKit/536.26 (KHTML, like Gecko) Version/6.0 Mobile/10A5376e Safari/8536.25 (compatible; Googlebot/2.1; +http://www.google.com/bot.html)"
84.189.163.71 - - [27/Oct/2014:13:15:04 +0100] "GET / HTTP/1.1" 200 4395 "http://web2.cylex.de/reviews/viewcompanywebsite.aspx?firmaName=herbert-mink-gmbh&companyId=5251604" "Mozilla/5.0 (Windows NT 6.3; WOW64) AppleWebKit/537.36 (KHTML, like Gecko) Chrome/38.0.2125.104 Safari/537.36"
148.251.124.174 - - [27/Oct/2014:13:29:19 +0100] "GET /robots.txt HTTP/1.0" 200 177 "-" "Mozilla/5.0 (compatible; MJ12bot/v1.4.5; http://www.majestic12.co.uk/bot.php?+)"
148.251.124.174 - - [27/Oct/2014:13:29:22 +0100] "GET /impressum.php HTTP/1.0" 200 6306 "-" "Mozilla/5.0 (compatible; MJ12bot/v1.4.5; http://www.majestic12.co.uk/bot.php?+)"
148.251.124.174 - - [27/Oct/2014:13:29:30 +0100] "GET /kontakt.php HTTP/1.0" 200 4996 "-" "Mozilla/5.0 (compatible; MJ12bot/v1.4.5; http://www.majestic12.co.uk/bot.php?+)"
148.251.124.174 - - [27/Oct/2014:13:29:36 +0100] "GET /kwk.php HTTP/1.0" 200 5369 "-" "Mozilla/5.0 (compatible; MJ12bot/v1.4.5; http://www.majestic12.co.uk/bot.php?+)"
148.251.124.174 - - [27/Oct/2014:13:30:22 +0100] "GET /newsletter.php HTTP/1.0" 200 5536 "-" "Mozilla/5.0 (compatible; MJ12bot/v1.4.5; http://www.majestic12.co.uk/bot.php?+)"
148.251.124.174 - - [27/Oct/2014:13:29:40 +0100] "GET /news.php HTTP/1.0" 200 5365 "-" "Mozilla/5.0 (compatible; MJ12bot/v1.4.5; http://www.majestic12.co.uk/bot.php?+)"
148.251.124.174 - - [27/Oct/2014:13:30:26 +0100] "GET /preisanfrage.php HTTP/1.0" 200 5002 "-" "Mozilla/5.0 (compatible; MJ12bot/v1.4.5; http://www.majestic12.co.uk/bot.php?+)"
84.189.163.71 - - [27/Oct/2014:13:18:39 +0100] "GET / HTTP/1.1" 404 - "http://web2.cylex.de/reviews/viewcompanywebsite.aspx?firmaName=herbert-mink-gmbh&companyId=5251604" "Mozilla/5.0 (Windows NT 6.3; WOW64) AppleWebKit/537.36 (KHTML, like Gecko) Chrome/38.0.2125.104 Safari/537.36"
84.189.163.71 - - [27/Oct/2014:13:18:53 +0100] "GET / HTTP/1.1" 404 - "http://web2.cylex.de/reviews/viewcompanywebsite.aspx?firmaName=herbert-mink-gmbh&companyId=5251604" "Mozilla/5.0 (Windows NT 6.3; WOW64) AppleWebKit/537.36 (KHTML, like Gecko) Chrome/38.0.2125.104 Safari/537.36"
148.251.124.174 - - [27/Oct/2014:13:31:08 +0100] "GET /standard.php HTTP/1.0" 200 5259 "-" "Mozilla/5.0 (compatible; MJ12bot/v1.4.5; http://www.majestic12.co.uk/bot.php?+)"
148.251.124.174 - - [27/Oct/2014:13:31:50 +0100] "GET /wunschpreis.php HTTP/1.0" 200 5005 "-" "Mozilla/5.0 (compatible; MJ12bot/v1.4.5; http://www.majestic12.co.uk/bot.php?+)"
84.189.163.71 - - [27/Oct/2014:13:14:55 +0100] "GET / HTTP/1.1" 404 - "https://www.google.de/" "Mozilla/5.0 (Windows NT 6.3; WOW64) AppleWebKit/537.36 (KHTML, like Gecko) Chrome/38.0.2125.104 Safari/537.36"
82.100.209.34 - - [27/Oct/2014:13:46:52 +0100] "GET /kontakt.php HTTP/1.1" 200 4996 "-" "Mozilla/5.0 (Windows NT 6.1; WOW64; rv:32.0) Gecko/20100101 Firefox/32.0"
82.100.209.34 - - [27/Oct/2014:13:46:55 +0100] "GET /style.css HTTP/1.1" 200 8402 "http://www.mink-gmbh.de/kontakt.php" "Mozilla/5.0 (Windows NT 6.1; WOW64; rv:32.0) Gecko/20100101 Firefox/32.0"
82.100.209.34 - - [27/Oct/2014:13:46:55 +0100] "GET /images/kwk.gif HTTP/1.1" 200 6403 "http://www.mink-gmbh.de/kontakt.php" "Mozilla/5.0 (Windows NT 6.1; WOW64; rv:32.0) Gecko/20100101 Firefox/32.0"
82.100.209.34 - - [27/Oct/2014:13:46:55 +0100] "GET /modul.css HTTP/1.1" 200 35038 "http://www.mink-gmbh.de/kontakt.php" "Mozilla/5.0 (Windows NT 6.1; WOW64; rv:32.0) Gecko/20100101 Firefox/32.0"
82.100.209.34 - - [27/Oct/2014:13:46:55 +0100] "GET /images/freecall.jpg HTTP/1.1" 200 39195 "http://www.mink-gmbh.de/kontakt.php" "Mozilla/5.0 (Windows NT 6.1; WOW64; rv:32.0) Gecko/20100101 Firefox/32.0"
82.100.209.34 - - [27/Oct/2014:13:46:55 +0100] "GET /images/wunschpreis.jpg HTTP/1.1" 200 16767 "http://www.mink-gmbh.de/kontakt.php" "Mozilla/5.0 (Windows NT 6.1; WOW64; rv:32.0) Gecko/20100101 Firefox/32.0"
82.100.209.34 - - [27/Oct/2014:13:46:55 +0100] "GET /images/logos.jpg HTTP/1.1" 200 35043 "http://www.mink-gmbh.de/kontakt.php" "Mozilla/5.0 (Windows NT 6.1; WOW64; rv:32.0) Gecko/20100101 Firefox/32.0"
82.100.209.34 - - [27/Oct/2014:13:46:56 +0100] "GET /images/bg.png HTTP/1.1" 200 922 "http://www.mink-gmbh.de/style.css" "Mozilla/5.0 (Windows NT 6.1; WOW64; rv:32.0) Gecko/20100101 Firefox/32.0"
82.100.209.34 - - [27/Oct/2014:13:46:56 +0100] "GET /images/wrapperbg.jpg HTTP/1.1" 200 27465 "http://www.mink-gmbh.de/style.css" "Mozilla/5.0 (Windows NT 6.1; WOW64; rv:32.0) Gecko/20100101 Firefox/32.0"
82.100.209.34 - - [27/Oct/2014:13:46:56 +0100] "GET /images/newsletter.png HTTP/1.1" 200 14619 "http://www.mink-gmbh.de/style.css" "Mozilla/5.0 (Windows NT 6.1; WOW64; rv:32.0) Gecko/20100101 Firefox/32.0"
82.100.209.34 - - [27/Oct/2014:13:46:56 +0100] "GET /images/navibg.png HTTP/1.1" 200 2803 "http://www.mink-gmbh.de/style.css" "Mozilla/5.0 (Windows NT 6.1; WOW64; rv:32.0) Gecko/20100101 Firefox/32.0"
82.100.209.34 - - [27/Oct/2014:13:46:56 +0100] "GET /images/footerbg.jpg HTTP/1.1" 200 2184 "http://www.mink-gmbh.de/style.css" "Mozilla/5.0 (Windows NT 6.1; WOW64; rv:32.0) Gecko/20100101 Firefox/32.0"
82.100.209.34 - - [27/Oct/2014:13:46:56 +0100] "GET /images/header.jpg HTTP/1.1" 200 25189 "http://www.mink-gmbh.de/style.css" "Mozilla/5.0 (Windows NT 6.1; WOW64; rv:32.0) Gecko/20100101 Firefox/32.0"
66.249.78.183 - - [27/Oct/2014:14:26:01 +0100] "GET / HTTP/1.1" 200 4480 "-" "Mozilla/5.0 (iPhone; CPU iPhone OS 6_0 like Mac OS X) AppleWebKit/536.26 (KHTML, like Gecko) Version/6.0 Mobile/10A5376e Safari/8536.25 (compatible; Googlebot/2.1; +http://www.google.com/bot.html)"
46.114.46.40 - - [27/Oct/2014:14:29:29 +0100] "GET /style.css HTTP/1.1" 200 8402 "http://www.mink-gmbh.de/" "Mozilla/5.0 (Linux; Android 4.1.2; GT-I8190 Build/JZO54K) AppleWebKit/537.36 (KHTML, like Gecko) Chrome/38.0.2125.102 Mobile Safari/537.36"
46.114.46.40 - - [27/Oct/2014:14:29:29 +0100] "GET /modul.css HTTP/1.1" 200 35038 "http://www.mink-gmbh.de/" "Mozilla/5.0 (Linux; Android 4.1.2; GT-I8190 Build/JZO54K) AppleWebKit/537.36 (KHTML, like Gecko) Chrome/38.0.2125.102 Mobile Safari/537.36"
46.114.46.40 - - [27/Oct/2014:14:35:11 +0100] "GET /favicon.ico HTTP/1.1" 200 3638 "-" "Mozilla/5.0 (Linux; Android 4.1.2; GT-I8190 Build/JZO54K) AppleWebKit/537.36 (KHTML, like Gecko) Chrome/38.0.2125.102 Mobile Safari/537.36"
46.114.46.40 - - [27/Oct/2014:14:35:11 +0100] "GET /images/bg.png HTTP/1.1" 200 922 "http://www.mink-gmbh.de/style.css" "Mozilla/5.0 (Linux; Android 4.1.2; GT-I8190 Build/JZO54K) AppleWebKit/537.36 (KHTML, like Gecko) Chrome/38.0.2125.102 Mobile Safari/537.36"
46.114.46.40 - - [27/Oct/2014:14:35:11 +0100] "GET /images/close.png HTTP/1.1" 200 703 "http://www.mink-gmbh.de/" "Mozilla/5.0 (Linux; Android 4.1.2; GT-I8190 Build/JZO54K) AppleWebKit/537.36 (KHTML, like Gecko) Chrome/38.0.2125.102 Mobile Safari/537.36"
46.114.46.40 - - [27/Oct/2014:14:35:11 +0100] "GET /images/newsletter.png HTTP/1.1" 200 14619 "http://www.mink-gmbh.de/style.css" "Mozilla/5.0 (Linux; Android 4.1.2; GT-I8190 Build/JZO54K) AppleWebKit/537.36 (KHTML, like Gecko) Chrome/38.0.2125.102 Mobile Safari/537.36"
46.114.46.40 - - [27/Oct/2014:14:35:12 +0100] "GET /images/navibg.png HTTP/1.1" 200 2803 "http://www.mink-gmbh.de/style.css" "Mozilla/5.0 (Linux; Android 4.1.2; GT-I8190 Build/JZO54K) AppleWebKit/537.36 (KHTML, like Gecko) Chrome/38.0.2125.102 Mobile Safari/537.36"
46.114.46.40 - - [27/Oct/2014:14:35:11 +0100] "GET /images/newsletter_bg.jpg HTTP/1.1" 200 33610 "http://www.mink-gmbh.de/" "Mozilla/5.0 (Linux; Android 4.1.2; GT-I8190 Build/JZO54K) AppleWebKit/537.36 (KHTML, like Gecko) Chrome/38.0.2125.102 Mobile Safari/537.36"
46.114.46.40 - - [27/Oct/2014:14:35:11 +0100] "GET /images/wrapperbg.jpg HTTP/1.1" 200 27465 "http://www.mink-gmbh.de/style.css" "Mozilla/5.0 (Linux; Android 4.1.2; GT-I8190 Build/JZO54K) AppleWebKit/537.36 (KHTML, like Gecko) Chrome/38.0.2125.102 Mobile Safari/537.36"
46.114.46.40 - - [27/Oct/2014:14:35:11 +0100] "GET /images/header.jpg HTTP/1.1" 200 25189 "http://www.mink-gmbh.de/style.css" "Mozilla/5.0 (Linux; Android 4.1.2; GT-I8190 Build/JZO54K) AppleWebKit/537.36 (KHTML, like Gecko) Chrome/38.0.2125.102 Mobile Safari/537.36"
66.249.78.190 - - [27/Oct/2014:14:35:02 +0100] "GET / HTTP/1.1" 200 4480 "-" "Mozilla/5.0 (iPhone; CPU iPhone OS 6_0 like Mac OS X) AppleWebKit/536.26 (KHTML, like Gecko) Version/6.0 Mobile/10A5376e Safari/8536.25 (compatible; Googlebot/2.1; +http://www.google.com/bot.html)"
46.114.46.40 - - [27/Oct/2014:14:29:26 +0100] "GET / HTTP/1.1" 200 8120 "http://www.klicktel.de/branchenbuch/berlin/252213040B40219326/herbert-mink-gmbh-auskuenfte-und-bestellungen.html" "Mozilla/5.0 (Linux; Android 4.1.2; GT-I8190 Build/JZO54K) AppleWebKit/537.36 (KHTML, like Gecko) Chrome/38.0.2125.102 Mobile Safari/537.36"
66.249.78.183 - - [27/Oct/2014:14:41:26 +0100] "GET / HTTP/1.1" 200 4480 "-" "Mozilla/5.0 (iPhone; CPU iPhone OS 6_0 like Mac OS X) AppleWebKit/536.26 (KHTML, like Gecko) Version/6.0 Mobile/10A5376e Safari/8536.25 (compatible; Googlebot/2.1; +http://www.google.com/bot.html)"
208.115.111.75 - - [27/Oct/2014:14:52:11 +0100] "GET /robots.txt HTTP/1.1" 200 177 "-" "Mozilla/5.0 (compatible; DotBot/1.1; http://www.opensiteexplorer.org/dotbot, help@moz.com)"
66.249.78.190 - - [27/Oct/2014:14:50:27 +0100] "GET /news.php?cs_go=archiv&cs_id=5191 HTTP/1.1" 200 5365 "-" "Mozilla/5.0 (iPhone; CPU iPhone OS 6_0 like Mac OS X) AppleWebKit/536.26 (KHTML, like Gecko) Version/6.0 Mobile/10A5376e Safari/8536.25 (compatible; Googlebot/2.1; +http://www.google.com/bot.html)"
66.249.78.176 - - [27/Oct/2014:14:53:51 +0100] "GET /preisanfrage.php HTTP/1.1" 200 5002 "-" "Mozilla/5.0 (compatible; Googlebot/2.1; +http://www.google.com/bot.html)"
66.249.78.183 - - [27/Oct/2014:14:56:51 +0100] "GET /news.php?cs_go=archiv&cs_id=4794 HTTP/1.1" 200 5365 "-" "Mozilla/5.0 (iPhone; CPU iPhone OS 6_0 like Mac OS X) AppleWebKit/536.26 (KHTML, like Gecko) Version/6.0 Mobile/10A5376e Safari/8536.25 (compatible; Googlebot/2.1; +http://www.google.com/bot.html)"
88.198.222.86 - - [27/Oct/2014:14:54:24 +0100] "GET / HTTP/1.0" 200 4606 "-" "-"
66.249.78.183 - - [27/Oct/2014:15:02:51 +0100] "GET /news.php?cs_go=archiv&cs_id=5191 HTTP/1.1" 200 5365 "-" "Mozilla/5.0 (iPhone; CPU iPhone OS 6_0 like Mac OS X) AppleWebKit/536.26 (KHTML, like Gecko) Version/6.0 Mobile/10A5376e Safari/8536.25 (compatible; Googlebot/2.1; +http://www.google.com/bot.html)"
66.249.69.72 - - [27/Oct/2014:15:05:51 +0100] "GET /preisanfrage.php HTTP/1.1" 200 5002 "-" "Mozilla/5.0 (compatible; Googlebot/2.1; +http://www.google.com/bot.html)"
66.249.78.183 - - [27/Oct/2014:15:08:51 +0100] "GET /news.php?cs_go=archiv&cs_id=4794 HTTP/1.1" 200 5365 "-" "Mozilla/5.0 (iPhone; CPU iPhone OS 6_0 like Mac OS X) AppleWebKit/536.26 (KHTML, like Gecko) Version/6.0 Mobile/10A5376e Safari/8536.25 (compatible; Googlebot/2.1; +http://www.google.com/bot.html)"
66.249.78.190 - - [27/Oct/2014:15:14:52 +0100] "GET /preisanfrage.php HTTP/1.1" 200 5002 "-" "Mozilla/5.0 (compatible; Googlebot/2.1; +http://www.google.com/bot.html)"
66.249.78.190 - - [27/Oct/2014:15:17:52 +0100] "GET /news.php?cs_go=archiv&cs_id=5191 HTTP/1.1" 200 5365 "-" "Mozilla/5.0 (iPhone; CPU iPhone OS 6_0 like Mac OS X) AppleWebKit/536.26 (KHTML, like Gecko) Version/6.0 Mobile/10A5376e Safari/8536.25 (compatible; Googlebot/2.1; +http://www.google.com/bot.html)"
66.249.78.190 - - [27/Oct/2014:15:27:16 +0100] "GET /kontakt.php HTTP/1.1" 200 4996 "-" "Mozilla/5.0 (compatible; Googlebot/2.1; +http://www.google.com/bot.html)"
66.249.78.190 - - [27/Oct/2014:15:24:15 +0100] "GET /news.php?cs_go=archiv&cs_id=4794 HTTP/1.1" 200 5365 "-" "Mozilla/5.0 (iPhone; CPU iPhone OS 6_0 like Mac OS X) AppleWebKit/536.26 (KHTML, like Gecko) Version/6.0 Mobile/10A5376e Safari/8536.25 (compatible; Googlebot/2.1; +http://www.google.com/bot.html)"
66.249.78.190 - - [27/Oct/2014:15:35:29 +0100] "GET /news.php?cs_go=archiv&cs_id=4278 HTTP/1.1" 200 5365 "-" "Mozilla/5.0 (iPhone; CPU iPhone OS 6_0 like Mac OS X) AppleWebKit/536.26 (KHTML, like Gecko) Version/6.0 Mobile/10A5376e Safari/8536.25 (compatible; Googlebot/2.1; +http://www.google.com/bot.html)"
66.249.78.176 - - [27/Oct/2014:15:41:30 +0100] "GET /news.php?cs_go=archiv&cs_id=3484 HTTP/1.1" 200 5365 "-" "Mozilla/5.0 (iPhone; CPU iPhone OS 6_0 like Mac OS X) AppleWebKit/536.26 (KHTML, like Gecko) Version/6.0 Mobile/10A5376e Safari/8536.25 (compatible; Googlebot/2.1; +http://www.google.com/bot.html)"
82.94.179.38 - - [27/Oct/2014:15:47:44 +0100] "GET /robots.txt HTTP/1.0" 200 177 "-" "Mozilla/4.0 (compatible; Vagabondo/4.0/EU; http://webagent.wise-guys.nl/)"
82.94.179.38 - - [27/Oct/2014:15:47:44 +0100] "GET /faq.php HTTP/1.1" 200 5392 "http://www.mink-gmbh.de/news.php?cs_go=archiv" "Mozilla/4.0 (compatible; Vagabondo/4.0/EU; http://www.wise-guys.nl/)"
188.165.15.79 - - [27/Oct/2014:15:48:28 +0100] "GET /news.php?cs_go=archiv&cs_id=5319&cs_search= HTTP/1.1" 200 5365 "-" "Mozilla/5.0 (compatible; AhrefsBot/5.0; +http://ahrefs.com/robot/)"
66.249.78.176 - - [27/Oct/2014:15:48:54 +0100] "GET /news.php?cs_go=archiv&cs_id=4278 HTTP/1.1" 200 5365 "-" "Mozilla/5.0 (iPhone; CPU iPhone OS 6_0 like Mac OS X) AppleWebKit/536.26 (KHTML, like Gecko) Version/6.0 Mobile/10A5376e Safari/8536.25 (compatible; Googlebot/2.1; +http://www.google.com/bot.html)"
66.249.78.190 - - [27/Oct/2014:15:58:55 +0100] "GET /kontakt.php HTTP/1.1" 200 4996 "-" "Mozilla/5.0 (compatible; Googlebot/2.1; +http://www.google.com/bot.html)"
66.249.78.190 - - [27/Oct/2014:15:55:55 +0100] "GET /news.php?cs_go=archiv&cs_id=3484 HTTP/1.1" 200 5365 "-" "Mozilla/5.0 (iPhone; CPU iPhone OS 6_0 like Mac OS X) AppleWebKit/536.26 (KHTML, like Gecko) Version/6.0 Mobile/10A5376e Safari/8536.25 (compatible; Googlebot/2.1; +http://www.google.com/bot.html)"
66.249.78.183 - - [27/Oct/2014:15:58:59 +0100] "GET /news.php?cs_go=archiv&cs_id=4278 HTTP/1.1" 200 5365 "-" "Mozilla/5.0 (iPhone; CPU iPhone OS 6_0 like Mac OS X) AppleWebKit/536.26 (KHTML, like Gecko) Version/6.0 Mobile/10A5376e Safari/8536.25 (compatible; Googlebot/2.1; +http://www.google.com/bot.html)"
66.249.78.190 - - [27/Oct/2014:16:08:59 +0100] "GET /news.php?cs_go=archiv&cs_id=3484 HTTP/1.1" 200 5365 "-" "Mozilla/5.0 (iPhone; CPU iPhone OS 6_0 like Mac OS X) AppleWebKit/536.26 (KHTML, like Gecko) Version/6.0 Mobile/10A5376e Safari/8536.25 (compatible; Googlebot/2.1; +http://www.google.com/bot.html)"
66.249.78.176 - - [27/Oct/2014:16:21:57 +0100] "GET /index.php HTTP/1.1" 200 4480 "-" "Mozilla/5.0 (compatible; Googlebot/2.1; +http://www.google.com/bot.html)"
208.115.111.75 - - [27/Oct/2014:16:36:15 +0100] "GET /lexikon.php?cs_go=2&cs_char=n HTTP/1.1" 200 5379 "-" "Mozilla/5.0 (compatible; DotBot/1.1; http://www.opensiteexplorer.org/dotbot, help@moz.com)"
66.249.78.176 - - [27/Oct/2014:16:33:58 +0100] "GET /index.php HTTP/1.1" 200 4480 "-" "Mozilla/5.0 (compatible; Googlebot/2.1; +http://www.google.com/bot.html)"
144.76.201.69 - - [27/Oct/2014:16:34:33 +0100] "GET /news.php?cs_go=archiv&cs_id=3494 HTTP/1.1" 200 5365 "-" "Mozilla/5.0 (Windows NT 6.1; WOW64) AppleWebKit/537.36 (KHTML, like Gecko) Chrome/27.0.1453.93 Safari/537.36"
188.165.15.21 - - [27/Oct/2014:16:36:10 +0100] "GET /news.php?cs_go=archiv&cs_id=5389&cs_search= HTTP/1.1" 200 5365 "-" "Mozilla/5.0 (compatible; AhrefsBot/5.0; +http://ahrefs.com/robot/)"
66.249.78.190 - - [27/Oct/2014:16:42:59 +0100] "GET /index.php HTTP/1.1" 200 4480 "-" "Mozilla/5.0 (compatible; Googlebot/2.1; +http://www.google.com/bot.html)"
66.249.78.176 - - [27/Oct/2014:17:00:59 +0100] "GET /schwefelarmstandard.php HTTP/1.1" 200 5229 "-" "Mozilla/5.0 (iPhone; CPU iPhone OS 6_0 like Mac OS X) AppleWebKit/536.26 (KHTML, like Gecko) Version/6.0 Mobile/10A5376e Safari/8536.25 (compatible; Googlebot/2.1; +http://www.google.com/bot.html)"
188.165.15.15 - - [27/Oct/2014:17:08:15 +0100] "GET /robots.txt HTTP/1.1" 200 177 "-" "Mozilla/5.0 (compatible; AhrefsBot/5.0; +http://ahrefs.com/robot/)"
188.165.15.152 - - [27/Oct/2014:17:18:12 +0100] "GET /news.php?cs_go=archiv&cs_id=5385&cs_search= HTTP/1.1" 200 5365 "-" "Mozilla/5.0 (compatible; AhrefsBot/5.0; +http://ahrefs.com/robot/)"
92.225.25.172 - - [27/Oct/2014:17:32:38 +0100] "GET /style.css HTTP/1.1" 200 8402 "http://www.mink-gmbh.de/" "Mozilla/5.0 (Macintosh; Intel Mac OS X 10_6_8) AppleWebKit/534.59.10 (KHTML, like Gecko) Version/5.1.9 Safari/534.59.10"
92.225.25.172 - - [27/Oct/2014:17:32:38 +0100] "GET /modul.css HTTP/1.1" 200 35038 "http://www.mink-gmbh.de/" "Mozilla/5.0 (Macintosh; Intel Mac OS X 10_6_8) AppleWebKit/534.59.10 (KHTML, like Gecko) Version/5.1.9 Safari/534.59.10"
66.249.78.190 - - [27/Oct/2014:17:37:25 +0100] "GET /news.php?cs_go=archiv&cs_id=5388 HTTP/1.1" 200 5365 "-" "Mozilla/5.0 (compatible; Googlebot/2.1; +http://www.google.com/bot.html)"
92.225.25.172 - - [27/Oct/2014:17:32:38 +0100] "GET / HTTP/1.1" 200 8120 "http://www.google.de/url?url=http://www.mink-gmbh.de/&rct=j&q=&esrc=s&sa=U&ei=PnNOVPv2Dcj8ywOBioKABw&ved=0CDIQFjAD&usg=AFQjCNEH1KuDie5AyjgTtwoGr9Tw071cGA" "Mozilla/5.0 (Macintosh; Intel Mac OS X 10_6_8) AppleWebKit/534.59.10 (KHTML, like Gecko) Version/5.1.9 Safari/534.59.10"
92.225.25.172 - - [27/Oct/2014:17:39:18 +0100] "GET / HTTP/1.1" 200 8120 "http://www.google.de/url?url=http://www.mink-gmbh.de/&rct=j&q=&esrc=s&sa=U&ei=znROVOXQI4v6ygPX_IDgBw&ved=0CBUQFjAA&usg=AFQjCNFzmMUFbpVAdbQrw97Sf1PHY3F34g" "Mozilla/5.0 (Macintosh; Intel Mac OS X 10_6_8) AppleWebKit/534.59.10 (KHTML, like Gecko) Version/5.1.9 Safari/534.59.10"
66.249.78.183 - - [27/Oct/2014:17:46:39 +0100] "GET /news.php?cs_go=archiv&cs_id=5388 HTTP/1.1" 200 5365 "-" "Mozilla/5.0 (compatible; Googlebot/2.1; +http://www.google.com/bot.html)"
92.225.25.172 - - [27/Oct/2014:17:35:33 +0100] "GET /kontakt.php HTTP/1.1" 404 - "http://www.google.de/url?url=http://www.mink-gmbh.de/kontakt.php&rct=j&q=&esrc=s&sa=U&ei=83NOVNa4DYW_ygOk0IGABA&ved=0CBwQjBAwAQ&usg=AFQjCNE0YmenKPkl_4gbd4uE6ET04vd-HQ" "Mozilla/5.0 (Macintosh; Intel Mac OS X 10_6_8) AppleWebKit/534.59.10 (KHTML, like Gecko) Version/5.1.9 Safari/534.59.10"
92.225.25.172 - - [27/Oct/2014:17:36:22 +0100] "GET / HTTP/1.1" 404 - "-" "Mozilla/5.0 (Macintosh; Intel Mac OS X 10_6_8) AppleWebKit/534.59.10 (KHTML, like Gecko) Version/5.1.9 Safari/534.59.10"
92.225.25.172 - - [27/Oct/2014:17:33:18 +0100] "GET / HTTP/1.1" 200 8035 "-" "Mozilla/5.0 (Macintosh; Intel Mac OS X 10_6_8) AppleWebKit/534.59.10 (KHTML, like Gecko) Version/5.1.9 Safari/534.59.10"
66.249.78.176 - - [27/Oct/2014:17:53:07 +0100] "GET /news.php?cs_go=archiv&cs_id=5388 HTTP/1.1" 200 5365 "-" "Mozilla/5.0 (compatible; Googlebot/2.1; +http://www.google.com/bot.html)"
207.46.13.83 - - [27/Oct/2014:17:56:20 +0100] "GET / HTTP/1.1" 200 2371 "-" "Mozilla/5.0 (compatible; bingbot/2.0; +http://www.bing.com/bingbot.htm)"
78.47.15.198 - - [27/Oct/2014:18:25:48 +0100] "GET /robots.txt HTTP/1.1" 200 177 "-" "Mozilla/5.0 (compatible; uMBot-IC/1.0; mailto: crawling@ubermetrics-technologies.com)"
78.47.15.198 - - [27/Oct/2014:18:25:48 +0100] "GET /jobs.php HTTP/1.1" 200 4965 "-" "Mozilla/5.0 (compatible; uMBot-IC/1.0; mailto: crawling@ubermetrics-technologies.com)"
208.115.111.75 - - [27/Oct/2014:18:48:37 +0100] "GET /robots.txt HTTP/1.1" 200 177 "-" "Mozilla/5.0 (compatible; DotBot/1.1; http://www.opensiteexplorer.org/dotbot, help@moz.com)"
178.63.80.14 - - [27/Oct/2014:18:54:11 +0100] "GET /robots.txt HTTP/1.1" 200 177 "-" "Mozilla/5.0 (compatible; uMBot-IC/1.0; mailto: crawling@ubermetrics-technologies.com)"
178.63.80.14 - - [27/Oct/2014:18:54:11 +0100] "GET /jobs.php HTTP/1.1" 200 4965 "-" "Mozilla/5.0 (compatible; uMBot-IC/1.0; mailto: crawling@ubermetrics-technologies.com)"
65.36.241.79 - - [27/Oct/2014:19:25:21 +0100] "HEAD / HTTP/1.1" 200 - "-" "InternetSeer.com"
92.225.25.172 - - [27/Oct/2014:19:23:56 +0100] "GET / HTTP/1.1" 200 8120 "http://www.google.de/url?url=http://www.mink-gmbh.de/&rct=j&q=&esrc=s&sa=U&ei=SY1OVL-JDuTMyAOqr4G4CQ&ved=0CBUQFjAA&usg=AFQjCNEKCX7GTBkfAnvUwDgcSLyaYSOvLQ" "Mozilla/5.0 (Macintosh; Intel Mac OS X 10_6_8) AppleWebKit/534.59.10 (KHTML, like Gecko) Version/5.1.9 Safari/534.59.10"
188.165.15.192 - - [27/Oct/2014:19:45:24 +0100] "GET /news.php?cs_go=archiv&cs_id=5343&cs_search= HTTP/1.1" 200 5365 "-" "Mozilla/5.0 (compatible; AhrefsBot/5.0; +http://ahrefs.com/robot/)"
66.249.78.183 - - [27/Oct/2014:20:06:28 +0100] "GET / HTTP/1.1" 200 4480 "-" "Mozilla/5.0 (iPhone; CPU iPhone OS 6_0 like Mac OS X) AppleWebKit/536.26 (KHTML, like Gecko) Version/6.0 Mobile/10A5376e Safari/8536.25 (compatible; Googlebot/2.1; +http://www.google.com/bot.html)"
208.115.111.75 - - [27/Oct/2014:20:25:34 +0100] "GET /energiesparcheck.php HTTP/1.1" 200 5385 "-" "Mozilla/5.0 (compatible; DotBot/1.1; http://www.opensiteexplorer.org/dotbot, help@moz.com)"
208.115.111.75 - - [27/Oct/2014:20:25:56 +0100] "GET /kwk.php?cs_go=1 HTTP/1.1" 200 5369 "-" "Mozilla/5.0 (compatible; DotBot/1.1; http://www.opensiteexplorer.org/dotbot, help@moz.com)"
208.115.111.75 - - [27/Oct/2014:20:26:07 +0100] "GET /lexikon.php?cs_go=2&cs_char=l HTTP/1.1" 200 5379 "-" "Mozilla/5.0 (compatible; DotBot/1.1; http://www.opensiteexplorer.org/dotbot, help@moz.com)"
208.115.111.75 - - [27/Oct/2014:20:26:17 +0100] "GET /news.php?cs_go=archiv&cs_id=5331&cs_search= HTTP/1.1" 200 5365 "-" "Mozilla/5.0 (compatible; DotBot/1.1; http://www.opensiteexplorer.org/dotbot, help@moz.com)"
66.249.78.183 - - [27/Oct/2014:20:27:28 +0100] "GET / HTTP/1.1" 200 4480 "-" "Mozilla/5.0 (iPhone; CPU iPhone OS 6_0 like Mac OS X) AppleWebKit/536.26 (KHTML, like Gecko) Version/6.0 Mobile/10A5376e Safari/8536.25 (compatible; Googlebot/2.1; +http://www.google.com/bot.html)"
188.165.15.22 - - [27/Oct/2014:20:43:33 +0100] "GET /news.php?cs_go=archiv&cs_id=5159&cs_search= HTTP/1.1" 200 5365 "-" "Mozilla/5.0 (compatible; AhrefsBot/5.0; +http://ahrefs.com/robot/)"
188.102.103.37 - - [27/Oct/2014:21:00:57 +0100] "GET /modul.css HTTP/1.1" 200 35038 "http://www.mink-gmbh.de/" "Mozilla/5.0 (Windows NT 6.1; WOW64; rv:32.0) Gecko/20100101 Firefox/32.0"
188.102.103.37 - - [27/Oct/2014:21:00:57 +0100] "GET /favicon.ico HTTP/1.1" 200 3638 "-" "Mozilla/5.0 (Windows NT 6.1; WOW64; rv:32.0) Gecko/20100101 Firefox/32.0"
188.102.103.37 - - [27/Oct/2014:21:00:55 +0100] "GET / HTTP/1.1" 200 4606 "http://www.google.de/url?sa=t&rct=j&q=&esrc=s&source=web&cd=1&ved=0CDAQFjAA&url=http%3A%2F%2Fwww.mink-gmbh.de%2F&ei=FKROVLPtCMb0OvTEgJAG&usg=AFQjCNFHX4Iglls9oo-KYXTmDUV_5KOVIg&bvm=bv.77880786,d.ZWU" "Mozilla/5.0 (Windows NT 6.1; WOW64; rv:32.0) Gecko/20100101 Firefox/32.0"
66.249.78.176 - - [27/Oct/2014:22:04:08 +0100] "GET /news.php?cs_go=archiv&cs_id=4386 HTTP/1.1" 200 5365 "-" "Mozilla/5.0 (iPhone; CPU iPhone OS 6_0 like Mac OS X) AppleWebKit/536.26 (KHTML, like Gecko) Version/6.0 Mobile/10A5376e Safari/8536.25 (compatible; Googlebot/2.1; +http://www.google.com/bot.html)"
66.249.78.183 - - [27/Oct/2014:22:20:44 +0100] "GET /news.php?cs_go=archiv&cs_id=4386 HTTP/1.1" 200 5365 "-" "Mozilla/5.0 (iPhone; CPU iPhone OS 6_0 like Mac OS X) AppleWebKit/536.26 (KHTML, like Gecko) Version/6.0 Mobile/10A5376e Safari/8536.25 (compatible; Googlebot/2.1; +http://www.google.com/bot.html)"
188.165.15.22 - - [27/Oct/2014:22:26:24 +0100] "GET /news.php?cs_go=archiv&cs_id=5292&cs_search= HTTP/1.1" 200 5365 "-" "Mozilla/5.0 (compatible; AhrefsBot/5.0; +http://ahrefs.com/robot/)"
188.165.15.59 - - [27/Oct/2014:22:46:32 +0100] "GET /news.php?cs_go=archiv&cs_id=5333&cs_search= HTTP/1.1" 200 5365 "-" "Mozilla/5.0 (compatible; AhrefsBot/5.0; +http://ahrefs.com/robot/)"
208.115.111.75 - - [27/Oct/2014:22:49:41 +0100] "GET /robots.txt HTTP/1.1" 200 177 "-" "Mozilla/5.0 (compatible; DotBot/1.1; http://www.opensiteexplorer.org/dotbot, help@moz.com)"
66.249.78.176 - - [27/Oct/2014:23:03:22 +0100] "GET /news.php?cs_go=archiv&cs_id=5388 HTTP/1.1" 200 5365 "-" "Mozilla/5.0 (compatible; Googlebot/2.1; +http://www.google.com/bot.html)"
66.249.78.183 - - [27/Oct/2014:23:12:22 +0100] "GET /news.php?cs_go=archiv&cs_id=5388 HTTP/1.1" 200 5365 "-" "Mozilla/5.0 (compatible; Googlebot/2.1; +http://www.google.com/bot.html)"
66.249.78.176 - - [27/Oct/2014:23:19:01 +0100] "GET /news.php?cs_go=archiv&cs_id=5388 HTTP/1.1" 200 5365 "-" "Mozilla/5.0 (compatible; Googlebot/2.1; +http://www.google.com/bot.html)"
188.165.15.152 - - [28/Oct/2014:00:22:07 +0100] "GET /schwefelarmstandard.php HTTP/1.1" 200 5229 "-" "Mozilla/5.0 (compatible; AhrefsBot/5.0; +http://ahrefs.com/robot/)"
78.47.15.198 - - [28/Oct/2014:00:26:03 +0100] "GET /robots.txt HTTP/1.1" 200 177 "-" "Mozilla/5.0 (compatible; uMBot-IC/1.0; mailto: crawling@ubermetrics-technologies.com)"
78.47.15.198 - - [28/Oct/2014:00:26:03 +0100] "GET /jobs.php HTTP/1.1" 200 4965 "-" "Mozilla/5.0 (compatible; uMBot-IC/1.0; mailto: crawling@ubermetrics-technologies.com)"
208.115.111.75 - - [28/Oct/2014:00:29:48 +0100] "GET /kwk.php?cs_go=3 HTTP/1.1" 200 5369 "-" "Mozilla/5.0 (compatible; DotBot/1.1; http://www.opensiteexplorer.org/dotbot, help@moz.com)"
208.115.111.75 - - [28/Oct/2014:00:30:02 +0100] "GET /lexikon.php?cs_go=2&cs_char=j HTTP/1.1" 200 5379 "-" "Mozilla/5.0 (compatible; DotBot/1.1; http://www.opensiteexplorer.org/dotbot, help@moz.com)"
188.165.15.29 - - [28/Oct/2014:00:37:12 +0100] "GET /news.php?cs_go=archiv&cs_id=5157&cs_search= HTTP/1.1" 200 5365 "-" "Mozilla/5.0 (compatible; AhrefsBot/5.0; +http://ahrefs.com/robot/)"
188.165.15.152 - - [28/Oct/2014:00:46:39 +0100] "GET /news.php?cs_go=archiv&cs_startpos=70 HTTP/1.1" 200 5365 "-" "Mozilla/5.0 (compatible; AhrefsBot/5.0; +http://ahrefs.com/robot/)"
178.63.80.14 - - [28/Oct/2014:00:54:23 +0100] "GET /robots.txt HTTP/1.1" 200 177 "-" "Mozilla/5.0 (compatible; uMBot-IC/1.0; mailto: crawling@ubermetrics-technologies.com)"
178.63.80.14 - - [28/Oct/2014:00:54:23 +0100] "GET /jobs.php HTTP/1.1" 200 4965 "-" "Mozilla/5.0 (compatible; uMBot-IC/1.0; mailto: crawling@ubermetrics-technologies.com)"
180.76.5.172 - - [28/Oct/2014:01:43:05 +0100] "GET /robots.txt HTTP/1.1" 200 177 "-" "Mozilla/5.0 (Windows NT 5.1; rv:6.0.2) Gecko/20100101 Firefox/6.0.2"
188.165.15.192 - - [28/Oct/2014:01:52:42 +0100] "GET /news.php?cs_go=archiv&cs_id=5206&cs_search= HTTP/1.1" 200 5365 "-" "Mozilla/5.0 (compatible; AhrefsBot/5.0; +http://ahrefs.com/robot/)"
208.115.111.75 - - [28/Oct/2014:02:49:44 +0100] "GET /robots.txt HTTP/1.1" 200 177 "-" "Mozilla/5.0 (compatible; DotBot/1.1; http://www.opensiteexplorer.org/dotbot, help@moz.com)"
37.139.52.23 - - [28/Oct/2014:02:54:59 +0100] "GET / HTTP/1.1" 200 2371 "http://newstraveller.ru/" "Mozilla/4.0 (compatible; MSIE 7.0; Windows NT 5.1; SV1; .NET CLR 2.0.50727)"
37.139.52.23 - - [28/Oct/2014:02:54:59 +0100] "GET / HTTP/1.1" 200 8120 "http://newstraveller.ru/" "Mozilla/4.0 (compatible; MSIE 7.0; Windows NT 5.1; SV1; .NET CLR 2.0.50727)"
37.139.52.23 - - [28/Oct/2014:02:54:59 +0100] "GET / HTTP/1.1" 200 8120 "http://newstraveller.ru/" "Mozilla/4.0 (compatible; MSIE 7.0; Windows NT 5.1; SV1; .NET CLR 2.0.50727)"
37.139.52.23 - - [28/Oct/2014:03:05:05 +0100] "GET / HTTP/1.1" 200 8120 "http://newstraveller.ru/" "Mozilla/4.0 (compatible; MSIE 6.0; Windows NT 5.1; ru) Opera 8.01"
37.139.52.23 - - [28/Oct/2014:03:05:06 +0100] "GET / HTTP/1.1" 200 8120 "http://newstraveller.ru/" "Mozilla/4.0 (compatible; MSIE 6.0; Windows NT 5.1; ru) Opera 8.01"
37.139.52.23 - - [28/Oct/2014:03:05:06 +0100] "GET / HTTP/1.1" 200 8120 "http://newstraveller.ru/" "Mozilla/4.0 (compatible; MSIE 6.0; Windows NT 5.1; ru) Opera 8.01"
66.249.78.176 - - [28/Oct/2014:03:37:07 +0100] "GET /lexikon.php?cs_go=2&cs_char=g HTTP/1.1" 200 5379 "-" "Mozilla/5.0 (iPhone; CPU iPhone OS 6_0 like Mac OS X) AppleWebKit/536.26 (KHTML, like Gecko) Version/6.0 Mobile/10A5376e Safari/8536.25 (compatible; Googlebot/2.1; +http://www.google.com/bot.html)"
85.13.131.53 - - [28/Oct/2014:04:23:03 +0100] "GET / HTTP/1.0" 200 4606 "-" "-"
208.115.111.75 - - [28/Oct/2014:04:31:23 +0100] "GET /lexikon.php?cs_go=2&cs_char=h HTTP/1.1" 200 5379 "-" "Mozilla/5.0 (compatible; DotBot/1.1; http://www.opensiteexplorer.org/dotbot, help@moz.com)"
66.249.78.176 - - [28/Oct/2014:04:29:42 +0100] "GET /news.php?cs_go=archiv&cs_id=3599&cs_search= HTTP/1.1" 200 5365 "-" "Mozilla/5.0 (iPhone; CPU iPhone OS 6_0 like Mac OS X) AppleWebKit/536.26 (KHTML, like Gecko) Version/6.0 Mobile/10A5376e Safari/8536.25 (compatible; Googlebot/2.1; +http://www.google.com/bot.html)"
188.165.15.59 - - [28/Oct/2014:04:30:56 +0100] "GET /news.php?cs_go=archiv&cs_id=5185&cs_search= HTTP/1.1" 200 5365 "-" "Mozilla/5.0 (compatible; AhrefsBot/5.0; +http://ahrefs.com/robot/)"
85.13.131.53 - - [28/Oct/2014:04:27:57 +0100] "GET / HTTP/1.0" 200 8120 "-" "-"
85.13.131.53 - - [28/Oct/2014:04:31:38 +0100] "GET / HTTP/1.0" 200 4606 "-" "-"
85.13.131.53 - - [28/Oct/2014:04:34:47 +0100] "GET / HTTP/1.0" 200 8120 "-" "-"
85.13.131.53 - - [28/Oct/2014:04:38:29 +0100] "GET / HTTP/1.0" 200 4606 "-" "-"
85.13.131.53 - - [28/Oct/2014:04:41:38 +0100] "GET / HTTP/1.0" 200 8120 "-" "-"
66.249.78.183 - - [28/Oct/2014:04:54:26 +0100] "GET /news.php?cs_go=archiv&cs_id=3599&cs_search= HTTP/1.1" 200 5365 "-" "Mozilla/5.0 (iPhone; CPU iPhone OS 6_0 like Mac OS X) AppleWebKit/536.26 (KHTML, like Gecko) Version/6.0 Mobile/10A5376e Safari/8536.25 (compatible; Googlebot/2.1; +http://www.google.com/bot.html)"
66.249.78.183 - - [28/Oct/2014:05:05:33 +0100] "GET /news.php?cs_go=archiv&cs_id=5388 HTTP/1.1" 200 5365 "-" "Mozilla/5.0 (compatible; Googlebot/2.1; +http://www.google.com/bot.html)"
66.249.78.183 - - [28/Oct/2014:05:14:58 +0100] "GET /news.php?cs_go=archiv&cs_id=5388 HTTP/1.1" 200 5365 "-" "Mozilla/5.0 (compatible; Googlebot/2.1; +http://www.google.com/bot.html)"
66.249.78.190 - - [28/Oct/2014:05:17:58 +0100] "GET /news.php?cs_go=archiv&cs_id=4386 HTTP/1.1" 200 5365 "-" "Mozilla/5.0 (iPhone; CPU iPhone OS 6_0 like Mac OS X) AppleWebKit/536.26 (KHTML, like Gecko) Version/6.0 Mobile/10A5376e Safari/8536.25 (compatible; Googlebot/2.1; +http://www.google.com/bot.html)"
65.36.241.79 - - [28/Oct/2014:05:23:23 +0100] "HEAD / HTTP/1.1" 200 - "-" "InternetSeer.com"
66.249.78.176 - - [28/Oct/2014:05:23:58 +0100] "GET /news.php?cs_go=archiv&cs_id=5388 HTTP/1.1" 200 5365 "-" "Mozilla/5.0 (compatible; Googlebot/2.1; +http://www.google.com/bot.html)"
88.198.222.86 - - [28/Oct/2014:05:30:13 +0100] "GET / HTTP/1.0" 200 4606 "-" "-"
88.198.222.86 - - [28/Oct/2014:05:36:28 +0100] "GET / HTTP/1.0" 200 4606 "-" "-"
88.198.222.86 - - [28/Oct/2014:05:33:24 +0100] "GET / HTTP/1.0" 200 8120 "-" "-"
88.198.222.86 - - [28/Oct/2014:05:39:41 +0100] "GET / HTTP/1.0" 200 8120 "-" "-"
66.249.78.183 - - [28/Oct/2014:05:47:17 +0100] "GET /news.php?cs_go=archiv&cs_id=4386 HTTP/1.1" 200 5365 "-" "Mozilla/5.0 (iPhone; CPU iPhone OS 6_0 like Mac OS X) AppleWebKit/536.26 (KHTML, like Gecko) Version/6.0 Mobile/10A5376e Safari/8536.25 (compatible; Googlebot/2.1; +http://www.google.com/bot.html)"
66.249.78.183 - - [28/Oct/2014:05:53:39 +0100] "GET /news.php?cs_go=archiv&cs_id=3599&cs_search= HTTP/1.1" 200 5365 "-" "Mozilla/5.0 (iPhone; CPU iPhone OS 6_0 like Mac OS X) AppleWebKit/536.26 (KHTML, like Gecko) Version/6.0 Mobile/10A5376e Safari/8536.25 (compatible; Googlebot/2.1; +http://www.google.com/bot.html)"
88.198.222.86 - - [28/Oct/2014:05:50:50 +0100] "GET / HTTP/1.0" 200 4606 "-" "-"
66.249.78.190 - - [28/Oct/2014:06:00:01 +0100] "GET /news.php?cs_go=archiv&cs_id=4386 HTTP/1.1" 200 5365 "-" "Mozilla/5.0 (iPhone; CPU iPhone OS 6_0 like Mac OS X) AppleWebKit/536.26 (KHTML, like Gecko) Version/6.0 Mobile/10A5376e Safari/8536.25 (compatible; Googlebot/2.1; +http://www.google.com/bot.html)"
88.198.222.86 - - [28/Oct/2014:05:54:01 +0100] "GET / HTTP/1.0" 200 8120 "-" "-"
176.9.127.181 - - [28/Oct/2014:06:23:15 +0100] "GET /faq.php HTTP/1.1" 200 5392 "-" "Mozilla/4.0 (compatible; MSIE 6.0; Windows 98; Win 9x4.90)"
78.47.15.198 - - [28/Oct/2014:06:24:35 +0100] "GET /robots.txt HTTP/1.1" 200 177 "-" "Mozilla/5.0 (compatible; uMBot-IC/1.0; mailto: crawling@ubermetrics-technologies.com)"
78.47.15.198 - - [28/Oct/2014:06:24:35 +0100] "GET /jobs.php HTTP/1.1" 200 4965 "-" "Mozilla/5.0 (compatible; uMBot-IC/1.0; mailto: crawling@ubermetrics-technologies.com)"
66.249.78.190 - - [28/Oct/2014:06:22:46 +0100] "GET /news.php?cs_go=archiv&cs_id=4881 HTTP/1.1" 200 5365 "-" "Mozilla/5.0 (compatible; Googlebot/2.1; +http://www.google.com/bot.html)"
208.115.111.75 - - [28/Oct/2014:06:47:48 +0100] "GET /robots.txt HTTP/1.1" 200 177 "-" "Mozilla/5.0 (compatible; DotBot/1.1; http://www.opensiteexplorer.org/dotbot, help@moz.com)"
178.63.80.14 - - [28/Oct/2014:06:52:54 +0100] "GET /robots.txt HTTP/1.1" 200 177 "-" "Mozilla/5.0 (compatible; uMBot-IC/1.0; mailto: crawling@ubermetrics-technologies.com)"
178.63.80.14 - - [28/Oct/2014:06:52:54 +0100] "GET /jobs.php HTTP/1.1" 200 4965 "-" "Mozilla/5.0 (compatible; uMBot-IC/1.0; mailto: crawling@ubermetrics-technologies.com)"
66.249.78.190 - - [28/Oct/2014:07:11:48 +0100] "GET /lexikon.php?cs_go=2&cs_char=a HTTP/1.1" 200 5379 "-" "Mozilla/5.0 (iPhone; CPU iPhone OS 6_0 like Mac OS X) AppleWebKit/536.26 (KHTML, like Gecko) Version/6.0 Mobile/10A5376e Safari/8536.25 (compatible; Googlebot/2.1; +http://www.google.com/bot.html)"
88.198.222.86 - - [28/Oct/2014:07:19:53 +0100] "GET / HTTP/1.0" 200 4606 "-" "-"
88.198.222.86 - - [28/Oct/2014:07:23:03 +0100] "GET / HTTP/1.0" 200 8120 "-" "-"
88.198.222.86 - - [28/Oct/2014:07:26:15 +0100] "GET / HTTP/1.0" 200 4606 "-" "-"
88.198.222.86 - - [28/Oct/2014:07:29:27 +0100] "GET / HTTP/1.0" 200 8120 "-" "-"
88.198.222.86 - - [28/Oct/2014:07:32:57 +0100] "GET / HTTP/1.0" 200 4606 "-" "-"
88.198.222.86 - - [28/Oct/2014:07:36:07 +0100] "GET / HTTP/1.0" 200 8120 "-" "-"
66.249.78.183 - - [28/Oct/2014:07:48:10 +0100] "GET /news.php?cs_go=archiv&cs_id=5356 HTTP/1.1" 200 5365 "-" "Mozilla/5.0 (iPhone; CPU iPhone OS 6_0 like Mac OS X) AppleWebKit/536.26 (KHTML, like Gecko) Version/6.0 Mobile/10A5376e Safari/8536.25 (compatible; Googlebot/2.1; +http://www.google.com/bot.html)"
208.115.111.75 - - [28/Oct/2014:07:58:59 +0100] "GET /lexikon.php?cs_go=2&cs_char=f HTTP/1.1" 200 5379 "-" "Mozilla/5.0 (compatible; DotBot/1.1; http://www.opensiteexplorer.org/dotbot, help@moz.com)"
208.115.111.75 - - [28/Oct/2014:07:59:11 +0100] "GET /news.php?cs_go=archiv&cs_id=5260&cs_search= HTTP/1.1" 200 5365 "-" "Mozilla/5.0 (compatible; DotBot/1.1; http://www.opensiteexplorer.org/dotbot, help@moz.com)"
66.249.78.176 - - [28/Oct/2014:08:00:11 +0100] "GET /news.php?cs_go=archiv&cs_id=5356 HTTP/1.1" 200 5365 "-" "Mozilla/5.0 (iPhone; CPU iPhone OS 6_0 like Mac OS X) AppleWebKit/536.26 (KHTML, like Gecko) Version/6.0 Mobile/10A5376e Safari/8536.25 (compatible; Googlebot/2.1; +http://www.google.com/bot.html)"
66.249.78.176 - - [28/Oct/2014:08:24:53 +0100] "GET /news.php?cs_go=archiv&cs_id=5356 HTTP/1.1" 200 5365 "-" "Mozilla/5.0 (iPhone; CPU iPhone OS 6_0 like Mac OS X) AppleWebKit/536.26 (KHTML, like Gecko) Version/6.0 Mobile/10A5376e Safari/8536.25 (compatible; Googlebot/2.1; +http://www.google.com/bot.html)"
82.94.179.38 - - [28/Oct/2014:08:49:52 +0100] "GET /robots.txt HTTP/1.0" 200 177 "-" "Mozilla/4.0 (compatible; Freshbot/1.0/EU; http://webagent.wise-guys.nl/)"
82.94.179.38 - - [28/Oct/2014:08:49:52 +0100] "GET / HTTP/1.1" 200 4480 "-" "Mozilla/5.0 (X11; Linux i686; rv:6.0) Gecko/20100101 Firefox/6.0 (Freshbot/1.0/EU; http://webagent.wise-guys.nl/)"
208.115.111.75 - - [28/Oct/2014:10:48:14 +0100] "GET /robots.txt HTTP/1.1" 200 177 "-" "Mozilla/5.0 (compatible; DotBot/1.1; http://www.opensiteexplorer.org/dotbot, help@moz.com)"
199.58.86.206 - - [28/Oct/2014:10:59:21 +0100] "GET /robots.txt HTTP/1.0" 200 177 "-" "Mozilla/5.0 (compatible; MJ12bot/v1.4.5; http://www.majestic12.co.uk/bot.php?+)"
88.198.222.86 - - [28/Oct/2014:11:02:01 +0100] "GET / HTTP/1.0" 200 4606 "-" "-"
199.58.86.206 - - [28/Oct/2014:10:59:23 +0100] "GET / HTTP/1.0" 200 8120 "-" "Mozilla/5.0 (compatible; MJ12bot/v1.4.5; http://www.majestic12.co.uk/bot.php?+)"
88.198.222.86 - - [28/Oct/2014:11:05:11 +0100] "GET / HTTP/1.0" 200 8120 "-" "-"
88.198.222.86 - - [28/Oct/2014:11:08:21 +0100] "GET / HTTP/1.0" 200 4606 "-" "-"
88.198.222.86 - - [28/Oct/2014:11:11:32 +0100] "GET / HTTP/1.0" 200 8120 "-" "-"
88.198.222.86 - - [28/Oct/2014:11:18:02 +0100] "GET / HTTP/1.0" 200 2371 "-" "-"
88.198.222.86 - - [28/Oct/2014:11:14:51 +0100] "GET / HTTP/1.0" 200 4606 "-" "-"
66.249.78.190 - - [28/Oct/2014:11:36:19 +0100] "GET /news.php?cs_go=archiv&cs_id=4881 HTTP/1.1" 200 5365 "-" "Mozilla/5.0 (compatible; Googlebot/2.1; +http://www.google.com/bot.html)"
87.230.17.72 - - [28/Oct/2014:12:00:23 +0100] "GET / HTTP/1.1" 200 8120 "-" "ImplisenseBot 1.0"
87.230.17.72 - - [28/Oct/2014:12:09:54 +0100] "GET /impressum.php HTTP/1.1" 200 6306 "-" "ImplisenseBot 1.0"
78.47.15.198 - - [28/Oct/2014:12:24:44 +0100] "GET /robots.txt HTTP/1.1" 200 177 "-" "Mozilla/5.0 (compatible; uMBot-IC/1.0; mailto: crawling@ubermetrics-technologies.com)"
78.47.15.198 - - [28/Oct/2014:12:24:44 +0100] "GET /jobs.php HTTP/1.1" 200 4965 "-" "Mozilla/5.0 (compatible; uMBot-IC/1.0; mailto: crawling@ubermetrics-technologies.com)"
208.115.111.75 - - [28/Oct/2014:12:29:47 +0100] "GET /lexikon.php?cs_go=2&cs_char=d HTTP/1.1" 200 5379 "-" "Mozilla/5.0 (compatible; DotBot/1.1; http://www.opensiteexplorer.org/dotbot, help@moz.com)"
66.249.78.190 - - [28/Oct/2014:12:31:38 +0100] "GET /robots.txt HTTP/1.1" 200 177 "-" "Mozilla/5.0 (compatible; Googlebot/2.1; +http://www.google.com/bot.html)"
66.249.78.176 - - [28/Oct/2014:12:31:38 +0100] "GET /news.php?cs_go=archiv&cs_id=3599&cs_search= HTTP/1.1" 200 5365 "-" "Mozilla/5.0 (compatible; Googlebot/2.1; +http://www.google.com/bot.html)"
144.76.95.232 - - [28/Oct/2014:12:41:17 +0100] "GET /robots.txt HTTP/1.0" 200 177 "-" "Mozilla/5.0 (compatible; MJ12bot/v1.4.5; http://www.majestic12.co.uk/bot.php?+)"
66.249.78.190 - - [28/Oct/2014:12:38:33 +0100] "GET /news.php?cs_go=archiv&cs_id=3599&cs_search= HTTP/1.1" 200 5365 "-" "Mozilla/5.0 (compatible; Googlebot/2.1; +http://www.google.com/bot.html)"
66.249.67.16 - - [28/Oct/2014:12:42:47 +0100] "GET /robots.txt HTTP/1.1" 200 177 "-" "Mozilla/5.0 (compatible; Googlebot/2.1; +http://www.google.com/bot.html)"
66.249.67.32 - - [28/Oct/2014:12:42:47 +0100] "GET /lexikon.php?cs_go=3&cs_id=159 HTTP/1.1" 200 5379 "-" "Mozilla/5.0 (iPhone; CPU iPhone OS 6_0 like Mac OS X) AppleWebKit/536.26 (KHTML, like Gecko) Version/6.0 Mobile/10A5376e Safari/8536.25 (compatible; Googlebot/2.1; +http://www.google.com/bot.html)"
66.249.67.16 - - [28/Oct/2014:12:43:59 +0100] "GET /lexikon.php?cs_go=3&cs_id=104 HTTP/1.1" 200 5379 "-" "Mozilla/5.0 (iPhone; CPU iPhone OS 6_0 like Mac OS X) AppleWebKit/536.26 (KHTML, like Gecko) Version/6.0 Mobile/10A5376e Safari/8536.25 (compatible; Googlebot/2.1; +http://www.google.com/bot.html)"
144.76.95.232 - - [28/Oct/2014:12:41:19 +0100] "GET /news.php?cs_go=archiv&cs_id=5244&cs_search= HTTP/1.0" 200 5365 "-" "Mozilla/5.0 (compatible; MJ12bot/v1.4.5; http://www.majestic12.co.uk/bot.php?+)"
