207.46.13.83 - - [23/Oct/2014:22:26:03 +0200] "GET /kontakt.php HTTP/1.1" 200 4996 "-" "Mozilla/5.0 (compatible; bingbot/2.0; +http://www.bing.com/bingbot.htm)"
207.46.13.83 - - [23/Oct/2014:22:26:06 +0200] "GET /impressum.php HTTP/1.1" 200 6306 "-" "Mozilla/5.0 (compatible; bingbot/2.0; +http://www.bing.com/bingbot.htm)"
207.46.13.83 - - [23/Oct/2014:22:26:07 +0200] "GET /Heizoel-Berlin.html HTTP/1.1" 404 5342 "-" "Mozilla/5.0 (compatible; bingbot/2.0; +http://www.bing.com/bingbot.htm)"
188.165.15.55 - - [23/Oct/2014:22:35:53 +0200] "GET / HTTP/1.1" 200 8120 "-" "Mozilla/5.0 (compatible; AhrefsBot/5.0; +http://ahrefs.com/robot/)"
66.249.64.104 - - [23/Oct/2014:22:50:02 +0200] "GET /kontakt.php HTTP/1.1" 200 4996 "-" "Mozilla/5.0 (compatible; Googlebot/2.1; +http://www.google.com/bot.html)"
157.55.39.34 - - [23/Oct/2014:23:14:08 +0200] "GET /kwk.php HTTP/1.1" 200 5369 "-" "Mozilla/5.0 (compatible; bingbot/2.0; +http://www.bing.com/bingbot.htm)"
157.55.39.34 - - [23/Oct/2014:23:14:11 +0200] "GET /jobs.php HTTP/1.1" 200 4965 "-" "Mozilla/5.0 (compatible; bingbot/2.0; +http://www.bing.com/bingbot.htm)"
157.55.39.34 - - [23/Oct/2014:23:14:15 +0200] "GET /edl.php HTTP/1.1" 200 5406 "-" "Mozilla/5.0 (compatible; bingbot/2.0; +http://www.bing.com/bingbot.htm)"
207.46.13.83 - - [23/Oct/2014:23:11:27 +0200] "GET / HTTP/1.1" 200 2371 "-" "Mozilla/5.0 (compatible; bingbot/2.0; +http://www.bing.com/bingbot.htm)"
157.55.39.34 - - [23/Oct/2014:23:16:53 +0200] "GET /Schmierstoffe.htm HTTP/1.1" 404 5342 "-" "Mozilla/5.0 (compatible; bingbot/2.0; +http://www.bing.com/bingbot.htm)"
157.55.39.34 - - [23/Oct/2014:23:16:53 +0200] "GET /Heizoel-Berlin.htm HTTP/1.1" 404 5342 "-" "Mozilla/5.0 (compatible; bingbot/2.0; +http://www.bing.com/bingbot.htm)"
66.249.78.183 - - [23/Oct/2014:23:32:00 +0200] "GET /news.php?cs_go=archiv&cs_id=5208 HTTP/1.1" 200 5365 "-" "Mozilla/5.0 (compatible; Googlebot/2.1; +http://www.google.com/bot.html)"
157.55.39.32 - - [23/Oct/2014:23:46:49 +0200] "GET /Heizoel.htm HTTP/1.1" 404 5342 "-" "Mozilla/5.0 (compatible; bingbot/2.0; +http://www.bing.com/bingbot.htm)"
157.55.39.250 - - [23/Oct/2014:23:46:54 +0200] "GET /optiplus.php HTTP/1.1" 404 5342 "-" "Mozilla/5.0 (compatible; bingbot/2.0; +http://www.bing.com/bingbot.htm)"
207.46.13.83 - - [23/Oct/2014:23:47:01 +0200] "GET /kontakt.php HTTP/1.1" 200 4996 "-" "Mozilla/5.0 (compatible; bingbot/2.0; +http://www.bing.com/bingbot.htm)"
207.46.13.83 - - [23/Oct/2014:23:47:04 +0200] "GET /impressum.php HTTP/1.1" 200 6306 "-" "Mozilla/5.0 (compatible; bingbot/2.0; +http://www.bing.com/bingbot.htm)"
207.46.13.83 - - [23/Oct/2014:23:47:05 +0200] "GET /Heizoel-Berlin.html HTTP/1.1" 404 5342 "-" "Mozilla/5.0 (compatible; bingbot/2.0; +http://www.bing.com/bingbot.htm)"
157.55.39.34 - - [23/Oct/2014:23:47:34 +0200] "GET /kwk.php HTTP/1.1" 200 5369 "-" "Mozilla/5.0 (compatible; bingbot/2.0; +http://www.bing.com/bingbot.htm)"
157.55.39.34 - - [23/Oct/2014:23:47:37 +0200] "GET /jobs.php HTTP/1.1" 200 4965 "-" "Mozilla/5.0 (compatible; bingbot/2.0; +http://www.bing.com/bingbot.htm)"
157.55.39.34 - - [23/Oct/2014:23:47:41 +0200] "GET /edl.php HTTP/1.1" 200 5406 "-" "Mozilla/5.0 (compatible; bingbot/2.0; +http://www.bing.com/bingbot.htm)"
157.55.39.34 - - [23/Oct/2014:23:47:49 +0200] "GET /Schmierstoffe.htm HTTP/1.1" 404 5342 "-" "Mozilla/5.0 (compatible; bingbot/2.0; +http://www.bing.com/bingbot.htm)"
157.55.39.34 - - [23/Oct/2014:23:47:50 +0200] "GET /Heizoel-Berlin.htm HTTP/1.1" 404 5342 "-" "Mozilla/5.0 (compatible; bingbot/2.0; +http://www.bing.com/bingbot.htm)"
208.115.113.91 - - [23/Oct/2014:23:56:13 +0200] "GET /lexikon.php?cs_go=2&cs_char=o HTTP/1.1" 200 5379 "-" "Mozilla/5.0 (compatible; DotBot/1.1; http://www.opensiteexplorer.org/dotbot, help@moz.com)"
66.249.64.112 - - [24/Oct/2014:00:44:01 +0200] "GET / HTTP/1.1" 200 4480 "-" "Mozilla/5.0 (compatible; Googlebot/2.1; +http://www.google.com/bot.html)"
188.165.15.132 - - [24/Oct/2014:00:52:19 +0200] "GET /news.php?cs_go=archiv&cs_id=5349&cs_search= HTTP/1.1" 200 5365 "-" "Mozilla/5.0 (compatible; AhrefsBot/5.0; +http://ahrefs.com/robot/)"
66.249.78.183 - - [24/Oct/2014:01:02:01 +0200] "GET / HTTP/1.1" 200 4480 "-" "Mozilla/5.0 (compatible; Googlebot/2.1; +http://www.google.com/bot.html)"
188.165.15.79 - - [24/Oct/2014:01:05:35 +0200] "GET /kontakt.php HTTP/1.1" 200 4996 "-" "Mozilla/5.0 (compatible; AhrefsBot/5.0; +http://ahrefs.com/robot/)"
66.249.78.183 - - [24/Oct/2014:01:11:02 +0200] "GET / HTTP/1.1" 200 4480 "-" "Mozilla/5.0 (compatible; Googlebot/2.1; +http://www.google.com/bot.html)"
78.47.15.198 - - [24/Oct/2014:01:22:26 +0200] "GET /robots.txt HTTP/1.1" 200 177 "-" "Mozilla/5.0 (compatible; uMBot-IC/1.0; mailto: crawling@ubermetrics-technologies.com)"
78.47.15.198 - - [24/Oct/2014:01:22:26 +0200] "GET /jobs.php HTTP/1.1" 200 4965 "-" "Mozilla/5.0 (compatible; uMBot-IC/1.0; mailto: crawling@ubermetrics-technologies.com)"
178.63.80.14 - - [24/Oct/2014:01:50:46 +0200] "GET /robots.txt HTTP/1.1" 200 177 "-" "Mozilla/5.0 (compatible; uMBot-IC/1.0; mailto: crawling@ubermetrics-technologies.com)"
178.63.80.14 - - [24/Oct/2014:01:50:46 +0200] "GET /jobs.php HTTP/1.1" 200 4965 "-" "Mozilla/5.0 (compatible; uMBot-IC/1.0; mailto: crawling@ubermetrics-technologies.com)"
208.115.113.91 - - [24/Oct/2014:02:00:23 +0200] "GET /robots.txt HTTP/1.1" 200 177 "-" "Mozilla/5.0 (compatible; DotBot/1.1; http://www.opensiteexplorer.org/dotbot, help@moz.com)"
188.165.15.152 - - [24/Oct/2014:02:12:49 +0200] "GET /news.php?cs_go=archiv&cs_id=5336&cs_search= HTTP/1.1" 200 5365 "-" "Mozilla/5.0 (compatible; AhrefsBot/5.0; +http://ahrefs.com/robot/)"
66.249.78.183 - - [24/Oct/2014:02:17:04 +0200] "GET /lexikon.php?cs_go=2&cs_char=a HTTP/1.1" 200 5379 "-" "Mozilla/5.0 (iPhone; CPU iPhone OS 6_0 like Mac OS X) AppleWebKit/536.26 (KHTML, like Gecko) Version/6.0 Mobile/10A5376e Safari/8536.25 (compatible; Googlebot/2.1; +http://www.google.com/bot.html)"
66.249.64.112 - - [24/Oct/2014:02:26:07 +0200] "GET / HTTP/1.1" 200 4480 "-" "DoCoMo/2.0 N905i(c100;TB;W24H16) (compatible; Googlebot-Mobile/2.1; +http://www.google.com/bot.html)"
66.249.64.108 - - [24/Oct/2014:02:35:07 +0200] "GET / HTTP/1.1" 200 4480 "-" "DoCoMo/2.0 N905i(c100;TB;W24H16) (compatible; Googlebot-Mobile/2.1; +http://www.google.com/bot.html)"
66.249.64.104 - - [24/Oct/2014:02:44:08 +0200] "GET / HTTP/1.1" 200 4480 "-" "DoCoMo/2.0 N905i(c100;TB;W24H16) (compatible; Googlebot-Mobile/2.1; +http://www.google.com/bot.html)"
66.249.78.176 - - [24/Oct/2014:02:50:08 +0200] "GET /standard.php HTTP/1.1" 200 5259 "-" "Mozilla/5.0 (iPhone; CPU iPhone OS 6_0 like Mac OS X) AppleWebKit/536.26 (KHTML, like Gecko) Version/6.0 Mobile/10A5376e Safari/8536.25 (compatible; Googlebot/2.1; +http://www.google.com/bot.html)"
92.226.181.137 - - [24/Oct/2014:03:02:50 +0200] "GET /style.css HTTP/1.1" 200 8402 "http://www.mink-gmbh.de/" "Mozilla/5.0 (Windows NT 6.1; WOW64) AppleWebKit/537.36 (KHTML, like Gecko) Chrome/38.0.2125.104 Safari/537.36"
92.226.181.137 - - [24/Oct/2014:03:02:50 +0200] "GET / HTTP/1.1" 200 2371 "http://www2.dasoertliche.de/?id=2239117644439274427731&recuid=BPG7FYN5VQ3WVADCUNQFVLTSUVMEUVWRCGJHEBIB&action=58&pagePos=2&dar=1&kw=Heiz%f6l&form_name=detail&lastFormName=search_nat&ci=Berlin&hitno=14&kgs=11000000&backkgs=11000000&zvo_ok=1&radius=5&orderby=name&ttforderby=rel&buc=2239&verlNr=1126&page=78&context=11&arkey=11000000" "Mozilla/5.0 (Windows NT 6.1; WOW64) AppleWebKit/537.36 (KHTML, like Gecko) Chrome/38.0.2125.104 Safari/537.36"
66.249.78.176 - - [24/Oct/2014:03:05:35 +0200] "GET /standard.php HTTP/1.1" 200 5259 "-" "Mozilla/5.0 (iPhone; CPU iPhone OS 6_0 like Mac OS X) AppleWebKit/536.26 (KHTML, like Gecko) Version/6.0 Mobile/10A5376e Safari/8536.25 (compatible; Googlebot/2.1; +http://www.google.com/bot.html)"
66.249.64.108 - - [24/Oct/2014:03:17:35 +0200] "GET /standard.php HTTP/1.1" 200 5259 "-" "Mozilla/5.0 (iPhone; CPU iPhone OS 6_0 like Mac OS X) AppleWebKit/536.26 (KHTML, like Gecko) Version/6.0 Mobile/10A5376e Safari/8536.25 (compatible; Googlebot/2.1; +http://www.google.com/bot.html)"
157.55.39.34 - - [24/Oct/2014:03:29:38 +0200] "GET /agb.php HTTP/1.1" 200 17543 "-" "Mozilla/5.0 (compatible; bingbot/2.0; +http://www.bing.com/bingbot.htm)"
157.55.39.250 - - [24/Oct/2014:03:29:44 +0200] "GET /robots.txt HTTP/1.1" 200 177 "-" "Mozilla/5.0 (compatible; bingbot/2.0; +http://www.bing.com/bingbot.htm)"
207.46.13.83 - - [24/Oct/2014:03:30:20 +0200] "GET /style.css HTTP/1.1" 200 8402 "-" "Mozilla/5.0 (compatible; bingbot/2.0; +http://www.bing.com/bingbot.htm)"
207.46.13.83 - - [24/Oct/2014:03:30:20 +0200] "GET /modul.css HTTP/1.1" 200 35038 "-" "Mozilla/5.0 (compatible; bingbot/2.0; +http://www.bing.com/bingbot.htm)"
178.255.215.80 - - [24/Oct/2014:03:36:13 +0200] "GET /lexikon.php?cs_go=2&cs_char=h HTTP/1.1" 200 5379 "-" "Mozilla/5.0 (compatible; Exabot/3.0 (BiggerBetter); +http://www.exabot.com/go/robot)"
208.115.113.91 - - [24/Oct/2014:03:48:39 +0200] "GET /.php HTTP/1.1" 404 5342 "-" "Mozilla/5.0 (compatible; DotBot/1.1; http://www.opensiteexplorer.org/dotbot, help@moz.com)"
208.115.113.91 - - [24/Oct/2014:03:48:45 +0200] "GET /lexikon.php?cs_go=2&cs_char=m HTTP/1.1" 200 5379 "-" "Mozilla/5.0 (compatible; DotBot/1.1; http://www.opensiteexplorer.org/dotbot, help@moz.com)"
208.115.111.75 - - [24/Oct/2014:03:51:27 +0200] "GET /robots.txt HTTP/1.1" 200 177 "-" "Mozilla/5.0 (compatible; DotBot/1.1; http://www.opensiteexplorer.org/dotbot, help@moz.com)"
208.115.113.91 - - [24/Oct/2014:03:49:01 +0200] "GET /rueckrufservice.php HTTP/1.1" 200 5378 "-" "Mozilla/5.0 (compatible; DotBot/1.1; http://www.opensiteexplorer.org/dotbot, help@moz.com)"
199.30.25.72 - - [24/Oct/2014:04:30:58 +0200] "GET /images/newsletter.png HTTP/1.1" 200 14619 "http://www.mink-gmbh.de/agb.php" "Mozilla/5.0 (Windows NT 6.1; WOW64) AppleWebKit/534+ (KHTML, like Gecko) BingPreview/1.0b"
199.30.25.72 - - [24/Oct/2014:04:30:58 +0200] "GET /images/bg.png HTTP/1.1" 200 922 "http://www.mink-gmbh.de/agb.php" "Mozilla/5.0 (Windows NT 6.1; WOW64) AppleWebKit/534+ (KHTML, like Gecko) BingPreview/1.0b"
199.30.25.72 - - [24/Oct/2014:04:30:58 +0200] "GET /images/header.jpg HTTP/1.1" 200 25189 "http://www.mink-gmbh.de/agb.php" "Mozilla/5.0 (Windows NT 6.1; WOW64) AppleWebKit/534+ (KHTML, like Gecko) BingPreview/1.0b"
199.30.25.72 - - [24/Oct/2014:04:30:58 +0200] "GET /images/wrapperbg.jpg HTTP/1.1" 200 27465 "http://www.mink-gmbh.de/agb.php" "Mozilla/5.0 (Windows NT 6.1; WOW64) AppleWebKit/534+ (KHTML, like Gecko) BingPreview/1.0b"
199.30.25.72 - - [24/Oct/2014:04:30:58 +0200] "GET /images/navibg.png HTTP/1.1" 200 2803 "http://www.mink-gmbh.de/agb.php" "Mozilla/5.0 (Windows NT 6.1; WOW64) AppleWebKit/534+ (KHTML, like Gecko) BingPreview/1.0b"
199.30.25.72 - - [24/Oct/2014:04:30:59 +0200] "GET /images/footerbg.jpg HTTP/1.1" 200 2184 "http://www.mink-gmbh.de/agb.php" "Mozilla/5.0 (Windows NT 6.1; WOW64) AppleWebKit/534+ (KHTML, like Gecko) BingPreview/1.0b"
178.255.215.80 - - [24/Oct/2014:04:46:14 +0200] "GET /news.php?cs_go=archiv&cs_startpos=170 HTTP/1.1" 200 5365 "-" "Mozilla/5.0 (compatible; Exabot/3.0 (BiggerBetter); +http://www.exabot.com/go/robot)"
208.115.111.75 - - [24/Oct/2014:05:31:01 +0200] "GET /impressum.php HTTP/1.1" 200 6306 "-" "Mozilla/5.0 (compatible; DotBot/1.1; http://www.opensiteexplorer.org/dotbot, help@moz.com)"
208.115.111.75 - - [24/Oct/2014:05:31:04 +0200] "GET /news.php?cs_go=archiv&cs_startpos=80 HTTP/1.1" 200 5365 "-" "Mozilla/5.0 (compatible; DotBot/1.1; http://www.opensiteexplorer.org/dotbot, help@moz.com)"
188.165.15.132 - - [24/Oct/2014:05:41:21 +0200] "GET /newsletter.php HTTP/1.1" 200 5536 "-" "Mozilla/5.0 (compatible; AhrefsBot/5.0; +http://ahrefs.com/robot/)"
82.94.179.38 - - [24/Oct/2014:05:44:20 +0200] "GET /robots.txt HTTP/1.0" 200 177 "-" "Mozilla/4.0 (compatible; Freshbot/1.0/EU; http://webagent.wise-guys.nl/)"
82.94.179.38 - - [24/Oct/2014:05:44:20 +0200] "GET / HTTP/1.1" 200 4480 "-" "Mozilla/5.0 (X11; Linux i686; rv:6.0) Gecko/20100101 Firefox/6.0 (Freshbot/1.0/EU; http://webagent.wise-guys.nl/)"
208.115.113.91 - - [24/Oct/2014:05:58:55 +0200] "GET /robots.txt HTTP/1.1" 200 177 "-" "Mozilla/5.0 (compatible; DotBot/1.1; http://www.opensiteexplorer.org/dotbot, help@moz.com)"
78.47.15.198 - - [24/Oct/2014:07:22:39 +0200] "GET /robots.txt HTTP/1.1" 200 177 "-" "Mozilla/5.0 (compatible; uMBot-IC/1.0; mailto: crawling@ubermetrics-technologies.com)"
78.47.15.198 - - [24/Oct/2014:07:22:39 +0200] "GET /jobs.php HTTP/1.1" 200 4965 "-" "Mozilla/5.0 (compatible; uMBot-IC/1.0; mailto: crawling@ubermetrics-technologies.com)"
208.115.113.91 - - [24/Oct/2014:07:49:12 +0200] "GET /kwk.php?cs_go=2 HTTP/1.1" 200 5369 "-" "Mozilla/5.0 (compatible; DotBot/1.1; http://www.opensiteexplorer.org/dotbot, help@moz.com)"
208.115.113.91 - - [24/Oct/2014:07:49:24 +0200] "GET /lexikon.php?cs_go=2&cs_char=k HTTP/1.1" 200 5379 "-" "Mozilla/5.0 (compatible; DotBot/1.1; http://www.opensiteexplorer.org/dotbot, help@moz.com)"
178.63.80.14 - - [24/Oct/2014:07:51:01 +0200] "GET /robots.txt HTTP/1.1" 200 177 "-" "Mozilla/5.0 (compatible; uMBot-IC/1.0; mailto: crawling@ubermetrics-technologies.com)"
178.63.80.14 - - [24/Oct/2014:07:51:01 +0200] "GET /jobs.php HTTP/1.1" 200 4965 "-" "Mozilla/5.0 (compatible; uMBot-IC/1.0; mailto: crawling@ubermetrics-technologies.com)"
188.165.15.21 - - [24/Oct/2014:08:44:37 +0200] "GET /news.php?cs_go=archiv&cs_id=5311&cs_search= HTTP/1.1" 200 5365 "-" "Mozilla/5.0 (compatible; AhrefsBot/5.0; +http://ahrefs.com/robot/)"
66.249.64.104 - - [24/Oct/2014:08:59:33 +0200] "GET /news.php?cs_go=archiv&cs_id=5219&cs_search= HTTP/1.1" 200 5365 "-" "Mozilla/5.0 (compatible; Googlebot/2.1; +http://www.google.com/bot.html)"
66.249.64.104 - - [24/Oct/2014:09:11:56 +0200] "GET / HTTP/1.1" 200 4480 "-" "DoCoMo/2.0 N905i(c100;TB;W24H16) (compatible; Googlebot-Mobile/2.1; +http://www.google.com/bot.html)"
66.249.64.108 - - [24/Oct/2014:09:20:56 +0200] "GET / HTTP/1.1" 200 4480 "-" "DoCoMo/2.0 N905i(c100;TB;W24H16) (compatible; Googlebot-Mobile/2.1; +http://www.google.com/bot.html)"
66.249.64.108 - - [24/Oct/2014:09:27:19 +0200] "GET / HTTP/1.1" 200 4480 "-" "DoCoMo/2.0 N905i(c100;TB;W24H16) (compatible; Googlebot-Mobile/2.1; +http://www.google.com/bot.html)"
37.120.162.91 - - [24/Oct/2014:09:30:54 +0200] "GET / HTTP/1.1" 200 8120 "http://www.google.de/?source=mog&gl=de" "Mozilla/4.0 (compatible; MSIE 6.0; Windows NT 5.1; SV1; Embedded Web Browser from: http://bsalsa.com/; .NET CLR 1.0.3705; .NET CLR 1.1.4322; .NET CLR 2.0.50727; InfoPath.1; .NET CLR 3.0.04506.30)"
37.120.162.91 - - [24/Oct/2014:09:31:13 +0200] "GET / HTTP/1.1" 200 8120 "http://www.google.de/?source=mog&gl=de" "Mozilla/5.0 (X11; U; Linux i686; en-US; rv:1.9a8pre) Gecko/2007090104 Minefield/3.0a8pre"
208.115.113.91 - - [24/Oct/2014:10:00:55 +0200] "GET /robots.txt HTTP/1.1" 200 177 "-" "Mozilla/5.0 (compatible; DotBot/1.1; http://www.opensiteexplorer.org/dotbot, help@moz.com)"
188.165.15.79 - - [24/Oct/2014:10:08:21 +0200] "GET /news.php?cs_go=archiv&cs_id=5176&cs_search= HTTP/1.1" 200 5365 "-" "Mozilla/5.0 (compatible; AhrefsBot/5.0; +http://ahrefs.com/robot/)"
207.46.13.83 - - [24/Oct/2014:10:32:38 +0200] "GET / HTTP/1.1" 200 2371 "-" "Mozilla/5.0 (compatible; bingbot/2.0; +http://www.bing.com/bingbot.htm)"
208.115.113.91 - - [24/Oct/2014:11:49:56 +0200] "GET /lexikon.php?cs_go=2&cs_char=i HTTP/1.1" 200 5379 "-" "Mozilla/5.0 (compatible; DotBot/1.1; http://www.opensiteexplorer.org/dotbot, help@moz.com)"
85.13.131.53 - - [24/Oct/2014:12:29:48 +0200] "GET / HTTP/1.0" 200 4606 "-" "-"
85.13.131.53 - - [24/Oct/2014:12:32:58 +0200] "GET / HTTP/1.0" 200 8120 "-" "-"
85.13.131.53 - - [24/Oct/2014:12:36:27 +0200] "GET / HTTP/1.0" 200 4606 "-" "-"
85.13.131.53 - - [24/Oct/2014:12:39:37 +0200] "GET / HTTP/1.0" 200 8120 "-" "-"
85.13.131.53 - - [24/Oct/2014:12:43:42 +0200] "GET / HTTP/1.0" 200 4606 "-" "-"
85.13.131.53 - - [24/Oct/2014:12:46:51 +0200] "GET / HTTP/1.0" 200 8120 "-" "-"
66.249.64.112 - - [24/Oct/2014:12:58:55 +0200] "GET / HTTP/1.1" 200 4480 "-" "DoCoMo/2.0 N905i(c100;TB;W24H16) (compatible; Googlebot-Mobile/2.1; +http://www.google.com/bot.html)"
66.249.64.108 - - [24/Oct/2014:13:07:55 +0200] "GET / HTTP/1.1" 200 4480 "-" "DoCoMo/2.0 N905i(c100;TB;W24H16) (compatible; Googlebot-Mobile/2.1; +http://www.google.com/bot.html)"
66.249.64.112 - - [24/Oct/2014:13:14:19 +0200] "GET / HTTP/1.1" 200 4480 "-" "DoCoMo/2.0 N905i(c100;TB;W24H16) (compatible; Googlebot-Mobile/2.1; +http://www.google.com/bot.html)"
78.47.15.198 - - [24/Oct/2014:13:22:54 +0200] "GET /robots.txt HTTP/1.1" 200 177 "-" "Mozilla/5.0 (compatible; uMBot-IC/1.0; mailto: crawling@ubermetrics-technologies.com)"
78.47.15.198 - - [24/Oct/2014:13:22:54 +0200] "GET /jobs.php HTTP/1.1" 200 4965 "-" "Mozilla/5.0 (compatible; uMBot-IC/1.0; mailto: crawling@ubermetrics-technologies.com)"
178.255.215.64 - - [24/Oct/2014:13:33:33 +0200] "GET /robots.txt HTTP/1.1" 200 177 "-" "Mozilla/5.0 (compatible; Exabot/3.0; +http://www.exabot.com/go/robot)"
178.255.215.64 - - [24/Oct/2014:13:33:33 +0200] "GET /energiesparcheck.php HTTP/1.1" 200 5385 "-" "Mozilla/5.0 (compatible; Exabot/3.0; +http://www.exabot.com/go/robot)"
178.63.80.14 - - [24/Oct/2014:13:51:14 +0200] "GET /robots.txt HTTP/1.1" 200 177 "-" "Mozilla/5.0 (compatible; uMBot-IC/1.0; mailto: crawling@ubermetrics-technologies.com)"
178.63.80.14 - - [24/Oct/2014:13:51:14 +0200] "GET /jobs.php HTTP/1.1" 200 4965 "-" "Mozilla/5.0 (compatible; uMBot-IC/1.0; mailto: crawling@ubermetrics-technologies.com)"
144.76.137.226 - - [24/Oct/2014:13:59:09 +0200] "GET /robots.txt HTTP/1.0" 200 177 "-" "Mozilla/5.0 (compatible; MJ12bot/v1.4.5; http://www.majestic12.co.uk/bot.php?+)"
144.76.137.226 - - [24/Oct/2014:13:59:11 +0200] "GET /news.php?cs_go=archiv&cs_startpos=260 HTTP/1.0" 200 5365 "-" "Mozilla/5.0 (compatible; MJ12bot/v1.4.5; http://www.majestic12.co.uk/bot.php?+)"
208.115.113.91 - - [24/Oct/2014:14:02:55 +0200] "GET /robots.txt HTTP/1.1" 200 177 "-" "Mozilla/5.0 (compatible; DotBot/1.1; http://www.opensiteexplorer.org/dotbot, help@moz.com)"
188.165.15.193 - - [24/Oct/2014:14:14:47 +0200] "GET /standard.php HTTP/1.1" 200 5259 "-" "Mozilla/5.0 (compatible; AhrefsBot/5.0; +http://ahrefs.com/robot/)"
178.255.215.80 - - [24/Oct/2014:14:42:30 +0200] "GET /lexikon.php?cs_go=2&cs_char=x HTTP/1.1" 200 5379 "-" "Mozilla/5.0 (compatible; Exabot/3.0 (BiggerBetter); +http://www.exabot.com/go/robot)"
66.249.78.183 - - [24/Oct/2014:15:15:52 +0200] "GET /robots.txt HTTP/1.1" 200 177 "-" "Mozilla/5.0 (compatible; Googlebot/2.1; +http://www.google.com/bot.html)"
66.249.78.176 - - [24/Oct/2014:15:15:52 +0200] "GET / HTTP/1.1" 200 4480 "-" "Mozilla/5.0 (compatible; Googlebot/2.1; +http://www.google.com/bot.html)"
178.63.49.82 - - [24/Oct/2014:15:24:21 +0200] "GET /robots.txt HTTP/1.0" 200 177 "-" "Mozilla/5.0 (compatible; MJ12bot/v1.4.5; http://www.majestic12.co.uk/bot.php?+)"
178.63.49.82 - - [24/Oct/2014:15:24:25 +0200] "GET /news.php?cs_go=archiv&cs_startpos=50 HTTP/1.0" 200 5365 "-" "Mozilla/5.0 (compatible; MJ12bot/v1.4.5; http://www.majestic12.co.uk/bot.php?+)"
178.63.49.82 - - [24/Oct/2014:15:25:16 +0200] "GET /news.php?cs_go=archiv&cs_startpos=70 HTTP/1.0" 200 5365 "-" "Mozilla/5.0 (compatible; MJ12bot/v1.4.5; http://www.majestic12.co.uk/bot.php?+)"
66.249.78.183 - - [24/Oct/2014:15:27:52 +0200] "GET / HTTP/1.1" 200 4480 "-" "Mozilla/5.0 (compatible; Googlebot/2.1; +http://www.google.com/bot.html)"
188.165.15.234 - - [24/Oct/2014:15:34:29 +0200] "GET /news.php?cs_go=archiv&cs_id=5390&cs_search= HTTP/1.1" 200 5365 "-" "Mozilla/5.0 (compatible; AhrefsBot/5.0; +http://ahrefs.com/robot/)"
66.249.78.183 - - [24/Oct/2014:15:36:53 +0200] "GET / HTTP/1.1" 200 4480 "-" "Mozilla/5.0 (compatible; Googlebot/2.1; +http://www.google.com/bot.html)"
208.115.113.91 - - [24/Oct/2014:15:53:55 +0200] "GET /lexikon.php?cs_go=2&cs_char=g HTTP/1.1" 200 5379 "-" "Mozilla/5.0 (compatible; DotBot/1.1; http://www.opensiteexplorer.org/dotbot, help@moz.com)"
208.115.111.75 - - [24/Oct/2014:15:54:41 +0200] "GET /robots.txt HTTP/1.1" 200 177 "-" "Mozilla/5.0 (compatible; DotBot/1.1; http://www.opensiteexplorer.org/dotbot, help@moz.com)"
208.115.113.91 - - [24/Oct/2014:15:54:15 +0200] "GET /news.php?cs_go=archiv&cs_startpos=40 HTTP/1.1" 200 5365 "-" "Mozilla/5.0 (compatible; DotBot/1.1; http://www.opensiteexplorer.org/dotbot, help@moz.com)"
123.125.71.71 - - [24/Oct/2014:15:58:06 +0200] "GET /images/mail.jpg HTTP/1.1" 200 12099 "http://image.baidu.com/i?ct=503316480&z=0&tn=baiduimagedetail" "Baiduspider-image+(+http://www.baidu.com/search/spider.htm)"
123.125.71.46 - - [24/Oct/2014:16:03:30 +0200] "GET /robots.txt HTTP/1.1" 200 177 "-" "Mozilla/5.0 (compatible; Baiduspider/2.0; +http://www.baidu.com/search/spider.html)"
66.249.78.176 - - [24/Oct/2014:17:25:18 +0200] "GET /index.php HTTP/1.1" 200 4480 "-" "Mozilla/5.0 (compatible; Googlebot/2.1; +http://www.google.com/bot.html)"
208.115.111.75 - - [24/Oct/2014:17:39:55 +0200] "GET /news.php HTTP/1.1" 200 5365 "-" "Mozilla/5.0 (compatible; DotBot/1.1; http://www.opensiteexplorer.org/dotbot, help@moz.com)"
188.165.15.132 - - [24/Oct/2014:17:51:05 +0200] "GET /news.php?cs_go=archiv&cs_id=5201&cs_search= HTTP/1.1" 200 5365 "-" "Mozilla/5.0 (compatible; AhrefsBot/5.0; +http://ahrefs.com/robot/)"
208.115.113.91 - - [24/Oct/2014:17:58:33 +0200] "GET /robots.txt HTTP/1.1" 200 177 "-" "Mozilla/5.0 (compatible; DotBot/1.1; http://www.opensiteexplorer.org/dotbot, help@moz.com)"
66.249.78.176 - - [24/Oct/2014:18:05:30 +0200] "GET /index.php HTTP/1.1" 200 4480 "-" "Mozilla/5.0 (compatible; Googlebot/2.1; +http://www.google.com/bot.html)"
207.46.13.83 - - [24/Oct/2014:18:24:17 +0200] "GET /impressum.php HTTP/1.1" 200 6306 "-" "Mozilla/5.0 (compatible; bingbot/2.0; +http://www.bing.com/bingbot.htm)"
66.249.78.183 - - [24/Oct/2014:18:40:00 +0200] "GET /index.php HTTP/1.1" 200 4480 "-" "Mozilla/5.0 (compatible; Googlebot/2.1; +http://www.google.com/bot.html)"
65.36.241.79 - - [24/Oct/2014:18:58:08 +0200] "HEAD / HTTP/1.1" 200 - "-" "InternetSeer.com"
78.47.15.198 - - [24/Oct/2014:19:23:06 +0200] "GET /robots.txt HTTP/1.1" 200 177 "-" "Mozilla/5.0 (compatible; uMBot-IC/1.0; mailto: crawling@ubermetrics-technologies.com)"
78.47.15.198 - - [24/Oct/2014:19:23:06 +0200] "GET /jobs.php HTTP/1.1" 200 4965 "-" "Mozilla/5.0 (compatible; uMBot-IC/1.0; mailto: crawling@ubermetrics-technologies.com)"
66.249.78.183 - - [24/Oct/2014:19:25:01 +0200] "GET / HTTP/1.1" 200 4480 "-" "Mozilla/5.0 (compatible; Googlebot/2.1; +http://www.google.com/bot.html)"
66.249.78.183 - - [24/Oct/2014:19:46:02 +0200] "GET / HTTP/1.1" 200 4480 "-" "Mozilla/5.0 (compatible; Googlebot/2.1; +http://www.google.com/bot.html)"
208.115.113.91 - - [24/Oct/2014:19:49:21 +0200] "GET /lexikon.php?cs_go=2&cs_char=e HTTP/1.1" 200 5379 "-" "Mozilla/5.0 (compatible; DotBot/1.1; http://www.opensiteexplorer.org/dotbot, help@moz.com)"
208.115.111.75 - - [24/Oct/2014:19:49:46 +0200] "GET /robots.txt HTTP/1.1" 200 177 "-" "Mozilla/5.0 (compatible; DotBot/1.1; http://www.opensiteexplorer.org/dotbot, help@moz.com)"
178.63.80.14 - - [24/Oct/2014:19:51:29 +0200] "GET /robots.txt HTTP/1.1" 200 177 "-" "Mozilla/5.0 (compatible; uMBot-IC/1.0; mailto: crawling@ubermetrics-technologies.com)"
178.63.80.14 - - [24/Oct/2014:19:51:29 +0200] "GET /jobs.php HTTP/1.1" 200 4965 "-" "Mozilla/5.0 (compatible; uMBot-IC/1.0; mailto: crawling@ubermetrics-technologies.com)"
108.59.8.70 - - [24/Oct/2014:20:08:15 +0200] "GET /robots.txt HTTP/1.0" 200 177 "-" "Mozilla/5.0 (compatible; MJ12bot/v1.4.5; http://www.majestic12.co.uk/bot.php?+)"
66.249.78.176 - - [24/Oct/2014:20:07:03 +0200] "GET / HTTP/1.1" 200 4480 "-" "Mozilla/5.0 (compatible; Googlebot/2.1; +http://www.google.com/bot.html)"
108.59.8.70 - - [24/Oct/2014:20:08:17 +0200] "GET / HTTP/1.0" 200 8120 "-" "Mozilla/5.0 (compatible; MJ12bot/v1.4.5; http://www.majestic12.co.uk/bot.php?+)"
66.249.78.176 - - [24/Oct/2014:20:46:48 +0200] "GET /kontakt.php HTTP/1.1" 200 4996 "-" "Mozilla/5.0 (compatible; Googlebot/2.1; +http://www.google.com/bot.html)"
66.249.64.112 - - [24/Oct/2014:20:52:52 +0200] "GET / HTTP/1.1" 200 4480 "-" "DoCoMo/2.0 N905i(c100;TB;W24H16) (compatible; Googlebot-Mobile/2.1; +http://www.google.com/bot.html)"
66.249.78.190 - - [24/Oct/2014:21:01:53 +0200] "GET /news.php?cs_go=archiv&cs_id=2851&cs_search= HTTP/1.1" 200 5365 "-" "Mozilla/5.0 (compatible; Googlebot/2.1; +http://www.google.com/bot.html)"
66.249.64.104 - - [24/Oct/2014:21:13:53 +0200] "GET / HTTP/1.1" 200 4480 "-" "DoCoMo/2.0 N905i(c100;TB;W24H16) (compatible; Googlebot-Mobile/2.1; +http://www.google.com/bot.html)"
66.249.78.176 - - [24/Oct/2014:21:16:53 +0200] "GET /news.php?cs_go=archiv&cs_id=2851&cs_search= HTTP/1.1" 200 5365 "-" "Mozilla/5.0 (compatible; Googlebot/2.1; +http://www.google.com/bot.html)"
66.249.64.108 - - [24/Oct/2014:21:25:53 +0200] "GET / HTTP/1.1" 200 4480 "-" "DoCoMo/2.0 N905i(c100;TB;W24H16) (compatible; Googlebot-Mobile/2.1; +http://www.google.com/bot.html)"
208.115.111.75 - - [24/Oct/2014:21:27:04 +0200] "GET /news.php?cs_go=archiv&cs_startpos=140 HTTP/1.1" 200 5365 "-" "Mozilla/5.0 (compatible; DotBot/1.1; http://www.opensiteexplorer.org/dotbot, help@moz.com)"
208.115.111.75 - - [24/Oct/2014:21:28:02 +0200] "GET /news.php?cs_go=archiv&cs_id=5166&cs_search= HTTP/1.1" 200 5365 "-" "Mozilla/5.0 (compatible; DotBot/1.1; http://www.opensiteexplorer.org/dotbot, help@moz.com)"
66.249.64.112 - - [24/Oct/2014:21:35:15 +0200] "GET /news.php?cs_go=archiv&cs_id=2851&cs_search= HTTP/1.1" 200 5365 "-" "Mozilla/5.0 (compatible; Googlebot/2.1; +http://www.google.com/bot.html)"
188.165.15.21 - - [24/Oct/2014:21:48:13 +0200] "GET /news.php?cs_go=archiv&cs_id=5321&cs_search= HTTP/1.1" 200 5365 "-" "Mozilla/5.0 (compatible; AhrefsBot/5.0; +http://ahrefs.com/robot/)"
208.115.113.91 - - [24/Oct/2014:22:02:05 +0200] "GET /robots.txt HTTP/1.1" 200 177 "-" "Mozilla/5.0 (compatible; DotBot/1.1; http://www.opensiteexplorer.org/dotbot, help@moz.com)"
220.181.108.106 - - [24/Oct/2014:22:16:56 +0200] "GET / HTTP/1.1" 200 2371 "-" "Mozilla/5.0 (compatible; Baiduspider/2.0; +http://www.baidu.com/search/spider.html)"
123.125.71.39 - - [24/Oct/2014:22:17:57 +0200] "GET / HTTP/1.1" 200 2371 "-" "Mozilla/5.0 (compatible; Baiduspider/2.0; +http://www.baidu.com/search/spider.html)"
66.249.78.190 - - [24/Oct/2014:22:50:16 +0200] "GET /news.php?cs_go=archiv&cs_id=4645 HTTP/1.1" 200 5365 "-" "Mozilla/5.0 (compatible; Googlebot/2.1; +http://www.google.com/bot.html)"
199.180.129.121 - - [24/Oct/2014:23:09:41 +0200] "GET / HTTP/1.0" 200 8120 "-" "Mozilla/5.0 (Windows NT 6.0; WOW64; rv:24.0) Gecko/20100101 Firefox/24.0"
66.249.64.108 - - [24/Oct/2014:23:17:17 +0200] "GET /news.php?cs_go=archiv&cs_id=4645 HTTP/1.1" 200 5365 "-" "Mozilla/5.0 (compatible; Googlebot/2.1; +http://www.google.com/bot.html)"
66.249.64.104 - - [24/Oct/2014:23:26:17 +0200] "GET /news.php?cs_go=archiv&cs_id=4645 HTTP/1.1" 200 5365 "-" "Mozilla/5.0 (compatible; Googlebot/2.1; +http://www.google.com/bot.html)"
157.55.39.34 - - [24/Oct/2014:23:38:18 +0200] "GET /agb.php HTTP/1.1" 200 17543 "-" "Mozilla/5.0 (compatible; bingbot/2.0; +http://www.bing.com/bingbot.htm)"
208.115.113.91 - - [24/Oct/2014:23:59:16 +0200] "GET /lexikon.php?cs_go=2&cs_char=c HTTP/1.1" 200 5379 "-" "Mozilla/5.0 (compatible; DotBot/1.1; http://www.opensiteexplorer.org/dotbot, help@moz.com)"
188.165.15.234 - - [24/Oct/2014:23:57:48 +0200] "GET /news.php?cs_go=archiv&cs_id=5354&cs_search= HTTP/1.1" 200 5365 "-" "Mozilla/5.0 (compatible; AhrefsBot/5.0; +http://ahrefs.com/robot/)"
208.115.113.91 - - [24/Oct/2014:23:59:11 +0200] "GET /index.php HTTP/1.1" 200 8120 "-" "Mozilla/5.0 (compatible; DotBot/1.1; http://www.opensiteexplorer.org/dotbot, help@moz.com)"
66.249.78.190 - - [25/Oct/2014:00:11:42 +0200] "GET /news.php?cs_go=archiv&cs_id=4897 HTTP/1.1" 200 5365 "-" "Mozilla/5.0 (iPhone; CPU iPhone OS 6_0 like Mac OS X) AppleWebKit/536.26 (KHTML, like Gecko) Version/6.0 Mobile/10A5376e Safari/8536.25 (compatible; Googlebot/2.1; +http://www.google.com/bot.html)"
66.249.78.176 - - [25/Oct/2014:00:32:43 +0200] "GET /news.php?cs_go=archiv&cs_id=4897 HTTP/1.1" 200 5365 "-" "Mozilla/5.0 (iPhone; CPU iPhone OS 6_0 like Mac OS X) AppleWebKit/536.26 (KHTML, like Gecko) Version/6.0 Mobile/10A5376e Safari/8536.25 (compatible; Googlebot/2.1; +http://www.google.com/bot.html)"
122.10.90.242 - - [25/Oct/2014:00:38:09 +0200] "GET /Fckeditor/editor/filemanager/browser/default/connectors/test.html HTTP/1.1" 404 5342 "-" "Mozilla/4.0 (compatible; Win32; WinHttp.WinHttpRequest.5)"
122.10.90.242 - - [25/Oct/2014:00:38:12 +0200] "GET /Fckeditor/editor/filemanager/connectors/test.html HTTP/1.1" 404 5342 "-" "Mozilla/4.0 (compatible; Win32; WinHttp.WinHttpRequest.5)"
122.10.90.242 - - [25/Oct/2014:00:38:12 +0200] "GET /admin/fckeditor/editor/filemanager/browser/default/connectors/test.html HTTP/1.1" 404 5342 "-" "Mozilla/4.0 (compatible; Win32; WinHttp.WinHttpRequest.5)"
122.10.90.242 - - [25/Oct/2014:00:38:13 +0200] "GET /admin/fckeditor/editor/filemanager/connectors/test.html HTTP/1.1" 404 5342 "-" "Mozilla/4.0 (compatible; Win32; WinHttp.WinHttpRequest.5)"
122.10.90.242 - - [25/Oct/2014:00:38:14 +0200] "GET /editor/editor/filemanager/browser/default/connectors/test.html HTTP/1.1" 404 5342 "-" "Mozilla/4.0 (compatible; Win32; WinHttp.WinHttpRequest.5)"
122.10.90.242 - - [25/Oct/2014:00:38:15 +0200] "GET /editor/editor/filemanager/connectors/test.html HTTP/1.1" 404 5342 "-" "Mozilla/4.0 (compatible; Win32; WinHttp.WinHttpRequest.5)"
78.46.71.247 - - [25/Oct/2014:00:29:00 +0200] "GET / HTTP/1.1" 200 8120 "-" "Opera/9.00 (Windows NT 5.1; U; de)"
78.46.71.247 - - [25/Oct/2014:00:38:31 +0200] "GET /robots.txt HTTP/1.1" 200 177 "-" "libwww-perl/6.05"
66.249.78.183 - - [25/Oct/2014:00:38:42 +0200] "GET /news.php?cs_go=archiv&cs_id=3141&cs_search= HTTP/1.1" 200 5365 "-" "Mozilla/5.0 (iPhone; CPU iPhone OS 6_0 like Mac OS X) AppleWebKit/536.26 (KHTML, like Gecko) Version/6.0 Mobile/10A5376e Safari/8536.25 (compatible; Googlebot/2.1; +http://www.google.com/bot.html)"
66.249.78.176 - - [25/Oct/2014:00:41:43 +0200] "GET /news.php?cs_go=archiv&cs_id=4897 HTTP/1.1" 200 5365 "-" "Mozilla/5.0 (iPhone; CPU iPhone OS 6_0 like Mac OS X) AppleWebKit/536.26 (KHTML, like Gecko) Version/6.0 Mobile/10A5376e Safari/8536.25 (compatible; Googlebot/2.1; +http://www.google.com/bot.html)"
78.46.71.247 - - [25/Oct/2014:00:38:31 +0200] "GET / HTTP/1.1" 200 8120 "-" "Opera/9.00 (Windows NT 5.1; U; de)"
66.249.78.176 - - [25/Oct/2014:01:15:59 +0200] "GET /news.php?cs_go=archiv&cs_id=3599&cs_search= HTTP/1.1" 200 5365 "-" "Mozilla/5.0 (iPhone; CPU iPhone OS 6_0 like Mac OS X) AppleWebKit/536.26 (KHTML, like Gecko) Version/6.0 Mobile/10A5376e Safari/8536.25 (compatible; Googlebot/2.1; +http://www.google.com/bot.html)"
78.47.15.198 - - [25/Oct/2014:01:23:21 +0200] "GET /robots.txt HTTP/1.1" 200 177 "-" "Mozilla/5.0 (compatible; uMBot-IC/1.0; mailto: crawling@ubermetrics-technologies.com)"
78.47.15.198 - - [25/Oct/2014:01:23:21 +0200] "GET /jobs.php HTTP/1.1" 200 4965 "-" "Mozilla/5.0 (compatible; uMBot-IC/1.0; mailto: crawling@ubermetrics-technologies.com)"
66.249.78.190 - - [25/Oct/2014:01:21:59 +0200] "GET /news.php?cs_go=archiv&cs_id=3141&cs_search= HTTP/1.1" 200 5365 "-" "Mozilla/5.0 (iPhone; CPU iPhone OS 6_0 like Mac OS X) AppleWebKit/536.26 (KHTML, like Gecko) Version/6.0 Mobile/10A5376e Safari/8536.25 (compatible; Googlebot/2.1; +http://www.google.com/bot.html)"
188.165.15.234 - - [25/Oct/2014:01:27:43 +0200] "GET /news.php?cs_go=archiv&cs_startpos=10 HTTP/1.1" 200 5365 "-" "Mozilla/5.0 (compatible; AhrefsBot/5.0; +http://ahrefs.com/robot/)"
66.249.78.183 - - [25/Oct/2014:01:28:00 +0200] "GET /news.php?cs_go=archiv&cs_id=3599&cs_search= HTTP/1.1" 200 5365 "-" "Mozilla/5.0 (iPhone; CPU iPhone OS 6_0 like Mac OS X) AppleWebKit/536.26 (KHTML, like Gecko) Version/6.0 Mobile/10A5376e Safari/8536.25 (compatible; Googlebot/2.1; +http://www.google.com/bot.html)"
148.251.69.136 - - [25/Oct/2014:01:22:03 +0200] "GET / HTTP/1.1" 200 8120 "-" "Mozilla/5.0 (Windows NT 6.1; WOW64; rv:11.0) Gecko Firefox/11.0"
66.249.78.190 - - [25/Oct/2014:01:41:38 +0200] "GET /news.php?cs_go=archiv&cs_id=3141&cs_search= HTTP/1.1" 200 5365 "-" "Mozilla/5.0 (iPhone; CPU iPhone OS 6_0 like Mac OS X) AppleWebKit/536.26 (KHTML, like Gecko) Version/6.0 Mobile/10A5376e Safari/8536.25 (compatible; Googlebot/2.1; +http://www.google.com/bot.html)"
77.12.196.255 - - [25/Oct/2014:01:46:28 +0200] "GET /style.css HTTP/1.1" 200 8402 "http://www.mink-gmbh.de/" "Mozilla/5.0 (Macintosh; Intel Mac OS X 10_9_4) AppleWebKit/537.77.4 (KHTML, like Gecko) Version/7.0.5 Safari/537.77.4"
77.12.196.255 - - [25/Oct/2014:01:46:28 +0200] "GET /modul.css HTTP/1.1" 200 35038 "http://www.mink-gmbh.de/" "Mozilla/5.0 (Macintosh; Intel Mac OS X 10_9_4) AppleWebKit/537.77.4 (KHTML, like Gecko) Version/7.0.5 Safari/537.77.4"
66.249.78.183 - - [25/Oct/2014:01:47:39 +0200] "GET /news.php?cs_go=archiv&cs_id=3599&cs_search= HTTP/1.1" 200 5365 "-" "Mozilla/5.0 (iPhone; CPU iPhone OS 6_0 like Mac OS X) AppleWebKit/536.26 (KHTML, like Gecko) Version/6.0 Mobile/10A5376e Safari/8536.25 (compatible; Googlebot/2.1; +http://www.google.com/bot.html)"
178.63.80.14 - - [25/Oct/2014:01:51:44 +0200] "GET /robots.txt HTTP/1.1" 200 177 "-" "Mozilla/5.0 (compatible; uMBot-IC/1.0; mailto: crawling@ubermetrics-technologies.com)"
178.63.80.14 - - [25/Oct/2014:01:51:44 +0200] "GET /jobs.php HTTP/1.1" 200 4965 "-" "Mozilla/5.0 (compatible; uMBot-IC/1.0; mailto: crawling@ubermetrics-technologies.com)"
77.12.196.255 - - [25/Oct/2014:01:46:28 +0200] "GET / HTTP/1.1" 200 8120 "http://www.google.de/url?sa=t&rct=j&q=&esrc=s&source=web&cd=1&ved=0CCEQFjAA&url=http%3A%2F%2Fwww.mink-gmbh.de%2F&ei=jORKVIbHBIzmaKrFgbAI&usg=AFQjCNFHX4Iglls9oo-KYXTmDUV_5KOVIg&bvm=bv.77880786,d.d2s" "Mozilla/5.0 (Macintosh; Intel Mac OS X 10_9_4) AppleWebKit/537.77.4 (KHTML, like Gecko) Version/7.0.5 Safari/537.77.4"
208.115.113.91 - - [25/Oct/2014:01:57:50 +0200] "GET /robots.txt HTTP/1.1" 200 177 "-" "Mozilla/5.0 (compatible; DotBot/1.1; http://www.opensiteexplorer.org/dotbot, help@moz.com)"
77.12.196.255 - - [25/Oct/2014:01:47:48 +0200] "GET / HTTP/1.1" 404 - "-" "Mozilla/5.0 (Macintosh; Intel Mac OS X 10_9_4) AppleWebKit/537.77.4 (KHTML, like Gecko) Version/7.0.5 Safari/537.77.4"
77.12.196.255 - - [25/Oct/2014:01:48:32 +0200] "GET / HTTP/1.1" 404 - "-" "Mozilla/5.0 (Macintosh; Intel Mac OS X 10_9_4) AppleWebKit/537.77.4 (KHTML, like Gecko) Version/7.0.5 Safari/537.77.4"
77.12.196.255 - - [25/Oct/2014:01:48:44 +0200] "GET / HTTP/1.1" 404 - "http://www.google.de/url?sa=t&rct=j&q=&esrc=s&source=web&cd=1&ved=0CCEQFjAA&url=http%3A%2F%2Fwww.mink-gmbh.de%2F&ei=jORKVIbHBIzmaKrFgbAI&usg=AFQjCNFHX4Iglls9oo-KYXTmDUV_5KOVIg" "Mozilla/5.0 (Macintosh; Intel Mac OS X 10_9_4) AppleWebKit/537.77.4 (KHTML, like Gecko) Version/7.0.5 Safari/537.77.4"
77.12.196.255 - - [25/Oct/2014:01:47:27 +0200] "GET / HTTP/1.1" 200 8035 "-" "Mozilla/5.0 (Macintosh; Intel Mac OS X 10_9_4) AppleWebKit/537.77.4 (KHTML, like Gecko) Version/7.0.5 Safari/537.77.4"
176.9.47.53 - - [25/Oct/2014:02:10:26 +0200] "GET /style.css HTTP/1.1" 200 8402 "http://www.abcd4.de/link.php" "Mozilla/5.0 (compatible; MSIE 9.0; Windows NT 6.1; Trident/5.0; Trident/5.0)"
176.9.47.53 - - [25/Oct/2014:02:10:26 +0200] "GET /modul.css HTTP/1.1" 200 35038 "http://www.abcd4.de/link.php" "Mozilla/5.0 (compatible; MSIE 9.0; Windows NT 6.1; Trident/5.0; Trident/5.0)"
176.9.47.53 - - [25/Oct/2014:02:10:26 +0200] "GET / HTTP/1.1" 200 8120 "http://www.abcd4.de/link.php" "Mozilla/5.0 (compatible; MSIE 9.0; Windows NT 6.1; Trident/5.0; Trident/5.0)"
66.249.78.183 - - [25/Oct/2014:03:24:17 +0200] "GET /news.php?cs_go=archiv&cs_id=4783 HTTP/1.1" 200 5365 "-" "Mozilla/5.0 (iPhone; CPU iPhone OS 6_0 like Mac OS X) AppleWebKit/536.26 (KHTML, like Gecko) Version/6.0 Mobile/10A5376e Safari/8536.25 (compatible; Googlebot/2.1; +http://www.google.com/bot.html)"
66.249.78.190 - - [25/Oct/2014:03:42:52 +0200] "GET /news.php?cs_go=archiv&cs_id=4783 HTTP/1.1" 200 5365 "-" "Mozilla/5.0 (iPhone; CPU iPhone OS 6_0 like Mac OS X) AppleWebKit/536.26 (KHTML, like Gecko) Version/6.0 Mobile/10A5376e Safari/8536.25 (compatible; Googlebot/2.1; +http://www.google.com/bot.html)"
208.115.113.91 - - [25/Oct/2014:03:54:12 +0200] "GET /lexikon.php?cs_go=2&cs_char=a HTTP/1.1" 200 5379 "-" "Mozilla/5.0 (compatible; DotBot/1.1; http://www.opensiteexplorer.org/dotbot, help@moz.com)"
176.9.127.182 - - [25/Oct/2014:03:55:21 +0200] "GET /energiesparcheck.php HTTP/1.1" 200 5385 "-" "Mozilla/4.0 (compatible; MSIE 6.0; Windows 98; Win 9x4.90)"
5.9.16.51 - - [25/Oct/2014:03:49:49 +0200] "GET / HTTP/1.0" 200 4606 "-" "-"
5.9.16.51 - - [25/Oct/2014:03:49:59 +0200] "GET / HTTP/1.0" 200 4606 "-" "-"
5.9.16.51 - - [25/Oct/2014:03:52:58 +0200] "GET / HTTP/1.0" 200 8120 "-" "-"
5.9.16.51 - - [25/Oct/2014:03:53:08 +0200] "GET / HTTP/1.0" 200 8120 "-" "-"
66.249.78.190 - - [25/Oct/2014:04:01:28 +0200] "GET /news.php?cs_go=archiv&cs_id=4783 HTTP/1.1" 200 5365 "-" "Mozilla/5.0 (iPhone; CPU iPhone OS 6_0 like Mac OS X) AppleWebKit/536.26 (KHTML, like Gecko) Version/6.0 Mobile/10A5376e Safari/8536.25 (compatible; Googlebot/2.1; +http://www.google.com/bot.html)"
207.46.13.83 - - [25/Oct/2014:04:17:34 +0200] "GET / HTTP/1.1" 200 2371 "-" "Mozilla/5.0 (compatible; bingbot/2.0; +http://www.bing.com/bingbot.htm)"
66.249.78.183 - - [25/Oct/2014:04:45:01 +0200] "GET /schwefelarmstandard.php HTTP/1.1" 200 5229 "-" "Mozilla/5.0 (compatible; Googlebot/2.1; +http://www.google.com/bot.html)"
66.249.64.108 - - [25/Oct/2014:05:03:55 +0200] "GET /news.php?cs_go=archiv&cs_id=3731 HTTP/1.1" 200 5365 "-" "Mozilla/5.0 (iPhone; CPU iPhone OS 6_0 like Mac OS X) AppleWebKit/536.26 (KHTML, like Gecko) Version/6.0 Mobile/10A5376e Safari/8536.25 (compatible; Googlebot/2.1; +http://www.google.com/bot.html)"
66.249.78.176 - - [25/Oct/2014:05:21:55 +0200] "GET /news.php?cs_go=archiv&cs_id=3731 HTTP/1.1" 200 5365 "-" "Mozilla/5.0 (iPhone; CPU iPhone OS 6_0 like Mac OS X) AppleWebKit/536.26 (KHTML, like Gecko) Version/6.0 Mobile/10A5376e Safari/8536.25 (compatible; Googlebot/2.1; +http://www.google.com/bot.html)"
46.29.20.219 - - [25/Oct/2014:05:34:21 +0200] "HEAD / HTTP/1.1" 200 - "-" "Mozilla/4.0 (compatible; MSIE 5.01; Windows NT 5.0)"
66.249.78.176 - - [25/Oct/2014:05:46:30 +0200] "GET /news.php?cs_go=archiv&cs_id=3731 HTTP/1.1" 200 5365 "-" "Mozilla/5.0 (iPhone; CPU iPhone OS 6_0 like Mac OS X) AppleWebKit/536.26 (KHTML, like Gecko) Version/6.0 Mobile/10A5376e Safari/8536.25 (compatible; Googlebot/2.1; +http://www.google.com/bot.html)"
208.115.113.91 - - [25/Oct/2014:06:00:48 +0200] "GET /robots.txt HTTP/1.1" 200 177 "-" "Mozilla/5.0 (compatible; DotBot/1.1; http://www.opensiteexplorer.org/dotbot, help@moz.com)"
220.181.108.96 - - [25/Oct/2014:05:58:30 +0200] "GET / HTTP/1.1" 200 2371 "-" "Mozilla/5.0 (compatible; Baiduspider/2.0; +http://www.baidu.com/search/spider.html)"
123.125.71.56 - - [25/Oct/2014:05:59:44 +0200] "GET / HTTP/1.1" 200 2371 "-" "Mozilla/5.0 (compatible; Baiduspider/2.0; +http://www.baidu.com/search/spider.html)"
66.249.64.112 - - [25/Oct/2014:06:13:30 +0200] "GET /news.php?cs_go=archiv&cs_id=3731 HTTP/1.1" 200 5365 "-" "Mozilla/5.0 (iPhone; CPU iPhone OS 6_0 like Mac OS X) AppleWebKit/536.26 (KHTML, like Gecko) Version/6.0 Mobile/10A5376e Safari/8536.25 (compatible; Googlebot/2.1; +http://www.google.com/bot.html)"
66.249.78.190 - - [25/Oct/2014:07:02:08 +0200] "GET /news.php?cs_go=archiv&cs_id=4897 HTTP/1.1" 200 5365 "-" "Mozilla/5.0 (iPhone; CPU iPhone OS 6_0 like Mac OS X) AppleWebKit/536.26 (KHTML, like Gecko) Version/6.0 Mobile/10A5376e Safari/8536.25 (compatible; Googlebot/2.1; +http://www.google.com/bot.html)"
188.165.15.22 - - [25/Oct/2014:07:04:09 +0200] "GET /news.php?cs_go=archiv&cs_id=5312&cs_search= HTTP/1.1" 200 5365 "-" "Mozilla/5.0 (compatible; AhrefsBot/5.0; +http://ahrefs.com/robot/)"
188.165.15.94 - - [25/Oct/2014:07:09:18 +0200] "GET /news.php?cs_go=archiv&cs_startpos=151 HTTP/1.1" 200 5365 "-" "Mozilla/5.0 (compatible; AhrefsBot/5.0; +http://ahrefs.com/robot/)"
66.249.78.176 - - [25/Oct/2014:07:14:08 +0200] "GET /news.php?cs_go=archiv&cs_id=4897 HTTP/1.1" 200 5365 "-" "Mozilla/5.0 (iPhone; CPU iPhone OS 6_0 like Mac OS X) AppleWebKit/536.26 (KHTML, like Gecko) Version/6.0 Mobile/10A5376e Safari/8536.25 (compatible; Googlebot/2.1; +http://www.google.com/bot.html)"
78.47.15.198 - - [25/Oct/2014:07:23:34 +0200] "GET /robots.txt HTTP/1.1" 200 177 "-" "Mozilla/5.0 (compatible; uMBot-IC/1.0; mailto: crawling@ubermetrics-technologies.com)"
78.47.15.198 - - [25/Oct/2014:07:23:34 +0200] "GET /jobs.php HTTP/1.1" 200 4965 "-" "Mozilla/5.0 (compatible; uMBot-IC/1.0; mailto: crawling@ubermetrics-technologies.com)"
65.36.241.79 - - [25/Oct/2014:07:40:56 +0200] "HEAD / HTTP/1.1" 200 - "-" "InternetSeer.com"
85.13.131.53 - - [25/Oct/2014:07:35:19 +0200] "GET / HTTP/1.0" 200 4606 "-" "-"
85.13.131.53 - - [25/Oct/2014:07:38:28 +0200] "GET / HTTP/1.0" 200 8120 "-" "-"
85.13.131.53 - - [25/Oct/2014:07:42:03 +0200] "GET / HTTP/1.0" 200 4606 "-" "-"
208.115.111.75 - - [25/Oct/2014:07:49:40 +0200] "GET /robots.txt HTTP/1.1" 200 177 "-" "Mozilla/5.0 (compatible; DotBot/1.1; http://www.opensiteexplorer.org/dotbot, help@moz.com)"
66.249.78.176 - - [25/Oct/2014:07:47:08 +0200] "GET /news.php?cs_go=archiv&cs_id=4897 HTTP/1.1" 200 5365 "-" "Mozilla/5.0 (iPhone; CPU iPhone OS 6_0 like Mac OS X) AppleWebKit/536.26 (KHTML, like Gecko) Version/6.0 Mobile/10A5376e Safari/8536.25 (compatible; Googlebot/2.1; +http://www.google.com/bot.html)"
178.63.80.14 - - [25/Oct/2014:07:51:57 +0200] "GET /robots.txt HTTP/1.1" 200 177 "-" "Mozilla/5.0 (compatible; uMBot-IC/1.0; mailto: crawling@ubermetrics-technologies.com)"
178.63.80.14 - - [25/Oct/2014:07:51:57 +0200] "GET /jobs.php HTTP/1.1" 200 4965 "-" "Mozilla/5.0 (compatible; uMBot-IC/1.0; mailto: crawling@ubermetrics-technologies.com)"
208.115.113.91 - - [25/Oct/2014:07:51:27 +0200] "GET /news.php?cs_go=archiv&cs_id=5330&cs_search= HTTP/1.1" 200 5365 "-" "Mozilla/5.0 (compatible; DotBot/1.1; http://www.opensiteexplorer.org/dotbot, help@moz.com)"
85.13.131.53 - - [25/Oct/2014:07:45:12 +0200] "GET / HTTP/1.0" 200 8120 "-" "-"
208.115.113.91 - - [25/Oct/2014:07:51:40 +0200] "GET /news.php?cs_go=archiv&cs_startpos=100 HTTP/1.1" 200 5365 "-" "Mozilla/5.0 (compatible; DotBot/1.1; http://www.opensiteexplorer.org/dotbot, help@moz.com)"
85.13.131.53 - - [25/Oct/2014:07:49:10 +0200] "GET / HTTP/1.0" 200 4606 "-" "-"
85.13.131.53 - - [25/Oct/2014:07:52:19 +0200] "GET / HTTP/1.0" 200 8120 "-" "-"
66.249.78.190 - - [25/Oct/2014:08:05:10 +0200] "GET /news.php?cs_go=archiv&cs_id=4897 HTTP/1.1" 200 5365 "-" "Mozilla/5.0 (iPhone; CPU iPhone OS 6_0 like Mac OS X) AppleWebKit/536.26 (KHTML, like Gecko) Version/6.0 Mobile/10A5376e Safari/8536.25 (compatible; Googlebot/2.1; +http://www.google.com/bot.html)"
82.94.179.38 - - [25/Oct/2014:08:40:36 +0200] "GET /robots.txt HTTP/1.0" 200 177 "-" "Mozilla/4.0 (compatible; Freshbot/1.0/EU; http://webagent.wise-guys.nl/)"
82.94.179.38 - - [25/Oct/2014:08:40:36 +0200] "GET / HTTP/1.1" 200 4480 "-" "Mozilla/5.0 (X11; Linux i686; rv:6.0) Gecko/20100101 Firefox/6.0 (Freshbot/1.0/EU; http://webagent.wise-guys.nl/)"
208.115.111.75 - - [25/Oct/2014:09:26:58 +0200] "GET /news.php?cs_go=archiv&cs_startpos=70 HTTP/1.1" 200 5365 "-" "Mozilla/5.0 (compatible; DotBot/1.1; http://www.opensiteexplorer.org/dotbot, help@moz.com)"
207.46.13.83 - - [25/Oct/2014:09:48:07 +0200] "GET / HTTP/1.1" 200 2371 "-" "Mozilla/5.0 (compatible; bingbot/2.0; +http://www.bing.com/bingbot.htm)"
188.165.15.59 - - [25/Oct/2014:09:48:15 +0200] "GET /news.php?cs_go=archiv&cs_id=5383&cs_search= HTTP/1.1" 200 5365 "-" "Mozilla/5.0 (compatible; AhrefsBot/5.0; +http://ahrefs.com/robot/)"
66.249.78.183 - - [25/Oct/2014:09:48:36 +0200] "GET /news.php?cs_go=archiv&cs_id=3141&cs_search= HTTP/1.1" 200 5365 "-" "Mozilla/5.0 (iPhone; CPU iPhone OS 6_0 like Mac OS X) AppleWebKit/536.26 (KHTML, like Gecko) Version/6.0 Mobile/10A5376e Safari/8536.25 (compatible; Googlebot/2.1; +http://www.google.com/bot.html)"
157.55.39.32 - - [25/Oct/2014:09:59:53 +0200] "GET /news.php?cs_go=archiv&cs_id=4898&cs_search= HTTP/1.1" 200 5365 "-" "Mozilla/5.0 (compatible; bingbot/2.0; +http://www.bing.com/bingbot.htm)"
66.249.78.190 - - [25/Oct/2014:10:00:57 +0200] "GET /news.php?cs_go=archiv&cs_id=3599&cs_search= HTTP/1.1" 200 5365 "-" "Mozilla/5.0 (iPhone; CPU iPhone OS 6_0 like Mac OS X) AppleWebKit/536.26 (KHTML, like Gecko) Version/6.0 Mobile/10A5376e Safari/8536.25 (compatible; Googlebot/2.1; +http://www.google.com/bot.html)"
66.249.78.190 - - [25/Oct/2014:10:03:58 +0200] "GET /news.php?cs_go=archiv&cs_id=3141&cs_search= HTTP/1.1" 200 5365 "-" "Mozilla/5.0 (iPhone; CPU iPhone OS 6_0 like Mac OS X) AppleWebKit/536.26 (KHTML, like Gecko) Version/6.0 Mobile/10A5376e Safari/8536.25 (compatible; Googlebot/2.1; +http://www.google.com/bot.html)"
188.165.15.234 - - [25/Oct/2014:10:16:14 +0200] "GET /modernisierung.php HTTP/1.1" 200 5420 "-" "Mozilla/5.0 (compatible; AhrefsBot/5.0; +http://ahrefs.com/robot/)"
66.249.78.183 - - [25/Oct/2014:10:24:58 +0200] "GET /news.php?cs_go=archiv&cs_id=3141&cs_search= HTTP/1.1" 200 5365 "-" "Mozilla/5.0 (iPhone; CPU iPhone OS 6_0 like Mac OS X) AppleWebKit/536.26 (KHTML, like Gecko) Version/6.0 Mobile/10A5376e Safari/8536.25 (compatible; Googlebot/2.1; +http://www.google.com/bot.html)"
66.249.78.190 - - [25/Oct/2014:10:33:58 +0200] "GET / HTTP/1.1" 200 4480 "-" "Mozilla/5.0 (compatible; Googlebot/2.1; +http://www.google.com/bot.html)"
66.249.78.176 - - [25/Oct/2014:10:36:58 +0200] "GET /news.php?cs_go=archiv&cs_id=3599&cs_search= HTTP/1.1" 200 5365 "-" "Mozilla/5.0 (iPhone; CPU iPhone OS 6_0 like Mac OS X) AppleWebKit/536.26 (KHTML, like Gecko) Version/6.0 Mobile/10A5376e Safari/8536.25 (compatible; Googlebot/2.1; +http://www.google.com/bot.html)"
66.249.78.183 - - [25/Oct/2014:10:46:27 +0200] "GET / HTTP/1.1" 200 4480 "-" "Mozilla/5.0 (compatible; Googlebot/2.1; +http://www.google.com/bot.html)"
66.249.78.183 - - [25/Oct/2014:10:49:27 +0200] "GET /news.php?cs_go=archiv&cs_id=3599&cs_search= HTTP/1.1" 200 5365 "-" "Mozilla/5.0 (iPhone; CPU iPhone OS 6_0 like Mac OS X) AppleWebKit/536.26 (KHTML, like Gecko) Version/6.0 Mobile/10A5376e Safari/8536.25 (compatible; Googlebot/2.1; +http://www.google.com/bot.html)"
66.249.78.176 - - [25/Oct/2014:11:31:28 +0200] "GET / HTTP/1.1" 200 4480 "-" "Mozilla/5.0 (compatible; Googlebot/2.1; +http://www.google.com/bot.html)"
46.4.12.20 - - [25/Oct/2014:11:49:03 +0200] "GET /robots.txt HTTP/1.0" 200 177 "-" "Mozilla/5.0 (compatible; MJ12bot/v1.4.5; http://www.majestic12.co.uk/bot.php?+)"
208.115.111.75 - - [25/Oct/2014:11:50:14 +0200] "GET /robots.txt HTTP/1.1" 200 177 "-" "Mozilla/5.0 (compatible; DotBot/1.1; http://www.opensiteexplorer.org/dotbot, help@moz.com)"
46.4.12.20 - - [25/Oct/2014:11:49:05 +0200] "GET /news.php?cs_go=archiv&cs_id=2678 HTTP/1.0" 200 5365 "-" "Mozilla/5.0 (compatible; MJ12bot/v1.4.5; http://www.majestic12.co.uk/bot.php?+)"
46.4.12.20 - - [25/Oct/2014:11:50:02 +0200] "GET /news.php?cs_go=archiv&cs_id=2679 HTTP/1.0" 200 5365 "-" "Mozilla/5.0 (compatible; MJ12bot/v1.4.5; http://www.majestic12.co.uk/bot.php?+)"
46.4.12.20 - - [25/Oct/2014:11:50:49 +0200] "GET /news.php?cs_go=archiv&cs_id=2680 HTTP/1.0" 200 5365 "-" "Mozilla/5.0 (compatible; MJ12bot/v1.4.5; http://www.majestic12.co.uk/bot.php?+)"
46.4.12.20 - - [25/Oct/2014:11:51:31 +0200] "GET /news.php?cs_go=archiv&cs_id=2681 HTTP/1.0" 200 5365 "-" "Mozilla/5.0 (compatible; MJ12bot/v1.4.5; http://www.majestic12.co.uk/bot.php?+)"
46.4.12.20 - - [25/Oct/2014:11:52:12 +0200] "GET /news.php?cs_go=archiv&cs_id=2682 HTTP/1.0" 200 5365 "-" "Mozilla/5.0 (compatible; MJ12bot/v1.4.5; http://www.majestic12.co.uk/bot.php?+)"
46.4.12.20 - - [25/Oct/2014:11:52:54 +0200] "GET /news.php?cs_go=archiv&cs_id=2683 HTTP/1.0" 200 5365 "-" "Mozilla/5.0 (compatible; MJ12bot/v1.4.5; http://www.majestic12.co.uk/bot.php?+)"
46.4.12.20 - - [25/Oct/2014:11:53:36 +0200] "GET /news.php?cs_go=archiv&cs_id=2684 HTTP/1.0" 200 5365 "-" "Mozilla/5.0 (compatible; MJ12bot/v1.4.5; http://www.majestic12.co.uk/bot.php?+)"
46.4.12.20 - - [25/Oct/2014:11:54:17 +0200] "GET /news.php?cs_go=archiv&cs_id=2685 HTTP/1.0" 200 5365 "-" "Mozilla/5.0 (compatible; MJ12bot/v1.4.5; http://www.majestic12.co.uk/bot.php?+)"
46.4.12.20 - - [25/Oct/2014:11:54:59 +0200] "GET /news.php?cs_go=archiv&cs_id=2686 HTTP/1.0" 200 5365 "-" "Mozilla/5.0 (compatible; MJ12bot/v1.4.5; http://www.majestic12.co.uk/bot.php?+)"
46.4.12.20 - - [25/Oct/2014:11:55:41 +0200] "GET /news.php?cs_go=archiv&cs_id=2687 HTTP/1.0" 200 5365 "-" "Mozilla/5.0 (compatible; MJ12bot/v1.4.5; http://www.majestic12.co.uk/bot.php?+)"
46.4.12.20 - - [25/Oct/2014:11:56:23 +0200] "GET /news.php?cs_go=archiv&cs_id=2688 HTTP/1.0" 200 5365 "-" "Mozilla/5.0 (compatible; MJ12bot/v1.4.5; http://www.majestic12.co.uk/bot.php?+)"
123.125.71.55 - - [25/Oct/2014:11:56:40 +0200] "GET / HTTP/1.1" 200 2371 "-" "Mozilla/5.0 (compatible; Baiduspider/2.0; +http://www.baidu.com/search/spider.html)"
46.4.12.20 - - [25/Oct/2014:11:57:08 +0200] "GET /news.php?cs_go=archiv&cs_id=2689 HTTP/1.0" 200 5365 "-" "Mozilla/5.0 (compatible; MJ12bot/v1.4.5; http://www.majestic12.co.uk/bot.php?+)"
220.181.108.103 - - [25/Oct/2014:11:57:20 +0200] "GET / HTTP/1.1" 200 2371 "-" "Mozilla/5.0 (compatible; Baiduspider/2.0; +http://www.baidu.com/search/spider.html)"
46.4.12.20 - - [25/Oct/2014:11:58:00 +0200] "GET /news.php?cs_go=archiv&cs_id=2690 HTTP/1.0" 200 5365 "-" "Mozilla/5.0 (compatible; MJ12bot/v1.4.5; http://www.majestic12.co.uk/bot.php?+)"
46.4.12.20 - - [25/Oct/2014:11:58:49 +0200] "GET /news.php?cs_go=archiv&cs_id=2691 HTTP/1.0" 200 5365 "-" "Mozilla/5.0 (compatible; MJ12bot/v1.4.5; http://www.majestic12.co.uk/bot.php?+)"
