37.58.100.237 - - [01/Oct/2014:00:07:27 +0200] "GET /news.php?cs_go=archiv&cs_startpos=31 HTTP/1.1" 200 5365 "-" "Mozilla/5.0 (compatible; AhrefsBot/5.0; +http://ahrefs.com/robot/)"
66.249.78.183 - - [01/Oct/2014:00:18:56 +0200] "GET /lexikon.php?cs_go=3&cs_id=215 HTTP/1.1" 200 5379 "-" "Mozilla/5.0 (compatible; Googlebot/2.1; +http://www.google.com/bot.html)"
157.55.39.41 - - [01/Oct/2014:00:25:53 +0200] "GET /impressum.php HTTP/1.1" 200 6306 "-" "Mozilla/5.0 (compatible; bingbot/2.0; +http://www.bing.com/bingbot.htm)"
208.115.111.75 - - [01/Oct/2014:00:30:35 +0200] "GET /robots.txt HTTP/1.1" 200 177 "-" "Mozilla/5.0 (compatible; DotBot/1.1; http://www.opensiteexplorer.org/dotbot, help@moz.com)"
66.249.78.176 - - [01/Oct/2014:00:34:12 +0200] "GET / HTTP/1.1" 200 2775 "-" "Mozilla/5.0 (compatible; Googlebot/2.1; +http://www.google.com/bot.html)"
66.249.78.183 - - [01/Oct/2014:00:43:29 +0200] "GET / HTTP/1.1" 200 4480 "-" "Mozilla/5.0 (compatible; Googlebot/2.1; +http://www.google.com/bot.html)"
176.9.47.53 - - [01/Oct/2014:01:02:19 +0200] "GET /style.css HTTP/1.1" 200 8402 "http://www.abcd4.de" "Mozilla/5.0 (Unknown; Linux x86_64) AppleWebKit/534.34 (KHTML, like Gecko) PhantomJS/1.9.7 Safari/534.34"
176.9.47.53 - - [01/Oct/2014:01:02:19 +0200] "GET /modul.css HTTP/1.1" 200 35038 "http://www.abcd4.de" "Mozilla/5.0 (Unknown; Linux x86_64) AppleWebKit/534.34 (KHTML, like Gecko) PhantomJS/1.9.7 Safari/534.34"
66.249.78.190 - - [01/Oct/2014:01:02:19 +0200] "GET / HTTP/1.1" 200 4480 "-" "Mozilla/5.0 (compatible; Googlebot/2.1; +http://www.google.com/bot.html)"
78.47.15.198 - - [01/Oct/2014:01:06:47 +0200] "GET /robots.txt HTTP/1.1" 200 177 "-" "Mozilla/5.0 (compatible; uMBot-IC/1.0; mailto: crawling@ubermetrics-technologies.com)"
78.47.15.198 - - [01/Oct/2014:01:06:47 +0200] "GET /jobs.php HTTP/1.1" 200 4965 "-" "Mozilla/5.0 (compatible; uMBot-IC/1.0; mailto: crawling@ubermetrics-technologies.com)"
176.9.47.53 - - [01/Oct/2014:01:02:19 +0200] "GET / HTTP/1.1" 200 8120 "http://www.abcd4.de" "Mozilla/5.0 (Unknown; Linux x86_64) AppleWebKit/534.34 (KHTML, like Gecko) PhantomJS/1.9.7 Safari/534.34"
66.249.78.183 - - [01/Oct/2014:01:14:20 +0200] "GET /news.php?cs_go=archiv&cs_id=4191 HTTP/1.1" 200 5365 "-" "Mozilla/5.0 (compatible; Googlebot/2.1; +http://www.google.com/bot.html)"
178.63.80.14 - - [01/Oct/2014:01:27:24 +0200] "GET /robots.txt HTTP/1.1" 200 177 "-" "Mozilla/5.0 (compatible; uMBot-IC/1.0; mailto: crawling@ubermetrics-technologies.com)"
178.63.80.14 - - [01/Oct/2014:01:27:24 +0200] "GET /jobs.php HTTP/1.1" 200 4965 "-" "Mozilla/5.0 (compatible; uMBot-IC/1.0; mailto: crawling@ubermetrics-technologies.com)"
66.249.78.183 - - [01/Oct/2014:01:29:20 +0200] "GET /news.php?cs_go=archiv&cs_id=4191 HTTP/1.1" 200 5365 "-" "Mozilla/5.0 (compatible; Googlebot/2.1; +http://www.google.com/bot.html)"
66.249.78.190 - - [01/Oct/2014:01:38:21 +0200] "GET /news.php?cs_go=archiv&cs_id=4191 HTTP/1.1" 200 5365 "-" "Mozilla/5.0 (compatible; Googlebot/2.1; +http://www.google.com/bot.html)"
208.115.111.75 - - [01/Oct/2014:01:44:54 +0200] "GET /news.php?cs_go=archiv&cs_id=5262&cs_search= HTTP/1.1" 200 5365 "-" "Mozilla/5.0 (compatible; DotBot/1.1; http://www.opensiteexplorer.org/dotbot, help@moz.com)"
37.58.100.182 - - [01/Oct/2014:02:02:11 +0200] "GET /news.php?cs_go=archiv&cs_id=5181&cs_search= HTTP/1.1" 200 5365 "-" "Mozilla/5.0 (compatible; AhrefsBot/5.0; +http://ahrefs.com/robot/)"
66.249.78.183 - - [01/Oct/2014:02:26:52 +0200] "GET /robots.txt HTTP/1.1" 200 177 "-" "Mozilla/5.0 (compatible; Googlebot/2.1; +http://www.google.com/bot.html)"
37.58.100.68 - - [01/Oct/2014:02:25:50 +0200] "GET /news.php?cs_go=archiv&cs_id=5342&cs_search= HTTP/1.1" 200 5365 "-" "Mozilla/5.0 (compatible; AhrefsBot/5.0; +http://ahrefs.com/robot/)"
66.249.78.176 - - [01/Oct/2014:02:26:52 +0200] "GET /news.php?cs_go=archiv&cs_id=5205&cs_search= HTTP/1.1" 200 5365 "-" "Mozilla/5.0 (compatible; Googlebot/2.1; +http://www.google.com/bot.html)"
66.249.64.108 - - [01/Oct/2014:02:38:53 +0200] "GET /news.php?cs_go=archiv&cs_id=5205&cs_search= HTTP/1.1" 200 5365 "-" "Mozilla/5.0 (compatible; Googlebot/2.1; +http://www.google.com/bot.html)"
66.249.78.183 - - [01/Oct/2014:02:48:21 +0200] "GET /news.php?cs_go=archiv&cs_id=5205&cs_search= HTTP/1.1" 200 5365 "-" "Mozilla/5.0 (compatible; Googlebot/2.1; +http://www.google.com/bot.html)"
178.255.215.64 - - [01/Oct/2014:03:01:25 +0200] "GET /robots.txt HTTP/1.1" 200 177 "-" "Mozilla/5.0 (compatible; Exabot/3.0; +http://www.exabot.com/go/robot)"
178.255.215.64 - - [01/Oct/2014:03:01:25 +0200] "GET /news.php?cs_go=archiv&cs_id=2918 HTTP/1.1" 200 5365 "-" "Mozilla/5.0 (compatible; Exabot/3.0; +http://www.exabot.com/go/robot)"
85.13.131.53 - - [01/Oct/2014:03:13:17 +0200] "GET / HTTP/1.0" 200 4606 "-" "-"
85.13.131.53 - - [01/Oct/2014:03:16:27 +0200] "GET / HTTP/1.0" 200 8120 "-" "-"
85.13.131.53 - - [01/Oct/2014:03:19:43 +0200] "GET / HTTP/1.0" 200 4606 "-" "-"
85.13.131.53 - - [01/Oct/2014:03:22:58 +0200] "GET / HTTP/1.0" 200 8120 "-" "-"
85.13.131.53 - - [01/Oct/2014:03:36:20 +0200] "GET / HTTP/1.0" 200 4606 "-" "-"
85.13.131.53 - - [01/Oct/2014:03:39:31 +0200] "GET / HTTP/1.0" 200 8120 "-" "-"
85.13.131.53 - - [01/Oct/2014:03:50:08 +0200] "GET / HTTP/1.0" 200 4606 "-" "-"
88.198.160.52 - - [01/Oct/2014:03:58:52 +0200] "GET /kwk.php HTTP/1.1" 200 5369 "-" "Mozilla/5.0 (compatible; XoviBot/2.0; +http://www.xovibot.net/)"
85.13.131.53 - - [01/Oct/2014:03:53:19 +0200] "GET / HTTP/1.0" 200 8120 "-" "-"
85.13.131.53 - - [01/Oct/2014:03:56:58 +0200] "GET / HTTP/1.0" 200 4606 "-" "-"
85.13.131.53 - - [01/Oct/2014:04:00:08 +0200] "GET / HTTP/1.0" 200 8120 "-" "-"
85.13.131.53 - - [01/Oct/2014:04:03:31 +0200] "GET / HTTP/1.0" 200 4606 "-" "-"
85.13.131.53 - - [01/Oct/2014:04:06:42 +0200] "GET / HTTP/1.0" 200 8120 "-" "-"
66.249.78.190 - - [01/Oct/2014:05:38:37 +0200] "GET /kwk.php HTTP/1.1" 200 5369 "-" "Mozilla/5.0 (compatible; Googlebot/2.1; +http://www.google.com/bot.html)"
66.249.78.190 - - [01/Oct/2014:05:49:44 +0200] "GET /index.php HTTP/1.1" 200 4480 "-" "Mozilla/5.0 (compatible; Googlebot/2.1; +http://www.google.com/bot.html)"
37.58.100.171 - - [01/Oct/2014:06:00:27 +0200] "GET /news.php?cs_go=archiv&cs_id=5285&cs_search= HTTP/1.1" 200 5365 "-" "Mozilla/5.0 (compatible; AhrefsBot/5.0; +http://ahrefs.com/robot/)"
66.249.78.183 - - [01/Oct/2014:06:28:44 +0200] "GET /index.php HTTP/1.1" 200 4480 "-" "Mozilla/5.0 (compatible; Googlebot/2.1; +http://www.google.com/bot.html)"
66.249.78.176 - - [01/Oct/2014:06:31:44 +0200] "GET /news.php?cs_go=archiv&cs_id=5042 HTTP/1.1" 200 5365 "-" "Mozilla/5.0 (compatible; Googlebot/2.1; +http://www.google.com/bot.html)"
192.99.39.69 - - [01/Oct/2014:06:38:06 +0200] "GET /robots.txt HTTP/1.1" 200 177 "-" "Mozilla/5.0 (compatible; meanpathbot/1.0; +http://www.meanpath.com/meanpathbot.html)"
66.249.78.190 - - [01/Oct/2014:06:40:45 +0200] "GET /news.php?cs_go=archiv&cs_id=5042 HTTP/1.1" 200 5365 "-" "Mozilla/5.0 (compatible; Googlebot/2.1; +http://www.google.com/bot.html)"
192.99.39.69 - - [01/Oct/2014:06:38:06 +0200] "GET / HTTP/1.1" 200 8120 "-" "Mozilla/5.0 (compatible; meanpathbot/1.0; +http://www.meanpath.com/meanpathbot.html)"
66.249.78.176 - - [01/Oct/2014:06:58:46 +0200] "GET /index.php HTTP/1.1" 200 4480 "-" "Mozilla/5.0 (compatible; Googlebot/2.1; +http://www.google.com/bot.html)"
78.47.15.198 - - [01/Oct/2014:07:07:03 +0200] "GET /robots.txt HTTP/1.1" 200 177 "-" "Mozilla/5.0 (compatible; uMBot-IC/1.0; mailto: crawling@ubermetrics-technologies.com)"
78.47.15.198 - - [01/Oct/2014:07:07:03 +0200] "GET /jobs.php HTTP/1.1" 200 4965 "-" "Mozilla/5.0 (compatible; uMBot-IC/1.0; mailto: crawling@ubermetrics-technologies.com)"
178.255.215.64 - - [01/Oct/2014:07:07:31 +0200] "GET /news.php?cs_go=archiv&cs_id=2917 HTTP/1.1" 200 5365 "-" "Mozilla/5.0 (compatible; Exabot/3.0; +http://www.exabot.com/go/robot)"
66.249.78.176 - - [01/Oct/2014:07:07:46 +0200] "GET /news.php?cs_go=archiv&cs_id=5042 HTTP/1.1" 200 5365 "-" "Mozilla/5.0 (compatible; Googlebot/2.1; +http://www.google.com/bot.html)"
208.115.113.91 - - [01/Oct/2014:07:14:47 +0200] "GET /robots.txt HTTP/1.1" 200 177 "-" "Mozilla/5.0 (compatible; DotBot/1.1; http://www.opensiteexplorer.org/dotbot, help@moz.com)"
178.63.80.14 - - [01/Oct/2014:07:27:40 +0200] "GET /robots.txt HTTP/1.1" 200 177 "-" "Mozilla/5.0 (compatible; uMBot-IC/1.0; mailto: crawling@ubermetrics-technologies.com)"
178.63.80.14 - - [01/Oct/2014:07:27:40 +0200] "GET /jobs.php HTTP/1.1" 200 4965 "-" "Mozilla/5.0 (compatible; uMBot-IC/1.0; mailto: crawling@ubermetrics-technologies.com)"
134.249.49.191 - - [01/Oct/2014:07:48:20 +0200] "GET / HTTP/1.1" 200 2371 "http://bikegames9.com/" "Mozilla/4.0 (compatible; MSIE 6.0; Windows NT 5.1; SV1; Crazy Browser 2.0.0 Beta 1; .NET CLR 1.0.3705; .NET CLR 1.1.4322)"
134.249.49.191 - - [01/Oct/2014:07:48:20 +0200] "GET / HTTP/1.1" 200 1139 "http://bikegames9.com/" "Mozilla/4.0 (compatible; MSIE 6.0; Windows NT 5.1; SV1; Crazy Browser 2.0.0 Beta 1; .NET CLR 1.0.3705; .NET CLR 1.1.4322)"
134.249.49.191 - - [01/Oct/2014:07:48:21 +0200] "GET / HTTP/1.1" 200 2371 "http://bikegames9.com/" "Mozilla/4.0 (compatible; MSIE 6.0; Windows NT 5.1; SV1; Crazy Browser 2.0.0 Beta 1; .NET CLR 1.0.3705; .NET CLR 1.1.4322)"
66.249.78.190 - - [01/Oct/2014:07:52:50 +0200] "GET / HTTP/1.1" 200 4480 "-" "Mozilla/5.0 (compatible; Googlebot/2.1; +http://www.google.com/bot.html)"
66.249.78.183 - - [01/Oct/2014:08:02:47 +0200] "GET / HTTP/1.1" 200 4480 "-" "Mozilla/5.0 (compatible; Googlebot/2.1; +http://www.google.com/bot.html)"
66.249.78.190 - - [01/Oct/2014:08:14:47 +0200] "GET / HTTP/1.1" 200 4480 "-" "Mozilla/5.0 (compatible; Googlebot/2.1; +http://www.google.com/bot.html)"
79.201.112.18 - - [01/Oct/2014:08:39:43 +0200] "GET / HTTP/1.1" 200 8120 "http://web2.cylex.de/reviews/viewcompanywebsite.aspx?firmaName=herbert-mink-gmbh&companyId=5251604" "Mozilla/5.0 (Macintosh; Intel Mac OS X 10_9_5) AppleWebKit/537.78.2 (KHTML, like Gecko) Version/7.0.6 Safari/537.78.2"
66.249.78.183 - - [01/Oct/2014:08:57:15 +0200] "GET /lexikon.php?cs_go=3&cs_id=101 HTTP/1.1" 200 5379 "-" "Mozilla/5.0 (compatible; Googlebot/2.1; +http://www.google.com/bot.html)"
37.58.100.147 - - [01/Oct/2014:09:18:08 +0200] "GET /news.php?cs_go=archiv&cs_id=5262 HTTP/1.1" 200 5365 "-" "Mozilla/5.0 (compatible; AhrefsBot/5.0; +http://ahrefs.com/robot/)"
79.201.112.18 - - [01/Oct/2014:09:15:32 +0200] "GET / HTTP/1.1" 200 8120 "http://web2.cylex.de/reviews/viewcompanywebsite.aspx?firmaName=herbert-mink-gmbh&companyId=5251604" "Mozilla/5.0 (Macintosh; Intel Mac OS X 10_9_5) AppleWebKit/537.78.2 (KHTML, like Gecko) Version/7.0.6 Safari/537.78.2"
91.46.206.21 - - [01/Oct/2014:09:33:10 +0200] "GET /style.css HTTP/1.1" 200 8402 "http://www.mink-gmbh.de/kontakt.php" "Mozilla/5.0 (Windows NT 6.1; Trident/7.0; rv:11.0) like Gecko"
91.46.206.21 - - [01/Oct/2014:09:33:10 +0200] "GET /modul.css HTTP/1.1" 200 35038 "http://www.mink-gmbh.de/kontakt.php" "Mozilla/5.0 (Windows NT 6.1; Trident/7.0; rv:11.0) like Gecko"
91.46.206.21 - - [01/Oct/2014:09:33:10 +0200] "GET /images/bg.png HTTP/1.1" 200 922 "http://www.mink-gmbh.de/kontakt.php" "Mozilla/5.0 (Windows NT 6.1; Trident/7.0; rv:11.0) like Gecko"
91.46.206.21 - - [01/Oct/2014:09:33:10 +0200] "GET /images/wrapperbg.jpg HTTP/1.1" 200 27465 "http://www.mink-gmbh.de/kontakt.php" "Mozilla/5.0 (Windows NT 6.1; Trident/7.0; rv:11.0) like Gecko"
91.46.206.21 - - [01/Oct/2014:09:33:10 +0200] "GET /images/header.jpg HTTP/1.1" 200 25189 "http://www.mink-gmbh.de/kontakt.php" "Mozilla/5.0 (Windows NT 6.1; Trident/7.0; rv:11.0) like Gecko"
91.46.206.21 - - [01/Oct/2014:09:33:10 +0200] "GET /images/navibg.png HTTP/1.1" 200 2803 "http://www.mink-gmbh.de/kontakt.php" "Mozilla/5.0 (Windows NT 6.1; Trident/7.0; rv:11.0) like Gecko"
91.46.206.21 - - [01/Oct/2014:09:33:10 +0200] "GET /images/newsletter.png HTTP/1.1" 200 14619 "http://www.mink-gmbh.de/kontakt.php" "Mozilla/5.0 (Windows NT 6.1; Trident/7.0; rv:11.0) like Gecko"
91.46.206.21 - - [01/Oct/2014:09:33:09 +0200] "GET /kontakt.php HTTP/1.1" 200 4996 "http://www.google.de/url?sa=t&rct=j&q=&esrc=s&source=web&cd=2&ved=0CEcQjBAwAQ&url=http%3A%2F%2Fwww.mink-gmbh.de%2Fkontakt.php&ei=Fq4rVJeZIsjWaqvdgtgO&usg=AFQjCNGc4Uk3AnmIYxZ5z_4vpGIDOIrQvQ&bvm=bv.76477589,d.bGQ" "Mozilla/5.0 (Windows NT 6.1; Trident/7.0; rv:11.0) like Gecko"
91.46.206.21 - - [01/Oct/2014:09:33:12 +0200] "GET /images/kwk.gif HTTP/1.1" 200 6403 "http://www.mink-gmbh.de/kontakt.php" "Mozilla/5.0 (Windows NT 6.1; Trident/7.0; rv:11.0) like Gecko"
91.46.206.21 - - [01/Oct/2014:09:33:12 +0200] "GET /images/wunschpreis.jpg HTTP/1.1" 200 16767 "http://www.mink-gmbh.de/kontakt.php" "Mozilla/5.0 (Windows NT 6.1; Trident/7.0; rv:11.0) like Gecko"
91.46.206.21 - - [01/Oct/2014:09:33:12 +0200] "GET /images/logos.jpg HTTP/1.1" 200 35043 "http://www.mink-gmbh.de/kontakt.php" "Mozilla/5.0 (Windows NT 6.1; Trident/7.0; rv:11.0) like Gecko"
91.46.206.21 - - [01/Oct/2014:09:33:12 +0200] "GET /images/footerbg.jpg HTTP/1.1" 200 2184 "http://www.mink-gmbh.de/kontakt.php" "Mozilla/5.0 (Windows NT 6.1; Trident/7.0; rv:11.0) like Gecko"
91.46.206.21 - - [01/Oct/2014:09:33:12 +0200] "GET /images/freecall.jpg HTTP/1.1" 200 39195 "http://www.mink-gmbh.de/kontakt.php" "Mozilla/5.0 (Windows NT 6.1; Trident/7.0; rv:11.0) like Gecko"
91.46.206.21 - - [01/Oct/2014:09:33:13 +0200] "GET /favicon.ico HTTP/1.1" 200 3638 "-" "Mozilla/5.0 (Windows NT 6.1; Trident/7.0; rv:11.0) like Gecko"
91.46.206.21 - - [01/Oct/2014:09:35:45 +0200] "GET /kontakt.php HTTP/1.1" 200 4996 "http://www.google.de/url?sa=t&rct=j&q=&esrc=s&source=web&cd=2&ved=0CCgQjBAwAQ&url=http%3A%2F%2Fwww.mink-gmbh.de%2Fkontakt.php&ei=iq4rVJPeKc7xaPzvgOgE&usg=AFQjCNGc4Uk3AnmIYxZ5z_4vpGIDOIrQvQ" "Mozilla/5.0 (Windows NT 6.1; Trident/7.0; rv:11.0) like Gecko"
91.46.206.21 - - [01/Oct/2014:09:33:21 +0200] "GET /standard.php HTTP/1.1" 200 3845 "http://www.mink-gmbh.de/kontakt.php" "Mozilla/5.0 (Windows NT 6.1; Trident/7.0; rv:11.0) like Gecko"
91.46.206.21 - - [01/Oct/2014:09:33:30 +0200] "GET /preisanfrage.php HTTP/1.1" 200 406 "http://www.mink-gmbh.de/standard.php" "Mozilla/5.0 (Windows NT 6.1; Trident/7.0; rv:11.0) like Gecko"
91.46.206.21 - - [01/Oct/2014:09:33:38 +0200] "GET /kontakt.php HTTP/1.1" 200 3175 "http://www.mink-gmbh.de/standard.php" "Mozilla/5.0 (Windows NT 6.1; Trident/7.0; rv:11.0) like Gecko"
91.46.206.21 - - [01/Oct/2014:09:33:27 +0200] "GET /wunschpreis.php HTTP/1.1" 200 3181 "http://www.mink-gmbh.de/standard.php" "Mozilla/5.0 (Windows NT 6.1; Trident/7.0; rv:11.0) like Gecko"
91.46.206.21 - - [01/Oct/2014:09:33:48 +0200] "GET /impressum.php HTTP/1.1" 200 6306 "http://www.mink-gmbh.de/standard.php" "Mozilla/5.0 (Windows NT 6.1; Trident/7.0; rv:11.0) like Gecko"
66.249.78.183 - - [01/Oct/2014:09:49:27 +0200] "GET /kontakt.php HTTP/1.1" 200 4996 "-" "Mozilla/5.0 (compatible; Googlebot/2.1; +http://www.google.com/bot.html)"
66.249.64.108 - - [01/Oct/2014:09:52:51 +0200] "GET /style.css HTTP/1.1" 200 8402 "-" "Mozilla/5.0 (compatible; Googlebot/2.1; +http://www.google.com/bot.html)"
109.120.157.179 - - [01/Oct/2014:09:51:33 +0200] "GET / HTTP/1.1" 200 2371 "http://chimiver.info/" "Mozilla/5.0 (compatible; Add Catalog/2.1;)"
109.120.157.179 - - [01/Oct/2014:09:51:33 +0200] "GET / HTTP/1.1" 200 1139 "http://chimiver.info/" "Mozilla/5.0 (compatible; Add Catalog/2.1;)"
109.120.157.179 - - [01/Oct/2014:09:51:34 +0200] "GET / HTTP/1.1" 200 2371 "http://chimiver.info/" "Mozilla/5.0 (compatible; Add Catalog/2.1;)"
66.249.64.108 - - [01/Oct/2014:10:11:13 +0200] "GET /schwefelarmstandard.php HTTP/1.1" 200 5229 "-" "Mozilla/5.0 (compatible; Googlebot/2.1; +http://www.google.com/bot.html)"
66.249.78.183 - - [01/Oct/2014:10:08:13 +0200] "GET /news.php?cs_go=archiv&cs_id=5212 HTTP/1.1" 200 5365 "-" "Mozilla/5.0 (iPhone; CPU iPhone OS 6_0 like Mac OS X) AppleWebKit/536.26 (KHTML, like Gecko) Version/6.0 Mobile/10A5376e Safari/8536.25 (compatible; Googlebot/2.1; +http://www.google.com/bot.html)"
66.249.78.183 - - [01/Oct/2014:10:17:36 +0200] "GET /news.php?cs_go=archiv&cs_id=5212 HTTP/1.1" 200 5365 "-" "Mozilla/5.0 (iPhone; CPU iPhone OS 6_0 like Mac OS X) AppleWebKit/536.26 (KHTML, like Gecko) Version/6.0 Mobile/10A5376e Safari/8536.25 (compatible; Googlebot/2.1; +http://www.google.com/bot.html)"
66.249.78.176 - - [01/Oct/2014:10:23:58 +0200] "GET /news.php?cs_go=archiv&cs_id=5212 HTTP/1.1" 200 5365 "-" "Mozilla/5.0 (iPhone; CPU iPhone OS 6_0 like Mac OS X) AppleWebKit/536.26 (KHTML, like Gecko) Version/6.0 Mobile/10A5376e Safari/8536.25 (compatible; Googlebot/2.1; +http://www.google.com/bot.html)"
66.249.64.104 - - [01/Oct/2014:10:44:04 +0200] "GET /news.php?cs_go=archiv&cs_id=5208 HTTP/1.1" 200 5365 "-" "Mozilla/5.0 (iPhone; CPU iPhone OS 6_0 like Mac OS X) AppleWebKit/536.26 (KHTML, like Gecko) Version/6.0 Mobile/10A5376e Safari/8536.25 (compatible; Googlebot/2.1; +http://www.google.com/bot.html)"
157.55.39.41 - - [01/Oct/2014:10:51:57 +0200] "GET /robots.txt HTTP/1.1" 200 177 "-" "Mozilla/5.0 (compatible; bingbot/2.0; +http://www.bing.com/bingbot.htm)"
157.55.39.41 - - [01/Oct/2014:10:52:19 +0200] "GET / HTTP/1.1" 200 2371 "-" "Mozilla/5.0 (compatible; bingbot/2.0; +http://www.bing.com/bingbot.htm)"
66.249.78.190 - - [01/Oct/2014:10:56:05 +0200] "GET /kwk.php HTTP/1.1" 200 5369 "-" "Mozilla/5.0 (compatible; Googlebot/2.1; +http://www.google.com/bot.html)"
66.249.78.176 - - [01/Oct/2014:10:53:04 +0200] "GET /news.php?cs_go=archiv&cs_id=5208 HTTP/1.1" 200 5365 "-" "Mozilla/5.0 (iPhone; CPU iPhone OS 6_0 like Mac OS X) AppleWebKit/536.26 (KHTML, like Gecko) Version/6.0 Mobile/10A5376e Safari/8536.25 (compatible; Googlebot/2.1; +http://www.google.com/bot.html)"
77.12.236.16 - - [01/Oct/2014:10:57:48 +0200] "GET /style.css HTTP/1.1" 200 8402 "http://www.mink-gmbh.de/" "Mozilla/5.0 (Windows NT 6.1; WOW64; rv:32.0) Gecko/20100101 Firefox/32.0"
77.12.236.16 - - [01/Oct/2014:10:57:48 +0200] "GET /favicon.ico HTTP/1.1" 200 3638 "-" "Mozilla/5.0 (Windows NT 6.1; WOW64; rv:32.0) Gecko/20100101 Firefox/32.0"
77.12.236.16 - - [01/Oct/2014:10:57:48 +0200] "GET /modul.css HTTP/1.1" 200 35038 "http://www.mink-gmbh.de/" "Mozilla/5.0 (Windows NT 6.1; WOW64; rv:32.0) Gecko/20100101 Firefox/32.0"
77.12.236.16 - - [01/Oct/2014:10:58:03 +0200] "GET /images/bg.png HTTP/1.1" 200 922 "http://www.mink-gmbh.de/style.css" "Mozilla/5.0 (Windows NT 6.1; WOW64; rv:32.0) Gecko/20100101 Firefox/32.0"
77.12.236.16 - - [01/Oct/2014:10:58:03 +0200] "GET /images/newsletter.png HTTP/1.1" 200 14619 "http://www.mink-gmbh.de/style.css" "Mozilla/5.0 (Windows NT 6.1; WOW64; rv:32.0) Gecko/20100101 Firefox/32.0"
77.12.236.16 - - [01/Oct/2014:10:58:03 +0200] "GET /images/wrapperbg.jpg HTTP/1.1" 200 27465 "http://www.mink-gmbh.de/style.css" "Mozilla/5.0 (Windows NT 6.1; WOW64; rv:32.0) Gecko/20100101 Firefox/32.0"
77.12.236.16 - - [01/Oct/2014:10:58:03 +0200] "GET /images/header.jpg HTTP/1.1" 200 25189 "http://www.mink-gmbh.de/style.css" "Mozilla/5.0 (Windows NT 6.1; WOW64; rv:32.0) Gecko/20100101 Firefox/32.0"
77.12.236.16 - - [01/Oct/2014:10:58:03 +0200] "GET /images/navibg.png HTTP/1.1" 200 2803 "http://www.mink-gmbh.de/style.css" "Mozilla/5.0 (Windows NT 6.1; WOW64; rv:32.0) Gecko/20100101 Firefox/32.0"
77.12.236.16 - - [01/Oct/2014:10:58:02 +0200] "GET /schwefelarmstandard.php HTTP/1.1" 200 5229 "http://www.google.de/url?sa=t&rct=j&q=&esrc=s&source=web&cd=3&ved=0CCwQjBAwAg&url=http%3A%2F%2Fwww.mink-gmbh.de%2Fschwefelarmstandard.php&ei=6cErVKedOIzjaIq1gfgM&usg=AFQjCNFasQ7I8IVpkQPHmS5HkIpVBcXuxA&bvm=bv.76477589,d.d2s" "Mozilla/5.0 (Windows NT 6.1; WOW64; rv:32.0) Gecko/20100101 Firefox/32.0"
77.12.236.16 - - [01/Oct/2014:10:58:05 +0200] "GET /images/kwk.gif HTTP/1.1" 200 6403 "http://www.mink-gmbh.de/schwefelarmstandard.php" "Mozilla/5.0 (Windows NT 6.1; WOW64; rv:32.0) Gecko/20100101 Firefox/32.0"
77.12.236.16 - - [01/Oct/2014:10:58:05 +0200] "GET /images/wunschpreis.jpg HTTP/1.1" 200 16767 "http://www.mink-gmbh.de/schwefelarmstandard.php" "Mozilla/5.0 (Windows NT 6.1; WOW64; rv:32.0) Gecko/20100101 Firefox/32.0"
77.12.236.16 - - [01/Oct/2014:10:58:05 +0200] "GET /images/footerbg.jpg HTTP/1.1" 200 2184 "http://www.mink-gmbh.de/style.css" "Mozilla/5.0 (Windows NT 6.1; WOW64; rv:32.0) Gecko/20100101 Firefox/32.0"
77.12.236.16 - - [01/Oct/2014:10:58:05 +0200] "GET /images/freecall.jpg HTTP/1.1" 200 39195 "http://www.mink-gmbh.de/schwefelarmstandard.php" "Mozilla/5.0 (Windows NT 6.1; WOW64; rv:32.0) Gecko/20100101 Firefox/32.0"
77.12.236.16 - - [01/Oct/2014:10:58:05 +0200] "GET /images/logos.jpg HTTP/1.1" 200 35043 "http://www.mink-gmbh.de/schwefelarmstandard.php" "Mozilla/5.0 (Windows NT 6.1; WOW64; rv:32.0) Gecko/20100101 Firefox/32.0"
77.12.236.16 - - [01/Oct/2014:10:57:48 +0200] "GET / HTTP/1.1" 200 4480 "http://www.google.de/url?sa=t&rct=j&q=&esrc=s&source=web&cd=1&ved=0CCMQFjAA&url=http%3A%2F%2Fwww.mink-gmbh.de%2F&ei=6cErVKedOIzjaIq1gfgM&usg=AFQjCNFHX4Iglls9oo-KYXTmDUV_5KOVIg&bvm=bv.76477589,d.d2s" "Mozilla/5.0 (Windows NT 6.1; WOW64; rv:32.0) Gecko/20100101 Firefox/32.0"
66.249.78.183 - - [01/Oct/2014:10:59:43 +0200] "GET /news.php?cs_go=archiv&cs_id=5208 HTTP/1.1" 200 5365 "-" "Mozilla/5.0 (iPhone; CPU iPhone OS 6_0 like Mac OS X) AppleWebKit/536.26 (KHTML, like Gecko) Version/6.0 Mobile/10A5376e Safari/8536.25 (compatible; Googlebot/2.1; +http://www.google.com/bot.html)"
66.249.78.176 - - [01/Oct/2014:11:02:43 +0200] "GET /news.php?cs_go=archiv&cs_id=4862 HTTP/1.1" 200 5365 "-" "Mozilla/5.0 (compatible; Googlebot/2.1; +http://www.google.com/bot.html)"
77.12.236.16 - - [01/Oct/2014:10:58:25 +0200] "GET /preisanfrage.php HTTP/1.1" 200 5002 "http://www.mink-gmbh.de/schwefelarmstandard.php" "Mozilla/5.0 (Windows NT 6.1; WOW64; rv:32.0) Gecko/20100101 Firefox/32.0"
37.58.100.176 - - [01/Oct/2014:11:06:15 +0200] "GET /news.php?cs_go=archiv&cs_id=5374&cs_search= HTTP/1.1" 200 5365 "-" "Mozilla/5.0 (compatible; AhrefsBot/5.0; +http://ahrefs.com/robot/)"
77.12.236.16 - - [01/Oct/2014:10:58:11 +0200] "GET /preisanfrage.php HTTP/1.1" 200 5002 "http://www.mink-gmbh.de/schwefelarmstandard.php" "Mozilla/5.0 (Windows NT 6.1; WOW64; rv:32.0) Gecko/20100101 Firefox/32.0"
66.249.78.190 - - [01/Oct/2014:11:12:04 +0200] "GET /news.php?cs_go=archiv&cs_id=4862 HTTP/1.1" 200 5365 "-" "Mozilla/5.0 (compatible; Googlebot/2.1; +http://www.google.com/bot.html)"
66.249.78.183 - - [01/Oct/2014:11:21:42 +0200] "GET /news.php?cs_go=archiv&cs_id=4862 HTTP/1.1" 200 5365 "-" "Mozilla/5.0 (compatible; Googlebot/2.1; +http://www.google.com/bot.html)"
66.249.78.183 - - [01/Oct/2014:11:30:44 +0200] "GET /news.php?cs_go=archiv&cs_id=5095 HTTP/1.1" 200 5365 "-" "Mozilla/5.0 (compatible; Googlebot/2.1; +http://www.google.com/bot.html)"
208.115.113.91 - - [01/Oct/2014:11:34:11 +0200] "GET /schwefelarmstandard.php HTTP/1.1" 200 5229 "-" "Mozilla/5.0 (compatible; DotBot/1.1; http://www.opensiteexplorer.org/dotbot, help@moz.com)"
208.115.113.91 - - [01/Oct/2014:11:34:07 +0200] "GET /news.php?cs_go=archiv&cs_startpos=10 HTTP/1.1" 200 5365 "-" "Mozilla/5.0 (compatible; DotBot/1.1; http://www.opensiteexplorer.org/dotbot, help@moz.com)"
66.249.78.176 - - [01/Oct/2014:11:40:03 +0200] "GET /news.php?cs_go=archiv&cs_id=5095 HTTP/1.1" 200 5365 "-" "Mozilla/5.0 (compatible; Googlebot/2.1; +http://www.google.com/bot.html)"
66.249.78.190 - - [01/Oct/2014:11:52:59 +0200] "GET /news.php?cs_go=archiv&cs_id=5095 HTTP/1.1" 200 5365 "-" "Mozilla/5.0 (compatible; Googlebot/2.1; +http://www.google.com/bot.html)"
178.137.94.81 - - [01/Oct/2014:12:17:08 +0200] "GET / HTTP/1.1" 200 2371 "http://alive-ua.com/" "Mozilla/3.0 (compatible; WebCapture 2.0; Auto; Windows)"
178.137.94.81 - - [01/Oct/2014:12:17:09 +0200] "GET / HTTP/1.1" 200 1139 "http://alive-ua.com/" "Mozilla/3.0 (compatible; WebCapture 2.0; Auto; Windows)"
178.137.94.81 - - [01/Oct/2014:12:17:09 +0200] "GET / HTTP/1.1" 200 2371 "http://alive-ua.com/" "Mozilla/3.0 (compatible; WebCapture 2.0; Auto; Windows)"
78.47.15.198 - - [01/Oct/2014:13:07:17 +0200] "GET /robots.txt HTTP/1.1" 200 177 "-" "Mozilla/5.0 (compatible; uMBot-IC/1.0; mailto: crawling@ubermetrics-technologies.com)"
78.47.15.198 - - [01/Oct/2014:13:07:17 +0200] "GET /jobs.php HTTP/1.1" 200 4965 "-" "Mozilla/5.0 (compatible; uMBot-IC/1.0; mailto: crawling@ubermetrics-technologies.com)"
178.63.49.82 - - [01/Oct/2014:13:12:43 +0200] "GET /robots.txt HTTP/1.0" 200 177 "-" "Mozilla/5.0 (compatible; MJ12bot/v1.4.5; http://www.majestic12.co.uk/bot.php?+)"
178.63.49.82 - - [01/Oct/2014:13:12:44 +0200] "GET /news.php?cs_go=archiv&cs_id=4218 HTTP/1.0" 200 5365 "-" "Mozilla/5.0 (compatible; MJ12bot/v1.4.5; http://www.majestic12.co.uk/bot.php?+)"
178.63.49.82 - - [01/Oct/2014:13:13:26 +0200] "GET /news.php?cs_go=archiv&cs_id=4240 HTTP/1.0" 200 5365 "-" "Mozilla/5.0 (compatible; MJ12bot/v1.4.5; http://www.majestic12.co.uk/bot.php?+)"
178.63.49.82 - - [01/Oct/2014:13:14:09 +0200] "GET /news.php?cs_go=archiv&cs_id=4241 HTTP/1.0" 200 5365 "-" "Mozilla/5.0 (compatible; MJ12bot/v1.4.5; http://www.majestic12.co.uk/bot.php?+)"
178.63.49.82 - - [01/Oct/2014:13:14:52 +0200] "GET /news.php?cs_go=archiv&cs_id=4242 HTTP/1.0" 200 5365 "-" "Mozilla/5.0 (compatible; MJ12bot/v1.4.5; http://www.majestic12.co.uk/bot.php?+)"
178.63.49.82 - - [01/Oct/2014:13:15:34 +0200] "GET /news.php?cs_go=archiv&cs_id=4243 HTTP/1.0" 200 5365 "-" "Mozilla/5.0 (compatible; MJ12bot/v1.4.5; http://www.majestic12.co.uk/bot.php?+)"
178.63.49.82 - - [01/Oct/2014:13:16:16 +0200] "GET /news.php?cs_go=archiv&cs_id=4820 HTTP/1.0" 200 5365 "-" "Mozilla/5.0 (compatible; MJ12bot/v1.4.5; http://www.majestic12.co.uk/bot.php?+)"
178.63.49.82 - - [01/Oct/2014:13:16:57 +0200] "GET /news.php?cs_go=archiv&cs_id=4859 HTTP/1.0" 200 5365 "-" "Mozilla/5.0 (compatible; MJ12bot/v1.4.5; http://www.majestic12.co.uk/bot.php?+)"
178.63.49.82 - - [01/Oct/2014:13:17:39 +0200] "GET /news.php?cs_go=archiv&cs_id=5108 HTTP/1.0" 200 5365 "-" "Mozilla/5.0 (compatible; MJ12bot/v1.4.5; http://www.majestic12.co.uk/bot.php?+)"
178.63.49.82 - - [01/Oct/2014:13:18:21 +0200] "GET /news.php?cs_go=archiv&cs_id=5109 HTTP/1.0" 200 5365 "-" "Mozilla/5.0 (compatible; MJ12bot/v1.4.5; http://www.majestic12.co.uk/bot.php?+)"
178.63.80.14 - - [01/Oct/2014:13:27:55 +0200] "GET /robots.txt HTTP/1.1" 200 177 "-" "Mozilla/5.0 (compatible; uMBot-IC/1.0; mailto: crawling@ubermetrics-technologies.com)"
178.63.80.14 - - [01/Oct/2014:13:27:55 +0200] "GET /jobs.php HTTP/1.1" 200 4965 "-" "Mozilla/5.0 (compatible; uMBot-IC/1.0; mailto: crawling@ubermetrics-technologies.com)"
37.58.100.184 - - [01/Oct/2014:13:35:46 +0200] "GET /robots.txt HTTP/1.1" 200 177 "-" "Mozilla/5.0 (compatible; AhrefsBot/5.0; +http://ahrefs.com/robot/)"
178.137.94.81 - - [01/Oct/2014:13:35:09 +0200] "GET / HTTP/1.1" 200 2371 "http://igru-xbox.net/" "Mozilla/4.0 (compatible; MSIE 6.0; Windows NT 5.1; SV1; .NET CLR 1.0.3705; .NET CLR 1.1.4322; .NET CLR 2.0.40607)"
178.137.94.81 - - [01/Oct/2014:13:35:09 +0200] "GET / HTTP/1.1" 200 2371 "http://igru-xbox.net/" "Mozilla/4.0 (compatible; MSIE 6.0; Windows NT 5.1; SV1; .NET CLR 1.0.3705; .NET CLR 1.1.4322; .NET CLR 2.0.40607)"
178.137.94.81 - - [01/Oct/2014:13:35:10 +0200] "GET / HTTP/1.1" 200 2371 "http://igru-xbox.net/" "Mozilla/4.0 (compatible; MSIE 6.0; Windows NT 5.1; SV1; .NET CLR 1.0.3705; .NET CLR 1.1.4322; .NET CLR 2.0.40607)"
157.55.39.40 - - [01/Oct/2014:13:43:34 +0200] "GET / HTTP/1.1" 200 2371 "-" "Mozilla/5.0 (compatible; bingbot/2.0; +http://www.bing.com/bingbot.htm)"
178.255.215.80 - - [01/Oct/2014:14:04:36 +0200] "GET /robots.txt HTTP/1.1" 200 177 "-" "Mozilla/5.0 (compatible; Exabot/3.0 (BiggerBetter); +http://www.exabot.com/go/robot)"
178.255.215.80 - - [01/Oct/2014:14:04:36 +0200] "GET /lexikon.php?cs_go=2&cs_char=k HTTP/1.1" 200 5379 "-" "Mozilla/5.0 (compatible; Exabot/3.0 (BiggerBetter); +http://www.exabot.com/go/robot)"
79.201.112.18 - - [01/Oct/2014:14:04:38 +0200] "GET / HTTP/1.1" 200 8120 "http://web2.cylex.de/reviews/viewcompanywebsite.aspx?firmaName=herbert-mink-gmbh&companyId=5251604" "Mozilla/5.0 (Macintosh; Intel Mac OS X 10_9_5) AppleWebKit/537.78.2 (KHTML, like Gecko) Version/7.0.6 Safari/537.78.2"
66.249.64.112 - - [01/Oct/2014:14:20:11 +0200] "GET /images/tkw.jpg HTTP/1.1" 304 - "-" "Googlebot-Image/1.0"
66.249.78.190 - - [01/Oct/2014:14:33:26 +0200] "GET /news.php?cs_go=archiv&cs_id=5274&cs_search= HTTP/1.1" 200 5365 "-" "Mozilla/5.0 (compatible; Googlebot/2.1; +http://www.google.com/bot.html)"
66.249.78.183 - - [01/Oct/2014:14:46:22 +0200] "GET /news.php?cs_go=archiv&cs_id=5274&cs_search= HTTP/1.1" 200 5365 "-" "Mozilla/5.0 (compatible; Googlebot/2.1; +http://www.google.com/bot.html)"
193.150.120.14 - - [01/Oct/2014:14:59:18 +0200] "GET / HTTP/1.1" 200 2371 "http://www.president-office.ru/" "Mozilla/4.0 (compatible; MSIE 6.0; Windows NT 5.1; MRA 4.3 (build 01218); .NET CLR 1.1.4322)"
193.150.120.14 - - [01/Oct/2014:14:59:19 +0200] "GET / HTTP/1.1" 200 2371 "http://www.president-office.ru/" "Mozilla/4.0 (compatible; MSIE 6.0; Windows NT 5.1; MRA 4.3 (build 01218); .NET CLR 1.1.4322)"
193.150.120.14 - - [01/Oct/2014:14:59:19 +0200] "GET / HTTP/1.1" 200 2371 "http://www.president-office.ru/" "Mozilla/4.0 (compatible; MSIE 6.0; Windows NT 5.1; MRA 4.3 (build 01218); .NET CLR 1.1.4322)"
79.201.112.18 - - [01/Oct/2014:14:57:14 +0200] "GET / HTTP/1.1" 200 8120 "http://web2.cylex.de/reviews/viewcompanywebsite.aspx?firmaName=herbert-mink-gmbh&companyId=5251604" "Mozilla/5.0 (Macintosh; Intel Mac OS X 10_9_5) AppleWebKit/537.78.2 (KHTML, like Gecko) Version/7.0.6 Safari/537.78.2"
66.249.78.176 - - [01/Oct/2014:15:04:23 +0200] "GET /news.php?cs_go=archiv&cs_id=5274&cs_search= HTTP/1.1" 200 5365 "-" "Mozilla/5.0 (compatible; Googlebot/2.1; +http://www.google.com/bot.html)"
46.118.159.178 - - [01/Oct/2014:15:10:44 +0200] "GET / HTTP/1.1" 200 2371 "http://shantui-xcmg.tiu.ru/" "Mozilla/4.0 (compatible; MSIE 6.0; Windows NT 5.1; KKman2.0)"
46.118.159.178 - - [01/Oct/2014:15:10:44 +0200] "GET / HTTP/1.1" 200 2371 "http://shantui-xcmg.tiu.ru/" "Mozilla/4.0 (compatible; MSIE 6.0; Windows NT 5.1; KKman2.0)"
46.118.159.178 - - [01/Oct/2014:15:10:48 +0200] "GET / HTTP/1.1" 200 2371 "http://shantui-xcmg.tiu.ru/" "Mozilla/4.0 (compatible; MSIE 6.0; Windows NT 5.1; KKman2.0)"
94.153.65.124 - - [01/Oct/2014:15:16:13 +0200] "GET / HTTP/1.1" 200 1139 "http://expertnaya-ocenka.ru/" "Mozilla/4.0 (compatible; MSIE 5.0; Windows 2000) Opera 6.0 [en]"
94.153.65.124 - - [01/Oct/2014:15:16:14 +0200] "GET / HTTP/1.1" 200 2371 "http://expertnaya-ocenka.ru/" "Mozilla/4.0 (compatible; MSIE 5.0; Windows 2000) Opera 6.0 [en]"
37.58.100.237 - - [01/Oct/2014:15:21:34 +0200] "GET /news.php?cs_go=archiv&cs_id=5222&cs_search= HTTP/1.1" 200 5365 "-" "Mozilla/5.0 (compatible; AhrefsBot/5.0; +http://ahrefs.com/robot/)"
94.153.65.124 - - [01/Oct/2014:15:16:14 +0200] "GET / HTTP/1.1" 200 8120 "http://expertnaya-ocenka.ru/" "Mozilla/4.0 (compatible; MSIE 5.0; Windows 2000) Opera 6.0 [en]"
79.201.112.18 - - [01/Oct/2014:15:19:39 +0200] "GET / HTTP/1.1" 200 8120 "http://web2.cylex.de/reviews/viewcompanywebsite.aspx?firmaName=herbert-mink-gmbh&companyId=5251604" "Mozilla/5.0 (Macintosh; Intel Mac OS X 10_9_5) AppleWebKit/537.78.2 (KHTML, like Gecko) Version/7.0.6 Safari/537.78.2"
79.201.112.18 - - [01/Oct/2014:15:25:38 +0200] "GET / HTTP/1.1" 200 8120 "http://web2.cylex.de/reviews/viewcompanywebsite.aspx?firmaName=herbert-mink-gmbh&companyId=5251604" "Mozilla/5.0 (Macintosh; Intel Mac OS X 10_9_5) AppleWebKit/537.78.2 (KHTML, like Gecko) Version/7.0.6 Safari/537.78.2"
37.58.100.147 - - [01/Oct/2014:15:47:23 +0200] "GET /news.php?cs_go=archiv&cs_id=5275&cs_search= HTTP/1.1" 200 5365 "-" "Mozilla/5.0 (compatible; AhrefsBot/5.0; +http://ahrefs.com/robot/)"
37.58.100.136 - - [01/Oct/2014:15:53:58 +0200] "GET /news.php?cs_go=archiv&cs_id=5384 HTTP/1.1" 200 5365 "-" "Mozilla/5.0 (compatible; AhrefsBot/5.0; +http://ahrefs.com/robot/)"
92.205.21.9 - - [01/Oct/2014:16:02:12 +0200] "GET /style.css HTTP/1.1" 200 8402 "http://www.mink-gmbh.de/" "Mozilla/5.0 (Windows NT 6.1; WOW64; rv:32.0) Gecko/20100101 Firefox/32.0"
92.205.21.9 - - [01/Oct/2014:16:02:12 +0200] "GET /modul.css HTTP/1.1" 200 35038 "http://www.mink-gmbh.de/" "Mozilla/5.0 (Windows NT 6.1; WOW64; rv:32.0) Gecko/20100101 Firefox/32.0"
92.205.21.9 - - [01/Oct/2014:16:02:12 +0200] "GET /favicon.ico HTTP/1.1" 200 3638 "-" "Mozilla/5.0 (Windows NT 6.1; WOW64; rv:32.0) Gecko/20100101 Firefox/32.0"
92.205.21.9 - - [01/Oct/2014:16:02:12 +0200] "GET / HTTP/1.1" 200 4480 "-" "Mozilla/5.0 (Windows NT 6.1; WOW64; rv:32.0) Gecko/20100101 Firefox/32.0"
92.205.21.9 - - [01/Oct/2014:16:06:11 +0200] "GET / HTTP/1.1" 200 4395 "http://www.google.de/url?sa=t&rct=j&q=&esrc=s&source=web&cd=2&ved=0CEQQFjAB&url=http%3A%2F%2Fwww.mink-gmbh.de%2F&ei=MgosVJXpMcL0PKzBgfAH&usg=AFQjCNFHX4Iglls9oo-KYXTmDUV_5KOVIg&bvm=bv.76477589,d.ZWU" "Mozilla/5.0 (Windows NT 6.1; WOW64; rv:32.0) Gecko/20100101 Firefox/32.0"
66.249.78.190 - - [01/Oct/2014:16:15:02 +0200] "GET /news.php?cs_go=archiv&cs_id=5194 HTTP/1.1" 200 5365 "-" "Mozilla/5.0 (compatible; Googlebot/2.1; +http://www.google.com/bot.html)"
66.249.78.190 - - [01/Oct/2014:16:18:20 +0200] "GET /kwk.php HTTP/1.1" 200 5369 "-" "Mozilla/5.0 (compatible; Googlebot/2.1; +http://www.google.com/bot.html)"
66.249.78.183 - - [01/Oct/2014:16:24:57 +0200] "GET /news.php?cs_go=archiv&cs_id=5194 HTTP/1.1" 200 5365 "-" "Mozilla/5.0 (compatible; Googlebot/2.1; +http://www.google.com/bot.html)"
66.249.78.176 - - [01/Oct/2014:16:42:58 +0200] "GET /news.php?cs_go=archiv&cs_id=5194 HTTP/1.1" 200 5365 "-" "Mozilla/5.0 (compatible; Googlebot/2.1; +http://www.google.com/bot.html)"
193.150.120.14 - - [01/Oct/2014:17:22:56 +0200] "GET / HTTP/1.1" 200 2371 "http://pornowife.tv/" "Mozilla/4.0 (compatible; MSIE 6.0; Windows NT 5.1; .NET CLR 1.1.4322; Alexa Toolbar; (R1 1.5))"
193.150.120.14 - - [01/Oct/2014:17:22:56 +0200] "GET / HTTP/1.1" 200 2371 "http://pornowife.tv/" "Mozilla/4.0 (compatible; MSIE 6.0; Windows NT 5.1; .NET CLR 1.1.4322; Alexa Toolbar; (R1 1.5))"
193.150.120.14 - - [01/Oct/2014:17:22:57 +0200] "GET / HTTP/1.1" 200 2371 "http://pornowife.tv/" "Mozilla/4.0 (compatible; MSIE 6.0; Windows NT 5.1; .NET CLR 1.1.4322; Alexa Toolbar; (R1 1.5))"
37.58.100.73 - - [01/Oct/2014:17:29:07 +0200] "GET /news.php?cs_go=archiv&cs_id=5213&cs_search= HTTP/1.1" 200 5365 "-" "Mozilla/5.0 (compatible; AhrefsBot/5.0; +http://ahrefs.com/robot/)"
88.198.160.53 - - [01/Oct/2014:18:34:37 +0200] "GET /lexikon.php HTTP/1.1" 200 5379 "-" "Mozilla/5.0 (compatible; XoviBot/2.0; +http://www.xovibot.net/)"
37.58.100.68 - - [01/Oct/2014:18:58:19 +0200] "GET /news.php?cs_go=archiv&cs_id=5324&cs_search= HTTP/1.1" 200 5365 "-" "Mozilla/5.0 (compatible; AhrefsBot/5.0; +http://ahrefs.com/robot/)"
78.47.15.198 - - [01/Oct/2014:19:07:34 +0200] "GET /robots.txt HTTP/1.1" 200 177 "-" "Mozilla/5.0 (compatible; uMBot-IC/1.0; mailto: crawling@ubermetrics-technologies.com)"
78.47.15.198 - - [01/Oct/2014:19:07:34 +0200] "GET /jobs.php HTTP/1.1" 200 4965 "-" "Mozilla/5.0 (compatible; uMBot-IC/1.0; mailto: crawling@ubermetrics-technologies.com)"
176.31.126.56 - - [01/Oct/2014:19:12:34 +0200] "GET /robots.txt HTTP/1.1" 200 177 "-" "Mozilla/5.0 (compatible; fr-crawler/1.1)"
176.31.126.56 - - [01/Oct/2014:19:12:35 +0200] "GET / HTTP/1.1" 200 8120 "-" "Mozilla/5.0 (compatible; fr-crawler/1.1)"
178.63.80.14 - - [01/Oct/2014:19:28:10 +0200] "GET /robots.txt HTTP/1.1" 200 177 "-" "Mozilla/5.0 (compatible; uMBot-IC/1.0; mailto: crawling@ubermetrics-technologies.com)"
178.63.80.14 - - [01/Oct/2014:19:28:10 +0200] "GET /jobs.php HTTP/1.1" 200 4965 "-" "Mozilla/5.0 (compatible; uMBot-IC/1.0; mailto: crawling@ubermetrics-technologies.com)"
79.201.112.18 - - [01/Oct/2014:19:38:09 +0200] "GET / HTTP/1.1" 200 8120 "http://web2.cylex.de/reviews/viewcompanywebsite.aspx?firmaName=herbert-mink-gmbh&companyId=5251604" "Mozilla/5.0 (Macintosh; Intel Mac OS X 10_9_5) AppleWebKit/537.78.2 (KHTML, like Gecko) Version/7.0.6 Safari/537.78.2"
65.36.241.79 - - [01/Oct/2014:20:05:42 +0200] "HEAD / HTTP/1.1" 200 - "-" "InternetSeer.com"
79.201.112.18 - - [01/Oct/2014:21:00:09 +0200] "GET /modul.css HTTP/1.1" 200 35038 "http://www.mink-gmbh.de/" "Mozilla/5.0 (Macintosh; Intel Mac OS X 10_9_5) AppleWebKit/600.1.17 (KHTML, like Gecko) Version/7.1 Safari/537.85.10"
79.201.112.18 - - [01/Oct/2014:21:00:09 +0200] "GET /style.css HTTP/1.1" 200 8402 "http://www.mink-gmbh.de/" "Mozilla/5.0 (Macintosh; Intel Mac OS X 10_9_5) AppleWebKit/600.1.17 (KHTML, like Gecko) Version/7.1 Safari/537.85.10"
79.201.112.18 - - [01/Oct/2014:21:00:09 +0200] "GET / HTTP/1.1" 200 8120 "http://web2.cylex.de/reviews/viewcompanywebsite.aspx?firmaName=herbert-mink-gmbh&companyId=5251604" "Mozilla/5.0 (Macintosh; Intel Mac OS X 10_9_5) AppleWebKit/600.1.17 (KHTML, like Gecko) Version/7.1 Safari/537.85.10"
207.46.13.86 - - [01/Oct/2014:22:49:44 +0200] "GET /robots.txt HTTP/1.1" 200 177 "-" "Mozilla/5.0 (compatible; bingbot/2.0; +http://www.bing.com/bingbot.htm)"
207.46.13.86 - - [01/Oct/2014:22:49:54 +0200] "GET /foerdermittel.php HTTP/1.1" 200 5380 "-" "Mozilla/5.0 (compatible; bingbot/2.0; +http://www.bing.com/bingbot.htm)"
157.55.39.41 - - [01/Oct/2014:22:50:08 +0200] "GET /energiesparcheck.php HTTP/1.1" 200 5385 "-" "Mozilla/5.0 (compatible; bingbot/2.0; +http://www.bing.com/bingbot.htm)"
157.55.39.34 - - [01/Oct/2014:22:50:13 +0200] "GET /Heizoel.htm HTTP/1.1" 404 5342 "-" "Mozilla/5.0 (compatible; bingbot/2.0; +http://www.bing.com/bingbot.htm)"
157.55.39.93 - - [01/Oct/2014:22:50:31 +0200] "GET /edl.php HTTP/1.1" 200 5406 "-" "Mozilla/5.0 (compatible; bingbot/2.0; +http://www.bing.com/bingbot.htm)"
157.55.39.93 - - [01/Oct/2014:22:50:34 +0200] "GET /Heizoel-Berlin.htm HTTP/1.1" 404 5342 "-" "Mozilla/5.0 (compatible; bingbot/2.0; +http://www.bing.com/bingbot.htm)"
157.55.39.93 - - [01/Oct/2014:22:49:53 +0200] "GET /additive.php HTTP/1.1" 200 3812 "-" "Mozilla/5.0 (compatible; bingbot/2.0; +http://www.bing.com/bingbot.htm)"
207.46.13.86 - - [01/Oct/2014:22:49:57 +0200] "GET /diesel.php HTTP/1.1" 200 3812 "-" "Mozilla/5.0 (compatible; bingbot/2.0; +http://www.bing.com/bingbot.htm)"
141.8.147.12 - - [01/Oct/2014:23:26:29 +0200] "GET /robots.txt HTTP/1.1" 200 177 "-" "Mozilla/5.0 (compatible; YandexBot/3.0; +http://yandex.com/bots)"
100.43.85.3 - - [01/Oct/2014:23:26:31 +0200] "GET / HTTP/1.1" 200 4480 "-" "Mozilla/5.0 (compatible; YandexBot/3.0; +http://yandex.com/bots)"
199.21.99.200 - - [01/Oct/2014:23:29:04 +0200] "GET / HTTP/1.1" 200 4480 "-" "Mozilla/5.0 (compatible; YandexBot/3.0; +http://yandex.com/bots)"
100.43.91.13 - - [01/Oct/2014:23:31:49 +0200] "GET / HTTP/1.1" 200 4480 "-" "Mozilla/5.0 (compatible; YandexBot/3.0; +http://yandex.com/bots)"
134.249.49.191 - - [01/Oct/2014:23:33:13 +0200] "GET / HTTP/1.1" 200 1139 "http://homesp.ru/" "Opera/7.60 (Windows NT 5.2; U) [en] (IBM EVV/3.0/EAK01AG9/LE)"
134.249.49.191 - - [01/Oct/2014:23:33:14 +0200] "GET / HTTP/1.1" 200 2371 "http://homesp.ru/" "Opera/7.60 (Windows NT 5.2; U) [en] (IBM EVV/3.0/EAK01AG9/LE)"
134.249.49.191 - - [01/Oct/2014:23:33:14 +0200] "GET / HTTP/1.1" 200 2371 "http://homesp.ru/" "Opera/7.60 (Windows NT 5.2; U) [en] (IBM EVV/3.0/EAK01AG9/LE)"
100.43.91.14 - - [01/Oct/2014:23:34:49 +0200] "GET / HTTP/1.1" 200 4480 "-" "Mozilla/5.0 (compatible; YandexBot/3.0; +http://yandex.com/bots)"
37.58.100.176 - - [01/Oct/2014:23:48:32 +0200] "GET /news.php?cs_go=archiv&cs_id=5161&cs_search= HTTP/1.1" 200 5365 "-" "Mozilla/5.0 (compatible; AhrefsBot/5.0; +http://ahrefs.com/robot/)"
37.58.100.143 - - [01/Oct/2014:23:51:02 +0200] "GET /news.php?cs_go=archiv&cs_id=5199&cs_search= HTTP/1.1" 200 5365 "-" "Mozilla/5.0 (compatible; AhrefsBot/5.0; +http://ahrefs.com/robot/)"
37.58.100.73 - - [02/Oct/2014:00:31:30 +0200] "GET /news.php?cs_go=archiv&cs_id=5131&cs_search= HTTP/1.1" 200 5365 "-" "Mozilla/5.0 (compatible; AhrefsBot/5.0; +http://ahrefs.com/robot/)"
157.55.39.40 - - [02/Oct/2014:00:32:45 +0200] "GET / HTTP/1.1" 200 1139 "-" "Mozilla/5.0 (compatible; bingbot/2.0; +http://www.bing.com/bingbot.htm)"
193.150.120.14 - - [02/Oct/2014:00:37:46 +0200] "GET / HTTP/1.1" 200 1139 "http://voronezh.assix.ru/" "Mozilla/4.0 (compatible; MSIE 6.0; Windows NT 5.1; SV1; Media Center PC"
193.150.120.14 - - [02/Oct/2014:00:37:46 +0200] "GET / HTTP/1.1" 200 1139 "http://aviasystem.spb.ru/" "Mozilla/4.0 (compatible; MSIE 6.0; Windows NT 5.1; Maxthon; .NET CLR 1.1.4322)"
193.150.120.14 - - [02/Oct/2014:00:37:46 +0200] "GET / HTTP/1.1" 200 2371 "http://voronezh.assix.ru/" "Mozilla/4.0 (compatible; MSIE 6.0; Windows NT 5.1; SV1; Media Center PC"
193.150.120.14 - - [02/Oct/2014:00:37:46 +0200] "GET / HTTP/1.1" 200 2371 "http://aviasystem.spb.ru/" "Mozilla/4.0 (compatible; MSIE 6.0; Windows NT 5.1; Maxthon; .NET CLR 1.1.4322)"
193.150.120.14 - - [02/Oct/2014:00:37:47 +0200] "GET / HTTP/1.1" 200 2371 "http://aviasystem.spb.ru/" "Mozilla/4.0 (compatible; MSIE 6.0; Windows NT 5.1; Maxthon; .NET CLR 1.1.4322)"
193.150.120.14 - - [02/Oct/2014:00:37:47 +0200] "GET / HTTP/1.1" 200 2371 "http://voronezh.assix.ru/" "Mozilla/4.0 (compatible; MSIE 6.0; Windows NT 5.1; SV1; Media Center PC"
66.249.78.183 - - [02/Oct/2014:00:43:19 +0200] "GET /news.php?cs_go=archiv&cs_id=5126 HTTP/1.1" 200 5365 "-" "Mozilla/5.0 (compatible; Googlebot/2.1; +http://www.google.com/bot.html)"
46.229.164.101 - - [02/Oct/2014:00:41:32 +0200] "GET / HTTP/1.1" 200 8120 "-" "Mozilla/5.0 (compatible; SemrushBot/0.98~bl; +http://www.semrush.com/bot.html)"
66.249.64.104 - - [02/Oct/2014:00:55:19 +0200] "GET /news.php?cs_go=archiv&cs_id=5126 HTTP/1.1" 200 5365 "-" "Mozilla/5.0 (compatible; Googlebot/2.1; +http://www.google.com/bot.html)"
37.58.100.68 - - [02/Oct/2014:01:00:18 +0200] "GET /news.php?cs_go=archiv&cs_startpos=161 HTTP/1.1" 200 5365 "-" "Mozilla/5.0 (compatible; AhrefsBot/5.0; +http://ahrefs.com/robot/)"
78.47.15.198 - - [02/Oct/2014:01:07:46 +0200] "GET /robots.txt HTTP/1.1" 200 177 "-" "Mozilla/5.0 (compatible; uMBot-IC/1.0; mailto: crawling@ubermetrics-technologies.com)"
78.47.15.198 - - [02/Oct/2014:01:07:46 +0200] "GET /jobs.php HTTP/1.1" 200 4965 "-" "Mozilla/5.0 (compatible; uMBot-IC/1.0; mailto: crawling@ubermetrics-technologies.com)"
66.249.78.190 - - [02/Oct/2014:01:04:45 +0200] "GET /news.php?cs_go=archiv&cs_id=5126 HTTP/1.1" 200 5365 "-" "Mozilla/5.0 (compatible; Googlebot/2.1; +http://www.google.com/bot.html)"
46.229.164.99 - - [02/Oct/2014:01:03:23 +0200] "GET / HTTP/1.1" 200 8120 "-" "Mozilla/5.0 (compatible; SemrushBot/0.98~bl; +http://www.semrush.com/bot.html)"
37.58.100.147 - - [02/Oct/2014:01:11:50 +0200] "GET /news.php?cs_go=archiv&cs_id=5227&cs_search= HTTP/1.1" 200 5365 "-" "Mozilla/5.0 (compatible; AhrefsBot/5.0; +http://ahrefs.com/robot/)"
178.63.80.14 - - [02/Oct/2014:01:28:24 +0200] "GET /robots.txt HTTP/1.1" 200 177 "-" "Mozilla/5.0 (compatible; uMBot-IC/1.0; mailto: crawling@ubermetrics-technologies.com)"
178.63.80.14 - - [02/Oct/2014:01:28:24 +0200] "GET /robots.txt HTTP/1.1" 200 177 "-" "Mozilla/5.0 (compatible; uMBot-IC/1.0; mailto: crawling@ubermetrics-technologies.com)"
178.63.80.14 - - [02/Oct/2014:01:28:24 +0200] "GET /jobs.php HTTP/1.1" 200 4965 "-" "Mozilla/5.0 (compatible; uMBot-IC/1.0; mailto: crawling@ubermetrics-technologies.com)"
220.181.108.88 - - [02/Oct/2014:02:01:10 +0200] "GET / HTTP/1.1" 200 1139 "-" "Mozilla/5.0 (compatible; Baiduspider/2.0; +http://www.baidu.com/search/spider.html)"
123.125.71.32 - - [02/Oct/2014:02:01:26 +0200] "GET / HTTP/1.1" 200 2371 "-" "Mozilla/5.0 (compatible; Baiduspider/2.0; +http://www.baidu.com/search/spider.html)"
85.114.139.54 - - [02/Oct/2014:02:33:09 +0200] "GET /robots.txt HTTP/1.1" 200 177 "-" "Mozilla/5.0 (compatible; publiclibraryarchive.org/1.0; +crawl@publiclibraryarchive.org)"
85.114.139.54 - - [02/Oct/2014:02:33:11 +0200] "GET /rueckrufservice.php HTTP/1.1" 200 5378 "-" "Mozilla/5.0 (compatible; publiclibraryarchive.org/1.0; +crawl@publiclibraryarchive.org)"
46.118.159.178 - - [02/Oct/2014:03:38:57 +0200] "GET / HTTP/1.1" 200 1139 "http://www.buchta-xxx.com/" "Mozilla/4.0 (compatible; MSIE 6.0; Windows NT 5.1)"
46.118.159.178 - - [02/Oct/2014:03:38:57 +0200] "GET / HTTP/1.1" 200 1139 "http://zarenica.net/" "Mozilla/4.0 (compatible; MSIE 6.0; Windows NT 5.1)"
46.118.159.178 - - [02/Oct/2014:03:38:57 +0200] "GET / HTTP/1.1" 200 2371 "http://www.buchta-xxx.com/" "Mozilla/4.0 (compatible; MSIE 6.0; Windows NT 5.1)"
46.118.159.178 - - [02/Oct/2014:03:38:58 +0200] "GET / HTTP/1.1" 200 2371 "http://zarenica.net/" "Mozilla/4.0 (compatible; MSIE 6.0; Windows NT 5.1)"
46.118.159.178 - - [02/Oct/2014:03:38:58 +0200] "GET / HTTP/1.1" 200 2371 "http://www.buchta-xxx.com/" "Mozilla/4.0 (compatible; MSIE 6.0; Windows NT 5.1)"
46.118.159.178 - - [02/Oct/2014:03:38:58 +0200] "GET / HTTP/1.1" 200 2371 "http://zarenica.net/" "Mozilla/4.0 (compatible; MSIE 6.0; Windows NT 5.1)"
66.249.78.183 - - [02/Oct/2014:03:46:54 +0200] "GET /robots.txt HTTP/1.1" 200 177 "-" "Mozilla/5.0 (compatible; Googlebot/2.1; +http://www.google.com/bot.html)"
66.249.78.176 - - [02/Oct/2014:03:46:55 +0200] "GET /index.php HTTP/1.1" 200 4480 "-" "Mozilla/5.0 (compatible; Googlebot/2.1; +http://www.google.com/bot.html)"
134.249.49.191 - - [02/Oct/2014:03:47:29 +0200] "GET / HTTP/1.1" 200 2371 "http://glall.ru/" "Mozilla/4.0 (compatible; MSIE 6.0; Windows NT 5.1; Crazy Browser 1.0.5)"
134.249.49.191 - - [02/Oct/2014:03:47:29 +0200] "GET / HTTP/1.1" 200 2371 "http://glall.ru/" "Mozilla/4.0 (compatible; MSIE 6.0; Windows NT 5.1; Crazy Browser 1.0.5)"
134.249.49.191 - - [02/Oct/2014:03:47:29 +0200] "GET / HTTP/1.1" 200 1139 "http://glall.ru/" "Mozilla/4.0 (compatible; MSIE 6.0; Windows NT 5.1; Crazy Browser 1.0.5)"
66.249.78.183 - - [02/Oct/2014:03:55:55 +0200] "GET /index.php HTTP/1.1" 200 4480 "-" "Mozilla/5.0 (compatible; Googlebot/2.1; +http://www.google.com/bot.html)"
85.114.139.54 - - [02/Oct/2014:03:57:11 +0200] "GET /wunschpreis.php HTTP/1.1" 200 5005 "-" "Mozilla/5.0 (compatible; publiclibraryarchive.org/1.0; +crawl@publiclibraryarchive.org)"
178.255.215.64 - - [02/Oct/2014:04:10:21 +0200] "GET /robots.txt HTTP/1.1" 200 177 "-" "Mozilla/5.0 (compatible; Exabot/3.0; +http://www.exabot.com/go/robot)"
66.249.78.176 - - [02/Oct/2014:04:11:16 +0200] "GET /index.php HTTP/1.1" 200 4480 "-" "Mozilla/5.0 (compatible; Googlebot/2.1; +http://www.google.com/bot.html)"
178.255.215.64 - - [02/Oct/2014:04:10:21 +0200] "GET / HTTP/1.1" 200 8120 "-" "Mozilla/5.0 (compatible; Exabot/3.0; +http://www.exabot.com/go/robot)"
62.212.73.211 - - [02/Oct/2014:04:55:01 +0200] "GET /robots.txt HTTP/1.0" 200 177 "-" "Mozilla/5.0 (compatible; MJ12bot/v1.4.5; http://www.majestic12.co.uk/bot.php?+)"
62.212.73.211 - - [02/Oct/2014:04:55:02 +0200] "GET /news.php?cs_go=archiv&cs_id=2950 HTTP/1.0" 200 5365 "-" "Mozilla/5.0 (compatible; MJ12bot/v1.4.5; http://www.majestic12.co.uk/bot.php?+)"
62.212.73.211 - - [02/Oct/2014:04:55:43 +0200] "GET /news.php?cs_go=archiv&cs_id=3968 HTTP/1.0" 200 5365 "-" "Mozilla/5.0 (compatible; MJ12bot/v1.4.5; http://www.majestic12.co.uk/bot.php?+)"
85.114.139.54 - - [02/Oct/2014:05:21:40 +0200] "GET /optiplus.php HTTP/1.1" 404 5342 "-" "Mozilla/5.0 (compatible; publiclibraryarchive.org/1.0; +crawl@publiclibraryarchive.org)"
66.249.78.190 - - [02/Oct/2014:05:28:35 +0200] "GET /lexikon.php?cs_go=3&cs_id=136 HTTP/1.1" 200 5379 "-" "Mozilla/5.0 (compatible; Googlebot/2.1; +http://www.google.com/bot.html)"
46.118.159.178 - - [02/Oct/2014:05:40:12 +0200] "GET / HTTP/1.1" 200 2371 "http://www.bombla.org/" "Opera/7.11 (Windows NT 5.1; U) [en]"
46.118.159.178 - - [02/Oct/2014:05:40:12 +0200] "GET / HTTP/1.1" 200 1139 "http://www.bombla.org/" "Opera/7.11 (Windows NT 5.1; U) [en]"
46.118.159.178 - - [02/Oct/2014:05:40:13 +0200] "GET / HTTP/1.1" 200 1139 "http://www.bombla.org/" "Opera/7.11 (Windows NT 5.1; U) [en]"
66.249.78.176 - - [02/Oct/2014:05:47:16 +0200] "GET /news.php?cs_go=archiv&cs_id=3735&cs_search= HTTP/1.1" 200 5365 "-" "Mozilla/5.0 (iPhone; CPU iPhone OS 6_0 like Mac OS X) AppleWebKit/536.26 (KHTML, like Gecko) Version/6.0 Mobile/10A5376e Safari/8536.25 (compatible; Googlebot/2.1; +http://www.google.com/bot.html)"
66.249.78.183 - - [02/Oct/2014:05:59:16 +0200] "GET /news.php?cs_go=archiv&cs_id=3735&cs_search= HTTP/1.1" 200 5365 "-" "Mozilla/5.0 (iPhone; CPU iPhone OS 6_0 like Mac OS X) AppleWebKit/536.26 (KHTML, like Gecko) Version/6.0 Mobile/10A5376e Safari/8536.25 (compatible; Googlebot/2.1; +http://www.google.com/bot.html)"
208.115.111.75 - - [02/Oct/2014:06:11:31 +0200] "GET /robots.txt HTTP/1.1" 200 177 "-" "Mozilla/5.0 (compatible; DotBot/1.1; http://www.opensiteexplorer.org/dotbot, help@moz.com)"
66.249.67.64 - - [02/Oct/2014:06:09:50 +0200] "GET /news.php?cs_go=archiv&cs_id=3735&cs_search= HTTP/1.1" 200 5365 "-" "Mozilla/5.0 (iPhone; CPU iPhone OS 6_0 like Mac OS X) AppleWebKit/536.26 (KHTML, like Gecko) Version/6.0 Mobile/10A5376e Safari/8536.25 (compatible; Googlebot/2.1; +http://www.google.com/bot.html)"
66.249.78.190 - - [02/Oct/2014:06:39:52 +0200] "GET /preisanfrage.php HTTP/1.1" 200 5002 "-" "Mozilla/5.0 (iPhone; CPU iPhone OS 6_0 like Mac OS X) AppleWebKit/536.26 (KHTML, like Gecko) Version/6.0 Mobile/10A5376e Safari/8536.25 (compatible; Googlebot/2.1; +http://www.google.com/bot.html)"
66.249.78.190 - - [02/Oct/2014:06:48:52 +0200] "GET /preisanfrage.php HTTP/1.1" 200 5002 "-" "Mozilla/5.0 (iPhone; CPU iPhone OS 6_0 like Mac OS X) AppleWebKit/536.26 (KHTML, like Gecko) Version/6.0 Mobile/10A5376e Safari/8536.25 (compatible; Googlebot/2.1; +http://www.google.com/bot.html)"
220.181.108.117 - - [02/Oct/2014:06:50:48 +0200] "GET / HTTP/1.1" 200 2371 "-" "Mozilla/5.0 (compatible; Baiduspider/2.0; +http://www.baidu.com/search/spider.html)"
123.125.71.55 - - [02/Oct/2014:06:51:58 +0200] "GET / HTTP/1.1" 200 2371 "-" "Mozilla/5.0 (compatible; Baiduspider/2.0; +http://www.baidu.com/search/spider.html)"
