66.249.64.112 - - [07/Oct/2014:13:51:42 +0200] "GET /news.php?cs_go=archiv&cs_startpos=71 HTTP/1.1" 200 5365 "-" "Mozilla/5.0 (iPhone; CPU iPhone OS 6_0 like Mac OS X) AppleWebKit/536.26 (KHTML, like Gecko) Version/6.0 Mobile/10A5376e Safari/8536.25 (compatible; Googlebot/2.1; +http://www.google.com/bot.html)"
37.16.72.171 - - [07/Oct/2014:13:55:53 +0200] "GET /images/bg.png HTTP/1.1" 200 922 "http://www.mink-gmbh.de/style.css" "Mozilla/5.0 (X11; U; Linux x86_64; en-US; rv:1.9.1.16) Gecko/20121207 Iceweasel/3.5.16 (like Firefox/3.5.16)"
37.16.72.171 - - [07/Oct/2014:13:55:56 +0200] "GET /images/close.png HTTP/1.1" 200 703 "http://www.mink-gmbh.de/" "Mozilla/5.0 (X11; U; Linux x86_64; en-US; rv:1.9.1.16) Gecko/20121207 Iceweasel/3.5.16 (like Firefox/3.5.16)"
37.16.72.171 - - [07/Oct/2014:13:55:56 +0200] "GET /images/navibg.png HTTP/1.1" 200 2803 "http://www.mink-gmbh.de/style.css" "Mozilla/5.0 (X11; U; Linux x86_64; en-US; rv:1.9.1.16) Gecko/20121207 Iceweasel/3.5.16 (like Firefox/3.5.16)"
37.16.72.171 - - [07/Oct/2014:13:55:56 +0200] "GET /images/newsletter.png HTTP/1.1" 200 14619 "http://www.mink-gmbh.de/style.css" "Mozilla/5.0 (X11; U; Linux x86_64; en-US; rv:1.9.1.16) Gecko/20121207 Iceweasel/3.5.16 (like Firefox/3.5.16)"
37.16.72.171 - - [07/Oct/2014:13:55:56 +0200] "GET /images/newsletter_bg.jpg HTTP/1.1" 200 33610 "http://www.mink-gmbh.de/" "Mozilla/5.0 (X11; U; Linux x86_64; en-US; rv:1.9.1.16) Gecko/20121207 Iceweasel/3.5.16 (like Firefox/3.5.16)"
37.16.72.171 - - [07/Oct/2014:13:55:56 +0200] "GET /images/wrapperbg.jpg HTTP/1.1" 200 27465 "http://www.mink-gmbh.de/style.css" "Mozilla/5.0 (X11; U; Linux x86_64; en-US; rv:1.9.1.16) Gecko/20121207 Iceweasel/3.5.16 (like Firefox/3.5.16)"
37.16.72.171 - - [07/Oct/2014:13:55:56 +0200] "GET /images/header.jpg HTTP/1.1" 200 25189 "http://www.mink-gmbh.de/style.css" "Mozilla/5.0 (X11; U; Linux x86_64; en-US; rv:1.9.1.16) Gecko/20121207 Iceweasel/3.5.16 (like Firefox/3.5.16)"
37.16.72.171 - - [07/Oct/2014:13:52:44 +0200] "GET / HTTP/1.1" 200 8120 "-" "Mozilla/5.0 (X11; U; Linux x86_64; en-US; rv:1.9.1.16) Gecko/20121207 Iceweasel/3.5.16 (like Firefox/3.5.16)"
37.16.72.171 - - [07/Oct/2014:14:02:14 +0200] "GET /images/kwk.gif HTTP/1.1" 200 6403 "http://www.mink-gmbh.de/" "Mozilla/5.0 (X11; U; Linux x86_64; en-US; rv:1.9.1.16) Gecko/20121207 Iceweasel/3.5.16 (like Firefox/3.5.16)"
37.16.72.171 - - [07/Oct/2014:14:02:14 +0200] "GET /images/mail.jpg HTTP/1.1" 200 12099 "http://www.mink-gmbh.de/" "Mozilla/5.0 (X11; U; Linux x86_64; en-US; rv:1.9.1.16) Gecko/20121207 Iceweasel/3.5.16 (like Firefox/3.5.16)"
37.16.72.171 - - [07/Oct/2014:14:02:14 +0200] "GET /images/freecall.jpg HTTP/1.1" 200 39195 "http://www.mink-gmbh.de/" "Mozilla/5.0 (X11; U; Linux x86_64; en-US; rv:1.9.1.16) Gecko/20121207 Iceweasel/3.5.16 (like Firefox/3.5.16)"
37.16.72.171 - - [07/Oct/2014:14:02:14 +0200] "GET /images/wunschpreis.jpg HTTP/1.1" 200 16767 "http://www.mink-gmbh.de/" "Mozilla/5.0 (X11; U; Linux x86_64; en-US; rv:1.9.1.16) Gecko/20121207 Iceweasel/3.5.16 (like Firefox/3.5.16)"
37.16.72.171 - - [07/Oct/2014:14:02:14 +0200] "GET /images/team-energie.png HTTP/1.1" 200 17383 "http://www.mink-gmbh.de/" "Mozilla/5.0 (X11; U; Linux x86_64; en-US; rv:1.9.1.16) Gecko/20121207 Iceweasel/3.5.16 (like Firefox/3.5.16)"
37.16.72.171 - - [07/Oct/2014:14:02:14 +0200] "GET /images/mobil.jpg HTTP/1.1" 200 25293 "http://www.mink-gmbh.de/style.css" "Mozilla/5.0 (X11; U; Linux x86_64; en-US; rv:1.9.1.16) Gecko/20121207 Iceweasel/3.5.16 (like Firefox/3.5.16)"
37.16.72.171 - - [07/Oct/2014:14:02:14 +0200] "GET /images/newsletter.jpg HTTP/1.1" 200 13130 "http://www.mink-gmbh.de/style.css" "Mozilla/5.0 (X11; U; Linux x86_64; en-US; rv:1.9.1.16) Gecko/20121207 Iceweasel/3.5.16 (like Firefox/3.5.16)"
37.16.72.171 - - [07/Oct/2014:14:02:14 +0200] "GET /images/tkw.jpg HTTP/1.1" 200 64031 "http://www.mink-gmbh.de/" "Mozilla/5.0 (X11; U; Linux x86_64; en-US; rv:1.9.1.16) Gecko/20121207 Iceweasel/3.5.16 (like Firefox/3.5.16)"
37.16.72.171 - - [07/Oct/2014:14:02:14 +0200] "GET /images/footerbg.jpg HTTP/1.1" 200 2184 "http://www.mink-gmbh.de/style.css" "Mozilla/5.0 (X11; U; Linux x86_64; en-US; rv:1.9.1.16) Gecko/20121207 Iceweasel/3.5.16 (like Firefox/3.5.16)"
37.16.72.171 - - [07/Oct/2014:14:02:14 +0200] "GET /images/logos.jpg?cache4112 HTTP/1.1" 200 35043 "http://www.mink-gmbh.de/" "Mozilla/5.0 (X11; U; Linux x86_64; en-US; rv:1.9.1.16) Gecko/20121207 Iceweasel/3.5.16 (like Firefox/3.5.16)"
66.249.78.190 - - [07/Oct/2014:14:03:46 +0200] "GET /news.php?cs_go=archiv&cs_startpos=91 HTTP/1.1" 200 5365 "-" "Mozilla/5.0 (iPhone; CPU iPhone OS 6_0 like Mac OS X) AppleWebKit/536.26 (KHTML, like Gecko) Version/6.0 Mobile/10A5376e Safari/8536.25 (compatible; Googlebot/2.1; +http://www.google.com/bot.html)"
87.142.109.151 - - [07/Oct/2014:14:10:16 +0200] "GET /jobs.php HTTP/1.1" 200 4965 "-" "Mozilla/5.0 (Windows NT 6.1; Win64; x64; rv:22.0) Gecko/20130328 Firefox/22.0"
66.249.64.104 - - [07/Oct/2014:14:09:46 +0200] "GET /news.php?cs_go=archiv&cs_startpos=71 HTTP/1.1" 200 5365 "-" "Mozilla/5.0 (iPhone; CPU iPhone OS 6_0 like Mac OS X) AppleWebKit/536.26 (KHTML, like Gecko) Version/6.0 Mobile/10A5376e Safari/8536.25 (compatible; Googlebot/2.1; +http://www.google.com/bot.html)"
66.249.78.190 - - [07/Oct/2014:14:27:49 +0200] "GET /news.php?cs_go=archiv&cs_startpos=71 HTTP/1.1" 200 5365 "-" "Mozilla/5.0 (iPhone; CPU iPhone OS 6_0 like Mac OS X) AppleWebKit/536.26 (KHTML, like Gecko) Version/6.0 Mobile/10A5376e Safari/8536.25 (compatible; Googlebot/2.1; +http://www.google.com/bot.html)"
87.142.109.151 - - [07/Oct/2014:14:35:57 +0200] "GET /jobs.php HTTP/1.1" 200 4965 "-" "Mozilla/5.0 (Windows NT 6.1; Win64; x64; rv:22.0) Gecko/20130328 Firefox/22.0"
66.249.78.176 - - [07/Oct/2014:14:33:49 +0200] "GET /news.php?cs_go=archiv&cs_id=5129 HTTP/1.1" 200 5365 "-" "Mozilla/5.0 (iPhone; CPU iPhone OS 6_0 like Mac OS X) AppleWebKit/536.26 (KHTML, like Gecko) Version/6.0 Mobile/10A5376e Safari/8536.25 (compatible; Googlebot/2.1; +http://www.google.com/bot.html)"
66.249.78.190 - - [07/Oct/2014:14:39:49 +0200] "GET /news.php?cs_go=archiv&cs_id=3753&cs_search= HTTP/1.1" 200 5365 "-" "Mozilla/5.0 (iPhone; CPU iPhone OS 6_0 like Mac OS X) AppleWebKit/536.26 (KHTML, like Gecko) Version/6.0 Mobile/10A5376e Safari/8536.25 (compatible; Googlebot/2.1; +http://www.google.com/bot.html)"
66.249.78.190 - - [07/Oct/2014:14:45:49 +0200] "GET /news.php?cs_go=archiv&cs_id=5129 HTTP/1.1" 200 5365 "-" "Mozilla/5.0 (iPhone; CPU iPhone OS 6_0 like Mac OS X) AppleWebKit/536.26 (KHTML, like Gecko) Version/6.0 Mobile/10A5376e Safari/8536.25 (compatible; Googlebot/2.1; +http://www.google.com/bot.html)"
66.249.64.104 - - [07/Oct/2014:14:51:49 +0200] "GET /news.php?cs_go=archiv&cs_id=3753&cs_search= HTTP/1.1" 200 5365 "-" "Mozilla/5.0 (iPhone; CPU iPhone OS 6_0 like Mac OS X) AppleWebKit/536.26 (KHTML, like Gecko) Version/6.0 Mobile/10A5376e Safari/8536.25 (compatible; Googlebot/2.1; +http://www.google.com/bot.html)"
66.249.78.183 - - [07/Oct/2014:14:57:49 +0200] "GET /news.php?cs_go=archiv&cs_id=5129 HTTP/1.1" 200 5365 "-" "Mozilla/5.0 (iPhone; CPU iPhone OS 6_0 like Mac OS X) AppleWebKit/536.26 (KHTML, like Gecko) Version/6.0 Mobile/10A5376e Safari/8536.25 (compatible; Googlebot/2.1; +http://www.google.com/bot.html)"
66.249.78.190 - - [07/Oct/2014:15:09:50 +0200] "GET /news.php?cs_go=archiv&cs_id=3753&cs_search= HTTP/1.1" 200 5365 "-" "Mozilla/5.0 (iPhone; CPU iPhone OS 6_0 like Mac OS X) AppleWebKit/536.26 (KHTML, like Gecko) Version/6.0 Mobile/10A5376e Safari/8536.25 (compatible; Googlebot/2.1; +http://www.google.com/bot.html)"
157.55.39.136 - - [07/Oct/2014:15:19:55 +0200] "GET /foerdermittel.php HTTP/1.1" 200 5380 "-" "Mozilla/5.0 (compatible; bingbot/2.0; +http://www.bing.com/bingbot.htm)"
66.249.64.104 - - [07/Oct/2014:15:58:01 +0200] "GET / HTTP/1.1" 200 4480 "-" "DoCoMo/2.0 N905i(c100;TB;W24H16) (compatible; Googlebot-Mobile/2.1; +http://www.google.com/bot.html)"
66.249.64.108 - - [07/Oct/2014:16:07:01 +0200] "GET / HTTP/1.1" 200 4480 "-" "DoCoMo/2.0 N905i(c100;TB;W24H16) (compatible; Googlebot-Mobile/2.1; +http://www.google.com/bot.html)"
66.249.64.108 - - [07/Oct/2014:16:16:01 +0200] "GET / HTTP/1.1" 200 4480 "-" "DoCoMo/2.0 N905i(c100;TB;W24H16) (compatible; Googlebot-Mobile/2.1; +http://www.google.com/bot.html)"
37.58.100.94 - - [07/Oct/2014:16:33:29 +0200] "GET /news.php?cs_go=archiv&cs_id=5191&cs_search= HTTP/1.1" 200 5365 "-" "Mozilla/5.0 (compatible; AhrefsBot/5.0; +http://ahrefs.com/robot/)"
37.58.100.231 - - [07/Oct/2014:16:48:43 +0200] "GET /robots.txt HTTP/1.1" 200 177 "-" "Mozilla/5.0 (compatible; AhrefsBot/5.0; +http://ahrefs.com/robot/)"
37.58.100.90 - - [07/Oct/2014:16:57:55 +0200] "GET /news.php?cs_go=archiv&cs_id=5209&cs_search= HTTP/1.1" 200 5365 "-" "Mozilla/5.0 (compatible; AhrefsBot/5.0; +http://ahrefs.com/robot/)"
66.249.78.190 - - [07/Oct/2014:17:10:53 +0200] "GET /preisanfrage.php HTTP/1.1" 200 5002 "-" "SAMSUNG-SGH-E250/1.0 Profile/MIDP-2.0 Configuration/CLDC-1.1 UP.Browser/6.2.3.3.c.1.101 (GUI) MMP/2.0 (compatible; Googlebot-Mobile/2.1; +http://www.google.com/bot.html)"
66.249.78.176 - - [07/Oct/2014:17:19:53 +0200] "GET /preisanfrage.php HTTP/1.1" 200 5002 "-" "SAMSUNG-SGH-E250/1.0 Profile/MIDP-2.0 Configuration/CLDC-1.1 UP.Browser/6.2.3.3.c.1.101 (GUI) MMP/2.0 (compatible; Googlebot-Mobile/2.1; +http://www.google.com/bot.html)"
66.249.78.190 - - [07/Oct/2014:17:28:54 +0200] "GET /preisanfrage.php HTTP/1.1" 200 5002 "-" "SAMSUNG-SGH-E250/1.0 Profile/MIDP-2.0 Configuration/CLDC-1.1 UP.Browser/6.2.3.3.c.1.101 (GUI) MMP/2.0 (compatible; Googlebot-Mobile/2.1; +http://www.google.com/bot.html)"
37.58.100.187 - - [07/Oct/2014:17:31:25 +0200] "GET /news.php?cs_go=archiv&cs_id=5381&cs_search= HTTP/1.1" 200 5365 "-" "Mozilla/5.0 (compatible; AhrefsBot/5.0; +http://ahrefs.com/robot/)"
66.249.78.183 - - [07/Oct/2014:17:44:22 +0200] "GET /news.php?cs_go=archiv&cs_startpos=151 HTTP/1.1" 200 5365 "-" "Mozilla/5.0 (compatible; Googlebot/2.1; +http://www.google.com/bot.html)"
85.25.202.18 - - [07/Oct/2014:17:51:33 +0200] "GET / HTTP/1.0" 200 4606 "-" "-"
84.38.65.176 - - [07/Oct/2014:17:49:33 +0200] "GET / HTTP/1.1" 200 8120 "http://www.sumaja.de/" "Mozilla/5.0 (Windows; U; Windows NT 6.0; en-US) AppleWebKit/533.4 (KHTML, like Gecko) Chrome/5.0.375.126 Safari/533.4"
85.25.202.18 - - [07/Oct/2014:17:49:33 +0200] "GET / HTTP/1.0" 200 8120 "-" "-"
37.58.100.78 - - [07/Oct/2014:18:04:41 +0200] "GET /news.php?cs_go=archiv&cs_id=5326&cs_search= HTTP/1.1" 200 5365 "-" "Mozilla/5.0 (compatible; AhrefsBot/5.0; +http://ahrefs.com/robot/)"
157.55.39.41 - - [07/Oct/2014:18:15:42 +0200] "GET / HTTP/1.1" 200 2371 "-" "Mozilla/5.0 (compatible; bingbot/2.0; +http://www.bing.com/bingbot.htm)"
65.36.241.79 - - [07/Oct/2014:18:22:14 +0200] "HEAD / HTTP/1.1" 200 - "-" "InternetSeer.com"
37.58.100.187 - - [07/Oct/2014:18:38:30 +0200] "GET /news.php?cs_go=archiv&cs_startpos=100 HTTP/1.1" 200 5365 "-" "Mozilla/5.0 (compatible; AhrefsBot/5.0; +http://ahrefs.com/robot/)"
78.47.15.198 - - [07/Oct/2014:19:11:14 +0200] "GET /robots.txt HTTP/1.1" 200 177 "-" "Mozilla/5.0 (compatible; uMBot-IC/1.0; mailto: crawling@ubermetrics-technologies.com)"
78.47.15.198 - - [07/Oct/2014:19:11:14 +0200] "GET /jobs.php HTTP/1.1" 200 4965 "-" "Mozilla/5.0 (compatible; uMBot-IC/1.0; mailto: crawling@ubermetrics-technologies.com)"
37.58.100.227 - - [07/Oct/2014:19:12:35 +0200] "GET /news.php?cs_go=archiv&cs_id=5196&cs_search= HTTP/1.1" 200 5365 "-" "Mozilla/5.0 (compatible; AhrefsBot/5.0; +http://ahrefs.com/robot/)"
192.99.149.88 - - [07/Oct/2014:19:27:58 +0200] "GET / HTTP/1.1" 200 4480 "-" "Mozilla/5.0 (Windows NT 6.1; WOW64; Trident/7.0; rv:11.0) like Gecko"
178.63.80.14 - - [07/Oct/2014:19:36:55 +0200] "GET /robots.txt HTTP/1.1" 200 177 "-" "Mozilla/5.0 (compatible; uMBot-IC/1.0; mailto: crawling@ubermetrics-technologies.com)"
178.63.80.14 - - [07/Oct/2014:19:36:55 +0200] "GET /jobs.php HTTP/1.1" 200 4965 "-" "Mozilla/5.0 (compatible; uMBot-IC/1.0; mailto: crawling@ubermetrics-technologies.com)"
66.249.78.190 - - [07/Oct/2014:19:53:24 +0200] "GET /news.php?cs_go=archiv&cs_startpos=151 HTTP/1.1" 200 5365 "-" "Mozilla/5.0 (compatible; Googlebot/2.1; +http://www.google.com/bot.html)"
37.58.100.227 - - [07/Oct/2014:20:01:41 +0200] "GET /news.php?cs_go=archiv&cs_startpos=170 HTTP/1.1" 200 5365 "-" "Mozilla/5.0 (compatible; AhrefsBot/5.0; +http://ahrefs.com/robot/)"
208.115.113.91 - - [07/Oct/2014:20:22:48 +0200] "GET /robots.txt HTTP/1.1" 200 177 "-" "Mozilla/5.0 (compatible; DotBot/1.1; http://www.opensiteexplorer.org/dotbot, help@moz.com)"
37.58.100.78 - - [07/Oct/2014:20:37:33 +0200] "GET /news.php?cs_go=archiv&cs_id=5180&cs_search= HTTP/1.1" 200 5365 "-" "Mozilla/5.0 (compatible; AhrefsBot/5.0; +http://ahrefs.com/robot/)"
37.58.100.158 - - [07/Oct/2014:21:39:55 +0200] "GET /news.php?cs_go=archiv&cs_id=5330&cs_search= HTTP/1.1" 200 5365 "-" "Mozilla/5.0 (compatible; AhrefsBot/5.0; +http://ahrefs.com/robot/)"
37.58.100.94 - - [07/Oct/2014:21:50:02 +0200] "GET /news.php?cs_go=archiv&cs_startpos=190 HTTP/1.1" 200 5365 "-" "Mozilla/5.0 (compatible; AhrefsBot/5.0; +http://ahrefs.com/robot/)"
66.249.64.104 - - [07/Oct/2014:21:54:18 +0200] "GET / HTTP/1.1" 200 4480 "-" "DoCoMo/2.0 N905i(c100;TB;W24H16) (compatible; Googlebot-Mobile/2.1; +http://www.google.com/bot.html)"
66.249.64.112 - - [07/Oct/2014:22:04:15 +0200] "GET / HTTP/1.1" 200 2775 "-" "DoCoMo/2.0 N905i(c100;TB;W24H16) (compatible; Googlebot-Mobile/2.1; +http://www.google.com/bot.html)"
66.249.64.108 - - [07/Oct/2014:22:10:44 +0200] "GET / HTTP/1.1" 200 4480 "-" "DoCoMo/2.0 N905i(c100;TB;W24H16) (compatible; Googlebot-Mobile/2.1; +http://www.google.com/bot.html)"
208.115.113.91 - - [07/Oct/2014:23:36:26 +0200] "GET /news.php?cs_go=archiv&cs_id=5100&cs_search= HTTP/1.1" 200 5365 "-" "Mozilla/5.0 (compatible; DotBot/1.1; http://www.opensiteexplorer.org/dotbot, help@moz.com)"
208.115.113.91 - - [07/Oct/2014:23:37:26 +0200] "GET /wunschpreis.php HTTP/1.1" 200 5005 "-" "Mozilla/5.0 (compatible; DotBot/1.1; http://www.opensiteexplorer.org/dotbot, help@moz.com)"
37.58.100.78 - - [07/Oct/2014:23:59:14 +0200] "GET /news.php?cs_go=archiv&cs_id=5310&cs_search= HTTP/1.1" 200 5365 "-" "Mozilla/5.0 (compatible; AhrefsBot/5.0; +http://ahrefs.com/robot/)"
17.225.5.181 - - [08/Oct/2014:00:31:07 +0200] "GET /modul.css HTTP/1.1" 200 35038 "http://www.mink-gmbh.de/" "Mozilla/5.0 (Macintosh; Intel Mac OS X 10_9_2) AppleWebKit/537.75.14 (KHTML, like Gecko) Version/7.0.3 Safari/537.75.14"
17.225.5.181 - - [08/Oct/2014:00:31:07 +0200] "GET /style.css HTTP/1.1" 200 8402 "http://www.mink-gmbh.de/" "Mozilla/5.0 (Macintosh; Intel Mac OS X 10_9_2) AppleWebKit/537.75.14 (KHTML, like Gecko) Version/7.0.3 Safari/537.75.14"
17.225.5.181 - - [08/Oct/2014:00:31:07 +0200] "GET / HTTP/1.1" 200 8120 "-" "Mozilla/5.0 (Macintosh; Intel Mac OS X 10_9_2) AppleWebKit/537.75.14 (KHTML, like Gecko) Version/7.0.3 Safari/537.75.14"
17.225.5.181 - - [08/Oct/2014:00:31:48 +0200] "GET / HTTP/1.1" 404 - "-" "Mozilla/5.0 (Macintosh; Intel Mac OS X 10_9_2) AppleWebKit/537.75.14 (KHTML, like Gecko) Version/7.0.3 Safari/537.75.14"
17.225.5.181 - - [08/Oct/2014:00:31:53 +0200] "GET / HTTP/1.1" 200 8035 "-" "Mozilla/5.0 (Macintosh; Intel Mac OS X 10_9_2) AppleWebKit/537.75.14 (KHTML, like Gecko) Version/7.0.3 Safari/537.75.14"
66.249.78.190 - - [08/Oct/2014:00:49:50 +0200] "GET /preisanfrage.php HTTP/1.1" 200 5002 "-" "SAMSUNG-SGH-E250/1.0 Profile/MIDP-2.0 Configuration/CLDC-1.1 UP.Browser/6.2.3.3.c.1.101 (GUI) MMP/2.0 (compatible; Googlebot-Mobile/2.1; +http://www.google.com/bot.html)"
37.58.100.131 - - [08/Oct/2014:01:00:49 +0200] "GET /news.php?cs_go=archiv&cs_id=5353&cs_search= HTTP/1.1" 200 5365 "-" "Mozilla/5.0 (compatible; AhrefsBot/5.0; +http://ahrefs.com/robot/)"
208.115.111.75 - - [08/Oct/2014:01:07:31 +0200] "GET /robots.txt HTTP/1.1" 200 177 "-" "Mozilla/5.0 (compatible; DotBot/1.1; http://www.opensiteexplorer.org/dotbot, help@moz.com)"
78.47.15.198 - - [08/Oct/2014:01:11:28 +0200] "GET /robots.txt HTTP/1.1" 200 177 "-" "Mozilla/5.0 (compatible; uMBot-IC/1.0; mailto: crawling@ubermetrics-technologies.com)"
78.47.15.198 - - [08/Oct/2014:01:11:28 +0200] "GET /jobs.php HTTP/1.1" 200 4965 "-" "Mozilla/5.0 (compatible; uMBot-IC/1.0; mailto: crawling@ubermetrics-technologies.com)"
66.249.78.190 - - [08/Oct/2014:01:14:07 +0200] "GET /preisanfrage.php HTTP/1.1" 200 5002 "-" "SAMSUNG-SGH-E250/1.0 Profile/MIDP-2.0 Configuration/CLDC-1.1 UP.Browser/6.2.3.3.c.1.101 (GUI) MMP/2.0 (compatible; Googlebot-Mobile/2.1; +http://www.google.com/bot.html)"
66.249.78.183 - - [08/Oct/2014:01:29:41 +0200] "GET /preisanfrage.php HTTP/1.1" 200 5002 "-" "SAMSUNG-SGH-E250/1.0 Profile/MIDP-2.0 Configuration/CLDC-1.1 UP.Browser/6.2.3.3.c.1.101 (GUI) MMP/2.0 (compatible; Googlebot-Mobile/2.1; +http://www.google.com/bot.html)"
178.63.80.14 - - [08/Oct/2014:01:37:12 +0200] "GET /robots.txt HTTP/1.1" 200 177 "-" "Mozilla/5.0 (compatible; uMBot-IC/1.0; mailto: crawling@ubermetrics-technologies.com)"
178.63.80.14 - - [08/Oct/2014:01:37:12 +0200] "GET /jobs.php HTTP/1.1" 200 4965 "-" "Mozilla/5.0 (compatible; uMBot-IC/1.0; mailto: crawling@ubermetrics-technologies.com)"
37.58.100.158 - - [08/Oct/2014:03:41:35 +0200] "GET /news.php?cs_go=archiv HTTP/1.1" 200 5365 "-" "Mozilla/5.0 (compatible; AhrefsBot/5.0; +http://ahrefs.com/robot/)"
66.249.78.183 - - [08/Oct/2014:04:01:45 +0200] "GET /js_contentserver24_greybox/AJS.js HTTP/1.1" 200 10396 "-" "Mozilla/5.0 (compatible; Googlebot/2.1; +http://www.google.com/bot.html)"
66.249.78.183 - - [08/Oct/2014:04:01:45 +0200] "GET /js_contentserver24_greybox/AJS_fx.js HTTP/1.1" 200 3192 "-" "Mozilla/5.0 (compatible; Googlebot/2.1; +http://www.google.com/bot.html)"
66.249.78.176 - - [08/Oct/2014:04:04:59 +0200] "GET /news.php?cs_go=archiv&cs_id=3735&cs_search= HTTP/1.1" 200 5365 "-" "Mozilla/5.0 (iPhone; CPU iPhone OS 6_0 like Mac OS X) AppleWebKit/536.26 (KHTML, like Gecko) Version/6.0 Mobile/10A5376e Safari/8536.25 (compatible; Googlebot/2.1; +http://www.google.com/bot.html)"
66.249.78.190 - - [08/Oct/2014:04:11:41 +0200] "GET /news.php?cs_go=archiv&cs_id=3735&cs_search= HTTP/1.1" 200 5365 "-" "Mozilla/5.0 (iPhone; CPU iPhone OS 6_0 like Mac OS X) AppleWebKit/536.26 (KHTML, like Gecko) Version/6.0 Mobile/10A5376e Safari/8536.25 (compatible; Googlebot/2.1; +http://www.google.com/bot.html)"
65.36.241.79 - - [08/Oct/2014:04:19:53 +0200] "HEAD / HTTP/1.1" 200 - "-" "InternetSeer.com"
66.249.78.190 - - [08/Oct/2014:04:20:42 +0200] "GET /news.php?cs_go=archiv&cs_id=3735&cs_search= HTTP/1.1" 200 5365 "-" "Mozilla/5.0 (iPhone; CPU iPhone OS 6_0 like Mac OS X) AppleWebKit/536.26 (KHTML, like Gecko) Version/6.0 Mobile/10A5376e Safari/8536.25 (compatible; Googlebot/2.1; +http://www.google.com/bot.html)"
66.249.78.176 - - [08/Oct/2014:05:18:42 +0200] "GET /news.php?cs_go=archiv&cs_id=3378&cs_search= HTTP/1.1" 200 5365 "-" "Mozilla/5.0 (iPhone; CPU iPhone OS 6_0 like Mac OS X) AppleWebKit/536.26 (KHTML, like Gecko) Version/6.0 Mobile/10A5376e Safari/8536.25 (compatible; Googlebot/2.1; +http://www.google.com/bot.html)"
37.58.100.82 - - [08/Oct/2014:05:19:48 +0200] "GET /news.php?cs_go=archiv&cs_id=5115&cs_search= HTTP/1.1" 200 5365 "-" "Mozilla/5.0 (compatible; AhrefsBot/5.0; +http://ahrefs.com/robot/)"
66.249.78.190 - - [08/Oct/2014:05:27:42 +0200] "GET /news.php?cs_go=archiv&cs_id=3378&cs_search= HTTP/1.1" 200 5365 "-" "Mozilla/5.0 (iPhone; CPU iPhone OS 6_0 like Mac OS X) AppleWebKit/536.26 (KHTML, like Gecko) Version/6.0 Mobile/10A5376e Safari/8536.25 (compatible; Googlebot/2.1; +http://www.google.com/bot.html)"
66.249.64.104 - - [08/Oct/2014:05:36:42 +0200] "GET /news.php?cs_go=archiv&cs_id=3378&cs_search= HTTP/1.1" 200 5365 "-" "Mozilla/5.0 (iPhone; CPU iPhone OS 6_0 like Mac OS X) AppleWebKit/536.26 (KHTML, like Gecko) Version/6.0 Mobile/10A5376e Safari/8536.25 (compatible; Googlebot/2.1; +http://www.google.com/bot.html)"
66.249.78.176 - - [08/Oct/2014:06:33:27 +0200] "GET /news.php?cs_go=archiv&cs_id=4514&cs_search= HTTP/1.1" 200 5365 "-" "Mozilla/5.0 (iPhone; CPU iPhone OS 6_0 like Mac OS X) AppleWebKit/536.26 (KHTML, like Gecko) Version/6.0 Mobile/10A5376e Safari/8536.25 (compatible; Googlebot/2.1; +http://www.google.com/bot.html)"
66.249.78.176 - - [08/Oct/2014:06:42:28 +0200] "GET /news.php?cs_go=archiv&cs_id=4514&cs_search= HTTP/1.1" 200 5365 "-" "Mozilla/5.0 (iPhone; CPU iPhone OS 6_0 like Mac OS X) AppleWebKit/536.26 (KHTML, like Gecko) Version/6.0 Mobile/10A5376e Safari/8536.25 (compatible; Googlebot/2.1; +http://www.google.com/bot.html)"
66.249.78.176 - - [08/Oct/2014:06:48:45 +0200] "GET /news.php?cs_go=archiv&cs_id=4514&cs_search= HTTP/1.1" 200 5365 "-" "Mozilla/5.0 (iPhone; CPU iPhone OS 6_0 like Mac OS X) AppleWebKit/536.26 (KHTML, like Gecko) Version/6.0 Mobile/10A5376e Safari/8536.25 (compatible; Googlebot/2.1; +http://www.google.com/bot.html)"
37.58.100.187 - - [08/Oct/2014:06:48:48 +0200] "GET /news.php?cs_go=archiv&cs_id=5225&cs_search= HTTP/1.1" 200 5365 "-" "Mozilla/5.0 (compatible; AhrefsBot/5.0; +http://ahrefs.com/robot/)"
37.58.100.187 - - [08/Oct/2014:07:07:18 +0200] "GET /news.php?cs_go=archiv&cs_id=5364&cs_search= HTTP/1.1" 200 5365 "-" "Mozilla/5.0 (compatible; AhrefsBot/5.0; +http://ahrefs.com/robot/)"
78.47.15.198 - - [08/Oct/2014:07:11:42 +0200] "GET /robots.txt HTTP/1.1" 200 177 "-" "Mozilla/5.0 (compatible; uMBot-IC/1.0; mailto: crawling@ubermetrics-technologies.com)"
78.47.15.198 - - [08/Oct/2014:07:11:42 +0200] "GET /jobs.php HTTP/1.1" 200 4965 "-" "Mozilla/5.0 (compatible; uMBot-IC/1.0; mailto: crawling@ubermetrics-technologies.com)"
178.63.80.14 - - [08/Oct/2014:07:37:27 +0200] "GET /robots.txt HTTP/1.1" 200 177 "-" "Mozilla/5.0 (compatible; uMBot-IC/1.0; mailto: crawling@ubermetrics-technologies.com)"
178.63.80.14 - - [08/Oct/2014:07:37:27 +0200] "GET /jobs.php HTTP/1.1" 200 4965 "-" "Mozilla/5.0 (compatible; uMBot-IC/1.0; mailto: crawling@ubermetrics-technologies.com)"
178.63.49.82 - - [08/Oct/2014:08:09:18 +0200] "GET /robots.txt HTTP/1.0" 200 177 "-" "Mozilla/5.0 (compatible; MJ12bot/v1.4.5; http://www.majestic12.co.uk/bot.php?+)"
178.63.49.82 - - [08/Oct/2014:08:09:21 +0200] "GET /news.php?cs_go=archiv&cs_id=4266 HTTP/1.0" 200 5365 "-" "Mozilla/5.0 (compatible; MJ12bot/v1.4.5; http://www.majestic12.co.uk/bot.php?+)"
178.63.49.82 - - [08/Oct/2014:08:10:05 +0200] "GET /news.php?cs_go=archiv&cs_id=4268 HTTP/1.0" 200 5365 "-" "Mozilla/5.0 (compatible; MJ12bot/v1.4.5; http://www.majestic12.co.uk/bot.php?+)"
178.63.49.82 - - [08/Oct/2014:08:10:46 +0200] "GET /news.php?cs_go=archiv&cs_id=4278 HTTP/1.0" 200 5365 "-" "Mozilla/5.0 (compatible; MJ12bot/v1.4.5; http://www.majestic12.co.uk/bot.php?+)"
178.63.49.82 - - [08/Oct/2014:08:11:28 +0200] "GET /news.php?cs_go=archiv&cs_id=4280 HTTP/1.0" 200 5365 "-" "Mozilla/5.0 (compatible; MJ12bot/v1.4.5; http://www.majestic12.co.uk/bot.php?+)"
178.63.49.82 - - [08/Oct/2014:08:12:11 +0200] "GET /news.php?cs_go=archiv&cs_id=4497 HTTP/1.0" 200 5365 "-" "Mozilla/5.0 (compatible; MJ12bot/v1.4.5; http://www.majestic12.co.uk/bot.php?+)"
178.63.49.82 - - [08/Oct/2014:08:12:53 +0200] "GET /news.php?cs_go=archiv&cs_id=4499 HTTP/1.0" 200 5365 "-" "Mozilla/5.0 (compatible; MJ12bot/v1.4.5; http://www.majestic12.co.uk/bot.php?+)"
178.63.49.82 - - [08/Oct/2014:08:13:35 +0200] "GET /news.php?cs_go=archiv&cs_id=4504 HTTP/1.0" 200 5365 "-" "Mozilla/5.0 (compatible; MJ12bot/v1.4.5; http://www.majestic12.co.uk/bot.php?+)"
178.63.49.82 - - [08/Oct/2014:08:14:17 +0200] "GET /news.php?cs_go=archiv&cs_id=4505 HTTP/1.0" 200 5365 "-" "Mozilla/5.0 (compatible; MJ12bot/v1.4.5; http://www.majestic12.co.uk/bot.php?+)"
178.63.49.82 - - [08/Oct/2014:08:15:03 +0200] "GET /news.php?cs_go=archiv&cs_id=4506 HTTP/1.0" 200 5365 "-" "Mozilla/5.0 (compatible; MJ12bot/v1.4.5; http://www.majestic12.co.uk/bot.php?+)"
178.63.49.82 - - [08/Oct/2014:08:15:45 +0200] "GET /news.php?cs_go=archiv&cs_id=4511 HTTP/1.0" 200 5365 "-" "Mozilla/5.0 (compatible; MJ12bot/v1.4.5; http://www.majestic12.co.uk/bot.php?+)"
144.76.163.48 - - [08/Oct/2014:08:30:54 +0200] "GET /impressum.php HTTP/1.1" 200 6306 "-" "Mozilla/5.0 (Windows NT 5.1; rv:12.0) Gecko/20120403211507 Firefox/12.0"
178.255.215.64 - - [08/Oct/2014:08:46:40 +0200] "GET /robots.txt HTTP/1.1" 200 177 "-" "Mozilla/5.0 (compatible; Exabot/3.0; +http://www.exabot.com/go/robot)"
178.255.215.64 - - [08/Oct/2014:08:46:40 +0200] "GET / HTTP/1.1" 200 8120 "-" "Mozilla/5.0 (compatible; Exabot/3.0; +http://www.exabot.com/go/robot)"
37.58.100.139 - - [08/Oct/2014:10:13:19 +0200] "GET /news.php?cs_go=archiv&cs_id=5383 HTTP/1.1" 200 5365 "-" "Mozilla/5.0 (compatible; AhrefsBot/5.0; +http://ahrefs.com/robot/)"
37.58.100.131 - - [08/Oct/2014:10:48:17 +0200] "GET /news.php?cs_go=archiv&cs_startpos=91 HTTP/1.1" 200 5365 "-" "Mozilla/5.0 (compatible; AhrefsBot/5.0; +http://ahrefs.com/robot/)"
66.249.78.176 - - [08/Oct/2014:11:00:47 +0200] "GET /news.php?cs_go=archiv&cs_id=3735&cs_search= HTTP/1.1" 200 5365 "-" "Mozilla/5.0 (iPhone; CPU iPhone OS 6_0 like Mac OS X) AppleWebKit/536.26 (KHTML, like Gecko) Version/6.0 Mobile/10A5376e Safari/8536.25 (compatible; Googlebot/2.1; +http://www.google.com/bot.html)"
178.255.215.80 - - [08/Oct/2014:11:08:19 +0200] "GET /robots.txt HTTP/1.1" 200 177 "-" "Mozilla/5.0 (compatible; Exabot/3.0 (BiggerBetter); +http://www.exabot.com/go/robot)"
178.255.215.80 - - [08/Oct/2014:11:08:19 +0200] "GET /news.php?cs_go=archiv&cs_id=5344&cs_search= HTTP/1.1" 200 5365 "-" "Mozilla/5.0 (compatible; Exabot/3.0 (BiggerBetter); +http://www.exabot.com/go/robot)"
66.249.78.183 - - [08/Oct/2014:11:16:05 +0200] "GET /news.php?cs_go=archiv&cs_id=3735&cs_search= HTTP/1.1" 200 5365 "-" "Mozilla/5.0 (iPhone; CPU iPhone OS 6_0 like Mac OS X) AppleWebKit/536.26 (KHTML, like Gecko) Version/6.0 Mobile/10A5376e Safari/8536.25 (compatible; Googlebot/2.1; +http://www.google.com/bot.html)"
37.58.100.78 - - [08/Oct/2014:11:24:17 +0200] "GET /news.php?cs_go=archiv&cs_startpos=111 HTTP/1.1" 200 5365 "-" "Mozilla/5.0 (compatible; AhrefsBot/5.0; +http://ahrefs.com/robot/)"
66.249.78.190 - - [08/Oct/2014:11:25:06 +0200] "GET /news.php?cs_go=archiv&cs_id=3735&cs_search= HTTP/1.1" 200 5365 "-" "Mozilla/5.0 (iPhone; CPU iPhone OS 6_0 like Mac OS X) AppleWebKit/536.26 (KHTML, like Gecko) Version/6.0 Mobile/10A5376e Safari/8536.25 (compatible; Googlebot/2.1; +http://www.google.com/bot.html)"
46.4.27.145 - - [08/Oct/2014:12:21:18 +0200] "GET / HTTP/1.1" 200 8120 "http://www.webwiki.de/www.mink-gmbh.de" "Mozilla/5.0 (Windows NT 6.1; WOW64; rv:29.0) Gecko/20100101 Firefox/29.0"
78.47.15.198 - - [08/Oct/2014:13:11:54 +0200] "GET /robots.txt HTTP/1.1" 200 177 "-" "Mozilla/5.0 (compatible; uMBot-IC/1.0; mailto: crawling@ubermetrics-technologies.com)"
78.47.15.198 - - [08/Oct/2014:13:11:54 +0200] "GET /jobs.php HTTP/1.1" 200 4965 "-" "Mozilla/5.0 (compatible; uMBot-IC/1.0; mailto: crawling@ubermetrics-technologies.com)"
178.63.80.14 - - [08/Oct/2014:13:37:40 +0200] "GET /robots.txt HTTP/1.1" 200 177 "-" "Mozilla/5.0 (compatible; uMBot-IC/1.0; mailto: crawling@ubermetrics-technologies.com)"
178.63.80.14 - - [08/Oct/2014:13:37:40 +0200] "GET /jobs.php HTTP/1.1" 200 4965 "-" "Mozilla/5.0 (compatible; uMBot-IC/1.0; mailto: crawling@ubermetrics-technologies.com)"
157.55.39.224 - - [08/Oct/2014:13:42:14 +0200] "GET / HTTP/1.1" 200 2371 "-" "Mozilla/5.0 (compatible; bingbot/2.0; +http://www.bing.com/bingbot.htm)"
66.249.78.190 - - [08/Oct/2014:13:55:33 +0200] "GET /robots.txt HTTP/1.1" 200 177 "-" "Mozilla/5.0 (compatible; Googlebot/2.1; +http://www.google.com/bot.html)"
66.249.78.183 - - [08/Oct/2014:13:55:33 +0200] "GET /news.php?cs_go=archiv&cs_id=3735&cs_search= HTTP/1.1" 200 5365 "-" "Mozilla/5.0 (iPhone; CPU iPhone OS 6_0 like Mac OS X) AppleWebKit/536.26 (KHTML, like Gecko) Version/6.0 Mobile/10A5376e Safari/8536.25 (compatible; Googlebot/2.1; +http://www.google.com/bot.html)"
157.55.39.81 - - [08/Oct/2014:14:08:15 +0200] "GET /kontakt.php HTTP/1.1" 200 4996 "-" "Mozilla/5.0 (compatible; bingbot/2.0; +http://www.bing.com/bingbot.htm)"
157.55.39.81 - - [08/Oct/2014:14:08:19 +0200] "GET /wunschpreis.php HTTP/1.1" 200 3591 "-" "Mozilla/5.0 (compatible; bingbot/2.0; +http://www.bing.com/bingbot.htm)"
66.249.78.183 - - [08/Oct/2014:14:08:25 +0200] "GET /news.php?cs_go=archiv&cs_id=3735&cs_search= HTTP/1.1" 200 5365 "-" "Mozilla/5.0 (iPhone; CPU iPhone OS 6_0 like Mac OS X) AppleWebKit/536.26 (KHTML, like Gecko) Version/6.0 Mobile/10A5376e Safari/8536.25 (compatible; Googlebot/2.1; +http://www.google.com/bot.html)"
157.55.39.81 - - [08/Oct/2014:14:12:49 +0200] "GET / HTTP/1.1" 200 2371 "-" "Mozilla/5.0 (compatible; bingbot/2.0; +http://www.bing.com/bingbot.htm)"
157.55.39.81 - - [08/Oct/2014:14:16:58 +0200] "GET /.php HTTP/1.1" 404 5342 "-" "Mozilla/5.0 (compatible; bingbot/2.0; +http://www.bing.com/bingbot.htm)"
157.55.39.81 - - [08/Oct/2014:14:16:58 +0200] "GET /energiesparcheck.php HTTP/1.1" 200 5385 "-" "Mozilla/5.0 (compatible; bingbot/2.0; +http://www.bing.com/bingbot.htm)"
157.55.39.81 - - [08/Oct/2014:14:17:02 +0200] "GET /faq.php HTTP/1.1" 200 5392 "-" "Mozilla/5.0 (compatible; bingbot/2.0; +http://www.bing.com/bingbot.htm)"
157.55.39.81 - - [08/Oct/2014:14:17:05 +0200] "GET /impressum.php HTTP/1.1" 200 6306 "-" "Mozilla/5.0 (compatible; bingbot/2.0; +http://www.bing.com/bingbot.htm)"
37.58.100.79 - - [08/Oct/2014:14:16:29 +0200] "GET /news.php?cs_go=archiv&cs_id=5267&cs_search= HTTP/1.1" 200 5365 "-" "Mozilla/5.0 (compatible; AhrefsBot/5.0; +http://ahrefs.com/robot/)"
144.76.16.210 - - [08/Oct/2014:14:20:59 +0200] "GET /robots.txt HTTP/1.0" 200 177 "-" "Mozilla/5.0 (Windows NT 6.1; WOW64) AppleWebKit/537.36 (KHTML, like Gecko) Chrome/33.0.1750.146 Safari/537.36"
66.249.78.190 - - [08/Oct/2014:14:21:14 +0200] "GET /news.php?cs_go=archiv&cs_id=3735&cs_search= HTTP/1.1" 200 5365 "-" "Mozilla/5.0 (iPhone; CPU iPhone OS 6_0 like Mac OS X) AppleWebKit/536.26 (KHTML, like Gecko) Version/6.0 Mobile/10A5376e Safari/8536.25 (compatible; Googlebot/2.1; +http://www.google.com/bot.html)"
144.76.16.210 - - [08/Oct/2014:14:20:59 +0200] "GET / HTTP/1.0" 200 8120 "-" "Mozilla/5.0 (Windows NT 6.1; WOW64) AppleWebKit/537.36 (KHTML, like Gecko) Chrome/33.0.1750.146 Safari/537.36"
66.249.78.183 - - [08/Oct/2014:14:44:08 +0200] "GET /news.php?cs_go=archiv&cs_id=3378&cs_search= HTTP/1.1" 200 5365 "-" "Mozilla/5.0 (iPhone; CPU iPhone OS 6_0 like Mac OS X) AppleWebKit/536.26 (KHTML, like Gecko) Version/6.0 Mobile/10A5376e Safari/8536.25 (compatible; Googlebot/2.1; +http://www.google.com/bot.html)"
207.46.13.106 - - [08/Oct/2014:14:48:24 +0200] "GET /schwefelarmstandard.php HTTP/1.1" 200 5229 "-" "Mozilla/5.0 (compatible; bingbot/2.0; +http://www.bing.com/bingbot.htm)"
66.249.78.176 - - [08/Oct/2014:15:09:42 +0200] "GET /news.php?cs_go=archiv&cs_id=3378&cs_search= HTTP/1.1" 200 5365 "-" "Mozilla/5.0 (iPhone; CPU iPhone OS 6_0 like Mac OS X) AppleWebKit/536.26 (KHTML, like Gecko) Version/6.0 Mobile/10A5376e Safari/8536.25 (compatible; Googlebot/2.1; +http://www.google.com/bot.html)"
84.191.170.229 - - [08/Oct/2014:16:28:15 +0200] "GET /style.css HTTP/1.1" 200 8402 "http://www.mink-gmbh.de/" "Mozilla/5.0 (Macintosh; Intel Mac OS X 10_7_5) AppleWebKit/537.78.2 (KHTML, like Gecko) Version/6.1.6 Safari/537.78.2"
84.191.170.229 - - [08/Oct/2014:16:28:15 +0200] "GET /modul.css HTTP/1.1" 200 35038 "http://www.mink-gmbh.de/" "Mozilla/5.0 (Macintosh; Intel Mac OS X 10_7_5) AppleWebKit/537.78.2 (KHTML, like Gecko) Version/6.1.6 Safari/537.78.2"
104.131.210.9 - - [08/Oct/2014:16:25:25 +0200] "GET / HTTP/1.0" 200 8120 "-" "Mozilla/5.0 (compatible; NetcraftSurveyAgent/1.0; +info@netcraft.com)"
84.191.170.229 - - [08/Oct/2014:16:28:15 +0200] "GET / HTTP/1.1" 200 8120 "http://www.google.de/url?sa=t&rct=j&q=&esrc=s&source=web&cd=2&ved=0CC8QFjAB&url=http%3A%2F%2Fwww.mink-gmbh.de%2F&ei=30k1VL7-OaSgyAPOzYHgAw&usg=AFQjCNFHX4Iglls9oo-KYXTmDUV_5KOVIg&bvm=bv.76943099,d.bGQ" "Mozilla/5.0 (Macintosh; Intel Mac OS X 10_7_5) AppleWebKit/537.78.2 (KHTML, like Gecko) Version/6.1.6 Safari/537.78.2"
208.115.113.91 - - [08/Oct/2014:18:03:46 +0200] "GET /robots.txt HTTP/1.1" 200 177 "-" "Mozilla/5.0 (compatible; DotBot/1.1; http://www.opensiteexplorer.org/dotbot, help@moz.com)"
66.249.78.176 - - [08/Oct/2014:18:06:49 +0200] "GET / HTTP/1.1" 200 4480 "-" "Mozilla/5.0 (iPhone; CPU iPhone OS 6_0 like Mac OS X) AppleWebKit/536.26 (KHTML, like Gecko) Version/6.0 Mobile/10A5376e Safari/8536.25 (compatible; Googlebot/2.1; +http://www.google.com/bot.html)"
66.249.78.183 - - [08/Oct/2014:18:15:49 +0200] "GET / HTTP/1.1" 200 4480 "-" "Mozilla/5.0 (iPhone; CPU iPhone OS 6_0 like Mac OS X) AppleWebKit/536.26 (KHTML, like Gecko) Version/6.0 Mobile/10A5376e Safari/8536.25 (compatible; Googlebot/2.1; +http://www.google.com/bot.html)"
66.249.78.190 - - [08/Oct/2014:18:27:50 +0200] "GET / HTTP/1.1" 200 4480 "-" "Mozilla/5.0 (iPhone; CPU iPhone OS 6_0 like Mac OS X) AppleWebKit/536.26 (KHTML, like Gecko) Version/6.0 Mobile/10A5376e Safari/8536.25 (compatible; Googlebot/2.1; +http://www.google.com/bot.html)"
88.73.69.232 - - [08/Oct/2014:19:07:28 +0200] "GET /style.css HTTP/1.1" 200 8402 "http://www.mink-gmbh.de/" "Mozilla/5.0 (iPad; CPU OS 8_0_2 like Mac OS X) AppleWebKit/600.1.4 (KHTML, like Gecko) Version/8.0 Mobile/12A405 Safari/600.1.4"
88.73.69.232 - - [08/Oct/2014:19:07:28 +0200] "GET /modul.css HTTP/1.1" 200 35038 "http://www.mink-gmbh.de/" "Mozilla/5.0 (iPad; CPU OS 8_0_2 like Mac OS X) AppleWebKit/600.1.4 (KHTML, like Gecko) Version/8.0 Mobile/12A405 Safari/600.1.4"
78.47.15.198 - - [08/Oct/2014:19:12:06 +0200] "GET /robots.txt HTTP/1.1" 200 177 "-" "Mozilla/5.0 (compatible; uMBot-IC/1.0; mailto: crawling@ubermetrics-technologies.com)"
78.47.15.198 - - [08/Oct/2014:19:12:06 +0200] "GET /jobs.php HTTP/1.1" 200 4965 "-" "Mozilla/5.0 (compatible; uMBot-IC/1.0; mailto: crawling@ubermetrics-technologies.com)"
88.73.69.232 - - [08/Oct/2014:19:07:28 +0200] "GET / HTTP/1.1" 200 8120 "https://www.google.de/" "Mozilla/5.0 (iPad; CPU OS 8_0_2 like Mac OS X) AppleWebKit/600.1.4 (KHTML, like Gecko) Version/8.0 Mobile/12A405 Safari/600.1.4"
37.58.100.87 - - [08/Oct/2014:19:19:55 +0200] "GET /news.php?cs_go=archiv&cs_id=5333&cs_search= HTTP/1.1" 200 5365 "-" "Mozilla/5.0 (compatible; AhrefsBot/5.0; +http://ahrefs.com/robot/)"
88.73.69.232 - - [08/Oct/2014:19:08:12 +0200] "GET / HTTP/1.1" 404 - "https://www.google.de/" "Mozilla/5.0 (iPad; CPU OS 8_0_2 like Mac OS X) AppleWebKit/600.1.4 (KHTML, like Gecko) Version/8.0 Mobile/12A405 Safari/600.1.4"
88.73.69.232 - - [08/Oct/2014:19:09:08 +0200] "GET / HTTP/1.1" 404 - "https://www.google.de/" "Mozilla/5.0 (iPad; CPU OS 8_0_2 like Mac OS X) AppleWebKit/600.1.4 (KHTML, like Gecko) Version/8.0 Mobile/12A405 Safari/600.1.4"
88.73.69.232 - - [08/Oct/2014:19:09:31 +0200] "GET /kontakt.php HTTP/1.1" 404 - "https://www.google.de/" "Mozilla/5.0 (iPad; CPU OS 8_0_2 like Mac OS X) AppleWebKit/600.1.4 (KHTML, like Gecko) Version/8.0 Mobile/12A405 Safari/600.1.4"
88.73.69.232 - - [08/Oct/2014:19:09:40 +0200] "GET / HTTP/1.1" 404 - "https://www.google.de/" "Mozilla/5.0 (iPad; CPU OS 8_0_2 like Mac OS X) AppleWebKit/600.1.4 (KHTML, like Gecko) Version/8.0 Mobile/12A405 Safari/600.1.4"
88.73.69.232 - - [08/Oct/2014:19:09:42 +0200] "GET / HTTP/1.1" 404 - "https://www.google.de/" "Mozilla/5.0 (iPad; CPU OS 8_0_2 like Mac OS X) AppleWebKit/600.1.4 (KHTML, like Gecko) Version/8.0 Mobile/12A405 Safari/600.1.4"
88.73.69.232 - - [08/Oct/2014:19:07:46 +0200] "GET / HTTP/1.1" 200 8035 "https://www.google.de/" "Mozilla/5.0 (iPad; CPU OS 8_0_2 like Mac OS X) AppleWebKit/600.1.4 (KHTML, like Gecko) Version/8.0 Mobile/12A405 Safari/600.1.4"
66.249.78.176 - - [08/Oct/2014:19:28:27 +0200] "GET /news.php?cs_go=archiv&cs_id=3141&cs_search= HTTP/1.1" 200 5365 "-" "Mozilla/5.0 (iPhone; CPU iPhone OS 6_0 like Mac OS X) AppleWebKit/536.26 (KHTML, like Gecko) Version/6.0 Mobile/10A5376e Safari/8536.25 (compatible; Googlebot/2.1; +http://www.google.com/bot.html)"
66.249.78.183 - - [08/Oct/2014:19:34:27 +0200] "GET /kontakt.php HTTP/1.1" 200 4996 "-" "Mozilla/5.0 (iPhone; CPU iPhone OS 6_0 like Mac OS X) AppleWebKit/536.26 (KHTML, like Gecko) Version/6.0 Mobile/10A5376e Safari/8536.25 (compatible; Googlebot/2.1; +http://www.google.com/bot.html)"
178.63.80.14 - - [08/Oct/2014:19:37:55 +0200] "GET /robots.txt HTTP/1.1" 200 177 "-" "Mozilla/5.0 (compatible; uMBot-IC/1.0; mailto: crawling@ubermetrics-technologies.com)"
178.63.80.14 - - [08/Oct/2014:19:37:55 +0200] "GET /jobs.php HTTP/1.1" 200 4965 "-" "Mozilla/5.0 (compatible; uMBot-IC/1.0; mailto: crawling@ubermetrics-technologies.com)"
66.249.78.176 - - [08/Oct/2014:19:40:55 +0200] "GET /modul.css HTTP/1.1" 200 35038 "-" "Mozilla/5.0 (compatible; Googlebot/2.1; +http://www.google.com/bot.html)"
66.249.78.190 - - [08/Oct/2014:19:40:55 +0200] "GET /style.css HTTP/1.1" 200 8402 "-" "Mozilla/5.0 (compatible; Googlebot/2.1; +http://www.google.com/bot.html)"
66.249.78.190 - - [08/Oct/2014:19:37:55 +0200] "GET /news.php?cs_go=archiv&cs_id=3141&cs_search= HTTP/1.1" 200 5365 "-" "Mozilla/5.0 (iPhone; CPU iPhone OS 6_0 like Mac OS X) AppleWebKit/536.26 (KHTML, like Gecko) Version/6.0 Mobile/10A5376e Safari/8536.25 (compatible; Googlebot/2.1; +http://www.google.com/bot.html)"
66.249.78.176 - - [08/Oct/2014:19:47:10 +0200] "GET /news.php?cs_go=archiv&cs_id=3141&cs_search= HTTP/1.1" 200 5365 "-" "Mozilla/5.0 (iPhone; CPU iPhone OS 6_0 like Mac OS X) AppleWebKit/536.26 (KHTML, like Gecko) Version/6.0 Mobile/10A5376e Safari/8536.25 (compatible; Googlebot/2.1; +http://www.google.com/bot.html)"
66.249.78.176 - - [08/Oct/2014:19:53:24 +0200] "GET /news.php?cs_go=archiv&cs_id=3279&cs_search= HTTP/1.1" 200 5365 "-" "Mozilla/5.0 (iPhone; CPU iPhone OS 6_0 like Mac OS X) AppleWebKit/536.26 (KHTML, like Gecko) Version/6.0 Mobile/10A5376e Safari/8536.25 (compatible; Googlebot/2.1; +http://www.google.com/bot.html)"
66.249.78.176 - - [08/Oct/2014:20:02:24 +0200] "GET /news.php?cs_go=archiv&cs_id=3279&cs_search= HTTP/1.1" 200 5365 "-" "Mozilla/5.0 (iPhone; CPU iPhone OS 6_0 like Mac OS X) AppleWebKit/536.26 (KHTML, like Gecko) Version/6.0 Mobile/10A5376e Safari/8536.25 (compatible; Googlebot/2.1; +http://www.google.com/bot.html)"
208.115.113.91 - - [08/Oct/2014:20:07:26 +0200] "GET /news.php?cs_go=archiv&cs_startpos=110 HTTP/1.1" 200 5365 "-" "Mozilla/5.0 (compatible; DotBot/1.1; http://www.opensiteexplorer.org/dotbot, help@moz.com)"
66.249.78.183 - - [08/Oct/2014:20:17:40 +0200] "GET /news.php?cs_go=archiv&cs_id=3279&cs_search= HTTP/1.1" 200 5365 "-" "Mozilla/5.0 (iPhone; CPU iPhone OS 6_0 like Mac OS X) AppleWebKit/536.26 (KHTML, like Gecko) Version/6.0 Mobile/10A5376e Safari/8536.25 (compatible; Googlebot/2.1; +http://www.google.com/bot.html)"
66.249.78.190 - - [08/Oct/2014:20:23:40 +0200] "GET /news.php?cs_go=archiv&cs_id=3954 HTTP/1.1" 200 5365 "-" "Mozilla/5.0 (iPhone; CPU iPhone OS 6_0 like Mac OS X) AppleWebKit/536.26 (KHTML, like Gecko) Version/6.0 Mobile/10A5376e Safari/8536.25 (compatible; Googlebot/2.1; +http://www.google.com/bot.html)"
66.249.78.176 - - [08/Oct/2014:20:32:54 +0200] "GET /news.php?cs_go=archiv&cs_id=3954 HTTP/1.1" 200 5365 "-" "Mozilla/5.0 (iPhone; CPU iPhone OS 6_0 like Mac OS X) AppleWebKit/536.26 (KHTML, like Gecko) Version/6.0 Mobile/10A5376e Safari/8536.25 (compatible; Googlebot/2.1; +http://www.google.com/bot.html)"
66.249.78.183 - - [08/Oct/2014:20:38:54 +0200] "GET /news.php?cs_go=archiv&cs_id=4635 HTTP/1.1" 200 5365 "-" "Mozilla/5.0 (iPhone; CPU iPhone OS 6_0 like Mac OS X) AppleWebKit/536.26 (KHTML, like Gecko) Version/6.0 Mobile/10A5376e Safari/8536.25 (compatible; Googlebot/2.1; +http://www.google.com/bot.html)"
37.58.100.79 - - [08/Oct/2014:20:44:17 +0200] "GET /news.php?cs_go=archiv&cs_id=5349&cs_search= HTTP/1.1" 200 5365 "-" "Mozilla/5.0 (compatible; AhrefsBot/5.0; +http://ahrefs.com/robot/)"
66.249.78.183 - - [08/Oct/2014:20:44:54 +0200] "GET /news.php?cs_go=archiv&cs_id=3954 HTTP/1.1" 200 5365 "-" "Mozilla/5.0 (iPhone; CPU iPhone OS 6_0 like Mac OS X) AppleWebKit/536.26 (KHTML, like Gecko) Version/6.0 Mobile/10A5376e Safari/8536.25 (compatible; Googlebot/2.1; +http://www.google.com/bot.html)"
66.249.78.183 - - [08/Oct/2014:20:50:54 +0200] "GET /news.php?cs_go=archiv&cs_id=4635 HTTP/1.1" 200 5365 "-" "Mozilla/5.0 (iPhone; CPU iPhone OS 6_0 like Mac OS X) AppleWebKit/536.26 (KHTML, like Gecko) Version/6.0 Mobile/10A5376e Safari/8536.25 (compatible; Googlebot/2.1; +http://www.google.com/bot.html)"
66.249.78.176 - - [08/Oct/2014:20:59:55 +0200] "GET /news.php?cs_go=archiv&cs_id=4635 HTTP/1.1" 200 5365 "-" "Mozilla/5.0 (iPhone; CPU iPhone OS 6_0 like Mac OS X) AppleWebKit/536.26 (KHTML, like Gecko) Version/6.0 Mobile/10A5376e Safari/8536.25 (compatible; Googlebot/2.1; +http://www.google.com/bot.html)"
192.99.149.88 - - [08/Oct/2014:21:41:21 +0200] "GET / HTTP/1.1" 200 4480 "-" "Mozilla/5.0 (Windows NT 6.1; WOW64; Trident/7.0; rv:11.0) like Gecko"
65.36.241.79 - - [08/Oct/2014:22:28:58 +0200] "HEAD / HTTP/1.1" 200 - "-" "InternetSeer.com"
66.249.78.190 - - [09/Oct/2014:01:00:11 +0200] "GET /news.php?cs_go=archiv&cs_startpos=51 HTTP/1.1" 200 5365 "-" "Mozilla/5.0 (iPhone; CPU iPhone OS 6_0 like Mac OS X) AppleWebKit/536.26 (KHTML, like Gecko) Version/6.0 Mobile/10A5376e Safari/8536.25"
78.47.15.198 - - [09/Oct/2014:01:12:21 +0200] "GET /robots.txt HTTP/1.1" 200 177 "-" "Mozilla/5.0 (compatible; uMBot-IC/1.0; mailto: crawling@ubermetrics-technologies.com)"
78.47.15.198 - - [09/Oct/2014:01:12:21 +0200] "GET /jobs.php HTTP/1.1" 200 4965 "-" "Mozilla/5.0 (compatible; uMBot-IC/1.0; mailto: crawling@ubermetrics-technologies.com)"
66.249.78.176 - - [09/Oct/2014:01:16:30 +0200] "GET /news.php?cs_go=archiv&cs_startpos=51 HTTP/1.1" 200 5365 "-" "Mozilla/5.0 (iPhone; CPU iPhone OS 6_0 like Mac OS X) AppleWebKit/536.26 (KHTML, like Gecko) Version/6.0 Mobile/10A5376e Safari/8536.25"
178.63.80.14 - - [09/Oct/2014:01:38:07 +0200] "GET /robots.txt HTTP/1.1" 200 177 "-" "Mozilla/5.0 (compatible; uMBot-IC/1.0; mailto: crawling@ubermetrics-technologies.com)"
178.63.80.14 - - [09/Oct/2014:01:38:07 +0200] "GET /jobs.php HTTP/1.1" 200 4965 "-" "Mozilla/5.0 (compatible; uMBot-IC/1.0; mailto: crawling@ubermetrics-technologies.com)"
66.249.78.176 - - [09/Oct/2014:01:56:31 +0200] "GET /news.php?cs_go=archiv&cs_startpos=51 HTTP/1.1" 200 5365 "-" "Mozilla/5.0 (iPhone; CPU iPhone OS 6_0 like Mac OS X) AppleWebKit/536.26 (KHTML, like Gecko) Version/6.0 Mobile/10A5376e Safari/8536.25"
66.249.78.183 - - [09/Oct/2014:02:09:31 +0200] "GET /news.php?cs_go=archiv&cs_startpos=51 HTTP/1.1" 200 5365 "-" "Mozilla/5.0 (iPhone; CPU iPhone OS 6_0 like Mac OS X) AppleWebKit/536.26 (KHTML, like Gecko) Version/6.0 Mobile/10A5376e Safari/8536.25"
66.249.78.190 - - [09/Oct/2014:02:13:31 +0200] "GET / HTTP/1.1" 200 4480 "-" "Mozilla/5.0 (compatible; Googlebot/2.1; +http://www.google.com/bot.html)"
66.249.78.183 - - [09/Oct/2014:02:28:31 +0200] "GET / HTTP/1.1" 200 4480 "-" "Mozilla/5.0 (compatible; Googlebot/2.1; +http://www.google.com/bot.html)"
66.249.78.183 - - [09/Oct/2014:02:40:32 +0200] "GET / HTTP/1.1" 200 4480 "-" "Mozilla/5.0 (compatible; Googlebot/2.1; +http://www.google.com/bot.html)"
87.142.96.122 - - [09/Oct/2014:02:45:49 +0200] "GET /jobs.php HTTP/1.1" 200 4965 "-" "Mozilla/5.0 (Windows NT 6.1; Win64; x64; rv:22.0) Gecko/20130328 Firefox/22.0"
85.114.139.54 - - [09/Oct/2014:03:06:20 +0200] "GET /robots.txt HTTP/1.1" 200 177 "-" "Mozilla/5.0 (compatible; publiclibraryarchive.org/1.0; +crawl@publiclibraryarchive.org)"
85.114.139.54 - - [09/Oct/2014:03:06:20 +0200] "GET /optiplus.php HTTP/1.1" 404 5342 "-" "Mozilla/5.0 (compatible; publiclibraryarchive.org/1.0; +crawl@publiclibraryarchive.org)"
87.142.96.122 - - [09/Oct/2014:03:11:49 +0200] "GET /jobs.php HTTP/1.1" 200 4965 "-" "Mozilla/5.0 (Windows NT 6.1; Win64; x64; rv:22.0) Gecko/20130328 Firefox/22.0"
157.55.39.96 - - [09/Oct/2014:04:14:24 +0200] "GET /kwk.php HTTP/1.1" 200 5369 "-" "Mozilla/5.0 (compatible; bingbot/2.0; +http://www.bing.com/bingbot.htm)"
37.58.100.139 - - [09/Oct/2014:04:49:55 +0200] "GET /news.php?cs_go=archiv&cs_id=5299&cs_search= HTTP/1.1" 200 5365 "-" "Mozilla/5.0 (compatible; AhrefsBot/5.0; +http://ahrefs.com/robot/)"
66.249.78.176 - - [09/Oct/2014:06:15:11 +0200] "GET /news.php?cs_go=archiv&cs_id=4645 HTTP/1.1" 200 5365 "-" "Mozilla/5.0 (iPhone; CPU iPhone OS 6_0 like Mac OS X) AppleWebKit/536.26 (KHTML, like Gecko) Version/6.0 Mobile/10A5376e Safari/8536.25 (compatible; Googlebot/2.1; +http://www.google.com/bot.html)"
207.46.13.76 - - [09/Oct/2014:06:18:29 +0200] "GET / HTTP/1.1" 200 1139 "-" "Mozilla/5.0 (compatible; bingbot/2.0; +http://www.bing.com/bingbot.htm)"
66.249.78.176 - - [09/Oct/2014:06:24:11 +0200] "GET /news.php?cs_go=archiv&cs_id=4645 HTTP/1.1" 200 5365 "-" "Mozilla/5.0 (iPhone; CPU iPhone OS 6_0 like Mac OS X) AppleWebKit/536.26 (KHTML, like Gecko) Version/6.0 Mobile/10A5376e Safari/8536.25 (compatible; Googlebot/2.1; +http://www.google.com/bot.html)"
66.249.78.176 - - [09/Oct/2014:06:33:11 +0200] "GET /news.php?cs_go=archiv&cs_id=4645 HTTP/1.1" 200 5365 "-" "Mozilla/5.0 (iPhone; CPU iPhone OS 6_0 like Mac OS X) AppleWebKit/536.26 (KHTML, like Gecko) Version/6.0 Mobile/10A5376e Safari/8536.25 (compatible; Googlebot/2.1; +http://www.google.com/bot.html)"
66.249.78.190 - - [09/Oct/2014:06:45:12 +0200] "GET /news.php?cs_go=archiv&cs_id=5312&cs_search= HTTP/1.1" 200 5365 "-" "Mozilla/5.0 (iPhone; CPU iPhone OS 6_0 like Mac OS X) AppleWebKit/536.26 (KHTML, like Gecko) Version/6.0 Mobile/10A5376e Safari/8536.25 (compatible; Googlebot/2.1; +http://www.google.com/bot.html)"
66.249.78.190 - - [09/Oct/2014:06:51:13 +0200] "GET /news.php?cs_go=archiv&cs_startpos=91 HTTP/1.1" 200 5365 "-" "Mozilla/5.0 (iPhone; CPU iPhone OS 6_0 like Mac OS X) AppleWebKit/536.26 (KHTML, like Gecko) Version/6.0 Mobile/10A5376e Safari/8536.25 (compatible; Googlebot/2.1; +http://www.google.com/bot.html)"
66.249.78.176 - - [09/Oct/2014:07:03:13 +0200] "GET /news.php?cs_go=archiv&cs_id=5312&cs_search= HTTP/1.1" 200 5365 "-" "Mozilla/5.0 (iPhone; CPU iPhone OS 6_0 like Mac OS X) AppleWebKit/536.26 (KHTML, like Gecko) Version/6.0 Mobile/10A5376e Safari/8536.25 (compatible; Googlebot/2.1; +http://www.google.com/bot.html)"
78.47.15.198 - - [09/Oct/2014:07:12:34 +0200] "GET /robots.txt HTTP/1.1" 200 177 "-" "Mozilla/5.0 (compatible; uMBot-IC/1.0; mailto: crawling@ubermetrics-technologies.com)"
78.47.15.198 - - [09/Oct/2014:07:12:34 +0200] "GET /jobs.php HTTP/1.1" 200 4965 "-" "Mozilla/5.0 (compatible; uMBot-IC/1.0; mailto: crawling@ubermetrics-technologies.com)"
66.249.78.176 - - [09/Oct/2014:07:12:12 +0200] "GET /news.php?cs_go=archiv&cs_startpos=91 HTTP/1.1" 200 5365 "-" "Mozilla/5.0 (iPhone; CPU iPhone OS 6_0 like Mac OS X) AppleWebKit/536.26 (KHTML, like Gecko) Version/6.0 Mobile/10A5376e Safari/8536.25 (compatible; Googlebot/2.1; +http://www.google.com/bot.html)"
66.249.78.183 - - [09/Oct/2014:07:21:12 +0200] "GET /news.php?cs_go=archiv&cs_id=5312&cs_search= HTTP/1.1" 200 5365 "-" "Mozilla/5.0 (iPhone; CPU iPhone OS 6_0 like Mac OS X) AppleWebKit/536.26 (KHTML, like Gecko) Version/6.0 Mobile/10A5376e Safari/8536.25 (compatible; Googlebot/2.1; +http://www.google.com/bot.html)"
66.249.78.190 - - [09/Oct/2014:07:27:13 +0200] "GET /news.php?cs_go=archiv&cs_startpos=91 HTTP/1.1" 200 5365 "-" "Mozilla/5.0 (iPhone; CPU iPhone OS 6_0 like Mac OS X) AppleWebKit/536.26 (KHTML, like Gecko) Version/6.0 Mobile/10A5376e Safari/8536.25 (compatible; Googlebot/2.1; +http://www.google.com/bot.html)"
178.63.80.14 - - [09/Oct/2014:07:38:21 +0200] "GET /robots.txt HTTP/1.1" 200 177 "-" "Mozilla/5.0 (compatible; uMBot-IC/1.0; mailto: crawling@ubermetrics-technologies.com)"
178.63.80.14 - - [09/Oct/2014:07:38:21 +0200] "GET /jobs.php HTTP/1.1" 200 4965 "-" "Mozilla/5.0 (compatible; uMBot-IC/1.0; mailto: crawling@ubermetrics-technologies.com)"
85.13.131.53 - - [09/Oct/2014:09:13:27 +0200] "GET / HTTP/1.0" 200 4606 "-" "-"
85.13.131.53 - - [09/Oct/2014:09:16:38 +0200] "GET / HTTP/1.0" 200 8120 "-" "-"
85.13.131.53 - - [09/Oct/2014:09:19:59 +0200] "GET / HTTP/1.0" 200 4606 "-" "-"
85.13.131.53 - - [09/Oct/2014:09:23:09 +0200] "GET / HTTP/1.0" 200 8120 "-" "-"
85.13.131.53 - - [09/Oct/2014:09:26:26 +0200] "GET / HTTP/1.0" 200 4606 "-" "-"
85.13.131.53 - - [09/Oct/2014:09:29:37 +0200] "GET / HTTP/1.0" 200 8120 "-" "-"
93.186.202.239 - - [09/Oct/2014:09:37:14 +0200] "GET /news.php?cs_go=archiv&cs_id=2941 HTTP/1.1" 200 5365 "-" "Mozilla/5.0 (X11; Ubuntu; Linux x86_64; rv:21.0) Gecko/20130331 Firefox/21.0"
91.23.39.50 - - [09/Oct/2014:10:01:56 +0200] "GET /style.css HTTP/1.1" 200 8402 "http://www.mink-gmbh.de/" "Mozilla/5.0 (Windows NT 6.0; rv:32.0) Gecko/20100101 Firefox/32.0"
91.23.39.50 - - [09/Oct/2014:10:01:56 +0200] "GET /modul.css HTTP/1.1" 200 35038 "http://www.mink-gmbh.de/" "Mozilla/5.0 (Windows NT 6.0; rv:32.0) Gecko/20100101 Firefox/32.0"
91.23.39.50 - - [09/Oct/2014:10:02:05 +0200] "GET /images/bg.png HTTP/1.1" 200 922 "http://www.mink-gmbh.de/style.css" "Mozilla/5.0 (Windows NT 6.0; rv:32.0) Gecko/20100101 Firefox/32.0"
91.23.39.50 - - [09/Oct/2014:10:01:56 +0200] "GET / HTTP/1.1" 200 4480 "http://web2.cylex.de/reviews/viewcompanywebsite.aspx?firmaName=herbert-mink-gmbh&companyId=5251604" "Mozilla/5.0 (Windows NT 6.0; rv:32.0) Gecko/20100101 Firefox/32.0"
91.23.39.50 - - [09/Oct/2014:10:02:15 +0200] "GET / HTTP/1.1" 200 4395 "http://web2.cylex.de/reviews/viewcompanywebsite.aspx?firmaName=herbert-mink-gmbh&companyId=5251604&showUrl=http%3a%2f%2fwww.mink-gmbh.de%2fstandard.php" "Mozilla/5.0 (Windows NT 6.0; rv:32.0) Gecko/20100101 Firefox/32.0"
91.23.39.50 - - [09/Oct/2014:10:02:06 +0200] "GET /standard.php HTTP/1.1" 404 - "http://web2.cylex.de/reviews/viewcompanywebsite.aspx?firmaName=herbert-mink-gmbh&companyId=5251604&showUrl=http%3a%2f%2fwww.mink-gmbh.de%2fstandard.php" "Mozilla/5.0 (Windows NT 6.0; rv:32.0) Gecko/20100101 Firefox/32.0"
