78.47.15.198 - - [30/Oct/2014:00:25:51 +0100] "GET /robots.txt HTTP/1.1" 200 177 "-" "Mozilla/5.0 (compatible; uMBot-IC/1.0; mailto: crawling@ubermetrics-technologies.com)"
78.47.15.198 - - [30/Oct/2014:00:25:51 +0100] "GET /jobs.php HTTP/1.1" 200 4965 "-" "Mozilla/5.0 (compatible; uMBot-IC/1.0; mailto: crawling@ubermetrics-technologies.com)"
178.63.80.14 - - [30/Oct/2014:00:54:03 +0100] "GET /robots.txt HTTP/1.1" 200 177 "-" "Mozilla/5.0 (compatible; uMBot-IC/1.0; mailto: crawling@ubermetrics-technologies.com)"
178.63.80.14 - - [30/Oct/2014:00:54:03 +0100] "GET /jobs.php HTTP/1.1" 200 4965 "-" "Mozilla/5.0 (compatible; uMBot-IC/1.0; mailto: crawling@ubermetrics-technologies.com)"
208.115.113.91 - - [30/Oct/2014:00:55:38 +0100] "GET /robots.txt HTTP/1.1" 200 177 "-" "Mozilla/5.0 (compatible; DotBot/1.1; http://www.opensiteexplorer.org/dotbot, help@moz.com)"
66.249.78.190 - - [30/Oct/2014:01:27:32 +0100] "GET /news.php?cs_go=archiv&cs_id=5356 HTTP/1.1" 200 5365 "-" "Mozilla/5.0 (iPhone; CPU iPhone OS 6_0 like Mac OS X) AppleWebKit/536.26 (KHTML, like Gecko) Version/6.0 Mobile/10A5376e Safari/8536.25 (compatible; Googlebot/2.1; +http://www.google.com/bot.html)"
66.249.78.176 - - [30/Oct/2014:01:45:32 +0100] "GET /news.php?cs_go=archiv&cs_id=5356 HTTP/1.1" 200 5365 "-" "Mozilla/5.0 (iPhone; CPU iPhone OS 6_0 like Mac OS X) AppleWebKit/536.26 (KHTML, like Gecko) Version/6.0 Mobile/10A5376e Safari/8536.25 (compatible; Googlebot/2.1; +http://www.google.com/bot.html)"
66.249.78.190 - - [30/Oct/2014:01:57:32 +0100] "GET /news.php?cs_go=archiv&cs_id=5356 HTTP/1.1" 200 5365 "-" "Mozilla/5.0 (iPhone; CPU iPhone OS 6_0 like Mac OS X) AppleWebKit/536.26 (KHTML, like Gecko) Version/6.0 Mobile/10A5376e Safari/8536.25 (compatible; Googlebot/2.1; +http://www.google.com/bot.html)"
66.249.78.176 - - [30/Oct/2014:02:23:25 +0100] "GET /index.php HTTP/1.1" 200 4480 "-" "Mozilla/5.0 (compatible; Googlebot/2.1; +http://www.google.com/bot.html)"
88.198.222.86 - - [30/Oct/2014:02:25:05 +0100] "GET / HTTP/1.0" 200 4606 "-" "-"
66.249.64.104 - - [30/Oct/2014:02:32:54 +0100] "GET /index.php HTTP/1.1" 200 4480 "-" "Mozilla/5.0 (compatible; Googlebot/2.1; +http://www.google.com/bot.html)"
88.198.222.86 - - [30/Oct/2014:02:28:15 +0100] "GET / HTTP/1.0" 200 8120 "-" "-"
88.198.222.86 - - [30/Oct/2014:02:31:33 +0100] "GET / HTTP/1.0" 200 4606 "-" "-"
66.249.64.104 - - [30/Oct/2014:02:40:35 +0100] "GET /index.php HTTP/1.1" 200 4480 "-" "Mozilla/5.0 (compatible; Googlebot/2.1; +http://www.google.com/bot.html)"
88.198.222.86 - - [30/Oct/2014:02:37:37 +0100] "GET / HTTP/1.0" 200 4606 "-" "-"
88.198.222.86 - - [30/Oct/2014:02:34:45 +0100] "GET / HTTP/1.0" 200 8120 "-" "-"
208.115.113.91 - - [30/Oct/2014:02:42:04 +0100] "GET /news.php?cs_go=archiv&cs_id=5335&cs_search= HTTP/1.1" 200 5365 "-" "Mozilla/5.0 (compatible; DotBot/1.1; http://www.opensiteexplorer.org/dotbot, help@moz.com)"
88.198.222.86 - - [30/Oct/2014:02:40:47 +0100] "GET / HTTP/1.0" 200 8120 "-" "-"
207.46.13.83 - - [30/Oct/2014:03:56:26 +0100] "GET /Heizoel-Berlin.html HTTP/1.1" 404 5342 "-" "Mozilla/5.0 (compatible; bingbot/2.0; +http://www.bing.com/bingbot.htm)"
144.76.155.8 - - [30/Oct/2014:04:24:50 +0100] "GET /impressum.php HTTP/1.1" 200 6306 "-" "Mozilla/5.0 (Windows NT 6.0; rv:14.0) Gecko/20100101 Firefox/14.0.1"
66.249.64.148 - - [30/Oct/2014:04:29:29 +0100] "GET /preisanfrage.php HTTP/1.1" 200 5002 "-" "DoCoMo/2.0 N905i(c100;TB;W24H16) (compatible; Googlebot-Mobile/2.1; +http://www.google.com/bot.html)"
66.249.78.190 - - [30/Oct/2014:05:01:19 +0100] "GET /news.php?cs_go=archiv&cs_id=4332 HTTP/1.1" 200 5365 "-" "Mozilla/5.0 (iPhone; CPU iPhone OS 6_0 like Mac OS X) AppleWebKit/536.26 (KHTML, like Gecko) Version/6.0 Mobile/10A5376e Safari/8536.25 (compatible; Googlebot/2.1; +http://www.google.com/bot.html)"
66.249.78.176 - - [30/Oct/2014:05:16:19 +0100] "GET /news.php?cs_go=archiv&cs_id=4332 HTTP/1.1" 200 5365 "-" "Mozilla/5.0 (iPhone; CPU iPhone OS 6_0 like Mac OS X) AppleWebKit/536.26 (KHTML, like Gecko) Version/6.0 Mobile/10A5376e Safari/8536.25 (compatible; Googlebot/2.1; +http://www.google.com/bot.html)"
66.249.78.190 - - [30/Oct/2014:05:44:28 +0100] "GET /news.php?cs_go=archiv&cs_id=4646 HTTP/1.1" 200 5365 "-" "Mozilla/5.0 (iPhone; CPU iPhone OS 6_0 like Mac OS X) AppleWebKit/536.26 (KHTML, like Gecko) Version/6.0 Mobile/10A5376e Safari/8536.25 (compatible; Googlebot/2.1; +http://www.google.com/bot.html)"
66.249.64.112 - - [30/Oct/2014:05:56:28 +0100] "GET /kwk.php HTTP/1.1" 200 5369 "-" "Mozilla/5.0 (compatible; Googlebot/2.1; +http://www.google.com/bot.html)"
66.249.78.176 - - [30/Oct/2014:06:00:37 +0100] "GET /news.php?cs_go=archiv&cs_id=4332 HTTP/1.1" 200 5365 "-" "Mozilla/5.0 (iPhone; CPU iPhone OS 6_0 like Mac OS X) AppleWebKit/536.26 (KHTML, like Gecko) Version/6.0 Mobile/10A5376e Safari/8536.25 (compatible; Googlebot/2.1; +http://www.google.com/bot.html)"
66.249.78.183 - - [30/Oct/2014:06:12:37 +0100] "GET /kontakt.php HTTP/1.1" 200 4996 "-" "Mozilla/5.0 (compatible; Googlebot/2.1; +http://www.google.com/bot.html)"
66.249.78.176 - - [30/Oct/2014:06:15:54 +0100] "GET /news.php?cs_go=archiv&cs_id=4646 HTTP/1.1" 200 5365 "-" "Mozilla/5.0 (iPhone; CPU iPhone OS 6_0 like Mac OS X) AppleWebKit/536.26 (KHTML, like Gecko) Version/6.0 Mobile/10A5376e Safari/8536.25 (compatible; Googlebot/2.1; +http://www.google.com/bot.html)"
144.76.175.75 - - [30/Oct/2014:06:24:53 +0100] "GET /robots.txt HTTP/1.1" 200 177 "-" "Python-urllib/2.7"
78.47.15.198 - - [30/Oct/2014:06:26:00 +0100] "GET /robots.txt HTTP/1.1" 200 177 "-" "Mozilla/5.0 (compatible; uMBot-IC/1.0; mailto: crawling@ubermetrics-technologies.com)"
144.76.175.75 - - [30/Oct/2014:06:26:01 +0100] "GET /robots.txt HTTP/1.1" 200 177 "-" "Python-urllib/2.6"
144.76.175.75 - - [30/Oct/2014:06:26:01 +0100] "GET /style.css HTTP/1.1" 200 8402 "http://www.mink-gmbh.de/" "Mozilla/5.0 (X11; U; Linux x86_64; en-US; rv:1.9.1.16) Gecko"
144.76.175.75 - - [30/Oct/2014:06:26:01 +0100] "GET /modul.css HTTP/1.1" 200 35038 "http://www.mink-gmbh.de/" "Mozilla/5.0 (X11; U; Linux x86_64; en-US; rv:1.9.1.16) Gecko"
78.47.15.198 - - [30/Oct/2014:06:26:00 +0100] "GET /jobs.php HTTP/1.1" 200 4965 "-" "Mozilla/5.0 (compatible; uMBot-IC/1.0; mailto: crawling@ubermetrics-technologies.com)"
66.249.78.183 - - [30/Oct/2014:06:24:55 +0100] "GET /news.php?cs_go=archiv&cs_id=4332 HTTP/1.1" 200 5365 "-" "Mozilla/5.0 (iPhone; CPU iPhone OS 6_0 like Mac OS X) AppleWebKit/536.26 (KHTML, like Gecko) Version/6.0 Mobile/10A5376e Safari/8536.25 (compatible; Googlebot/2.1; +http://www.google.com/bot.html)"
188.165.15.193 - - [30/Oct/2014:06:29:07 +0100] "GET /robots.txt HTTP/1.1" 200 177 "-" "Mozilla/5.0 (compatible; AhrefsBot/5.0; +http://ahrefs.com/robot/)"
144.76.175.75 - - [30/Oct/2014:06:24:53 +0100] "GET / HTTP/1.1" 200 8120 "-" "Mozilla/5.0 (Windows NT 6.3; WOW64) AppleWebKit/537.36 (KHTML, like Gecko) Chrome/38.0.2125.104 Safari/537.36"
144.76.175.75 - - [30/Oct/2014:06:26:01 +0100] "GET / HTTP/1.1" 200 8120 "-" "Mozilla/5.0 (X11; U; Linux x86_64; en-US; rv:1.9.1.16) Gecko"
5.9.16.51 - - [30/Oct/2014:06:37:29 +0100] "GET / HTTP/1.0" 200 4606 "-" "-"
208.115.111.75 - - [30/Oct/2014:06:48:27 +0100] "GET /robots.txt HTTP/1.1" 200 177 "-" "Mozilla/5.0 (compatible; DotBot/1.1; http://www.opensiteexplorer.org/dotbot, help@moz.com)"
5.9.16.51 - - [30/Oct/2014:06:43:36 +0100] "GET / HTTP/1.0" 200 4606 "-" "-"
5.9.16.51 - - [30/Oct/2014:06:40:38 +0100] "GET / HTTP/1.0" 200 8120 "-" "-"
178.63.80.14 - - [30/Oct/2014:06:54:15 +0100] "GET /robots.txt HTTP/1.1" 200 177 "-" "Mozilla/5.0 (compatible; uMBot-IC/1.0; mailto: crawling@ubermetrics-technologies.com)"
178.63.80.14 - - [30/Oct/2014:06:54:15 +0100] "GET /jobs.php HTTP/1.1" 200 4965 "-" "Mozilla/5.0 (compatible; uMBot-IC/1.0; mailto: crawling@ubermetrics-technologies.com)"
66.249.78.183 - - [30/Oct/2014:06:51:56 +0100] "GET /news.php?cs_go=archiv&cs_id=4646 HTTP/1.1" 200 5365 "-" "Mozilla/5.0 (iPhone; CPU iPhone OS 6_0 like Mac OS X) AppleWebKit/536.26 (KHTML, like Gecko) Version/6.0 Mobile/10A5376e Safari/8536.25 (compatible; Googlebot/2.1; +http://www.google.com/bot.html)"
5.9.16.51 - - [30/Oct/2014:06:49:43 +0100] "GET / HTTP/1.0" 200 4606 "-" "-"
5.9.16.51 - - [30/Oct/2014:06:46:46 +0100] "GET / HTTP/1.0" 200 8120 "-" "-"
123.125.71.47 - - [30/Oct/2014:06:55:24 +0100] "GET / HTTP/1.1" 200 2371 "-" "Mozilla/5.0 (compatible; Baiduspider/2.0; +http://www.baidu.com/search/spider.html)"
220.181.108.115 - - [30/Oct/2014:06:55:59 +0100] "GET / HTTP/1.1" 200 2371 "-" "Mozilla/5.0 (compatible; Baiduspider/2.0; +http://www.baidu.com/search/spider.html)"
5.9.16.51 - - [30/Oct/2014:06:52:52 +0100] "GET / HTTP/1.0" 200 8120 "-" "-"
66.249.78.176 - - [30/Oct/2014:07:10:49 +0100] "GET /news.php?cs_go=archiv&cs_id=4646 HTTP/1.1" 200 5365 "-" "Mozilla/5.0 (iPhone; CPU iPhone OS 6_0 like Mac OS X) AppleWebKit/536.26 (KHTML, like Gecko) Version/6.0 Mobile/10A5376e Safari/8536.25 (compatible; Googlebot/2.1; +http://www.google.com/bot.html)"
66.249.78.176 - - [30/Oct/2014:07:25:50 +0100] "GET /news.php?cs_go=archiv&cs_id=4646 HTTP/1.1" 200 5365 "-" "Mozilla/5.0 (iPhone; CPU iPhone OS 6_0 like Mac OS X) AppleWebKit/536.26 (KHTML, like Gecko) Version/6.0 Mobile/10A5376e Safari/8536.25 (compatible; Googlebot/2.1; +http://www.google.com/bot.html)"
162.210.196.100 - - [30/Oct/2014:07:31:02 +0100] "GET /robots.txt HTTP/1.0" 200 177 "-" "Mozilla/5.0 (compatible; MJ12bot/v1.4.5; http://www.majestic12.co.uk/bot.php?+)"
162.210.196.100 - - [30/Oct/2014:07:31:04 +0100] "GET / HTTP/1.0" 200 8120 "-" "Mozilla/5.0 (compatible; MJ12bot/v1.4.5; http://www.majestic12.co.uk/bot.php?+)"
66.249.78.176 - - [30/Oct/2014:07:40:50 +0100] "GET /news.php?cs_go=archiv&cs_id=4646 HTTP/1.1" 200 5365 "-" "Mozilla/5.0 (iPhone; CPU iPhone OS 6_0 like Mac OS X) AppleWebKit/536.26 (KHTML, like Gecko) Version/6.0 Mobile/10A5376e Safari/8536.25 (compatible; Googlebot/2.1; +http://www.google.com/bot.html)"
207.46.13.83 - - [30/Oct/2014:07:51:40 +0100] "GET /robots.txt HTTP/1.1" 200 177 "-" "Mozilla/5.0 (compatible; bingbot/2.0; +http://www.bing.com/bingbot.htm)"
207.46.13.83 - - [30/Oct/2014:07:51:19 +0100] "GET / HTTP/1.1" 200 2371 "-" "Mozilla/5.0 (compatible; bingbot/2.0; +http://www.bing.com/bingbot.htm)"
54.166.188.43 - - [30/Oct/2014:07:54:32 +0100] "GET /robots.txt HTTP/1.0" 200 177 "-" "InsideView/Nutch-1.5.1"
54.166.188.43 - - [30/Oct/2014:07:54:32 +0100] "GET / HTTP/1.0" 200 8120 "-" "InsideView/Nutch-1.5.1"
208.115.111.75 - - [30/Oct/2014:08:22:52 +0100] "GET /news.php?cs_go=archiv&cs_id=5262&cs_search= HTTP/1.1" 200 5365 "-" "Mozilla/5.0 (compatible; DotBot/1.1; http://www.opensiteexplorer.org/dotbot, help@moz.com)"
82.94.179.38 - - [30/Oct/2014:08:56:03 +0100] "GET /robots.txt HTTP/1.0" 200 177 "-" "Mozilla/4.0 (compatible; Freshbot/1.0/EU; http://webagent.wise-guys.nl/)"
82.94.179.38 - - [30/Oct/2014:08:56:03 +0100] "GET / HTTP/1.1" 200 4480 "-" "Mozilla/5.0 (X11; Linux i686; rv:6.0) Gecko/20100101 Firefox/6.0 (Freshbot/1.0/EU; http://webagent.wise-guys.nl/)"
178.63.49.82 - - [30/Oct/2014:09:08:09 +0100] "GET /robots.txt HTTP/1.0" 200 177 "-" "Mozilla/5.0 (compatible; MJ12bot/v1.4.5; http://www.majestic12.co.uk/bot.php?+)"
178.63.49.82 - - [30/Oct/2014:09:08:10 +0100] "GET /news.php?cs_go=archiv&cs_id=5172&cs_search= HTTP/1.0" 200 5365 "-" "Mozilla/5.0 (compatible; MJ12bot/v1.4.5; http://www.majestic12.co.uk/bot.php?+)"
178.63.49.82 - - [30/Oct/2014:09:08:54 +0100] "GET /news.php?cs_go=archiv&cs_id=5173&cs_search= HTTP/1.0" 200 5365 "-" "Mozilla/5.0 (compatible; MJ12bot/v1.4.5; http://www.majestic12.co.uk/bot.php?+)"
178.63.49.82 - - [30/Oct/2014:09:09:36 +0100] "GET /news.php?cs_go=archiv&cs_id=5174&cs_search= HTTP/1.0" 200 5365 "-" "Mozilla/5.0 (compatible; MJ12bot/v1.4.5; http://www.majestic12.co.uk/bot.php?+)"
178.63.49.82 - - [30/Oct/2014:09:10:18 +0100] "GET /news.php?cs_go=archiv&cs_id=5175&cs_search= HTTP/1.0" 200 5365 "-" "Mozilla/5.0 (compatible; MJ12bot/v1.4.5; http://www.majestic12.co.uk/bot.php?+)"
178.63.49.82 - - [30/Oct/2014:09:11:02 +0100] "GET /news.php?cs_go=archiv&cs_id=5176&cs_search= HTTP/1.0" 200 5365 "-" "Mozilla/5.0 (compatible; MJ12bot/v1.4.5; http://www.majestic12.co.uk/bot.php?+)"
178.63.49.82 - - [30/Oct/2014:09:11:43 +0100] "GET /news.php?cs_go=archiv&cs_id=5177&cs_search= HTTP/1.0" 200 5365 "-" "Mozilla/5.0 (compatible; MJ12bot/v1.4.5; http://www.majestic12.co.uk/bot.php?+)"
178.63.49.82 - - [30/Oct/2014:09:12:25 +0100] "GET /news.php?cs_go=archiv&cs_id=5178&cs_search= HTTP/1.0" 200 5365 "-" "Mozilla/5.0 (compatible; MJ12bot/v1.4.5; http://www.majestic12.co.uk/bot.php?+)"
178.63.49.82 - - [30/Oct/2014:09:13:07 +0100] "GET /news.php?cs_go=archiv&cs_id=5179 HTTP/1.0" 200 5365 "-" "Mozilla/5.0 (compatible; MJ12bot/v1.4.5; http://www.majestic12.co.uk/bot.php?+)"
178.63.49.82 - - [30/Oct/2014:09:13:49 +0100] "GET /news.php?cs_go=archiv&cs_id=5179&cs_search= HTTP/1.0" 200 5365 "-" "Mozilla/5.0 (compatible; MJ12bot/v1.4.5; http://www.majestic12.co.uk/bot.php?+)"
178.63.49.82 - - [30/Oct/2014:09:14:42 +0100] "GET /news.php?cs_go=archiv&cs_id=5180 HTTP/1.0" 200 5365 "-" "Mozilla/5.0 (compatible; MJ12bot/v1.4.5; http://www.majestic12.co.uk/bot.php?+)"
178.63.49.82 - - [30/Oct/2014:09:15:51 +0100] "GET /news.php?cs_go=archiv&cs_id=5181 HTTP/1.0" 200 5365 "-" "Mozilla/5.0 (compatible; MJ12bot/v1.4.5; http://www.majestic12.co.uk/bot.php?+)"
178.63.49.82 - - [30/Oct/2014:09:17:13 +0100] "GET /news.php?cs_go=archiv&cs_id=5182 HTTP/1.0" 200 5365 "-" "Mozilla/5.0 (compatible; MJ12bot/v1.4.5; http://www.majestic12.co.uk/bot.php?+)"
66.249.78.183 - - [30/Oct/2014:09:20:47 +0100] "GET /schwefelarmstandard.php HTTP/1.1" 200 5229 "-" "Mozilla/5.0 (compatible; Googlebot/2.1; +http://www.google.com/bot.html)"
178.63.49.82 - - [30/Oct/2014:09:24:21 +0100] "GET /news.php?cs_go=archiv&cs_id=5231&cs_search= HTTP/1.0" 200 5365 "-" "Mozilla/5.0 (compatible; MJ12bot/v1.4.5; http://www.majestic12.co.uk/bot.php?+)"
178.63.49.82 - - [30/Oct/2014:09:25:04 +0100] "GET /news.php?cs_go=archiv&cs_id=5240&cs_search= HTTP/1.0" 200 5365 "-" "Mozilla/5.0 (compatible; MJ12bot/v1.4.5; http://www.majestic12.co.uk/bot.php?+)"
178.63.49.82 - - [30/Oct/2014:09:25:45 +0100] "GET /news.php?cs_go=archiv&cs_id=5242&cs_search= HTTP/1.0" 200 5365 "-" "Mozilla/5.0 (compatible; MJ12bot/v1.4.5; http://www.majestic12.co.uk/bot.php?+)"
178.63.49.82 - - [30/Oct/2014:09:26:27 +0100] "GET /news.php?cs_go=archiv&cs_id=5243&cs_search= HTTP/1.0" 200 5365 "-" "Mozilla/5.0 (compatible; MJ12bot/v1.4.5; http://www.majestic12.co.uk/bot.php?+)"
178.63.49.82 - - [30/Oct/2014:09:27:08 +0100] "GET /news.php?cs_go=archiv&cs_id=5358 HTTP/1.0" 200 5365 "-" "Mozilla/5.0 (compatible; MJ12bot/v1.4.5; http://www.majestic12.co.uk/bot.php?+)"
178.63.49.82 - - [30/Oct/2014:09:27:50 +0100] "GET /news.php?cs_go=archiv&cs_id=5359 HTTP/1.0" 200 5365 "-" "Mozilla/5.0 (compatible; MJ12bot/v1.4.5; http://www.majestic12.co.uk/bot.php?+)"
178.63.49.82 - - [30/Oct/2014:09:28:31 +0100] "GET /news.php?cs_go=archiv&cs_id=5360 HTTP/1.0" 200 5365 "-" "Mozilla/5.0 (compatible; MJ12bot/v1.4.5; http://www.majestic12.co.uk/bot.php?+)"
178.63.49.82 - - [30/Oct/2014:09:29:13 +0100] "GET /news.php?cs_go=archiv&cs_id=5365&cs_search= HTTP/1.0" 200 5365 "-" "Mozilla/5.0 (compatible; MJ12bot/v1.4.5; http://www.majestic12.co.uk/bot.php?+)"
178.63.49.82 - - [30/Oct/2014:09:30:15 +0100] "GET /news.php?cs_go=archiv&cs_id=5366&cs_search= HTTP/1.0" 200 5365 "-" "Mozilla/5.0 (compatible; MJ12bot/v1.4.5; http://www.majestic12.co.uk/bot.php?+)"
178.63.49.82 - - [30/Oct/2014:09:31:18 +0100] "GET /news.php?cs_go=archiv&cs_id=5367 HTTP/1.0" 200 5365 "-" "Mozilla/5.0 (compatible; MJ12bot/v1.4.5; http://www.majestic12.co.uk/bot.php?+)"
178.63.49.82 - - [30/Oct/2014:09:32:23 +0100] "GET /news.php?cs_go=archiv&cs_id=5367&cs_search= HTTP/1.0" 200 5365 "-" "Mozilla/5.0 (compatible; MJ12bot/v1.4.5; http://www.majestic12.co.uk/bot.php?+)"
178.63.49.82 - - [30/Oct/2014:09:33:05 +0100] "GET /news.php?cs_go=archiv&cs_id=5368 HTTP/1.0" 200 5365 "-" "Mozilla/5.0 (compatible; MJ12bot/v1.4.5; http://www.majestic12.co.uk/bot.php?+)"
178.63.49.82 - - [30/Oct/2014:09:34:16 +0100] "GET /news.php?cs_go=archiv&cs_id=5369 HTTP/1.0" 200 5365 "-" "Mozilla/5.0 (compatible; MJ12bot/v1.4.5; http://www.majestic12.co.uk/bot.php?+)"
178.63.49.82 - - [30/Oct/2014:09:35:33 +0100] "GET /news.php?cs_go=archiv&cs_id=5370 HTTP/1.0" 200 5365 "-" "Mozilla/5.0 (compatible; MJ12bot/v1.4.5; http://www.majestic12.co.uk/bot.php?+)"
178.63.49.82 - - [30/Oct/2014:09:35:59 +0100] "GET /news.php?cs_go=archiv&cs_id=5370 HTTP/1.0" 200 5365 "-" "Mozilla/5.0 (compatible; MJ12bot/v1.4.5; http://www.majestic12.co.uk/bot.php?+)"
220.181.108.179 - - [30/Oct/2014:09:42:48 +0100] "GET /images/wunschpreis.jpg HTTP/1.1" 200 16767 "http://image.baidu.com/i?ct=503316480&z=0&tn=baiduimagedetail" "Baiduspider-image+(+http://www.baidu.com/search/spider.htm)"
66.249.78.183 - - [30/Oct/2014:09:52:09 +0100] "GET /lexikon.php?cs_go=3&cs_id=47 HTTP/1.1" 200 5379 "-" "Mozilla/5.0 (iPhone; CPU iPhone OS 6_0 like Mac OS X) AppleWebKit/536.26 (KHTML, like Gecko) Version/6.0 Mobile/10A5376e Safari/8536.25 (compatible; Googlebot/2.1; +http://www.google.com/bot.html)"
66.249.78.183 - - [30/Oct/2014:10:04:28 +0100] "GET / HTTP/1.1" 200 4480 "-" "Mozilla/5.0 (iPhone; CPU iPhone OS 6_0 like Mac OS X) AppleWebKit/536.26 (KHTML, like Gecko) Version/6.0 Mobile/10A5376e Safari/8536.25 (compatible; Googlebot/2.1; +http://www.google.com/bot.html)"
66.249.78.190 - - [30/Oct/2014:10:13:48 +0100] "GET / HTTP/1.1" 200 4480 "-" "Mozilla/5.0 (iPhone; CPU iPhone OS 6_0 like Mac OS X) AppleWebKit/536.26 (KHTML, like Gecko) Version/6.0 Mobile/10A5376e Safari/8536.25 (compatible; Googlebot/2.1; +http://www.google.com/bot.html)"
66.249.78.176 - - [30/Oct/2014:10:20:08 +0100] "GET / HTTP/1.1" 200 4480 "-" "Mozilla/5.0 (iPhone; CPU iPhone OS 6_0 like Mac OS X) AppleWebKit/536.26 (KHTML, like Gecko) Version/6.0 Mobile/10A5376e Safari/8536.25 (compatible; Googlebot/2.1; +http://www.google.com/bot.html)"
123.125.71.27 - - [30/Oct/2014:10:54:47 +0100] "GET / HTTP/1.1" 200 2371 "-" "Mozilla/5.0 (compatible; Baiduspider/2.0; +http://www.baidu.com/search/spider.html)"
144.76.95.232 - - [30/Oct/2014:10:58:26 +0100] "GET /robots.txt HTTP/1.0" 200 177 "-" "Mozilla/5.0 (compatible; MJ12bot/v1.4.5; http://www.majestic12.co.uk/bot.php?+)"
220.181.108.94 - - [30/Oct/2014:10:55:28 +0100] "GET / HTTP/1.1" 200 2371 "-" "Mozilla/5.0 (compatible; Baiduspider/2.0; +http://www.baidu.com/search/spider.html)"
66.249.78.183 - - [30/Oct/2014:10:56:09 +0100] "GET /news.php?cs_go=archiv&cs_id=3394&cs_search= HTTP/1.1" 200 5365 "-" "Mozilla/5.0 (iPhone; CPU iPhone OS 6_0 like Mac OS X) AppleWebKit/536.26 (KHTML, like Gecko) Version/6.0 Mobile/10A5376e Safari/8536.25 (compatible; Googlebot/2.1; +http://www.google.com/bot.html)"
144.76.95.232 - - [30/Oct/2014:10:58:27 +0100] "GET /additive.php HTTP/1.0" 200 5226 "-" "Mozilla/5.0 (compatible; MJ12bot/v1.4.5; http://www.majestic12.co.uk/bot.php?+)"
144.76.95.232 - - [30/Oct/2014:10:59:09 +0100] "GET /diesel.php HTTP/1.0" 200 5226 "-" "Mozilla/5.0 (compatible; MJ12bot/v1.4.5; http://www.majestic12.co.uk/bot.php?+)"
144.76.95.232 - - [30/Oct/2014:10:59:55 +0100] "GET /news.php?cs_go=archiv&cs_id=4260 HTTP/1.0" 200 5365 "-" "Mozilla/5.0 (compatible; MJ12bot/v1.4.5; http://www.majestic12.co.uk/bot.php?+)"
144.76.95.232 - - [30/Oct/2014:11:00:38 +0100] "GET /news.php?cs_go=archiv&cs_id=4309 HTTP/1.0" 200 5365 "-" "Mozilla/5.0 (compatible; MJ12bot/v1.4.5; http://www.majestic12.co.uk/bot.php?+)"
144.76.95.232 - - [30/Oct/2014:11:01:19 +0100] "GET /news.php?cs_go=archiv&cs_id=4310 HTTP/1.0" 200 5365 "-" "Mozilla/5.0 (compatible; MJ12bot/v1.4.5; http://www.majestic12.co.uk/bot.php?+)"
144.76.95.232 - - [30/Oct/2014:11:02:01 +0100] "GET /news.php?cs_go=archiv&cs_id=4832&cs_search= HTTP/1.0" 200 5365 "-" "Mozilla/5.0 (compatible; MJ12bot/v1.4.5; http://www.majestic12.co.uk/bot.php?+)"
144.76.95.232 - - [30/Oct/2014:11:02:43 +0100] "GET /news.php?cs_go=archiv&cs_id=4846 HTTP/1.0" 200 5365 "-" "Mozilla/5.0 (compatible; MJ12bot/v1.4.5; http://www.majestic12.co.uk/bot.php?+)"
66.249.78.183 - - [30/Oct/2014:11:02:43 +0100] "GET /news.php?cs_go=archiv&cs_id=3394&cs_search= HTTP/1.1" 200 5365 "-" "Mozilla/5.0 (iPhone; CPU iPhone OS 6_0 like Mac OS X) AppleWebKit/536.26 (KHTML, like Gecko) Version/6.0 Mobile/10A5376e Safari/8536.25 (compatible; Googlebot/2.1; +http://www.google.com/bot.html)"
144.76.95.232 - - [30/Oct/2014:11:03:55 +0100] "GET /news.php?cs_go=archiv&cs_id=5134&cs_search= HTTP/1.0" 200 5365 "-" "Mozilla/5.0 (compatible; MJ12bot/v1.4.5; http://www.majestic12.co.uk/bot.php?+)"
144.76.95.232 - - [30/Oct/2014:11:04:37 +0100] "GET /news.php?cs_go=archiv&cs_startpos=171 HTTP/1.0" 200 5365 "-" "Mozilla/5.0 (compatible; MJ12bot/v1.4.5; http://www.majestic12.co.uk/bot.php?+)"
66.249.78.183 - - [30/Oct/2014:11:11:59 +0100] "GET /news.php?cs_go=archiv&cs_id=3394&cs_search= HTTP/1.1" 200 5365 "-" "Mozilla/5.0 (iPhone; CPU iPhone OS 6_0 like Mac OS X) AppleWebKit/536.26 (KHTML, like Gecko) Version/6.0 Mobile/10A5376e Safari/8536.25 (compatible; Googlebot/2.1; +http://www.google.com/bot.html)"
207.46.13.83 - - [30/Oct/2014:11:17:23 +0100] "GET /impressum.php HTTP/1.1" 200 6306 "-" "Mozilla/5.0 (compatible; bingbot/2.0; +http://www.bing.com/bingbot.htm)"
157.55.39.250 - - [30/Oct/2014:11:17:34 +0100] "GET /robots.txt HTTP/1.1" 200 177 "-" "Mozilla/5.0 (compatible; bingbot/2.0; +http://www.bing.com/bingbot.htm)"
207.46.13.83 - - [30/Oct/2014:11:17:39 +0100] "GET /modul.css HTTP/1.1" 200 35038 "-" "Mozilla/5.0 (compatible; bingbot/2.0; +http://www.bing.com/bingbot.htm)"
207.46.13.83 - - [30/Oct/2014:11:17:39 +0100] "GET /style.css HTTP/1.1" 200 8402 "-" "Mozilla/5.0 (compatible; bingbot/2.0; +http://www.bing.com/bingbot.htm)"
199.58.86.209 - - [30/Oct/2014:12:02:04 +0100] "GET /robots.txt HTTP/1.0" 200 177 "-" "Mozilla/5.0 (compatible; MJ12bot/v1.4.5; http://www.majestic12.co.uk/bot.php?+)"
199.58.86.209 - - [30/Oct/2014:12:02:06 +0100] "GET /news.php?cs_go=archiv&cs_id=2950 HTTP/1.0" 200 5365 "-" "Mozilla/5.0 (compatible; MJ12bot/v1.4.5; http://www.majestic12.co.uk/bot.php?+)"
199.58.86.209 - - [30/Oct/2014:12:02:48 +0100] "GET /news.php?cs_go=archiv&cs_id=3968 HTTP/1.0" 200 5365 "-" "Mozilla/5.0 (compatible; MJ12bot/v1.4.5; http://www.majestic12.co.uk/bot.php?+)"
66.249.64.104 - - [30/Oct/2014:12:14:08 +0100] "GET /preisanfrage.php HTTP/1.1" 200 5002 "-" "DoCoMo/2.0 N905i(c100;TB;W24H16) (compatible; Googlebot-Mobile/2.1; +http://www.google.com/bot.html)"
199.30.24.250 - - [30/Oct/2014:12:18:38 +0100] "GET /images/wrapperbg.jpg HTTP/1.1" 200 27465 "http://www.mink-gmbh.de/impressum.php" "Mozilla/5.0 (Windows NT 6.1; WOW64) AppleWebKit/534+ (KHTML, like Gecko) BingPreview/1.0b"
199.30.24.250 - - [30/Oct/2014:12:18:38 +0100] "GET /images/bg.png HTTP/1.1" 200 922 "http://www.mink-gmbh.de/impressum.php" "Mozilla/5.0 (Windows NT 6.1; WOW64) AppleWebKit/534+ (KHTML, like Gecko) BingPreview/1.0b"
199.30.24.250 - - [30/Oct/2014:12:18:38 +0100] "GET /images/newsletter.png HTTP/1.1" 200 14619 "http://www.mink-gmbh.de/impressum.php" "Mozilla/5.0 (Windows NT 6.1; WOW64) AppleWebKit/534+ (KHTML, like Gecko) BingPreview/1.0b"
199.30.24.250 - - [30/Oct/2014:12:18:38 +0100] "GET /images/header.jpg HTTP/1.1" 200 25189 "http://www.mink-gmbh.de/impressum.php" "Mozilla/5.0 (Windows NT 6.1; WOW64) AppleWebKit/534+ (KHTML, like Gecko) BingPreview/1.0b"
199.30.24.250 - - [30/Oct/2014:12:18:39 +0100] "GET /images/navibg.png HTTP/1.1" 200 2803 "http://www.mink-gmbh.de/impressum.php" "Mozilla/5.0 (Windows NT 6.1; WOW64) AppleWebKit/534+ (KHTML, like Gecko) BingPreview/1.0b"
199.30.24.250 - - [30/Oct/2014:12:18:39 +0100] "GET /images/footerbg.jpg HTTP/1.1" 200 2184 "http://www.mink-gmbh.de/impressum.php" "Mozilla/5.0 (Windows NT 6.1; WOW64) AppleWebKit/534+ (KHTML, like Gecko) BingPreview/1.0b"
66.249.64.112 - - [30/Oct/2014:12:20:59 +0100] "GET /preisanfrage.php HTTP/1.1" 200 5002 "-" "DoCoMo/2.0 N905i(c100;TB;W24H16) (compatible; Googlebot-Mobile/2.1; +http://www.google.com/bot.html)"
78.47.15.198 - - [30/Oct/2014:12:26:11 +0100] "GET /robots.txt HTTP/1.1" 200 177 "-" "Mozilla/5.0 (compatible; uMBot-IC/1.0; mailto: crawling@ubermetrics-technologies.com)"
78.47.15.198 - - [30/Oct/2014:12:26:11 +0100] "GET /jobs.php HTTP/1.1" 200 4965 "-" "Mozilla/5.0 (compatible; uMBot-IC/1.0; mailto: crawling@ubermetrics-technologies.com)"
66.249.64.108 - - [30/Oct/2014:12:29:59 +0100] "GET /preisanfrage.php HTTP/1.1" 200 5002 "-" "DoCoMo/2.0 N905i(c100;TB;W24H16) (compatible; Googlebot-Mobile/2.1; +http://www.google.com/bot.html)"
178.63.80.14 - - [30/Oct/2014:12:54:26 +0100] "GET /robots.txt HTTP/1.1" 200 177 "-" "Mozilla/5.0 (compatible; uMBot-IC/1.0; mailto: crawling@ubermetrics-technologies.com)"
178.63.80.14 - - [30/Oct/2014:12:54:26 +0100] "GET /jobs.php HTTP/1.1" 200 4965 "-" "Mozilla/5.0 (compatible; uMBot-IC/1.0; mailto: crawling@ubermetrics-technologies.com)"
123.125.71.28 - - [30/Oct/2014:12:57:15 +0100] "GET / HTTP/1.1" 200 2371 "-" "Mozilla/5.0 (compatible; Baiduspider/2.0; +http://www.baidu.com/search/spider.html)"
220.181.108.118 - - [30/Oct/2014:12:58:01 +0100] "GET / HTTP/1.1" 200 2371 "-" "Mozilla/5.0 (compatible; Baiduspider/2.0; +http://www.baidu.com/search/spider.html)"
5.9.16.51 - - [30/Oct/2014:13:09:13 +0100] "GET / HTTP/1.0" 200 4606 "-" "-"
5.9.16.51 - - [30/Oct/2014:13:12:22 +0100] "GET / HTTP/1.0" 200 8120 "-" "-"
85.13.131.53 - - [30/Oct/2014:14:07:37 +0100] "GET / HTTP/1.0" 200 4606 "-" "-"
85.13.131.53 - - [30/Oct/2014:14:10:48 +0100] "GET / HTTP/1.0" 200 8120 "-" "-"
144.76.95.232 - - [30/Oct/2014:14:45:41 +0100] "GET /robots.txt HTTP/1.0" 200 177 "-" "Mozilla/5.0 (compatible; MJ12bot/v1.4.5; http://www.majestic12.co.uk/bot.php?+)"
144.76.95.232 - - [30/Oct/2014:14:45:43 +0100] "GET /news.php?cs_go=archiv&cs_id=4145&cs_search= HTTP/1.0" 200 5365 "-" "Mozilla/5.0 (compatible; MJ12bot/v1.4.5; http://www.majestic12.co.uk/bot.php?+)"
123.125.71.55 - - [30/Oct/2014:14:50:50 +0100] "GET / HTTP/1.1" 200 2371 "-" "Mozilla/5.0 (compatible; Baiduspider/2.0; +http://www.baidu.com/search/spider.html)"
220.181.108.122 - - [30/Oct/2014:14:51:01 +0100] "GET / HTTP/1.1" 200 2371 "-" "Mozilla/5.0 (compatible; Baiduspider/2.0; +http://www.baidu.com/search/spider.html)"
66.249.78.183 - - [30/Oct/2014:15:24:22 +0100] "GET /news.php?cs_go=archiv&cs_id=4332 HTTP/1.1" 200 5365 "-" "Mozilla/5.0 (iPhone; CPU iPhone OS 6_0 like Mac OS X) AppleWebKit/536.26 (KHTML, like Gecko) Version/6.0 Mobile/10A5376e Safari/8536.25 (compatible; Googlebot/2.1; +http://www.google.com/bot.html)"
66.249.78.183 - - [30/Oct/2014:15:36:22 +0100] "GET /news.php?cs_go=archiv&cs_id=4332 HTTP/1.1" 200 5365 "-" "Mozilla/5.0 (iPhone; CPU iPhone OS 6_0 like Mac OS X) AppleWebKit/536.26 (KHTML, like Gecko) Version/6.0 Mobile/10A5376e Safari/8536.25 (compatible; Googlebot/2.1; +http://www.google.com/bot.html)"
66.249.78.176 - - [30/Oct/2014:15:48:22 +0100] "GET /news.php?cs_go=archiv&cs_id=4332 HTTP/1.1" 200 5365 "-" "Mozilla/5.0 (iPhone; CPU iPhone OS 6_0 like Mac OS X) AppleWebKit/536.26 (KHTML, like Gecko) Version/6.0 Mobile/10A5376e Safari/8536.25 (compatible; Googlebot/2.1; +http://www.google.com/bot.html)"
66.249.64.104 - - [30/Oct/2014:15:51:22 +0100] "GET /preisanfrage.php HTTP/1.1" 200 5002 "-" "DoCoMo/2.0 N905i(c100;TB;W24H16) (compatible; Googlebot-Mobile/2.1; +http://www.google.com/bot.html)"
5.9.16.51 - - [30/Oct/2014:15:51:17 +0100] "GET / HTTP/1.0" 200 4606 "-" "-"
66.249.64.104 - - [30/Oct/2014:16:00:22 +0100] "GET /preisanfrage.php HTTP/1.1" 200 5002 "-" "DoCoMo/2.0 N905i(c100;TB;W24H16) (compatible; Googlebot-Mobile/2.1; +http://www.google.com/bot.html)"
5.9.16.51 - - [30/Oct/2014:15:57:28 +0100] "GET / HTTP/1.0" 200 4606 "-" "-"
5.9.16.51 - - [30/Oct/2014:15:54:26 +0100] "GET / HTTP/1.0" 200 8120 "-" "-"
66.249.78.190 - - [30/Oct/2014:16:09:22 +0100] "GET /robots.txt HTTP/1.1" 200 177 "-" "Mozilla/5.0 (compatible; Googlebot/2.1; +http://www.google.com/bot.html)"
5.9.16.51 - - [30/Oct/2014:16:03:34 +0100] "GET / HTTP/1.0" 200 4606 "-" "-"
5.9.16.51 - - [30/Oct/2014:16:00:37 +0100] "GET / HTTP/1.0" 200 8120 "-" "-"
66.249.64.104 - - [30/Oct/2014:16:09:22 +0100] "GET /preisanfrage.php HTTP/1.1" 200 5002 "-" "DoCoMo/2.0 N905i(c100;TB;W24H16) (compatible; Googlebot-Mobile/2.1; +http://www.google.com/bot.html)"
5.9.16.51 - - [30/Oct/2014:16:06:43 +0100] "GET / HTTP/1.0" 200 8120 "-" "-"
85.13.131.53 - - [30/Oct/2014:16:32:25 +0100] "GET / HTTP/1.0" 200 4606 "-" "-"
85.13.131.53 - - [30/Oct/2014:16:35:34 +0100] "GET / HTTP/1.0" 200 8120 "-" "-"
85.13.131.53 - - [30/Oct/2014:16:39:10 +0100] "GET / HTTP/1.0" 200 4606 "-" "-"
85.13.131.53 - - [30/Oct/2014:16:42:19 +0100] "GET / HTTP/1.0" 200 8120 "-" "-"
85.13.131.53 - - [30/Oct/2014:16:46:03 +0100] "GET / HTTP/1.0" 200 4606 "-" "-"
85.13.131.53 - - [30/Oct/2014:16:49:13 +0100] "GET / HTTP/1.0" 200 8120 "-" "-"
66.249.78.176 - - [30/Oct/2014:17:37:28 +0100] "GET /news.php?cs_go=archiv&cs_id=4646 HTTP/1.1" 200 5365 "-" "Mozilla/5.0 (compatible; Googlebot/2.1; +http://www.google.com/bot.html)"
66.249.78.190 - - [30/Oct/2014:17:52:28 +0100] "GET /robots.txt HTTP/1.1" 200 177 "-" "Mozilla/5.0 (compatible; Googlebot/2.1; +http://www.google.com/bot.html)"
66.249.78.176 - - [30/Oct/2014:17:52:28 +0100] "GET /news.php?cs_go=archiv&cs_id=4646 HTTP/1.1" 200 5365 "-" "Mozilla/5.0 (compatible; Googlebot/2.1; +http://www.google.com/bot.html)"
66.249.78.190 - - [30/Oct/2014:18:01:29 +0100] "GET /news.php?cs_go=archiv&cs_id=4646 HTTP/1.1" 200 5365 "-" "Mozilla/5.0 (compatible; Googlebot/2.1; +http://www.google.com/bot.html)"
66.249.67.64 - - [30/Oct/2014:18:16:32 +0100] "GET /preisanfrage.php HTTP/1.1" 200 5002 "-" "DoCoMo/2.0 N905i(c100;TB;W24H16) (compatible; Googlebot-Mobile/2.1; +http://www.google.com/bot.html)"
78.47.15.198 - - [30/Oct/2014:18:26:23 +0100] "GET /robots.txt HTTP/1.1" 200 177 "-" "Mozilla/5.0 (compatible; uMBot-IC/1.0; mailto: crawling@ubermetrics-technologies.com)"
78.47.15.198 - - [30/Oct/2014:18:26:23 +0100] "GET /jobs.php HTTP/1.1" 200 4965 "-" "Mozilla/5.0 (compatible; uMBot-IC/1.0; mailto: crawling@ubermetrics-technologies.com)"
66.249.67.64 - - [30/Oct/2014:18:25:32 +0100] "GET /preisanfrage.php HTTP/1.1" 200 5002 "-" "DoCoMo/2.0 N905i(c100;TB;W24H16) (compatible; Googlebot-Mobile/2.1; +http://www.google.com/bot.html)"
65.36.241.79 - - [30/Oct/2014:18:38:45 +0100] "HEAD / HTTP/1.1" 200 - "-" "InternetSeer.com"
66.249.64.112 - - [30/Oct/2014:18:37:32 +0100] "GET /preisanfrage.php HTTP/1.1" 200 5002 "-" "DoCoMo/2.0 N905i(c100;TB;W24H16) (compatible; Googlebot-Mobile/2.1; +http://www.google.com/bot.html)"
208.115.111.75 - - [30/Oct/2014:18:51:08 +0100] "GET /robots.txt HTTP/1.1" 200 177 "-" "Mozilla/5.0 (compatible; DotBot/1.1; http://www.opensiteexplorer.org/dotbot, help@moz.com)"
66.249.78.190 - - [30/Oct/2014:18:48:01 +0100] "GET / HTTP/1.1" 200 4480 "-" "Mozilla/5.0 (iPhone; CPU iPhone OS 6_0 like Mac OS X) AppleWebKit/536.26 (KHTML, like Gecko) Version/6.0 Mobile/10A5376e Safari/8536.25 (compatible; Googlebot/2.1; +http://www.google.com/bot.html)"
66.249.78.183 - - [30/Oct/2014:18:51:01 +0100] "GET /news.php?cs_go=archiv&cs_id=5356 HTTP/1.1" 200 5365 "-" "Mozilla/5.0 (compatible; Googlebot/2.1; +http://www.google.com/bot.html)"
178.63.80.14 - - [30/Oct/2014:18:54:34 +0100] "GET /robots.txt HTTP/1.1" 200 177 "-" "Mozilla/5.0 (compatible; uMBot-IC/1.0; mailto: crawling@ubermetrics-technologies.com)"
178.63.80.14 - - [30/Oct/2014:18:54:34 +0100] "GET /jobs.php HTTP/1.1" 200 4965 "-" "Mozilla/5.0 (compatible; uMBot-IC/1.0; mailto: crawling@ubermetrics-technologies.com)"
66.249.78.183 - - [30/Oct/2014:19:03:01 +0100] "GET /news.php?cs_go=archiv&cs_id=5356 HTTP/1.1" 200 5365 "-" "Mozilla/5.0 (compatible; Googlebot/2.1; +http://www.google.com/bot.html)"
66.249.78.176 - - [30/Oct/2014:19:09:30 +0100] "GET /news.php?cs_go=archiv&cs_id=5356 HTTP/1.1" 200 5365 "-" "Mozilla/5.0 (compatible; Googlebot/2.1; +http://www.google.com/bot.html)"
66.249.78.176 - - [30/Oct/2014:19:15:58 +0100] "GET / HTTP/1.1" 200 4480 "-" "Mozilla/5.0 (iPhone; CPU iPhone OS 6_0 like Mac OS X) AppleWebKit/536.26 (KHTML, like Gecko) Version/6.0 Mobile/10A5376e Safari/8536.25 (compatible; Googlebot/2.1; +http://www.google.com/bot.html)"
66.249.64.104 - - [30/Oct/2014:19:21:58 +0100] "GET /news.php?cs_go=archiv&cs_id=3394&cs_search= HTTP/1.1" 200 5365 "-" "Mozilla/5.0 (iPhone; CPU iPhone OS 6_0 like Mac OS X) AppleWebKit/536.26 (KHTML, like Gecko) Version/6.0 Mobile/10A5376e Safari/8536.25 (compatible; Googlebot/2.1; +http://www.google.com/bot.html)"
66.249.78.176 - - [30/Oct/2014:19:27:58 +0100] "GET / HTTP/1.1" 200 4480 "-" "Mozilla/5.0 (iPhone; CPU iPhone OS 6_0 like Mac OS X) AppleWebKit/536.26 (KHTML, like Gecko) Version/6.0 Mobile/10A5376e Safari/8536.25 (compatible; Googlebot/2.1; +http://www.google.com/bot.html)"
66.249.78.176 - - [30/Oct/2014:19:33:58 +0100] "GET /news.php?cs_go=archiv&cs_id=3394&cs_search= HTTP/1.1" 200 5365 "-" "Mozilla/5.0 (iPhone; CPU iPhone OS 6_0 like Mac OS X) AppleWebKit/536.26 (KHTML, like Gecko) Version/6.0 Mobile/10A5376e Safari/8536.25 (compatible; Googlebot/2.1; +http://www.google.com/bot.html)"
66.249.78.190 - - [30/Oct/2014:19:39:58 +0100] "GET / HTTP/1.1" 200 4480 "-" "Mozilla/5.0 (iPhone; CPU iPhone OS 6_0 like Mac OS X) AppleWebKit/536.26 (KHTML, like Gecko) Version/6.0 Mobile/10A5376e Safari/8536.25 (compatible; Googlebot/2.1; +http://www.google.com/bot.html)"
66.249.78.190 - - [30/Oct/2014:19:45:57 +0100] "GET /news.php?cs_go=archiv&cs_id=3394&cs_search= HTTP/1.1" 200 5365 "-" "Mozilla/5.0 (iPhone; CPU iPhone OS 6_0 like Mac OS X) AppleWebKit/536.26 (KHTML, like Gecko) Version/6.0 Mobile/10A5376e Safari/8536.25 (compatible; Googlebot/2.1; +http://www.google.com/bot.html)"
208.115.111.75 - - [30/Oct/2014:20:34:50 +0100] "GET /news.php?cs_go=archiv&cs_id=5169&cs_search= HTTP/1.1" 200 5365 "-" "Mozilla/5.0 (compatible; DotBot/1.1; http://www.opensiteexplorer.org/dotbot, help@moz.com)"
208.115.111.75 - - [30/Oct/2014:20:34:56 +0100] "GET /news.php?cs_go=archiv&cs_startpos=50 HTTP/1.1" 200 5365 "-" "Mozilla/5.0 (compatible; DotBot/1.1; http://www.opensiteexplorer.org/dotbot, help@moz.com)"
208.115.113.91 - - [30/Oct/2014:20:58:06 +0100] "GET /robots.txt HTTP/1.1" 200 177 "-" "Mozilla/5.0 (compatible; DotBot/1.1; http://www.opensiteexplorer.org/dotbot, help@moz.com)"
66.249.78.183 - - [30/Oct/2014:21:15:39 +0100] "GET /news.php?cs_go=archiv&cs_id=4386 HTTP/1.1" 200 5365 "-" "Mozilla/5.0 (iPhone; CPU iPhone OS 6_0 like Mac OS X) AppleWebKit/536.26 (KHTML, like Gecko) Version/6.0 Mobile/10A5376e Safari/8536.25 (compatible; Googlebot/2.1; +http://www.google.com/bot.html)"
208.115.113.91 - - [30/Oct/2014:21:26:24 +0100] "GET /news.php?cs_go=archiv&cs_id=5134 HTTP/1.1" 200 5365 "-" "Mozilla/5.0 (compatible; DotBot/1.1; http://www.opensiteexplorer.org/dotbot, help@moz.com)"
66.249.78.176 - - [30/Oct/2014:21:27:38 +0100] "GET /news.php?cs_go=archiv&cs_id=4386 HTTP/1.1" 200 5365 "-" "Mozilla/5.0 (iPhone; CPU iPhone OS 6_0 like Mac OS X) AppleWebKit/536.26 (KHTML, like Gecko) Version/6.0 Mobile/10A5376e Safari/8536.25 (compatible; Googlebot/2.1; +http://www.google.com/bot.html)"
66.249.78.190 - - [30/Oct/2014:21:37:03 +0100] "GET /news.php?cs_go=archiv&cs_id=4386 HTTP/1.1" 200 5365 "-" "Mozilla/5.0 (iPhone; CPU iPhone OS 6_0 like Mac OS X) AppleWebKit/536.26 (KHTML, like Gecko) Version/6.0 Mobile/10A5376e Safari/8536.25 (compatible; Googlebot/2.1; +http://www.google.com/bot.html)"
208.115.113.91 - - [30/Oct/2014:22:43:06 +0100] "GET /news.php?cs_go=archiv&cs_id=5332&cs_search= HTTP/1.1" 200 5365 "-" "Mozilla/5.0 (compatible; DotBot/1.1; http://www.opensiteexplorer.org/dotbot, help@moz.com)"
84.146.255.53 - - [30/Oct/2014:23:10:16 +0100] "GET /kwk.php?cs_go=3 HTTP/1.1" 200 5369 "-" "Mozilla/5.0 (Windows; U; Windows NT 5.1; en-US; rv:1.9.1) Gecko/20090624 Firefox/3.5"
157.55.39.250 - - [31/Oct/2014:00:00:58 +0100] "GET /news.php?cs_go=archiv&cs_id=4351 HTTP/1.1" 200 5365 "-" "Mozilla/5.0 (compatible; bingbot/2.0; +http://www.bing.com/bingbot.htm)"
5.9.16.51 - - [31/Oct/2014:00:03:48 +0100] "GET / HTTP/1.0" 200 4606 "-" "-"
5.9.16.51 - - [31/Oct/2014:00:06:57 +0100] "GET / HTTP/1.0" 200 8120 "-" "-"
5.9.16.51 - - [31/Oct/2014:00:10:46 +0100] "GET / HTTP/1.0" 200 4606 "-" "-"
123.125.71.56 - - [31/Oct/2014:00:14:38 +0100] "GET / HTTP/1.1" 200 1139 "-" "Mozilla/5.0 (compatible; Baiduspider/2.0; +http://www.baidu.com/search/spider.html)"
220.181.108.89 - - [31/Oct/2014:00:14:58 +0100] "GET / HTTP/1.1" 200 1139 "-" "Mozilla/5.0 (compatible; Baiduspider/2.0; +http://www.baidu.com/search/spider.html)"
5.9.16.51 - - [31/Oct/2014:00:13:55 +0100] "GET / HTTP/1.0" 200 8120 "-" "-"
5.9.16.51 - - [31/Oct/2014:00:17:15 +0100] "GET / HTTP/1.0" 200 4606 "-" "-"
78.47.15.198 - - [31/Oct/2014:00:26:34 +0100] "GET /robots.txt HTTP/1.1" 200 177 "-" "Mozilla/5.0 (compatible; uMBot-IC/1.0; mailto: crawling@ubermetrics-technologies.com)"
78.47.15.198 - - [31/Oct/2014:00:26:34 +0100] "GET /jobs.php HTTP/1.1" 200 4965 "-" "Mozilla/5.0 (compatible; uMBot-IC/1.0; mailto: crawling@ubermetrics-technologies.com)"
5.9.16.51 - - [31/Oct/2014:00:20:24 +0100] "GET / HTTP/1.0" 200 8120 "-" "-"
66.249.78.176 - - [31/Oct/2014:00:47:20 +0100] "GET /news.php?cs_go=archiv&cs_id=4308 HTTP/1.1" 200 5365 "-" "Mozilla/5.0 (iPhone; CPU iPhone OS 6_0 like Mac OS X) AppleWebKit/536.26 (KHTML, like Gecko) Version/6.0 Mobile/10A5376e Safari/8536.25 (compatible; Googlebot/2.1; +http://www.google.com/bot.html)"
178.63.80.14 - - [31/Oct/2014:00:54:44 +0100] "GET /robots.txt HTTP/1.1" 200 177 "-" "Mozilla/5.0 (compatible; uMBot-IC/1.0; mailto: crawling@ubermetrics-technologies.com)"
178.63.80.14 - - [31/Oct/2014:00:54:44 +0100] "GET /jobs.php HTTP/1.1" 200 4965 "-" "Mozilla/5.0 (compatible; uMBot-IC/1.0; mailto: crawling@ubermetrics-technologies.com)"
66.249.78.183 - - [31/Oct/2014:00:59:21 +0100] "GET /news.php?cs_go=archiv&cs_id=4308 HTTP/1.1" 200 5365 "-" "Mozilla/5.0 (iPhone; CPU iPhone OS 6_0 like Mac OS X) AppleWebKit/536.26 (KHTML, like Gecko) Version/6.0 Mobile/10A5376e Safari/8536.25 (compatible; Googlebot/2.1; +http://www.google.com/bot.html)"
207.46.13.83 - - [31/Oct/2014:01:10:49 +0100] "GET /robots.txt HTTP/1.1" 200 177 "-" "Mozilla/5.0 (compatible; bingbot/2.0; +http://www.bing.com/bingbot.htm)"
207.46.13.83 - - [31/Oct/2014:01:10:24 +0100] "GET / HTTP/1.1" 200 2371 "-" "Mozilla/5.0 (compatible; bingbot/2.0; +http://www.bing.com/bingbot.htm)"
66.249.78.190 - - [31/Oct/2014:01:11:20 +0100] "GET /news.php?cs_go=archiv&cs_id=4308 HTTP/1.1" 200 5365 "-" "Mozilla/5.0 (iPhone; CPU iPhone OS 6_0 like Mac OS X) AppleWebKit/536.26 (KHTML, like Gecko) Version/6.0 Mobile/10A5376e Safari/8536.25 (compatible; Googlebot/2.1; +http://www.google.com/bot.html)"
141.8.147.3 - - [31/Oct/2014:01:16:04 +0100] "GET /robots.txt HTTP/1.1" 200 177 "-" "Mozilla/5.0 (compatible; YandexBot/3.0; +http://yandex.com/bots)"
5.255.253.50 - - [31/Oct/2014:01:16:06 +0100] "GET / HTTP/1.1" 200 4480 "-" "Mozilla/5.0 (compatible; YandexBot/3.0; +http://yandex.com/bots)"
95.108.158.238 - - [31/Oct/2014:01:18:39 +0100] "GET / HTTP/1.1" 200 4480 "-" "Mozilla/5.0 (compatible; YandexBot/3.0; +http://yandex.com/bots)"
178.154.243.91 - - [31/Oct/2014:01:21:23 +0100] "GET / HTTP/1.1" 200 4480 "-" "Mozilla/5.0 (compatible; YandexBot/3.0; +http://yandex.com/bots)"
95.108.154.251 - - [31/Oct/2014:01:24:22 +0100] "GET / HTTP/1.1" 200 4480 "-" "Mozilla/5.0 (compatible; YandexBot/3.0; +http://yandex.com/bots)"
148.251.78.167 - - [31/Oct/2014:02:07:55 +0100] "GET /style.css HTTP/1.1" 200 8402 "http://www.abcd4.de/link.php" "Mozilla/5.0 (Macintosh; Intel Mac OS X 10_9_5) AppleWebKit/600.1.17 (KHTML, like Gecko) Version/7.1 Safari/537.85.10"
148.251.78.167 - - [31/Oct/2014:02:07:55 +0100] "GET /modul.css HTTP/1.1" 200 35038 "http://www.abcd4.de/link.php" "Mozilla/5.0 (Macintosh; Intel Mac OS X 10_9_5) AppleWebKit/600.1.17 (KHTML, like Gecko) Version/7.1 Safari/537.85.10"
66.249.78.176 - - [31/Oct/2014:02:10:03 +0100] "GET /news.php?cs_go=archiv&cs_id=4709 HTTP/1.1" 200 5365 "-" "Mozilla/5.0 (iPhone; CPU iPhone OS 6_0 like Mac OS X) AppleWebKit/536.26 (KHTML, like Gecko) Version/6.0 Mobile/10A5376e Safari/8536.25 (compatible; Googlebot/2.1; +http://www.google.com/bot.html)"
148.251.78.167 - - [31/Oct/2014:02:07:55 +0100] "GET / HTTP/1.1" 200 8120 "http://www.abcd4.de/link.php" "Mozilla/5.0 (Macintosh; Intel Mac OS X 10_9_5) AppleWebKit/600.1.17 (KHTML, like Gecko) Version/7.1 Safari/537.85.10"
66.249.78.190 - - [31/Oct/2014:02:20:47 +0100] "GET /news.php?cs_go=archiv&cs_id=4709 HTTP/1.1" 200 5365 "-" "Mozilla/5.0 (iPhone; CPU iPhone OS 6_0 like Mac OS X) AppleWebKit/536.26 (KHTML, like Gecko) Version/6.0 Mobile/10A5376e Safari/8536.25 (compatible; Googlebot/2.1; +http://www.google.com/bot.html)"
66.249.78.176 - - [31/Oct/2014:02:27:30 +0100] "GET /lexikon.php HTTP/1.1" 200 5379 "-" "Mozilla/5.0 (iPhone; CPU iPhone OS 6_0 like Mac OS X) AppleWebKit/536.26 (KHTML, like Gecko) Version/6.0 Mobile/10A5376e Safari/8536.25 (compatible; Googlebot/2.1; +http://www.google.com/bot.html)"
66.249.78.190 - - [31/Oct/2014:02:27:33 +0100] "GET /news.php?cs_go=archiv&cs_id=4709 HTTP/1.1" 200 5365 "-" "Mozilla/5.0 (iPhone; CPU iPhone OS 6_0 like Mac OS X) AppleWebKit/536.26 (KHTML, like Gecko) Version/6.0 Mobile/10A5376e Safari/8536.25 (compatible; Googlebot/2.1; +http://www.google.com/bot.html)"
66.249.78.176 - - [31/Oct/2014:02:31:06 +0100] "GET /lexikon.php?cs_go=2&cs_char=g HTTP/1.1" 200 5379 "-" "Mozilla/5.0 (iPhone; CPU iPhone OS 6_0 like Mac OS X) AppleWebKit/536.26 (KHTML, like Gecko) Version/6.0 Mobile/10A5376e Safari/8536.25 (compatible; Googlebot/2.1; +http://www.google.com/bot.html)"
66.249.78.183 - - [31/Oct/2014:03:14:33 +0100] "GET /lexikon.php?cs_go=3&cs_id=119 HTTP/1.1" 200 5379 "-" "Mozilla/5.0 (iPhone; CPU iPhone OS 6_0 like Mac OS X) AppleWebKit/536.26 (KHTML, like Gecko) Version/6.0 Mobile/10A5376e Safari/8536.25 (compatible; Googlebot/2.1; +http://www.google.com/bot.html)"
182.118.44.27 - - [31/Oct/2014:04:53:43 +0100] "GET /style.css HTTP/1.1" 200 8402 "http://www.mink-gmbh.de/" "Mozilla/4.0 (compatible; MSIE 8.0; Windows NT 6.1; Trident/4.0; SLCC2; .NET CLR 2.0.50727; .NET CLR 3.5.30729; .NET CLR 3.0.30729; Media Center PC 6.0)"
182.118.44.27 - - [31/Oct/2014:04:53:43 +0100] "GET /modul.css HTTP/1.1" 200 35038 "http://www.mink-gmbh.de/" "Mozilla/4.0 (compatible; MSIE 8.0; Windows NT 6.1; Trident/4.0; SLCC2; .NET CLR 2.0.50727; .NET CLR 3.5.30729; .NET CLR 3.0.30729; Media Center PC 6.0)"
180.153.236.149 - - [31/Oct/2014:04:51:45 +0100] "GET / HTTP/1.1" 200 8120 "http://www.mink-gmbh.de/" "Mozilla/5.0 (compatible; MSIE 9.0; Windows NT 6.1; Trident/5.0); 360Spider"
182.118.44.27 - - [31/Oct/2014:04:53:42 +0100] "GET / HTTP/1.1" 200 8120 "-" "Mozilla/4.0 (compatible; MSIE 8.0; Windows NT 6.1; Trident/4.0; SLCC2; .NET CLR 2.0.50727; .NET CLR 3.5.30729; .NET CLR 3.0.30729; Media Center PC 6.0)"
65.36.241.79 - - [31/Oct/2014:05:20:08 +0100] "HEAD / HTTP/1.1" 200 - "-" "InternetSeer.com"
5.9.88.82 - - [31/Oct/2014:05:37:36 +0100] "GET /robots.txt HTTP/1.1" 200 177 "-" "Python-urllib/2.7"
5.9.88.82 - - [31/Oct/2014:05:38:44 +0100] "GET /robots.txt HTTP/1.1" 200 177 "-" "Python-urllib/2.6"
5.9.88.82 - - [31/Oct/2014:05:38:44 +0100] "GET /style.css HTTP/1.1" 200 8402 "http://www.mink-gmbh.de/" "Mozilla/5.0 (X11; U; Linux x86_64; en-US; rv:1.9.1.16) Gecko"
5.9.88.82 - - [31/Oct/2014:05:38:44 +0100] "GET /modul.css HTTP/1.1" 200 35038 "http://www.mink-gmbh.de/" "Mozilla/5.0 (X11; U; Linux x86_64; en-US; rv:1.9.1.16) Gecko"
66.249.78.183 - - [31/Oct/2014:05:43:32 +0100] "GET /news.php?cs_go=archiv&cs_id=4900&cs_search= HTTP/1.1" 200 5365 "-" "Mozilla/5.0 (iPhone; CPU iPhone OS 6_0 like Mac OS X) AppleWebKit/536.26 (KHTML, like Gecko) Version/6.0 Mobile/10A5376e Safari/8536.25 (compatible; Googlebot/2.1; +http://www.google.com/bot.html)"
5.9.88.82 - - [31/Oct/2014:05:37:36 +0100] "GET / HTTP/1.1" 200 8120 "-" "Mozilla/5.0 (Windows NT 6.1; WOW64) AppleWebKit/537.4 (KHTML, like Gecko) Chrome/22.0.1229.94 Safari/537.4"
5.9.88.82 - - [31/Oct/2014:05:38:44 +0100] "GET / HTTP/1.1" 200 8120 "-" "Mozilla/5.0 (X11; U; Linux x86_64; en-US; rv:1.9.1.16) Gecko"
66.249.78.190 - - [31/Oct/2014:06:01:32 +0100] "GET /news.php?cs_go=archiv&cs_id=4900&cs_search= HTTP/1.1" 200 5365 "-" "Mozilla/5.0 (iPhone; CPU iPhone OS 6_0 like Mac OS X) AppleWebKit/536.26 (KHTML, like Gecko) Version/6.0 Mobile/10A5376e Safari/8536.25 (compatible; Googlebot/2.1; +http://www.google.com/bot.html)"
66.249.78.176 - - [31/Oct/2014:06:10:33 +0100] "GET /news.php?cs_go=archiv&cs_id=4194 HTTP/1.1" 200 5365 "-" "Mozilla/5.0 (iPhone; CPU iPhone OS 6_0 like Mac OS X) AppleWebKit/536.26 (KHTML, like Gecko) Version/6.0 Mobile/10A5376e Safari/8536.25 (compatible; Googlebot/2.1; +http://www.google.com/bot.html)"
5.9.88.82 - - [31/Oct/2014:06:16:54 +0100] "GET /robots.txt HTTP/1.1" 200 177 "-" "Python-urllib/2.7"
5.9.88.82 - - [31/Oct/2014:06:18:00 +0100] "GET /robots.txt HTTP/1.1" 200 177 "-" "Python-urllib/2.6"
5.9.88.82 - - [31/Oct/2014:06:18:00 +0100] "GET /style.css HTTP/1.1" 200 8402 "http://www.mink-gmbh.de/" "Mozilla/5.0 (X11; U; Linux x86_64; en-US; rv:1.9.1.16) Gecko"
5.9.88.82 - - [31/Oct/2014:06:18:00 +0100] "GET /modul.css HTTP/1.1" 200 35038 "http://www.mink-gmbh.de/" "Mozilla/5.0 (X11; U; Linux x86_64; en-US; rv:1.9.1.16) Gecko"
88.198.222.86 - - [31/Oct/2014:06:17:32 +0100] "GET / HTTP/1.0" 200 4606 "-" "-"
5.9.88.82 - - [31/Oct/2014:06:16:54 +0100] "GET / HTTP/1.1" 200 8120 "-" "Mozilla/5.0 (Windows NT 6.1; WOW64) AppleWebKit/537.4 (KHTML, like Gecko) Chrome/22.0.1229.94 Safari/537.4"
78.47.15.198 - - [31/Oct/2014:06:26:46 +0100] "GET /robots.txt HTTP/1.1" 200 177 "-" "Mozilla/5.0 (compatible; uMBot-IC/1.0; mailto: crawling@ubermetrics-technologies.com)"
78.47.15.198 - - [31/Oct/2014:06:26:46 +0100] "GET /jobs.php HTTP/1.1" 200 4965 "-" "Mozilla/5.0 (compatible; uMBot-IC/1.0; mailto: crawling@ubermetrics-technologies.com)"
5.9.88.82 - - [31/Oct/2014:06:18:00 +0100] "GET / HTTP/1.1" 200 8120 "-" "Mozilla/5.0 (X11; U; Linux x86_64; en-US; rv:1.9.1.16) Gecko"
66.249.78.190 - - [31/Oct/2014:06:26:59 +0100] "GET /news.php?cs_go=archiv&cs_id=4900&cs_search= HTTP/1.1" 200 5365 "-" "Mozilla/5.0 (iPhone; CPU iPhone OS 6_0 like Mac OS X) AppleWebKit/536.26 (KHTML, like Gecko) Version/6.0 Mobile/10A5376e Safari/8536.25 (compatible; Googlebot/2.1; +http://www.google.com/bot.html)"
88.198.222.86 - - [31/Oct/2014:06:20:42 +0100] "GET / HTTP/1.0" 200 8120 "-" "-"
88.198.222.86 - - [31/Oct/2014:06:24:06 +0100] "GET / HTTP/1.0" 200 4606 "-" "-"
5.9.16.51 - - [31/Oct/2014:06:27:36 +0100] "GET / HTTP/1.0" 200 4606 "-" "-"
88.198.222.86 - - [31/Oct/2014:06:27:16 +0100] "GET / HTTP/1.0" 200 8120 "-" "-"
88.198.222.86 - - [31/Oct/2014:06:31:31 +0100] "GET / HTTP/1.0" 200 4606 "-" "-"
5.9.16.51 - - [31/Oct/2014:06:30:46 +0100] "GET / HTTP/1.0" 200 8120 "-" "-"
5.9.16.51 - - [31/Oct/2014:06:34:12 +0100] "GET / HTTP/1.0" 200 4606 "-" "-"
66.249.78.190 - - [31/Oct/2014:06:38:59 +0100] "GET /news.php?cs_go=archiv&cs_id=4194 HTTP/1.1" 200 5365 "-" "Mozilla/5.0 (iPhone; CPU iPhone OS 6_0 like Mac OS X) AppleWebKit/536.26 (KHTML, like Gecko) Version/6.0 Mobile/10A5376e Safari/8536.25 (compatible; Googlebot/2.1; +http://www.google.com/bot.html)"
88.198.222.86 - - [31/Oct/2014:06:34:41 +0100] "GET / HTTP/1.0" 200 8120 "-" "-"
5.9.16.51 - - [31/Oct/2014:06:37:22 +0100] "GET / HTTP/1.0" 200 8120 "-" "-"
5.9.16.51 - - [31/Oct/2014:06:40:56 +0100] "GET / HTTP/1.0" 200 4606 "-" "-"
5.9.16.51 - - [31/Oct/2014:06:44:05 +0100] "GET / HTTP/1.0" 200 8120 "-" "-"
178.63.80.14 - - [31/Oct/2014:06:54:53 +0100] "GET /robots.txt HTTP/1.1" 200 177 "-" "Mozilla/5.0 (compatible; uMBot-IC/1.0; mailto: crawling@ubermetrics-technologies.com)"
178.63.80.14 - - [31/Oct/2014:06:54:53 +0100] "GET /jobs.php HTTP/1.1" 200 4965 "-" "Mozilla/5.0 (compatible; uMBot-IC/1.0; mailto: crawling@ubermetrics-technologies.com)"
66.249.64.108 - - [31/Oct/2014:06:58:42 +0100] "GET /news.php?cs_go=archiv&cs_id=4194 HTTP/1.1" 200 5365 "-" "Mozilla/5.0 (iPhone; CPU iPhone OS 6_0 like Mac OS X) AppleWebKit/536.26 (KHTML, like Gecko) Version/6.0 Mobile/10A5376e Safari/8536.25 (compatible; Googlebot/2.1; +http://www.google.com/bot.html)"
66.249.78.183 - - [31/Oct/2014:07:15:40 +0100] "GET /news.php?cs_go=archiv&cs_id=4386 HTTP/1.1" 200 5365 "-" "Mozilla/5.0 (iPhone; CPU iPhone OS 6_0 like Mac OS X) AppleWebKit/536.26 (KHTML, like Gecko) Version/6.0 Mobile/10A5376e Safari/8536.25 (compatible; Googlebot/2.1; +http://www.google.com/bot.html)"
66.249.78.176 - - [31/Oct/2014:07:27:40 +0100] "GET /news.php?cs_go=archiv&cs_id=4386 HTTP/1.1" 200 5365 "-" "Mozilla/5.0 (iPhone; CPU iPhone OS 6_0 like Mac OS X) AppleWebKit/536.26 (KHTML, like Gecko) Version/6.0 Mobile/10A5376e Safari/8536.25 (compatible; Googlebot/2.1; +http://www.google.com/bot.html)"
207.46.13.83 - - [31/Oct/2014:07:39:19 +0100] "GET /impressum.php HTTP/1.1" 200 6306 "-" "Mozilla/5.0 (compatible; bingbot/2.0; +http://www.bing.com/bingbot.htm)"
66.249.78.183 - - [31/Oct/2014:07:39:40 +0100] "GET /news.php?cs_go=archiv&cs_id=4386 HTTP/1.1" 200 5365 "-" "Mozilla/5.0 (iPhone; CPU iPhone OS 6_0 like Mac OS X) AppleWebKit/536.26 (KHTML, like Gecko) Version/6.0 Mobile/10A5376e Safari/8536.25 (compatible; Googlebot/2.1; +http://www.google.com/bot.html)"
5.9.88.82 - - [31/Oct/2014:07:48:49 +0100] "GET /robots.txt HTTP/1.1" 200 177 "-" "Python-urllib/2.7"
5.9.88.82 - - [31/Oct/2014:07:49:56 +0100] "GET /robots.txt HTTP/1.1" 200 177 "-" "Python-urllib/2.6"
5.9.88.82 - - [31/Oct/2014:07:49:56 +0100] "GET /style.css HTTP/1.1" 200 8402 "http://www.mink-gmbh.de/" "Mozilla/5.0 (X11; U; Linux x86_64; en-US; rv:1.9.1.16) Gecko"
5.9.88.82 - - [31/Oct/2014:07:49:56 +0100] "GET /modul.css HTTP/1.1" 200 35038 "http://www.mink-gmbh.de/" "Mozilla/5.0 (X11; U; Linux x86_64; en-US; rv:1.9.1.16) Gecko"
