91.23.39.50 - - [09/Oct/2014:10:03:26 +0200] "GET / HTTP/1.1" 404 - "http://web2.cylex.de/reviews/viewcompanywebsite.aspx?firmaName=herbert-mink-gmbh&companyId=5251604" "Mozilla/5.0 (Windows NT 6.0; rv:32.0) Gecko/20100101 Firefox/32.0"
91.23.39.50 - - [09/Oct/2014:10:03:41 +0200] "GET /standard.php HTTP/1.1" 404 - "http://web2.cylex.de/reviews/viewcompanywebsite.aspx?firmaName=herbert-mink-gmbh&companyId=5251604&showUrl=http%3a%2f%2fwww.mink-gmbh.de%2fstandard.php" "Mozilla/5.0 (Windows NT 6.0; rv:32.0) Gecko/20100101 Firefox/32.0"
91.23.39.50 - - [09/Oct/2014:10:03:46 +0200] "GET /standard.php HTTP/1.1" 404 - "http://web2.cylex.de/reviews/viewcompanywebsite.aspx?firmaName=herbert-mink-gmbh&companyId=5251604&showUrl=http%3a%2f%2fwww.mink-gmbh.de%2fstandard.php" "Mozilla/5.0 (Windows NT 6.0; rv:32.0) Gecko/20100101 Firefox/32.0"
91.23.39.50 - - [09/Oct/2014:10:04:11 +0200] "GET / HTTP/1.1" 404 - "http://web2.cylex.de/reviews/viewcompanywebsite.aspx?firmaName=herbert-mink-gmbh&companyId=5251604&showUrl=http%3a%2f%2fwww.mink-gmbh.de%2fstandard.php" "Mozilla/5.0 (Windows NT 6.0; rv:32.0) Gecko/20100101 Firefox/32.0"
91.23.39.50 - - [09/Oct/2014:10:04:11 +0200] "GET / HTTP/1.1" 404 - "http://web2.cylex.de/reviews/viewcompanywebsite.aspx?firmaName=herbert-mink-gmbh&companyId=5251604&showUrl=http%3a%2f%2fwww.mink-gmbh.de%2fstandard.php" "Mozilla/5.0 (Windows NT 6.0; rv:32.0) Gecko/20100101 Firefox/32.0"
91.23.39.50 - - [09/Oct/2014:10:04:01 +0200] "GET / HTTP/1.1" 404 - "http://web2.cylex.de/reviews/viewcompanywebsite.aspx?firmaName=herbert-mink-gmbh&companyId=5251604&showUrl=http%3a%2f%2fwww.mink-gmbh.de%2fstandard.php" "Mozilla/5.0 (Windows NT 6.0; rv:32.0) Gecko/20100101 Firefox/32.0"
66.249.78.183 - - [09/Oct/2014:11:16:00 +0200] "GET /news.php?cs_go=archiv&cs_id=3954 HTTP/1.1" 200 5365 "-" "Mozilla/5.0 (compatible; Googlebot/2.1; +http://www.google.com/bot.html)"
66.249.78.183 - - [09/Oct/2014:11:31:20 +0200] "GET /news.php?cs_go=archiv&cs_id=3954 HTTP/1.1" 200 5365 "-" "Mozilla/5.0 (compatible; Googlebot/2.1; +http://www.google.com/bot.html)"
66.249.78.190 - - [09/Oct/2014:11:43:21 +0200] "GET /news.php?cs_go=archiv&cs_id=3954 HTTP/1.1" 200 5365 "-" "Mozilla/5.0 (compatible; Googlebot/2.1; +http://www.google.com/bot.html)"
66.249.78.190 - - [09/Oct/2014:12:02:01 +0200] "GET /news.php?cs_go=archiv&cs_id=4575 HTTP/1.1" 200 5365 "-" "Mozilla/5.0 (iPhone; CPU iPhone OS 6_0 like Mac OS X) AppleWebKit/536.26 (KHTML, like Gecko) Version/6.0 Mobile/10A5376e Safari/8536.25 (compatible; Googlebot/2.1; +http://www.google.com/bot.html)"
66.249.78.190 - - [09/Oct/2014:12:23:21 +0200] "GET / HTTP/1.1" 200 4480 "-" "Mozilla/5.0 (compatible; Googlebot/2.1; +http://www.google.com/bot.html)"
66.249.78.190 - - [09/Oct/2014:12:54:08 +0200] "GET /news.php?cs_go=archiv&cs_id=4635 HTTP/1.1" 200 5365 "-" "Mozilla/5.0 (compatible; Googlebot/2.1; +http://www.google.com/bot.html)"
66.249.78.176 - - [09/Oct/2014:13:00:07 +0200] "GET /news.php?cs_go=archiv&cs_id=4575 HTTP/1.1" 200 5365 "-" "Mozilla/5.0 (iPhone; CPU iPhone OS 6_0 like Mac OS X) AppleWebKit/536.26 (KHTML, like Gecko) Version/6.0 Mobile/10A5376e Safari/8536.25 (compatible; Googlebot/2.1; +http://www.google.com/bot.html)"
66.249.78.183 - - [09/Oct/2014:13:03:07 +0200] "GET / HTTP/1.1" 200 4480 "-" "Mozilla/5.0 (compatible; Googlebot/2.1; +http://www.google.com/bot.html)"
66.249.78.190 - - [09/Oct/2014:13:06:07 +0200] "GET /news.php?cs_go=archiv&cs_id=4645 HTTP/1.1" 200 5365 "-" "Mozilla/5.0 (iPhone; CPU iPhone OS 6_0 like Mac OS X) AppleWebKit/536.26 (KHTML, like Gecko) Version/6.0 Mobile/10A5376e Safari/8536.25 (compatible; Googlebot/2.1; +http://www.google.com/bot.html)"
78.47.15.198 - - [09/Oct/2014:13:12:49 +0200] "GET /robots.txt HTTP/1.1" 200 177 "-" "Mozilla/5.0 (compatible; uMBot-IC/1.0; mailto: crawling@ubermetrics-technologies.com)"
78.47.15.198 - - [09/Oct/2014:13:12:49 +0200] "GET /jobs.php HTTP/1.1" 200 4965 "-" "Mozilla/5.0 (compatible; uMBot-IC/1.0; mailto: crawling@ubermetrics-technologies.com)"
66.249.64.108 - - [09/Oct/2014:13:12:07 +0200] "GET /news.php?cs_go=archiv&cs_id=4635 HTTP/1.1" 200 5365 "-" "Mozilla/5.0 (compatible; Googlebot/2.1; +http://www.google.com/bot.html)"
66.249.78.190 - - [09/Oct/2014:13:15:07 +0200] "GET /news.php?cs_go=archiv&cs_id=4575 HTTP/1.1" 200 5365 "-" "Mozilla/5.0 (iPhone; CPU iPhone OS 6_0 like Mac OS X) AppleWebKit/536.26 (KHTML, like Gecko) Version/6.0 Mobile/10A5376e Safari/8536.25 (compatible; Googlebot/2.1; +http://www.google.com/bot.html)"
66.249.78.183 - - [09/Oct/2014:13:24:07 +0200] "GET /news.php?cs_go=archiv&cs_id=4635 HTTP/1.1" 200 5365 "-" "Mozilla/5.0 (compatible; Googlebot/2.1; +http://www.google.com/bot.html)"
66.249.78.190 - - [09/Oct/2014:13:27:07 +0200] "GET /news.php?cs_go=archiv&cs_id=4645 HTTP/1.1" 200 5365 "-" "Mozilla/5.0 (iPhone; CPU iPhone OS 6_0 like Mac OS X) AppleWebKit/536.26 (KHTML, like Gecko) Version/6.0 Mobile/10A5376e Safari/8536.25 (compatible; Googlebot/2.1; +http://www.google.com/bot.html)"
178.63.80.14 - - [09/Oct/2014:13:38:35 +0200] "GET /robots.txt HTTP/1.1" 200 177 "-" "Mozilla/5.0 (compatible; uMBot-IC/1.0; mailto: crawling@ubermetrics-technologies.com)"
178.63.80.14 - - [09/Oct/2014:13:38:36 +0200] "GET /jobs.php HTTP/1.1" 200 4965 "-" "Mozilla/5.0 (compatible; uMBot-IC/1.0; mailto: crawling@ubermetrics-technologies.com)"
66.249.78.183 - - [09/Oct/2014:13:40:29 +0200] "GET /news.php?cs_go=archiv&cs_id=5312&cs_search= HTTP/1.1" 200 5365 "-" "Mozilla/5.0 (iPhone; CPU iPhone OS 6_0 like Mac OS X) AppleWebKit/536.26 (KHTML, like Gecko) Version/6.0 Mobile/10A5376e Safari/8536.25 (compatible; Googlebot/2.1; +http://www.google.com/bot.html)"
66.249.78.176 - - [09/Oct/2014:13:53:09 +0200] "GET / HTTP/1.1" 200 4480 "-" "Mozilla/5.0 (compatible; Googlebot/2.1; +http://www.google.com/bot.html)"
66.249.78.176 - - [09/Oct/2014:13:56:08 +0200] "GET /news.php?cs_go=archiv&cs_id=4645 HTTP/1.1" 200 5365 "-" "Mozilla/5.0 (iPhone; CPU iPhone OS 6_0 like Mac OS X) AppleWebKit/536.26 (KHTML, like Gecko) Version/6.0 Mobile/10A5376e Safari/8536.25 (compatible; Googlebot/2.1; +http://www.google.com/bot.html)"
66.249.78.183 - - [09/Oct/2014:14:08:08 +0200] "GET /robots.txt HTTP/1.1" 200 177 "-" "Mozilla/5.0 (compatible; Googlebot/2.1; +http://www.google.com/bot.html)"
66.249.78.176 - - [09/Oct/2014:14:08:08 +0200] "GET /news.php?cs_go=archiv&cs_id=5312&cs_search= HTTP/1.1" 200 5365 "-" "Mozilla/5.0 (iPhone; CPU iPhone OS 6_0 like Mac OS X) AppleWebKit/536.26 (KHTML, like Gecko) Version/6.0 Mobile/10A5376e Safari/8536.25 (compatible; Googlebot/2.1; +http://www.google.com/bot.html)"
66.249.78.183 - - [09/Oct/2014:14:14:08 +0200] "GET /news.php?cs_go=archiv&cs_startpos=51 HTTP/1.1" 200 5365 "-" "Mozilla/5.0 (iPhone; CPU iPhone OS 6_0 like Mac OS X) AppleWebKit/536.26 (KHTML, like Gecko) Version/6.0 Mobile/10A5376e Safari/8536.25"
162.210.196.130 - - [09/Oct/2014:14:20:42 +0200] "GET /robots.txt HTTP/1.0" 200 177 "-" "Mozilla/5.0 (compatible; MJ12bot/v1.4.5; http://www.majestic12.co.uk/bot.php?+)"
162.210.196.130 - - [09/Oct/2014:14:20:43 +0200] "GET /news.php?cs_go=archiv&cs_id=2950 HTTP/1.0" 200 5365 "-" "Mozilla/5.0 (compatible; MJ12bot/v1.4.5; http://www.majestic12.co.uk/bot.php?+)"
162.210.196.130 - - [09/Oct/2014:14:21:25 +0200] "GET /news.php?cs_go=archiv&cs_id=3968 HTTP/1.0" 200 5365 "-" "Mozilla/5.0 (compatible; MJ12bot/v1.4.5; http://www.majestic12.co.uk/bot.php?+)"
66.249.78.183 - - [09/Oct/2014:14:23:17 +0200] "GET /news.php?cs_go=archiv&cs_id=4645 HTTP/1.1" 200 5365 "-" "Mozilla/5.0 (iPhone; CPU iPhone OS 6_0 like Mac OS X) AppleWebKit/536.26 (KHTML, like Gecko) Version/6.0 Mobile/10A5376e Safari/8536.25 (compatible; Googlebot/2.1; +http://www.google.com/bot.html)"
66.249.64.104 - - [09/Oct/2014:14:35:17 +0200] "GET /news.php?cs_go=archiv&cs_id=5312&cs_search= HTTP/1.1" 200 5365 "-" "Mozilla/5.0 (iPhone; CPU iPhone OS 6_0 like Mac OS X) AppleWebKit/536.26 (KHTML, like Gecko) Version/6.0 Mobile/10A5376e Safari/8536.25 (compatible; Googlebot/2.1; +http://www.google.com/bot.html)"
66.249.78.190 - - [09/Oct/2014:14:39:33 +0200] "GET /news.php?cs_go=archiv&cs_id=5312&cs_search= HTTP/1.1" 200 5365 "-" "Mozilla/5.0 (compatible; Googlebot/2.1; +http://www.google.com/bot.html)"
66.249.78.190 - - [09/Oct/2014:14:42:33 +0200] "GET /news.php?cs_go=archiv&cs_startpos=91 HTTP/1.1" 200 5365 "-" "Mozilla/5.0 (iPhone; CPU iPhone OS 6_0 like Mac OS X) AppleWebKit/536.26 (KHTML, like Gecko) Version/6.0 Mobile/10A5376e Safari/8536.25 (compatible; Googlebot/2.1; +http://www.google.com/bot.html)"
66.249.78.190 - - [09/Oct/2014:14:51:32 +0200] "GET /news.php?cs_go=archiv&cs_startpos=91 HTTP/1.1" 200 5365 "-" "Mozilla/5.0 (iPhone; CPU iPhone OS 6_0 like Mac OS X) AppleWebKit/536.26 (KHTML, like Gecko) Version/6.0 Mobile/10A5376e Safari/8536.25 (compatible; Googlebot/2.1; +http://www.google.com/bot.html)"
66.249.78.183 - - [09/Oct/2014:14:58:35 +0200] "GET /news.php?cs_go=archiv&cs_id=5312&cs_search= HTTP/1.1" 200 5365 "-" "Mozilla/5.0 (compatible; Googlebot/2.1; +http://www.google.com/bot.html)"
66.249.78.183 - - [09/Oct/2014:15:11:29 +0200] "GET /news.php?cs_go=archiv&cs_id=5312&cs_search= HTTP/1.1" 200 5365 "-" "Mozilla/5.0 (compatible; Googlebot/2.1; +http://www.google.com/bot.html)"
66.249.78.183 - - [09/Oct/2014:15:14:29 +0200] "GET /news.php?cs_go=archiv&cs_startpos=91 HTTP/1.1" 200 5365 "-" "Mozilla/5.0 (iPhone; CPU iPhone OS 6_0 like Mac OS X) AppleWebKit/536.26 (KHTML, like Gecko) Version/6.0 Mobile/10A5376e Safari/8536.25 (compatible; Googlebot/2.1; +http://www.google.com/bot.html)"
212.185.135.94 - - [09/Oct/2014:16:09:11 +0200] "GET /style.css HTTP/1.1" 200 8402 "http://www.mink-gmbh.de/" "Mozilla/4.0 (compatible; MSIE 8.0; Windows NT 5.1; Trident/4.0; .NET CLR 1.1.4322; .NET CLR 2.0.50727; .NET CLR 3.0.04506.30; .NET CLR 3.0.4506.2152; .NET CLR 3.5.30729; .NET4.0C; .NET4.0E)"
212.185.135.94 - - [09/Oct/2014:16:09:11 +0200] "GET /modul.css HTTP/1.1" 200 35038 "http://www.mink-gmbh.de/" "Mozilla/4.0 (compatible; MSIE 8.0; Windows NT 5.1; Trident/4.0; .NET CLR 1.1.4322; .NET CLR 2.0.50727; .NET CLR 3.0.04506.30; .NET CLR 3.0.4506.2152; .NET CLR 3.5.30729; .NET4.0C; .NET4.0E)"
37.58.100.152 - - [09/Oct/2014:16:02:47 +0200] "GET / HTTP/1.1" 200 8120 "-" "Mozilla/5.0 (compatible; AhrefsBot/5.0; +http://ahrefs.com/robot/)"
212.185.135.94 - - [09/Oct/2014:16:09:11 +0200] "GET / HTTP/1.1" 200 2371 "http://www.google.de/url?url=http://www.mink-gmbh.de/&rct=j&frm=1&q=&esrc=s&sa=U&ei=uJY2VJCaCInJPLK3gPgI&ved=0CBoQFjAB&usg=AFQjCNGx-zTsWi0DzNXrjQsgZogACPf7Lg" "Mozilla/4.0 (compatible; MSIE 8.0; Windows NT 5.1; Trident/4.0; .NET CLR 1.1.4322; .NET CLR 2.0.50727; .NET CLR 3.0.04506.30; .NET CLR 3.0.4506.2152; .NET CLR 3.5.30729; .NET4.0C; .NET4.0E)"
212.185.135.94 - - [09/Oct/2014:16:10:24 +0200] "GET / HTTP/1.1" 200 405 "http://www.google.de/url?url=http://www.mink-gmbh.de/&rct=j&frm=1&q=&esrc=s&sa=U&ei=uJY2VJCaCInJPLK3gPgI&ved=0CBoQFjAB&usg=AFQjCNGx-zTsWi0DzNXrjQsgZogACPf7Lg" "Mozilla/4.0 (compatible; MSIE 8.0; Windows NT 5.1; Trident/4.0; .NET CLR 1.1.4322; .NET CLR 2.0.50727; .NET CLR 3.0.04506.30; .NET CLR 3.0.4506.2152; .NET CLR 3.5.30729; .NET4.0C; .NET4.0E)"
208.115.113.91 - - [09/Oct/2014:16:12:27 +0200] "GET /robots.txt HTTP/1.1" 200 177 "-" "Mozilla/5.0 (compatible; DotBot/1.1; http://www.opensiteexplorer.org/dotbot, help@moz.com)"
176.9.207.93 - - [09/Oct/2014:16:22:32 +0200] "GET /newsletter.php HTTP/1.1" 200 5536 "-" "Mozilla/4.0 (compatible; MSIE 6.0; Windows 98; Win 9x4.90)"
66.249.67.80 - - [09/Oct/2014:16:31:21 +0200] "GET /robots.txt HTTP/1.1" 200 177 "-" "Mozilla/5.0 (compatible; Googlebot/2.1; +http://www.google.com/bot.html)"
66.249.67.80 - - [09/Oct/2014:16:31:22 +0200] "GET /news.php?cs_go=archiv&cs_id=3735&cs_search= HTTP/1.1" 200 5365 "-" "Mozilla/5.0 (iPhone; CPU iPhone OS 6_0 like Mac OS X) AppleWebKit/536.26 (KHTML, like Gecko) Version/6.0 Mobile/10A5376e Safari/8536.25 (compatible; Googlebot/2.1; +http://www.google.com/bot.html)"
66.249.67.64 - - [09/Oct/2014:16:40:22 +0200] "GET /news.php?cs_go=archiv&cs_id=3735&cs_search= HTTP/1.1" 200 5365 "-" "Mozilla/5.0 (iPhone; CPU iPhone OS 6_0 like Mac OS X) AppleWebKit/536.26 (KHTML, like Gecko) Version/6.0 Mobile/10A5376e Safari/8536.25 (compatible; Googlebot/2.1; +http://www.google.com/bot.html)"
37.58.100.234 - - [09/Oct/2014:16:59:22 +0200] "GET /news.php?cs_go=archiv&cs_id=5249&cs_search= HTTP/1.1" 200 5365 "-" "Mozilla/5.0 (compatible; AhrefsBot/5.0; +http://ahrefs.com/robot/)"
37.58.100.232 - - [09/Oct/2014:17:47:41 +0200] "GET /news.php?cs_go=archiv&cs_id=5113&cs_search= HTTP/1.1" 200 5365 "-" "Mozilla/5.0 (compatible; AhrefsBot/5.0; +http://ahrefs.com/robot/)"
37.58.100.234 - - [09/Oct/2014:17:51:20 +0200] "GET /news.php?cs_go=archiv&cs_id=5248&cs_search= HTTP/1.1" 200 5365 "-" "Mozilla/5.0 (compatible; AhrefsBot/5.0; +http://ahrefs.com/robot/)"
66.249.79.64 - - [09/Oct/2014:17:55:26 +0200] "GET /robots.txt HTTP/1.1" 200 177 "-" "Mozilla/5.0 (compatible; Googlebot/2.1; +http://www.google.com/bot.html)"
66.249.79.64 - - [09/Oct/2014:17:55:26 +0200] "GET /news.php?cs_go=archiv&cs_id=3735&cs_search= HTTP/1.1" 200 5365 "-" "Mozilla/5.0 (iPhone; CPU iPhone OS 6_0 like Mac OS X) AppleWebKit/536.26 (KHTML, like Gecko) Version/6.0 Mobile/10A5376e Safari/8536.25 (compatible; Googlebot/2.1; +http://www.google.com/bot.html)"
37.58.100.169 - - [09/Oct/2014:17:58:37 +0200] "GET /news.php?cs_go=archiv&cs_id=5388&cs_search= HTTP/1.1" 200 5365 "-" "Mozilla/5.0 (compatible; AhrefsBot/5.0; +http://ahrefs.com/robot/)"
78.47.15.198 - - [09/Oct/2014:19:13:01 +0200] "GET /robots.txt HTTP/1.1" 200 177 "-" "Mozilla/5.0 (compatible; uMBot-IC/1.0; mailto: crawling@ubermetrics-technologies.com)"
78.47.15.198 - - [09/Oct/2014:19:13:01 +0200] "GET /jobs.php HTTP/1.1" 200 4965 "-" "Mozilla/5.0 (compatible; uMBot-IC/1.0; mailto: crawling@ubermetrics-technologies.com)"
208.115.113.91 - - [09/Oct/2014:19:33:29 +0200] "GET /news.php?cs_go=archiv&cs_id=5329&cs_search= HTTP/1.1" 200 5365 "-" "Mozilla/5.0 (compatible; DotBot/1.1; http://www.opensiteexplorer.org/dotbot, help@moz.com)"
178.63.80.14 - - [09/Oct/2014:19:38:49 +0200] "GET /robots.txt HTTP/1.1" 200 177 "-" "Mozilla/5.0 (compatible; uMBot-IC/1.0; mailto: crawling@ubermetrics-technologies.com)"
178.63.80.14 - - [09/Oct/2014:19:38:49 +0200] "GET /jobs.php HTTP/1.1" 200 4965 "-" "Mozilla/5.0 (compatible; uMBot-IC/1.0; mailto: crawling@ubermetrics-technologies.com)"
178.255.215.80 - - [09/Oct/2014:19:55:43 +0200] "GET /robots.txt HTTP/1.1" 200 177 "-" "Mozilla/5.0 (compatible; Exabot/3.0 (BiggerBetter); +http://www.exabot.com/go/robot)"
178.255.215.80 - - [09/Oct/2014:19:55:43 +0200] "GET /news.php?cs_go=archiv&cs_id=5380&cs_search= HTTP/1.1" 200 5365 "-" "Mozilla/5.0 (compatible; Exabot/3.0 (BiggerBetter); +http://www.exabot.com/go/robot)"
82.94.179.38 - - [09/Oct/2014:19:58:52 +0200] "GET /robots.txt HTTP/1.0" 200 177 "-" "Mozilla/4.0 (compatible; Vagabondo/4.0/EU; http://webagent.wise-guys.nl/)"
82.94.179.38 - - [09/Oct/2014:19:58:52 +0200] "GET /news.php?cs_go=archiv&cs_startpos=30 HTTP/1.1" 200 5365 "http://www.mink-gmbh.de/news.php" "Mozilla/4.0 (compatible; Vagabondo/4.0/EU; http://www.wise-guys.nl/)"
82.94.179.38 - - [09/Oct/2014:19:59:02 +0200] "GET /news.php?cs_go=archiv&cs_startpos=180 HTTP/1.1" 200 5365 "http://www.mink-gmbh.de/news.php?cs_go=archiv&cs_startpos=10" "Mozilla/4.0 (compatible; Vagabondo/4.0/EU; http://www.wise-guys.nl/)"
82.94.179.38 - - [09/Oct/2014:19:59:12 +0200] "GET /news.php HTTP/1.1" 200 5365 "http://www.mink-gmbh.de/index.php" "Mozilla/4.0 (compatible; Vagabondo/4.0/EU; http://www.wise-guys.nl/)"
82.94.179.38 - - [09/Oct/2014:19:59:22 +0200] "GET /news.php?cs_go=archiv&cs_startpos=10 HTTP/1.1" 200 5365 "http://www.mink-gmbh.de/news.php?cs_go=archiv" "Mozilla/4.0 (compatible; Vagabondo/4.0/EU; http://www.wise-guys.nl/)"
82.94.179.38 - - [09/Oct/2014:19:59:32 +0200] "GET /news.php?cs_go=archiv&cs_startpos=40 HTTP/1.1" 200 5365 "http://www.mink-gmbh.de/news.php?cs_go=archiv" "Mozilla/4.0 (compatible; Vagabondo/4.0/EU; http://www.wise-guys.nl/)"
82.94.179.38 - - [09/Oct/2014:19:59:42 +0200] "GET /news.php?cs_go=archiv&cs_startpos=181 HTTP/1.1" 200 5365 "http://www.mink-gmbh.de/news.php?cs_go=archiv" "Mozilla/4.0 (compatible; Vagabondo/4.0/EU; http://www.wise-guys.nl/)"
82.94.179.38 - - [09/Oct/2014:19:59:52 +0200] "GET /news.php?cs_go=archiv&cs_startpos=20 HTTP/1.1" 200 5365 "http://www.mink-gmbh.de/news.php" "Mozilla/4.0 (compatible; Vagabondo/4.0/EU; http://www.wise-guys.nl/)"
82.94.179.38 - - [09/Oct/2014:20:00:02 +0200] "GET /news.php?cs_go=archiv&cs_startpos=50 HTTP/1.1" 200 5365 "http://www.mink-gmbh.de/news.php?cs_go=archiv" "Mozilla/4.0 (compatible; Vagabondo/4.0/EU; http://www.wise-guys.nl/)"
82.94.179.38 - - [09/Oct/2014:20:00:12 +0200] "GET /news.php?cs_go=archiv HTTP/1.1" 200 5365 "http://www.mink-gmbh.de/" "Mozilla/4.0 (compatible; Vagabondo/4.0/EU; http://www.wise-guys.nl/)"
82.94.179.38 - - [09/Oct/2014:20:00:22 +0200] "GET /news.php?cs_go=archiv&cs_id=5173 HTTP/1.1" 200 5365 "http://www.mink-gmbh.de/index.php" "Mozilla/4.0 (compatible; Vagabondo/4.0/EU; http://www.wise-guys.nl/)"
82.94.179.38 - - [09/Oct/2014:20:00:32 +0200] "GET /rueckrufservice.php HTTP/1.1" 200 5378 "http://www.mink-gmbh.de/" "Mozilla/4.0 (compatible; Vagabondo/4.0/EU; http://www.wise-guys.nl/)"
82.94.179.38 - - [09/Oct/2014:20:00:42 +0200] "GET /news.php?cs_go=archiv&cs_id=5176 HTTP/1.1" 200 5365 "http://www.mink-gmbh.de/" "Mozilla/4.0 (compatible; Vagabondo/4.0/EU; http://www.wise-guys.nl/)"
82.94.179.38 - - [09/Oct/2014:20:00:52 +0200] "GET /standard.php HTTP/1.1" 200 5259 "http://www.mink-gmbh.de/" "Mozilla/4.0 (compatible; Vagabondo/4.0/EU; http://www.wise-guys.nl/)"
82.94.179.38 - - [09/Oct/2014:20:01:02 +0200] "GET /news.php?cs_go=archiv&cs_id=5175 HTTP/1.1" 200 5365 "http://www.mink-gmbh.de/index.php" "Mozilla/4.0 (compatible; Vagabondo/4.0/EU; http://www.wise-guys.nl/)"
66.249.79.72 - - [09/Oct/2014:20:01:10 +0200] "GET /news.php?cs_go=archiv&cs_id=4514&cs_search= HTTP/1.1" 200 5365 "-" "Mozilla/5.0 (iPhone; CPU iPhone OS 6_0 like Mac OS X) AppleWebKit/536.26 (KHTML, like Gecko) Version/6.0 Mobile/10A5376e Safari/8536.25 (compatible; Googlebot/2.1; +http://www.google.com/bot.html)"
82.94.179.38 - - [09/Oct/2014:20:01:23 +0200] "GET /news.php?cs_go=archiv&cs_id=5174 HTTP/1.1" 200 5365 "http://www.mink-gmbh.de/" "Mozilla/4.0 (compatible; Vagabondo/4.0/EU; http://www.wise-guys.nl/)"
82.94.179.38 - - [09/Oct/2014:20:02:11 +0200] "GET /preisanfrage.php HTTP/1.1" 200 5002 "http://www.mink-gmbh.de/" "Mozilla/4.0 (compatible; Vagabondo/4.0/EU; http://www.wise-guys.nl/)"
82.94.179.38 - - [09/Oct/2014:20:03:41 +0200] "GET /wunschpreis.php HTTP/1.1" 200 5005 "http://www.mink-gmbh.de/" "Mozilla/4.0 (compatible; Vagabondo/4.0/EU; http://www.wise-guys.nl/)"
82.94.179.38 - - [09/Oct/2014:20:05:45 +0200] "GET /news.php?cs_go=archiv&cs_id=5184 HTTP/1.1" 200 5365 "http://www.mink-gmbh.de/news.php" "Mozilla/4.0 (compatible; Vagabondo/4.0/EU; http://www.wise-guys.nl/)"
37.58.100.81 - - [09/Oct/2014:20:06:19 +0200] "GET /news.php?cs_go=archiv&cs_id=5348&cs_search= HTTP/1.1" 200 5365 "-" "Mozilla/5.0 (compatible; AhrefsBot/5.0; +http://ahrefs.com/robot/)"
82.94.179.38 - - [09/Oct/2014:20:07:48 +0200] "GET /news.php?cs_go=archiv&cs_id=5191 HTTP/1.1" 200 5365 "http://www.mink-gmbh.de/news.php?cs_go=archiv" "Mozilla/4.0 (compatible; Vagabondo/4.0/EU; http://www.wise-guys.nl/)"
82.94.179.38 - - [09/Oct/2014:20:09:48 +0200] "GET /news.php?cs_go=archiv&cs_id=5185 HTTP/1.1" 200 5365 "http://www.mink-gmbh.de/news.php" "Mozilla/4.0 (compatible; Vagabondo/4.0/EU; http://www.wise-guys.nl/)"
82.94.179.38 - - [09/Oct/2014:20:12:02 +0200] "GET /news.php?cs_go=archiv&cs_id=5190 HTTP/1.1" 200 5365 "http://www.mink-gmbh.de/news.php?cs_go=archiv" "Mozilla/4.0 (compatible; Vagabondo/4.0/EU; http://www.wise-guys.nl/)"
82.94.179.38 - - [09/Oct/2014:20:14:14 +0200] "GET /news.php?cs_go=archiv&cs_id=5188 HTTP/1.1" 200 5365 "http://www.mink-gmbh.de/news.php?cs_go=archiv" "Mozilla/4.0 (compatible; Vagabondo/4.0/EU; http://www.wise-guys.nl/)"
82.94.179.38 - - [09/Oct/2014:20:16:00 +0200] "GET /news.php?cs_go=archiv&cs_id=5194 HTTP/1.1" 200 5365 "http://www.mink-gmbh.de/news.php?cs_go=archiv" "Mozilla/4.0 (compatible; Vagabondo/4.0/EU; http://www.wise-guys.nl/)"
82.94.179.38 - - [09/Oct/2014:20:17:53 +0200] "GET /news.php?cs_go=archiv&cs_id=5193 HTTP/1.1" 200 5365 "http://www.mink-gmbh.de/news.php" "Mozilla/4.0 (compatible; Vagabondo/4.0/EU; http://www.wise-guys.nl/)"
66.249.79.80 - - [09/Oct/2014:20:19:11 +0200] "GET /news.php?cs_go=archiv&cs_id=4514&cs_search= HTTP/1.1" 200 5365 "-" "Mozilla/5.0 (iPhone; CPU iPhone OS 6_0 like Mac OS X) AppleWebKit/536.26 (KHTML, like Gecko) Version/6.0 Mobile/10A5376e Safari/8536.25 (compatible; Googlebot/2.1; +http://www.google.com/bot.html)"
82.94.179.38 - - [09/Oct/2014:20:19:38 +0200] "GET /news.php?cs_go=archiv&cs_id=5192 HTTP/1.1" 200 5365 "http://www.mink-gmbh.de/news.php" "Mozilla/4.0 (compatible; Vagabondo/4.0/EU; http://www.wise-guys.nl/)"
82.94.179.38 - - [09/Oct/2014:20:21:35 +0200] "GET /news.php?cs_go=archiv&cs_id=5187 HTTP/1.1" 200 5365 "http://www.mink-gmbh.de/news.php" "Mozilla/4.0 (compatible; Vagabondo/4.0/EU; http://www.wise-guys.nl/)"
82.94.179.38 - - [09/Oct/2014:20:23:27 +0200] "GET /news.php?cs_go=archiv&cs_id=5186 HTTP/1.1" 200 5365 "http://www.mink-gmbh.de/news.php" "Mozilla/4.0 (compatible; Vagabondo/4.0/EU; http://www.wise-guys.nl/)"
65.36.241.79 - - [09/Oct/2014:20:27:33 +0200] "HEAD / HTTP/1.1" 200 - "-" "InternetSeer.com"
82.94.179.38 - - [09/Oct/2014:20:25:34 +0200] "GET /news.php?cs_go=archiv&cs_id=5133 HTTP/1.1" 200 5365 "http://www.mink-gmbh.de/news.php?cs_go=archiv&cs_startpos=40" "Mozilla/4.0 (compatible; Vagabondo/4.0/EU; http://www.wise-guys.nl/)"
82.94.179.38 - - [09/Oct/2014:20:27:22 +0200] "GET /news.php?cs_go=archiv&cs_id=4940 HTTP/1.1" 200 5365 "http://www.mink-gmbh.de/news.php?cs_go=archiv&cs_startpos=181" "Mozilla/4.0 (compatible; Vagabondo/4.0/EU; http://www.wise-guys.nl/)"
82.94.179.38 - - [09/Oct/2014:20:29:23 +0200] "GET /news.php?cs_go=archiv&cs_id=5142 HTTP/1.1" 200 5365 "http://www.mink-gmbh.de/news.php?cs_go=archiv&cs_startpos=50" "Mozilla/4.0 (compatible; Vagabondo/4.0/EU; http://www.wise-guys.nl/)"
82.94.179.38 - - [09/Oct/2014:20:31:33 +0200] "GET /news.php?cs_go=archiv&cs_id=5161 HTTP/1.1" 200 5365 "http://www.mink-gmbh.de/news.php?cs_go=archiv&cs_startpos=30" "Mozilla/4.0 (compatible; Vagabondo/4.0/EU; http://www.wise-guys.nl/)"
82.94.179.38 - - [09/Oct/2014:20:33:34 +0200] "GET /news.php?cs_go=archiv&cs_id=5145 HTTP/1.1" 200 5365 "http://www.mink-gmbh.de/news.php?cs_go=archiv&cs_startpos=50" "Mozilla/4.0 (compatible; Vagabondo/4.0/EU; http://www.wise-guys.nl/)"
208.115.111.75 - - [09/Oct/2014:20:36:45 +0200] "GET /robots.txt HTTP/1.1" 200 177 "-" "Mozilla/5.0 (compatible; DotBot/1.1; http://www.opensiteexplorer.org/dotbot, help@moz.com)"
37.58.100.234 - - [09/Oct/2014:20:34:12 +0200] "GET /news.php?cs_go=archiv&cs_id=5154&cs_search= HTTP/1.1" 200 5365 "-" "Mozilla/5.0 (compatible; AhrefsBot/5.0; +http://ahrefs.com/robot/)"
82.94.179.38 - - [09/Oct/2014:20:35:41 +0200] "GET /news.php?cs_go=archiv&cs_id=5149 HTTP/1.1" 200 5365 "http://www.mink-gmbh.de/news.php?cs_go=archiv&cs_startpos=40" "Mozilla/4.0 (compatible; Vagabondo/4.0/EU; http://www.wise-guys.nl/)"
82.94.179.38 - - [09/Oct/2014:20:37:43 +0200] "GET /news.php?cs_go=archiv&cs_id=4949 HTTP/1.1" 200 5365 "http://www.mink-gmbh.de/news.php?cs_go=archiv&cs_startpos=181" "Mozilla/4.0 (compatible; Vagabondo/4.0/EU; http://www.wise-guys.nl/)"
82.94.179.38 - - [09/Oct/2014:20:39:50 +0200] "GET /news.php?cs_go=archiv&cs_id=5150 HTTP/1.1" 200 5365 "http://www.mink-gmbh.de/news.php?cs_go=archiv&cs_startpos=40" "Mozilla/4.0 (compatible; Vagabondo/4.0/EU; http://www.wise-guys.nl/)"
82.94.179.38 - - [09/Oct/2014:20:41:45 +0200] "GET /news.php?cs_go=archiv&cs_id=5162 HTTP/1.1" 200 5365 "http://www.mink-gmbh.de/news.php?cs_go=archiv&cs_startpos=30" "Mozilla/4.0 (compatible; Vagabondo/4.0/EU; http://www.wise-guys.nl/)"
82.94.179.38 - - [09/Oct/2014:20:43:50 +0200] "GET /news.php?cs_go=archiv&cs_id=5144 HTTP/1.1" 200 5365 "http://www.mink-gmbh.de/news.php?cs_go=archiv&cs_startpos=50" "Mozilla/4.0 (compatible; Vagabondo/4.0/EU; http://www.wise-guys.nl/)"
82.94.179.38 - - [09/Oct/2014:20:45:49 +0200] "GET /news.php?cs_go=archiv&cs_id=5132 HTTP/1.1" 200 5365 "http://www.mink-gmbh.de/news.php?cs_go=archiv&cs_startpos=50" "Mozilla/4.0 (compatible; Vagabondo/4.0/EU; http://www.wise-guys.nl/)"
66.249.79.64 - - [09/Oct/2014:20:46:39 +0200] "GET /news.php?cs_go=archiv&cs_id=4514&cs_search= HTTP/1.1" 200 5365 "-" "Mozilla/5.0 (iPhone; CPU iPhone OS 6_0 like Mac OS X) AppleWebKit/536.26 (KHTML, like Gecko) Version/6.0 Mobile/10A5376e Safari/8536.25 (compatible; Googlebot/2.1; +http://www.google.com/bot.html)"
82.94.179.38 - - [09/Oct/2014:20:47:42 +0200] "GET /news.php?cs_go=archiv&cs_id=5158 HTTP/1.1" 200 5365 "http://www.mink-gmbh.de/news.php?cs_go=archiv&cs_startpos=30" "Mozilla/4.0 (compatible; Vagabondo/4.0/EU; http://www.wise-guys.nl/)"
82.94.179.38 - - [09/Oct/2014:20:49:39 +0200] "GET /news.php?cs_go=archiv&cs_id=5155 HTTP/1.1" 200 5365 "http://www.mink-gmbh.de/news.php?cs_go=archiv&cs_startpos=30" "Mozilla/4.0 (compatible; Vagabondo/4.0/EU; http://www.wise-guys.nl/)"
82.94.179.38 - - [09/Oct/2014:20:51:41 +0200] "GET /news.php?cs_go=archiv&cs_id=5131 HTTP/1.1" 200 5365 "http://www.mink-gmbh.de/news.php?cs_go=archiv&cs_startpos=50" "Mozilla/4.0 (compatible; Vagabondo/4.0/EU; http://www.wise-guys.nl/)"
37.58.100.135 - - [09/Oct/2014:21:05:08 +0200] "GET /news.php?cs_go=archiv&cs_id=5302&cs_search= HTTP/1.1" 200 5365 "-" "Mozilla/5.0 (compatible; AhrefsBot/5.0; +http://ahrefs.com/robot/)"
66.249.79.72 - - [09/Oct/2014:21:07:42 +0200] "GET /news.php?cs_go=archiv&cs_id=4514&cs_search= HTTP/1.1" 200 5365 "-" "Mozilla/5.0 (iPhone; CPU iPhone OS 6_0 like Mac OS X) AppleWebKit/536.26 (KHTML, like Gecko) Version/6.0 Mobile/10A5376e Safari/8536.25 (compatible; Googlebot/2.1; +http://www.google.com/bot.html)"
93.219.35.60 - - [09/Oct/2014:21:24:21 +0200] "GET / HTTP/1.1" 200 2371 "-" "Mozilla/5.0 (Macintosh; Intel Mac OS X 10_9_5) AppleWebKit/600.1.17 (KHTML, like Gecko) Version/7.1 Safari/537.85.10"
88.198.24.17 - - [09/Oct/2014:21:45:56 +0200] "GET /impressum.php HTTP/1.0" 200 6306 "http://www.haus-am-muehlenstrom.de/impressum-neu2" "User-Agent: Mozilla/4.0 (compatible; MSIE 7.0; Windows NT 6.0; SLCC1; .NET CLR 2.0.50727; Media Center PC 5.0; .NET CLR 3.0.04506; InfoPath.2)"
208.115.111.75 - - [09/Oct/2014:22:16:34 +0200] "GET /news.php?cs_go=archiv&cs_id=5199&cs_search= HTTP/1.1" 200 5365 "-" "Mozilla/5.0 (compatible; DotBot/1.1; http://www.opensiteexplorer.org/dotbot, help@moz.com)"
37.58.100.140 - - [09/Oct/2014:22:34:39 +0200] "GET /news.php?cs_go=archiv&cs_id=5371&cs_search= HTTP/1.1" 200 5365 "-" "Mozilla/5.0 (compatible; AhrefsBot/5.0; +http://ahrefs.com/robot/)"
66.249.79.64 - - [09/Oct/2014:22:54:06 +0200] "GET / HTTP/1.1" 200 4480 "-" "Mozilla/5.0 (compatible; Googlebot/2.1; +http://www.google.com/bot.html)"
66.249.79.80 - - [09/Oct/2014:23:06:30 +0200] "GET / HTTP/1.1" 200 4480 "-" "Mozilla/5.0 (compatible; Googlebot/2.1; +http://www.google.com/bot.html)"
66.249.79.80 - - [09/Oct/2014:23:28:41 +0200] "GET / HTTP/1.1" 200 4480 "-" "Mozilla/5.0 (compatible; Googlebot/2.1; +http://www.google.com/bot.html)"
207.46.13.76 - - [09/Oct/2014:23:45:19 +0200] "GET /robots.txt HTTP/1.1" 200 177 "-" "Mozilla/5.0 (compatible; bingbot/2.0; +http://www.bing.com/bingbot.htm)"
207.46.13.76 - - [09/Oct/2014:23:45:22 +0200] "GET / HTTP/1.1" 200 2371 "-" "Mozilla/5.0 (compatible; bingbot/2.0; +http://www.bing.com/bingbot.htm)"
101.226.167.232 - - [10/Oct/2014:00:08:18 +0200] "GET /robots.txt HTTP/1.1" 200 177 "http://www.mink-gmbh.de/robots.txt" "Mozilla/5.0 (Windows NT 6.1) AppleWebKit/537.1 (KHTML, like Gecko) Chrome/21.0.1180.89 Safari/537.1; 360Spider"
37.58.100.165 - - [10/Oct/2014:00:06:45 +0200] "GET /news.php?cs_go=archiv&cs_id=5194&cs_search= HTTP/1.1" 200 5365 "-" "Mozilla/5.0 (compatible; AhrefsBot/5.0; +http://ahrefs.com/robot/)"
78.47.15.198 - - [10/Oct/2014:01:13:15 +0200] "GET /robots.txt HTTP/1.1" 200 177 "-" "Mozilla/5.0 (compatible; uMBot-IC/1.0; mailto: crawling@ubermetrics-technologies.com)"
78.47.15.198 - - [10/Oct/2014:01:13:15 +0200] "GET /jobs.php HTTP/1.1" 200 4965 "-" "Mozilla/5.0 (compatible; uMBot-IC/1.0; mailto: crawling@ubermetrics-technologies.com)"
208.115.111.75 - - [10/Oct/2014:01:20:38 +0200] "GET /robots.txt HTTP/1.1" 200 177 "-" "Mozilla/5.0 (compatible; DotBot/1.1; http://www.opensiteexplorer.org/dotbot, help@moz.com)"
66.249.79.64 - - [10/Oct/2014:01:23:20 +0200] "GET /news.php?cs_go=archiv&cs_id=3735&cs_search= HTTP/1.1" 200 5365 "-" "Mozilla/5.0 (iPhone; CPU iPhone OS 6_0 like Mac OS X) AppleWebKit/536.26 (KHTML, like Gecko) Version/6.0 Mobile/10A5376e Safari/8536.25 (compatible; Googlebot/2.1; +http://www.google.com/bot.html)"
178.63.80.14 - - [10/Oct/2014:01:39:02 +0200] "GET /robots.txt HTTP/1.1" 200 177 "-" "Mozilla/5.0 (compatible; uMBot-IC/1.0; mailto: crawling@ubermetrics-technologies.com)"
178.63.80.14 - - [10/Oct/2014:01:39:02 +0200] "GET /jobs.php HTTP/1.1" 200 4965 "-" "Mozilla/5.0 (compatible; uMBot-IC/1.0; mailto: crawling@ubermetrics-technologies.com)"
66.249.79.64 - - [10/Oct/2014:01:51:08 +0200] "GET /news.php?cs_go=archiv&cs_id=3735&cs_search= HTTP/1.1" 200 5365 "-" "Mozilla/5.0 (iPhone; CPU iPhone OS 6_0 like Mac OS X) AppleWebKit/536.26 (KHTML, like Gecko) Version/6.0 Mobile/10A5376e Safari/8536.25 (compatible; Googlebot/2.1; +http://www.google.com/bot.html)"
66.249.79.64 - - [10/Oct/2014:02:00:08 +0200] "GET /news.php?cs_go=archiv&cs_id=3735&cs_search= HTTP/1.1" 200 5365 "-" "Mozilla/5.0 (iPhone; CPU iPhone OS 6_0 like Mac OS X) AppleWebKit/536.26 (KHTML, like Gecko) Version/6.0 Mobile/10A5376e Safari/8536.25 (compatible; Googlebot/2.1; +http://www.google.com/bot.html)"
66.249.79.80 - - [10/Oct/2014:03:30:44 +0200] "GET /images/tkw.jpg HTTP/1.1" 304 - "-" "Googlebot-Image/1.0"
208.115.111.75 - - [10/Oct/2014:04:50:54 +0200] "GET /additive.php HTTP/1.1" 200 5226 "-" "Mozilla/5.0 (compatible; DotBot/1.1; http://www.opensiteexplorer.org/dotbot, help@moz.com)"
66.249.79.64 - - [10/Oct/2014:05:28:32 +0200] "GET /images/tkw.jpg HTTP/1.1" 304 - "-" "Googlebot-Image/1.0"
157.55.39.95 - - [10/Oct/2014:05:53:00 +0200] "GET /agb.php HTTP/1.1" 200 17543 "-" "Mozilla/5.0 (compatible; bingbot/2.0; +http://www.bing.com/bingbot.htm)"
66.249.79.72 - - [10/Oct/2014:05:53:59 +0200] "GET /news.php?cs_go=archiv&cs_id=3141&cs_search= HTTP/1.1" 200 5365 "-" "Mozilla/5.0 (iPhone; CPU iPhone OS 6_0 like Mac OS X) AppleWebKit/536.26 (KHTML, like Gecko) Version/6.0 Mobile/10A5376e Safari/8536.25 (compatible; Googlebot/2.1; +http://www.google.com/bot.html)"
66.249.79.64 - - [10/Oct/2014:06:03:27 +0200] "GET /news.php?cs_go=archiv&cs_id=3141&cs_search= HTTP/1.1" 200 5365 "-" "Mozilla/5.0 (iPhone; CPU iPhone OS 6_0 like Mac OS X) AppleWebKit/536.26 (KHTML, like Gecko) Version/6.0 Mobile/10A5376e Safari/8536.25 (compatible; Googlebot/2.1; +http://www.google.com/bot.html)"
37.58.100.234 - - [10/Oct/2014:06:11:28 +0200] "GET /news.php?cs_go=archiv&cs_id=5381 HTTP/1.1" 200 5365 "-" "Mozilla/5.0 (compatible; AhrefsBot/5.0; +http://ahrefs.com/robot/)"
37.58.100.163 - - [10/Oct/2014:06:19:59 +0200] "GET /robots.txt HTTP/1.1" 200 177 "-" "Mozilla/5.0 (compatible; AhrefsBot/5.0; +http://ahrefs.com/robot/)"
144.76.155.8 - - [10/Oct/2014:06:21:27 +0200] "GET /impressum.php HTTP/1.1" 200 6306 "-" "Mozilla/5.0 (Macintosh; Intel Mac OS X 1084) AppleWebKit/536.28.10 (KHTML like Gecko) Version/6.0.3 Safari/536.28.10"
66.249.79.72 - - [10/Oct/2014:06:24:56 +0200] "GET /news.php?cs_go=archiv&cs_id=3141&cs_search= HTTP/1.1" 200 5365 "-" "Mozilla/5.0 (iPhone; CPU iPhone OS 6_0 like Mac OS X) AppleWebKit/536.26 (KHTML, like Gecko) Version/6.0 Mobile/10A5376e Safari/8536.25 (compatible; Googlebot/2.1; +http://www.google.com/bot.html)"
207.46.13.76 - - [10/Oct/2014:06:49:51 +0200] "GET / HTTP/1.1" 200 2371 "-" "Mozilla/5.0 (compatible; bingbot/2.0; +http://www.bing.com/bingbot.htm)"
78.47.15.198 - - [10/Oct/2014:07:13:31 +0200] "GET /robots.txt HTTP/1.1" 200 177 "-" "Mozilla/5.0 (compatible; uMBot-IC/1.0; mailto: crawling@ubermetrics-technologies.com)"
78.47.15.198 - - [10/Oct/2014:07:13:31 +0200] "GET /jobs.php HTTP/1.1" 200 4965 "-" "Mozilla/5.0 (compatible; uMBot-IC/1.0; mailto: crawling@ubermetrics-technologies.com)"
66.249.79.64 - - [10/Oct/2014:07:20:29 +0200] "GET /news.php?cs_go=archiv&cs_id=3823 HTTP/1.1" 200 5365 "-" "Mozilla/5.0 (iPhone; CPU iPhone OS 6_0 like Mac OS X) AppleWebKit/536.26 (KHTML, like Gecko) Version/6.0 Mobile/10A5376e Safari/8536.25 (compatible; Googlebot/2.1; +http://www.google.com/bot.html)"
66.249.79.80 - - [10/Oct/2014:07:29:31 +0200] "GET /news.php?cs_go=archiv&cs_id=3823 HTTP/1.1" 200 5365 "-" "Mozilla/5.0 (iPhone; CPU iPhone OS 6_0 like Mac OS X) AppleWebKit/536.26 (KHTML, like Gecko) Version/6.0 Mobile/10A5376e Safari/8536.25 (compatible; Googlebot/2.1; +http://www.google.com/bot.html)"
66.249.79.64 - - [10/Oct/2014:07:35:47 +0200] "GET /news.php?cs_go=archiv&cs_id=3823 HTTP/1.1" 200 5365 "-" "Mozilla/5.0 (iPhone; CPU iPhone OS 6_0 like Mac OS X) AppleWebKit/536.26 (KHTML, like Gecko) Version/6.0 Mobile/10A5376e Safari/8536.25 (compatible; Googlebot/2.1; +http://www.google.com/bot.html)"
178.63.80.14 - - [10/Oct/2014:07:39:17 +0200] "GET /robots.txt HTTP/1.1" 200 177 "-" "Mozilla/5.0 (compatible; uMBot-IC/1.0; mailto: crawling@ubermetrics-technologies.com)"
178.63.80.14 - - [10/Oct/2014:07:39:17 +0200] "GET /jobs.php HTTP/1.1" 200 4965 "-" "Mozilla/5.0 (compatible; uMBot-IC/1.0; mailto: crawling@ubermetrics-technologies.com)"
162.243.226.161 - - [10/Oct/2014:07:35:44 +0200] "GET / HTTP/1.0" 200 8120 "-" "Mozilla/5.0 (compatible; NetcraftSurveyAgent/1.0; +info@netcraft.com)"
37.58.100.232 - - [10/Oct/2014:07:57:19 +0200] "GET /news.php?cs_go=archiv&cs_id=5376&cs_search= HTTP/1.1" 200 5365 "-" "Mozilla/5.0 (compatible; AhrefsBot/5.0; +http://ahrefs.com/robot/)"
104.131.193.95 - - [10/Oct/2014:07:59:44 +0200] "GET / HTTP/1.0" 200 8120 "-" "Mozilla/5.0 (compatible; NetcraftSurveyAgent/1.0; +info@netcraft.com)"
178.255.215.80 - - [10/Oct/2014:08:07:25 +0200] "GET /news.php?cs_go=archiv&cs_id=5365&cs_search= HTTP/1.1" 200 5365 "-" "Mozilla/5.0 (compatible; Exabot/3.0 (BiggerBetter); +http://www.exabot.com/go/robot)"
37.58.100.165 - - [10/Oct/2014:08:13:12 +0200] "GET /news.php?cs_go=archiv&cs_id=5121&cs_search= HTTP/1.1" 200 5365 "-" "Mozilla/5.0 (compatible; AhrefsBot/5.0; +http://ahrefs.com/robot/)"
37.58.100.167 - - [10/Oct/2014:08:37:08 +0200] "GET /news.php?cs_go=archiv&cs_id=5280&cs_search= HTTP/1.1" 200 5365 "-" "Mozilla/5.0 (compatible; AhrefsBot/5.0; +http://ahrefs.com/robot/)"
207.46.13.76 - - [10/Oct/2014:11:04:49 +0200] "GET /impressum.php HTTP/1.1" 200 6306 "-" "Mozilla/5.0 (compatible; bingbot/2.0; +http://www.bing.com/bingbot.htm)"
37.58.100.234 - - [10/Oct/2014:11:10:04 +0200] "GET /news.php?cs_go=archiv&cs_id=5380&cs_search= HTTP/1.1" 200 5365 "-" "Mozilla/5.0 (compatible; AhrefsBot/5.0; +http://ahrefs.com/robot/)"
66.249.79.80 - - [10/Oct/2014:11:21:39 +0200] "GET /images/tkw.jpg HTTP/1.1" 304 - "-" "Googlebot-Image/1.0"
37.58.100.135 - - [10/Oct/2014:12:03:07 +0200] "GET /news.php?cs_go=archiv&cs_id=5268&cs_search= HTTP/1.1" 200 5365 "-" "Mozilla/5.0 (compatible; AhrefsBot/5.0; +http://ahrefs.com/robot/)"
87.230.17.72 - - [10/Oct/2014:12:12:20 +0200] "GET / HTTP/1.1" 200 8120 "-" "ImplisenseBot 1.0"
87.230.17.72 - - [10/Oct/2014:12:21:50 +0200] "GET /impressum.php HTTP/1.1" 200 6306 "-" "ImplisenseBot 1.0"
37.58.100.189 - - [10/Oct/2014:12:40:39 +0200] "GET /news.php?cs_go=archiv&cs_id=5284&cs_search= HTTP/1.1" 200 5365 "-" "Mozilla/5.0 (compatible; AhrefsBot/5.0; +http://ahrefs.com/robot/)"
212.185.135.94 - - [10/Oct/2014:12:46:45 +0200] "GET /style.css HTTP/1.1" 200 8402 "http://www.mink-gmbh.de/" "Mozilla/4.0 (compatible; MSIE 8.0; Windows NT 5.1; Trident/4.0; .NET CLR 1.1.4322; .NET CLR 2.0.50727; .NET CLR 3.0.04506.30; .NET CLR 3.0.4506.2152; .NET CLR 3.5.30729; .NET4.0C; .NET4.0E)"
212.185.135.94 - - [10/Oct/2014:12:46:45 +0200] "GET /modul.css HTTP/1.1" 200 35038 "http://www.mink-gmbh.de/" "Mozilla/4.0 (compatible; MSIE 8.0; Windows NT 5.1; Trident/4.0; .NET CLR 1.1.4322; .NET CLR 2.0.50727; .NET CLR 3.0.04506.30; .NET CLR 3.0.4506.2152; .NET CLR 3.5.30729; .NET4.0C; .NET4.0E)"
212.185.135.94 - - [10/Oct/2014:12:46:45 +0200] "GET / HTTP/1.1" 200 2371 "http://www.google.de/url?url=http://www.mink-gmbh.de/&rct=j&frm=1&q=&esrc=s&sa=U&ei=1rg3VKKZOtbiasDigsgH&ved=0CBoQFjAB&usg=AFQjCNFRAo_wjn6SxJRmXWVgkotwlTx3Eg" "Mozilla/4.0 (compatible; MSIE 8.0; Windows NT 5.1; Trident/4.0; .NET CLR 1.1.4322; .NET CLR 2.0.50727; .NET CLR 3.0.04506.30; .NET CLR 3.0.4506.2152; .NET CLR 3.5.30729; .NET4.0C; .NET4.0E)"
78.47.15.198 - - [10/Oct/2014:13:13:46 +0200] "GET /robots.txt HTTP/1.1" 200 177 "-" "Mozilla/5.0 (compatible; uMBot-IC/1.0; mailto: crawling@ubermetrics-technologies.com)"
78.47.15.198 - - [10/Oct/2014:13:13:46 +0200] "GET /jobs.php HTTP/1.1" 200 4965 "-" "Mozilla/5.0 (compatible; uMBot-IC/1.0; mailto: crawling@ubermetrics-technologies.com)"
178.63.80.14 - - [10/Oct/2014:13:39:31 +0200] "GET /robots.txt HTTP/1.1" 200 177 "-" "Mozilla/5.0 (compatible; uMBot-IC/1.0; mailto: crawling@ubermetrics-technologies.com)"
178.63.80.14 - - [10/Oct/2014:13:39:31 +0200] "GET /jobs.php HTTP/1.1" 200 4965 "-" "Mozilla/5.0 (compatible; uMBot-IC/1.0; mailto: crawling@ubermetrics-technologies.com)"
66.249.78.183 - - [10/Oct/2014:13:46:56 +0200] "GET /robots.txt HTTP/1.1" 200 177 "-" "Mozilla/5.0 (compatible; Googlebot/2.1; +http://www.google.com/bot.html)"
66.249.78.176 - - [10/Oct/2014:13:46:56 +0200] "GET /news.php?cs_go=archiv&cs_id=3141&cs_search= HTTP/1.1" 200 5365 "-" "Mozilla/5.0 (iPhone; CPU iPhone OS 6_0 like Mac OS X) AppleWebKit/536.26 (KHTML, like Gecko) Version/6.0 Mobile/10A5376e Safari/8536.25 (compatible; Googlebot/2.1; +http://www.google.com/bot.html)"
66.249.78.183 - - [10/Oct/2014:13:59:26 +0200] "GET /news.php?cs_go=archiv&cs_id=3141&cs_search= HTTP/1.1" 200 5365 "-" "Mozilla/5.0 (iPhone; CPU iPhone OS 6_0 like Mac OS X) AppleWebKit/536.26 (KHTML, like Gecko) Version/6.0 Mobile/10A5376e Safari/8536.25 (compatible; Googlebot/2.1; +http://www.google.com/bot.html)"
66.249.78.183 - - [10/Oct/2014:14:11:55 +0200] "GET /news.php?cs_go=archiv&cs_id=3141&cs_search= HTTP/1.1" 200 5365 "-" "Mozilla/5.0 (iPhone; CPU iPhone OS 6_0 like Mac OS X) AppleWebKit/536.26 (KHTML, like Gecko) Version/6.0 Mobile/10A5376e Safari/8536.25 (compatible; Googlebot/2.1; +http://www.google.com/bot.html)"
66.249.78.190 - - [10/Oct/2014:14:58:46 +0200] "GET / HTTP/1.1" 200 4480 "-" "Mozilla/5.0 (compatible; Googlebot/2.1; +http://www.google.com/bot.html)"
66.249.78.176 - - [10/Oct/2014:15:10:46 +0200] "GET / HTTP/1.1" 200 4480 "-" "Mozilla/5.0 (compatible; Googlebot/2.1; +http://www.google.com/bot.html)"
66.249.78.183 - - [10/Oct/2014:15:29:05 +0200] "GET / HTTP/1.1" 200 4480 "-" "Mozilla/5.0 (compatible; Googlebot/2.1; +http://www.google.com/bot.html)"
66.249.78.190 - - [10/Oct/2014:15:35:29 +0200] "GET / HTTP/1.1" 200 4480 "-" "Mozilla/5.0 (compatible; Googlebot/2.1; +http://www.google.com/bot.html)"
66.249.78.183 - - [10/Oct/2014:15:44:30 +0200] "GET / HTTP/1.1" 200 4480 "-" "Mozilla/5.0 (compatible; Googlebot/2.1; +http://www.google.com/bot.html)"
141.8.147.12 - - [10/Oct/2014:15:48:02 +0200] "GET /robots.txt HTTP/1.1" 200 177 "-" "Mozilla/5.0 (compatible; YandexBot/3.0; +http://yandex.com/bots)"
141.8.147.12 - - [10/Oct/2014:16:03:43 +0200] "GET /news.php?cs_go=archiv&cs_startpos=40 HTTP/1.1" 200 5365 "-" "Mozilla/5.0 (compatible; YandexBot/3.0; +http://yandex.com/bots)"
141.8.147.12 - - [10/Oct/2014:16:06:15 +0200] "GET /news.php?cs_go=archiv&cs_startpos=40 HTTP/1.1" 200 3954 "-" "Mozilla/5.0 (compatible; YandexBot/3.0; +http://yandex.com/bots)"
141.8.147.12 - - [10/Oct/2014:16:08:59 +0200] "GET /news.php?cs_go=archiv&cs_startpos=40 HTTP/1.1" 200 5365 "-" "Mozilla/5.0 (compatible; YandexBot/3.0; +http://yandex.com/bots)"
141.8.147.12 - - [10/Oct/2014:16:11:58 +0200] "GET /news.php?cs_go=archiv&cs_startpos=40 HTTP/1.1" 200 5365 "-" "Mozilla/5.0 (compatible; YandexBot/3.0; +http://yandex.com/bots)"
37.58.100.135 - - [10/Oct/2014:16:28:06 +0200] "GET /news.php?cs_go=archiv&cs_id=5219&cs_search= HTTP/1.1" 200 5365 "-" "Mozilla/5.0 (compatible; AhrefsBot/5.0; +http://ahrefs.com/robot/)"
66.249.78.176 - - [10/Oct/2014:16:41:26 +0200] "GET / HTTP/1.1" 200 4480 "-" "Mozilla/5.0 (iPhone; CPU iPhone OS 6_0 like Mac OS X) AppleWebKit/536.26 (KHTML, like Gecko) Version/6.0 Mobile/10A5376e Safari/8536.25 (compatible; Googlebot/2.1; +http://www.google.com/bot.html)"
37.58.100.189 - - [10/Oct/2014:16:52:21 +0200] "GET /optiplus.php HTTP/1.1" 404 5342 "-" "Mozilla/5.0 (compatible; AhrefsBot/5.0; +http://ahrefs.com/robot/)"
66.249.78.176 - - [10/Oct/2014:16:50:26 +0200] "GET / HTTP/1.1" 200 4480 "-" "Mozilla/5.0 (iPhone; CPU iPhone OS 6_0 like Mac OS X) AppleWebKit/536.26 (KHTML, like Gecko) Version/6.0 Mobile/10A5376e Safari/8536.25 (compatible; Googlebot/2.1; +http://www.google.com/bot.html)"
207.46.13.76 - - [10/Oct/2014:16:57:12 +0200] "GET /impressum.php HTTP/1.1" 200 6306 "-" "Mozilla/5.0 (compatible; bingbot/2.0; +http://www.bing.com/bingbot.htm)"
157.55.39.41 - - [10/Oct/2014:16:57:22 +0200] "GET /robots.txt HTTP/1.1" 200 177 "-" "Mozilla/5.0 (compatible; bingbot/2.0; +http://www.bing.com/bingbot.htm)"
207.46.13.76 - - [10/Oct/2014:16:57:14 +0200] "GET / HTTP/1.1" 200 2371 "-" "Mozilla/5.0 (compatible; bingbot/2.0; +http://www.bing.com/bingbot.htm)"
207.46.13.76 - - [10/Oct/2014:17:00:28 +0200] "GET /style.css HTTP/1.1" 200 8402 "-" "Mozilla/5.0 (compatible; bingbot/2.0; +http://www.bing.com/bingbot.htm)"
207.46.13.76 - - [10/Oct/2014:17:00:28 +0200] "GET /modul.css HTTP/1.1" 200 35038 "-" "Mozilla/5.0 (compatible; bingbot/2.0; +http://www.bing.com/bingbot.htm)"
66.249.78.176 - - [10/Oct/2014:16:59:26 +0200] "GET / HTTP/1.1" 200 4480 "-" "Mozilla/5.0 (iPhone; CPU iPhone OS 6_0 like Mac OS X) AppleWebKit/536.26 (KHTML, like Gecko) Version/6.0 Mobile/10A5376e Safari/8536.25 (compatible; Googlebot/2.1; +http://www.google.com/bot.html)"
37.58.100.189 - - [10/Oct/2014:17:01:21 +0200] "GET /news.php?cs_go=archiv&cs_startpos=180 HTTP/1.1" 200 5365 "-" "Mozilla/5.0 (compatible; AhrefsBot/5.0; +http://ahrefs.com/robot/)"
66.249.78.190 - - [10/Oct/2014:17:36:34 +0200] "GET /news.php?cs_go=archiv&cs_id=3279&cs_search= HTTP/1.1" 200 5365 "-" "Mozilla/5.0 (iPhone; CPU iPhone OS 6_0 like Mac OS X) AppleWebKit/536.26 (KHTML, like Gecko) Version/6.0 Mobile/10A5376e Safari/8536.25 (compatible; Googlebot/2.1; +http://www.google.com/bot.html)"
66.249.78.176 - - [10/Oct/2014:17:45:33 +0200] "GET /news.php?cs_go=archiv&cs_id=3279&cs_search= HTTP/1.1" 200 5365 "-" "Mozilla/5.0 (iPhone; CPU iPhone OS 6_0 like Mac OS X) AppleWebKit/536.26 (KHTML, like Gecko) Version/6.0 Mobile/10A5376e Safari/8536.25 (compatible; Googlebot/2.1; +http://www.google.com/bot.html)"
66.249.78.183 - - [10/Oct/2014:17:57:53 +0200] "GET /news.php?cs_go=archiv&cs_id=3279&cs_search= HTTP/1.1" 200 5365 "-" "Mozilla/5.0 (iPhone; CPU iPhone OS 6_0 like Mac OS X) AppleWebKit/536.26 (KHTML, like Gecko) Version/6.0 Mobile/10A5376e Safari/8536.25 (compatible; Googlebot/2.1; +http://www.google.com/bot.html)"
65.36.241.79 - - [10/Oct/2014:18:12:24 +0200] "HEAD / HTTP/1.1" 200 - "-" "InternetSeer.com"
37.58.100.135 - - [10/Oct/2014:18:30:45 +0200] "GET /news.php?cs_go=archiv&cs_id=5198&cs_search= HTTP/1.1" 200 5365 "-" "Mozilla/5.0 (compatible; AhrefsBot/5.0; +http://ahrefs.com/robot/)"
66.249.78.183 - - [10/Oct/2014:18:43:35 +0200] "GET /images/tkw.jpg HTTP/1.1" 304 - "-" "Googlebot-Image/1.0"
178.255.215.80 - - [10/Oct/2014:18:51:12 +0200] "GET /news.php?cs_go=archiv&cs_id=5390&cs_search= HTTP/1.1" 200 5365 "-" "Mozilla/5.0 (compatible; Exabot/3.0 (BiggerBetter); +http://www.exabot.com/go/robot)"
66.249.78.176 - - [10/Oct/2014:19:04:55 +0200] "GET /news.php?cs_go=archiv&cs_id=4645 HTTP/1.1" 200 5365 "-" "Mozilla/5.0 (iPhone; CPU iPhone OS 6_0 like Mac OS X) AppleWebKit/536.26 (KHTML, like Gecko) Version/6.0 Mobile/10A5376e Safari/8536.25 (compatible; Googlebot/2.1; +http://www.google.com/bot.html)"
78.47.15.198 - - [10/Oct/2014:19:14:00 +0200] "GET /robots.txt HTTP/1.1" 200 177 "-" "Mozilla/5.0 (compatible; uMBot-IC/1.0; mailto: crawling@ubermetrics-technologies.com)"
78.47.15.198 - - [10/Oct/2014:19:14:00 +0200] "GET /jobs.php HTTP/1.1" 200 4965 "-" "Mozilla/5.0 (compatible; uMBot-IC/1.0; mailto: crawling@ubermetrics-technologies.com)"
66.249.78.183 - - [10/Oct/2014:19:11:14 +0200] "GET /news.php?cs_go=archiv&cs_id=4645 HTTP/1.1" 200 5365 "-" "Mozilla/5.0 (iPhone; CPU iPhone OS 6_0 like Mac OS X) AppleWebKit/536.26 (KHTML, like Gecko) Version/6.0 Mobile/10A5376e Safari/8536.25 (compatible; Googlebot/2.1; +http://www.google.com/bot.html)"
66.249.78.190 - - [10/Oct/2014:19:20:15 +0200] "GET /news.php?cs_go=archiv&cs_id=4645 HTTP/1.1" 200 5365 "-" "Mozilla/5.0 (iPhone; CPU iPhone OS 6_0 like Mac OS X) AppleWebKit/536.26 (KHTML, like Gecko) Version/6.0 Mobile/10A5376e Safari/8536.25 (compatible; Googlebot/2.1; +http://www.google.com/bot.html)"
178.63.80.14 - - [10/Oct/2014:19:39:45 +0200] "GET /robots.txt HTTP/1.1" 200 177 "-" "Mozilla/5.0 (compatible; uMBot-IC/1.0; mailto: crawling@ubermetrics-technologies.com)"
178.63.80.14 - - [10/Oct/2014:19:39:46 +0200] "GET /jobs.php HTTP/1.1" 200 4965 "-" "Mozilla/5.0 (compatible; uMBot-IC/1.0; mailto: crawling@ubermetrics-technologies.com)"
66.249.78.176 - - [10/Oct/2014:21:01:50 +0200] "GET /news.php?cs_go=archiv&cs_startpos=91 HTTP/1.1" 200 5365 "-" "Mozilla/5.0 (iPhone; CPU iPhone OS 6_0 like Mac OS X) AppleWebKit/536.26 (KHTML, like Gecko) Version/6.0 Mobile/10A5376e Safari/8536.25 (compatible; Googlebot/2.1; +http://www.google.com/bot.html)"
66.249.78.176 - - [10/Oct/2014:21:16:50 +0200] "GET /news.php?cs_go=archiv&cs_startpos=91 HTTP/1.1" 200 5365 "-" "Mozilla/5.0 (iPhone; CPU iPhone OS 6_0 like Mac OS X) AppleWebKit/536.26 (KHTML, like Gecko) Version/6.0 Mobile/10A5376e Safari/8536.25 (compatible; Googlebot/2.1; +http://www.google.com/bot.html)"
66.249.64.104 - - [10/Oct/2014:21:26:09 +0200] "GET /news.php?cs_go=archiv&cs_startpos=91 HTTP/1.1" 200 5365 "-" "Mozilla/5.0 (iPhone; CPU iPhone OS 6_0 like Mac OS X) AppleWebKit/536.26 (KHTML, like Gecko) Version/6.0 Mobile/10A5376e Safari/8536.25 (compatible; Googlebot/2.1; +http://www.google.com/bot.html)"
66.249.78.176 - - [10/Oct/2014:21:29:09 +0200] "GET /news.php?cs_go=archiv&cs_id=3954 HTTP/1.1" 200 5365 "-" "Mozilla/5.0 (compatible; Googlebot/2.1; +http://www.google.com/bot.html)"
66.249.78.176 - - [10/Oct/2014:21:38:11 +0200] "GET /news.php?cs_go=archiv&cs_id=3954 HTTP/1.1" 200 5365 "-" "Mozilla/5.0 (compatible; Googlebot/2.1; +http://www.google.com/bot.html)"
66.249.78.176 - - [10/Oct/2014:21:45:24 +0200] "GET /news.php?cs_go=archiv&cs_id=3954 HTTP/1.1" 200 5365 "-" "Mozilla/5.0 (compatible; Googlebot/2.1; +http://www.google.com/bot.html)"
157.55.39.109 - - [10/Oct/2014:22:11:03 +0200] "GET /lexikon.php HTTP/1.1" 200 5379 "-" "Mozilla/5.0 (compatible; bingbot/2.0; +http://www.bing.com/bingbot.htm)"
66.249.78.183 - - [10/Oct/2014:22:54:04 +0200] "GET /news.php?cs_go=archiv&cs_id=4635 HTTP/1.1" 200 5365 "-" "Mozilla/5.0 (compatible; Googlebot/2.1; +http://www.google.com/bot.html)"
66.249.78.183 - - [10/Oct/2014:23:01:27 +0200] "GET /news.php?cs_go=archiv&cs_id=4635 HTTP/1.1" 200 5365 "-" "Mozilla/5.0 (compatible; Googlebot/2.1; +http://www.google.com/bot.html)"
66.249.78.190 - - [10/Oct/2014:23:08:31 +0200] "GET /modul.css HTTP/1.1" 200 35038 "-" "Mozilla/5.0 (compatible; Googlebot/2.1; +http://www.google.com/bot.html)"
66.249.78.183 - - [10/Oct/2014:23:17:32 +0200] "GET /style.css HTTP/1.1" 200 8402 "-" "Mozilla/5.0 (compatible; Googlebot/2.1; +http://www.google.com/bot.html)"
66.249.78.176 - - [10/Oct/2014:23:14:32 +0200] "GET /news.php?cs_go=archiv&cs_id=4635 HTTP/1.1" 200 5365 "-" "Mozilla/5.0 (compatible; Googlebot/2.1; +http://www.google.com/bot.html)"
37.58.100.169 - - [10/Oct/2014:23:15:14 +0200] "GET /news.php?cs_go=archiv&cs_startpos=190 HTTP/1.1" 200 5365 "-" "Mozilla/5.0 (compatible; AhrefsBot/5.0; +http://ahrefs.com/robot/)"
66.249.78.190 - - [10/Oct/2014:23:30:35 +0200] "GET /news.php?cs_go=archiv&cs_id=5312&cs_search= HTTP/1.1" 200 5365 "-" "Mozilla/5.0 (compatible; Googlebot/2.1; +http://www.google.com/bot.html)"
66.249.78.176 - - [10/Oct/2014:23:42:35 +0200] "GET /news.php?cs_go=archiv&cs_id=5312&cs_search= HTTP/1.1" 200 5365 "-" "Mozilla/5.0 (compatible; Googlebot/2.1; +http://www.google.com/bot.html)"
37.58.100.162 - - [10/Oct/2014:23:49:15 +0200] "GET /rueckrufservice.php HTTP/1.1" 200 5378 "-" "Mozilla/5.0 (compatible; AhrefsBot/5.0; +http://ahrefs.com/robot/)"
66.249.78.190 - - [10/Oct/2014:23:57:51 +0200] "GET /news.php?cs_go=archiv&cs_id=5312&cs_search= HTTP/1.1" 200 5365 "-" "Mozilla/5.0 (compatible; Googlebot/2.1; +http://www.google.com/bot.html)"
79.228.237.138 - - [11/Oct/2014:00:29:09 +0200] "GET /jobs.php HTTP/1.1" 200 4965 "-" "Mozilla/5.0 (Windows NT 6.1; Win64; x64; rv:22.0) Gecko/20130328 Firefox/22.0"
66.249.78.176 - - [11/Oct/2014:00:41:15 +0200] "GET /images/wunschpreis.jpg HTTP/1.1" 304 - "-" "Googlebot-Image/1.0"
79.228.237.138 - - [11/Oct/2014:00:53:21 +0200] "GET /jobs.php HTTP/1.1" 200 4965 "-" "Mozilla/5.0 (Windows NT 6.1; Win64; x64; rv:22.0) Gecko/20130328 Firefox/22.0"
78.47.15.198 - - [11/Oct/2014:01:14:15 +0200] "GET /robots.txt HTTP/1.1" 200 177 "-" "Mozilla/5.0 (compatible; uMBot-IC/1.0; mailto: crawling@ubermetrics-technologies.com)"
78.47.15.198 - - [11/Oct/2014:01:14:15 +0200] "GET /jobs.php HTTP/1.1" 200 4965 "-" "Mozilla/5.0 (compatible; uMBot-IC/1.0; mailto: crawling@ubermetrics-technologies.com)"
