46.4.12.20 - - [26/Oct/2014:16:02:29 +0100] "GET /news.php?cs_go=archiv&cs_id=4649&cs_search= HTTP/1.0" 200 5365 "-" "Mozilla/5.0 (compatible; MJ12bot/v1.4.5; http://www.majestic12.co.uk/bot.php?+)"
46.4.12.20 - - [26/Oct/2014:16:02:52 +0100] "GET /news.php?cs_go=archiv&cs_id=4652&cs_search= HTTP/1.0" 200 5365 "-" "Mozilla/5.0 (compatible; MJ12bot/v1.4.5; http://www.majestic12.co.uk/bot.php?+)"
46.4.12.20 - - [26/Oct/2014:16:03:18 +0100] "GET /news.php?cs_go=archiv&cs_id=4655&cs_search= HTTP/1.0" 200 5365 "-" "Mozilla/5.0 (compatible; MJ12bot/v1.4.5; http://www.majestic12.co.uk/bot.php?+)"
46.4.12.20 - - [26/Oct/2014:16:03:52 +0100] "GET /news.php?cs_go=archiv&cs_id=4656&cs_search= HTTP/1.0" 200 5365 "-" "Mozilla/5.0 (compatible; MJ12bot/v1.4.5; http://www.majestic12.co.uk/bot.php?+)"
46.4.12.20 - - [26/Oct/2014:16:04:07 +0100] "GET /news.php?cs_go=archiv&cs_id=4657&cs_search= HTTP/1.0" 200 5365 "-" "Mozilla/5.0 (compatible; MJ12bot/v1.4.5; http://www.majestic12.co.uk/bot.php?+)"
46.4.12.20 - - [26/Oct/2014:16:04:33 +0100] "GET /news.php?cs_go=archiv&cs_id=4658&cs_search= HTTP/1.0" 200 5365 "-" "Mozilla/5.0 (compatible; MJ12bot/v1.4.5; http://www.majestic12.co.uk/bot.php?+)"
46.4.12.20 - - [26/Oct/2014:16:04:54 +0100] "GET /news.php?cs_go=archiv&cs_id=4659&cs_search= HTTP/1.0" 200 5365 "-" "Mozilla/5.0 (compatible; MJ12bot/v1.4.5; http://www.majestic12.co.uk/bot.php?+)"
46.4.12.20 - - [26/Oct/2014:16:05:12 +0100] "GET /news.php?cs_go=archiv&cs_id=4660&cs_search= HTTP/1.0" 200 5365 "-" "Mozilla/5.0 (compatible; MJ12bot/v1.4.5; http://www.majestic12.co.uk/bot.php?+)"
46.4.12.20 - - [26/Oct/2014:16:05:31 +0100] "GET /news.php?cs_go=archiv&cs_id=4742&cs_search= HTTP/1.0" 200 5365 "-" "Mozilla/5.0 (compatible; MJ12bot/v1.4.5; http://www.majestic12.co.uk/bot.php?+)"
46.4.12.20 - - [26/Oct/2014:16:06:03 +0100] "GET /news.php?cs_go=archiv&cs_id=4753&cs_search= HTTP/1.0" 200 5365 "-" "Mozilla/5.0 (compatible; MJ12bot/v1.4.5; http://www.majestic12.co.uk/bot.php?+)"
46.4.12.20 - - [26/Oct/2014:16:06:24 +0100] "GET /news.php?cs_go=archiv&cs_id=4758&cs_search= HTTP/1.0" 200 5365 "-" "Mozilla/5.0 (compatible; MJ12bot/v1.4.5; http://www.majestic12.co.uk/bot.php?+)"
46.4.12.20 - - [26/Oct/2014:16:06:53 +0100] "GET /news.php?cs_go=archiv&cs_id=4759&cs_search= HTTP/1.0" 200 5365 "-" "Mozilla/5.0 (compatible; MJ12bot/v1.4.5; http://www.majestic12.co.uk/bot.php?+)"
46.4.12.20 - - [26/Oct/2014:16:07:31 +0100] "GET /news.php?cs_go=archiv&cs_id=4760&cs_search= HTTP/1.0" 200 5365 "-" "Mozilla/5.0 (compatible; MJ12bot/v1.4.5; http://www.majestic12.co.uk/bot.php?+)"
46.4.12.20 - - [26/Oct/2014:16:07:48 +0100] "GET /news.php?cs_go=archiv&cs_id=4761&cs_search= HTTP/1.0" 200 5365 "-" "Mozilla/5.0 (compatible; MJ12bot/v1.4.5; http://www.majestic12.co.uk/bot.php?+)"
46.4.12.20 - - [26/Oct/2014:16:08:12 +0100] "GET /news.php?cs_go=archiv&cs_id=4762&cs_search= HTTP/1.0" 200 5365 "-" "Mozilla/5.0 (compatible; MJ12bot/v1.4.5; http://www.majestic12.co.uk/bot.php?+)"
46.4.12.20 - - [26/Oct/2014:16:08:45 +0100] "GET /news.php?cs_go=archiv&cs_id=4763&cs_search= HTTP/1.0" 200 5365 "-" "Mozilla/5.0 (compatible; MJ12bot/v1.4.5; http://www.majestic12.co.uk/bot.php?+)"
46.4.12.20 - - [26/Oct/2014:16:09:04 +0100] "GET /news.php?cs_go=archiv&cs_id=4764&cs_search= HTTP/1.0" 200 5365 "-" "Mozilla/5.0 (compatible; MJ12bot/v1.4.5; http://www.majestic12.co.uk/bot.php?+)"
46.4.12.20 - - [26/Oct/2014:16:09:23 +0100] "GET /news.php?cs_go=archiv&cs_id=4820&cs_search= HTTP/1.0" 200 5365 "-" "Mozilla/5.0 (compatible; MJ12bot/v1.4.5; http://www.majestic12.co.uk/bot.php?+)"
46.4.12.20 - - [26/Oct/2014:16:09:45 +0100] "GET /news.php?cs_go=archiv&cs_id=4823&cs_search= HTTP/1.0" 200 5365 "-" "Mozilla/5.0 (compatible; MJ12bot/v1.4.5; http://www.majestic12.co.uk/bot.php?+)"
46.4.12.20 - - [26/Oct/2014:16:10:14 +0100] "GET /news.php?cs_go=archiv&cs_id=4824&cs_search= HTTP/1.0" 200 5365 "-" "Mozilla/5.0 (compatible; MJ12bot/v1.4.5; http://www.majestic12.co.uk/bot.php?+)"
46.4.12.20 - - [26/Oct/2014:16:10:38 +0100] "GET /news.php?cs_go=archiv&cs_id=4827&cs_search= HTTP/1.0" 200 5365 "-" "Mozilla/5.0 (compatible; MJ12bot/v1.4.5; http://www.majestic12.co.uk/bot.php?+)"
46.4.12.20 - - [26/Oct/2014:16:11:44 +0100] "GET /news.php?cs_go=archiv&cs_id=4829&cs_search= HTTP/1.0" 200 5365 "-" "Mozilla/5.0 (compatible; MJ12bot/v1.4.5; http://www.majestic12.co.uk/bot.php?+)"
62.212.73.211 - - [26/Oct/2014:16:31:14 +0100] "GET /robots.txt HTTP/1.0" 200 177 "-" "Mozilla/5.0 (compatible; MJ12bot/v1.4.5; http://www.majestic12.co.uk/bot.php?+)"
208.115.111.75 - - [26/Oct/2014:16:33:39 +0100] "GET /lexikon.php?cs_go=2&cs_char=z HTTP/1.1" 200 5379 "-" "Mozilla/5.0 (compatible; DotBot/1.1; http://www.opensiteexplorer.org/dotbot, help@moz.com)"
62.212.73.211 - - [26/Oct/2014:16:31:21 +0100] "GET / HTTP/1.0" 200 8120 "-" "Mozilla/5.0 (compatible; MJ12bot/v1.4.5; http://www.majestic12.co.uk/bot.php?+)"
66.249.79.72 - - [26/Oct/2014:17:46:17 +0100] "GET / HTTP/1.1" 200 4480 "-" "SAMSUNG-SGH-E250/1.0 Profile/MIDP-2.0 Configuration/CLDC-1.1 UP.Browser/6.2.3.3.c.1.101 (GUI) MMP/2.0 (compatible; Googlebot-Mobile/2.1; +http://www.google.com/bot.html)"
66.249.79.64 - - [26/Oct/2014:18:13:20 +0100] "GET /news.php?cs_go=archiv&cs_id=4324 HTTP/1.1" 200 5365 "-" "Mozilla/5.0 (iPhone; CPU iPhone OS 6_0 like Mac OS X) AppleWebKit/536.26 (KHTML, like Gecko) Version/6.0 Mobile/10A5376e Safari/8536.25 (compatible; Googlebot/2.1; +http://www.google.com/bot.html)"
78.47.15.198 - - [26/Oct/2014:18:24:56 +0100] "GET /robots.txt HTTP/1.1" 200 177 "-" "Mozilla/5.0 (compatible; uMBot-IC/1.0; mailto: crawling@ubermetrics-technologies.com)"
78.47.15.198 - - [26/Oct/2014:18:24:56 +0100] "GET /jobs.php HTTP/1.1" 200 4965 "-" "Mozilla/5.0 (compatible; uMBot-IC/1.0; mailto: crawling@ubermetrics-technologies.com)"
66.249.79.80 - - [26/Oct/2014:18:31:20 +0100] "GET /news.php?cs_go=archiv&cs_id=4324 HTTP/1.1" 200 5365 "-" "Mozilla/5.0 (iPhone; CPU iPhone OS 6_0 like Mac OS X) AppleWebKit/536.26 (KHTML, like Gecko) Version/6.0 Mobile/10A5376e Safari/8536.25 (compatible; Googlebot/2.1; +http://www.google.com/bot.html)"
66.249.79.64 - - [26/Oct/2014:18:40:20 +0100] "GET /news.php?cs_go=archiv&cs_id=4324 HTTP/1.1" 200 5365 "-" "Mozilla/5.0 (iPhone; CPU iPhone OS 6_0 like Mac OS X) AppleWebKit/536.26 (KHTML, like Gecko) Version/6.0 Mobile/10A5376e Safari/8536.25 (compatible; Googlebot/2.1; +http://www.google.com/bot.html)"
188.165.15.29 - - [26/Oct/2014:18:42:39 +0100] "GET /news.php?cs_go=archiv&cs_id=5313&cs_search= HTTP/1.1" 200 5365 "-" "Mozilla/5.0 (compatible; AhrefsBot/5.0; +http://ahrefs.com/robot/)"
208.115.111.75 - - [26/Oct/2014:18:51:08 +0100] "GET /robots.txt HTTP/1.1" 200 177 "-" "Mozilla/5.0 (compatible; DotBot/1.1; http://www.opensiteexplorer.org/dotbot, help@moz.com)"
178.63.80.14 - - [26/Oct/2014:18:53:17 +0100] "GET /robots.txt HTTP/1.1" 200 177 "-" "Mozilla/5.0 (compatible; uMBot-IC/1.0; mailto: crawling@ubermetrics-technologies.com)"
178.63.80.14 - - [26/Oct/2014:18:53:17 +0100] "GET /jobs.php HTTP/1.1" 200 4965 "-" "Mozilla/5.0 (compatible; uMBot-IC/1.0; mailto: crawling@ubermetrics-technologies.com)"
66.249.79.72 - - [26/Oct/2014:18:55:42 +0100] "GET /news.php?cs_go=archiv&cs_id=4324 HTTP/1.1" 200 5365 "-" "Mozilla/5.0 (iPhone; CPU iPhone OS 6_0 like Mac OS X) AppleWebKit/536.26 (KHTML, like Gecko) Version/6.0 Mobile/10A5376e Safari/8536.25 (compatible; Googlebot/2.1; +http://www.google.com/bot.html)"
88.198.222.86 - - [26/Oct/2014:19:18:42 +0100] "GET / HTTP/1.0" 200 4606 "-" "-"
88.198.222.86 - - [26/Oct/2014:19:21:52 +0100] "GET / HTTP/1.0" 200 8120 "-" "-"
88.198.222.86 - - [26/Oct/2014:19:25:09 +0100] "GET / HTTP/1.0" 200 4606 "-" "-"
88.198.222.86 - - [26/Oct/2014:19:28:19 +0100] "GET / HTTP/1.0" 200 8120 "-" "-"
88.198.222.86 - - [26/Oct/2014:19:31:35 +0100] "GET / HTTP/1.0" 200 4606 "-" "-"
88.198.222.86 - - [26/Oct/2014:19:34:47 +0100] "GET / HTTP/1.0" 200 8120 "-" "-"
82.80.249.169 - - [26/Oct/2014:19:50:59 +0100] "GET / HTTP/1.1" 200 4480 "-" "Mozilla/5.0 (Windows NT 6.1) AppleWebKit/537.36 (KHTML, like Gecko) Chrome/31.0.1650.63 Safari/537.36"
82.80.249.169 - - [26/Oct/2014:19:54:22 +0100] "GET /style.css HTTP/1.1" 200 8402 "http://www.mink-gmbh.de/" "Mozilla/5.0 (Windows NT 6.1; WOW64) AppleWebKit/537.36 (KHTML, like Gecko) Chrome/31.0.1650.63 Safari/537.36"
82.80.249.169 - - [26/Oct/2014:19:54:22 +0100] "GET /modul.css HTTP/1.1" 200 35038 "http://www.mink-gmbh.de/" "Mozilla/5.0 (Macintosh; Intel Mac OS X 10.9; rv:25.0) Gecko/20100101 Firefox/25.0"
188.165.15.59 - - [26/Oct/2014:20:09:19 +0100] "GET /news.php?cs_go=archiv&cs_id=5207&cs_search= HTTP/1.1" 200 5365 "-" "Mozilla/5.0 (compatible; AhrefsBot/5.0; +http://ahrefs.com/robot/)"
192.114.71.13 - - [26/Oct/2014:20:17:14 +0100] "GET /images/mobil.jpg HTTP/1.1" 200 25293 "-" "Mozilla/5.0 (Windows NT 5.1; rv:26.0) Gecko/20100101 Firefox/26.0"
192.114.71.13 - - [26/Oct/2014:20:17:14 +0100] "GET /images/footerbg.jpg HTTP/1.1" 200 2184 "-" "Mozilla/4.0 (compatible; MSIE 7.0; Windows NT 5.1)"
192.114.71.13 - - [26/Oct/2014:20:17:15 +0100] "GET /images/gleichbleibend.png HTTP/1.1" 200 534 "-" "Mozilla/5.0 (X11; Linux x86_64) AppleWebKit/537.36 (KHTML, like Gecko) Ubuntu Chromium/31.0.1650.63 Chrome/31.0.1650.63 Safari/537.36"
192.114.71.13 - - [26/Oct/2014:20:17:17 +0100] "GET /images/bg.png HTTP/1.1" 200 922 "-" "Mozilla/5.0 (X11; Linux x86_64) AppleWebKit/537.36 (KHTML, like Gecko) Chrome/31.0.1650.63 Safari/537.36"
82.80.249.164 - - [26/Oct/2014:20:17:19 +0100] "GET /images/header.jpg HTTP/1.1" 200 25189 "-" "Mozilla/5.0 (X11; Ubuntu; Linux i686; rv:26.0) Gecko/20100101 Firefox/26.0"
192.114.71.13 - - [26/Oct/2014:20:17:21 +0100] "GET /images/steigend.png HTTP/1.1" 200 688 "-" "Mozilla/5.0 (Windows NT 6.0; rv:26.0) Gecko/20100101 Firefox/26.0"
192.114.71.13 - - [26/Oct/2014:20:17:22 +0100] "GET /images/navibg.png HTTP/1.1" 200 2803 "-" "Mozilla/5.0 (Macintosh; Intel Mac OS X 10_9_0) AppleWebKit/537.36 (KHTML, like Gecko) Chrome/31.0.1650.63 Safari/537.36"
82.80.244.58 - - [26/Oct/2014:20:17:23 +0100] "GET /images/newsletter.jpg HTTP/1.1" 200 13130 "-" "Mozilla/5.0 (X11; Linux x86_64; rv:26.0) Gecko/20100101 Firefox/26.0"
192.114.71.13 - - [26/Oct/2014:20:17:23 +0100] "GET /images/newsletter.png HTTP/1.1" 200 14619 "-" "Mozilla/5.0 (Macintosh; Intel Mac OS X 10.9; rv:26.0) Gecko/20100101 Firefox/26.0"
192.114.71.13 - - [26/Oct/2014:20:17:25 +0100] "GET /images/wrapperbg.jpg HTTP/1.1" 200 27465 "-" "Mozilla/5.0 (Windows NT 6.3; WOW64; Trident/7.0; Touch; rv:11.0) like Gecko"
192.114.71.13 - - [26/Oct/2014:20:17:27 +0100] "GET /images/fallend.png HTTP/1.1" 200 713 "-" "Mozilla/5.0 (X11; Linux x86_64) AppleWebKit/537.36 (KHTML, like Gecko) Ubuntu Chromium/31.0.1650.63 Chrome/31.0.1650.63 Safari/537.36"
208.115.111.75 - - [26/Oct/2014:20:29:44 +0100] "GET /lexikon.php?cs_go=2&cs_char=x HTTP/1.1" 200 5379 "-" "Mozilla/5.0 (compatible; DotBot/1.1; http://www.opensiteexplorer.org/dotbot, help@moz.com)"
208.115.111.75 - - [26/Oct/2014:20:29:55 +0100] "GET /news.php?cs_go=archiv&cs_startpos=20 HTTP/1.1" 200 5365 "-" "Mozilla/5.0 (compatible; DotBot/1.1; http://www.opensiteexplorer.org/dotbot, help@moz.com)"
78.46.94.23 - - [26/Oct/2014:20:45:06 +0100] "GET /robots.txt HTTP/1.0" 200 177 "-" "Mozilla/5.0 (compatible; MJ12bot/v1.4.5; http://www.majestic12.co.uk/bot.php?+)"
78.46.94.23 - - [26/Oct/2014:20:45:08 +0100] "GET /index.php HTTP/1.0" 200 8120 "-" "Mozilla/5.0 (compatible; MJ12bot/v1.4.5; http://www.majestic12.co.uk/bot.php?+)"
85.13.131.53 - - [26/Oct/2014:22:18:16 +0100] "GET / HTTP/1.0" 200 4606 "-" "-"
85.13.131.53 - - [26/Oct/2014:22:21:25 +0100] "GET / HTTP/1.0" 200 8120 "-" "-"
85.13.131.53 - - [26/Oct/2014:22:25:10 +0100] "GET / HTTP/1.0" 200 4606 "-" "-"
85.13.131.53 - - [26/Oct/2014:22:28:19 +0100] "GET / HTTP/1.0" 200 8120 "-" "-"
85.13.131.53 - - [26/Oct/2014:22:33:30 +0100] "GET / HTTP/1.0" 200 4606 "-" "-"
85.13.131.53 - - [26/Oct/2014:22:36:39 +0100] "GET / HTTP/1.0" 200 8120 "-" "-"
208.115.111.75 - - [26/Oct/2014:22:48:25 +0100] "GET /robots.txt HTTP/1.1" 200 177 "-" "Mozilla/5.0 (compatible; DotBot/1.1; http://www.opensiteexplorer.org/dotbot, help@moz.com)"
188.165.15.234 - - [26/Oct/2014:22:48:09 +0100] "GET /news.php?cs_go=archiv&cs_startpos=21 HTTP/1.1" 200 5365 "-" "Mozilla/5.0 (compatible; AhrefsBot/5.0; +http://ahrefs.com/robot/)"
69.50.234.129 - - [26/Oct/2014:22:42:21 +0100] "GET / HTTP/1.1" 200 8120 "-" "Mozilla/5.0 (compatible; MixrankBot; crawler@mixrank.com)"
65.36.241.79 - - [26/Oct/2014:22:57:10 +0100] "HEAD / HTTP/1.1" 200 - "-" "InternetSeer.com"
207.46.13.83 - - [26/Oct/2014:23:10:52 +0100] "GET / HTTP/1.1" 200 2371 "-" "Mozilla/5.0 (compatible; bingbot/2.0; +http://www.bing.com/bingbot.htm)"
176.9.47.53 - - [26/Oct/2014:23:20:10 +0100] "GET /style.css HTTP/1.1" 200 8402 "http://www.abcd4.de/link.php" "Mozilla/5.0 (compatible; MSIE 9.0; Windows NT 6.1; Trident/5.0)"
176.9.47.53 - - [26/Oct/2014:23:20:10 +0100] "GET /modul.css HTTP/1.1" 200 35038 "http://www.abcd4.de/link.php" "Mozilla/5.0 (compatible; MSIE 9.0; Windows NT 6.1; Trident/5.0)"
220.181.108.114 - - [26/Oct/2014:23:23:41 +0100] "GET / HTTP/1.1" 200 2371 "-" "Mozilla/5.0 (compatible; Baiduspider/2.0; +http://www.baidu.com/search/spider.html)"
123.125.71.36 - - [26/Oct/2014:23:25:26 +0100] "GET / HTTP/1.1" 200 2371 "-" "Mozilla/5.0 (compatible; Baiduspider/2.0; +http://www.baidu.com/search/spider.html)"
176.9.47.53 - - [26/Oct/2014:23:20:10 +0100] "GET / HTTP/1.1" 200 8120 "http://www.abcd4.de/link.php" "Mozilla/5.0 (compatible; MSIE 9.0; Windows NT 6.1; Trident/5.0)"
188.165.15.59 - - [26/Oct/2014:23:39:50 +0100] "GET /news.php?cs_go=archiv&cs_id=5307&cs_search= HTTP/1.1" 200 5365 "-" "Mozilla/5.0 (compatible; AhrefsBot/5.0; +http://ahrefs.com/robot/)"
66.249.79.72 - - [26/Oct/2014:23:47:53 +0100] "GET / HTTP/1.1" 200 4480 "-" "Mozilla/5.0 (compatible; Googlebot/2.1; +http://www.google.com/bot.html)"
66.249.79.80 - - [26/Oct/2014:23:59:54 +0100] "GET / HTTP/1.1" 200 4480 "-" "Mozilla/5.0 (compatible; Googlebot/2.1; +http://www.google.com/bot.html)"
66.249.79.64 - - [27/Oct/2014:00:14:55 +0100] "GET / HTTP/1.1" 200 4480 "-" "Mozilla/5.0 (compatible; Googlebot/2.1; +http://www.google.com/bot.html)"
66.249.79.80 - - [27/Oct/2014:00:17:55 +0100] "GET /news.php?cs_go=archiv&cs_id=4374 HTTP/1.1" 200 5365 "-" "Mozilla/5.0 (iPhone; CPU iPhone OS 6_0 like Mac OS X) AppleWebKit/536.26 (KHTML, like Gecko) Version/6.0 Mobile/10A5376e Safari/8536.25 (compatible; Googlebot/2.1; +http://www.google.com/bot.html)"
78.47.15.198 - - [27/Oct/2014:00:25:07 +0100] "GET /robots.txt HTTP/1.1" 200 177 "-" "Mozilla/5.0 (compatible; uMBot-IC/1.0; mailto: crawling@ubermetrics-technologies.com)"
78.47.15.198 - - [27/Oct/2014:00:25:07 +0100] "GET /jobs.php HTTP/1.1" 200 4965 "-" "Mozilla/5.0 (compatible; uMBot-IC/1.0; mailto: crawling@ubermetrics-technologies.com)"
208.115.111.75 - - [27/Oct/2014:00:27:50 +0100] "GET /lexikon.php?cs_go=2&cs_char=v HTTP/1.1" 200 5379 "-" "Mozilla/5.0 (compatible; DotBot/1.1; http://www.opensiteexplorer.org/dotbot, help@moz.com)"
66.249.79.64 - - [27/Oct/2014:00:27:49 +0100] "GET /news.php?cs_go=archiv&cs_id=4374 HTTP/1.1" 200 5365 "-" "Mozilla/5.0 (iPhone; CPU iPhone OS 6_0 like Mac OS X) AppleWebKit/536.26 (KHTML, like Gecko) Version/6.0 Mobile/10A5376e Safari/8536.25 (compatible; Googlebot/2.1; +http://www.google.com/bot.html)"
208.115.111.75 - - [27/Oct/2014:00:28:02 +0100] "GET /preisanfrage.php HTTP/1.1" 200 5002 "-" "Mozilla/5.0 (compatible; DotBot/1.1; http://www.opensiteexplorer.org/dotbot, help@moz.com)"
66.249.79.72 - - [27/Oct/2014:00:33:50 +0100] "GET /news.php?cs_go=archiv&cs_id=4374 HTTP/1.1" 200 5365 "-" "Mozilla/5.0 (iPhone; CPU iPhone OS 6_0 like Mac OS X) AppleWebKit/536.26 (KHTML, like Gecko) Version/6.0 Mobile/10A5376e Safari/8536.25 (compatible; Googlebot/2.1; +http://www.google.com/bot.html)"
88.198.222.86 - - [27/Oct/2014:00:32:17 +0100] "GET / HTTP/1.0" 200 4606 "-" "-"
88.198.222.86 - - [27/Oct/2014:00:35:27 +0100] "GET / HTTP/1.0" 200 8120 "-" "-"
88.198.222.86 - - [27/Oct/2014:00:42:03 +0100] "GET / HTTP/1.0" 200 2371 "-" "-"
88.198.222.86 - - [27/Oct/2014:00:38:53 +0100] "GET / HTTP/1.0" 200 4606 "-" "-"
88.198.222.86 - - [27/Oct/2014:00:45:12 +0100] "GET / HTTP/1.0" 200 4606 "-" "-"
178.63.80.14 - - [27/Oct/2014:00:53:31 +0100] "GET /robots.txt HTTP/1.1" 200 177 "-" "Mozilla/5.0 (compatible; uMBot-IC/1.0; mailto: crawling@ubermetrics-technologies.com)"
178.63.80.14 - - [27/Oct/2014:00:53:31 +0100] "GET /jobs.php HTTP/1.1" 200 4965 "-" "Mozilla/5.0 (compatible; uMBot-IC/1.0; mailto: crawling@ubermetrics-technologies.com)"
88.198.222.86 - - [27/Oct/2014:00:48:23 +0100] "GET / HTTP/1.0" 200 8120 "-" "-"
66.249.79.80 - - [27/Oct/2014:01:17:39 +0100] "GET /news.php?cs_go=archiv&cs_id=4375 HTTP/1.1" 200 5365 "-" "Mozilla/5.0 (iPhone; CPU iPhone OS 6_0 like Mac OS X) AppleWebKit/536.26 (KHTML, like Gecko) Version/6.0 Mobile/10A5376e Safari/8536.25 (compatible; Googlebot/2.1; +http://www.google.com/bot.html)"
66.249.79.64 - - [27/Oct/2014:01:23:39 +0100] "GET /news.php?cs_go=archiv&cs_id=5225 HTTP/1.1" 200 5365 "-" "Mozilla/5.0 (iPhone; CPU iPhone OS 6_0 like Mac OS X) AppleWebKit/536.26 (KHTML, like Gecko) Version/6.0 Mobile/10A5376e Safari/8536.25 (compatible; Googlebot/2.1; +http://www.google.com/bot.html)"
66.249.79.72 - - [27/Oct/2014:01:29:38 +0100] "GET /news.php?cs_go=archiv&cs_id=4375 HTTP/1.1" 200 5365 "-" "Mozilla/5.0 (iPhone; CPU iPhone OS 6_0 like Mac OS X) AppleWebKit/536.26 (KHTML, like Gecko) Version/6.0 Mobile/10A5376e Safari/8536.25 (compatible; Googlebot/2.1; +http://www.google.com/bot.html)"
188.165.15.152 - - [27/Oct/2014:01:29:46 +0100] "GET /news.php?cs_go=archiv&cs_id=5120&cs_search= HTTP/1.1" 200 5365 "-" "Mozilla/5.0 (compatible; AhrefsBot/5.0; +http://ahrefs.com/robot/)"
66.249.79.72 - - [27/Oct/2014:01:44:38 +0100] "GET /news.php?cs_go=archiv&cs_id=5225 HTTP/1.1" 200 5365 "-" "Mozilla/5.0 (iPhone; CPU iPhone OS 6_0 like Mac OS X) AppleWebKit/536.26 (KHTML, like Gecko) Version/6.0 Mobile/10A5376e Safari/8536.25 (compatible; Googlebot/2.1; +http://www.google.com/bot.html)"
88.198.222.86 - - [27/Oct/2014:01:42:54 +0100] "GET / HTTP/1.0" 200 4606 "-" "-"
88.198.222.86 - - [27/Oct/2014:01:46:05 +0100] "GET / HTTP/1.0" 200 8120 "-" "-"
88.198.222.86 - - [27/Oct/2014:01:49:24 +0100] "GET / HTTP/1.0" 200 4606 "-" "-"
66.249.79.80 - - [27/Oct/2014:01:53:38 +0100] "GET /news.php?cs_go=archiv&cs_id=4375 HTTP/1.1" 200 5365 "-" "Mozilla/5.0 (iPhone; CPU iPhone OS 6_0 like Mac OS X) AppleWebKit/536.26 (KHTML, like Gecko) Version/6.0 Mobile/10A5376e Safari/8536.25 (compatible; Googlebot/2.1; +http://www.google.com/bot.html)"
88.198.222.86 - - [27/Oct/2014:01:52:35 +0100] "GET / HTTP/1.0" 200 8120 "-" "-"
88.198.222.86 - - [27/Oct/2014:01:56:02 +0100] "GET / HTTP/1.0" 200 4606 "-" "-"
66.249.79.80 - - [27/Oct/2014:02:02:57 +0100] "GET /news.php?cs_go=archiv&cs_id=4324 HTTP/1.1" 200 5365 "-" "Mozilla/5.0 (iPhone; CPU iPhone OS 6_0 like Mac OS X) AppleWebKit/536.26 (KHTML, like Gecko) Version/6.0 Mobile/10A5376e Safari/8536.25 (compatible; Googlebot/2.1; +http://www.google.com/bot.html)"
88.198.222.86 - - [27/Oct/2014:01:59:13 +0100] "GET / HTTP/1.0" 200 8120 "-" "-"
66.249.79.64 - - [27/Oct/2014:02:12:35 +0100] "GET /news.php?cs_go=archiv&cs_id=4324 HTTP/1.1" 200 5365 "-" "Mozilla/5.0 (iPhone; CPU iPhone OS 6_0 like Mac OS X) AppleWebKit/536.26 (KHTML, like Gecko) Version/6.0 Mobile/10A5376e Safari/8536.25 (compatible; Googlebot/2.1; +http://www.google.com/bot.html)"
66.249.79.72 - - [27/Oct/2014:02:18:36 +0100] "GET /news.php?cs_go=archiv&cs_id=5003 HTTP/1.1" 200 5365 "-" "Mozilla/5.0 (iPhone; CPU iPhone OS 6_0 like Mac OS X) AppleWebKit/536.26 (KHTML, like Gecko) Version/6.0 Mobile/10A5376e Safari/8536.25 (compatible; Googlebot/2.1; +http://www.google.com/bot.html)"
66.249.79.72 - - [27/Oct/2014:02:24:36 +0100] "GET /news.php?cs_go=archiv&cs_id=4324 HTTP/1.1" 200 5365 "-" "Mozilla/5.0 (iPhone; CPU iPhone OS 6_0 like Mac OS X) AppleWebKit/536.26 (KHTML, like Gecko) Version/6.0 Mobile/10A5376e Safari/8536.25 (compatible; Googlebot/2.1; +http://www.google.com/bot.html)"
66.249.79.64 - - [27/Oct/2014:02:30:36 +0100] "GET /news.php?cs_go=archiv&cs_id=5225 HTTP/1.1" 200 5365 "-" "Mozilla/5.0 (iPhone; CPU iPhone OS 6_0 like Mac OS X) AppleWebKit/536.26 (KHTML, like Gecko) Version/6.0 Mobile/10A5376e Safari/8536.25 (compatible; Googlebot/2.1; +http://www.google.com/bot.html)"
66.249.79.72 - - [27/Oct/2014:02:39:36 +0100] "GET /news.php?cs_go=archiv&cs_id=5003 HTTP/1.1" 200 5365 "-" "Mozilla/5.0 (iPhone; CPU iPhone OS 6_0 like Mac OS X) AppleWebKit/536.26 (KHTML, like Gecko) Version/6.0 Mobile/10A5376e Safari/8536.25 (compatible; Googlebot/2.1; +http://www.google.com/bot.html)"
208.115.111.75 - - [27/Oct/2014:02:48:08 +0100] "GET /robots.txt HTTP/1.1" 200 177 "-" "Mozilla/5.0 (compatible; DotBot/1.1; http://www.opensiteexplorer.org/dotbot, help@moz.com)"
66.249.79.80 - - [27/Oct/2014:02:48:38 +0100] "GET /news.php?cs_go=archiv&cs_id=5003 HTTP/1.1" 200 5365 "-" "Mozilla/5.0 (iPhone; CPU iPhone OS 6_0 like Mac OS X) AppleWebKit/536.26 (KHTML, like Gecko) Version/6.0 Mobile/10A5376e Safari/8536.25 (compatible; Googlebot/2.1; +http://www.google.com/bot.html)"
66.249.79.80 - - [27/Oct/2014:03:00:40 +0100] "GET /news.php?cs_go=archiv&cs_id=3442&cs_search= HTTP/1.1" 200 5365 "-" "Mozilla/5.0 (iPhone; CPU iPhone OS 6_0 like Mac OS X) AppleWebKit/536.26 (KHTML, like Gecko) Version/6.0 Mobile/10A5376e Safari/8536.25 (compatible; Googlebot/2.1; +http://www.google.com/bot.html)"
66.249.79.64 - - [27/Oct/2014:03:09:42 +0100] "GET /news.php?cs_go=archiv&cs_id=3442&cs_search= HTTP/1.1" 200 5365 "-" "Mozilla/5.0 (iPhone; CPU iPhone OS 6_0 like Mac OS X) AppleWebKit/536.26 (KHTML, like Gecko) Version/6.0 Mobile/10A5376e Safari/8536.25 (compatible; Googlebot/2.1; +http://www.google.com/bot.html)"
66.249.79.72 - - [27/Oct/2014:03:18:44 +0100] "GET /news.php?cs_go=archiv&cs_id=3442&cs_search= HTTP/1.1" 200 5365 "-" "Mozilla/5.0 (iPhone; CPU iPhone OS 6_0 like Mac OS X) AppleWebKit/536.26 (KHTML, like Gecko) Version/6.0 Mobile/10A5376e Safari/8536.25 (compatible; Googlebot/2.1; +http://www.google.com/bot.html)"
66.249.79.64 - - [27/Oct/2014:03:24:44 +0100] "GET /lexikon.php?cs_go=2&cs_char=a HTTP/1.1" 200 5379 "-" "Mozilla/5.0 (iPhone; CPU iPhone OS 6_0 like Mac OS X) AppleWebKit/536.26 (KHTML, like Gecko) Version/6.0 Mobile/10A5376e Safari/8536.25 (compatible; Googlebot/2.1; +http://www.google.com/bot.html)"
66.249.79.72 - - [27/Oct/2014:03:21:44 +0100] "GET /index.php HTTP/1.1" 200 4480 "-" "Mozilla/5.0 (compatible; Googlebot/2.1; +http://www.google.com/bot.html)"
66.249.79.72 - - [27/Oct/2014:03:27:47 +0100] "GET /news.php?cs_go=archiv&cs_id=5222 HTTP/1.1" 200 5365 "-" "Mozilla/5.0 (iPhone; CPU iPhone OS 6_0 like Mac OS X) AppleWebKit/536.26 (KHTML, like Gecko) Version/6.0 Mobile/10A5376e Safari/8536.25 (compatible; Googlebot/2.1; +http://www.google.com/bot.html)"
66.249.79.80 - - [27/Oct/2014:03:33:47 +0100] "GET /news.php?cs_go=archiv&cs_id=4078&cs_search= HTTP/1.1" 200 5365 "-" "Mozilla/5.0 (iPhone; CPU iPhone OS 6_0 like Mac OS X) AppleWebKit/536.26 (KHTML, like Gecko) Version/6.0 Mobile/10A5376e Safari/8536.25 (compatible; Googlebot/2.1; +http://www.google.com/bot.html)"
66.249.79.72 - - [27/Oct/2014:03:36:49 +0100] "GET /index.php HTTP/1.1" 200 4480 "-" "Mozilla/5.0 (compatible; Googlebot/2.1; +http://www.google.com/bot.html)"
188.165.15.234 - - [27/Oct/2014:03:39:29 +0100] "GET /news.php?cs_go=archiv&cs_startpos=120 HTTP/1.1" 200 5365 "-" "Mozilla/5.0 (compatible; AhrefsBot/5.0; +http://ahrefs.com/robot/)"
66.249.79.64 - - [27/Oct/2014:03:39:49 +0100] "GET /news.php?cs_go=archiv&cs_id=5222 HTTP/1.1" 200 5365 "-" "Mozilla/5.0 (iPhone; CPU iPhone OS 6_0 like Mac OS X) AppleWebKit/536.26 (KHTML, like Gecko) Version/6.0 Mobile/10A5376e Safari/8536.25 (compatible; Googlebot/2.1; +http://www.google.com/bot.html)"
66.249.79.72 - - [27/Oct/2014:03:42:50 +0100] "GET /news.php?cs_go=archiv&cs_id=4078&cs_search= HTTP/1.1" 200 5365 "-" "Mozilla/5.0 (iPhone; CPU iPhone OS 6_0 like Mac OS X) AppleWebKit/536.26 (KHTML, like Gecko) Version/6.0 Mobile/10A5376e Safari/8536.25 (compatible; Googlebot/2.1; +http://www.google.com/bot.html)"
66.249.79.72 - - [27/Oct/2014:03:48:52 +0100] "GET /kwk.php?cs_go=4 HTTP/1.1" 200 5369 "-" "Mozilla/5.0 (iPhone; CPU iPhone OS 6_0 like Mac OS X) AppleWebKit/536.26 (KHTML, like Gecko) Version/6.0 Mobile/10A5376e Safari/8536.25 (compatible; Googlebot/2.1; +http://www.google.com/bot.html)"
66.249.79.64 - - [27/Oct/2014:03:45:52 +0100] "GET /index.php HTTP/1.1" 200 4480 "-" "Mozilla/5.0 (compatible; Googlebot/2.1; +http://www.google.com/bot.html)"
66.249.79.72 - - [27/Oct/2014:03:52:31 +0100] "GET /news.php?cs_go=archiv&cs_id=5222 HTTP/1.1" 200 5365 "-" "Mozilla/5.0 (iPhone; CPU iPhone OS 6_0 like Mac OS X) AppleWebKit/536.26 (KHTML, like Gecko) Version/6.0 Mobile/10A5376e Safari/8536.25 (compatible; Googlebot/2.1; +http://www.google.com/bot.html)"
66.249.79.72 - - [27/Oct/2014:03:58:50 +0100] "GET /news.php?cs_go=archiv&cs_id=4078&cs_search= HTTP/1.1" 200 5365 "-" "Mozilla/5.0 (iPhone; CPU iPhone OS 6_0 like Mac OS X) AppleWebKit/536.26 (KHTML, like Gecko) Version/6.0 Mobile/10A5376e Safari/8536.25 (compatible; Googlebot/2.1; +http://www.google.com/bot.html)"
66.249.79.64 - - [27/Oct/2014:04:13:53 +0100] "GET /news.php?cs_go=archiv&cs_id=4757 HTTP/1.1" 200 5365 "-" "Mozilla/5.0 (iPhone; CPU iPhone OS 6_0 like Mac OS X) AppleWebKit/536.26 (KHTML, like Gecko) Version/6.0 Mobile/10A5376e Safari/8536.25 (compatible; Googlebot/2.1; +http://www.google.com/bot.html)"
208.115.111.75 - - [27/Oct/2014:04:28:34 +0100] "GET /lexikon.php?cs_go=2&cs_char=t HTTP/1.1" 200 5379 "-" "Mozilla/5.0 (compatible; DotBot/1.1; http://www.opensiteexplorer.org/dotbot, help@moz.com)"
208.115.111.75 - - [27/Oct/2014:04:28:46 +0100] "GET /modernisierung.php HTTP/1.1" 200 5420 "-" "Mozilla/5.0 (compatible; DotBot/1.1; http://www.opensiteexplorer.org/dotbot, help@moz.com)"
66.249.79.80 - - [27/Oct/2014:04:25:55 +0100] "GET /news.php?cs_go=archiv&cs_id=4757 HTTP/1.1" 200 5365 "-" "Mozilla/5.0 (iPhone; CPU iPhone OS 6_0 like Mac OS X) AppleWebKit/536.26 (KHTML, like Gecko) Version/6.0 Mobile/10A5376e Safari/8536.25 (compatible; Googlebot/2.1; +http://www.google.com/bot.html)"
66.249.79.80 - - [27/Oct/2014:04:49:59 +0100] "GET /news.php?cs_go=archiv&cs_id=4757 HTTP/1.1" 200 5365 "-" "Mozilla/5.0 (iPhone; CPU iPhone OS 6_0 like Mac OS X) AppleWebKit/536.26 (KHTML, like Gecko) Version/6.0 Mobile/10A5376e Safari/8536.25 (compatible; Googlebot/2.1; +http://www.google.com/bot.html)"
66.249.79.80 - - [27/Oct/2014:05:11:21 +0100] "GET /news.php?cs_go=archiv&cs_id=4757 HTTP/1.1" 200 5365 "-" "Mozilla/5.0 (iPhone; CPU iPhone OS 6_0 like Mac OS X) AppleWebKit/536.26 (KHTML, like Gecko) Version/6.0 Mobile/10A5376e Safari/8536.25 (compatible; Googlebot/2.1; +http://www.google.com/bot.html)"
188.165.15.79 - - [27/Oct/2014:05:44:33 +0100] "GET /kwk.php HTTP/1.1" 200 5369 "-" "Mozilla/5.0 (compatible; AhrefsBot/5.0; +http://ahrefs.com/robot/)"
199.58.86.209 - - [27/Oct/2014:05:51:28 +0100] "GET /robots.txt HTTP/1.0" 200 177 "-" "Mozilla/5.0 (compatible; MJ12bot/v1.4.5; http://www.majestic12.co.uk/bot.php?+)"
188.165.15.193 - - [27/Oct/2014:05:57:09 +0100] "GET /news.php?cs_go=archiv&cs_startpos=0 HTTP/1.1" 200 5365 "-" "Mozilla/5.0 (compatible; AhrefsBot/5.0; +http://ahrefs.com/robot/)"
199.58.86.209 - - [27/Oct/2014:05:51:30 +0100] "GET / HTTP/1.0" 200 8120 "-" "Mozilla/5.0 (compatible; MJ12bot/v1.4.5; http://www.majestic12.co.uk/bot.php?+)"
78.47.15.198 - - [27/Oct/2014:06:25:21 +0100] "GET /robots.txt HTTP/1.1" 200 177 "-" "Mozilla/5.0 (compatible; uMBot-IC/1.0; mailto: crawling@ubermetrics-technologies.com)"
78.47.15.198 - - [27/Oct/2014:06:25:21 +0100] "GET /jobs.php HTTP/1.1" 200 4965 "-" "Mozilla/5.0 (compatible; uMBot-IC/1.0; mailto: crawling@ubermetrics-technologies.com)"
107.170.42.252 - - [27/Oct/2014:06:47:33 +0100] "GET /robots.txt HTTP/1.1" 200 177 "-" "Mozilla/5.0 (compatible; spbot/4.3.0; +http://OpenLinkProfiler.org/bot )"
208.115.111.75 - - [27/Oct/2014:06:52:44 +0100] "GET /robots.txt HTTP/1.1" 200 177 "-" "Mozilla/5.0 (compatible; DotBot/1.1; http://www.opensiteexplorer.org/dotbot, help@moz.com)"
178.63.80.14 - - [27/Oct/2014:06:53:45 +0100] "GET /robots.txt HTTP/1.1" 200 177 "-" "Mozilla/5.0 (compatible; uMBot-IC/1.0; mailto: crawling@ubermetrics-technologies.com)"
178.63.80.14 - - [27/Oct/2014:06:53:45 +0100] "GET /jobs.php HTTP/1.1" 200 4965 "-" "Mozilla/5.0 (compatible; uMBot-IC/1.0; mailto: crawling@ubermetrics-technologies.com)"
107.170.42.252 - - [27/Oct/2014:06:47:38 +0100] "GET / HTTP/1.1" 200 8120 "-" "Mozilla/5.0 (compatible; spbot/4.3.0; +http://OpenLinkProfiler.org/bot )"
66.249.79.80 - - [27/Oct/2014:07:00:14 +0100] "GET /news.php?cs_go=archiv&cs_id=4235 HTTP/1.1" 200 5365 "-" "Mozilla/5.0 (iPhone; CPU iPhone OS 6_0 like Mac OS X) AppleWebKit/536.26 (KHTML, like Gecko) Version/6.0 Mobile/10A5376e Safari/8536.25 (compatible; Googlebot/2.1; +http://www.google.com/bot.html)"
66.249.79.72 - - [27/Oct/2014:07:15:14 +0100] "GET /news.php?cs_go=archiv&cs_id=4235 HTTP/1.1" 200 5365 "-" "Mozilla/5.0 (iPhone; CPU iPhone OS 6_0 like Mac OS X) AppleWebKit/536.26 (KHTML, like Gecko) Version/6.0 Mobile/10A5376e Safari/8536.25 (compatible; Googlebot/2.1; +http://www.google.com/bot.html)"
66.249.79.80 - - [27/Oct/2014:07:27:15 +0100] "GET /news.php?cs_go=archiv&cs_id=4235 HTTP/1.1" 200 5365 "-" "Mozilla/5.0 (iPhone; CPU iPhone OS 6_0 like Mac OS X) AppleWebKit/536.26 (KHTML, like Gecko) Version/6.0 Mobile/10A5376e Safari/8536.25 (compatible; Googlebot/2.1; +http://www.google.com/bot.html)"
66.249.79.64 - - [27/Oct/2014:07:36:16 +0100] "GET /news.php?cs_go=archiv&cs_startpos=81 HTTP/1.1" 200 5365 "-" "Mozilla/5.0 (iPhone; CPU iPhone OS 6_0 like Mac OS X) AppleWebKit/536.26 (KHTML, like Gecko) Version/6.0 Mobile/10A5376e Safari/8536.25 (compatible; Googlebot/2.1; +http://www.google.com/bot.html)"
88.198.222.86 - - [27/Oct/2014:07:34:24 +0100] "GET / HTTP/1.0" 200 4606 "-" "-"
66.249.79.80 - - [27/Oct/2014:07:42:17 +0100] "GET /news.php?cs_go=archiv&cs_id=4324 HTTP/1.1" 200 5365 "-" "Mozilla/5.0 (iPhone; CPU iPhone OS 6_0 like Mac OS X) AppleWebKit/536.26 (KHTML, like Gecko) Version/6.0 Mobile/10A5376e Safari/8536.25 (compatible; Googlebot/2.1; +http://www.google.com/bot.html)"
88.198.222.86 - - [27/Oct/2014:07:37:34 +0100] "GET / HTTP/1.0" 200 8120 "-" "-"
88.198.222.86 - - [27/Oct/2014:07:41:01 +0100] "GET / HTTP/1.0" 200 4606 "-" "-"
88.198.222.86 - - [27/Oct/2014:07:47:12 +0100] "GET / HTTP/1.0" 200 4606 "-" "-"
88.198.222.86 - - [27/Oct/2014:07:44:11 +0100] "GET / HTTP/1.0" 200 8120 "-" "-"
66.249.79.72 - - [27/Oct/2014:07:54:19 +0100] "GET /news.php?cs_go=archiv&cs_id=4324 HTTP/1.1" 200 5365 "-" "Mozilla/5.0 (iPhone; CPU iPhone OS 6_0 like Mac OS X) AppleWebKit/536.26 (KHTML, like Gecko) Version/6.0 Mobile/10A5376e Safari/8536.25 (compatible; Googlebot/2.1; +http://www.google.com/bot.html)"
88.198.222.86 - - [27/Oct/2014:07:50:23 +0100] "GET / HTTP/1.0" 200 8120 "-" "-"
66.249.79.64 - - [27/Oct/2014:08:00:19 +0100] "GET /news.php?cs_go=archiv&cs_startpos=81 HTTP/1.1" 200 5365 "-" "Mozilla/5.0 (iPhone; CPU iPhone OS 6_0 like Mac OS X) AppleWebKit/536.26 (KHTML, like Gecko) Version/6.0 Mobile/10A5376e Safari/8536.25 (compatible; Googlebot/2.1; +http://www.google.com/bot.html)"
208.115.111.75 - - [27/Oct/2014:08:07:25 +0100] "GET /lexikon.php?cs_go=2&cs_char=r HTTP/1.1" 200 5379 "-" "Mozilla/5.0 (compatible; DotBot/1.1; http://www.opensiteexplorer.org/dotbot, help@moz.com)"
66.249.79.72 - - [27/Oct/2014:08:09:19 +0100] "GET /schwefelarmstandard.php HTTP/1.1" 200 5229 "-" "Mozilla/5.0 (compatible; Googlebot/2.1; +http://www.google.com/bot.html)"
66.249.79.64 - - [27/Oct/2014:08:06:19 +0100] "GET /news.php?cs_go=archiv&cs_id=4324 HTTP/1.1" 200 5365 "-" "Mozilla/5.0 (iPhone; CPU iPhone OS 6_0 like Mac OS X) AppleWebKit/536.26 (KHTML, like Gecko) Version/6.0 Mobile/10A5376e Safari/8536.25 (compatible; Googlebot/2.1; +http://www.google.com/bot.html)"
88.198.222.86 - - [27/Oct/2014:08:09:12 +0100] "GET / HTTP/1.0" 200 4606 "-" "-"
66.249.79.72 - - [27/Oct/2014:08:15:24 +0100] "GET /news.php?cs_go=archiv&cs_startpos=81 HTTP/1.1" 200 5365 "-" "Mozilla/5.0 (iPhone; CPU iPhone OS 6_0 like Mac OS X) AppleWebKit/536.26 (KHTML, like Gecko) Version/6.0 Mobile/10A5376e Safari/8536.25 (compatible; Googlebot/2.1; +http://www.google.com/bot.html)"
88.198.222.86 - - [27/Oct/2014:08:15:26 +0100] "GET / HTTP/1.0" 200 4606 "-" "-"
88.198.222.86 - - [27/Oct/2014:08:12:22 +0100] "GET / HTTP/1.0" 200 8120 "-" "-"
88.198.222.86 - - [27/Oct/2014:08:18:36 +0100] "GET / HTTP/1.0" 200 8120 "-" "-"
88.198.222.86 - - [27/Oct/2014:08:22:35 +0100] "GET / HTTP/1.0" 200 4606 "-" "-"
188.165.15.152 - - [27/Oct/2014:08:26:51 +0100] "GET /news.php?cs_go=archiv&cs_id=5345&cs_search= HTTP/1.1" 200 5365 "-" "Mozilla/5.0 (compatible; AhrefsBot/5.0; +http://ahrefs.com/robot/)"
148.251.183.105 - - [27/Oct/2014:08:30:27 +0100] "GET /robots.txt HTTP/1.0" 200 177 "-" "Mozilla/5.0 (compatible; MJ12bot/v1.4.5; http://www.majestic12.co.uk/bot.php?+)"
148.251.183.105 - - [27/Oct/2014:08:30:28 +0100] "GET /news.php?cs_go=archiv&cs_id=5265&cs_search= HTTP/1.0" 200 5365 "-" "Mozilla/5.0 (compatible; MJ12bot/v1.4.5; http://www.majestic12.co.uk/bot.php?+)"
148.251.183.105 - - [27/Oct/2014:08:31:13 +0100] "GET /news.php?cs_go=archiv&cs_id=5266&cs_search= HTTP/1.0" 200 5365 "-" "Mozilla/5.0 (compatible; MJ12bot/v1.4.5; http://www.majestic12.co.uk/bot.php?+)"
148.251.183.105 - - [27/Oct/2014:08:31:55 +0100] "GET /news.php?cs_go=archiv&cs_id=5267&cs_search= HTTP/1.0" 200 5365 "-" "Mozilla/5.0 (compatible; MJ12bot/v1.4.5; http://www.majestic12.co.uk/bot.php?+)"
88.198.222.86 - - [27/Oct/2014:08:25:45 +0100] "GET / HTTP/1.0" 200 8120 "-" "-"
148.251.183.105 - - [27/Oct/2014:08:42:33 +0100] "GET /news.php?cs_go=archiv&cs_id=5268&cs_search= HTTP/1.0" 200 5365 "-" "Mozilla/5.0 (compatible; MJ12bot/v1.4.5; http://www.majestic12.co.uk/bot.php?+)"
148.251.183.105 - - [27/Oct/2014:08:43:14 +0100] "GET /news.php?cs_go=archiv&cs_id=5269&cs_search= HTTP/1.0" 200 5365 "-" "Mozilla/5.0 (compatible; MJ12bot/v1.4.5; http://www.majestic12.co.uk/bot.php?+)"
148.251.183.105 - - [27/Oct/2014:08:43:58 +0100] "GET /news.php?cs_go=archiv&cs_id=5272&cs_search= HTTP/1.0" 200 5365 "-" "Mozilla/5.0 (compatible; MJ12bot/v1.4.5; http://www.majestic12.co.uk/bot.php?+)"
148.251.183.105 - - [27/Oct/2014:08:44:40 +0100] "GET /news.php?cs_go=archiv&cs_id=5274&cs_search= HTTP/1.0" 200 5365 "-" "Mozilla/5.0 (compatible; MJ12bot/v1.4.5; http://www.majestic12.co.uk/bot.php?+)"
82.94.179.38 - - [27/Oct/2014:08:48:16 +0100] "GET /robots.txt HTTP/1.0" 200 177 "-" "Mozilla/4.0 (compatible; Freshbot/1.0/EU; http://webagent.wise-guys.nl/)"
148.251.183.105 - - [27/Oct/2014:08:45:21 +0100] "GET /news.php?cs_go=archiv&cs_id=5275&cs_search= HTTP/1.0" 200 5365 "-" "Mozilla/5.0 (compatible; MJ12bot/v1.4.5; http://www.majestic12.co.uk/bot.php?+)"
148.251.183.105 - - [27/Oct/2014:08:46:03 +0100] "GET /news.php?cs_go=archiv&cs_id=5280&cs_search= HTTP/1.0" 200 5365 "-" "Mozilla/5.0 (compatible; MJ12bot/v1.4.5; http://www.majestic12.co.uk/bot.php?+)"
148.251.183.105 - - [27/Oct/2014:08:47:01 +0100] "GET /news.php?cs_go=archiv&cs_id=5282&cs_search= HTTP/1.0" 200 5365 "-" "Mozilla/5.0 (compatible; MJ12bot/v1.4.5; http://www.majestic12.co.uk/bot.php?+)"
148.251.183.105 - - [27/Oct/2014:08:47:44 +0100] "GET /news.php?cs_go=archiv&cs_id=5283&cs_search= HTTP/1.0" 200 5365 "-" "Mozilla/5.0 (compatible; MJ12bot/v1.4.5; http://www.majestic12.co.uk/bot.php?+)"
82.94.179.38 - - [27/Oct/2014:08:48:16 +0100] "GET / HTTP/1.1" 200 4480 "-" "Mozilla/5.0 (X11; Linux i686; rv:6.0) Gecko/20100101 Firefox/6.0 (Freshbot/1.0/EU; http://webagent.wise-guys.nl/)"
148.251.183.105 - - [27/Oct/2014:08:48:31 +0100] "GET /news.php?cs_go=archiv&cs_id=5284&cs_search= HTTP/1.0" 200 5365 "-" "Mozilla/5.0 (compatible; MJ12bot/v1.4.5; http://www.majestic12.co.uk/bot.php?+)"
148.251.183.105 - - [27/Oct/2014:08:49:32 +0100] "GET /news.php?cs_go=archiv&cs_id=5285&cs_search= HTTP/1.0" 200 5365 "-" "Mozilla/5.0 (compatible; MJ12bot/v1.4.5; http://www.majestic12.co.uk/bot.php?+)"
148.251.183.105 - - [27/Oct/2014:08:50:22 +0100] "GET /news.php?cs_go=archiv&cs_id=5286&cs_search= HTTP/1.0" 200 5365 "-" "Mozilla/5.0 (compatible; MJ12bot/v1.4.5; http://www.majestic12.co.uk/bot.php?+)"
148.251.183.105 - - [27/Oct/2014:08:51:04 +0100] "GET /news.php?cs_go=archiv&cs_id=5289&cs_search= HTTP/1.0" 200 5365 "-" "Mozilla/5.0 (compatible; MJ12bot/v1.4.5; http://www.majestic12.co.uk/bot.php?+)"
148.251.183.105 - - [27/Oct/2014:08:51:53 +0100] "GET /news.php?cs_go=archiv&cs_id=5291&cs_search= HTTP/1.0" 200 5365 "-" "Mozilla/5.0 (compatible; MJ12bot/v1.4.5; http://www.majestic12.co.uk/bot.php?+)"
148.251.183.105 - - [27/Oct/2014:08:52:47 +0100] "GET /news.php?cs_go=archiv&cs_id=5294&cs_search= HTTP/1.0" 200 5365 "-" "Mozilla/5.0 (compatible; MJ12bot/v1.4.5; http://www.majestic12.co.uk/bot.php?+)"
148.251.183.105 - - [27/Oct/2014:08:53:30 +0100] "GET /news.php?cs_go=archiv&cs_id=5295&cs_search= HTTP/1.0" 200 5365 "-" "Mozilla/5.0 (compatible; MJ12bot/v1.4.5; http://www.majestic12.co.uk/bot.php?+)"
148.251.183.105 - - [27/Oct/2014:08:54:19 +0100] "GET /news.php?cs_go=archiv&cs_id=5297&cs_search= HTTP/1.0" 200 5365 "-" "Mozilla/5.0 (compatible; MJ12bot/v1.4.5; http://www.majestic12.co.uk/bot.php?+)"
148.251.183.105 - - [27/Oct/2014:08:55:10 +0100] "GET /news.php?cs_go=archiv&cs_id=5298&cs_search= HTTP/1.0" 200 5365 "-" "Mozilla/5.0 (compatible; MJ12bot/v1.4.5; http://www.majestic12.co.uk/bot.php?+)"
148.251.183.105 - - [27/Oct/2014:08:55:54 +0100] "GET /news.php?cs_go=archiv&cs_id=5299&cs_search= HTTP/1.0" 200 5365 "-" "Mozilla/5.0 (compatible; MJ12bot/v1.4.5; http://www.majestic12.co.uk/bot.php?+)"
188.165.15.152 - - [27/Oct/2014:08:55:59 +0100] "GET /news.php?cs_go=archiv&cs_id=5242&cs_search= HTTP/1.1" 200 5365 "-" "Mozilla/5.0 (compatible; AhrefsBot/5.0; +http://ahrefs.com/robot/)"
148.251.183.105 - - [27/Oct/2014:08:56:36 +0100] "GET /news.php?cs_go=archiv&cs_id=5300&cs_search= HTTP/1.0" 200 5365 "-" "Mozilla/5.0 (compatible; MJ12bot/v1.4.5; http://www.majestic12.co.uk/bot.php?+)"
148.251.183.105 - - [27/Oct/2014:08:57:18 +0100] "GET /news.php?cs_go=archiv&cs_id=5301&cs_search= HTTP/1.0" 200 5365 "-" "Mozilla/5.0 (compatible; MJ12bot/v1.4.5; http://www.majestic12.co.uk/bot.php?+)"
148.251.183.105 - - [27/Oct/2014:08:58:01 +0100] "GET /news.php?cs_go=archiv&cs_id=5302&cs_search= HTTP/1.0" 200 5365 "-" "Mozilla/5.0 (compatible; MJ12bot/v1.4.5; http://www.majestic12.co.uk/bot.php?+)"
148.251.183.105 - - [27/Oct/2014:08:58:43 +0100] "GET /news.php?cs_go=archiv&cs_id=5303&cs_search= HTTP/1.0" 200 5365 "-" "Mozilla/5.0 (compatible; MJ12bot/v1.4.5; http://www.majestic12.co.uk/bot.php?+)"
148.251.183.105 - - [27/Oct/2014:08:59:25 +0100] "GET /news.php?cs_go=archiv&cs_id=5304&cs_search= HTTP/1.0" 200 5365 "-" "Mozilla/5.0 (compatible; MJ12bot/v1.4.5; http://www.majestic12.co.uk/bot.php?+)"
148.251.183.105 - - [27/Oct/2014:09:00:12 +0100] "GET /news.php?cs_go=archiv&cs_id=5305&cs_search= HTTP/1.0" 200 5365 "-" "Mozilla/5.0 (compatible; MJ12bot/v1.4.5; http://www.majestic12.co.uk/bot.php?+)"
148.251.183.105 - - [27/Oct/2014:09:00:55 +0100] "GET /news.php?cs_go=archiv&cs_id=5306&cs_search= HTTP/1.0" 200 5365 "-" "Mozilla/5.0 (compatible; MJ12bot/v1.4.5; http://www.majestic12.co.uk/bot.php?+)"
148.251.183.105 - - [27/Oct/2014:09:01:47 +0100] "GET /news.php?cs_go=archiv&cs_id=5307&cs_search= HTTP/1.0" 200 5365 "-" "Mozilla/5.0 (compatible; MJ12bot/v1.4.5; http://www.majestic12.co.uk/bot.php?+)"
148.251.183.105 - - [27/Oct/2014:09:02:35 +0100] "GET /news.php?cs_go=archiv&cs_id=5308&cs_search= HTTP/1.0" 200 5365 "-" "Mozilla/5.0 (compatible; MJ12bot/v1.4.5; http://www.majestic12.co.uk/bot.php?+)"
148.251.183.105 - - [27/Oct/2014:09:03:18 +0100] "GET /news.php?cs_go=archiv&cs_id=5350&cs_search= HTTP/1.0" 200 5365 "-" "Mozilla/5.0 (compatible; MJ12bot/v1.4.5; http://www.majestic12.co.uk/bot.php?+)"
148.251.183.105 - - [27/Oct/2014:09:04:01 +0100] "GET /news.php?cs_go=archiv&cs_id=5351&cs_search= HTTP/1.0" 200 5365 "-" "Mozilla/5.0 (compatible; MJ12bot/v1.4.5; http://www.majestic12.co.uk/bot.php?+)"
148.251.183.105 - - [27/Oct/2014:09:04:43 +0100] "GET /news.php?cs_go=archiv&cs_id=5352&cs_search= HTTP/1.0" 200 5365 "-" "Mozilla/5.0 (compatible; MJ12bot/v1.4.5; http://www.majestic12.co.uk/bot.php?+)"
148.251.183.105 - - [27/Oct/2014:09:05:28 +0100] "GET /news.php?cs_go=archiv&cs_id=5353&cs_search= HTTP/1.0" 200 5365 "-" "Mozilla/5.0 (compatible; MJ12bot/v1.4.5; http://www.majestic12.co.uk/bot.php?+)"
148.251.183.105 - - [27/Oct/2014:09:06:10 +0100] "GET /news.php?cs_go=archiv&cs_id=5354&cs_search= HTTP/1.0" 200 5365 "-" "Mozilla/5.0 (compatible; MJ12bot/v1.4.5; http://www.majestic12.co.uk/bot.php?+)"
148.251.183.105 - - [27/Oct/2014:09:06:58 +0100] "GET /news.php?cs_go=archiv&cs_id=5355&cs_search= HTTP/1.0" 200 5365 "-" "Mozilla/5.0 (compatible; MJ12bot/v1.4.5; http://www.majestic12.co.uk/bot.php?+)"
148.251.183.105 - - [27/Oct/2014:09:07:40 +0100] "GET /news.php?cs_go=archiv&cs_id=5356&cs_search= HTTP/1.0" 200 5365 "-" "Mozilla/5.0 (compatible; MJ12bot/v1.4.5; http://www.majestic12.co.uk/bot.php?+)"
148.251.183.105 - - [27/Oct/2014:09:08:23 +0100] "GET /news.php?cs_go=archiv&cs_id=5358&cs_search= HTTP/1.0" 200 5365 "-" "Mozilla/5.0 (compatible; MJ12bot/v1.4.5; http://www.majestic12.co.uk/bot.php?+)"
148.251.183.105 - - [27/Oct/2014:09:09:05 +0100] "GET /news.php?cs_go=archiv&cs_id=5359&cs_search= HTTP/1.0" 200 5365 "-" "Mozilla/5.0 (compatible; MJ12bot/v1.4.5; http://www.majestic12.co.uk/bot.php?+)"
148.251.183.105 - - [27/Oct/2014:09:09:47 +0100] "GET /news.php?cs_go=archiv&cs_id=5360&cs_search= HTTP/1.0" 200 5365 "-" "Mozilla/5.0 (compatible; MJ12bot/v1.4.5; http://www.majestic12.co.uk/bot.php?+)"
148.251.183.105 - - [27/Oct/2014:09:10:52 +0100] "GET /news.php?cs_go=archiv&cs_id=5361&cs_search= HTTP/1.0" 200 5365 "-" "Mozilla/5.0 (compatible; MJ12bot/v1.4.5; http://www.majestic12.co.uk/bot.php?+)"
148.251.183.105 - - [27/Oct/2014:09:11:34 +0100] "GET /news.php?cs_go=archiv&cs_id=5362 HTTP/1.0" 200 5365 "-" "Mozilla/5.0 (compatible; MJ12bot/v1.4.5; http://www.majestic12.co.uk/bot.php?+)"
66.249.79.64 - - [27/Oct/2014:09:11:35 +0100] "GET / HTTP/1.1" 200 4480 "-" "Mozilla/5.0 (compatible; Googlebot/2.1; +http://www.google.com/bot.html)"
148.251.183.105 - - [27/Oct/2014:09:12:25 +0100] "GET /news.php?cs_go=archiv&cs_id=5362&cs_search= HTTP/1.0" 200 5365 "-" "Mozilla/5.0 (compatible; MJ12bot/v1.4.5; http://www.majestic12.co.uk/bot.php?+)"
148.251.183.105 - - [27/Oct/2014:09:13:07 +0100] "GET /news.php?cs_go=archiv&cs_id=5364 HTTP/1.0" 200 5365 "-" "Mozilla/5.0 (compatible; MJ12bot/v1.4.5; http://www.majestic12.co.uk/bot.php?+)"
148.251.183.105 - - [27/Oct/2014:09:13:50 +0100] "GET /news.php?cs_go=archiv&cs_id=5364&cs_search= HTTP/1.0" 200 5365 "-" "Mozilla/5.0 (compatible; MJ12bot/v1.4.5; http://www.majestic12.co.uk/bot.php?+)"
148.251.183.105 - - [27/Oct/2014:09:14:33 +0100] "GET /news.php?cs_go=archiv&cs_startpos=110 HTTP/1.0" 200 5365 "-" "Mozilla/5.0 (compatible; MJ12bot/v1.4.5; http://www.majestic12.co.uk/bot.php?+)"
148.251.183.105 - - [27/Oct/2014:09:15:18 +0100] "GET /news.php?cs_go=archiv&cs_startpos=120 HTTP/1.0" 200 5365 "-" "Mozilla/5.0 (compatible; MJ12bot/v1.4.5; http://www.majestic12.co.uk/bot.php?+)"
148.251.183.105 - - [27/Oct/2014:09:16:00 +0100] "GET /news.php?cs_go=archiv&cs_startpos=160 HTTP/1.0" 200 5365 "-" "Mozilla/5.0 (compatible; MJ12bot/v1.4.5; http://www.majestic12.co.uk/bot.php?+)"
148.251.183.105 - - [27/Oct/2014:09:16:57 +0100] "GET /news.php?cs_go=archiv&cs_startpos=170 HTTP/1.0" 200 5365 "-" "Mozilla/5.0 (compatible; MJ12bot/v1.4.5; http://www.majestic12.co.uk/bot.php?+)"
66.249.79.72 - - [27/Oct/2014:09:29:36 +0100] "GET / HTTP/1.1" 200 4480 "-" "Mozilla/5.0 (compatible; Googlebot/2.1; +http://www.google.com/bot.html)"
188.165.15.29 - - [27/Oct/2014:09:39:32 +0100] "GET /news.php?cs_go=archiv&cs_id=5175&cs_search= HTTP/1.1" 200 5365 "-" "Mozilla/5.0 (compatible; AhrefsBot/5.0; +http://ahrefs.com/robot/)"
66.249.79.72 - - [27/Oct/2014:09:41:36 +0100] "GET / HTTP/1.1" 200 4480 "-" "Mozilla/5.0 (compatible; Googlebot/2.1; +http://www.google.com/bot.html)"
82.100.209.34 - - [27/Oct/2014:10:00:24 +0100] "GET /favicon.ico HTTP/1.1" 200 3638 "-" "Mozilla/5.0 (Windows NT 6.1; Win64; x64; Trident/7.0; rv:11.0) like Gecko"
82.100.209.34 - - [27/Oct/2014:10:02:28 +0100] "GET /favicon.ico HTTP/1.1" 304 - "-" "Mozilla/5.0 (Windows NT 6.1; WOW64; rv:32.0) Gecko/20100101 Firefox/32.0"
82.100.209.34 - - [27/Oct/2014:09:58:35 +0100] "GET / HTTP/1.1" 200 8120 "http://www.google.de/url?sa=t&rct=j&q=&esrc=s&source=web&cd=2&ved=0CDwQFjAB&url=http%3A%2F%2Fwww.mink-gmbh.de%2F&ei=2whOVOP7M4WWaofDgrgI&usg=AFQjCNFHX4Iglls9oo-KYXTmDUV_5KOVIg&bvm=bv.77880786,d.bGQ" "Mozilla/5.0 (Windows NT 6.1; WOW64; Trident/7.0; rv:11.0) like Gecko"
82.100.209.34 - - [27/Oct/2014:09:59:23 +0100] "GET / HTTP/1.1" 200 8120 "http://www.google.de/url?sa=t&rct=j&q=&esrc=s&source=web&cd=2&ved=0CDwQFjAB&url=http%3A%2F%2Fwww.mink-gmbh.de%2F&ei=2whOVOP7M4WWaofDgrgI&usg=AFQjCNFHX4Iglls9oo-KYXTmDUV_5KOVIg" "Mozilla/5.0 (Windows NT 6.1; WOW64; Trident/7.0; rv:11.0) like Gecko"
87.139.88.13 - - [27/Oct/2014:10:10:27 +0100] "GET /favicon.ico HTTP/1.1" 304 - "-" "Mozilla/5.0 (compatible; MSIE 9.0; Windows NT 6.1; WOW64; Trident/5.0)"
82.100.209.34 - - [27/Oct/2014:10:01:27 +0100] "GET / HTTP/1.1" 200 8120 "http://www.google.de/url?sa=t&rct=j&q=&esrc=s&source=web&cd=1&ved=0CDgQFjAA&url=http%3A%2F%2Fwww.mink-gmbh.de%2F&ei=iglOVODiM8HeaKuggOAJ&usg=AFQjCNFHX4Iglls9oo-KYXTmDUV_5KOVIg&bvm=bv.77880786,d.bGQ" "Mozilla/5.0 (Windows NT 6.1; WOW64; rv:32.0) Gecko/20100101 Firefox/32.0"
87.139.88.13 - - [27/Oct/2014:10:09:26 +0100] "GET / HTTP/1.1" 200 8120 "http://www.google.de/url?sa=t&rct=j&q=&esrc=s&frm=1&source=web&cd=1&ved=0CCEQFjAA&url=http%3A%2F%2Fwww.mink-gmbh.de%2F&ei=aQtOVKjhF4vhat-CgrgM&usg=AFQjCNFHX4Iglls9oo-KYXTmDUV_5KOVIg&bvm=bv.77880786,d.bGQ" "Mozilla/5.0 (compatible; MSIE 9.0; Windows NT 6.1; WOW64; Trident/5.0)"
87.139.88.13 - - [27/Oct/2014:10:12:19 +0100] "GET / HTTP/1.1" 200 8120 "http://www.google.de/url?sa=t&rct=j&q=&esrc=s&frm=1&source=web&cd=1&ved=0CCEQFjAA&url=http%3A%2F%2Fwww.mink-gmbh.de%2F&ei=aQtOVKjhF4vhat-CgrgM&usg=AFQjCNFHX4Iglls9oo-KYXTmDUV_5KOVIg&bvm=bv.77880786,d.bGQ" "Mozilla/5.0 (compatible; MSIE 9.0; Windows NT 6.1; WOW64; Trident/5.0)"
109.45.2.114 - - [27/Oct/2014:10:12:40 +0100] "GET / HTTP/1.1" 200 8120 "http://www.google.de/" "Mozilla/5.0 (iPhone; CPU iPhone OS 7_1_1 like Mac OS X) AppleWebKit/537.51.1 (KHTML, like Gecko) GSA/4.1.0.31802 Mobile/11D201 Safari/9537.53"
178.255.215.80 - - [27/Oct/2014:10:22:53 +0100] "GET /robots.txt HTTP/1.1" 200 177 "-" "Mozilla/5.0 (compatible; Exabot/3.0 (BiggerBetter); +http://www.exabot.com/go/robot)"
87.139.88.13 - - [27/Oct/2014:10:16:14 +0100] "GET / HTTP/1.1" 200 8120 "http://www.google.de/url?sa=t&rct=j&q=&esrc=s&frm=1&source=web&cd=1&ved=0CCEQFjAA&url=http%3A%2F%2Fwww.mink-gmbh.de%2F&ei=aQtOVKjhF4vhat-CgrgM&usg=AFQjCNFHX4Iglls9oo-KYXTmDUV_5KOVIg&bvm=bv.77880786,d.bGQ" "Mozilla/5.0 (compatible; MSIE 9.0; Windows NT 6.1; WOW64; Trident/5.0)"
178.255.215.80 - - [27/Oct/2014:10:22:53 +0100] "GET /news.php?cs_go=archiv&cs_id=5348&cs_search= HTTP/1.1" 200 5365 "-" "Mozilla/5.0 (compatible; Exabot/3.0 (BiggerBetter); +http://www.exabot.com/go/robot)"
87.139.88.13 - - [27/Oct/2014:10:16:45 +0100] "GET / HTTP/1.1" 200 8120 "http://www.google.de/url?sa=t&rct=j&q=&esrc=s&frm=1&source=web&cd=1&ved=0CCEQFjAA&url=http%3A%2F%2Fwww.mink-gmbh.de%2F&ei=aQtOVKjhF4vhat-CgrgM&usg=AFQjCNFHX4Iglls9oo-KYXTmDUV_5KOVIg" "Mozilla/5.0 (compatible; MSIE 9.0; Windows NT 6.1; WOW64; Trident/5.0)"
87.139.88.13 - - [27/Oct/2014:10:23:47 +0100] "GET / HTTP/1.1" 200 8120 "http://www.google.de/url?sa=t&rct=j&q=&esrc=s&frm=1&source=web&cd=1&ved=0CCEQFjAA&url=http%3A%2F%2Fwww.mink-gmbh.de%2F&ei=aQtOVKjhF4vhat-CgrgM&usg=AFQjCNFHX4Iglls9oo-KYXTmDUV_5KOVIg" "Mozilla/5.0 (compatible; MSIE 9.0; Windows NT 6.1; WOW64; Trident/5.0)"
66.249.79.72 - - [27/Oct/2014:10:34:43 +0100] "GET /kontakt.php HTTP/1.1" 200 4996 "-" "Mozilla/5.0 (compatible; Googlebot/2.1; +http://www.google.com/bot.html)"
82.100.209.34 - - [27/Oct/2014:10:26:54 +0100] "GET / HTTP/1.1" 200 8120 "http://www.google.de/url?sa=t&rct=j&q=&esrc=s&source=web&cd=2&ved=0CDwQFjAB&url=http%3A%2F%2Fwww.mink-gmbh.de%2F&ei=2whOVOP7M4WWaofDgrgI&usg=AFQjCNFHX4Iglls9oo-KYXTmDUV_5KOVIg" "Mozilla/5.0 (Windows NT 6.1; WOW64; Trident/7.0; rv:11.0) like Gecko"
78.46.94.23 - - [27/Oct/2014:10:37:06 +0100] "GET /robots.txt HTTP/1.0" 200 177 "-" "Mozilla/5.0 (compatible; MJ12bot/v1.4.5; http://www.majestic12.co.uk/bot.php?+)"
82.100.209.34 - - [27/Oct/2014:10:37:25 +0100] "GET /kontakt.php HTTP/1.1" 200 4996 "http://www.google.de/url?sa=t&rct=j&q=&esrc=s&source=web&cd=2&ved=0CCgQjBAwAQ&url=http%3A%2F%2Fwww.mink-gmbh.de%2Fkontakt.php&ei=4xFOVPPvOYXxav3VgdAN&usg=AFQjCNGc4Uk3AnmIYxZ5z_4vpGIDOIrQvQ&bvm=bv.77880786,d.bGQ" "Mozilla/5.0 (Windows NT 6.1; WOW64; rv:32.0) Gecko/20100101 Firefox/32.0"
82.100.209.34 - - [27/Oct/2014:10:37:28 +0100] "GET /style.css HTTP/1.1" 200 8402 "http://www.mink-gmbh.de/kontakt.php" "Mozilla/5.0 (Windows NT 6.1; WOW64; rv:32.0) Gecko/20100101 Firefox/32.0"
82.100.209.34 - - [27/Oct/2014:10:37:29 +0100] "GET /modul.css HTTP/1.1" 200 35038 "http://www.mink-gmbh.de/kontakt.php" "Mozilla/5.0 (Windows NT 6.1; WOW64; rv:32.0) Gecko/20100101 Firefox/32.0"
82.100.209.34 - - [27/Oct/2014:10:37:29 +0100] "GET /images/kwk.gif HTTP/1.1" 200 6403 "http://www.mink-gmbh.de/kontakt.php" "Mozilla/5.0 (Windows NT 6.1; WOW64; rv:32.0) Gecko/20100101 Firefox/32.0"
