66.249.67.72 - - [02/Oct/2014:06:54:52 +0200] "GET /news.php?cs_go=archiv&cs_id=4560 HTTP/1.1" 200 5365 "-" "Mozilla/5.0 (iPhone; CPU iPhone OS 6_0 like Mac OS X) AppleWebKit/536.26 (KHTML, like Gecko) Version/6.0 Mobile/10A5376e Safari/8536.25 (compatible; Googlebot/2.1; +http://www.google.com/bot.html)"
66.249.78.190 - - [02/Oct/2014:07:00:52 +0200] "GET /preisanfrage.php HTTP/1.1" 200 5002 "-" "Mozilla/5.0 (iPhone; CPU iPhone OS 6_0 like Mac OS X) AppleWebKit/536.26 (KHTML, like Gecko) Version/6.0 Mobile/10A5376e Safari/8536.25 (compatible; Googlebot/2.1; +http://www.google.com/bot.html)"
37.58.100.234 - - [02/Oct/2014:07:00:58 +0200] "GET /news.php?cs_go=archiv&cs_id=5340&cs_search= HTTP/1.1" 200 5365 "-" "Mozilla/5.0 (compatible; AhrefsBot/5.0; +http://ahrefs.com/robot/)"
78.47.15.198 - - [02/Oct/2014:07:08:01 +0200] "GET /robots.txt HTTP/1.1" 200 177 "-" "Mozilla/5.0 (compatible; uMBot-IC/1.0; mailto: crawling@ubermetrics-technologies.com)"
78.47.15.198 - - [02/Oct/2014:07:08:01 +0200] "GET /jobs.php HTTP/1.1" 200 4965 "-" "Mozilla/5.0 (compatible; uMBot-IC/1.0; mailto: crawling@ubermetrics-technologies.com)"
66.249.78.183 - - [02/Oct/2014:07:09:53 +0200] "GET /news.php?cs_go=archiv&cs_id=4560 HTTP/1.1" 200 5365 "-" "Mozilla/5.0 (iPhone; CPU iPhone OS 6_0 like Mac OS X) AppleWebKit/536.26 (KHTML, like Gecko) Version/6.0 Mobile/10A5376e Safari/8536.25 (compatible; Googlebot/2.1; +http://www.google.com/bot.html)"
66.249.78.176 - - [02/Oct/2014:07:15:53 +0200] "GET /news.php?cs_go=archiv&cs_id=3875&cs_search= HTTP/1.1" 200 5365 "-" "Mozilla/5.0 (iPhone; CPU iPhone OS 6_0 like Mac OS X) AppleWebKit/536.26 (KHTML, like Gecko) Version/6.0 Mobile/10A5376e Safari/8536.25 (compatible; Googlebot/2.1; +http://www.google.com/bot.html)"
66.249.78.176 - - [02/Oct/2014:07:21:53 +0200] "GET /news.php?cs_go=archiv&cs_id=4560 HTTP/1.1" 200 5365 "-" "Mozilla/5.0 (iPhone; CPU iPhone OS 6_0 like Mac OS X) AppleWebKit/536.26 (KHTML, like Gecko) Version/6.0 Mobile/10A5376e Safari/8536.25 (compatible; Googlebot/2.1; +http://www.google.com/bot.html)"
178.63.80.14 - - [02/Oct/2014:07:28:40 +0200] "GET /robots.txt HTTP/1.1" 200 177 "-" "Mozilla/5.0 (compatible; uMBot-IC/1.0; mailto: crawling@ubermetrics-technologies.com)"
178.63.80.14 - - [02/Oct/2014:07:28:40 +0200] "GET /jobs.php HTTP/1.1" 200 4965 "-" "Mozilla/5.0 (compatible; uMBot-IC/1.0; mailto: crawling@ubermetrics-technologies.com)"
37.58.100.237 - - [02/Oct/2014:07:28:21 +0200] "GET /news.php?cs_go=archiv&cs_id=5212&cs_search= HTTP/1.1" 200 5365 "-" "Mozilla/5.0 (compatible; AhrefsBot/5.0; +http://ahrefs.com/robot/)"
66.249.78.183 - - [02/Oct/2014:07:31:09 +0200] "GET /news.php?cs_go=archiv&cs_id=3875&cs_search= HTTP/1.1" 200 5365 "-" "Mozilla/5.0 (iPhone; CPU iPhone OS 6_0 like Mac OS X) AppleWebKit/536.26 (KHTML, like Gecko) Version/6.0 Mobile/10A5376e Safari/8536.25 (compatible; Googlebot/2.1; +http://www.google.com/bot.html)"
66.249.78.176 - - [02/Oct/2014:07:40:10 +0200] "GET /news.php?cs_go=archiv&cs_id=3875&cs_search= HTTP/1.1" 200 5365 "-" "Mozilla/5.0 (iPhone; CPU iPhone OS 6_0 like Mac OS X) AppleWebKit/536.26 (KHTML, like Gecko) Version/6.0 Mobile/10A5376e Safari/8536.25 (compatible; Googlebot/2.1; +http://www.google.com/bot.html)"
66.249.78.183 - - [02/Oct/2014:07:46:25 +0200] "GET /index.php HTTP/1.1" 200 4480 "-" "Mozilla/5.0 (iPhone; CPU iPhone OS 6_0 like Mac OS X) AppleWebKit/536.26 (KHTML, like Gecko) Version/6.0 Mobile/10A5376e Safari/8536.25 (compatible; Googlebot/2.1; +http://www.google.com/bot.html)"
66.249.78.190 - - [02/Oct/2014:07:55:26 +0200] "GET /index.php HTTP/1.1" 200 4480 "-" "Mozilla/5.0 (iPhone; CPU iPhone OS 6_0 like Mac OS X) AppleWebKit/536.26 (KHTML, like Gecko) Version/6.0 Mobile/10A5376e Safari/8536.25 (compatible; Googlebot/2.1; +http://www.google.com/bot.html)"
37.58.100.234 - - [02/Oct/2014:08:03:28 +0200] "GET /energiesparcheck.php HTTP/1.1" 200 5385 "-" "Mozilla/5.0 (compatible; AhrefsBot/5.0; +http://ahrefs.com/robot/)"
88.74.118.155 - - [02/Oct/2014:08:06:21 +0200] "GET /style.css HTTP/1.1" 200 8402 "http://www.mink-gmbh.de/" "Mozilla/5.0 (iPad; CPU OS 7_1_1 like Mac OS X) AppleWebKit/537.51.2 (KHTML, like Gecko) GSA/4.2.0.37439 Mobile/11D201 Safari/9537.53"
88.74.118.155 - - [02/Oct/2014:08:06:21 +0200] "GET /modul.css HTTP/1.1" 200 35038 "http://www.mink-gmbh.de/" "Mozilla/5.0 (iPad; CPU OS 7_1_1 like Mac OS X) AppleWebKit/537.51.2 (KHTML, like Gecko) GSA/4.2.0.37439 Mobile/11D201 Safari/9537.53"
66.249.67.64 - - [02/Oct/2014:08:04:27 +0200] "GET /index.php HTTP/1.1" 200 4480 "-" "Mozilla/5.0 (iPhone; CPU iPhone OS 6_0 like Mac OS X) AppleWebKit/536.26 (KHTML, like Gecko) Version/6.0 Mobile/10A5376e Safari/8536.25 (compatible; Googlebot/2.1; +http://www.google.com/bot.html)"
66.249.78.183 - - [02/Oct/2014:08:13:28 +0200] "GET /modul.css HTTP/1.1" 200 35038 "http://www.mink-gmbh.de/index.php" "Mozilla/5.0 (compatible; Googlebot/2.1; +http://www.google.com/bot.html)"
66.249.67.64 - - [02/Oct/2014:08:13:43 +0200] "GET /style.css HTTP/1.1" 200 8402 "http://www.mink-gmbh.de/index.php" "Mozilla/5.0 (compatible; Googlebot/2.1; +http://www.google.com/bot.html)"
88.74.118.155 - - [02/Oct/2014:08:06:21 +0200] "GET / HTTP/1.1" 200 8120 "http://www.google.de/url?sa=t&rct=j&q=mink%20heiz%C3%B6l&source=web&cd=2&ved=0CBIQFjAB&url=http%3A%2F%2Fwww.mink-gmbh.de%2F&ei=LussVI2OCMP6aPqDgeAJ&usg=AFQjCNFHX4Iglls9oo-KYXTmDUV_5KOVIg" "Mozilla/5.0 (iPad; CPU OS 7_1_1 like Mac OS X) AppleWebKit/537.51.2 (KHTML, like Gecko) GSA/4.2.0.37439 Mobile/11D201 Safari/9537.53"
88.74.118.155 - - [02/Oct/2014:08:07:51 +0200] "GET / HTTP/1.1" 404 - "http://web2.cylex.de/reviews/viewcompanywebsite.aspx?firmaName=herbert-mink-gmbh&companyId=5251604" "Mozilla/5.0 (iPad; CPU OS 7_1_1 like Mac OS X) AppleWebKit/537.51.2 (KHTML, like Gecko) GSA/4.2.0.37439 Mobile/11D201 Safari/9537.53"
85.114.139.54 - - [02/Oct/2014:08:23:09 +0200] "GET /images/RAL_Guetezeichen_Energiehandel.pdf HTTP/1.1" 200 288367 "-" "Mozilla/5.0 (compatible; publiclibraryarchive.org/1.0; +crawl@publiclibraryarchive.org)"
88.74.118.155 - - [02/Oct/2014:08:07:25 +0200] "GET / HTTP/1.1" 200 8035 "http://web2.cylex.de/reviews/viewcompanywebsite.aspx?firmaName=herbert-mink-gmbh&companyId=5251604" "Mozilla/5.0 (iPad; CPU OS 7_1_1 like Mac OS X) AppleWebKit/537.51.2 (KHTML, like Gecko) GSA/4.2.0.37439 Mobile/11D201 Safari/9537.53"
37.58.100.234 - - [02/Oct/2014:09:21:02 +0200] "GET /news.php?cs_go=archiv&cs_id=5384&cs_search= HTTP/1.1" 200 5365 "-" "Mozilla/5.0 (compatible; AhrefsBot/5.0; +http://ahrefs.com/robot/)"
208.115.111.75 - - [02/Oct/2014:09:21:48 +0200] "GET /news.php?cs_go=archiv&cs_id=5169&cs_search= HTTP/1.1" 200 5365 "-" "Mozilla/5.0 (compatible; DotBot/1.1; http://www.opensiteexplorer.org/dotbot, help@moz.com)"
208.115.111.75 - - [02/Oct/2014:09:21:53 +0200] "GET /news.php?cs_go=archiv&cs_startpos=50 HTTP/1.1" 200 5365 "-" "Mozilla/5.0 (compatible; DotBot/1.1; http://www.opensiteexplorer.org/dotbot, help@moz.com)"
66.249.78.176 - - [02/Oct/2014:09:39:54 +0200] "GET /news.php?cs_go=archiv&cs_id=4580 HTTP/1.1" 200 5365 "-" "Mozilla/5.0 (iPhone; CPU iPhone OS 6_0 like Mac OS X) AppleWebKit/536.26 (KHTML, like Gecko) Version/6.0 Mobile/10A5376e Safari/8536.25 (compatible; Googlebot/2.1; +http://www.google.com/bot.html)"
66.249.67.80 - - [02/Oct/2014:09:59:45 +0200] "GET /news.php?cs_go=archiv&cs_id=4580 HTTP/1.1" 200 5365 "-" "Mozilla/5.0 (iPhone; CPU iPhone OS 6_0 like Mac OS X) AppleWebKit/536.26 (KHTML, like Gecko) Version/6.0 Mobile/10A5376e Safari/8536.25 (compatible; Googlebot/2.1; +http://www.google.com/bot.html)"
66.249.78.183 - - [02/Oct/2014:10:09:31 +0200] "GET /news.php?cs_go=archiv&cs_id=4580 HTTP/1.1" 200 5365 "-" "Mozilla/5.0 (iPhone; CPU iPhone OS 6_0 like Mac OS X) AppleWebKit/536.26 (KHTML, like Gecko) Version/6.0 Mobile/10A5376e Safari/8536.25 (compatible; Googlebot/2.1; +http://www.google.com/bot.html)"
66.249.78.176 - - [02/Oct/2014:10:13:29 +0200] "GET /robots.txt HTTP/1.1" 200 177 "-" "Mozilla/5.0 (compatible; Googlebot/2.1; +http://www.google.com/bot.html)"
66.249.78.183 - - [02/Oct/2014:10:13:29 +0200] "GET /modul.css HTTP/1.1" 200 35038 "-" "Mozilla/5.0 (compatible; Googlebot/2.1; +http://www.google.com/bot.html)"
66.249.64.112 - - [02/Oct/2014:10:16:30 +0200] "GET /news.php?cs_go=archiv&cs_id=4580 HTTP/1.1" 200 5365 "-" "Mozilla/5.0 (iPhone; CPU iPhone OS 6_0 like Mac OS X) AppleWebKit/536.26 (KHTML, like Gecko) Version/6.0 Mobile/10A5376e Safari/8536.25 (compatible; Googlebot/2.1; +http://www.google.com/bot.html)"
66.249.78.183 - - [02/Oct/2014:10:28:38 +0200] "GET /news.php?cs_go=archiv&cs_id=4580 HTTP/1.1" 200 5365 "-" "Mozilla/5.0 (iPhone; CPU iPhone OS 6_0 like Mac OS X) AppleWebKit/536.26 (KHTML, like Gecko) Version/6.0 Mobile/10A5376e Safari/8536.25 (compatible; Googlebot/2.1; +http://www.google.com/bot.html)"
66.249.78.176 - - [02/Oct/2014:10:40:38 +0200] "GET /news.php?cs_go=archiv&cs_id=4580 HTTP/1.1" 200 5365 "-" "Mozilla/5.0 (iPhone; CPU iPhone OS 6_0 like Mac OS X) AppleWebKit/536.26 (KHTML, like Gecko) Version/6.0 Mobile/10A5376e Safari/8536.25 (compatible; Googlebot/2.1; +http://www.google.com/bot.html)"
66.249.78.183 - - [02/Oct/2014:10:46:55 +0200] "GET /news.php?cs_go=archiv&cs_id=4580 HTTP/1.1" 200 5365 "-" "Mozilla/5.0 (iPhone; CPU iPhone OS 6_0 like Mac OS X) AppleWebKit/536.26 (KHTML, like Gecko) Version/6.0 Mobile/10A5376e Safari/8536.25 (compatible; Googlebot/2.1; +http://www.google.com/bot.html)"
37.58.100.73 - - [02/Oct/2014:10:55:40 +0200] "GET /news.php?cs_go=archiv&cs_id=5221&cs_search= HTTP/1.1" 200 5365 "-" "Mozilla/5.0 (compatible; AhrefsBot/5.0; +http://ahrefs.com/robot/)"
66.249.64.112 - - [02/Oct/2014:10:59:40 +0200] "GET /news.php?cs_go=archiv&cs_id=2649 HTTP/1.1" 200 5365 "-" "Mozilla/5.0 (compatible; Googlebot/2.1; +http://www.google.com/bot.html)"
66.249.78.190 - - [02/Oct/2014:11:11:40 +0200] "GET /news.php?cs_go=archiv&cs_id=3860 HTTP/1.1" 200 5365 "-" "Mozilla/5.0 (compatible; Googlebot/2.1; +http://www.google.com/bot.html)"
66.249.64.108 - - [02/Oct/2014:11:23:41 +0200] "GET /news.php?cs_go=archiv&cs_id=2649 HTTP/1.1" 200 5365 "-" "Mozilla/5.0 (compatible; Googlebot/2.1; +http://www.google.com/bot.html)"
178.137.94.81 - - [02/Oct/2014:11:32:04 +0200] "GET / HTTP/1.1" 200 2371 "http://uralpipeunion.jimdo.com/" "Mozilla/4.0 (compatible; MSIE 6.0; Windows NT 5.0; T312461)"
178.137.94.81 - - [02/Oct/2014:11:32:05 +0200] "GET / HTTP/1.1" 200 2371 "http://uralpipeunion.jimdo.com/" "Mozilla/4.0 (compatible; MSIE 6.0; Windows NT 5.0; T312461)"
178.137.94.81 - - [02/Oct/2014:11:32:05 +0200] "GET / HTTP/1.1" 200 2371 "http://uralpipeunion.jimdo.com/" "Mozilla/4.0 (compatible; MSIE 6.0; Windows NT 5.0; T312461)"
66.249.78.183 - - [02/Oct/2014:11:32:48 +0200] "GET /news.php?cs_go=archiv&cs_id=3860 HTTP/1.1" 200 5365 "-" "Mozilla/5.0 (compatible; Googlebot/2.1; +http://www.google.com/bot.html)"
66.249.64.104 - - [02/Oct/2014:11:41:49 +0200] "GET /news.php?cs_go=archiv&cs_id=2649 HTTP/1.1" 200 5365 "-" "Mozilla/5.0 (compatible; Googlebot/2.1; +http://www.google.com/bot.html)"
66.249.78.176 - - [02/Oct/2014:11:44:49 +0200] "GET /news.php?cs_go=archiv&cs_id=3860 HTTP/1.1" 200 5365 "-" "Mozilla/5.0 (compatible; Googlebot/2.1; +http://www.google.com/bot.html)"
66.249.78.190 - - [02/Oct/2014:12:18:00 +0200] "GET /news.php?cs_go=archiv&cs_id=3735&cs_search= HTTP/1.1" 200 5365 "-" "Mozilla/5.0 (iPhone; CPU iPhone OS 6_0 like Mac OS X) AppleWebKit/536.26 (KHTML, like Gecko) Version/6.0 Mobile/10A5376e Safari/8536.25 (compatible; Googlebot/2.1; +http://www.google.com/bot.html)"
66.249.78.190 - - [02/Oct/2014:12:27:01 +0200] "GET /news.php?cs_go=archiv&cs_id=3735&cs_search= HTTP/1.1" 200 5365 "-" "Mozilla/5.0 (iPhone; CPU iPhone OS 6_0 like Mac OS X) AppleWebKit/536.26 (KHTML, like Gecko) Version/6.0 Mobile/10A5376e Safari/8536.25 (compatible; Googlebot/2.1; +http://www.google.com/bot.html)"
66.249.78.183 - - [02/Oct/2014:12:36:01 +0200] "GET /news.php?cs_go=archiv&cs_id=3735&cs_search= HTTP/1.1" 200 5365 "-" "Mozilla/5.0 (iPhone; CPU iPhone OS 6_0 like Mac OS X) AppleWebKit/536.26 (KHTML, like Gecko) Version/6.0 Mobile/10A5376e Safari/8536.25 (compatible; Googlebot/2.1; +http://www.google.com/bot.html)"
66.249.64.112 - - [02/Oct/2014:12:42:02 +0200] "GET /preisanfrage.php HTTP/1.1" 200 5002 "-" "Mozilla/5.0 (iPhone; CPU iPhone OS 6_0 like Mac OS X) AppleWebKit/536.26 (KHTML, like Gecko) Version/6.0 Mobile/10A5376e Safari/8536.25 (compatible; Googlebot/2.1; +http://www.google.com/bot.html)"
66.249.78.176 - - [02/Oct/2014:13:00:37 +0200] "GET /preisanfrage.php HTTP/1.1" 200 5002 "-" "Mozilla/5.0 (iPhone; CPU iPhone OS 6_0 like Mac OS X) AppleWebKit/536.26 (KHTML, like Gecko) Version/6.0 Mobile/10A5376e Safari/8536.25 (compatible; Googlebot/2.1; +http://www.google.com/bot.html)"
78.47.15.198 - - [02/Oct/2014:13:08:16 +0200] "GET /robots.txt HTTP/1.1" 200 177 "-" "Mozilla/5.0 (compatible; uMBot-IC/1.0; mailto: crawling@ubermetrics-technologies.com)"
78.47.15.198 - - [02/Oct/2014:13:08:16 +0200] "GET /jobs.php HTTP/1.1" 200 4965 "-" "Mozilla/5.0 (compatible; uMBot-IC/1.0; mailto: crawling@ubermetrics-technologies.com)"
77.12.114.254 - - [02/Oct/2014:13:06:50 +0200] "GET / HTTP/1.1" 200 4606 "http://www.google.de/url?sa=t&rct=j&q=&esrc=s&source=web&cd=2&ved=0CEgQFjAB&url=http%3A%2F%2Fwww.mink-gmbh.de%2F&ei=kjEtVL-PMYHWPPD0gcgI&usg=AFQjCNFHX4Iglls9oo-KYXTmDUV_5KOVIg&bvm=bv.76477589,d.ZWU" "Mozilla/5.0 (Windows NT 6.1; WOW64; Trident/7.0; rv:11.0) like Gecko"
77.12.114.254 - - [02/Oct/2014:13:09:54 +0200] "GET / HTTP/1.1" 200 4606 "http://www.google.de/url?sa=t&rct=j&q=&esrc=s&source=web&cd=1&ved=0CDMQFjAA&url=http%3A%2F%2Fwww.mink-gmbh.de%2F&ei=UzItVMVqy7w9r7GBqAQ&usg=AFQjCNFHX4Iglls9oo-KYXTmDUV_5KOVIg&bvm=bv.76477589,d.ZWU" "Mozilla/5.0 (Windows NT 6.1; WOW64; Trident/7.0; rv:11.0) like Gecko"
66.249.78.190 - - [02/Oct/2014:13:19:21 +0200] "GET /preisanfrage.php HTTP/1.1" 200 5002 "-" "Mozilla/5.0 (iPhone; CPU iPhone OS 6_0 like Mac OS X) AppleWebKit/536.26 (KHTML, like Gecko) Version/6.0 Mobile/10A5376e Safari/8536.25 (compatible; Googlebot/2.1; +http://www.google.com/bot.html)"
79.243.39.152 - - [02/Oct/2014:13:25:06 +0200] "GET /style.css HTTP/1.1" 200 8402 "http://www.mink-gmbh.de/kontakt.php" "Mozilla/5.0 (Windows NT 6.2; WOW64; rv:32.0) Gecko/20100101 Firefox/32.0"
79.243.39.152 - - [02/Oct/2014:13:25:06 +0200] "GET /favicon.ico HTTP/1.1" 200 3638 "-" "Mozilla/5.0 (Windows NT 6.2; WOW64; rv:32.0) Gecko/20100101 Firefox/32.0"
79.243.39.152 - - [02/Oct/2014:13:25:06 +0200] "GET /modul.css HTTP/1.1" 200 35038 "http://www.mink-gmbh.de/kontakt.php" "Mozilla/5.0 (Windows NT 6.2; WOW64; rv:32.0) Gecko/20100101 Firefox/32.0"
79.243.39.152 - - [02/Oct/2014:13:25:06 +0200] "GET /images/navibg.png HTTP/1.1" 200 2803 "http://www.mink-gmbh.de/style.css" "Mozilla/5.0 (Windows NT 6.2; WOW64; rv:32.0) Gecko/20100101 Firefox/32.0"
79.243.39.152 - - [02/Oct/2014:13:25:06 +0200] "GET /images/wrapperbg.jpg HTTP/1.1" 200 27465 "http://www.mink-gmbh.de/style.css" "Mozilla/5.0 (Windows NT 6.2; WOW64; rv:32.0) Gecko/20100101 Firefox/32.0"
79.243.39.152 - - [02/Oct/2014:13:25:06 +0200] "GET /images/newsletter.png HTTP/1.1" 200 14619 "http://www.mink-gmbh.de/style.css" "Mozilla/5.0 (Windows NT 6.2; WOW64; rv:32.0) Gecko/20100101 Firefox/32.0"
79.243.39.152 - - [02/Oct/2014:13:25:06 +0200] "GET /images/bg.png HTTP/1.1" 200 922 "http://www.mink-gmbh.de/style.css" "Mozilla/5.0 (Windows NT 6.2; WOW64; rv:32.0) Gecko/20100101 Firefox/32.0"
79.243.39.152 - - [02/Oct/2014:13:25:06 +0200] "GET /images/header.jpg HTTP/1.1" 200 25189 "http://www.mink-gmbh.de/style.css" "Mozilla/5.0 (Windows NT 6.2; WOW64; rv:32.0) Gecko/20100101 Firefox/32.0"
79.243.39.152 - - [02/Oct/2014:13:25:06 +0200] "GET /kontakt.php HTTP/1.1" 200 4996 "http://www.google.de/url?sa=t&rct=j&q=&esrc=s&source=web&cd=5&ved=0CEQQFjAE&url=http%3A%2F%2Fwww.mink-gmbh.de%2Fkontakt.php&ei=0TUtVLrBMOi8ygO_goCwCA&usg=AFQjCNGc4Uk3AnmIYxZ5z_4vpGIDOIrQvQ" "Mozilla/5.0 (Windows NT 6.2; WOW64; rv:32.0) Gecko/20100101 Firefox/32.0"
79.243.39.152 - - [02/Oct/2014:13:25:09 +0200] "GET /images/kwk.gif HTTP/1.1" 200 6403 "http://www.mink-gmbh.de/kontakt.php" "Mozilla/5.0 (Windows NT 6.2; WOW64; rv:32.0) Gecko/20100101 Firefox/32.0"
79.243.39.152 - - [02/Oct/2014:13:25:09 +0200] "GET /images/freecall.jpg HTTP/1.1" 200 39195 "http://www.mink-gmbh.de/kontakt.php" "Mozilla/5.0 (Windows NT 6.2; WOW64; rv:32.0) Gecko/20100101 Firefox/32.0"
79.243.39.152 - - [02/Oct/2014:13:25:09 +0200] "GET /images/wunschpreis.jpg HTTP/1.1" 200 16767 "http://www.mink-gmbh.de/kontakt.php" "Mozilla/5.0 (Windows NT 6.2; WOW64; rv:32.0) Gecko/20100101 Firefox/32.0"
79.243.39.152 - - [02/Oct/2014:13:25:09 +0200] "GET /images/logos.jpg HTTP/1.1" 200 35043 "http://www.mink-gmbh.de/kontakt.php" "Mozilla/5.0 (Windows NT 6.2; WOW64; rv:32.0) Gecko/20100101 Firefox/32.0"
79.243.39.152 - - [02/Oct/2014:13:25:09 +0200] "GET /images/footerbg.jpg HTTP/1.1" 200 2184 "http://www.mink-gmbh.de/style.css" "Mozilla/5.0 (Windows NT 6.2; WOW64; rv:32.0) Gecko/20100101 Firefox/32.0"
178.63.80.14 - - [02/Oct/2014:13:28:59 +0200] "GET /robots.txt HTTP/1.1" 200 177 "-" "Mozilla/5.0 (compatible; uMBot-IC/1.0; mailto: crawling@ubermetrics-technologies.com)"
178.63.80.14 - - [02/Oct/2014:13:28:59 +0200] "GET /jobs.php HTTP/1.1" 200 4965 "-" "Mozilla/5.0 (compatible; uMBot-IC/1.0; mailto: crawling@ubermetrics-technologies.com)"
66.249.78.176 - - [02/Oct/2014:13:43:47 +0200] "GET /news.php?cs_go=archiv&cs_id=3735&cs_search= HTTP/1.1" 200 5365 "-" "Mozilla/5.0 (iPhone; CPU iPhone OS 6_0 like Mac OS X) AppleWebKit/536.26 (KHTML, like Gecko) Version/6.0 Mobile/10A5376e Safari/8536.25 (compatible; Googlebot/2.1; +http://www.google.com/bot.html)"
66.249.78.190 - - [02/Oct/2014:14:02:25 +0200] "GET /news.php?cs_go=archiv&cs_id=5212 HTTP/1.1" 200 5365 "-" "Mozilla/5.0 (compatible; Googlebot/2.1; +http://www.google.com/bot.html)"
66.249.64.104 - - [02/Oct/2014:14:05:25 +0200] "GET /news.php?cs_go=archiv&cs_id=3735&cs_search= HTTP/1.1" 200 5365 "-" "Mozilla/5.0 (iPhone; CPU iPhone OS 6_0 like Mac OS X) AppleWebKit/536.26 (KHTML, like Gecko) Version/6.0 Mobile/10A5376e Safari/8536.25 (compatible; Googlebot/2.1; +http://www.google.com/bot.html)"
37.58.100.234 - - [02/Oct/2014:14:16:28 +0200] "GET /news.php?cs_go=archiv&cs_id=5183&cs_search= HTTP/1.1" 200 5365 "-" "Mozilla/5.0 (compatible; AhrefsBot/5.0; +http://ahrefs.com/robot/)"
66.249.64.112 - - [02/Oct/2014:14:20:27 +0200] "GET /news.php?cs_go=archiv&cs_id=5212 HTTP/1.1" 200 5365 "-" "Mozilla/5.0 (compatible; Googlebot/2.1; +http://www.google.com/bot.html)"
66.249.78.190 - - [02/Oct/2014:14:23:26 +0200] "GET /news.php?cs_go=archiv&cs_id=3735&cs_search= HTTP/1.1" 200 5365 "-" "Mozilla/5.0 (iPhone; CPU iPhone OS 6_0 like Mac OS X) AppleWebKit/536.26 (KHTML, like Gecko) Version/6.0 Mobile/10A5376e Safari/8536.25 (compatible; Googlebot/2.1; +http://www.google.com/bot.html)"
66.249.78.190 - - [02/Oct/2014:14:35:26 +0200] "GET /news.php?cs_go=archiv&cs_id=3735&cs_search= HTTP/1.1" 200 5365 "-" "Mozilla/5.0 (iPhone; CPU iPhone OS 6_0 like Mac OS X) AppleWebKit/536.26 (KHTML, like Gecko) Version/6.0 Mobile/10A5376e Safari/8536.25 (compatible; Googlebot/2.1; +http://www.google.com/bot.html)"
85.13.131.53 - - [02/Oct/2014:14:34:55 +0200] "GET / HTTP/1.0" 200 4606 "-" "-"
66.249.78.183 - - [02/Oct/2014:14:38:27 +0200] "GET /news.php?cs_go=archiv&cs_id=5212 HTTP/1.1" 200 5365 "-" "Mozilla/5.0 (compatible; Googlebot/2.1; +http://www.google.com/bot.html)"
85.13.131.53 - - [02/Oct/2014:14:38:09 +0200] "GET / HTTP/1.0" 200 8120 "-" "-"
66.249.64.108 - - [02/Oct/2014:14:47:27 +0200] "GET /news.php?cs_go=archiv&cs_id=4560 HTTP/1.1" 200 5365 "-" "Mozilla/5.0 (iPhone; CPU iPhone OS 6_0 like Mac OS X) AppleWebKit/536.26 (KHTML, like Gecko) Version/6.0 Mobile/10A5376e Safari/8536.25 (compatible; Googlebot/2.1; +http://www.google.com/bot.html)"
85.13.131.53 - - [02/Oct/2014:14:53:55 +0200] "GET / HTTP/1.0" 200 4606 "-" "-"
66.249.78.176 - - [02/Oct/2014:15:02:28 +0200] "GET /news.php?cs_go=archiv&cs_id=4560 HTTP/1.1" 200 5365 "-" "Mozilla/5.0 (iPhone; CPU iPhone OS 6_0 like Mac OS X) AppleWebKit/536.26 (KHTML, like Gecko) Version/6.0 Mobile/10A5376e Safari/8536.25 (compatible; Googlebot/2.1; +http://www.google.com/bot.html)"
85.13.131.53 - - [02/Oct/2014:14:57:06 +0200] "GET / HTTP/1.0" 200 8120 "-" "-"
85.13.131.53 - - [02/Oct/2014:15:08:30 +0200] "GET / HTTP/1.0" 200 4606 "-" "-"
66.249.78.190 - - [02/Oct/2014:15:14:29 +0200] "GET /news.php?cs_go=archiv&cs_id=4560 HTTP/1.1" 200 5365 "-" "Mozilla/5.0 (iPhone; CPU iPhone OS 6_0 like Mac OS X) AppleWebKit/536.26 (KHTML, like Gecko) Version/6.0 Mobile/10A5376e Safari/8536.25 (compatible; Googlebot/2.1; +http://www.google.com/bot.html)"
85.13.131.53 - - [02/Oct/2014:15:11:41 +0200] "GET / HTTP/1.0" 200 8120 "-" "-"
85.13.131.53 - - [02/Oct/2014:15:15:13 +0200] "GET / HTTP/1.0" 200 4606 "-" "-"
85.13.131.53 - - [02/Oct/2014:15:18:24 +0200] "GET / HTTP/1.0" 200 8120 "-" "-"
66.249.78.183 - - [02/Oct/2014:15:29:45 +0200] "GET / HTTP/1.1" 200 4480 "-" "Mozilla/5.0 (iPhone; CPU iPhone OS 6_0 like Mac OS X) AppleWebKit/536.26 (KHTML, like Gecko) Version/6.0 Mobile/10A5376e Safari/8536.25 (compatible; Googlebot/2.1; +http://www.google.com/bot.html)"
66.249.64.104 - - [02/Oct/2014:15:45:01 +0200] "GET / HTTP/1.1" 200 4480 "-" "Mozilla/5.0 (iPhone; CPU iPhone OS 6_0 like Mac OS X) AppleWebKit/536.26 (KHTML, like Gecko) Version/6.0 Mobile/10A5376e Safari/8536.25 (compatible; Googlebot/2.1; +http://www.google.com/bot.html)"
66.249.78.183 - - [02/Oct/2014:15:57:18 +0200] "GET / HTTP/1.1" 200 4480 "-" "Mozilla/5.0 (iPhone; CPU iPhone OS 6_0 like Mac OS X) AppleWebKit/536.26 (KHTML, like Gecko) Version/6.0 Mobile/10A5376e Safari/8536.25 (compatible; Googlebot/2.1; +http://www.google.com/bot.html)"
66.249.78.183 - - [02/Oct/2014:16:18:19 +0200] "GET /news.php?cs_go=archiv&cs_id=3875&cs_search= HTTP/1.1" 200 5365 "-" "Mozilla/5.0 (iPhone; CPU iPhone OS 6_0 like Mac OS X) AppleWebKit/536.26 (KHTML, like Gecko) Version/6.0 Mobile/10A5376e Safari/8536.25 (compatible; Googlebot/2.1; +http://www.google.com/bot.html)"
66.249.78.190 - - [02/Oct/2014:16:30:19 +0200] "GET /news.php?cs_go=archiv&cs_id=3875&cs_search= HTTP/1.1" 200 5365 "-" "Mozilla/5.0 (iPhone; CPU iPhone OS 6_0 like Mac OS X) AppleWebKit/536.26 (KHTML, like Gecko) Version/6.0 Mobile/10A5376e Safari/8536.25 (compatible; Googlebot/2.1; +http://www.google.com/bot.html)"
217.69.133.225 - - [02/Oct/2014:16:35:37 +0200] "GET /robots.txt HTTP/1.1" 200 177 "-" "Mozilla/5.0 (compatible; Linux x86_64; Mail.RU_Bot/2.0; +http://go.mail.ru/help/robots)"
157.55.39.40 - - [02/Oct/2014:16:34:57 +0200] "GET / HTTP/1.1" 200 1139 "-" "Mozilla/5.0 (compatible; bingbot/2.0; +http://www.bing.com/bingbot.htm)"
217.69.133.222 - - [02/Oct/2014:16:35:38 +0200] "GET /additive.php HTTP/1.1" 200 5226 "-" "Mozilla/5.0 (compatible; Linux x86_64; Mail.RU_Bot/2.0; +http://go.mail.ru/help/robots)"
66.249.78.190 - - [02/Oct/2014:16:42:20 +0200] "GET /news.php?cs_go=archiv&cs_id=3875&cs_search= HTTP/1.1" 200 5365 "-" "Mozilla/5.0 (iPhone; CPU iPhone OS 6_0 like Mac OS X) AppleWebKit/536.26 (KHTML, like Gecko) Version/6.0 Mobile/10A5376e Safari/8536.25 (compatible; Googlebot/2.1; +http://www.google.com/bot.html)"
82.193.99.33 - - [02/Oct/2014:17:19:49 +0200] "GET / HTTP/1.1" 200 2371 "http://avto-mir.dp.ua/" "Opera/9.01 (Windows NT 5.1; U; en)"
82.193.99.33 - - [02/Oct/2014:17:19:50 +0200] "GET / HTTP/1.1" 200 2371 "http://avto-mir.dp.ua/" "Opera/9.01 (Windows NT 5.1; U; en)"
82.193.99.33 - - [02/Oct/2014:17:19:50 +0200] "GET / HTTP/1.1" 200 2371 "http://avto-mir.dp.ua/" "Opera/9.01 (Windows NT 5.1; U; en)"
54.80.227.80 - - [02/Oct/2014:17:44:31 +0200] "GET /news.php?cs_go=archiv&cs_id=4066&cs_search= HTTP/1.1" 200 5365 "-" "Mozilla/5.0 (compatible; linkdexbot/2.0; +http://www.linkdex.com/bots/)"
66.249.64.112 - - [02/Oct/2014:17:50:07 +0200] "GET /news.php?cs_go=archiv&cs_id=4628 HTTP/1.1" 200 5365 "-" "Mozilla/5.0 (compatible; Googlebot/2.1; +http://www.google.com/bot.html)"
66.249.78.176 - - [02/Oct/2014:18:02:43 +0200] "GET /news.php?cs_go=archiv&cs_id=4628 HTTP/1.1" 200 5365 "-" "Mozilla/5.0 (compatible; Googlebot/2.1; +http://www.google.com/bot.html)"
66.249.78.176 - - [02/Oct/2014:18:14:45 +0200] "GET /news.php?cs_go=archiv&cs_id=4628 HTTP/1.1" 200 5365 "-" "Mozilla/5.0 (compatible; Googlebot/2.1; +http://www.google.com/bot.html)"
66.249.78.190 - - [02/Oct/2014:18:20:44 +0200] "GET /kontakt.php HTTP/1.1" 200 4996 "-" "Mozilla/5.0 (iPhone; CPU iPhone OS 6_0 like Mac OS X) AppleWebKit/536.26 (KHTML, like Gecko) Version/6.0 Mobile/10A5376e Safari/8536.25 (compatible; Googlebot/2.1; +http://www.google.com/bot.html)"
46.4.53.21 - - [02/Oct/2014:18:11:42 +0200] "GET / HTTP/1.1" 200 8120 "-" "-"
66.249.78.176 - - [02/Oct/2014:18:37:19 +0200] "GET /lexikon.php?cs_go=3&cs_id=27 HTTP/1.1" 200 5379 "-" "Mozilla/5.0 (iPhone; CPU iPhone OS 6_0 like Mac OS X) AppleWebKit/536.26 (KHTML, like Gecko) Version/6.0 Mobile/10A5376e Safari/8536.25 (compatible; Googlebot/2.1; +http://www.google.com/bot.html)"
54.80.227.80 - - [02/Oct/2014:18:43:29 +0200] "GET /news.php?cs_go=archiv&cs_id=4307&cs_search= HTTP/1.1" 200 5365 "-" "Mozilla/5.0 (compatible; linkdexbot/2.0; +http://www.linkdex.com/bots/)"
66.249.78.176 - - [02/Oct/2014:18:55:54 +0200] "GET /news.php?cs_go=archiv&cs_id=4467 HTTP/1.1" 200 5365 "-" "Mozilla/5.0 (iPhone; CPU iPhone OS 6_0 like Mac OS X) AppleWebKit/536.26 (KHTML, like Gecko) Version/6.0 Mobile/10A5376e Safari/8536.25 (compatible; Googlebot/2.1; +http://www.google.com/bot.html)"
66.249.78.190 - - [02/Oct/2014:19:05:02 +0200] "GET /news.php?cs_go=archiv&cs_id=4467 HTTP/1.1" 200 5365 "-" "Mozilla/5.0 (iPhone; CPU iPhone OS 6_0 like Mac OS X) AppleWebKit/536.26 (KHTML, like Gecko) Version/6.0 Mobile/10A5376e Safari/8536.25 (compatible; Googlebot/2.1; +http://www.google.com/bot.html)"
78.47.15.198 - - [02/Oct/2014:19:08:28 +0200] "GET /robots.txt HTTP/1.1" 200 177 "-" "Mozilla/5.0 (compatible; uMBot-IC/1.0; mailto: crawling@ubermetrics-technologies.com)"
78.47.15.198 - - [02/Oct/2014:19:08:28 +0200] "GET /jobs.php HTTP/1.1" 200 4965 "-" "Mozilla/5.0 (compatible; uMBot-IC/1.0; mailto: crawling@ubermetrics-technologies.com)"
66.249.78.183 - - [02/Oct/2014:19:12:11 +0200] "GET /news.php?cs_go=archiv&cs_id=4467 HTTP/1.1" 200 5365 "-" "Mozilla/5.0 (iPhone; CPU iPhone OS 6_0 like Mac OS X) AppleWebKit/536.26 (KHTML, like Gecko) Version/6.0 Mobile/10A5376e Safari/8536.25 (compatible; Googlebot/2.1; +http://www.google.com/bot.html)"
178.63.80.14 - - [02/Oct/2014:19:29:13 +0200] "GET /robots.txt HTTP/1.1" 200 177 "-" "Mozilla/5.0 (compatible; uMBot-IC/1.0; mailto: crawling@ubermetrics-technologies.com)"
178.63.80.14 - - [02/Oct/2014:19:29:13 +0200] "GET /jobs.php HTTP/1.1" 200 4965 "-" "Mozilla/5.0 (compatible; uMBot-IC/1.0; mailto: crawling@ubermetrics-technologies.com)"
79.228.235.226 - - [02/Oct/2014:19:32:32 +0200] "GET /jobs.php HTTP/1.1" 200 4965 "-" "Mozilla/5.0 (Windows NT 6.1; Win64; x64; rv:22.0) Gecko/20130328 Firefox/22.0"
54.80.227.80 - - [02/Oct/2014:19:30:26 +0200] "GET /news.php?cs_go=archiv&cs_id=4828 HTTP/1.1" 200 5365 "-" "Mozilla/5.0 (compatible; linkdexbot/2.0; +http://www.linkdex.com/bots/)"
66.249.78.176 - - [02/Oct/2014:19:31:21 +0200] "GET /news.php?cs_go=archiv&cs_id=5118 HTTP/1.1" 200 5365 "-" "Mozilla/5.0 (iPhone; CPU iPhone OS 6_0 like Mac OS X) AppleWebKit/536.26 (KHTML, like Gecko) Version/6.0 Mobile/10A5376e Safari/8536.25 (compatible; Googlebot/2.1; +http://www.google.com/bot.html)"
217.69.133.224 - - [02/Oct/2014:19:39:25 +0200] "GET /robots.txt HTTP/1.1" 200 177 "-" "Mozilla/5.0 (compatible; Linux x86_64; Mail.RU_Bot/2.0; +http://go.mail.ru/help/robots)"
217.69.133.222 - - [02/Oct/2014:19:39:26 +0200] "GET /diesel.php HTTP/1.1" 200 5226 "-" "Mozilla/5.0 (compatible; Linux x86_64; Mail.RU_Bot/2.0; +http://go.mail.ru/help/robots)"
66.249.78.176 - - [02/Oct/2014:19:40:21 +0200] "GET /news.php?cs_go=archiv&cs_id=5118 HTTP/1.1" 200 5365 "-" "Mozilla/5.0 (iPhone; CPU iPhone OS 6_0 like Mac OS X) AppleWebKit/536.26 (KHTML, like Gecko) Version/6.0 Mobile/10A5376e Safari/8536.25 (compatible; Googlebot/2.1; +http://www.google.com/bot.html)"
37.58.100.147 - - [02/Oct/2014:19:46:19 +0200] "GET /lexikon.php HTTP/1.1" 200 5379 "-" "Mozilla/5.0 (compatible; AhrefsBot/5.0; +http://ahrefs.com/robot/)"
66.249.78.190 - - [02/Oct/2014:19:49:22 +0200] "GET /news.php?cs_go=archiv&cs_id=4514&cs_search= HTTP/1.1" 200 5365 "-" "Mozilla/5.0 (iPhone; CPU iPhone OS 6_0 like Mac OS X) AppleWebKit/536.26 (KHTML, like Gecko) Version/6.0 Mobile/10A5376e Safari/8536.25 (compatible; Googlebot/2.1; +http://www.google.com/bot.html)"
79.228.235.226 - - [02/Oct/2014:19:57:14 +0200] "GET /jobs.php HTTP/1.1" 200 4965 "-" "Mozilla/5.0 (Windows NT 6.1; Win64; x64; rv:22.0) Gecko/20130328 Firefox/22.0"
37.58.100.234 - - [02/Oct/2014:19:58:09 +0200] "GET /news.php?cs_go=archiv&cs_id=5370&cs_search= HTTP/1.1" 200 5365 "-" "Mozilla/5.0 (compatible; AhrefsBot/5.0; +http://ahrefs.com/robot/)"
66.249.78.183 - - [02/Oct/2014:19:58:24 +0200] "GET /news.php?cs_go=archiv&cs_id=5118 HTTP/1.1" 200 5365 "-" "Mozilla/5.0 (iPhone; CPU iPhone OS 6_0 like Mac OS X) AppleWebKit/536.26 (KHTML, like Gecko) Version/6.0 Mobile/10A5376e Safari/8536.25 (compatible; Googlebot/2.1; +http://www.google.com/bot.html)"
66.249.78.176 - - [02/Oct/2014:20:04:24 +0200] "GET /news.php?cs_go=archiv&cs_id=4514&cs_search= HTTP/1.1" 200 5365 "-" "Mozilla/5.0 (iPhone; CPU iPhone OS 6_0 like Mac OS X) AppleWebKit/536.26 (KHTML, like Gecko) Version/6.0 Mobile/10A5376e Safari/8536.25 (compatible; Googlebot/2.1; +http://www.google.com/bot.html)"
66.249.64.108 - - [02/Oct/2014:20:10:24 +0200] "GET /faq.php HTTP/1.1" 200 5392 "-" "DoCoMo/2.0 N905i(c100;TB;W24H16) (compatible; Googlebot-Mobile/2.1; +http://www.google.com/bot.html)"
66.249.78.176 - - [02/Oct/2014:20:07:24 +0200] "GET /news.php?cs_go=archiv&cs_id=5095 HTTP/1.1" 200 5365 "-" "Mozilla/5.0 (compatible; Googlebot/2.1; +http://www.google.com/bot.html)"
66.249.64.104 - - [02/Oct/2014:20:13:27 +0200] "GET /news.php?cs_go=archiv&cs_startpos=51 HTTP/1.1" 200 5365 "-" "Mozilla/5.0 (iPhone; CPU iPhone OS 6_0 like Mac OS X) AppleWebKit/536.26 (KHTML, like Gecko) Version/6.0 Mobile/10A5376e Safari/8536.25 (compatible; Googlebot/2.1; +http://www.google.com/bot.html)"
66.249.78.183 - - [02/Oct/2014:20:19:27 +0200] "GET /news.php?cs_go=archiv&cs_id=4514&cs_search= HTTP/1.1" 200 5365 "-" "Mozilla/5.0 (iPhone; CPU iPhone OS 6_0 like Mac OS X) AppleWebKit/536.26 (KHTML, like Gecko) Version/6.0 Mobile/10A5376e Safari/8536.25 (compatible; Googlebot/2.1; +http://www.google.com/bot.html)"
66.249.78.183 - - [02/Oct/2014:20:22:27 +0200] "GET /index.php HTTP/1.1" 200 4480 "-" "Mozilla/5.0 (compatible; Googlebot/2.1; +http://www.google.com/bot.html)"
66.249.78.183 - - [02/Oct/2014:20:25:27 +0200] "GET /news.php?cs_go=archiv&cs_startpos=51 HTTP/1.1" 200 5365 "-" "Mozilla/5.0 (iPhone; CPU iPhone OS 6_0 like Mac OS X) AppleWebKit/536.26 (KHTML, like Gecko) Version/6.0 Mobile/10A5376e Safari/8536.25 (compatible; Googlebot/2.1; +http://www.google.com/bot.html)"
66.249.64.108 - - [02/Oct/2014:20:28:27 +0200] "GET /news.php?cs_go=archiv&cs_id=5095 HTTP/1.1" 200 5365 "-" "Mozilla/5.0 (compatible; Googlebot/2.1; +http://www.google.com/bot.html)"
37.58.100.143 - - [02/Oct/2014:20:31:46 +0200] "GET /news.php?cs_go=archiv&cs_id=5153&cs_search= HTTP/1.1" 200 5365 "-" "Mozilla/5.0 (compatible; AhrefsBot/5.0; +http://ahrefs.com/robot/)"
93.186.202.244 - - [02/Oct/2014:20:33:48 +0200] "GET /news.php?cs_go=archiv&cs_id=3673&cs_search= HTTP/1.1" 200 5365 "-" "Mozilla/5.0 (Windows NT 6.1) AppleWebKit/537.36 (KHTML, like Gecko) Chrome/27.0.1453.93 Safari/537.36"
66.249.78.176 - - [02/Oct/2014:20:34:28 +0200] "GET /news.php?cs_go=archiv&cs_startpos=51 HTTP/1.1" 200 5365 "-" "Mozilla/5.0 (iPhone; CPU iPhone OS 6_0 like Mac OS X) AppleWebKit/536.26 (KHTML, like Gecko) Version/6.0 Mobile/10A5376e Safari/8536.25 (compatible; Googlebot/2.1; +http://www.google.com/bot.html)"
54.80.227.80 - - [02/Oct/2014:20:39:18 +0200] "GET /news.php?cs_go=archiv&cs_id=4828&cs_search= HTTP/1.1" 200 5365 "-" "Mozilla/5.0 (compatible; linkdexbot/2.0; +http://www.linkdex.com/bots/)"
66.249.78.183 - - [02/Oct/2014:20:40:30 +0200] "GET /news.php?cs_go=archiv&cs_id=5095 HTTP/1.1" 200 5365 "-" "Mozilla/5.0 (compatible; Googlebot/2.1; +http://www.google.com/bot.html)"
141.8.147.12 - - [02/Oct/2014:20:44:16 +0200] "GET /robots.txt HTTP/1.1" 200 177 "-" "Mozilla/5.0 (compatible; YandexBot/3.0; +http://yandex.com/bots)"
79.201.108.68 - - [02/Oct/2014:20:44:35 +0200] "GET /style.css HTTP/1.1" 200 8402 "http://www.mink-gmbh.de/" "Mozilla/5.0 (Macintosh; Intel Mac OS X 10_9_5) AppleWebKit/600.1.17 (KHTML, like Gecko) Version/7.1 Safari/537.85.10"
79.201.108.68 - - [02/Oct/2014:20:44:35 +0200] "GET /modul.css HTTP/1.1" 200 35038 "http://www.mink-gmbh.de/" "Mozilla/5.0 (Macintosh; Intel Mac OS X 10_9_5) AppleWebKit/600.1.17 (KHTML, like Gecko) Version/7.1 Safari/537.85.10"
79.201.108.68 - - [02/Oct/2014:20:44:34 +0200] "GET / HTTP/1.1" 200 8120 "http://web2.cylex.de/reviews/viewcompanywebsite.aspx?firmaName=herbert-mink-gmbh&companyId=5251604" "Mozilla/5.0 (Macintosh; Intel Mac OS X 10_9_5) AppleWebKit/600.1.17 (KHTML, like Gecko) Version/7.1 Safari/537.85.10"
66.249.78.183 - - [02/Oct/2014:20:51:00 +0200] "GET /index.php HTTP/1.1" 200 4480 "-" "Mozilla/5.0 (compatible; Googlebot/2.1; +http://www.google.com/bot.html)"
66.249.78.183 - - [02/Oct/2014:21:11:21 +0200] "GET /news.php?cs_go=archiv&cs_id=5095&cs_search= HTTP/1.1" 200 5365 "-" "Mozilla/5.0 (compatible; Googlebot/2.1; +http://www.google.com/bot.html)"
66.249.64.108 - - [02/Oct/2014:21:17:32 +0200] "GET /news.php?cs_go=archiv&cs_id=4278 HTTP/1.1" 200 5365 "-" "Mozilla/5.0 (compatible; Googlebot/2.1; +http://www.google.com/bot.html)"
66.249.78.190 - - [02/Oct/2014:21:20:32 +0200] "GET /index.php HTTP/1.1" 200 4480 "-" "Mozilla/5.0 (compatible; Googlebot/2.1; +http://www.google.com/bot.html)"
37.58.100.171 - - [02/Oct/2014:21:24:19 +0200] "GET /news.php?cs_go=archiv&cs_startpos=61 HTTP/1.1" 200 5365 "-" "Mozilla/5.0 (compatible; AhrefsBot/5.0; +http://ahrefs.com/robot/)"
66.249.64.112 - - [02/Oct/2014:21:26:32 +0200] "GET /news.php?cs_go=archiv&cs_id=4278 HTTP/1.1" 200 5365 "-" "Mozilla/5.0 (compatible; Googlebot/2.1; +http://www.google.com/bot.html)"
66.249.78.183 - - [02/Oct/2014:21:32:34 +0200] "GET /news.php?cs_go=archiv&cs_id=4278 HTTP/1.1" 200 5365 "-" "Mozilla/5.0 (compatible; Googlebot/2.1; +http://www.google.com/bot.html)"
85.13.131.53 - - [02/Oct/2014:21:43:54 +0200] "GET / HTTP/1.0" 200 4606 "-" "-"
85.13.131.53 - - [02/Oct/2014:21:47:05 +0200] "GET / HTTP/1.0" 200 8120 "-" "-"
65.36.241.79 - - [02/Oct/2014:21:56:50 +0200] "HEAD / HTTP/1.1" 200 - "-" "InternetSeer.com"
85.13.131.53 - - [02/Oct/2014:21:50:29 +0200] "GET / HTTP/1.0" 200 4606 "-" "-"
178.137.94.81 - - [02/Oct/2014:21:57:16 +0200] "GET / HTTP/1.1" 200 2371 "http://cookingok.ru/yasitemap/" "Mozilla/4.0 (compatible; MSIE 6.0; Windows NT 5.1; SV1; Media Center PC"
178.137.94.81 - - [02/Oct/2014:21:57:17 +0200] "GET / HTTP/1.1" 200 2371 "http://cookingok.ru/yasitemap/" "Mozilla/4.0 (compatible; MSIE 6.0; Windows NT 5.1; SV1; Media Center PC"
178.137.94.81 - - [02/Oct/2014:21:57:17 +0200] "GET / HTTP/1.1" 200 2371 "http://cookingok.ru/yasitemap/" "Mozilla/4.0 (compatible; MSIE 6.0; Windows NT 5.1; SV1; Media Center PC"
85.13.131.53 - - [02/Oct/2014:21:53:39 +0200] "GET / HTTP/1.0" 200 8120 "-" "-"
85.13.131.53 - - [02/Oct/2014:21:57:07 +0200] "GET / HTTP/1.0" 200 4606 "-" "-"
134.249.49.191 - - [02/Oct/2014:22:06:13 +0200] "GET / HTTP/1.1" 200 1139 "http://xn--80aaaelklv2ahhye.xn--p1ai/" "Mozilla/1.22 (compatible; MSIE 2.0d; Windows NT)"
134.249.49.191 - - [02/Oct/2014:22:06:14 +0200] "GET / HTTP/1.1" 200 2371 "http://xn--80aaaelklv2ahhye.xn--p1ai/" "Mozilla/1.22 (compatible; MSIE 2.0d; Windows NT)"
134.249.49.191 - - [02/Oct/2014:22:06:14 +0200] "GET / HTTP/1.1" 200 1139 "http://xn--80aaaelklv2ahhye.xn--p1ai/" "Mozilla/1.22 (compatible; MSIE 2.0d; Windows NT)"
85.13.131.53 - - [02/Oct/2014:22:00:18 +0200] "GET / HTTP/1.0" 200 8120 "-" "-"
37.58.100.143 - - [02/Oct/2014:22:23:59 +0200] "GET /.php HTTP/1.1" 404 5342 "-" "Mozilla/5.0 (compatible; AhrefsBot/5.0; +http://ahrefs.com/robot/)"
66.249.78.176 - - [02/Oct/2014:22:35:42 +0200] "GET /kontakt.php HTTP/1.1" 200 4996 "-" "Mozilla/5.0 (compatible; Googlebot/2.1; +http://www.google.com/bot.html)"
37.58.100.234 - - [03/Oct/2014:00:09:25 +0200] "GET /news.php?cs_go=archiv&cs_id=5205&cs_search= HTTP/1.1" 200 5365 "-" "Mozilla/5.0 (compatible; AhrefsBot/5.0; +http://ahrefs.com/robot/)"
46.229.164.98 - - [03/Oct/2014:00:03:07 +0200] "GET / HTTP/1.1" 200 8120 "-" "Mozilla/5.0 (compatible; SemrushBot/0.98~bl; +http://www.semrush.com/bot.html)"
66.249.78.183 - - [03/Oct/2014:00:12:42 +0200] "GET /news.php?cs_go=archiv&cs_id=4635 HTTP/1.1" 200 5365 "-" "Mozilla/5.0 (iPhone; CPU iPhone OS 6_0 like Mac OS X) AppleWebKit/536.26 (KHTML, like Gecko) Version/6.0 Mobile/10A5376e Safari/8536.25 (compatible; Googlebot/2.1; +http://www.google.com/bot.html)"
66.249.78.176 - - [03/Oct/2014:00:19:02 +0200] "GET /news.php?cs_go=archiv&cs_id=4635 HTTP/1.1" 200 5365 "-" "Mozilla/5.0 (iPhone; CPU iPhone OS 6_0 like Mac OS X) AppleWebKit/536.26 (KHTML, like Gecko) Version/6.0 Mobile/10A5376e Safari/8536.25 (compatible; Googlebot/2.1; +http://www.google.com/bot.html)"
66.249.78.183 - - [03/Oct/2014:00:25:38 +0200] "GET /news.php?cs_go=archiv&cs_id=4635 HTTP/1.1" 200 5365 "-" "Mozilla/5.0 (iPhone; CPU iPhone OS 6_0 like Mac OS X) AppleWebKit/536.26 (KHTML, like Gecko) Version/6.0 Mobile/10A5376e Safari/8536.25 (compatible; Googlebot/2.1; +http://www.google.com/bot.html)"
37.58.100.182 - - [03/Oct/2014:00:42:09 +0200] "GET /news.php?cs_go=archiv&cs_id=5334&cs_search= HTTP/1.1" 200 5365 "-" "Mozilla/5.0 (compatible; AhrefsBot/5.0; +http://ahrefs.com/robot/)"
78.47.15.198 - - [03/Oct/2014:01:08:43 +0200] "GET /robots.txt HTTP/1.1" 200 177 "-" "Mozilla/5.0 (compatible; uMBot-IC/1.0; mailto: crawling@ubermetrics-technologies.com)"
78.47.15.198 - - [03/Oct/2014:01:08:43 +0200] "GET /jobs.php HTTP/1.1" 200 4965 "-" "Mozilla/5.0 (compatible; uMBot-IC/1.0; mailto: crawling@ubermetrics-technologies.com)"
66.249.78.183 - - [03/Oct/2014:01:10:32 +0200] "GET /news.php?cs_go=archiv&cs_id=5274&cs_search= HTTP/1.1" 200 5365 "-" "Mozilla/5.0 (compatible; Googlebot/2.1; +http://www.google.com/bot.html)"
66.249.78.190 - - [03/Oct/2014:01:14:01 +0200] "GET /news.php?cs_go=archiv&cs_id=5194 HTTP/1.1" 200 5365 "-" "Mozilla/5.0 (compatible; Googlebot/2.1; +http://www.google.com/bot.html)"
66.249.78.190 - - [03/Oct/2014:01:17:01 +0200] "GET /news.php?cs_go=archiv&cs_id=4467 HTTP/1.1" 200 5365 "-" "Mozilla/5.0 (iPhone; CPU iPhone OS 6_0 like Mac OS X) AppleWebKit/536.26 (KHTML, like Gecko) Version/6.0 Mobile/10A5376e Safari/8536.25 (compatible; Googlebot/2.1; +http://www.google.com/bot.html)"
66.249.78.176 - - [03/Oct/2014:01:26:01 +0200] "GET /news.php?cs_go=archiv&cs_id=5274&cs_search= HTTP/1.1" 200 5365 "-" "Mozilla/5.0 (compatible; Googlebot/2.1; +http://www.google.com/bot.html)"
178.63.80.14 - - [03/Oct/2014:01:29:26 +0200] "GET /robots.txt HTTP/1.1" 200 177 "-" "Mozilla/5.0 (compatible; uMBot-IC/1.0; mailto: crawling@ubermetrics-technologies.com)"
178.63.80.14 - - [03/Oct/2014:01:29:26 +0200] "GET /jobs.php HTTP/1.1" 200 4965 "-" "Mozilla/5.0 (compatible; uMBot-IC/1.0; mailto: crawling@ubermetrics-technologies.com)"
66.249.78.176 - - [03/Oct/2014:01:32:00 +0200] "GET /news.php?cs_go=archiv&cs_id=5194 HTTP/1.1" 200 5365 "-" "Mozilla/5.0 (compatible; Googlebot/2.1; +http://www.google.com/bot.html)"
66.249.64.112 - - [03/Oct/2014:01:41:28 +0200] "GET /news.php?cs_go=archiv&cs_id=5274&cs_search= HTTP/1.1" 200 5365 "-" "Mozilla/5.0 (compatible; Googlebot/2.1; +http://www.google.com/bot.html)"
66.249.78.176 - - [03/Oct/2014:01:44:29 +0200] "GET /news.php?cs_go=archiv&cs_id=4467 HTTP/1.1" 200 5365 "-" "Mozilla/5.0 (iPhone; CPU iPhone OS 6_0 like Mac OS X) AppleWebKit/536.26 (KHTML, like Gecko) Version/6.0 Mobile/10A5376e Safari/8536.25 (compatible; Googlebot/2.1; +http://www.google.com/bot.html)"
66.249.64.104 - - [03/Oct/2014:01:50:29 +0200] "GET /news.php?cs_go=archiv&cs_id=5194 HTTP/1.1" 200 5365 "-" "Mozilla/5.0 (compatible; Googlebot/2.1; +http://www.google.com/bot.html)"
66.249.78.190 - - [03/Oct/2014:02:02:30 +0200] "GET /news.php?cs_go=archiv&cs_id=4467 HTTP/1.1" 200 5365 "-" "Mozilla/5.0 (iPhone; CPU iPhone OS 6_0 like Mac OS X) AppleWebKit/536.26 (KHTML, like Gecko) Version/6.0 Mobile/10A5376e Safari/8536.25 (compatible; Googlebot/2.1; +http://www.google.com/bot.html)"
37.58.100.234 - - [03/Oct/2014:02:11:31 +0200] "GET /news.php?cs_go=archiv&cs_startpos=130 HTTP/1.1" 200 5365 "-" "Mozilla/5.0 (compatible; AhrefsBot/5.0; +http://ahrefs.com/robot/)"
66.249.78.183 - - [03/Oct/2014:02:20:31 +0200] "GET /news.php?cs_go=archiv&cs_id=4467 HTTP/1.1" 200 5365 "-" "Mozilla/5.0 (iPhone; CPU iPhone OS 6_0 like Mac OS X) AppleWebKit/536.26 (KHTML, like Gecko) Version/6.0 Mobile/10A5376e Safari/8536.25 (compatible; Googlebot/2.1; +http://www.google.com/bot.html)"
37.58.100.176 - - [03/Oct/2014:02:24:37 +0200] "GET /news.php?cs_go=archiv&cs_id=5308&cs_search= HTTP/1.1" 200 5365 "-" "Mozilla/5.0 (compatible; AhrefsBot/5.0; +http://ahrefs.com/robot/)"
66.249.78.190 - - [03/Oct/2014:02:35:31 +0200] "GET /news.php?cs_go=archiv&cs_id=4386 HTTP/1.1" 200 5365 "-" "Mozilla/5.0 (iPhone; CPU iPhone OS 6_0 like Mac OS X) AppleWebKit/536.26 (KHTML, like Gecko) Version/6.0 Mobile/10A5376e Safari/8536.25 (compatible; Googlebot/2.1; +http://www.google.com/bot.html)"
66.249.78.190 - - [03/Oct/2014:02:44:31 +0200] "GET /news.php?cs_go=archiv&cs_id=4386 HTTP/1.1" 200 5365 "-" "Mozilla/5.0 (iPhone; CPU iPhone OS 6_0 like Mac OS X) AppleWebKit/536.26 (KHTML, like Gecko) Version/6.0 Mobile/10A5376e Safari/8536.25 (compatible; Googlebot/2.1; +http://www.google.com/bot.html)"
66.249.78.183 - - [03/Oct/2014:02:50:31 +0200] "GET /lexikon.php?cs_go=3&cs_id=90 HTTP/1.1" 200 5379 "-" "Mozilla/5.0 (iPhone; CPU iPhone OS 6_0 like Mac OS X) AppleWebKit/536.26 (KHTML, like Gecko) Version/6.0 Mobile/10A5376e Safari/8536.25 (compatible; Googlebot/2.1; +http://www.google.com/bot.html)"
66.249.78.183 - - [03/Oct/2014:02:53:35 +0200] "GET /news.php?cs_go=archiv&cs_id=4386 HTTP/1.1" 200 5365 "-" "Mozilla/5.0 (iPhone; CPU iPhone OS 6_0 like Mac OS X) AppleWebKit/536.26 (KHTML, like Gecko) Version/6.0 Mobile/10A5376e Safari/8536.25 (compatible; Googlebot/2.1; +http://www.google.com/bot.html)"
123.125.71.36 - - [03/Oct/2014:03:07:36 +0200] "GET / HTTP/1.1" 200 1139 "-" "Mozilla/5.0 (compatible; Baiduspider/2.0; +http://www.baidu.com/search/spider.html)"
220.181.108.120 - - [03/Oct/2014:03:08:10 +0200] "GET / HTTP/1.1" 200 1139 "-" "Mozilla/5.0 (compatible; Baiduspider/2.0; +http://www.baidu.com/search/spider.html)"
208.115.113.91 - - [03/Oct/2014:03:18:17 +0200] "GET /robots.txt HTTP/1.1" 200 177 "-" "Mozilla/5.0 (compatible; DotBot/1.1; http://www.opensiteexplorer.org/dotbot, help@moz.com)"
94.153.65.124 - - [03/Oct/2014:04:02:05 +0200] "GET / HTTP/1.1" 200 1139 "http://cookimag.com/sitemap.html" "Mozilla/4.0 (compatible; MSIE 6.0; Windows NT 5.1; .NET CLR 1.0.3705)"
94.153.65.124 - - [03/Oct/2014:04:02:06 +0200] "GET / HTTP/1.1" 200 1139 "http://cookimag.com/sitemap.html" "Mozilla/4.0 (compatible; MSIE 6.0; Windows NT 5.1; .NET CLR 1.0.3705)"
94.153.65.124 - - [03/Oct/2014:04:02:05 +0200] "GET / HTTP/1.1" 200 8120 "http://cookimag.com/sitemap.html" "Mozilla/4.0 (compatible; MSIE 6.0; Windows NT 5.1; .NET CLR 1.0.3705)"
66.249.78.190 - - [03/Oct/2014:04:15:53 +0200] "GET /news.php?cs_go=archiv&cs_id=5118 HTTP/1.1" 200 5365 "-" "Mozilla/5.0 (iPhone; CPU iPhone OS 6_0 like Mac OS X) AppleWebKit/536.26 (KHTML, like Gecko) Version/6.0 Mobile/10A5376e Safari/8536.25 (compatible; Googlebot/2.1; +http://www.google.com/bot.html)"
85.181.9.80 - - [03/Oct/2014:04:19:04 +0200] "GET /robots.txt HTTP/1.1" 200 177 "-" "Java/1.7.0_09"
85.13.131.53 - - [03/Oct/2014:04:15:28 +0200] "GET / HTTP/1.0" 200 4606 "-" "-"
66.249.78.190 - - [03/Oct/2014:04:24:53 +0200] "GET /news.php?cs_go=archiv&cs_id=4514&cs_search= HTTP/1.1" 200 5365 "-" "Mozilla/5.0 (iPhone; CPU iPhone OS 6_0 like Mac OS X) AppleWebKit/536.26 (KHTML, like Gecko) Version/6.0 Mobile/10A5376e Safari/8536.25 (compatible; Googlebot/2.1; +http://www.google.com/bot.html)"
85.13.131.53 - - [03/Oct/2014:04:18:38 +0200] "GET / HTTP/1.0" 200 8120 "-" "-"
85.13.131.53 - - [03/Oct/2014:04:22:07 +0200] "GET / HTTP/1.0" 200 4606 "-" "-"
66.249.64.104 - - [03/Oct/2014:04:30:54 +0200] "GET /news.php?cs_go=archiv&cs_id=5118 HTTP/1.1" 200 5365 "-" "Mozilla/5.0 (iPhone; CPU iPhone OS 6_0 like Mac OS X) AppleWebKit/536.26 (KHTML, like Gecko) Version/6.0 Mobile/10A5376e Safari/8536.25 (compatible; Googlebot/2.1; +http://www.google.com/bot.html)"
85.13.131.53 - - [03/Oct/2014:04:25:18 +0200] "GET / HTTP/1.0" 200 8120 "-" "-"
85.13.131.53 - - [03/Oct/2014:04:28:50 +0200] "GET / HTTP/1.0" 200 4606 "-" "-"
85.13.131.53 - - [03/Oct/2014:04:32:01 +0200] "GET / HTTP/1.0" 200 8120 "-" "-"
66.249.78.190 - - [03/Oct/2014:04:42:55 +0200] "GET /news.php?cs_go=archiv&cs_id=4514&cs_search= HTTP/1.1" 200 5365 "-" "Mozilla/5.0 (iPhone; CPU iPhone OS 6_0 like Mac OS X) AppleWebKit/536.26 (KHTML, like Gecko) Version/6.0 Mobile/10A5376e Safari/8536.25 (compatible; Googlebot/2.1; +http://www.google.com/bot.html)"
66.249.78.183 - - [03/Oct/2014:04:48:55 +0200] "GET /news.php?cs_go=archiv&cs_id=5118 HTTP/1.1" 200 5365 "-" "Mozilla/5.0 (iPhone; CPU iPhone OS 6_0 like Mac OS X) AppleWebKit/536.26 (KHTML, like Gecko) Version/6.0 Mobile/10A5376e Safari/8536.25 (compatible; Googlebot/2.1; +http://www.google.com/bot.html)"
37.58.100.182 - - [03/Oct/2014:04:53:37 +0200] "GET /optiplus.php HTTP/1.1" 404 5342 "-" "Mozilla/5.0 (compatible; AhrefsBot/5.0; +http://ahrefs.com/robot/)"
66.249.78.176 - - [03/Oct/2014:04:57:56 +0200] "GET /news.php?cs_go=archiv&cs_id=4514&cs_search= HTTP/1.1" 200 5365 "-" "Mozilla/5.0 (iPhone; CPU iPhone OS 6_0 like Mac OS X) AppleWebKit/536.26 (KHTML, like Gecko) Version/6.0 Mobile/10A5376e Safari/8536.25 (compatible; Googlebot/2.1; +http://www.google.com/bot.html)"
66.249.64.112 - - [03/Oct/2014:06:01:49 +0200] "GET /news.php?cs_go=archiv&cs_id=5095&cs_search= HTTP/1.1" 200 5365 "-" "Mozilla/5.0 (compatible; Googlebot/2.1; +http://www.google.com/bot.html)"
66.249.78.176 - - [03/Oct/2014:06:10:50 +0200] "GET /news.php?cs_go=archiv&cs_id=5095&cs_search= HTTP/1.1" 200 5365 "-" "Mozilla/5.0 (compatible; Googlebot/2.1; +http://www.google.com/bot.html)"
66.249.78.176 - - [03/Oct/2014:06:29:39 +0200] "GET /news.php?cs_go=archiv&cs_id=5095&cs_search= HTTP/1.1" 200 5365 "-" "Mozilla/5.0 (compatible; Googlebot/2.1; +http://www.google.com/bot.html)"
157.55.39.41 - - [03/Oct/2014:06:35:39 +0200] "GET / HTTP/1.1" 200 2371 "-" "Mozilla/5.0 (compatible; bingbot/2.0; +http://www.bing.com/bingbot.htm)"
78.47.15.198 - - [03/Oct/2014:07:08:57 +0200] "GET /robots.txt HTTP/1.1" 200 177 "-" "Mozilla/5.0 (compatible; uMBot-IC/1.0; mailto: crawling@ubermetrics-technologies.com)"
78.47.15.198 - - [03/Oct/2014:07:08:57 +0200] "GET /jobs.php HTTP/1.1" 200 4965 "-" "Mozilla/5.0 (compatible; uMBot-IC/1.0; mailto: crawling@ubermetrics-technologies.com)"
66.249.78.183 - - [03/Oct/2014:07:25:39 +0200] "GET /preisanfrage.php HTTP/1.1" 200 5002 "-" "Mozilla/5.0 (compatible; Googlebot/2.1; +http://www.google.com/bot.html)"
178.63.80.14 - - [03/Oct/2014:07:29:40 +0200] "GET /robots.txt HTTP/1.1" 200 177 "-" "Mozilla/5.0 (compatible; uMBot-IC/1.0; mailto: crawling@ubermetrics-technologies.com)"
178.63.80.14 - - [03/Oct/2014:07:29:40 +0200] "GET /jobs.php HTTP/1.1" 200 4965 "-" "Mozilla/5.0 (compatible; uMBot-IC/1.0; mailto: crawling@ubermetrics-technologies.com)"
141.8.147.12 - - [03/Oct/2014:07:33:52 +0200] "GET /robots.txt HTTP/1.1" 200 177 "-" "Mozilla/5.0 (compatible; YandexBot/3.0; +http://yandex.com/bots)"
66.249.78.183 - - [03/Oct/2014:07:34:40 +0200] "GET /news.php?cs_go=archiv&cs_id=5126 HTTP/1.1" 200 5365 "-" "Mozilla/5.0 (compatible; Googlebot/2.1; +http://www.google.com/bot.html)"
208.115.113.91 - - [03/Oct/2014:07:36:11 +0200] "GET /news.php?cs_go=archiv&cs_id=5172&cs_search= HTTP/1.1" 200 5365 "-" "Mozilla/5.0 (compatible; DotBot/1.1; http://www.opensiteexplorer.org/dotbot, help@moz.com)"
208.115.113.91 - - [03/Oct/2014:07:37:05 +0200] "GET /news.php?cs_go=archiv&cs_id=5336&cs_search= HTTP/1.1" 200 5365 "-" "Mozilla/5.0 (compatible; DotBot/1.1; http://www.opensiteexplorer.org/dotbot, help@moz.com)"
66.249.78.176 - - [03/Oct/2014:07:37:40 +0200] "GET /preisanfrage.php HTTP/1.1" 200 5002 "-" "Mozilla/5.0 (compatible; Googlebot/2.1; +http://www.google.com/bot.html)"
109.120.157.179 - - [03/Oct/2014:07:42:20 +0200] "GET / HTTP/1.1" 200 2371 "http://doska-vsem.ru/" "Mozilla/5.0 (compatible; Add Catalog/2.1;)"
109.120.157.179 - - [03/Oct/2014:07:42:20 +0200] "GET / HTTP/1.1" 200 2371 "http://doska-vsem.ru/" "Mozilla/5.0 (compatible; Add Catalog/2.1;)"
109.120.157.179 - - [03/Oct/2014:07:42:21 +0200] "GET / HTTP/1.1" 200 2371 "http://doska-vsem.ru/" "Mozilla/5.0 (compatible; Add Catalog/2.1;)"
66.249.78.176 - - [03/Oct/2014:07:45:49 +0200] "GET /news.php?cs_go=archiv&cs_id=5126 HTTP/1.1" 200 5365 "-" "Mozilla/5.0 (compatible; Googlebot/2.1; +http://www.google.com/bot.html)"
66.249.78.190 - - [03/Oct/2014:07:48:49 +0200] "GET /preisanfrage.php HTTP/1.1" 200 5002 "-" "Mozilla/5.0 (compatible; Googlebot/2.1; +http://www.google.com/bot.html)"
66.249.78.190 - - [03/Oct/2014:07:54:50 +0200] "GET /news.php?cs_go=archiv&cs_id=2851&cs_search= HTTP/1.1" 200 5365 "-" "Mozilla/5.0 (iPhone; CPU iPhone OS 6_0 like Mac OS X) AppleWebKit/536.26 (KHTML, like Gecko) Version/6.0 Mobile/10A5376e Safari/8536.25 (compatible; Googlebot/2.1; +http://www.google.com/bot.html)"
