46.4.12.20 - - [25/Oct/2014:11:59:46 +0200] "GET /news.php?cs_go=archiv&cs_id=4463&cs_search= HTTP/1.0" 200 5365 "-" "Mozilla/5.0 (compatible; MJ12bot/v1.4.5; http://www.majestic12.co.uk/bot.php?+)"
46.4.12.20 - - [25/Oct/2014:12:00:39 +0200] "GET /news.php?cs_go=archiv&cs_id=4464&cs_search= HTTP/1.0" 200 5365 "-" "Mozilla/5.0 (compatible; MJ12bot/v1.4.5; http://www.majestic12.co.uk/bot.php?+)"
46.4.12.20 - - [25/Oct/2014:12:01:29 +0200] "GET /news.php?cs_go=archiv&cs_id=4465&cs_search= HTTP/1.0" 200 5365 "-" "Mozilla/5.0 (compatible; MJ12bot/v1.4.5; http://www.majestic12.co.uk/bot.php?+)"
46.4.12.20 - - [25/Oct/2014:12:02:13 +0200] "GET /news.php?cs_go=archiv&cs_id=4466&cs_search= HTTP/1.0" 200 5365 "-" "Mozilla/5.0 (compatible; MJ12bot/v1.4.5; http://www.majestic12.co.uk/bot.php?+)"
46.4.12.20 - - [25/Oct/2014:12:03:11 +0200] "GET /news.php?cs_go=archiv&cs_id=4468&cs_search= HTTP/1.0" 200 5365 "-" "Mozilla/5.0 (compatible; MJ12bot/v1.4.5; http://www.majestic12.co.uk/bot.php?+)"
46.4.12.20 - - [25/Oct/2014:12:03:53 +0200] "GET /news.php?cs_go=archiv&cs_id=4469&cs_search= HTTP/1.0" 200 5365 "-" "Mozilla/5.0 (compatible; MJ12bot/v1.4.5; http://www.majestic12.co.uk/bot.php?+)"
46.4.12.20 - - [25/Oct/2014:12:04:40 +0200] "GET /news.php?cs_go=archiv&cs_id=4470&cs_search= HTTP/1.0" 200 5365 "-" "Mozilla/5.0 (compatible; MJ12bot/v1.4.5; http://www.majestic12.co.uk/bot.php?+)"
46.4.12.20 - - [25/Oct/2014:12:05:30 +0200] "GET /news.php?cs_go=archiv&cs_id=4471&cs_search= HTTP/1.0" 200 5365 "-" "Mozilla/5.0 (compatible; MJ12bot/v1.4.5; http://www.majestic12.co.uk/bot.php?+)"
46.4.12.20 - - [25/Oct/2014:12:06:11 +0200] "GET /news.php?cs_go=archiv&cs_id=4472&cs_search= HTTP/1.0" 200 5365 "-" "Mozilla/5.0 (compatible; MJ12bot/v1.4.5; http://www.majestic12.co.uk/bot.php?+)"
46.4.12.20 - - [25/Oct/2014:12:11:43 +0200] "GET /news.php?cs_go=archiv&cs_id=4473&cs_search= HTTP/1.0" 200 5365 "-" "Mozilla/5.0 (compatible; MJ12bot/v1.4.5; http://www.majestic12.co.uk/bot.php?+)"
46.4.12.20 - - [25/Oct/2014:12:12:25 +0200] "GET /news.php?cs_go=archiv&cs_id=4474&cs_search= HTTP/1.0" 200 5365 "-" "Mozilla/5.0 (compatible; MJ12bot/v1.4.5; http://www.majestic12.co.uk/bot.php?+)"
46.4.12.20 - - [25/Oct/2014:12:13:07 +0200] "GET /news.php?cs_go=archiv&cs_id=4475&cs_search= HTTP/1.0" 200 5365 "-" "Mozilla/5.0 (compatible; MJ12bot/v1.4.5; http://www.majestic12.co.uk/bot.php?+)"
46.4.12.20 - - [25/Oct/2014:12:13:48 +0200] "GET /news.php?cs_go=archiv&cs_id=4477&cs_search= HTTP/1.0" 200 5365 "-" "Mozilla/5.0 (compatible; MJ12bot/v1.4.5; http://www.majestic12.co.uk/bot.php?+)"
46.4.12.20 - - [25/Oct/2014:12:14:30 +0200] "GET /news.php?cs_go=archiv&cs_id=4478&cs_search= HTTP/1.0" 200 5365 "-" "Mozilla/5.0 (compatible; MJ12bot/v1.4.5; http://www.majestic12.co.uk/bot.php?+)"
46.4.12.20 - - [25/Oct/2014:12:15:12 +0200] "GET /news.php?cs_go=archiv&cs_id=4479&cs_search= HTTP/1.0" 200 5365 "-" "Mozilla/5.0 (compatible; MJ12bot/v1.4.5; http://www.majestic12.co.uk/bot.php?+)"
46.4.12.20 - - [25/Oct/2014:12:15:53 +0200] "GET /news.php?cs_go=archiv&cs_id=4480&cs_search= HTTP/1.0" 200 5365 "-" "Mozilla/5.0 (compatible; MJ12bot/v1.4.5; http://www.majestic12.co.uk/bot.php?+)"
46.4.12.20 - - [25/Oct/2014:12:16:35 +0200] "GET /news.php?cs_go=archiv&cs_id=4481&cs_search= HTTP/1.0" 200 5365 "-" "Mozilla/5.0 (compatible; MJ12bot/v1.4.5; http://www.majestic12.co.uk/bot.php?+)"
46.4.12.20 - - [25/Oct/2014:12:17:17 +0200] "GET /news.php?cs_go=archiv&cs_id=4482&cs_search= HTTP/1.0" 200 5365 "-" "Mozilla/5.0 (compatible; MJ12bot/v1.4.5; http://www.majestic12.co.uk/bot.php?+)"
46.4.12.20 - - [25/Oct/2014:12:18:10 +0200] "GET /news.php?cs_go=archiv&cs_id=4484&cs_search= HTTP/1.0" 200 5365 "-" "Mozilla/5.0 (compatible; MJ12bot/v1.4.5; http://www.majestic12.co.uk/bot.php?+)"
46.4.12.20 - - [25/Oct/2014:12:18:52 +0200] "GET /news.php?cs_go=archiv&cs_id=4485&cs_search= HTTP/1.0" 200 5365 "-" "Mozilla/5.0 (compatible; MJ12bot/v1.4.5; http://www.majestic12.co.uk/bot.php?+)"
46.4.12.20 - - [25/Oct/2014:12:19:33 +0200] "GET /news.php?cs_go=archiv&cs_id=4486&cs_search= HTTP/1.0" 200 5365 "-" "Mozilla/5.0 (compatible; MJ12bot/v1.4.5; http://www.majestic12.co.uk/bot.php?+)"
46.4.12.20 - - [25/Oct/2014:12:20:15 +0200] "GET /news.php?cs_go=archiv&cs_id=4487&cs_search= HTTP/1.0" 200 5365 "-" "Mozilla/5.0 (compatible; MJ12bot/v1.4.5; http://www.majestic12.co.uk/bot.php?+)"
46.4.12.20 - - [25/Oct/2014:12:20:57 +0200] "GET /news.php?cs_go=archiv&cs_id=4489&cs_search= HTTP/1.0" 200 5365 "-" "Mozilla/5.0 (compatible; MJ12bot/v1.4.5; http://www.majestic12.co.uk/bot.php?+)"
46.4.12.20 - - [25/Oct/2014:12:21:38 +0200] "GET /news.php?cs_go=archiv&cs_id=4490&cs_search= HTTP/1.0" 200 5365 "-" "Mozilla/5.0 (compatible; MJ12bot/v1.4.5; http://www.majestic12.co.uk/bot.php?+)"
46.4.12.20 - - [25/Oct/2014:12:22:20 +0200] "GET /news.php?cs_go=archiv&cs_id=4491&cs_search= HTTP/1.0" 200 5365 "-" "Mozilla/5.0 (compatible; MJ12bot/v1.4.5; http://www.majestic12.co.uk/bot.php?+)"
46.4.12.20 - - [25/Oct/2014:12:23:02 +0200] "GET /news.php?cs_go=archiv&cs_id=4494&cs_search= HTTP/1.0" 200 5365 "-" "Mozilla/5.0 (compatible; MJ12bot/v1.4.5; http://www.majestic12.co.uk/bot.php?+)"
46.4.12.20 - - [25/Oct/2014:12:23:45 +0200] "GET /news.php?cs_go=archiv&cs_id=4497&cs_search= HTTP/1.0" 200 5365 "-" "Mozilla/5.0 (compatible; MJ12bot/v1.4.5; http://www.majestic12.co.uk/bot.php?+)"
46.4.12.20 - - [25/Oct/2014:12:24:27 +0200] "GET /news.php?cs_go=archiv&cs_id=4499&cs_search= HTTP/1.0" 200 5365 "-" "Mozilla/5.0 (compatible; MJ12bot/v1.4.5; http://www.majestic12.co.uk/bot.php?+)"
46.4.12.20 - - [25/Oct/2014:12:25:16 +0200] "GET /news.php?cs_go=archiv&cs_id=4501&cs_search= HTTP/1.0" 200 5365 "-" "Mozilla/5.0 (compatible; MJ12bot/v1.4.5; http://www.majestic12.co.uk/bot.php?+)"
46.4.12.20 - - [25/Oct/2014:12:26:10 +0200] "GET /news.php?cs_go=archiv&cs_id=4502&cs_search= HTTP/1.0" 200 5365 "-" "Mozilla/5.0 (compatible; MJ12bot/v1.4.5; http://www.majestic12.co.uk/bot.php?+)"
46.4.12.20 - - [25/Oct/2014:12:26:52 +0200] "GET /news.php?cs_go=archiv&cs_id=4505&cs_search= HTTP/1.0" 200 5365 "-" "Mozilla/5.0 (compatible; MJ12bot/v1.4.5; http://www.majestic12.co.uk/bot.php?+)"
46.4.12.20 - - [25/Oct/2014:12:27:34 +0200] "GET /news.php?cs_go=archiv&cs_id=4511&cs_search= HTTP/1.0" 200 5365 "-" "Mozilla/5.0 (compatible; MJ12bot/v1.4.5; http://www.majestic12.co.uk/bot.php?+)"
46.4.12.20 - - [25/Oct/2014:12:28:17 +0200] "GET /news.php?cs_go=archiv&cs_id=4662&cs_search= HTTP/1.0" 200 5365 "-" "Mozilla/5.0 (compatible; MJ12bot/v1.4.5; http://www.majestic12.co.uk/bot.php?+)"
46.4.12.20 - - [25/Oct/2014:12:28:44 +0200] "GET /news.php?cs_go=archiv&cs_id=4663&cs_search= HTTP/1.0" 200 5365 "-" "Mozilla/5.0 (compatible; MJ12bot/v1.4.5; http://www.majestic12.co.uk/bot.php?+)"
46.4.12.20 - - [25/Oct/2014:12:29:00 +0200] "GET /news.php?cs_go=archiv&cs_id=4664&cs_search= HTTP/1.0" 200 5365 "-" "Mozilla/5.0 (compatible; MJ12bot/v1.4.5; http://www.majestic12.co.uk/bot.php?+)"
46.4.12.20 - - [25/Oct/2014:12:29:22 +0200] "GET /news.php?cs_go=archiv&cs_id=4665&cs_search= HTTP/1.0" 200 5365 "-" "Mozilla/5.0 (compatible; MJ12bot/v1.4.5; http://www.majestic12.co.uk/bot.php?+)"
46.4.12.20 - - [25/Oct/2014:12:29:43 +0200] "GET /news.php?cs_go=archiv&cs_id=4666&cs_search= HTTP/1.0" 200 5365 "-" "Mozilla/5.0 (compatible; MJ12bot/v1.4.5; http://www.majestic12.co.uk/bot.php?+)"
46.4.12.20 - - [25/Oct/2014:12:30:05 +0200] "GET /news.php?cs_go=archiv&cs_id=4667&cs_search= HTTP/1.0" 200 5365 "-" "Mozilla/5.0 (compatible; MJ12bot/v1.4.5; http://www.majestic12.co.uk/bot.php?+)"
46.4.12.20 - - [25/Oct/2014:12:30:27 +0200] "GET /news.php?cs_go=archiv&cs_id=4668&cs_search= HTTP/1.0" 200 5365 "-" "Mozilla/5.0 (compatible; MJ12bot/v1.4.5; http://www.majestic12.co.uk/bot.php?+)"
46.4.12.20 - - [25/Oct/2014:12:30:48 +0200] "GET /news.php?cs_go=archiv&cs_id=4669&cs_search= HTTP/1.0" 200 5365 "-" "Mozilla/5.0 (compatible; MJ12bot/v1.4.5; http://www.majestic12.co.uk/bot.php?+)"
46.4.12.20 - - [25/Oct/2014:12:31:12 +0200] "GET /news.php?cs_go=archiv&cs_id=4670&cs_search= HTTP/1.0" 200 5365 "-" "Mozilla/5.0 (compatible; MJ12bot/v1.4.5; http://www.majestic12.co.uk/bot.php?+)"
46.4.12.20 - - [25/Oct/2014:12:31:32 +0200] "GET /news.php?cs_go=archiv&cs_id=4672&cs_search= HTTP/1.0" 200 5365 "-" "Mozilla/5.0 (compatible; MJ12bot/v1.4.5; http://www.majestic12.co.uk/bot.php?+)"
46.4.12.20 - - [25/Oct/2014:12:31:53 +0200] "GET /news.php?cs_go=archiv&cs_id=4673&cs_search= HTTP/1.0" 200 5365 "-" "Mozilla/5.0 (compatible; MJ12bot/v1.4.5; http://www.majestic12.co.uk/bot.php?+)"
46.4.12.20 - - [25/Oct/2014:12:32:19 +0200] "GET /news.php?cs_go=archiv&cs_id=4674&cs_search= HTTP/1.0" 200 5365 "-" "Mozilla/5.0 (compatible; MJ12bot/v1.4.5; http://www.majestic12.co.uk/bot.php?+)"
46.4.12.20 - - [25/Oct/2014:12:32:37 +0200] "GET /news.php?cs_go=archiv&cs_id=4675&cs_search= HTTP/1.0" 200 5365 "-" "Mozilla/5.0 (compatible; MJ12bot/v1.4.5; http://www.majestic12.co.uk/bot.php?+)"
46.4.12.20 - - [25/Oct/2014:12:32:59 +0200] "GET /news.php?cs_go=archiv&cs_id=4676&cs_search= HTTP/1.0" 200 5365 "-" "Mozilla/5.0 (compatible; MJ12bot/v1.4.5; http://www.majestic12.co.uk/bot.php?+)"
46.4.12.20 - - [25/Oct/2014:12:33:25 +0200] "GET /news.php?cs_go=archiv&cs_id=4678&cs_search= HTTP/1.0" 200 5365 "-" "Mozilla/5.0 (compatible; MJ12bot/v1.4.5; http://www.majestic12.co.uk/bot.php?+)"
46.4.12.20 - - [25/Oct/2014:12:34:07 +0200] "GET /news.php?cs_go=archiv&cs_id=4679&cs_search= HTTP/1.0" 200 5365 "-" "Mozilla/5.0 (compatible; MJ12bot/v1.4.5; http://www.majestic12.co.uk/bot.php?+)"
46.4.12.20 - - [25/Oct/2014:12:34:29 +0200] "GET /news.php?cs_go=archiv&cs_id=4680&cs_search= HTTP/1.0" 200 5365 "-" "Mozilla/5.0 (compatible; MJ12bot/v1.4.5; http://www.majestic12.co.uk/bot.php?+)"
46.4.12.20 - - [25/Oct/2014:12:34:50 +0200] "GET /news.php?cs_go=archiv&cs_id=4681&cs_search= HTTP/1.0" 200 5365 "-" "Mozilla/5.0 (compatible; MJ12bot/v1.4.5; http://www.majestic12.co.uk/bot.php?+)"
46.4.12.20 - - [25/Oct/2014:12:35:15 +0200] "GET /news.php?cs_go=archiv&cs_id=4682&cs_search= HTTP/1.0" 200 5365 "-" "Mozilla/5.0 (compatible; MJ12bot/v1.4.5; http://www.majestic12.co.uk/bot.php?+)"
46.4.12.20 - - [25/Oct/2014:12:35:37 +0200] "GET /news.php?cs_go=archiv&cs_id=4683&cs_search= HTTP/1.0" 200 5365 "-" "Mozilla/5.0 (compatible; MJ12bot/v1.4.5; http://www.majestic12.co.uk/bot.php?+)"
46.4.12.20 - - [25/Oct/2014:12:36:05 +0200] "GET /news.php?cs_go=archiv&cs_id=4684&cs_search= HTTP/1.0" 200 5365 "-" "Mozilla/5.0 (compatible; MJ12bot/v1.4.5; http://www.majestic12.co.uk/bot.php?+)"
46.4.12.20 - - [25/Oct/2014:12:36:27 +0200] "GET /news.php?cs_go=archiv&cs_id=4685&cs_search= HTTP/1.0" 200 5365 "-" "Mozilla/5.0 (compatible; MJ12bot/v1.4.5; http://www.majestic12.co.uk/bot.php?+)"
46.4.12.20 - - [25/Oct/2014:12:36:55 +0200] "GET /news.php?cs_go=archiv&cs_id=4686&cs_search= HTTP/1.0" 200 5365 "-" "Mozilla/5.0 (compatible; MJ12bot/v1.4.5; http://www.majestic12.co.uk/bot.php?+)"
46.4.12.20 - - [25/Oct/2014:12:37:17 +0200] "GET /news.php?cs_go=archiv&cs_id=4688&cs_search= HTTP/1.0" 200 5365 "-" "Mozilla/5.0 (compatible; MJ12bot/v1.4.5; http://www.majestic12.co.uk/bot.php?+)"
46.4.12.20 - - [25/Oct/2014:12:37:39 +0200] "GET /news.php?cs_go=archiv&cs_id=4689&cs_search= HTTP/1.0" 200 5365 "-" "Mozilla/5.0 (compatible; MJ12bot/v1.4.5; http://www.majestic12.co.uk/bot.php?+)"
85.13.131.53 - - [25/Oct/2014:12:34:47 +0200] "GET / HTTP/1.0" 200 4606 "-" "-"
46.4.12.20 - - [25/Oct/2014:12:38:01 +0200] "GET /news.php?cs_go=archiv&cs_id=4690&cs_search= HTTP/1.0" 200 5365 "-" "Mozilla/5.0 (compatible; MJ12bot/v1.4.5; http://www.majestic12.co.uk/bot.php?+)"
46.4.12.20 - - [25/Oct/2014:12:38:24 +0200] "GET /news.php?cs_go=archiv&cs_id=4692&cs_search= HTTP/1.0" 200 5365 "-" "Mozilla/5.0 (compatible; MJ12bot/v1.4.5; http://www.majestic12.co.uk/bot.php?+)"
46.4.12.20 - - [25/Oct/2014:12:38:45 +0200] "GET /news.php?cs_go=archiv&cs_id=4693&cs_search= HTTP/1.0" 200 5365 "-" "Mozilla/5.0 (compatible; MJ12bot/v1.4.5; http://www.majestic12.co.uk/bot.php?+)"
46.4.12.20 - - [25/Oct/2014:12:39:07 +0200] "GET /news.php?cs_go=archiv&cs_id=4694&cs_search= HTTP/1.0" 200 5365 "-" "Mozilla/5.0 (compatible; MJ12bot/v1.4.5; http://www.majestic12.co.uk/bot.php?+)"
46.4.12.20 - - [25/Oct/2014:12:39:30 +0200] "GET /news.php?cs_go=archiv&cs_id=4696&cs_search= HTTP/1.0" 200 5365 "-" "Mozilla/5.0 (compatible; MJ12bot/v1.4.5; http://www.majestic12.co.uk/bot.php?+)"
46.4.12.20 - - [25/Oct/2014:12:39:53 +0200] "GET /news.php?cs_go=archiv&cs_id=4697&cs_search= HTTP/1.0" 200 5365 "-" "Mozilla/5.0 (compatible; MJ12bot/v1.4.5; http://www.majestic12.co.uk/bot.php?+)"
46.4.12.20 - - [25/Oct/2014:12:40:14 +0200] "GET /news.php?cs_go=archiv&cs_id=4698&cs_search= HTTP/1.0" 200 5365 "-" "Mozilla/5.0 (compatible; MJ12bot/v1.4.5; http://www.majestic12.co.uk/bot.php?+)"
46.4.12.20 - - [25/Oct/2014:12:40:36 +0200] "GET /news.php?cs_go=archiv&cs_id=4701&cs_search= HTTP/1.0" 200 5365 "-" "Mozilla/5.0 (compatible; MJ12bot/v1.4.5; http://www.majestic12.co.uk/bot.php?+)"
46.4.12.20 - - [25/Oct/2014:12:40:59 +0200] "GET /news.php?cs_go=archiv&cs_id=4702&cs_search= HTTP/1.0" 200 5365 "-" "Mozilla/5.0 (compatible; MJ12bot/v1.4.5; http://www.majestic12.co.uk/bot.php?+)"
46.4.12.20 - - [25/Oct/2014:12:41:29 +0200] "GET /news.php?cs_go=archiv&cs_id=4703&cs_search= HTTP/1.0" 200 5365 "-" "Mozilla/5.0 (compatible; MJ12bot/v1.4.5; http://www.majestic12.co.uk/bot.php?+)"
46.4.12.20 - - [25/Oct/2014:12:41:48 +0200] "GET /news.php?cs_go=archiv&cs_id=4704&cs_search= HTTP/1.0" 200 5365 "-" "Mozilla/5.0 (compatible; MJ12bot/v1.4.5; http://www.majestic12.co.uk/bot.php?+)"
46.4.12.20 - - [25/Oct/2014:12:42:11 +0200] "GET /news.php?cs_go=archiv&cs_id=4705&cs_search= HTTP/1.0" 200 5365 "-" "Mozilla/5.0 (compatible; MJ12bot/v1.4.5; http://www.majestic12.co.uk/bot.php?+)"
46.4.12.20 - - [25/Oct/2014:12:42:32 +0200] "GET /news.php?cs_go=archiv&cs_id=4706&cs_search= HTTP/1.0" 200 5365 "-" "Mozilla/5.0 (compatible; MJ12bot/v1.4.5; http://www.majestic12.co.uk/bot.php?+)"
46.4.12.20 - - [25/Oct/2014:12:42:54 +0200] "GET /news.php?cs_go=archiv&cs_id=5107&cs_search= HTTP/1.0" 200 5365 "-" "Mozilla/5.0 (compatible; MJ12bot/v1.4.5; http://www.majestic12.co.uk/bot.php?+)"
46.4.12.20 - - [25/Oct/2014:12:43:16 +0200] "GET /news.php?cs_go=archiv&cs_id=5108&cs_search= HTTP/1.0" 200 5365 "-" "Mozilla/5.0 (compatible; MJ12bot/v1.4.5; http://www.majestic12.co.uk/bot.php?+)"
46.4.12.20 - - [25/Oct/2014:12:43:38 +0200] "GET /news.php?cs_go=archiv&cs_id=5109&cs_search= HTTP/1.0" 200 5365 "-" "Mozilla/5.0 (compatible; MJ12bot/v1.4.5; http://www.majestic12.co.uk/bot.php?+)"
85.13.131.53 - - [25/Oct/2014:12:37:57 +0200] "GET / HTTP/1.0" 200 8120 "-" "-"
78.47.15.198 - - [25/Oct/2014:13:23:47 +0200] "GET /robots.txt HTTP/1.1" 200 177 "-" "Mozilla/5.0 (compatible; uMBot-IC/1.0; mailto: crawling@ubermetrics-technologies.com)"
78.47.15.198 - - [25/Oct/2014:13:23:47 +0200] "GET /jobs.php HTTP/1.1" 200 4965 "-" "Mozilla/5.0 (compatible; uMBot-IC/1.0; mailto: crawling@ubermetrics-technologies.com)"
208.115.111.75 - - [25/Oct/2014:13:29:54 +0200] "GET /optiplus.php HTTP/1.1" 404 5342 "-" "Mozilla/5.0 (compatible; DotBot/1.1; http://www.opensiteexplorer.org/dotbot, help@moz.com)"
66.249.65.116 - - [25/Oct/2014:13:46:29 +0200] "GET /robots.txt HTTP/1.1" 200 177 "-" "Mozilla/5.0 (compatible; Googlebot/2.1; +http://www.google.com/bot.html)"
66.249.65.116 - - [25/Oct/2014:13:46:29 +0200] "GET /images/tkw.jpg HTTP/1.1" 304 - "-" "Googlebot-Image/1.0"
178.63.80.14 - - [25/Oct/2014:13:52:11 +0200] "GET /robots.txt HTTP/1.1" 200 177 "-" "Mozilla/5.0 (compatible; uMBot-IC/1.0; mailto: crawling@ubermetrics-technologies.com)"
178.63.80.14 - - [25/Oct/2014:13:52:12 +0200] "GET /jobs.php HTTP/1.1" 200 4965 "-" "Mozilla/5.0 (compatible; uMBot-IC/1.0; mailto: crawling@ubermetrics-technologies.com)"
5.9.16.51 - - [25/Oct/2014:14:18:10 +0200] "GET / HTTP/1.0" 200 4606 "-" "-"
5.9.16.51 - - [25/Oct/2014:14:21:22 +0200] "GET / HTTP/1.0" 200 8120 "-" "-"
5.9.16.51 - - [25/Oct/2014:14:24:49 +0200] "GET / HTTP/1.0" 200 4606 "-" "-"
5.9.16.51 - - [25/Oct/2014:14:27:58 +0200] "GET / HTTP/1.0" 200 8120 "-" "-"
5.9.16.51 - - [25/Oct/2014:14:33:13 +0200] "GET / HTTP/1.0" 200 4606 "-" "-"
5.9.16.51 - - [25/Oct/2014:14:36:22 +0200] "GET / HTTP/1.0" 200 8120 "-" "-"
66.249.65.112 - - [25/Oct/2014:15:44:35 +0200] "GET /js_contentserver24_greybox/gb_styles.css HTTP/1.1" 200 2302 "-" "Mozilla/5.0 (compatible; Googlebot/2.1; +http://www.google.com/bot.html)"
178.255.215.80 - - [25/Oct/2014:15:58:10 +0200] "GET /robots.txt HTTP/1.1" 200 177 "-" "Mozilla/5.0 (compatible; Exabot/3.0 (BiggerBetter); +http://www.exabot.com/go/robot)"
178.255.215.80 - - [25/Oct/2014:15:58:10 +0200] "GET /news.php?cs_go=archiv&cs_id=5376&cs_search= HTTP/1.1" 200 5365 "-" "Mozilla/5.0 (compatible; Exabot/3.0 (BiggerBetter); +http://www.exabot.com/go/robot)"
66.249.65.112 - - [25/Oct/2014:16:21:49 +0200] "GET / HTTP/1.1" 200 4480 "-" "Mozilla/5.0 (compatible; Googlebot/2.1; +http://www.google.com/bot.html)"
66.249.65.112 - - [25/Oct/2014:16:36:50 +0200] "GET / HTTP/1.1" 200 4480 "-" "Mozilla/5.0 (compatible; Googlebot/2.1; +http://www.google.com/bot.html)"
66.249.65.144 - - [25/Oct/2014:16:46:14 +0200] "GET / HTTP/1.1" 200 4480 "-" "Mozilla/5.0 (compatible; Googlebot/2.1; +http://www.google.com/bot.html)"
66.249.65.116 - - [25/Oct/2014:17:10:16 +0200] "GET /kwk.php HTTP/1.1" 200 5369 "-" "Mozilla/5.0 (compatible; Googlebot/2.1; +http://www.google.com/bot.html)"
208.115.113.91 - - [25/Oct/2014:17:59:19 +0200] "GET /robots.txt HTTP/1.1" 200 177 "-" "Mozilla/5.0 (compatible; DotBot/1.1; http://www.opensiteexplorer.org/dotbot, help@moz.com)"
66.249.65.112 - - [25/Oct/2014:18:42:18 +0200] "GET / HTTP/1.1" 200 4480 "-" "Mozilla/5.0 (compatible; Googlebot/2.1; +http://www.google.com/bot.html)"
85.13.131.53 - - [25/Oct/2014:18:47:55 +0200] "GET / HTTP/1.0" 200 4606 "-" "-"
85.13.131.53 - - [25/Oct/2014:18:51:04 +0200] "GET / HTTP/1.0" 200 8120 "-" "-"
85.13.131.53 - - [25/Oct/2014:18:54:53 +0200] "GET / HTTP/1.0" 200 4606 "-" "-"
85.13.131.53 - - [25/Oct/2014:18:58:02 +0200] "GET / HTTP/1.0" 200 8120 "-" "-"
85.13.131.53 - - [25/Oct/2014:19:01:51 +0200] "GET / HTTP/1.0" 200 4606 "-" "-"
85.13.131.53 - - [25/Oct/2014:19:05:00 +0200] "GET / HTTP/1.0" 200 8120 "-" "-"
78.47.15.198 - - [25/Oct/2014:19:24:03 +0200] "GET /robots.txt HTTP/1.1" 200 177 "-" "Mozilla/5.0 (compatible; uMBot-IC/1.0; mailto: crawling@ubermetrics-technologies.com)"
78.47.15.198 - - [25/Oct/2014:19:24:03 +0200] "GET /jobs.php HTTP/1.1" 200 4965 "-" "Mozilla/5.0 (compatible; uMBot-IC/1.0; mailto: crawling@ubermetrics-technologies.com)"
207.46.13.83 - - [25/Oct/2014:19:48:05 +0200] "GET / HTTP/1.1" 200 1139 "-" "Mozilla/5.0 (compatible; bingbot/2.0; +http://www.bing.com/bingbot.htm)"
178.63.80.14 - - [25/Oct/2014:19:52:25 +0200] "GET /robots.txt HTTP/1.1" 200 177 "-" "Mozilla/5.0 (compatible; uMBot-IC/1.0; mailto: crawling@ubermetrics-technologies.com)"
178.63.80.14 - - [25/Oct/2014:19:52:25 +0200] "GET /jobs.php HTTP/1.1" 200 4965 "-" "Mozilla/5.0 (compatible; uMBot-IC/1.0; mailto: crawling@ubermetrics-technologies.com)"
208.115.113.91 - - [25/Oct/2014:19:58:22 +0200] "GET /news.php?cs_go=archiv&cs_startpos=30 HTTP/1.1" 200 5365 "-" "Mozilla/5.0 (compatible; DotBot/1.1; http://www.opensiteexplorer.org/dotbot, help@moz.com)"
66.249.65.112 - - [25/Oct/2014:20:03:22 +0200] "GET / HTTP/1.1" 200 4480 "-" "Mozilla/5.0 (compatible; Googlebot/2.1; +http://www.google.com/bot.html)"
66.249.65.116 - - [25/Oct/2014:20:39:23 +0200] "GET / HTTP/1.1" 200 4480 "-" "Mozilla/5.0 (compatible; Googlebot/2.1; +http://www.google.com/bot.html)"
66.249.65.120 - - [25/Oct/2014:21:06:24 +0200] "GET /news.php?cs_go=archiv&cs_id=4783 HTTP/1.1" 200 5365 "-" "Mozilla/5.0 (compatible; Googlebot/2.1; +http://www.google.com/bot.html)"
66.249.65.112 - - [25/Oct/2014:21:21:25 +0200] "GET /news.php?cs_go=archiv&cs_id=4783 HTTP/1.1" 200 5365 "-" "Mozilla/5.0 (compatible; Googlebot/2.1; +http://www.google.com/bot.html)"
66.249.65.112 - - [25/Oct/2014:21:33:25 +0200] "GET /news.php?cs_go=archiv&cs_id=4783 HTTP/1.1" 200 5365 "-" "Mozilla/5.0 (compatible; Googlebot/2.1; +http://www.google.com/bot.html)"
66.249.65.116 - - [25/Oct/2014:21:45:26 +0200] "GET /kontakt.php HTTP/1.1" 200 4996 "-" "Mozilla/5.0 (compatible; Googlebot/2.1; +http://www.google.com/bot.html)"
208.115.113.91 - - [25/Oct/2014:22:00:34 +0200] "GET /robots.txt HTTP/1.1" 200 177 "-" "Mozilla/5.0 (compatible; DotBot/1.1; http://www.opensiteexplorer.org/dotbot, help@moz.com)"
66.249.65.116 - - [25/Oct/2014:22:00:29 +0200] "GET /news.php?cs_go=archiv&cs_id=5356 HTTP/1.1" 200 5365 "-" "Mozilla/5.0 (iPhone; CPU iPhone OS 6_0 like Mac OS X) AppleWebKit/536.26 (KHTML, like Gecko) Version/6.0 Mobile/10A5376e Safari/8536.25 (compatible; Googlebot/2.1; +http://www.google.com/bot.html)"
188.165.15.21 - - [25/Oct/2014:22:05:20 +0200] "GET /news.php?cs_go=archiv&cs_id=5332&cs_search= HTTP/1.1" 200 5365 "-" "Mozilla/5.0 (compatible; AhrefsBot/5.0; +http://ahrefs.com/robot/)"
123.125.71.42 - - [25/Oct/2014:22:10:19 +0200] "GET / HTTP/1.1" 200 2371 "-" "Mozilla/5.0 (compatible; Baiduspider/2.0; +http://www.baidu.com/search/spider.html)"
220.181.108.109 - - [25/Oct/2014:22:15:16 +0200] "GET / HTTP/1.1" 200 2371 "-" "Mozilla/5.0 (compatible; Baiduspider/2.0; +http://www.baidu.com/search/spider.html)"
66.249.65.112 - - [25/Oct/2014:22:19:20 +0200] "GET /news.php?cs_go=archiv&cs_id=5356 HTTP/1.1" 200 5365 "-" "Mozilla/5.0 (iPhone; CPU iPhone OS 6_0 like Mac OS X) AppleWebKit/536.26 (KHTML, like Gecko) Version/6.0 Mobile/10A5376e Safari/8536.25 (compatible; Googlebot/2.1; +http://www.google.com/bot.html)"
66.249.65.116 - - [25/Oct/2014:22:31:21 +0200] "GET /news.php?cs_go=archiv&cs_id=5356 HTTP/1.1" 200 5365 "-" "Mozilla/5.0 (iPhone; CPU iPhone OS 6_0 like Mac OS X) AppleWebKit/536.26 (KHTML, like Gecko) Version/6.0 Mobile/10A5376e Safari/8536.25 (compatible; Googlebot/2.1; +http://www.google.com/bot.html)"
220.181.108.119 - - [25/Oct/2014:23:32:13 +0200] "GET / HTTP/1.1" 200 2371 "-" "Mozilla/5.0 (compatible; Baiduspider/2.0; +http://www.baidu.com/search/spider.html)"
123.125.71.30 - - [25/Oct/2014:23:37:56 +0200] "GET / HTTP/1.1" 200 1139 "-" "Mozilla/5.0 (compatible; Baiduspider/2.0; +http://www.baidu.com/search/spider.html)"
208.115.111.75 - - [25/Oct/2014:23:49:07 +0200] "GET /robots.txt HTTP/1.1" 200 177 "-" "Mozilla/5.0 (compatible; DotBot/1.1; http://www.opensiteexplorer.org/dotbot, help@moz.com)"
208.115.113.91 - - [25/Oct/2014:23:56:04 +0200] "GET /news.php?cs_go=archiv&cs_id=5187&cs_search= HTTP/1.1" 200 5365 "-" "Mozilla/5.0 (compatible; DotBot/1.1; http://www.opensiteexplorer.org/dotbot, help@moz.com)"
220.181.108.91 - - [26/Oct/2014:00:31:18 +0200] "GET / HTTP/1.1" 200 2371 "-" "Mozilla/5.0 (compatible; Baiduspider/2.0; +http://www.baidu.com/search/spider.html)"
123.125.71.26 - - [26/Oct/2014:00:33:16 +0200] "GET / HTTP/1.1" 200 2371 "-" "Mozilla/5.0 (compatible; Baiduspider/2.0; +http://www.baidu.com/search/spider.html)"
188.165.15.29 - - [26/Oct/2014:00:39:50 +0200] "GET /news.php?cs_go=archiv&cs_id=5187&cs_search= HTTP/1.1" 200 5365 "-" "Mozilla/5.0 (compatible; AhrefsBot/5.0; +http://ahrefs.com/robot/)"
78.47.15.198 - - [26/Oct/2014:01:24:15 +0200] "GET /jobs.php HTTP/1.1" 200 4965 "-" "Mozilla/5.0 (compatible; uMBot-IC/1.0; mailto: crawling@ubermetrics-technologies.com)"
208.115.111.75 - - [26/Oct/2014:01:23:46 +0200] "GET /news.php?cs_go=archiv&cs_id=5183&cs_search= HTTP/1.1" 200 5365 "-" "Mozilla/5.0 (compatible; DotBot/1.1; http://www.opensiteexplorer.org/dotbot, help@moz.com)"
178.63.80.14 - - [26/Oct/2014:01:52:39 +0200] "GET /robots.txt HTTP/1.1" 200 177 "-" "Mozilla/5.0 (compatible; uMBot-IC/1.0; mailto: crawling@ubermetrics-technologies.com)"
178.63.80.14 - - [26/Oct/2014:01:52:39 +0200] "GET /jobs.php HTTP/1.1" 200 4965 "-" "Mozilla/5.0 (compatible; uMBot-IC/1.0; mailto: crawling@ubermetrics-technologies.com)"
188.165.15.234 - - [26/Oct/2014:01:52:45 +0200] "GET /news.php?cs_go=archiv&cs_id=5179&cs_search= HTTP/1.1" 200 5365 "-" "Mozilla/5.0 (compatible; AhrefsBot/5.0; +http://ahrefs.com/robot/)"
188.165.15.59 - - [26/Oct/2014:02:29:59 +0200] "GET /news.php?cs_go=archiv&cs_id=5210&cs_search= HTTP/1.1" 200 5365 "-" "Mozilla/5.0 (compatible; AhrefsBot/5.0; +http://ahrefs.com/robot/)"
65.36.241.79 - - [26/Oct/2014:02:52:54 +0200] "HEAD / HTTP/1.1" 200 - "-" "InternetSeer.com"
188.165.15.59 - - [26/Oct/2014:02:10:53 +0100] "GET /news.php?cs_go=archiv&cs_id=5379&cs_search= HTTP/1.1" 200 5365 "-" "Mozilla/5.0 (compatible; AhrefsBot/5.0; +http://ahrefs.com/robot/)"
188.165.15.234 - - [26/Oct/2014:02:36:19 +0100] "GET /news.php?cs_go=archiv&cs_startpos=140 HTTP/1.1" 200 5365 "-" "Mozilla/5.0 (compatible; AhrefsBot/5.0; +http://ahrefs.com/robot/)"
66.249.65.116 - - [26/Oct/2014:02:40:22 +0100] "GET /standard.php HTTP/1.1" 200 5259 "-" "Mozilla/5.0 (iPhone; CPU iPhone OS 6_0 like Mac OS X) AppleWebKit/536.26 (KHTML, like Gecko) Version/6.0 Mobile/10A5376e Safari/8536.25 (compatible; Googlebot/2.1; +http://www.google.com/bot.html)"
208.115.111.75 - - [26/Oct/2014:02:47:30 +0100] "GET /robots.txt HTTP/1.1" 200 177 "-" "Mozilla/5.0 (compatible; DotBot/1.1; http://www.opensiteexplorer.org/dotbot, help@moz.com)"
178.255.215.80 - - [26/Oct/2014:02:44:42 +0100] "GET /news.php?cs_go=archiv&cs_id=5391&cs_search= HTTP/1.1" 200 5365 "-" "Mozilla/5.0 (compatible; Exabot/3.0 (BiggerBetter); +http://www.exabot.com/go/robot)"
66.249.65.120 - - [26/Oct/2014:02:47:09 +0100] "GET /standard.php HTTP/1.1" 200 5259 "-" "Mozilla/5.0 (iPhone; CPU iPhone OS 6_0 like Mac OS X) AppleWebKit/536.26 (KHTML, like Gecko) Version/6.0 Mobile/10A5376e Safari/8536.25 (compatible; Googlebot/2.1; +http://www.google.com/bot.html)"
66.249.65.112 - - [26/Oct/2014:02:56:09 +0100] "GET /standard.php HTTP/1.1" 200 5259 "-" "Mozilla/5.0 (iPhone; CPU iPhone OS 6_0 like Mac OS X) AppleWebKit/536.26 (KHTML, like Gecko) Version/6.0 Mobile/10A5376e Safari/8536.25 (compatible; Googlebot/2.1; +http://www.google.com/bot.html)"
188.40.153.39 - - [26/Oct/2014:03:33:51 +0100] "GET / HTTP/1.1" 200 8120 "-" "Mozilla/5.0 (Windows NT 6.0) AppleWebKit/537.11 (KHTML, like Gecko) Chrome/22.0.1271.97 Safari/537.11"
188.40.153.39 - - [26/Oct/2014:03:34:03 +0100] "GET / HTTP/1.1" 200 8120 "-" "Mozilla/5.0 (Windows NT 6.0) AppleWebKit/537.11 (KHTML, like Gecko) Chrome/22.0.1271.97 Safari/537.11"
188.40.153.39 - - [26/Oct/2014:03:34:15 +0100] "GET / HTTP/1.1" 200 8120 "-" "Mozilla/5.0 (Windows NT 6.0) AppleWebKit/537.11 (KHTML, like Gecko) Chrome/22.0.1271.97 Safari/537.11"
188.40.153.39 - - [26/Oct/2014:03:34:27 +0100] "GET / HTTP/1.1" 200 8120 "-" "Mozilla/5.0 (Windows NT 6.0) AppleWebKit/537.11 (KHTML, like Gecko) Chrome/22.0.1271.97 Safari/537.11"
188.40.153.39 - - [26/Oct/2014:03:34:39 +0100] "GET / HTTP/1.1" 200 8120 "-" "Mozilla/5.0 (Windows NT 6.0) AppleWebKit/537.11 (KHTML, like Gecko) Chrome/22.0.1271.97 Safari/537.11"
188.40.153.39 - - [26/Oct/2014:03:34:51 +0100] "GET / HTTP/1.1" 200 8120 "-" "Mozilla/5.0 (Windows NT 6.0) AppleWebKit/537.11 (KHTML, like Gecko) Chrome/22.0.1271.97 Safari/537.11"
207.46.13.83 - - [26/Oct/2014:04:10:16 +0100] "GET /kontakt.php HTTP/1.1" 200 4996 "-" "Mozilla/5.0 (compatible; bingbot/2.0; +http://www.bing.com/bingbot.htm)"
207.46.13.83 - - [26/Oct/2014:04:10:19 +0100] "GET /impressum.php HTTP/1.1" 200 6306 "-" "Mozilla/5.0 (compatible; bingbot/2.0; +http://www.bing.com/bingbot.htm)"
157.55.39.178 - - [26/Oct/2014:04:11:27 +0100] "GET /images/RAL_Guetezeichen_Energiehandel.pdf HTTP/1.1" 200 288367 "-" "Mozilla/5.0 (compatible; bingbot/2.0; +http://www.bing.com/bingbot.htm)"
157.55.39.178 - - [26/Oct/2014:04:11:28 +0100] "GET /Heizoel.htm HTTP/1.1" 404 5342 "-" "Mozilla/5.0 (compatible; bingbot/2.0; +http://www.bing.com/bingbot.htm)"
66.249.65.120 - - [26/Oct/2014:04:08:50 +0100] "GET /news.php?cs_go=archiv&cs_id=2836&cs_search= HTTP/1.1" 200 5365 "-" "Mozilla/5.0 (iPhone; CPU iPhone OS 6_0 like Mac OS X) AppleWebKit/536.26 (KHTML, like Gecko) Version/6.0 Mobile/10A5376e Safari/8536.25 (compatible; Googlebot/2.1; +http://www.google.com/bot.html)"
157.55.39.250 - - [26/Oct/2014:04:18:38 +0100] "GET /optiplus.php HTTP/1.1" 404 5342 "-" "Mozilla/5.0 (compatible; bingbot/2.0; +http://www.bing.com/bingbot.htm)"
208.115.111.75 - - [26/Oct/2014:04:26:06 +0100] "GET /modernisierung.php?cs_gp_go=coupon HTTP/1.1" 200 5420 "-" "Mozilla/5.0 (compatible; DotBot/1.1; http://www.opensiteexplorer.org/dotbot, help@moz.com)"
66.249.65.120 - - [26/Oct/2014:04:23:52 +0100] "GET /news.php?cs_go=archiv&cs_id=2836&cs_search= HTTP/1.1" 200 5365 "-" "Mozilla/5.0 (iPhone; CPU iPhone OS 6_0 like Mac OS X) AppleWebKit/536.26 (KHTML, like Gecko) Version/6.0 Mobile/10A5376e Safari/8536.25 (compatible; Googlebot/2.1; +http://www.google.com/bot.html)"
66.249.65.112 - - [26/Oct/2014:04:29:52 +0100] "GET /news.php?cs_go=archiv&cs_id=5356 HTTP/1.1" 200 5365 "-" "Mozilla/5.0 (iPhone; CPU iPhone OS 6_0 like Mac OS X) AppleWebKit/536.26 (KHTML, like Gecko) Version/6.0 Mobile/10A5376e Safari/8536.25 (compatible; Googlebot/2.1; +http://www.google.com/bot.html)"
108.59.8.70 - - [26/Oct/2014:04:40:37 +0100] "GET /robots.txt HTTP/1.0" 200 177 "-" "Mozilla/5.0 (compatible; MJ12bot/v1.4.5; http://www.majestic12.co.uk/bot.php?+)"
66.249.65.120 - - [26/Oct/2014:04:45:07 +0100] "GET /news.php?cs_go=archiv&cs_id=2836&cs_search= HTTP/1.1" 200 5365 "-" "Mozilla/5.0 (iPhone; CPU iPhone OS 6_0 like Mac OS X) AppleWebKit/536.26 (KHTML, like Gecko) Version/6.0 Mobile/10A5376e Safari/8536.25 (compatible; Googlebot/2.1; +http://www.google.com/bot.html)"
157.55.39.34 - - [26/Oct/2014:04:48:48 +0100] "GET /Schmierstoffe.htm HTTP/1.1" 404 5342 "-" "Mozilla/5.0 (compatible; bingbot/2.0; +http://www.bing.com/bingbot.htm)"
108.59.8.70 - - [26/Oct/2014:04:40:38 +0100] "GET / HTTP/1.0" 200 8120 "-" "Mozilla/5.0 (compatible; MJ12bot/v1.4.5; http://www.majestic12.co.uk/bot.php?+)"
157.55.39.34 - - [26/Oct/2014:04:51:48 +0100] "GET /Heizoel-Berlin.htm HTTP/1.1" 404 5342 "-" "Mozilla/5.0 (compatible; bingbot/2.0; +http://www.bing.com/bingbot.htm)"
157.55.39.34 - - [26/Oct/2014:04:48:48 +0100] "GET /standard.php HTTP/1.1" 200 5259 "-" "Mozilla/5.0 (compatible; bingbot/2.0; +http://www.bing.com/bingbot.htm)"
220.181.108.112 - - [26/Oct/2014:04:55:46 +0100] "GET / HTTP/1.1" 200 2371 "-" "Mozilla/5.0 (compatible; Baiduspider/2.0; +http://www.baidu.com/search/spider.html)"
123.125.71.51 - - [26/Oct/2014:04:55:54 +0100] "GET / HTTP/1.1" 200 2371 "-" "Mozilla/5.0 (compatible; Baiduspider/2.0; +http://www.baidu.com/search/spider.html)"
66.249.65.116 - - [26/Oct/2014:05:00:51 +0100] "GET /news.php?cs_go=archiv&cs_id=5356 HTTP/1.1" 200 5365 "-" "Mozilla/5.0 (iPhone; CPU iPhone OS 6_0 like Mac OS X) AppleWebKit/536.26 (KHTML, like Gecko) Version/6.0 Mobile/10A5376e Safari/8536.25 (compatible; Googlebot/2.1; +http://www.google.com/bot.html)"
208.115.113.91 - - [26/Oct/2014:05:04:17 +0100] "GET /robots.txt HTTP/1.1" 200 177 "-" "Mozilla/5.0 (compatible; DotBot/1.1; http://www.opensiteexplorer.org/dotbot, help@moz.com)"
66.249.65.112 - - [26/Oct/2014:05:13:06 +0100] "GET /news.php?cs_go=archiv&cs_id=2836&cs_search= HTTP/1.1" 200 5365 "-" "Mozilla/5.0 (iPhone; CPU iPhone OS 6_0 like Mac OS X) AppleWebKit/536.26 (KHTML, like Gecko) Version/6.0 Mobile/10A5376e Safari/8536.25 (compatible; Googlebot/2.1; +http://www.google.com/bot.html)"
66.249.65.116 - - [26/Oct/2014:05:25:06 +0100] "GET /news.php?cs_go=archiv&cs_id=5356 HTTP/1.1" 200 5365 "-" "Mozilla/5.0 (iPhone; CPU iPhone OS 6_0 like Mac OS X) AppleWebKit/536.26 (KHTML, like Gecko) Version/6.0 Mobile/10A5376e Safari/8536.25 (compatible; Googlebot/2.1; +http://www.google.com/bot.html)"
66.249.65.116 - - [26/Oct/2014:05:37:06 +0100] "GET /news.php?cs_go=archiv&cs_id=5356 HTTP/1.1" 200 5365 "-" "Mozilla/5.0 (iPhone; CPU iPhone OS 6_0 like Mac OS X) AppleWebKit/536.26 (KHTML, like Gecko) Version/6.0 Mobile/10A5376e Safari/8536.25 (compatible; Googlebot/2.1; +http://www.google.com/bot.html)"
220.181.108.123 - - [26/Oct/2014:05:57:21 +0100] "GET / HTTP/1.1" 200 2371 "-" "Mozilla/5.0 (compatible; Baiduspider/2.0; +http://www.baidu.com/search/spider.html)"
123.125.71.41 - - [26/Oct/2014:05:58:52 +0100] "GET / HTTP/1.1" 200 2371 "-" "Mozilla/5.0 (compatible; Baiduspider/2.0; +http://www.baidu.com/search/spider.html)"
78.47.15.198 - - [26/Oct/2014:06:24:26 +0100] "GET /robots.txt HTTP/1.1" 200 177 "-" "Mozilla/5.0 (compatible; uMBot-IC/1.0; mailto: crawling@ubermetrics-technologies.com)"
78.47.15.198 - - [26/Oct/2014:06:24:26 +0100] "GET /jobs.php HTTP/1.1" 200 4965 "-" "Mozilla/5.0 (compatible; uMBot-IC/1.0; mailto: crawling@ubermetrics-technologies.com)"
5.9.16.51 - - [26/Oct/2014:06:30:08 +0100] "GET / HTTP/1.0" 200 4606 "-" "-"
5.9.16.51 - - [26/Oct/2014:06:33:17 +0100] "GET / HTTP/1.0" 200 8120 "-" "-"
5.9.16.51 - - [26/Oct/2014:06:36:30 +0100] "GET / HTTP/1.0" 200 4606 "-" "-"
5.9.16.51 - - [26/Oct/2014:06:39:39 +0100] "GET / HTTP/1.0" 200 8120 "-" "-"
178.63.80.14 - - [26/Oct/2014:06:52:51 +0100] "GET /robots.txt HTTP/1.1" 200 177 "-" "Mozilla/5.0 (compatible; uMBot-IC/1.0; mailto: crawling@ubermetrics-technologies.com)"
178.63.80.14 - - [26/Oct/2014:06:52:51 +0100] "GET /jobs.php HTTP/1.1" 200 4965 "-" "Mozilla/5.0 (compatible; uMBot-IC/1.0; mailto: crawling@ubermetrics-technologies.com)"
208.115.113.91 - - [26/Oct/2014:06:56:08 +0100] "GET /foerdermittel.php HTTP/1.1" 200 5380 "-" "Mozilla/5.0 (compatible; DotBot/1.1; http://www.opensiteexplorer.org/dotbot, help@moz.com)"
188.165.15.94 - - [26/Oct/2014:07:27:04 +0100] "GET /news.php?cs_go=archiv&cs_id=5220&cs_search= HTTP/1.1" 200 5365 "-" "Mozilla/5.0 (compatible; AhrefsBot/5.0; +http://ahrefs.com/robot/)"
66.249.65.112 - - [26/Oct/2014:07:55:59 +0100] "GET / HTTP/1.1" 200 4480 "-" "Mozilla/5.0 (compatible; Googlebot/2.1; +http://www.google.com/bot.html)"
66.249.65.120 - - [26/Oct/2014:08:14:03 +0100] "GET / HTTP/1.1" 200 4480 "-" "Mozilla/5.0 (compatible; Googlebot/2.1; +http://www.google.com/bot.html)"
82.94.179.38 - - [26/Oct/2014:08:29:40 +0100] "GET /robots.txt HTTP/1.0" 200 177 "-" "Mozilla/4.0 (compatible; Freshbot/1.0/EU; http://webagent.wise-guys.nl/)"
66.249.65.120 - - [26/Oct/2014:08:29:21 +0100] "GET / HTTP/1.1" 200 4480 "-" "Mozilla/5.0 (compatible; Googlebot/2.1; +http://www.google.com/bot.html)"
82.94.179.38 - - [26/Oct/2014:08:29:40 +0100] "GET / HTTP/1.1" 200 4480 "-" "Mozilla/5.0 (X11; Linux i686; rv:6.0) Gecko/20100101 Firefox/6.0 (Freshbot/1.0/EU; http://webagent.wise-guys.nl/)"
208.115.113.91 - - [26/Oct/2014:09:02:50 +0100] "GET /robots.txt HTTP/1.1" 200 177 "-" "Mozilla/5.0 (compatible; DotBot/1.1; http://www.opensiteexplorer.org/dotbot, help@moz.com)"
207.46.13.83 - - [26/Oct/2014:09:34:34 +0100] "GET /robots.txt HTTP/1.1" 200 177 "-" "Mozilla/5.0 (compatible; bingbot/2.0; +http://www.bing.com/bingbot.htm)"
207.46.13.83 - - [26/Oct/2014:09:34:36 +0100] "GET / HTTP/1.1" 200 2371 "-" "Mozilla/5.0 (compatible; bingbot/2.0; +http://www.bing.com/bingbot.htm)"
66.249.65.112 - - [26/Oct/2014:09:58:49 +0100] "GET /js_contentserver24_greybox/w_close.gif HTTP/1.1" 200 74 "-" "Googlebot-Image/1.0"
66.249.65.116 - - [26/Oct/2014:10:34:52 +0100] "GET /modul.css HTTP/1.1" 200 35038 "-" "Mozilla/5.0 (compatible; Googlebot/2.1; +http://www.google.com/bot.html)"
66.249.65.120 - - [26/Oct/2014:10:37:53 +0100] "GET /style.css HTTP/1.1" 200 8402 "-" "Mozilla/5.0 (compatible; Googlebot/2.1; +http://www.google.com/bot.html)"
208.115.113.91 - - [26/Oct/2014:10:57:31 +0100] "GET /news.php?cs_go=archiv&cs_id=5258&cs_search= HTTP/1.1" 200 5365 "-" "Mozilla/5.0 (compatible; DotBot/1.1; http://www.opensiteexplorer.org/dotbot, help@moz.com)"
123.125.71.95 - - [26/Oct/2014:11:17:51 +0100] "GET /images/logos.jpg HTTP/1.1" 200 35043 "http://image.baidu.com/i?ct=503316480&z=0&tn=baiduimagedetail" "Baiduspider-image+(+http://www.baidu.com/search/spider.htm)"
123.125.71.45 - - [26/Oct/2014:11:17:40 +0100] "GET / HTTP/1.1" 200 2371 "-" "Mozilla/5.0 (compatible; Baiduspider/2.0; +http://www.baidu.com/search/spider.html)"
220.181.108.110 - - [26/Oct/2014:11:17:43 +0100] "GET / HTTP/1.1" 200 2371 "-" "Mozilla/5.0 (compatible; Baiduspider/2.0; +http://www.baidu.com/search/spider.html)"
188.165.15.79 - - [26/Oct/2014:12:13:39 +0100] "GET /news.php?cs_go=archiv&cs_id=5372&cs_search= HTTP/1.1" 200 5365 "-" "Mozilla/5.0 (compatible; AhrefsBot/5.0; +http://ahrefs.com/robot/)"
78.47.15.198 - - [26/Oct/2014:12:24:41 +0100] "GET /robots.txt HTTP/1.1" 200 177 "-" "Mozilla/5.0 (compatible; uMBot-IC/1.0; mailto: crawling@ubermetrics-technologies.com)"
78.47.15.198 - - [26/Oct/2014:12:24:41 +0100] "GET /jobs.php HTTP/1.1" 200 4965 "-" "Mozilla/5.0 (compatible; uMBot-IC/1.0; mailto: crawling@ubermetrics-technologies.com)"
66.249.79.64 - - [26/Oct/2014:12:29:32 +0100] "GET /robots.txt HTTP/1.1" 200 177 "-" "Mozilla/5.0 (compatible; Googlebot/2.1; +http://www.google.com/bot.html)"
66.249.79.64 - - [26/Oct/2014:12:29:33 +0100] "GET / HTTP/1.1" 200 4480 "-" "Mozilla/5.0 (compatible; Googlebot/2.1; +http://www.google.com/bot.html)"
66.249.79.64 - - [26/Oct/2014:12:41:35 +0100] "GET / HTTP/1.1" 200 4480 "-" "Mozilla/5.0 (compatible; Googlebot/2.1; +http://www.google.com/bot.html)"
178.63.80.14 - - [26/Oct/2014:12:53:05 +0100] "GET /robots.txt HTTP/1.1" 200 177 "-" "Mozilla/5.0 (compatible; uMBot-IC/1.0; mailto: crawling@ubermetrics-technologies.com)"
178.63.80.14 - - [26/Oct/2014:12:53:05 +0100] "GET /jobs.php HTTP/1.1" 200 4965 "-" "Mozilla/5.0 (compatible; uMBot-IC/1.0; mailto: crawling@ubermetrics-technologies.com)"
66.249.79.80 - - [26/Oct/2014:12:53:38 +0100] "GET / HTTP/1.1" 200 4480 "-" "Mozilla/5.0 (compatible; Googlebot/2.1; +http://www.google.com/bot.html)"
95.91.208.234 - - [26/Oct/2014:12:59:23 +0100] "GET /modul.css HTTP/1.1" 200 35038 "http://www.mink-gmbh.de/" "Mozilla/4.0 (compatible; MSIE 8.0; Windows NT 5.1; Trident/4.0; BTRS123298; .NET CLR 2.0.50727; .NET CLR 3.0.4506.2152; .NET CLR 3.5.30729)"
95.91.208.234 - - [26/Oct/2014:12:59:26 +0100] "GET /style.css HTTP/1.1" 200 8402 "http://www.mink-gmbh.de/" "Mozilla/4.0 (compatible; MSIE 8.0; Windows NT 5.1; Trident/4.0; BTRS123298; .NET CLR 2.0.50727; .NET CLR 3.0.4506.2152; .NET CLR 3.5.30729)"
95.91.208.234 - - [26/Oct/2014:13:02:29 +0100] "GET /modul.css HTTP/1.1" 200 35038 "http://www.mink-gmbh.de/" "Mozilla/4.0 (compatible; MSIE 8.0; Windows NT 5.1; Trident/4.0; BTRS123298; .NET CLR 2.0.50727; .NET CLR 3.0.4506.2152; .NET CLR 3.5.30729)"
95.91.208.234 - - [26/Oct/2014:13:02:32 +0100] "GET /style.css HTTP/1.1" 200 8402 "http://www.mink-gmbh.de/" "Mozilla/4.0 (compatible; MSIE 8.0; Windows NT 5.1; Trident/4.0; BTRS123298; .NET CLR 2.0.50727; .NET CLR 3.0.4506.2152; .NET CLR 3.5.30729)"
148.251.124.173 - - [26/Oct/2014:13:06:38 +0100] "GET /robots.txt HTTP/1.0" 200 177 "-" "Mozilla/5.0 (compatible; MJ12bot/v1.4.5; http://www.majestic12.co.uk/bot.php?+)"
95.91.208.234 - - [26/Oct/2014:12:59:23 +0100] "GET / HTTP/1.1" 200 8120 "http://www.google.de/url?url=http://www.mink-gmbh.de/&rct=j&frm=1&q=&esrc=s&sa=U&ei=x-FMVOOIKtflat26gdgN&ved=0CBUQFjAA&usg=AFQjCNFn9EcC9P-1Xib348XyEK8v1Fxrnw" "Mozilla/4.0 (compatible; MSIE 8.0; Windows NT 5.1; Trident/4.0; BTRS123298; .NET CLR 2.0.50727; .NET CLR 3.0.4506.2152; .NET CLR 3.5.30729)"
148.251.124.173 - - [26/Oct/2014:13:06:40 +0100] "GET /news.php?cs_go=archiv&cs_startpos=0 HTTP/1.0" 200 5365 "-" "Mozilla/5.0 (compatible; MJ12bot/v1.4.5; http://www.majestic12.co.uk/bot.php?+)"
148.251.124.173 - - [26/Oct/2014:13:07:23 +0100] "GET /news.php?cs_go=archiv&cs_startpos=100 HTTP/1.0" 200 5365 "-" "Mozilla/5.0 (compatible; MJ12bot/v1.4.5; http://www.majestic12.co.uk/bot.php?+)"
148.251.124.173 - - [26/Oct/2014:13:08:05 +0100] "GET /news.php?cs_go=archiv&cs_startpos=140 HTTP/1.0" 200 5365 "-" "Mozilla/5.0 (compatible; MJ12bot/v1.4.5; http://www.majestic12.co.uk/bot.php?+)"
148.251.124.173 - - [26/Oct/2014:13:08:47 +0100] "GET /news.php?cs_go=archiv&cs_startpos=150 HTTP/1.0" 200 5365 "-" "Mozilla/5.0 (compatible; MJ12bot/v1.4.5; http://www.majestic12.co.uk/bot.php?+)"
95.91.208.234 - - [26/Oct/2014:13:02:29 +0100] "GET / HTTP/1.1" 200 8120 "http://www.google.de/url?url=http://www.mink-gmbh.de/&rct=j&frm=1&q=&esrc=s&sa=U&ei=geJMVKSuG83taKbBgcAE&ved=0CC4QFjAB&usg=AFQjCNEUZZDfDprIsHImmwAHeooTnx__1g" "Mozilla/4.0 (compatible; MSIE 8.0; Windows NT 5.1; Trident/4.0; BTRS123298; .NET CLR 2.0.50727; .NET CLR 3.0.4506.2152; .NET CLR 3.5.30729)"
148.251.124.173 - - [26/Oct/2014:13:09:31 +0100] "GET /news.php?cs_go=archiv&cs_startpos=210 HTTP/1.0" 200 5365 "-" "Mozilla/5.0 (compatible; MJ12bot/v1.4.5; http://www.majestic12.co.uk/bot.php?+)"
148.251.124.173 - - [26/Oct/2014:13:10:21 +0100] "GET /news.php?cs_go=archiv&cs_startpos=220 HTTP/1.0" 200 5365 "-" "Mozilla/5.0 (compatible; MJ12bot/v1.4.5; http://www.majestic12.co.uk/bot.php?+)"
148.251.124.173 - - [26/Oct/2014:13:11:04 +0100] "GET /news.php?cs_go=archiv&cs_startpos=230 HTTP/1.0" 200 5365 "-" "Mozilla/5.0 (compatible; MJ12bot/v1.4.5; http://www.majestic12.co.uk/bot.php?+)"
148.251.124.173 - - [26/Oct/2014:13:11:49 +0100] "GET /news.php?cs_go=archiv&cs_startpos=240 HTTP/1.0" 200 5365 "-" "Mozilla/5.0 (compatible; MJ12bot/v1.4.5; http://www.majestic12.co.uk/bot.php?+)"
95.91.208.234 - - [26/Oct/2014:13:00:04 +0100] "GET / HTTP/1.1" 200 8035 "http://www.google.de/url?url=http://www.mink-gmbh.de/&rct=j&frm=1&q=&esrc=s&sa=U&ei=x-FMVOOIKtflat26gdgN&ved=0CBUQFjAA&usg=AFQjCNFn9EcC9P-1Xib348XyEK8v1Fxrnw" "Mozilla/4.0 (compatible; MSIE 8.0; Windows NT 5.1; Trident/4.0; BTRS123298; .NET CLR 2.0.50727; .NET CLR 3.0.4506.2152; .NET CLR 3.5.30729)"
66.249.79.80 - - [26/Oct/2014:13:57:11 +0100] "GET /images/logos.jpg?cache9053 HTTP/1.1" 200 35043 "-" "Googlebot-Image/1.0"
178.63.49.82 - - [26/Oct/2014:14:01:27 +0100] "GET /robots.txt HTTP/1.0" 200 177 "-" "Mozilla/5.0 (compatible; MJ12bot/v1.4.5; http://www.majestic12.co.uk/bot.php?+)"
178.63.49.82 - - [26/Oct/2014:14:01:30 +0100] "GET /agb.php HTTP/1.0" 200 17543 "-" "Mozilla/5.0 (compatible; MJ12bot/v1.4.5; http://www.majestic12.co.uk/bot.php?+)"
178.63.49.82 - - [26/Oct/2014:14:01:31 +0100] "GET /jobs.php HTTP/1.0" 200 4965 "-" "Mozilla/5.0 (compatible; MJ12bot/v1.4.5; http://www.majestic12.co.uk/bot.php?+)"
178.63.49.82 - - [26/Oct/2014:14:01:36 +0100] "GET /lexikon.php?cs_go=3&cs_id=10 HTTP/1.0" 200 5379 "-" "Mozilla/5.0 (compatible; MJ12bot/v1.4.5; http://www.majestic12.co.uk/bot.php?+)"
178.63.49.82 - - [26/Oct/2014:14:01:41 +0100] "GET /lexikon.php?cs_go=3&cs_id=100 HTTP/1.0" 200 5379 "-" "Mozilla/5.0 (compatible; MJ12bot/v1.4.5; http://www.majestic12.co.uk/bot.php?+)"
178.63.49.82 - - [26/Oct/2014:14:01:46 +0100] "GET /lexikon.php?cs_go=3&cs_id=101 HTTP/1.0" 200 5379 "-" "Mozilla/5.0 (compatible; MJ12bot/v1.4.5; http://www.majestic12.co.uk/bot.php?+)"
178.63.49.82 - - [26/Oct/2014:14:01:50 +0100] "GET /lexikon.php?cs_go=3&cs_id=102 HTTP/1.0" 200 5379 "-" "Mozilla/5.0 (compatible; MJ12bot/v1.4.5; http://www.majestic12.co.uk/bot.php?+)"
178.63.49.82 - - [26/Oct/2014:14:01:55 +0100] "GET /lexikon.php?cs_go=3&cs_id=103 HTTP/1.0" 200 5379 "-" "Mozilla/5.0 (compatible; MJ12bot/v1.4.5; http://www.majestic12.co.uk/bot.php?+)"
178.63.49.82 - - [26/Oct/2014:14:01:59 +0100] "GET /lexikon.php?cs_go=3&cs_id=104 HTTP/1.0" 200 5379 "-" "Mozilla/5.0 (compatible; MJ12bot/v1.4.5; http://www.majestic12.co.uk/bot.php?+)"
178.63.49.82 - - [26/Oct/2014:14:02:03 +0100] "GET /robots.txt HTTP/1.0" 200 177 "-" "Mozilla/5.0 (compatible; MJ12bot/v1.4.5; http://www.majestic12.co.uk/bot.php?+)"
178.63.49.82 - - [26/Oct/2014:14:02:05 +0100] "GET /lexikon.php?cs_go=3&cs_id=105 HTTP/1.0" 200 5379 "-" "Mozilla/5.0 (compatible; MJ12bot/v1.4.5; http://www.majestic12.co.uk/bot.php?+)"
178.63.49.82 - - [26/Oct/2014:14:02:09 +0100] "GET /lexikon.php?cs_go=3&cs_id=106 HTTP/1.0" 200 5379 "-" "Mozilla/5.0 (compatible; MJ12bot/v1.4.5; http://www.majestic12.co.uk/bot.php?+)"
178.63.49.82 - - [26/Oct/2014:14:02:14 +0100] "GET /lexikon.php?cs_go=3&cs_id=107 HTTP/1.0" 200 5379 "-" "Mozilla/5.0 (compatible; MJ12bot/v1.4.5; http://www.majestic12.co.uk/bot.php?+)"
178.63.49.82 - - [26/Oct/2014:14:02:19 +0100] "GET /lexikon.php?cs_go=3&cs_id=108 HTTP/1.0" 200 5379 "-" "Mozilla/5.0 (compatible; MJ12bot/v1.4.5; http://www.majestic12.co.uk/bot.php?+)"
178.63.49.82 - - [26/Oct/2014:14:02:23 +0100] "GET /lexikon.php?cs_go=3&cs_id=109 HTTP/1.0" 200 5379 "-" "Mozilla/5.0 (compatible; MJ12bot/v1.4.5; http://www.majestic12.co.uk/bot.php?+)"
178.63.49.82 - - [26/Oct/2014:14:02:27 +0100] "GET /lexikon.php?cs_go=3&cs_id=11 HTTP/1.0" 200 5379 "-" "Mozilla/5.0 (compatible; MJ12bot/v1.4.5; http://www.majestic12.co.uk/bot.php?+)"
178.63.49.82 - - [26/Oct/2014:14:02:32 +0100] "GET /lexikon.php?cs_go=3&cs_id=110 HTTP/1.0" 200 5379 "-" "Mozilla/5.0 (compatible; MJ12bot/v1.4.5; http://www.majestic12.co.uk/bot.php?+)"
178.63.49.82 - - [26/Oct/2014:14:02:36 +0100] "GET /lexikon.php?cs_go=3&cs_id=111 HTTP/1.0" 200 5379 "-" "Mozilla/5.0 (compatible; MJ12bot/v1.4.5; http://www.majestic12.co.uk/bot.php?+)"
178.63.49.82 - - [26/Oct/2014:14:02:40 +0100] "GET /robots.txt HTTP/1.0" 200 177 "-" "Mozilla/5.0 (compatible; MJ12bot/v1.4.5; http://www.majestic12.co.uk/bot.php?+)"
178.63.49.82 - - [26/Oct/2014:14:02:42 +0100] "GET /lexikon.php?cs_go=3&cs_id=112 HTTP/1.0" 200 5379 "-" "Mozilla/5.0 (compatible; MJ12bot/v1.4.5; http://www.majestic12.co.uk/bot.php?+)"
178.63.49.82 - - [26/Oct/2014:14:02:46 +0100] "GET /lexikon.php?cs_go=3&cs_id=113 HTTP/1.0" 200 5379 "-" "Mozilla/5.0 (compatible; MJ12bot/v1.4.5; http://www.majestic12.co.uk/bot.php?+)"
178.63.49.82 - - [26/Oct/2014:14:02:51 +0100] "GET /lexikon.php?cs_go=3&cs_id=114 HTTP/1.0" 200 5379 "-" "Mozilla/5.0 (compatible; MJ12bot/v1.4.5; http://www.majestic12.co.uk/bot.php?+)"
178.63.49.82 - - [26/Oct/2014:14:02:56 +0100] "GET /lexikon.php?cs_go=3&cs_id=115 HTTP/1.0" 200 5379 "-" "Mozilla/5.0 (compatible; MJ12bot/v1.4.5; http://www.majestic12.co.uk/bot.php?+)"
178.63.49.82 - - [26/Oct/2014:14:03:00 +0100] "GET /lexikon.php?cs_go=3&cs_id=116 HTTP/1.0" 200 5379 "-" "Mozilla/5.0 (compatible; MJ12bot/v1.4.5; http://www.majestic12.co.uk/bot.php?+)"
178.63.49.82 - - [26/Oct/2014:14:03:07 +0100] "GET /lexikon.php?cs_go=3&cs_id=117 HTTP/1.0" 200 5379 "-" "Mozilla/5.0 (compatible; MJ12bot/v1.4.5; http://www.majestic12.co.uk/bot.php?+)"
178.63.49.82 - - [26/Oct/2014:14:03:11 +0100] "GET /lexikon.php?cs_go=3&cs_id=118 HTTP/1.0" 200 5379 "-" "Mozilla/5.0 (compatible; MJ12bot/v1.4.5; http://www.majestic12.co.uk/bot.php?+)"
178.63.49.82 - - [26/Oct/2014:14:03:16 +0100] "GET /lexikon.php?cs_go=3&cs_id=119 HTTP/1.0" 200 5379 "-" "Mozilla/5.0 (compatible; MJ12bot/v1.4.5; http://www.majestic12.co.uk/bot.php?+)"
178.63.49.82 - - [26/Oct/2014:14:03:20 +0100] "GET /lexikon.php?cs_go=3&cs_id=12 HTTP/1.0" 200 5379 "-" "Mozilla/5.0 (compatible; MJ12bot/v1.4.5; http://www.majestic12.co.uk/bot.php?+)"
178.63.49.82 - - [26/Oct/2014:14:03:25 +0100] "GET /lexikon.php?cs_go=3&cs_id=120 HTTP/1.0" 200 5379 "-" "Mozilla/5.0 (compatible; MJ12bot/v1.4.5; http://www.majestic12.co.uk/bot.php?+)"
178.63.49.82 - - [26/Oct/2014:14:03:33 +0100] "GET /lexikon.php?cs_go=3&cs_id=121 HTTP/1.0" 200 5379 "-" "Mozilla/5.0 (compatible; MJ12bot/v1.4.5; http://www.majestic12.co.uk/bot.php?+)"
178.63.49.82 - - [26/Oct/2014:14:03:49 +0100] "GET /lexikon.php?cs_go=3&cs_id=122 HTTP/1.0" 200 5379 "-" "Mozilla/5.0 (compatible; MJ12bot/v1.4.5; http://www.majestic12.co.uk/bot.php?+)"
178.63.49.82 - - [26/Oct/2014:14:03:57 +0100] "GET /lexikon.php?cs_go=3&cs_id=123 HTTP/1.0" 200 5379 "-" "Mozilla/5.0 (compatible; MJ12bot/v1.4.5; http://www.majestic12.co.uk/bot.php?+)"
178.63.49.82 - - [26/Oct/2014:14:04:04 +0100] "GET /lexikon.php?cs_go=3&cs_id=124 HTTP/1.0" 200 5379 "-" "Mozilla/5.0 (compatible; MJ12bot/v1.4.5; http://www.majestic12.co.uk/bot.php?+)"
178.63.49.82 - - [26/Oct/2014:14:04:19 +0100] "GET /lexikon.php?cs_go=3&cs_id=125 HTTP/1.0" 200 5379 "-" "Mozilla/5.0 (compatible; MJ12bot/v1.4.5; http://www.majestic12.co.uk/bot.php?+)"
178.63.49.82 - - [26/Oct/2014:14:04:29 +0100] "GET /lexikon.php?cs_go=3&cs_id=126 HTTP/1.0" 200 5379 "-" "Mozilla/5.0 (compatible; MJ12bot/v1.4.5; http://www.majestic12.co.uk/bot.php?+)"
178.63.49.82 - - [26/Oct/2014:14:04:34 +0100] "GET /lexikon.php?cs_go=3&cs_id=127 HTTP/1.0" 200 5379 "-" "Mozilla/5.0 (compatible; MJ12bot/v1.4.5; http://www.majestic12.co.uk/bot.php?+)"
178.63.49.82 - - [26/Oct/2014:14:04:39 +0100] "GET /lexikon.php?cs_go=3&cs_id=128 HTTP/1.0" 200 5379 "-" "Mozilla/5.0 (compatible; MJ12bot/v1.4.5; http://www.majestic12.co.uk/bot.php?+)"
178.63.49.82 - - [26/Oct/2014:14:04:43 +0100] "GET /lexikon.php?cs_go=3&cs_id=129 HTTP/1.0" 200 5379 "-" "Mozilla/5.0 (compatible; MJ12bot/v1.4.5; http://www.majestic12.co.uk/bot.php?+)"
178.63.49.82 - - [26/Oct/2014:14:04:48 +0100] "GET /lexikon.php?cs_go=3&cs_id=13 HTTP/1.0" 200 5379 "-" "Mozilla/5.0 (compatible; MJ12bot/v1.4.5; http://www.majestic12.co.uk/bot.php?+)"
87.142.97.42 - - [26/Oct/2014:14:04:51 +0100] "GET /jobs.php HTTP/1.1" 200 4965 "-" "Mozilla/5.0 (Windows NT 6.1; Win64; x64; rv:22.0) Gecko/20130328 Firefox/22.0"
178.63.49.82 - - [26/Oct/2014:14:04:53 +0100] "GET /lexikon.php?cs_go=3&cs_id=130 HTTP/1.0" 200 5379 "-" "Mozilla/5.0 (compatible; MJ12bot/v1.4.5; http://www.majestic12.co.uk/bot.php?+)"
178.63.49.82 - - [26/Oct/2014:14:04:57 +0100] "GET /lexikon.php?cs_go=3&cs_id=131 HTTP/1.0" 200 5379 "-" "Mozilla/5.0 (compatible; MJ12bot/v1.4.5; http://www.majestic12.co.uk/bot.php?+)"
178.63.49.82 - - [26/Oct/2014:14:05:02 +0100] "GET /lexikon.php?cs_go=3&cs_id=132 HTTP/1.0" 200 5379 "-" "Mozilla/5.0 (compatible; MJ12bot/v1.4.5; http://www.majestic12.co.uk/bot.php?+)"
178.63.49.82 - - [26/Oct/2014:14:05:07 +0100] "GET /lexikon.php?cs_go=3&cs_id=133 HTTP/1.0" 200 5379 "-" "Mozilla/5.0 (compatible; MJ12bot/v1.4.5; http://www.majestic12.co.uk/bot.php?+)"
