78.47.15.198 - - [22/Oct/2014:01:20:42 +0200] "GET /jobs.php HTTP/1.1" 200 4965 "-" "Mozilla/5.0 (compatible; uMBot-IC/1.0; mailto: crawling@ubermetrics-technologies.com)"
217.69.133.224 - - [22/Oct/2014:01:45:12 +0200] "GET /robots.txt HTTP/1.1" 200 177 "-" "Mozilla/5.0 (compatible; Linux x86_64; Mail.RU_Bot/2.0; +http://go.mail.ru/help/robots)"
217.69.133.223 - - [22/Oct/2014:01:45:13 +0200] "GET /news.php?cs_go=archiv HTTP/1.1" 200 5365 "-" "Mozilla/5.0 (compatible; Linux x86_64; Mail.RU_Bot/2.0; +http://go.mail.ru/help/robots)"
178.63.80.14 - - [22/Oct/2014:01:49:00 +0200] "GET /robots.txt HTTP/1.1" 200 177 "-" "Mozilla/5.0 (compatible; uMBot-IC/1.0; mailto: crawling@ubermetrics-technologies.com)"
178.63.80.14 - - [22/Oct/2014:01:49:00 +0200] "GET /jobs.php HTTP/1.1" 200 4965 "-" "Mozilla/5.0 (compatible; uMBot-IC/1.0; mailto: crawling@ubermetrics-technologies.com)"
66.249.78.190 - - [22/Oct/2014:01:56:46 +0200] "GET /modul.css HTTP/1.1" 200 35038 "-" "Mozilla/5.0 (compatible; Googlebot/2.1; +http://www.google.com/bot.html)"
66.249.64.112 - - [22/Oct/2014:02:08:56 +0200] "GET /news.php?cs_go=archiv&cs_id=4645 HTTP/1.1" 200 5365 "-" "Mozilla/5.0 (compatible; Googlebot/2.1; +http://www.google.com/bot.html)"
208.115.111.75 - - [22/Oct/2014:02:20:41 +0200] "GET /robots.txt HTTP/1.1" 200 177 "-" "Mozilla/5.0 (compatible; DotBot/1.1; http://www.opensiteexplorer.org/dotbot, help@moz.com)"
66.249.78.190 - - [22/Oct/2014:02:24:16 +0200] "GET /news.php?cs_go=archiv&cs_id=4645 HTTP/1.1" 200 5365 "-" "Mozilla/5.0 (compatible; Googlebot/2.1; +http://www.google.com/bot.html)"
66.249.78.176 - - [22/Oct/2014:02:39:16 +0200] "GET /news.php?cs_go=archiv&cs_id=4645 HTTP/1.1" 200 5365 "-" "Mozilla/5.0 (compatible; Googlebot/2.1; +http://www.google.com/bot.html)"
192.99.149.88 - - [22/Oct/2014:02:58:20 +0200] "GET /robots.txt HTTP/1.1" 200 177 "-" "Mozilla/5.0 (Windows NT 6.1; WOW64; Trident/7.0; rv:11.0) like Gecko"
192.99.149.88 - - [22/Oct/2014:02:58:20 +0200] "GET / HTTP/1.1" 200 4480 "-" "Mozilla/5.0 (Windows NT 6.1; WOW64; Trident/7.0; rv:11.0) like Gecko"
66.249.78.190 - - [22/Oct/2014:03:09:16 +0200] "GET /news.php?cs_go=archiv&cs_id=2851&cs_search= HTTP/1.1" 200 5365 "-" "Mozilla/5.0 (compatible; Googlebot/2.1; +http://www.google.com/bot.html)"
123.125.71.78 - - [22/Oct/2014:03:18:22 +0200] "GET /robots.txt HTTP/1.1" 200 177 "-" "Mozilla/5.0 (compatible; Baiduspider/2.0; +http://www.baidu.com/search/spider.html)"
65.36.241.79 - - [22/Oct/2014:03:23:02 +0200] "HEAD / HTTP/1.1" 200 - "-" "InternetSeer.com"
66.249.78.190 - - [22/Oct/2014:03:22:02 +0200] "GET /news.php?cs_go=archiv&cs_id=2851&cs_search= HTTP/1.1" 200 5365 "-" "Mozilla/5.0 (compatible; Googlebot/2.1; +http://www.google.com/bot.html)"
66.249.78.190 - - [22/Oct/2014:03:37:01 +0200] "GET /news.php?cs_go=archiv&cs_id=2851&cs_search= HTTP/1.1" 200 5365 "-" "Mozilla/5.0 (compatible; Googlebot/2.1; +http://www.google.com/bot.html)"
66.249.78.176 - - [22/Oct/2014:03:40:02 +0200] "GET /standard.php HTTP/1.1" 200 5259 "-" "Mozilla/5.0 (iPhone; CPU iPhone OS 6_0 like Mac OS X) AppleWebKit/536.26 (KHTML, like Gecko) Version/6.0 Mobile/10A5376e Safari/8536.25 (compatible; Googlebot/2.1; +http://www.google.com/bot.html)"
66.249.78.183 - - [22/Oct/2014:03:52:02 +0200] "GET /standard.php HTTP/1.1" 200 5259 "-" "Mozilla/5.0 (iPhone; CPU iPhone OS 6_0 like Mac OS X) AppleWebKit/536.26 (KHTML, like Gecko) Version/6.0 Mobile/10A5376e Safari/8536.25 (compatible; Googlebot/2.1; +http://www.google.com/bot.html)"
66.249.78.190 - - [22/Oct/2014:04:07:03 +0200] "GET /standard.php HTTP/1.1" 200 5259 "-" "Mozilla/5.0 (iPhone; CPU iPhone OS 6_0 like Mac OS X) AppleWebKit/536.26 (KHTML, like Gecko) Version/6.0 Mobile/10A5376e Safari/8536.25 (compatible; Googlebot/2.1; +http://www.google.com/bot.html)"
217.69.133.68 - - [22/Oct/2014:04:50:01 +0200] "GET /robots.txt HTTP/1.1" 200 177 "-" "Mozilla/5.0 (compatible; Linux x86_64; Mail.RU_Bot/2.0; +http://go.mail.ru/help/robots)"
217.69.133.221 - - [22/Oct/2014:04:50:02 +0200] "GET /news.php HTTP/1.1" 200 5365 "-" "Mozilla/5.0 (compatible; Linux x86_64; Mail.RU_Bot/2.0; +http://go.mail.ru/help/robots)"
178.255.215.64 - - [22/Oct/2014:05:02:02 +0200] "GET /robots.txt HTTP/1.1" 200 177 "-" "Mozilla/5.0 (compatible; Exabot/3.0; +http://www.exabot.com/go/robot)"
178.255.215.64 - - [22/Oct/2014:05:02:02 +0200] "GET /news.php?cs_go=archiv&cs_id=3512 HTTP/1.1" 200 5365 "-" "Mozilla/5.0 (compatible; Exabot/3.0; +http://www.exabot.com/go/robot)"
66.249.78.183 - - [22/Oct/2014:05:07:03 +0200] "GET /images/tkw.jpg HTTP/1.1" 304 - "-" "Googlebot-Image/1.0"
208.115.111.75 - - [22/Oct/2014:05:26:19 +0200] "GET /news.php?cs_go=archiv&cs_id=5316 HTTP/1.1" 200 5365 "-" "Mozilla/5.0 (compatible; DotBot/1.1; http://www.opensiteexplorer.org/dotbot, help@moz.com)"
178.255.215.80 - - [22/Oct/2014:05:37:04 +0200] "GET /news.php?cs_go=archiv&cs_id=5369&cs_search= HTTP/1.1" 200 5365 "-" "Mozilla/5.0 (compatible; Exabot/3.0 (BiggerBetter); +http://www.exabot.com/go/robot)"
208.115.113.91 - - [22/Oct/2014:06:00:21 +0200] "GET /robots.txt HTTP/1.1" 200 177 "-" "Mozilla/5.0 (compatible; DotBot/1.1; http://www.opensiteexplorer.org/dotbot, help@moz.com)"
66.249.78.176 - - [22/Oct/2014:07:12:48 +0200] "GET /news.php?cs_go=archiv&cs_id=2851&cs_search= HTTP/1.1" 200 5365 "-" "Mozilla/5.0 (iPhone; CPU iPhone OS 6_0 like Mac OS X) AppleWebKit/536.26 (KHTML, like Gecko) Version/6.0 Mobile/10A5376e Safari/8536.25 (compatible; Googlebot/2.1; +http://www.google.com/bot.html)"
78.47.15.198 - - [22/Oct/2014:07:20:56 +0200] "GET /robots.txt HTTP/1.1" 200 177 "-" "Mozilla/5.0 (compatible; uMBot-IC/1.0; mailto: crawling@ubermetrics-technologies.com)"
78.47.15.198 - - [22/Oct/2014:07:20:56 +0200] "GET /jobs.php HTTP/1.1" 200 4965 "-" "Mozilla/5.0 (compatible; uMBot-IC/1.0; mailto: crawling@ubermetrics-technologies.com)"
66.249.64.112 - - [22/Oct/2014:07:24:48 +0200] "GET /news.php?cs_go=archiv&cs_id=2851&cs_search= HTTP/1.1" 200 5365 "-" "Mozilla/5.0 (iPhone; CPU iPhone OS 6_0 like Mac OS X) AppleWebKit/536.26 (KHTML, like Gecko) Version/6.0 Mobile/10A5376e Safari/8536.25 (compatible; Googlebot/2.1; +http://www.google.com/bot.html)"
66.249.78.183 - - [22/Oct/2014:07:36:48 +0200] "GET /news.php?cs_go=archiv&cs_id=2851&cs_search= HTTP/1.1" 200 5365 "-" "Mozilla/5.0 (iPhone; CPU iPhone OS 6_0 like Mac OS X) AppleWebKit/536.26 (KHTML, like Gecko) Version/6.0 Mobile/10A5376e Safari/8536.25 (compatible; Googlebot/2.1; +http://www.google.com/bot.html)"
66.249.78.176 - - [22/Oct/2014:07:42:48 +0200] "GET /news.php?cs_go=archiv&cs_id=4575 HTTP/1.1" 200 5365 "-" "Mozilla/5.0 (iPhone; CPU iPhone OS 6_0 like Mac OS X) AppleWebKit/536.26 (KHTML, like Gecko) Version/6.0 Mobile/10A5376e Safari/8536.25 (compatible; Googlebot/2.1; +http://www.google.com/bot.html)"
178.63.80.14 - - [22/Oct/2014:07:49:13 +0200] "GET /jobs.php HTTP/1.1" 200 4965 "-" "Mozilla/5.0 (compatible; uMBot-IC/1.0; mailto: crawling@ubermetrics-technologies.com)"
208.115.111.75 - - [22/Oct/2014:07:56:59 +0200] "GET /robots.txt HTTP/1.1" 200 177 "-" "Mozilla/5.0 (compatible; DotBot/1.1; http://www.opensiteexplorer.org/dotbot, help@moz.com)"
208.115.113.91 - - [22/Oct/2014:07:56:19 +0200] "GET /news.php?cs_go=archiv&cs_id=5337&cs_search= HTTP/1.1" 200 5365 "-" "Mozilla/5.0 (compatible; DotBot/1.1; http://www.opensiteexplorer.org/dotbot, help@moz.com)"
66.249.78.183 - - [22/Oct/2014:08:09:49 +0200] "GET /news.php?cs_go=archiv&cs_id=4575 HTTP/1.1" 200 5365 "-" "Mozilla/5.0 (iPhone; CPU iPhone OS 6_0 like Mac OS X) AppleWebKit/536.26 (KHTML, like Gecko) Version/6.0 Mobile/10A5376e Safari/8536.25 (compatible; Googlebot/2.1; +http://www.google.com/bot.html)"
66.249.78.183 - - [22/Oct/2014:08:54:50 +0200] "GET /news.php?cs_go=archiv&cs_id=4575 HTTP/1.1" 200 5365 "-" "Mozilla/5.0 (iPhone; CPU iPhone OS 6_0 like Mac OS X) AppleWebKit/536.26 (KHTML, like Gecko) Version/6.0 Mobile/10A5376e Safari/8536.25 (compatible; Googlebot/2.1; +http://www.google.com/bot.html)"
5.9.16.51 - - [22/Oct/2014:08:59:19 +0200] "GET / HTTP/1.0" 200 4606 "-" "-"
5.9.16.51 - - [22/Oct/2014:09:02:28 +0200] "GET / HTTP/1.0" 200 8120 "-" "-"
5.9.16.51 - - [22/Oct/2014:09:08:28 +0200] "GET / HTTP/1.0" 200 4606 "-" "-"
5.9.16.51 - - [22/Oct/2014:09:11:37 +0200] "GET / HTTP/1.0" 200 8120 "-" "-"
5.9.16.51 - - [22/Oct/2014:09:15:19 +0200] "GET / HTTP/1.0" 200 4606 "-" "-"
5.9.16.51 - - [22/Oct/2014:09:18:28 +0200] "GET / HTTP/1.0" 200 8120 "-" "-"
217.69.133.224 - - [22/Oct/2014:09:28:37 +0200] "GET /robots.txt HTTP/1.1" 200 177 "-" "Mozilla/5.0 (compatible; Linux x86_64; Mail.RU_Bot/2.0; +http://go.mail.ru/help/robots)"
217.69.133.225 - - [22/Oct/2014:09:28:38 +0200] "GET /rueckrufservice.php HTTP/1.1" 200 5378 "-" "Mozilla/5.0 (compatible; Linux x86_64; Mail.RU_Bot/2.0; +http://go.mail.ru/help/robots)"
208.115.111.75 - - [22/Oct/2014:09:38:33 +0200] "GET /news.php?cs_go=archiv&cs_id=5164&cs_search= HTTP/1.1" 200 5365 "-" "Mozilla/5.0 (compatible; DotBot/1.1; http://www.opensiteexplorer.org/dotbot, help@moz.com)"
157.55.39.206 - - [22/Oct/2014:10:19:59 +0200] "GET / HTTP/1.1" 200 2371 "-" "Mozilla/5.0 (compatible; bingbot/2.0; +http://www.bing.com/bingbot.htm)"
91.65.232.201 - - [22/Oct/2014:11:01:44 +0200] "GET / HTTP/1.1" 200 8120 "http://www.google.de/url?sa=t&rct=j&q=&esrc=s&source=web&cd=1&ved=0CCEQFjAA&url=http%3A%2F%2Fwww.mink-gmbh.de%2F&ei=YXJHVOerDqvoywOT4IGIDw&usg=AFQjCNFHX4Iglls9oo-KYXTmDUV_5KOVIg&bvm=bv.77880786,d.bGQ" "Mozilla/5.0 (X11; Ubuntu; Linux x86_64; rv:26.0) Gecko/20100101 Firefox/26.0"
91.65.232.201 - - [22/Oct/2014:11:03:01 +0200] "GET /kontakt.php HTTP/1.1" 200 4996 "http://www.google.de/url?sa=t&rct=j&q=&esrc=s&source=web&cd=2&ved=0CCcQFjAB&url=http%3A%2F%2Fwww.mink-gmbh.de%2Fkontakt.php&ei=p3JHVLekOILQygPk3ILoCg&usg=AFQjCNGc4Uk3AnmIYxZ5z_4vpGIDOIrQvQ&bvm=bv.77880786,d.bGQ" "Mozilla/5.0 (X11; Ubuntu; Linux x86_64; rv:26.0) Gecko/20100101 Firefox/26.0"
91.65.232.201 - - [22/Oct/2014:11:04:08 +0200] "GET /news.php?cs_go=archiv&cs_id=5294&cs_search= HTTP/1.1" 200 5365 "http://www.google.de/url?sa=t&rct=j&q=&esrc=s&source=web&cd=7&ved=0CD4QFjAG&url=http%3A%2F%2Fwww.mink-gmbh.de%2Fnews.php%3Fcs_go%3Darchiv%26cs_id%3D5294%26cs_search%3D&ei=p3JHVLekOILQygPk3ILoCg&usg=AFQjCNEcD6drNnXGVr2cAKgl2Qo0LqqQdw&bvm=bv.77880786,d.bGQ" "Mozilla/5.0 (X11; Ubuntu; Linux x86_64; rv:26.0) Gecko/20100101 Firefox/26.0"
91.65.232.201 - - [22/Oct/2014:11:03:10 +0200] "GET /news.php HTTP/1.1" 404 - "http://www.google.de/url?sa=t&rct=j&q=&esrc=s&source=web&cd=3&ved=0CCwQFjAC&url=http%3A%2F%2Fwww.mink-gmbh.de%2Fnews.php&ei=p3JHVLekOILQygPk3ILoCg&usg=AFQjCNEzOPe83oFVszVe0VK1VeyQYToXyw&bvm=bv.77880786,d.bGQ" "Mozilla/5.0 (X11; Ubuntu; Linux x86_64; rv:26.0) Gecko/20100101 Firefox/26.0"
91.65.232.201 - - [22/Oct/2014:11:03:20 +0200] "GET /lexikon.php?cs_go=3&cs_id=90 HTTP/1.1" 404 - "http://www.google.de/url?sa=t&rct=j&q=&esrc=s&source=web&cd=4&ved=0CDEQFjAD&url=http%3A%2F%2Fwww.mink-gmbh.de%2Flexikon.php%3Fcs_go%3D3%26cs_id%3D90&ei=p3JHVLekOILQygPk3ILoCg&usg=AFQjCNGVxES-gAcyBkS_x16mOsF6gljFdQ&bvm=bv.77880786,d.bGQ" "Mozilla/5.0 (X11; Ubuntu; Linux x86_64; rv:26.0) Gecko/20100101 Firefox/26.0"
91.65.232.201 - - [22/Oct/2014:11:04:01 +0200] "GET /additive.php HTTP/1.1" 404 - "http://www.google.de/url?sa=t&rct=j&q=&esrc=s&source=web&cd=6&ved=0CDkQFjAF&url=http%3A%2F%2Fwww.mink-gmbh.de%2Fadditive.php&ei=p3JHVLekOILQygPk3ILoCg&usg=AFQjCNFRuoENe2OgEldF_NO_zBiDh8ePqA&bvm=bv.77880786,d.bGQ" "Mozilla/5.0 (X11; Ubuntu; Linux x86_64; rv:26.0) Gecko/20100101 Firefox/26.0"
91.65.232.201 - - [22/Oct/2014:11:04:15 +0200] "GET /news.php?cs_go=archiv&cs_id=5300&cs_search= HTTP/1.1" 404 - "http://www.google.de/url?sa=t&rct=j&q=&esrc=s&source=web&cd=8&ved=0CEEQFjAH&url=http%3A%2F%2Fwww.mink-gmbh.de%2Fnews.php%3Fcs_go%3Darchiv%26cs_id%3D5300%26cs_search%3D&ei=p3JHVLekOILQygPk3ILoCg&usg=AFQjCNETXMZ1KoPjeQMqLviwnmBx04Vj6A&bvm=bv.77880786,d.bGQ" "Mozilla/5.0 (X11; Ubuntu; Linux x86_64; rv:26.0) Gecko/20100101 Firefox/26.0"
91.65.232.201 - - [22/Oct/2014:11:04:26 +0200] "GET /modernisierung.php?cs_gp_go=description HTTP/1.1" 404 - "http://www.google.de/url?sa=t&rct=j&q=&esrc=s&source=web&cd=9&ved=0CEQQFjAI&url=http%3A%2F%2Fwww.mink-gmbh.de%2Fmodernisierung.php%3Fcs_gp_go%3Ddescription&ei=p3JHVLekOILQygPk3ILoCg&usg=AFQjCNEqgYRbecohH_zHa7xQ-1ZPRTmlww&bvm=bv.77880786,d.bGQ" "Mozilla/5.0 (X11; Ubuntu; Linux x86_64; rv:26.0) Gecko/20100101 Firefox/26.0"
91.65.232.201 - - [22/Oct/2014:11:04:36 +0200] "GET /news.php?cs_go=archiv&cs_id=5313&cs_search= HTTP/1.1" 404 - "http://www.google.de/url?sa=t&rct=j&q=&esrc=s&source=web&cd=10&ved=0CEYQFjAJ&url=http%3A%2F%2Fwww.mink-gmbh.de%2Fnews.php%3Fcs_go%3Darchiv%26cs_id%3D5313%26cs_search%3D&ei=p3JHVLekOILQygPk3ILoCg&usg=AFQjCNEI6DvJwCeqx1IeGyP9Gf77r7NIWw&bvm=bv.77880786,d.bGQ" "Mozilla/5.0 (X11; Ubuntu; Linux x86_64; rv:26.0) Gecko/20100101 Firefox/26.0"
91.65.232.201 - - [22/Oct/2014:11:03:34 +0200] "GET /news.php?cs_go=archiv&cs_startpos=101 HTTP/1.1" 404 - "http://www.google.de/url?sa=t&rct=j&q=&esrc=s&source=web&cd=5&ved=0CDMQFjAE&url=http%3A%2F%2Fwww.mink-gmbh.de%2Fnews.php%3Fcs_go%3Darchiv%26cs_startpos%3D101&ei=p3JHVLekOILQygPk3ILoCg&usg=AFQjCNGmjteTSDOaqX3-sDNMwNb1-B5n4Q&bvm=bv.77880786,d.bGQ" "Mozilla/5.0 (X11; Ubuntu; Linux x86_64; rv:26.0) Gecko/20100101 Firefox/26.0"
88.198.222.86 - - [22/Oct/2014:11:47:03 +0200] "GET / HTTP/1.0" 200 4606 "-" "-"
208.115.111.75 - - [22/Oct/2014:11:55:44 +0200] "GET /robots.txt HTTP/1.1" 200 177 "-" "Mozilla/5.0 (compatible; DotBot/1.1; http://www.opensiteexplorer.org/dotbot, help@moz.com)"
88.198.222.86 - - [22/Oct/2014:11:50:14 +0200] "GET / HTTP/1.0" 200 8120 "-" "-"
88.198.222.86 - - [22/Oct/2014:11:56:38 +0200] "GET / HTTP/1.0" 200 2371 "-" "-"
88.198.222.86 - - [22/Oct/2014:11:53:27 +0200] "GET / HTTP/1.0" 200 4606 "-" "-"
85.13.131.53 - - [22/Oct/2014:11:54:30 +0200] "GET / HTTP/1.0" 200 4606 "-" "-"
88.198.222.86 - - [22/Oct/2014:12:03:11 +0200] "GET / HTTP/1.0" 200 2371 "-" "-"
88.198.222.86 - - [22/Oct/2014:12:00:01 +0200] "GET / HTTP/1.0" 200 4606 "-" "-"
85.13.131.53 - - [22/Oct/2014:11:57:39 +0200] "GET / HTTP/1.0" 200 8120 "-" "-"
85.13.131.53 - - [22/Oct/2014:12:01:35 +0200] "GET / HTTP/1.0" 200 4606 "-" "-"
85.13.131.53 - - [22/Oct/2014:12:04:44 +0200] "GET / HTTP/1.0" 200 8120 "-" "-"
85.13.131.53 - - [22/Oct/2014:12:08:20 +0200] "GET / HTTP/1.0" 200 4606 "-" "-"
88.198.222.86 - - [22/Oct/2014:12:09:15 +0200] "GET / HTTP/1.0" 200 4606 "-" "-"
85.13.131.53 - - [22/Oct/2014:12:11:29 +0200] "GET / HTTP/1.0" 200 8120 "-" "-"
88.198.222.86 - - [22/Oct/2014:12:12:26 +0200] "GET / HTTP/1.0" 200 8120 "-" "-"
88.198.222.86 - - [22/Oct/2014:12:15:45 +0200] "GET / HTTP/1.0" 200 4606 "-" "-"
88.198.222.86 - - [22/Oct/2014:12:22:01 +0200] "GET / HTTP/1.0" 200 4606 "-" "-"
88.198.222.86 - - [22/Oct/2014:12:18:57 +0200] "GET / HTTP/1.0" 200 8120 "-" "-"
88.198.222.86 - - [22/Oct/2014:12:25:11 +0200] "GET / HTTP/1.0" 200 8120 "-" "-"
66.249.78.176 - - [22/Oct/2014:12:55:28 +0200] "GET / HTTP/1.1" 200 4480 "-" "Mozilla/5.0 (compatible; Googlebot/2.1; +http://www.google.com/bot.html)"
182.118.21.235 - - [22/Oct/2014:13:10:10 +0200] "GET /robots.txt HTTP/1.1" 200 177 "http://www.mink-gmbh.de/robots.txt" "Mozilla/5.0 (compatible; MSIE 9.0; Windows NT 6.1; Trident/5.0); 360Spider"
66.249.64.112 - - [22/Oct/2014:13:16:28 +0200] "GET / HTTP/1.1" 200 4480 "-" "Mozilla/5.0 (compatible; Googlebot/2.1; +http://www.google.com/bot.html)"
78.47.15.198 - - [22/Oct/2014:13:21:10 +0200] "GET /robots.txt HTTP/1.1" 200 177 "-" "Mozilla/5.0 (compatible; uMBot-IC/1.0; mailto: crawling@ubermetrics-technologies.com)"
78.47.15.198 - - [22/Oct/2014:13:21:10 +0200] "GET /jobs.php HTTP/1.1" 200 4965 "-" "Mozilla/5.0 (compatible; uMBot-IC/1.0; mailto: crawling@ubermetrics-technologies.com)"
66.249.78.190 - - [22/Oct/2014:13:28:28 +0200] "GET / HTTP/1.1" 200 4480 "-" "Mozilla/5.0 (compatible; Googlebot/2.1; +http://www.google.com/bot.html)"
208.115.111.75 - - [22/Oct/2014:13:35:57 +0200] "GET /news.php?cs_go=archiv&cs_id=5333&cs_search= HTTP/1.1" 200 5365 "-" "Mozilla/5.0 (compatible; DotBot/1.1; http://www.opensiteexplorer.org/dotbot, help@moz.com)"
178.63.80.14 - - [22/Oct/2014:13:49:24 +0200] "GET /jobs.php HTTP/1.1" 200 4965 "-" "Mozilla/5.0 (compatible; uMBot-IC/1.0; mailto: crawling@ubermetrics-technologies.com)"
66.249.78.190 - - [22/Oct/2014:13:55:28 +0200] "GET / HTTP/1.1" 200 4480 "-" "Mozilla/5.0 (compatible; Googlebot/2.1; +http://www.google.com/bot.html)"
66.249.78.183 - - [22/Oct/2014:14:28:28 +0200] "GET / HTTP/1.1" 200 4480 "-" "Mozilla/5.0 (compatible; Googlebot/2.1; +http://www.google.com/bot.html)"
85.13.131.53 - - [22/Oct/2014:14:29:48 +0200] "GET / HTTP/1.0" 200 4606 "-" "-"
85.13.131.53 - - [22/Oct/2014:14:32:57 +0200] "GET / HTTP/1.0" 200 8120 "-" "-"
157.55.39.206 - - [22/Oct/2014:14:44:06 +0200] "GET /kontakt.php HTTP/1.1" 200 4996 "-" "Mozilla/5.0 (compatible; bingbot/2.0; +http://www.bing.com/bingbot.htm)"
157.55.39.206 - - [22/Oct/2014:14:44:09 +0200] "GET /impressum.php HTTP/1.1" 200 6306 "-" "Mozilla/5.0 (compatible; bingbot/2.0; +http://www.bing.com/bingbot.htm)"
157.55.39.206 - - [22/Oct/2014:14:44:10 +0200] "GET /Heizoel-Berlin.html HTTP/1.1" 404 5342 "-" "Mozilla/5.0 (compatible; bingbot/2.0; +http://www.bing.com/bingbot.htm)"
207.46.13.79 - - [22/Oct/2014:14:44:42 +0200] "GET /robots.txt HTTP/1.1" 200 177 "-" "Mozilla/5.0 (compatible; bingbot/2.0; +http://www.bing.com/bingbot.htm)"
66.249.78.176 - - [22/Oct/2014:14:55:29 +0200] "GET /robots.txt HTTP/1.1" 200 177 "-" "Mozilla/5.0 (compatible; Googlebot/2.1; +http://www.google.com/bot.html)"
66.249.78.183 - - [22/Oct/2014:14:55:29 +0200] "GET / HTTP/1.1" 200 4480 "-" "Mozilla/5.0 (compatible; Googlebot/2.1; +http://www.google.com/bot.html)"
157.55.39.34 - - [22/Oct/2014:14:59:52 +0200] "GET /kwk.php HTTP/1.1" 200 5369 "-" "Mozilla/5.0 (compatible; bingbot/2.0; +http://www.bing.com/bingbot.htm)"
157.55.39.34 - - [22/Oct/2014:14:59:55 +0200] "GET /jobs.php HTTP/1.1" 200 4965 "-" "Mozilla/5.0 (compatible; bingbot/2.0; +http://www.bing.com/bingbot.htm)"
157.55.39.34 - - [22/Oct/2014:14:59:58 +0200] "GET /edl.php HTTP/1.1" 200 5406 "-" "Mozilla/5.0 (compatible; bingbot/2.0; +http://www.bing.com/bingbot.htm)"
157.55.39.34 - - [22/Oct/2014:15:03:14 +0200] "GET /Schmierstoffe.htm HTTP/1.1" 404 5342 "-" "Mozilla/5.0 (compatible; bingbot/2.0; +http://www.bing.com/bingbot.htm)"
157.55.39.34 - - [22/Oct/2014:15:03:14 +0200] "GET /Heizoel-Berlin.htm HTTP/1.1" 404 5342 "-" "Mozilla/5.0 (compatible; bingbot/2.0; +http://www.bing.com/bingbot.htm)"
66.249.78.183 - - [22/Oct/2014:15:01:29 +0200] "GET /news.php?cs_go=archiv&cs_id=5208 HTTP/1.1" 200 5365 "-" "Mozilla/5.0 (compatible; Googlebot/2.1; +http://www.google.com/bot.html)"
66.249.78.176 - - [22/Oct/2014:15:16:29 +0200] "GET /news.php?cs_go=archiv&cs_id=5208 HTTP/1.1" 200 5365 "-" "Mozilla/5.0 (compatible; Googlebot/2.1; +http://www.google.com/bot.html)"
66.249.78.183 - - [22/Oct/2014:15:28:28 +0200] "GET /news.php?cs_go=archiv&cs_id=5208 HTTP/1.1" 200 5365 "-" "Mozilla/5.0 (compatible; Googlebot/2.1; +http://www.google.com/bot.html)"
217.69.133.220 - - [22/Oct/2014:15:38:48 +0200] "GET /robots.txt HTTP/1.1" 200 177 "-" "Mozilla/5.0 (compatible; Linux x86_64; Mail.RU_Bot/2.0; +http://go.mail.ru/help/robots)"
217.69.133.68 - - [22/Oct/2014:15:38:49 +0200] "GET /standard.php HTTP/1.1" 200 5259 "-" "Mozilla/5.0 (compatible; Linux x86_64; Mail.RU_Bot/2.0; +http://go.mail.ru/help/robots)"
207.46.13.79 - - [22/Oct/2014:16:33:48 +0200] "GET /Heizoel.htm HTTP/1.1" 404 5342 "-" "Mozilla/5.0 (compatible; bingbot/2.0; +http://www.bing.com/bingbot.htm)"
174.129.237.157 - - [22/Oct/2014:16:44:22 +0200] "GET /robots.txt HTTP/1.0" 200 177 "-" "ia_archiver (+http://www.alexa.com/site/help/webmasters; crawler@alexa.com)"
174.129.237.157 - - [22/Oct/2014:16:44:22 +0200] "GET / HTTP/1.0" 200 8120 "-" "ia_archiver (+http://www.alexa.com/site/help/webmasters; crawler@alexa.com)"
46.114.61.81 - - [22/Oct/2014:17:09:49 +0200] "GET /modul.css HTTP/1.1" 200 35038 "http://www.mink-gmbh.de/kontakt.php" "Mozilla/5.0 (BB10; Touch) AppleWebKit/537.35+ (KHTML, like Gecko) Version/10.2.1.3247 Mobile Safari/537.35+"
46.114.61.81 - - [22/Oct/2014:17:09:49 +0200] "GET /style.css HTTP/1.1" 200 8402 "http://www.mink-gmbh.de/kontakt.php" "Mozilla/5.0 (BB10; Touch) AppleWebKit/537.35+ (KHTML, like Gecko) Version/10.2.1.3247 Mobile Safari/537.35+"
46.114.61.81 - - [22/Oct/2014:17:09:49 +0200] "GET /kontakt.php HTTP/1.1" 200 4996 "http://www.google.de/search?q=mink+heiz%C3%B6l+berlin&oq=mink+berlin&gs_l=mobile-heirloom-serp.1.0.0i7i30l4j0.6941187.6946326.0.6948256.16.13.0.0.0.0.1187.9317.0j3j1j5-2j2j5.13.0....0...1c.1.34.mobile-heirloom-serp..11.5.1272.m2bJ-S130M8" "Mozilla/5.0 (BB10; Touch) AppleWebKit/537.35+ (KHTML, like Gecko) Version/10.2.1.3247 Mobile Safari/537.35+"
46.114.61.81 - - [22/Oct/2014:17:09:57 +0200] "GET /images/bg.png HTTP/1.1" 200 922 "http://www.mink-gmbh.de/kontakt.php" "Mozilla/5.0 (BB10; Touch) AppleWebKit/537.35+ (KHTML, like Gecko) Version/10.2.1.3247 Mobile Safari/537.35+"
46.114.61.81 - - [22/Oct/2014:17:09:57 +0200] "GET /images/header.jpg HTTP/1.1" 200 25189 "http://www.mink-gmbh.de/kontakt.php" "Mozilla/5.0 (BB10; Touch) AppleWebKit/537.35+ (KHTML, like Gecko) Version/10.2.1.3247 Mobile Safari/537.35+"
46.114.61.81 - - [22/Oct/2014:17:09:57 +0200] "GET /images/wrapperbg.jpg HTTP/1.1" 200 27465 "http://www.mink-gmbh.de/kontakt.php" "Mozilla/5.0 (BB10; Touch) AppleWebKit/537.35+ (KHTML, like Gecko) Version/10.2.1.3247 Mobile Safari/537.35+"
46.114.61.81 - - [22/Oct/2014:17:09:58 +0200] "GET /images/newsletter.png HTTP/1.1" 200 14619 "http://www.mink-gmbh.de/kontakt.php" "Mozilla/5.0 (BB10; Touch) AppleWebKit/537.35+ (KHTML, like Gecko) Version/10.2.1.3247 Mobile Safari/537.35+"
46.114.61.81 - - [22/Oct/2014:17:09:58 +0200] "GET /images/footerbg.jpg HTTP/1.1" 200 2184 "http://www.mink-gmbh.de/kontakt.php" "Mozilla/5.0 (BB10; Touch) AppleWebKit/537.35+ (KHTML, like Gecko) Version/10.2.1.3247 Mobile Safari/537.35+"
46.114.61.81 - - [22/Oct/2014:17:09:58 +0200] "GET /images/logos.jpg HTTP/1.1" 200 35043 "http://www.mink-gmbh.de/kontakt.php" "Mozilla/5.0 (BB10; Touch) AppleWebKit/537.35+ (KHTML, like Gecko) Version/10.2.1.3247 Mobile Safari/537.35+"
46.114.61.81 - - [22/Oct/2014:17:09:58 +0200] "GET /images/wunschpreis.jpg HTTP/1.1" 200 16767 "http://www.mink-gmbh.de/kontakt.php" "Mozilla/5.0 (BB10; Touch) AppleWebKit/537.35+ (KHTML, like Gecko) Version/10.2.1.3247 Mobile Safari/537.35+"
46.114.61.81 - - [22/Oct/2014:17:09:58 +0200] "GET /images/freecall.jpg HTTP/1.1" 200 39195 "http://www.mink-gmbh.de/kontakt.php" "Mozilla/5.0 (BB10; Touch) AppleWebKit/537.35+ (KHTML, like Gecko) Version/10.2.1.3247 Mobile Safari/537.35+"
46.114.61.81 - - [22/Oct/2014:17:09:58 +0200] "GET /images/kwk.gif HTTP/1.1" 200 6403 "http://www.mink-gmbh.de/kontakt.php" "Mozilla/5.0 (BB10; Touch) AppleWebKit/537.35+ (KHTML, like Gecko) Version/10.2.1.3247 Mobile Safari/537.35+"
46.114.61.81 - - [22/Oct/2014:17:09:58 +0200] "GET /images/navibg.png HTTP/1.1" 200 2803 "http://www.mink-gmbh.de/kontakt.php" "Mozilla/5.0 (BB10; Touch) AppleWebKit/537.35+ (KHTML, like Gecko) Version/10.2.1.3247 Mobile Safari/537.35+"
46.114.61.81 - - [22/Oct/2014:17:10:28 +0200] "GET /favicon.ico HTTP/1.1" 200 3638 "http://www.mink-gmbh.de/kontakt.php" "Mozilla/5.0 (BB10; Touch) AppleWebKit/537.35+ (KHTML, like Gecko) Version/10.2.1.3247 Mobile Safari/537.35+"
46.114.61.81 - - [22/Oct/2014:17:10:37 +0200] "GET /rueckrufservice.php HTTP/1.1" 200 5378 "http://www.mink-gmbh.de/kontakt.php" "Mozilla/5.0 (BB10; Touch) AppleWebKit/537.35+ (KHTML, like Gecko) Version/10.2.1.3247 Mobile Safari/537.35+"
101.226.168.230 - - [22/Oct/2014:17:47:29 +0200] "GET /robots.txt HTTP/1.1" 200 177 "http://www.mink-gmbh.de/robots.txt" "Mozilla/5.0 (Windows NT 6.1) AppleWebKit/537.1 (KHTML, like Gecko) Chrome/21.0.1180.89 Safari/537.1; 360Spider"
157.55.39.250 - - [22/Oct/2014:18:10:23 +0200] "GET /optiplus.php HTTP/1.1" 404 5342 "-" "Mozilla/5.0 (compatible; bingbot/2.0; +http://www.bing.com/bingbot.htm)"
78.47.15.198 - - [22/Oct/2014:19:21:22 +0200] "GET /robots.txt HTTP/1.1" 200 177 "-" "Mozilla/5.0 (compatible; uMBot-IC/1.0; mailto: crawling@ubermetrics-technologies.com)"
78.47.15.198 - - [22/Oct/2014:19:21:22 +0200] "GET /jobs.php HTTP/1.1" 200 4965 "-" "Mozilla/5.0 (compatible; uMBot-IC/1.0; mailto: crawling@ubermetrics-technologies.com)"
178.63.80.14 - - [22/Oct/2014:19:49:37 +0200] "GET /robots.txt HTTP/1.1" 200 177 "-" "Mozilla/5.0 (compatible; uMBot-IC/1.0; mailto: crawling@ubermetrics-technologies.com)"
178.63.80.14 - - [22/Oct/2014:19:49:37 +0200] "GET /jobs.php HTTP/1.1" 200 4965 "-" "Mozilla/5.0 (compatible; uMBot-IC/1.0; mailto: crawling@ubermetrics-technologies.com)"
82.94.179.38 - - [22/Oct/2014:20:23:02 +0200] "GET /robots.txt HTTP/1.0" 200 177 "-" "Mozilla/4.0 (compatible; Freshbot/1.0/EU; http://webagent.wise-guys.nl/)"
82.94.179.38 - - [22/Oct/2014:20:23:02 +0200] "GET / HTTP/1.1" 200 4480 "-" "Mozilla/5.0 (X11; Linux i686; rv:6.0) Gecko/20100101 Firefox/6.0 (Freshbot/1.0/EU; http://webagent.wise-guys.nl/)"
158.85.89.4 - - [22/Oct/2014:22:15:42 +0200] "GET /robots.txt HTTP/1.1" 200 177 "-" "Mozilla/5.0 (compatible; SiteExplorer/1.0b; +http://siteexplorer.info/)"
69.58.178.58 - - [22/Oct/2014:22:22:11 +0200] "GET /robots.txt HTTP/1.1" 200 177 "-" "Mozilla/5.0 (X11; Ubuntu; Linux i686; rv:14.0; ips-agent) Gecko/20100101 Firefox/14.0.1"
69.58.178.58 - - [22/Oct/2014:22:22:12 +0200] "GET / HTTP/1.1" 200 8120 "-" "Mozilla/5.0 (X11; Ubuntu; Linux i686; rv:14.0; ips-agent) Gecko/20100101 Firefox/14.0.1"
157.55.39.34 - - [22/Oct/2014:23:06:22 +0200] "GET /robots.txt HTTP/1.1" 200 177 "-" "Mozilla/5.0 (compatible; bingbot/2.0; +http://www.bing.com/bingbot.htm)"
66.249.78.190 - - [22/Oct/2014:23:11:51 +0200] "GET /news.php?cs_go=archiv&cs_startpos=80 HTTP/1.1" 200 5365 "-" "Mozilla/5.0 (iPhone; CPU iPhone OS 6_0 like Mac OS X) AppleWebKit/536.26 (KHTML, like Gecko) Version/6.0 Mobile/10A5376e Safari/8536.25 (compatible; Googlebot/2.1; +http://www.google.com/bot.html)"
66.249.78.190 - - [22/Oct/2014:23:23:51 +0200] "GET /news.php?cs_go=archiv&cs_startpos=80 HTTP/1.1" 200 5365 "-" "Mozilla/5.0 (iPhone; CPU iPhone OS 6_0 like Mac OS X) AppleWebKit/536.26 (KHTML, like Gecko) Version/6.0 Mobile/10A5376e Safari/8536.25 (compatible; Googlebot/2.1; +http://www.google.com/bot.html)"
66.249.78.190 - - [22/Oct/2014:23:35:51 +0200] "GET /news.php?cs_go=archiv&cs_startpos=80 HTTP/1.1" 200 5365 "-" "Mozilla/5.0 (iPhone; CPU iPhone OS 6_0 like Mac OS X) AppleWebKit/536.26 (KHTML, like Gecko) Version/6.0 Mobile/10A5376e Safari/8536.25 (compatible; Googlebot/2.1; +http://www.google.com/bot.html)"
208.115.111.75 - - [22/Oct/2014:23:57:01 +0200] "GET /robots.txt HTTP/1.1" 200 177 "-" "Mozilla/5.0 (compatible; DotBot/1.1; http://www.opensiteexplorer.org/dotbot, help@moz.com)"
65.36.241.79 - - [23/Oct/2014:00:12:32 +0200] "HEAD / HTTP/1.1" 200 - "-" "InternetSeer.com"
66.249.78.176 - - [23/Oct/2014:00:57:51 +0200] "GET / HTTP/1.1" 200 4480 "-" "Mozilla/5.0 (compatible; Googlebot/2.1; +http://www.google.com/bot.html)"
78.47.15.198 - - [23/Oct/2014:01:21:36 +0200] "GET /robots.txt HTTP/1.1" 200 177 "-" "Mozilla/5.0 (compatible; uMBot-IC/1.0; mailto: crawling@ubermetrics-technologies.com)"
78.47.15.198 - - [23/Oct/2014:01:21:36 +0200] "GET /jobs.php HTTP/1.1" 200 4965 "-" "Mozilla/5.0 (compatible; uMBot-IC/1.0; mailto: crawling@ubermetrics-technologies.com)"
66.249.78.190 - - [23/Oct/2014:01:30:51 +0200] "GET / HTTP/1.1" 200 2775 "-" "Mozilla/5.0 (compatible; Googlebot/2.1; +http://www.google.com/bot.html)"
208.115.111.75 - - [23/Oct/2014:01:46:00 +0200] "GET /news.php?cs_go=archiv&cs_id=5318 HTTP/1.1" 200 5365 "-" "Mozilla/5.0 (compatible; DotBot/1.1; http://www.opensiteexplorer.org/dotbot, help@moz.com)"
178.63.80.14 - - [23/Oct/2014:01:49:50 +0200] "GET /robots.txt HTTP/1.1" 200 177 "-" "Mozilla/5.0 (compatible; uMBot-IC/1.0; mailto: crawling@ubermetrics-technologies.com)"
178.63.80.14 - - [23/Oct/2014:01:49:50 +0200] "GET /jobs.php HTTP/1.1" 200 4965 "-" "Mozilla/5.0 (compatible; uMBot-IC/1.0; mailto: crawling@ubermetrics-technologies.com)"
66.249.78.183 - - [23/Oct/2014:01:51:52 +0200] "GET /news.php?cs_go=archiv&cs_id=4835&cs_search= HTTP/1.1" 200 5365 "-" "Mozilla/5.0 (iPhone; CPU iPhone OS 6_0 like Mac OS X) AppleWebKit/536.26 (KHTML, like Gecko) Version/6.0 Mobile/10A5376e Safari/8536.25 (compatible; Googlebot/2.1; +http://www.google.com/bot.html)"
66.249.78.176 - - [23/Oct/2014:01:57:53 +0200] "GET /news.php?cs_go=archiv&cs_startpos=90 HTTP/1.1" 200 5365 "-" "Mozilla/5.0 (iPhone; CPU iPhone OS 6_0 like Mac OS X) AppleWebKit/536.26 (KHTML, like Gecko) Version/6.0 Mobile/10A5376e Safari/8536.25 (compatible; Googlebot/2.1; +http://www.google.com/bot.html)"
208.115.113.91 - - [23/Oct/2014:02:03:16 +0200] "GET /robots.txt HTTP/1.1" 200 177 "-" "Mozilla/5.0 (compatible; DotBot/1.1; http://www.opensiteexplorer.org/dotbot, help@moz.com)"
66.249.78.176 - - [23/Oct/2014:02:06:54 +0200] "GET / HTTP/1.1" 200 4480 "-" "Mozilla/5.0 (compatible; Googlebot/2.1; +http://www.google.com/bot.html)"
66.249.64.108 - - [23/Oct/2014:02:09:54 +0200] "GET /news.php?cs_go=archiv&cs_id=4835&cs_search= HTTP/1.1" 200 5365 "-" "Mozilla/5.0 (iPhone; CPU iPhone OS 6_0 like Mac OS X) AppleWebKit/536.26 (KHTML, like Gecko) Version/6.0 Mobile/10A5376e Safari/8536.25 (compatible; Googlebot/2.1; +http://www.google.com/bot.html)"
66.249.78.190 - - [23/Oct/2014:02:15:54 +0200] "GET /news.php?cs_go=archiv&cs_startpos=90 HTTP/1.1" 200 5365 "-" "Mozilla/5.0 (iPhone; CPU iPhone OS 6_0 like Mac OS X) AppleWebKit/536.26 (KHTML, like Gecko) Version/6.0 Mobile/10A5376e Safari/8536.25 (compatible; Googlebot/2.1; +http://www.google.com/bot.html)"
66.249.78.183 - - [23/Oct/2014:02:21:54 +0200] "GET /news.php?cs_go=archiv&cs_id=4835&cs_search= HTTP/1.1" 200 5365 "-" "Mozilla/5.0 (iPhone; CPU iPhone OS 6_0 like Mac OS X) AppleWebKit/536.26 (KHTML, like Gecko) Version/6.0 Mobile/10A5376e Safari/8536.25 (compatible; Googlebot/2.1; +http://www.google.com/bot.html)"
85.13.131.53 - - [23/Oct/2014:02:40:17 +0200] "GET / HTTP/1.0" 200 4606 "-" "-"
66.249.64.108 - - [23/Oct/2014:02:46:20 +0200] "GET /news.php?cs_go=archiv&cs_startpos=90 HTTP/1.1" 200 5365 "-" "Mozilla/5.0 (iPhone; CPU iPhone OS 6_0 like Mac OS X) AppleWebKit/536.26 (KHTML, like Gecko) Version/6.0 Mobile/10A5376e Safari/8536.25 (compatible; Googlebot/2.1; +http://www.google.com/bot.html)"
85.13.131.53 - - [23/Oct/2014:02:43:26 +0200] "GET / HTTP/1.0" 200 8120 "-" "-"
85.13.131.53 - - [23/Oct/2014:02:47:25 +0200] "GET / HTTP/1.0" 200 4606 "-" "-"
85.13.131.53 - - [23/Oct/2014:02:50:34 +0200] "GET / HTTP/1.0" 200 8120 "-" "-"
85.13.131.53 - - [23/Oct/2014:02:54:19 +0200] "GET / HTTP/1.0" 200 4606 "-" "-"
85.13.131.53 - - [23/Oct/2014:02:57:28 +0200] "GET / HTTP/1.0" 200 8120 "-" "-"
208.115.113.91 - - [23/Oct/2014:03:57:24 +0200] "GET /lexikon.php?cs_go=2&cs_char=y HTTP/1.1" 200 5379 "-" "Mozilla/5.0 (compatible; DotBot/1.1; http://www.opensiteexplorer.org/dotbot, help@moz.com)"
208.115.113.91 - - [23/Oct/2014:03:58:39 +0200] "GET /news.php?cs_go=archiv&cs_startpos=90 HTTP/1.1" 200 5365 "-" "Mozilla/5.0 (compatible; DotBot/1.1; http://www.opensiteexplorer.org/dotbot, help@moz.com)"
66.249.78.176 - - [23/Oct/2014:04:04:10 +0200] "GET /news.php?cs_go=archiv&cs_id=4406 HTTP/1.1" 200 5365 "-" "Mozilla/5.0 (iPhone; CPU iPhone OS 6_0 like Mac OS X) AppleWebKit/536.26 (KHTML, like Gecko) Version/6.0 Mobile/10A5376e Safari/8536.25 (compatible; Googlebot/2.1; +http://www.google.com/bot.html)"
192.99.149.88 - - [23/Oct/2014:04:07:03 +0200] "GET / HTTP/1.1" 200 4480 "-" "Mozilla/5.0 (Windows NT 6.1; WOW64; Trident/7.0; rv:11.0) like Gecko"
66.249.78.190 - - [23/Oct/2014:04:13:12 +0200] "GET /news.php?cs_go=archiv&cs_id=4406 HTTP/1.1" 200 5365 "-" "Mozilla/5.0 (iPhone; CPU iPhone OS 6_0 like Mac OS X) AppleWebKit/536.26 (KHTML, like Gecko) Version/6.0 Mobile/10A5376e Safari/8536.25 (compatible; Googlebot/2.1; +http://www.google.com/bot.html)"
157.55.39.206 - - [23/Oct/2014:04:25:29 +0200] "GET /faq.php HTTP/1.1" 200 5392 "-" "Mozilla/5.0 (compatible; bingbot/2.0; +http://www.bing.com/bingbot.htm)"
66.249.78.190 - - [23/Oct/2014:04:25:35 +0200] "GET /news.php?cs_go=archiv&cs_id=4406 HTTP/1.1" 200 5365 "-" "Mozilla/5.0 (iPhone; CPU iPhone OS 6_0 like Mac OS X) AppleWebKit/536.26 (KHTML, like Gecko) Version/6.0 Mobile/10A5376e Safari/8536.25 (compatible; Googlebot/2.1; +http://www.google.com/bot.html)"
157.55.39.206 - - [23/Oct/2014:04:28:52 +0200] "GET / HTTP/1.1" 200 2371 "-" "Mozilla/5.0 (compatible; bingbot/2.0; +http://www.bing.com/bingbot.htm)"
66.249.78.176 - - [23/Oct/2014:04:53:04 +0200] "GET /news.php?cs_go=archiv&cs_id=4780&cs_search= HTTP/1.1" 200 5365 "-" "Mozilla/5.0 (iPhone; CPU iPhone OS 6_0 like Mac OS X) AppleWebKit/536.26 (KHTML, like Gecko) Version/6.0 Mobile/10A5376e Safari/8536.25 (compatible; Googlebot/2.1; +http://www.google.com/bot.html)"
66.249.78.190 - - [23/Oct/2014:05:02:05 +0200] "GET /news.php?cs_go=archiv&cs_id=4780&cs_search= HTTP/1.1" 200 5365 "-" "Mozilla/5.0 (iPhone; CPU iPhone OS 6_0 like Mac OS X) AppleWebKit/536.26 (KHTML, like Gecko) Version/6.0 Mobile/10A5376e Safari/8536.25 (compatible; Googlebot/2.1; +http://www.google.com/bot.html)"
66.249.78.176 - - [23/Oct/2014:05:08:33 +0200] "GET /news.php?cs_go=archiv&cs_id=4780&cs_search= HTTP/1.1" 200 5365 "-" "Mozilla/5.0 (iPhone; CPU iPhone OS 6_0 like Mac OS X) AppleWebKit/536.26 (KHTML, like Gecko) Version/6.0 Mobile/10A5376e Safari/8536.25 (compatible; Googlebot/2.1; +http://www.google.com/bot.html)"
66.249.78.190 - - [23/Oct/2014:05:18:01 +0200] "GET /style.css HTTP/1.1" 200 8402 "-" "Mozilla/5.0 (compatible; Googlebot/2.1; +http://www.google.com/bot.html)"
66.249.78.190 - - [23/Oct/2014:05:21:02 +0200] "GET /modul.css HTTP/1.1" 200 35038 "-" "Mozilla/5.0 (compatible; Googlebot/2.1; +http://www.google.com/bot.html)"
208.115.113.91 - - [23/Oct/2014:06:04:06 +0200] "GET /robots.txt HTTP/1.1" 200 177 "-" "Mozilla/5.0 (compatible; DotBot/1.1; http://www.opensiteexplorer.org/dotbot, help@moz.com)"
66.249.64.104 - - [23/Oct/2014:06:25:57 +0200] "GET /news.php?cs_go=archiv&cs_id=4780&cs_search= HTTP/1.1" 200 5365 "-" "Mozilla/5.0 (iPhone; CPU iPhone OS 6_0 like Mac OS X) AppleWebKit/536.26 (KHTML, like Gecko) Version/6.0 Mobile/10A5376e Safari/8536.25 (compatible; Googlebot/2.1; +http://www.google.com/bot.html)"
82.165.172.75 - - [23/Oct/2014:06:22:07 +0200] "GET / HTTP/1.1" 200 8120 "http://www.stadtsurfer.de" "16"
82.165.172.75 - - [23/Oct/2014:06:22:27 +0200] "GET / HTTP/1.1" 200 8120 "-" "Mozilla/5.0 (Windows; U; Windows NT 5.1; de; rv:1.9.1.5) Gecko/20091102 Firefox/3.5.5 (.NET CLR 3.5.30729)"
66.249.78.190 - - [23/Oct/2014:06:35:11 +0200] "GET /news.php?cs_go=archiv&cs_id=4780&cs_search= HTTP/1.1" 200 5365 "-" "Mozilla/5.0 (iPhone; CPU iPhone OS 6_0 like Mac OS X) AppleWebKit/536.26 (KHTML, like Gecko) Version/6.0 Mobile/10A5376e Safari/8536.25 (compatible; Googlebot/2.1; +http://www.google.com/bot.html)"
66.249.78.176 - - [23/Oct/2014:06:54:22 +0200] "GET /news.php?cs_go=archiv&cs_id=4780&cs_search= HTTP/1.1" 200 5365 "-" "Mozilla/5.0 (iPhone; CPU iPhone OS 6_0 like Mac OS X) AppleWebKit/536.26 (KHTML, like Gecko) Version/6.0 Mobile/10A5376e Safari/8536.25 (compatible; Googlebot/2.1; +http://www.google.com/bot.html)"
66.249.78.176 - - [23/Oct/2014:07:02:56 +0200] "GET /news.php?cs_go=archiv&cs_startpos=100 HTTP/1.1" 200 5365 "-" "Mozilla/5.0 (iPhone; CPU iPhone OS 6_0 like Mac OS X) AppleWebKit/536.26 (KHTML, like Gecko) Version/6.0 Mobile/10A5376e Safari/8536.25 (compatible; Googlebot/2.1; +http://www.google.com/bot.html)"
78.47.15.198 - - [23/Oct/2014:07:21:47 +0200] "GET /robots.txt HTTP/1.1" 200 177 "-" "Mozilla/5.0 (compatible; uMBot-IC/1.0; mailto: crawling@ubermetrics-technologies.com)"
78.47.15.198 - - [23/Oct/2014:07:21:47 +0200] "GET /jobs.php HTTP/1.1" 200 4965 "-" "Mozilla/5.0 (compatible; uMBot-IC/1.0; mailto: crawling@ubermetrics-technologies.com)"
66.249.78.176 - - [23/Oct/2014:07:35:56 +0200] "GET /news.php?cs_go=archiv&cs_startpos=100 HTTP/1.1" 200 5365 "-" "Mozilla/5.0 (iPhone; CPU iPhone OS 6_0 like Mac OS X) AppleWebKit/536.26 (KHTML, like Gecko) Version/6.0 Mobile/10A5376e Safari/8536.25 (compatible; Googlebot/2.1; +http://www.google.com/bot.html)"
178.63.80.14 - - [23/Oct/2014:07:50:03 +0200] "GET /robots.txt HTTP/1.1" 200 177 "-" "Mozilla/5.0 (compatible; uMBot-IC/1.0; mailto: crawling@ubermetrics-technologies.com)"
178.63.80.14 - - [23/Oct/2014:07:50:03 +0200] "GET /jobs.php HTTP/1.1" 200 4965 "-" "Mozilla/5.0 (compatible; uMBot-IC/1.0; mailto: crawling@ubermetrics-technologies.com)"
66.249.78.176 - - [23/Oct/2014:07:47:55 +0200] "GET /news.php?cs_go=archiv&cs_startpos=100 HTTP/1.1" 200 5365 "-" "Mozilla/5.0 (iPhone; CPU iPhone OS 6_0 like Mac OS X) AppleWebKit/536.26 (KHTML, like Gecko) Version/6.0 Mobile/10A5376e Safari/8536.25 (compatible; Googlebot/2.1; +http://www.google.com/bot.html)"
208.115.113.91 - - [23/Oct/2014:08:02:37 +0200] "GET /lexikon.php?cs_go=2&cs_char=w HTTP/1.1" 200 5379 "-" "Mozilla/5.0 (compatible; DotBot/1.1; http://www.opensiteexplorer.org/dotbot, help@moz.com)"
208.115.113.91 - - [23/Oct/2014:08:02:50 +0200] "GET /news.php?cs_go=archiv&cs_id=5266&cs_search= HTTP/1.1" 200 5365 "-" "Mozilla/5.0 (compatible; DotBot/1.1; http://www.opensiteexplorer.org/dotbot, help@moz.com)"
66.249.78.176 - - [23/Oct/2014:08:05:56 +0200] "GET /news.php?cs_go=archiv&cs_id=4897 HTTP/1.1" 200 5365 "-" "Mozilla/5.0 (iPhone; CPU iPhone OS 6_0 like Mac OS X) AppleWebKit/536.26 (KHTML, like Gecko) Version/6.0 Mobile/10A5376e Safari/8536.25 (compatible; Googlebot/2.1; +http://www.google.com/bot.html)"
66.249.78.183 - - [23/Oct/2014:08:20:55 +0200] "GET /news.php?cs_go=archiv&cs_id=4897 HTTP/1.1" 200 5365 "-" "Mozilla/5.0 (iPhone; CPU iPhone OS 6_0 like Mac OS X) AppleWebKit/536.26 (KHTML, like Gecko) Version/6.0 Mobile/10A5376e Safari/8536.25 (compatible; Googlebot/2.1; +http://www.google.com/bot.html)"
66.249.78.176 - - [23/Oct/2014:08:32:56 +0200] "GET /news.php?cs_go=archiv&cs_id=4897 HTTP/1.1" 200 5365 "-" "Mozilla/5.0 (iPhone; CPU iPhone OS 6_0 like Mac OS X) AppleWebKit/536.26 (KHTML, like Gecko) Version/6.0 Mobile/10A5376e Safari/8536.25 (compatible; Googlebot/2.1; +http://www.google.com/bot.html)"
208.115.113.91 - - [23/Oct/2014:10:04:07 +0200] "GET /robots.txt HTTP/1.1" 200 177 "-" "Mozilla/5.0 (compatible; DotBot/1.1; http://www.opensiteexplorer.org/dotbot, help@moz.com)"
66.249.78.190 - - [23/Oct/2014:10:03:54 +0200] "GET /news.php?cs_go=archiv&cs_id=4835&cs_search= HTTP/1.1" 200 5365 "-" "Mozilla/5.0 (iPhone; CPU iPhone OS 6_0 like Mac OS X) AppleWebKit/536.26 (KHTML, like Gecko) Version/6.0 Mobile/10A5376e Safari/8536.25 (compatible; Googlebot/2.1; +http://www.google.com/bot.html)"
66.249.78.183 - - [23/Oct/2014:10:19:15 +0200] "GET /news.php?cs_go=archiv&cs_id=4835&cs_search= HTTP/1.1" 200 5365 "-" "Mozilla/5.0 (iPhone; CPU iPhone OS 6_0 like Mac OS X) AppleWebKit/536.26 (KHTML, like Gecko) Version/6.0 Mobile/10A5376e Safari/8536.25 (compatible; Googlebot/2.1; +http://www.google.com/bot.html)"
66.249.78.190 - - [23/Oct/2014:10:40:15 +0200] "GET /news.php?cs_go=archiv&cs_id=4835&cs_search= HTTP/1.1" 200 5365 "-" "Mozilla/5.0 (iPhone; CPU iPhone OS 6_0 like Mac OS X) AppleWebKit/536.26 (KHTML, like Gecko) Version/6.0 Mobile/10A5376e Safari/8536.25 (compatible; Googlebot/2.1; +http://www.google.com/bot.html)"
66.249.78.176 - - [23/Oct/2014:10:50:16 +0200] "GET /index.php HTTP/1.1" 200 4480 "-" "Mozilla/5.0 (compatible; Googlebot/2.1; +http://www.google.com/bot.html)"
66.249.78.183 - - [23/Oct/2014:11:02:16 +0200] "GET /index.php HTTP/1.1" 200 4480 "-" "Mozilla/5.0 (compatible; Googlebot/2.1; +http://www.google.com/bot.html)"
66.249.78.176 - - [23/Oct/2014:11:14:17 +0200] "GET /index.php HTTP/1.1" 200 4480 "-" "Mozilla/5.0 (compatible; Googlebot/2.1; +http://www.google.com/bot.html)"
66.249.78.190 - - [23/Oct/2014:11:44:17 +0200] "GET /index.php HTTP/1.1" 200 4480 "-" "Mozilla/5.0 (compatible; Googlebot/2.1; +http://www.google.com/bot.html)"
208.115.113.91 - - [23/Oct/2014:11:59:23 +0200] "GET /lexikon.php?cs_go=2&cs_char=u HTTP/1.1" 200 5379 "-" "Mozilla/5.0 (compatible; DotBot/1.1; http://www.opensiteexplorer.org/dotbot, help@moz.com)"
66.249.78.183 - - [23/Oct/2014:12:05:18 +0200] "GET /news.php?cs_go=archiv&cs_id=2851&cs_search= HTTP/1.1" 200 5365 "-" "Mozilla/5.0 (compatible; Googlebot/2.1; +http://www.google.com/bot.html)"
66.249.78.190 - - [23/Oct/2014:12:08:39 +0200] "GET /index.php HTTP/1.1" 200 4480 "-" "Mozilla/5.0 (compatible; Googlebot/2.1; +http://www.google.com/bot.html)"
66.249.64.112 - - [23/Oct/2014:12:14:40 +0200] "GET /news.php?cs_go=archiv&cs_id=2851&cs_search= HTTP/1.1" 200 5365 "-" "Mozilla/5.0 (compatible; Googlebot/2.1; +http://www.google.com/bot.html)"
66.249.78.190 - - [23/Oct/2014:12:20:40 +0200] "GET /index.php HTTP/1.1" 200 4480 "-" "Mozilla/5.0 (compatible; Googlebot/2.1; +http://www.google.com/bot.html)"
66.249.78.183 - - [23/Oct/2014:12:26:40 +0200] "GET /news.php?cs_go=archiv&cs_id=2851&cs_search= HTTP/1.1" 200 5365 "-" "Mozilla/5.0 (compatible; Googlebot/2.1; +http://www.google.com/bot.html)"
66.249.78.183 - - [23/Oct/2014:13:18:46 +0200] "GET /kwk.php HTTP/1.1" 200 5369 "-" "Mozilla/5.0 (compatible; Googlebot/2.1; +http://www.google.com/bot.html)"
78.47.15.198 - - [23/Oct/2014:13:22:01 +0200] "GET /robots.txt HTTP/1.1" 200 177 "-" "Mozilla/5.0 (compatible; uMBot-IC/1.0; mailto: crawling@ubermetrics-technologies.com)"
78.47.15.198 - - [23/Oct/2014:13:22:01 +0200] "GET /jobs.php HTTP/1.1" 200 4965 "-" "Mozilla/5.0 (compatible; uMBot-IC/1.0; mailto: crawling@ubermetrics-technologies.com)"
66.249.78.183 - - [23/Oct/2014:13:25:47 +0200] "GET /news.php?cs_go=archiv&cs_id=4645 HTTP/1.1" 200 5365 "-" "Mozilla/5.0 (compatible; Googlebot/2.1; +http://www.google.com/bot.html)"
157.55.39.34 - - [23/Oct/2014:13:34:41 +0200] "GET /news.php?cs_go=archiv HTTP/1.1" 200 5365 "-" "Mozilla/5.0 (compatible; bingbot/2.0; +http://www.bing.com/bingbot.htm)"
66.249.78.176 - - [23/Oct/2014:13:37:47 +0200] "GET /news.php?cs_go=archiv&cs_id=4645 HTTP/1.1" 200 5365 "-" "Mozilla/5.0 (compatible; Googlebot/2.1; +http://www.google.com/bot.html)"
108.59.8.80 - - [23/Oct/2014:13:42:44 +0200] "GET /robots.txt HTTP/1.0" 200 177 "-" "Mozilla/5.0 (compatible; MJ12bot/v1.4.5; http://www.majestic12.co.uk/bot.php?+)"
108.59.8.80 - - [23/Oct/2014:13:42:46 +0200] "GET /news.php?cs_go=archiv&cs_id=2950 HTTP/1.0" 200 5365 "-" "Mozilla/5.0 (compatible; MJ12bot/v1.4.5; http://www.majestic12.co.uk/bot.php?+)"
108.59.8.80 - - [23/Oct/2014:13:43:28 +0200] "GET /news.php?cs_go=archiv&cs_id=3968 HTTP/1.0" 200 5365 "-" "Mozilla/5.0 (compatible; MJ12bot/v1.4.5; http://www.majestic12.co.uk/bot.php?+)"
178.63.80.14 - - [23/Oct/2014:13:50:18 +0200] "GET /robots.txt HTTP/1.1" 200 177 "-" "Mozilla/5.0 (compatible; uMBot-IC/1.0; mailto: crawling@ubermetrics-technologies.com)"
178.63.80.14 - - [23/Oct/2014:13:50:18 +0200] "GET /jobs.php HTTP/1.1" 200 4965 "-" "Mozilla/5.0 (compatible; uMBot-IC/1.0; mailto: crawling@ubermetrics-technologies.com)"
66.249.78.176 - - [23/Oct/2014:13:49:47 +0200] "GET /news.php?cs_go=archiv&cs_id=4645 HTTP/1.1" 200 5365 "-" "Mozilla/5.0 (compatible; Googlebot/2.1; +http://www.google.com/bot.html)"
208.115.113.91 - - [23/Oct/2014:14:00:33 +0200] "GET /robots.txt HTTP/1.1" 200 177 "-" "Mozilla/5.0 (compatible; DotBot/1.1; http://www.opensiteexplorer.org/dotbot, help@moz.com)"
66.249.78.190 - - [23/Oct/2014:15:11:53 +0200] "GET /robots.txt HTTP/1.1" 200 177 "-" "Mozilla/5.0 (compatible; Googlebot/2.1; +http://www.google.com/bot.html)"
66.249.78.183 - - [23/Oct/2014:15:11:54 +0200] "GET /news.php?cs_go=archiv&cs_id=4897 HTTP/1.1" 200 5365 "-" "Mozilla/5.0 (iPhone; CPU iPhone OS 6_0 like Mac OS X) AppleWebKit/536.26 (KHTML, like Gecko) Version/6.0 Mobile/10A5376e Safari/8536.25 (compatible; Googlebot/2.1; +http://www.google.com/bot.html)"
66.249.78.190 - - [23/Oct/2014:15:23:53 +0200] "GET /news.php?cs_go=archiv&cs_id=4897 HTTP/1.1" 200 5365 "-" "Mozilla/5.0 (iPhone; CPU iPhone OS 6_0 like Mac OS X) AppleWebKit/536.26 (KHTML, like Gecko) Version/6.0 Mobile/10A5376e Safari/8536.25 (compatible; Googlebot/2.1; +http://www.google.com/bot.html)"
68.180.228.151 - - [23/Oct/2014:15:27:30 +0200] "GET /robots.txt HTTP/1.1" 200 177 "-" "Mozilla/5.0 (compatible; Yahoo! Slurp; http://help.yahoo.com/help/us/ysearch/slurp)"
68.180.228.151 - - [23/Oct/2014:15:27:30 +0200] "GET / HTTP/1.1" 200 8120 "-" "Mozilla/5.0 (compatible; Yahoo! Slurp; http://help.yahoo.com/help/us/ysearch/slurp)"
208.115.113.91 - - [23/Oct/2014:15:53:32 +0200] "GET /lexikon.php?cs_go=2&cs_char=s HTTP/1.1" 200 5379 "-" "Mozilla/5.0 (compatible; DotBot/1.1; http://www.opensiteexplorer.org/dotbot, help@moz.com)"
66.249.78.183 - - [23/Oct/2014:15:52:15 +0200] "GET /news.php?cs_go=archiv&cs_id=4897 HTTP/1.1" 200 5365 "-" "Mozilla/5.0 (iPhone; CPU iPhone OS 6_0 like Mac OS X) AppleWebKit/536.26 (KHTML, like Gecko) Version/6.0 Mobile/10A5376e Safari/8536.25 (compatible; Googlebot/2.1; +http://www.google.com/bot.html)"
157.55.39.31 - - [23/Oct/2014:16:58:01 +0200] "GET /news.php?cs_go=archiv&cs_id=2790 HTTP/1.1" 200 5365 "-" "Mozilla/5.0 (compatible; bingbot/2.0; +http://www.bing.com/bingbot.htm)"
208.115.113.91 - - [23/Oct/2014:18:03:45 +0200] "GET /robots.txt HTTP/1.1" 200 177 "-" "Mozilla/5.0 (compatible; DotBot/1.1; http://www.opensiteexplorer.org/dotbot, help@moz.com)"
66.249.78.183 - - [23/Oct/2014:18:52:44 +0200] "GET /news.php?cs_go=archiv&cs_id=5208 HTTP/1.1" 200 5365 "-" "Mozilla/5.0 (compatible; Googlebot/2.1; +http://www.google.com/bot.html)"
66.249.78.183 - - [23/Oct/2014:19:13:45 +0200] "GET /news.php?cs_go=archiv&cs_id=5208 HTTP/1.1" 200 5365 "-" "Mozilla/5.0 (compatible; Googlebot/2.1; +http://www.google.com/bot.html)"
78.47.15.198 - - [23/Oct/2014:19:22:14 +0200] "GET /robots.txt HTTP/1.1" 200 177 "-" "Mozilla/5.0 (compatible; uMBot-IC/1.0; mailto: crawling@ubermetrics-technologies.com)"
78.47.15.198 - - [23/Oct/2014:19:22:14 +0200] "GET /jobs.php HTTP/1.1" 200 4965 "-" "Mozilla/5.0 (compatible; uMBot-IC/1.0; mailto: crawling@ubermetrics-technologies.com)"
208.115.113.91 - - [23/Oct/2014:19:31:37 +0200] "GET /kwk.php?cs_go=4 HTTP/1.1" 200 5369 "-" "Mozilla/5.0 (compatible; DotBot/1.1; http://www.opensiteexplorer.org/dotbot, help@moz.com)"
208.115.113.91 - - [23/Oct/2014:19:31:48 +0200] "GET /lexikon.php?cs_go=2&cs_char=q HTTP/1.1" 200 5379 "-" "Mozilla/5.0 (compatible; DotBot/1.1; http://www.opensiteexplorer.org/dotbot, help@moz.com)"
208.115.113.91 - - [23/Oct/2014:19:31:59 +0200] "GET /news.php?cs_go=archiv&cs_startpos=170 HTTP/1.1" 200 5365 "-" "Mozilla/5.0 (compatible; DotBot/1.1; http://www.opensiteexplorer.org/dotbot, help@moz.com)"
66.249.64.104 - - [23/Oct/2014:19:43:46 +0200] "GET /news.php?cs_go=archiv&cs_id=5208 HTTP/1.1" 200 5365 "-" "Mozilla/5.0 (compatible; Googlebot/2.1; +http://www.google.com/bot.html)"
178.63.80.14 - - [23/Oct/2014:19:50:32 +0200] "GET /robots.txt HTTP/1.1" 200 177 "-" "Mozilla/5.0 (compatible; uMBot-IC/1.0; mailto: crawling@ubermetrics-technologies.com)"
178.63.80.14 - - [23/Oct/2014:19:50:32 +0200] "GET /jobs.php HTTP/1.1" 200 4965 "-" "Mozilla/5.0 (compatible; uMBot-IC/1.0; mailto: crawling@ubermetrics-technologies.com)"
208.115.111.75 - - [23/Oct/2014:19:55:54 +0200] "GET /robots.txt HTTP/1.1" 200 177 "-" "Mozilla/5.0 (compatible; DotBot/1.1; http://www.opensiteexplorer.org/dotbot, help@moz.com)"
82.94.179.38 - - [23/Oct/2014:19:56:47 +0200] "GET /robots.txt HTTP/1.0" 200 177 "-" "Mozilla/4.0 (compatible; Freshbot/1.0/EU; http://webagent.wise-guys.nl/)"
82.94.179.38 - - [23/Oct/2014:19:56:47 +0200] "GET / HTTP/1.1" 200 4480 "-" "Mozilla/5.0 (X11; Linux i686; rv:6.0) Gecko/20100101 Firefox/6.0 (Freshbot/1.0/EU; http://webagent.wise-guys.nl/)"
148.251.124.42 - - [23/Oct/2014:20:09:57 +0200] "GET /news.php?cs_go=archiv&cs_id=4156&cs_search= HTTP/1.1" 200 5365 "-" "Mozilla/5.0 (Macintosh; Intel Mac OS X 10_5_8) AppleWebKit/534.50.2 (KHTML, like Gecko) Version/5.0.6 Safari/533.22.3"
66.249.78.190 - - [23/Oct/2014:20:54:21 +0200] "GET /index.php HTTP/1.1" 200 4480 "-" "Mozilla/5.0 (compatible; Googlebot/2.1; +http://www.google.com/bot.html)"
66.249.78.183 - - [23/Oct/2014:21:30:22 +0200] "GET /index.php HTTP/1.1" 200 4480 "-" "Mozilla/5.0 (compatible; Googlebot/2.1; +http://www.google.com/bot.html)"
178.255.215.80 - - [23/Oct/2014:21:36:43 +0200] "GET /robots.txt HTTP/1.1" 200 177 "-" "Mozilla/5.0 (compatible; Exabot/3.0 (BiggerBetter); +http://www.exabot.com/go/robot)"
178.255.215.80 - - [23/Oct/2014:21:36:43 +0200] "GET /lexikon.php?cs_go=2&cs_char=l HTTP/1.1" 200 5379 "-" "Mozilla/5.0 (compatible; Exabot/3.0 (BiggerBetter); +http://www.exabot.com/go/robot)"
208.115.111.75 - - [23/Oct/2014:21:39:47 +0200] "GET /lexikon.php HTTP/1.1" 200 5379 "-" "Mozilla/5.0 (compatible; DotBot/1.1; http://www.opensiteexplorer.org/dotbot, help@moz.com)"
65.36.241.79 - - [23/Oct/2014:21:42:52 +0200] "HEAD / HTTP/1.1" 200 - "-" "InternetSeer.com"
208.115.113.91 - - [23/Oct/2014:22:03:54 +0200] "GET /robots.txt HTTP/1.1" 200 177 "-" "Mozilla/5.0 (compatible; DotBot/1.1; http://www.opensiteexplorer.org/dotbot, help@moz.com)"
66.249.78.176 - - [23/Oct/2014:22:14:01 +0200] "GET /index.php HTTP/1.1" 200 4480 "-" "Mozilla/5.0 (compatible; Googlebot/2.1; +http://www.google.com/bot.html)"
207.46.13.83 - - [23/Oct/2014:22:25:50 +0200] "GET /robots.txt HTTP/1.1" 200 177 "-" "Mozilla/5.0 (compatible; bingbot/2.0; +http://www.bing.com/bingbot.htm)"
157.55.39.250 - - [23/Oct/2014:22:25:53 +0200] "GET /optiplus.php HTTP/1.1" 404 5342 "-" "Mozilla/5.0 (compatible; bingbot/2.0; +http://www.bing.com/bingbot.htm)"
157.55.39.32 - - [23/Oct/2014:22:26:03 +0200] "GET /Heizoel.htm HTTP/1.1" 404 5342 "-" "Mozilla/5.0 (compatible; bingbot/2.0; +http://www.bing.com/bingbot.htm)"
