5.9.88.82 - - [31/Oct/2014:07:48:49 +0100] "GET / HTTP/1.1" 200 8120 "-" "Mozilla/5.0 (Windows NT 6.1; WOW64) AppleWebKit/537.4 (KHTML, like Gecko) Chrome/22.0.1229.94 Safari/537.4"
5.9.88.82 - - [31/Oct/2014:07:49:56 +0100] "GET / HTTP/1.1" 200 8120 "-" "Mozilla/5.0 (X11; U; Linux x86_64; en-US; rv:1.9.1.16) Gecko"
216.107.155.114 - - [31/Oct/2014:09:38:49 +0100] "GET /robots.txt HTTP/1.0" 200 177 "-" "Mozilla/5.0 (compatible; MJ12bot/v1.4.5; http://www.majestic12.co.uk/bot.php?+)"
216.107.155.114 - - [31/Oct/2014:09:38:50 +0100] "GET / HTTP/1.0" 200 8120 "-" "Mozilla/5.0 (compatible; MJ12bot/v1.4.5; http://www.majestic12.co.uk/bot.php?+)"
68.180.228.151 - - [31/Oct/2014:09:56:59 +0100] "GET /robots.txt HTTP/1.1" 200 177 "-" "Mozilla/5.0 (compatible; Yahoo! Slurp; http://help.yahoo.com/help/us/ysearch/slurp)"
68.180.228.151 - - [31/Oct/2014:09:57:00 +0100] "GET / HTTP/1.1" 200 8120 "-" "Mozilla/5.0 (compatible; Yahoo! Slurp; http://help.yahoo.com/help/us/ysearch/slurp)"
208.115.111.75 - - [31/Oct/2014:10:50:53 +0100] "GET /robots.txt HTTP/1.1" 200 177 "-" "Mozilla/5.0 (compatible; DotBot/1.1; http://www.opensiteexplorer.org/dotbot, help@moz.com)"
78.46.94.23 - - [31/Oct/2014:11:43:55 +0100] "GET /robots.txt HTTP/1.0" 200 177 "-" "Mozilla/5.0 (compatible; MJ12bot/v1.4.5; http://www.majestic12.co.uk/bot.php?+)"
78.46.94.23 - - [31/Oct/2014:11:43:56 +0100] "GET /news.php?cs_go=archiv&cs_id=4930 HTTP/1.0" 200 5365 "-" "Mozilla/5.0 (compatible; MJ12bot/v1.4.5; http://www.majestic12.co.uk/bot.php?+)"
78.46.94.23 - - [31/Oct/2014:11:44:38 +0100] "GET /news.php?cs_go=archiv&cs_id=4931 HTTP/1.0" 200 5365 "-" "Mozilla/5.0 (compatible; MJ12bot/v1.4.5; http://www.majestic12.co.uk/bot.php?+)"
78.46.94.23 - - [31/Oct/2014:11:45:20 +0100] "GET /news.php?cs_go=archiv&cs_id=4933 HTTP/1.0" 200 5365 "-" "Mozilla/5.0 (compatible; MJ12bot/v1.4.5; http://www.majestic12.co.uk/bot.php?+)"
78.46.94.23 - - [31/Oct/2014:11:46:02 +0100] "GET /news.php?cs_go=archiv&cs_id=4934 HTTP/1.0" 200 5365 "-" "Mozilla/5.0 (compatible; MJ12bot/v1.4.5; http://www.majestic12.co.uk/bot.php?+)"
88.198.222.86 - - [31/Oct/2014:12:01:20 +0100] "GET / HTTP/1.0" 200 4606 "-" "-"
88.198.222.86 - - [31/Oct/2014:12:04:31 +0100] "GET / HTTP/1.0" 200 8120 "-" "-"
88.198.222.86 - - [31/Oct/2014:12:08:10 +0100] "GET / HTTP/1.0" 200 4606 "-" "-"
88.198.222.86 - - [31/Oct/2014:12:11:21 +0100] "GET / HTTP/1.0" 200 8120 "-" "-"
88.198.222.86 - - [31/Oct/2014:12:14:51 +0100] "GET / HTTP/1.0" 200 4606 "-" "-"
144.76.62.77 - - [31/Oct/2014:12:24:48 +0100] "GET /robots.txt HTTP/1.1" 200 177 "-" "Python-urllib/2.7"
144.76.62.77 - - [31/Oct/2014:12:25:57 +0100] "GET /robots.txt HTTP/1.1" 200 177 "-" "Python-urllib/2.6"
144.76.62.77 - - [31/Oct/2014:12:25:57 +0100] "GET /style.css HTTP/1.1" 200 8402 "http://www.mink-gmbh.de/" "Mozilla/5.0 (X11; U; Linux x86_64; en-US; rv:1.9.1.16) Gecko"
144.76.62.77 - - [31/Oct/2014:12:25:57 +0100] "GET /modul.css HTTP/1.1" 200 35038 "http://www.mink-gmbh.de/" "Mozilla/5.0 (X11; U; Linux x86_64; en-US; rv:1.9.1.16) Gecko"
78.47.15.198 - - [31/Oct/2014:12:26:55 +0100] "GET /robots.txt HTTP/1.1" 200 177 "-" "Mozilla/5.0 (compatible; uMBot-IC/1.0; mailto: crawling@ubermetrics-technologies.com)"
78.47.15.198 - - [31/Oct/2014:12:26:55 +0100] "GET /jobs.php HTTP/1.1" 200 4965 "-" "Mozilla/5.0 (compatible; uMBot-IC/1.0; mailto: crawling@ubermetrics-technologies.com)"
88.198.222.86 - - [31/Oct/2014:12:18:02 +0100] "GET / HTTP/1.0" 200 8120 "-" "-"
144.76.62.77 - - [31/Oct/2014:12:24:48 +0100] "GET / HTTP/1.1" 200 8120 "-" "Mozilla/5.0 (Windows NT 6.1; WOW64) AppleWebKit/537.4 (KHTML, like Gecko) Chrome/22.0.1229.94 Safari/537.4"
144.76.62.77 - - [31/Oct/2014:12:25:57 +0100] "GET / HTTP/1.1" 200 8120 "-" "Mozilla/5.0 (X11; U; Linux x86_64; en-US; rv:1.9.1.16) Gecko"
208.115.111.75 - - [31/Oct/2014:12:34:21 +0100] "GET /news.php?cs_go=archiv&cs_startpos=130 HTTP/1.1" 200 5365 "-" "Mozilla/5.0 (compatible; DotBot/1.1; http://www.opensiteexplorer.org/dotbot, help@moz.com)"
178.63.80.14 - - [31/Oct/2014:12:55:03 +0100] "GET /robots.txt HTTP/1.1" 200 177 "-" "Mozilla/5.0 (compatible; uMBot-IC/1.0; mailto: crawling@ubermetrics-technologies.com)"
178.63.80.14 - - [31/Oct/2014:12:55:03 +0100] "GET /jobs.php HTTP/1.1" 200 4965 "-" "Mozilla/5.0 (compatible; uMBot-IC/1.0; mailto: crawling@ubermetrics-technologies.com)"
208.115.113.91 - - [31/Oct/2014:12:59:04 +0100] "GET /robots.txt HTTP/1.1" 200 177 "-" "Mozilla/5.0 (compatible; DotBot/1.1; http://www.opensiteexplorer.org/dotbot, help@moz.com)"
144.76.95.231 - - [31/Oct/2014:13:00:24 +0100] "GET /robots.txt HTTP/1.0" 200 177 "-" "Mozilla/5.0 (compatible; MJ12bot/v1.4.5; http://www.majestic12.co.uk/bot.php?+)"
144.76.95.231 - - [31/Oct/2014:13:00:26 +0100] "GET /news.php?cs_go=archiv&cs_startpos=200 HTTP/1.0" 200 5365 "-" "Mozilla/5.0 (compatible; MJ12bot/v1.4.5; http://www.majestic12.co.uk/bot.php?+)"
144.76.95.231 - - [31/Oct/2014:13:01:07 +0100] "GET /news.php?cs_go=archiv&cs_startpos=270 HTTP/1.0" 200 5365 "-" "Mozilla/5.0 (compatible; MJ12bot/v1.4.5; http://www.majestic12.co.uk/bot.php?+)"
208.115.113.91 - - [31/Oct/2014:14:49:19 +0100] "GET /news.php?cs_go=archiv&cs_startpos=150 HTTP/1.1" 200 5365 "-" "Mozilla/5.0 (compatible; DotBot/1.1; http://www.opensiteexplorer.org/dotbot, help@moz.com)"
207.46.13.83 - - [31/Oct/2014:16:10:58 +0100] "GET / HTTP/1.1" 200 2371 "-" "Mozilla/5.0 (compatible; bingbot/2.0; +http://www.bing.com/bingbot.htm)"
208.115.113.91 - - [31/Oct/2014:16:59:44 +0100] "GET /robots.txt HTTP/1.1" 200 177 "-" "Mozilla/5.0 (compatible; DotBot/1.1; http://www.opensiteexplorer.org/dotbot, help@moz.com)"
182.118.60.17 - - [31/Oct/2014:17:08:34 +0100] "GET /style.css HTTP/1.1" 200 8402 "http://www.mink-gmbh.de/" "Mozilla/4.0 (compatible; MSIE 8.0; Windows NT 6.1; Trident/4.0; SLCC2; .NET CLR 2.0.50727; .NET CLR 3.5.30729; .NET CLR 3.0.30729; Media Center PC 6.0)"
182.118.60.17 - - [31/Oct/2014:17:08:34 +0100] "GET /modul.css HTTP/1.1" 200 35038 "http://www.mink-gmbh.de/" "Mozilla/4.0 (compatible; MSIE 8.0; Windows NT 6.1; Trident/4.0; SLCC2; .NET CLR 2.0.50727; .NET CLR 3.5.30729; .NET CLR 3.0.30729; Media Center PC 6.0)"
180.153.236.150 - - [31/Oct/2014:17:06:33 +0100] "GET / HTTP/1.1" 200 8120 "http://www.mink-gmbh.de/" "Mozilla/5.0 (compatible; MSIE 9.0; Windows NT 6.1; Trident/5.0); 360Spider"
182.118.60.17 - - [31/Oct/2014:17:08:33 +0100] "GET / HTTP/1.1" 200 8120 "-" "Mozilla/4.0 (compatible; MSIE 8.0; Windows NT 6.1; Trident/4.0; SLCC2; .NET CLR 2.0.50727; .NET CLR 3.5.30729; .NET CLR 3.0.30729; Media Center PC 6.0)"
88.198.222.86 - - [31/Oct/2014:17:36:38 +0100] "GET / HTTP/1.0" 200 4606 "-" "-"
88.198.222.86 - - [31/Oct/2014:17:42:52 +0100] "GET / HTTP/1.0" 200 4606 "-" "-"
88.198.222.86 - - [31/Oct/2014:17:39:50 +0100] "GET / HTTP/1.0" 200 8120 "-" "-"
88.198.222.86 - - [31/Oct/2014:17:52:15 +0100] "GET / HTTP/1.0" 200 2371 "-" "-"
88.198.222.86 - - [31/Oct/2014:17:49:03 +0100] "GET / HTTP/1.0" 200 4606 "-" "-"
88.198.222.86 - - [31/Oct/2014:17:46:03 +0100] "GET / HTTP/1.0" 200 8120 "-" "-"
78.47.15.198 - - [31/Oct/2014:18:27:04 +0100] "GET /robots.txt HTTP/1.1" 200 177 "-" "Mozilla/5.0 (compatible; uMBot-IC/1.0; mailto: crawling@ubermetrics-technologies.com)"
78.47.15.198 - - [31/Oct/2014:18:27:04 +0100] "GET /jobs.php HTTP/1.1" 200 4965 "-" "Mozilla/5.0 (compatible; uMBot-IC/1.0; mailto: crawling@ubermetrics-technologies.com)"
208.115.111.75 - - [31/Oct/2014:18:49:05 +0100] "GET /robots.txt HTTP/1.1" 200 177 "-" "Mozilla/5.0 (compatible; DotBot/1.1; http://www.opensiteexplorer.org/dotbot, help@moz.com)"
178.63.80.14 - - [31/Oct/2014:18:55:14 +0100] "GET /robots.txt HTTP/1.1" 200 177 "-" "Mozilla/5.0 (compatible; uMBot-IC/1.0; mailto: crawling@ubermetrics-technologies.com)"
178.63.80.14 - - [31/Oct/2014:18:55:14 +0100] "GET /jobs.php HTTP/1.1" 200 4965 "-" "Mozilla/5.0 (compatible; uMBot-IC/1.0; mailto: crawling@ubermetrics-technologies.com)"
208.115.113.91 - - [31/Oct/2014:18:57:46 +0100] "GET /news.php?cs_go=archiv&cs_id=5263&cs_search= HTTP/1.1" 200 5365 "-" "Mozilla/5.0 (compatible; DotBot/1.1; http://www.opensiteexplorer.org/dotbot, help@moz.com)"
208.115.111.75 - - [31/Oct/2014:20:26:24 +0100] "GET /news.php?cs_go=archiv&cs_id=5265&cs_search= HTTP/1.1" 200 5365 "-" "Mozilla/5.0 (compatible; DotBot/1.1; http://www.opensiteexplorer.org/dotbot, help@moz.com)"
88.198.222.86 - - [31/Oct/2014:20:55:13 +0100] "GET / HTTP/1.0" 200 4606 "-" "-"
88.198.222.86 - - [31/Oct/2014:20:58:23 +0100] "GET / HTTP/1.0" 200 8120 "-" "-"
207.46.13.83 - - [31/Oct/2014:22:19:54 +0100] "GET / HTTP/1.1" 200 2371 "-" "Mozilla/5.0 (compatible; bingbot/2.0; +http://www.bing.com/bingbot.htm)"
66.249.78.183 - - [31/Oct/2014:22:28:16 +0100] "GET /robots.txt HTTP/1.1" 200 177 "-" "Mozilla/5.0 (compatible; Googlebot/2.1; +http://www.google.com/bot.html)"
66.249.78.190 - - [31/Oct/2014:22:28:16 +0100] "GET /news.php?cs_go=archiv&cs_id=4521 HTTP/1.1" 200 5365 "-" "Mozilla/5.0 (iPhone; CPU iPhone OS 6_0 like Mac OS X) AppleWebKit/536.26 (KHTML, like Gecko) Version/6.0 Mobile/10A5376e Safari/8536.25 (compatible; Googlebot/2.1; +http://www.google.com/bot.html)"
46.229.170.197 - - [31/Oct/2014:22:22:34 +0100] "GET / HTTP/1.1" 200 8120 "-" "Mozilla/5.0 (Windows NT 6.1; Win64; x64; rv:2.2a1pre) Gecko/20110323 Firefox/4.2a1pre"
66.249.78.176 - - [31/Oct/2014:22:40:31 +0100] "GET /news.php?cs_go=archiv&cs_id=4521 HTTP/1.1" 200 5365 "-" "Mozilla/5.0 (iPhone; CPU iPhone OS 6_0 like Mac OS X) AppleWebKit/536.26 (KHTML, like Gecko) Version/6.0 Mobile/10A5376e Safari/8536.25 (compatible; Googlebot/2.1; +http://www.google.com/bot.html)"
54.171.79.78 - - [31/Oct/2014:22:46:32 +0100] "GET / HTTP/1.1" 200 2371 "-" "Mozilla/4.0 (compatible; MSIE 8.0; Windows NT 5.2; WOW64; Trident/4.0; .NET CLR 2.0.50727; InfoPath.1; .NET CLR 3.0.04506.30)"
66.249.78.183 - - [31/Oct/2014:22:49:31 +0100] "GET /news.php?cs_go=archiv&cs_id=4521 HTTP/1.1" 200 5365 "-" "Mozilla/5.0 (iPhone; CPU iPhone OS 6_0 like Mac OS X) AppleWebKit/536.26 (KHTML, like Gecko) Version/6.0 Mobile/10A5376e Safari/8536.25 (compatible; Googlebot/2.1; +http://www.google.com/bot.html)"
66.249.78.176 - - [31/Oct/2014:22:52:31 +0100] "GET / HTTP/1.1" 200 4480 "-" "Mozilla/5.0 (compatible; Googlebot/2.1; +http://www.google.com/bot.html)"
66.249.78.190 - - [31/Oct/2014:23:01:31 +0100] "GET /news.php?cs_go=archiv&cs_id=4521 HTTP/1.1" 200 5365 "-" "Mozilla/5.0 (iPhone; CPU iPhone OS 6_0 like Mac OS X) AppleWebKit/536.26 (KHTML, like Gecko) Version/6.0 Mobile/10A5376e Safari/8536.25 (compatible; Googlebot/2.1; +http://www.google.com/bot.html)"
66.249.64.108 - - [31/Oct/2014:23:16:32 +0100] "GET /news.php?cs_go=archiv&cs_id=4521 HTTP/1.1" 200 5365 "-" "Mozilla/5.0 (iPhone; CPU iPhone OS 6_0 like Mac OS X) AppleWebKit/536.26 (KHTML, like Gecko) Version/6.0 Mobile/10A5376e Safari/8536.25 (compatible; Googlebot/2.1; +http://www.google.com/bot.html)"
66.249.78.190 - - [31/Oct/2014:23:22:32 +0100] "GET /news.php?cs_go=archiv&cs_id=2941 HTTP/1.1" 200 5365 "-" "Mozilla/5.0 (iPhone; CPU iPhone OS 6_0 like Mac OS X) AppleWebKit/536.26 (KHTML, like Gecko) Version/6.0 Mobile/10A5376e Safari/8536.25 (compatible; Googlebot/2.1; +http://www.google.com/bot.html)"
66.249.78.190 - - [31/Oct/2014:23:25:32 +0100] "GET / HTTP/1.1" 200 4480 "-" "Mozilla/5.0 (compatible; Googlebot/2.1; +http://www.google.com/bot.html)"
66.249.78.190 - - [31/Oct/2014:23:37:32 +0100] "GET /news.php?cs_go=archiv&cs_id=2941 HTTP/1.1" 200 5365 "-" "Mozilla/5.0 (iPhone; CPU iPhone OS 6_0 like Mac OS X) AppleWebKit/536.26 (KHTML, like Gecko) Version/6.0 Mobile/10A5376e Safari/8536.25 (compatible; Googlebot/2.1; +http://www.google.com/bot.html)"
66.249.78.190 - - [31/Oct/2014:23:52:32 +0100] "GET /news.php?cs_go=archiv&cs_id=2941 HTTP/1.1" 200 5365 "-" "Mozilla/5.0 (iPhone; CPU iPhone OS 6_0 like Mac OS X) AppleWebKit/536.26 (KHTML, like Gecko) Version/6.0 Mobile/10A5376e Safari/8536.25 (compatible; Googlebot/2.1; +http://www.google.com/bot.html)"