220.181.108.114 - - [16/Oct/2014:13:57:37 +0200] "GET / HTTP/1.1" 200 2371 "-" "Mozilla/5.0 (compatible; Baiduspider/2.0; +http://www.baidu.com/search/spider.html)"
66.249.78.190 - - [16/Oct/2014:13:58:15 +0200] "GET /news.php?cs_go=archiv&cs_id=5312&cs_search= HTTP/1.1" 200 5365 "-" "Mozilla/5.0 (compatible; Googlebot/2.1; +http://www.google.com/bot.html)"
123.125.71.17 - - [16/Oct/2014:14:00:12 +0200] "GET / HTTP/1.1" 200 2371 "-" "Mozilla/5.0 (compatible; Baiduspider/2.0; +http://www.baidu.com/search/spider.html)"
66.249.78.190 - - [16/Oct/2014:14:04:14 +0200] "GET /news.php?cs_go=archiv&cs_id=5208 HTTP/1.1" 200 5365 "-" "Mozilla/5.0 (compatible; Googlebot/2.1; +http://www.google.com/bot.html)"
66.249.78.190 - - [16/Oct/2014:14:10:15 +0200] "GET /news.php?cs_go=archiv&cs_id=5312&cs_search= HTTP/1.1" 200 5365 "-" "Mozilla/5.0 (compatible; Googlebot/2.1; +http://www.google.com/bot.html)"
46.229.164.100 - - [16/Oct/2014:14:18:35 +0200] "GET / HTTP/1.1" 200 8120 "-" "Mozilla/5.0 (compatible; SemrushBot/0.98~bl; +http://www.semrush.com/bot.html)"
66.249.78.176 - - [16/Oct/2014:15:56:48 +0200] "GET /news.php?cs_go=archiv&cs_id=3954 HTTP/1.1" 200 5365 "-" "Mozilla/5.0 (compatible; Googlebot/2.1; +http://www.google.com/bot.html)"
141.8.147.12 - - [16/Oct/2014:16:00:21 +0200] "GET /news.php?cs_go=archiv&cs_id=5174&cs_search= HTTP/1.1" 200 3954 "-" "Mozilla/5.0 (compatible; YandexBot/3.0; +http://yandex.com/bots)"
141.8.147.12 - - [16/Oct/2014:16:03:51 +0200] "GET /news.php?cs_go=archiv&cs_id=5174&cs_search= HTTP/1.1" 200 3954 "-" "Mozilla/5.0 (compatible; YandexBot/3.0; +http://yandex.com/bots)"
141.8.147.12 - - [16/Oct/2014:16:08:21 +0200] "GET /news.php?cs_go=archiv&cs_id=5174&cs_search= HTTP/1.1" 200 3954 "-" "Mozilla/5.0 (compatible; YandexBot/3.0; +http://yandex.com/bots)"
66.249.78.176 - - [16/Oct/2014:16:11:49 +0200] "GET /news.php?cs_go=archiv&cs_id=3954 HTTP/1.1" 200 5365 "-" "Mozilla/5.0 (compatible; Googlebot/2.1; +http://www.google.com/bot.html)"
141.8.147.12 - - [16/Oct/2014:16:13:51 +0200] "GET /news.php?cs_go=archiv&cs_id=5174&cs_search= HTTP/1.1" 200 5365 "-" "Mozilla/5.0 (compatible; YandexBot/3.0; +http://yandex.com/bots)"
66.249.64.108 - - [16/Oct/2014:16:32:50 +0200] "GET / HTTP/1.1" 200 4480 "-" "DoCoMo/2.0 N905i(c100;TB;W24H16) (compatible; Googlebot-Mobile/2.1; +http://www.google.com/bot.html)"
141.8.147.12 - - [16/Oct/2014:16:38:41 +0200] "GET /news.php?cs_go=archiv&cs_id=5167&cs_search= HTTP/1.1" 200 3954 "-" "Mozilla/5.0 (compatible; YandexBot/3.0; +http://yandex.com/bots)"
66.249.64.108 - - [16/Oct/2014:16:39:11 +0200] "GET / HTTP/1.1" 200 4480 "-" "DoCoMo/2.0 N905i(c100;TB;W24H16) (compatible; Googlebot-Mobile/2.1; +http://www.google.com/bot.html)"
66.249.64.104 - - [16/Oct/2014:16:46:08 +0200] "GET / HTTP/1.1" 200 4480 "-" "DoCoMo/2.0 N905i(c100;TB;W24H16) (compatible; Googlebot-Mobile/2.1; +http://www.google.com/bot.html)"
141.8.147.12 - - [16/Oct/2014:16:49:10 +0200] "GET /news.php?cs_go=archiv&cs_id=5167&cs_search= HTTP/1.1" 200 5365 "-" "Mozilla/5.0 (compatible; YandexBot/3.0; +http://yandex.com/bots)"
141.8.147.12 - - [16/Oct/2014:17:01:40 +0200] "GET /news.php?cs_go=archiv&cs_id=5167&cs_search= HTTP/1.1" 200 3954 "-" "Mozilla/5.0 (compatible; YandexBot/3.0; +http://yandex.com/bots)"
66.249.78.176 - - [16/Oct/2014:17:11:22 +0200] "GET /news.php?cs_go=archiv&cs_id=3504 HTTP/1.1" 200 5365 "-" "Mozilla/5.0 (iPhone; CPU iPhone OS 6_0 like Mac OS X) AppleWebKit/536.26 (KHTML, like Gecko) Version/6.0 Mobile/10A5376e Safari/8536.25 (compatible; Googlebot/2.1; +http://www.google.com/bot.html)"
141.8.147.12 - - [16/Oct/2014:17:14:09 +0200] "GET /news.php?cs_go=archiv&cs_id=5167&cs_search= HTTP/1.1" 200 3954 "-" "Mozilla/5.0 (compatible; YandexBot/3.0; +http://yandex.com/bots)"
148.251.69.136 - - [16/Oct/2014:17:19:56 +0200] "GET /impressum.php HTTP/1.1" 200 6306 "-" "Mozilla/5.0 (Windows NT 5.1) AppleWebKit/537.36 (KHTML, like Gecko) Chrome/27.0.1453.94 Safari/537.36"
144.76.155.8 - - [16/Oct/2014:17:20:10 +0200] "GET /impressum.php HTTP/1.1" 200 6306 "-" "Mozilla/5.0 (Windows NT 5.0; rv:21.0) Gecko/20100101 Firefox/21.0"
144.76.155.8 - - [16/Oct/2014:17:20:21 +0200] "GET /impressum.php HTTP/1.1" 200 6306 "-" "Mozilla/5.0 (Windows NT 6.1; rv:21.0) Gecko/20130328 Firefox/21.0"
66.249.78.183 - - [16/Oct/2014:17:20:22 +0200] "GET /news.php?cs_go=archiv&cs_id=3504 HTTP/1.1" 200 5365 "-" "Mozilla/5.0 (iPhone; CPU iPhone OS 6_0 like Mac OS X) AppleWebKit/536.26 (KHTML, like Gecko) Version/6.0 Mobile/10A5376e Safari/8536.25 (compatible; Googlebot/2.1; +http://www.google.com/bot.html)"
141.8.147.12 - - [16/Oct/2014:17:37:22 +0200] "GET /news.php?cs_go=archiv&cs_id=5170&cs_search= HTTP/1.1" 200 5365 "-" "Mozilla/5.0 (compatible; YandexBot/3.0; +http://yandex.com/bots)"
66.249.78.176 - - [16/Oct/2014:17:38:22 +0200] "GET /news.php?cs_go=archiv&cs_id=3504 HTTP/1.1" 200 5365 "-" "Mozilla/5.0 (iPhone; CPU iPhone OS 6_0 like Mac OS X) AppleWebKit/536.26 (KHTML, like Gecko) Version/6.0 Mobile/10A5376e Safari/8536.25 (compatible; Googlebot/2.1; +http://www.google.com/bot.html)"
141.8.147.12 - - [16/Oct/2014:17:49:51 +0200] "GET /news.php?cs_go=archiv&cs_id=5170&cs_search= HTTP/1.1" 200 5365 "-" "Mozilla/5.0 (compatible; YandexBot/3.0; +http://yandex.com/bots)"
66.249.78.183 - - [16/Oct/2014:17:59:22 +0200] "GET /robots.txt HTTP/1.1" 200 177 "-" "Mozilla/5.0 (compatible; Googlebot/2.1; +http://www.google.com/bot.html)"
66.249.78.190 - - [16/Oct/2014:17:59:22 +0200] "GET /news.php?cs_go=archiv&cs_startpos=80 HTTP/1.1" 200 5365 "-" "Mozilla/5.0 (iPhone; CPU iPhone OS 6_0 like Mac OS X) AppleWebKit/536.26 (KHTML, like Gecko) Version/6.0 Mobile/10A5376e Safari/8536.25 (compatible; Googlebot/2.1; +http://www.google.com/bot.html)"
141.8.147.12 - - [16/Oct/2014:18:02:21 +0200] "GET /news.php?cs_go=archiv&cs_id=5170&cs_search= HTTP/1.1" 200 5365 "-" "Mozilla/5.0 (compatible; YandexBot/3.0; +http://yandex.com/bots)"
141.8.147.12 - - [16/Oct/2014:18:14:50 +0200] "GET /news.php?cs_go=archiv&cs_id=5170&cs_search= HTTP/1.1" 200 3954 "-" "Mozilla/5.0 (compatible; YandexBot/3.0; +http://yandex.com/bots)"
66.249.78.176 - - [16/Oct/2014:18:17:22 +0200] "GET /news.php?cs_go=archiv&cs_startpos=80 HTTP/1.1" 200 5365 "-" "Mozilla/5.0 (iPhone; CPU iPhone OS 6_0 like Mac OS X) AppleWebKit/536.26 (KHTML, like Gecko) Version/6.0 Mobile/10A5376e Safari/8536.25 (compatible; Googlebot/2.1; +http://www.google.com/bot.html)"
66.249.64.104 - - [16/Oct/2014:18:29:23 +0200] "GET /news.php?cs_go=archiv&cs_startpos=80 HTTP/1.1" 200 5365 "-" "Mozilla/5.0 (iPhone; CPU iPhone OS 6_0 like Mac OS X) AppleWebKit/536.26 (KHTML, like Gecko) Version/6.0 Mobile/10A5376e Safari/8536.25 (compatible; Googlebot/2.1; +http://www.google.com/bot.html)"
66.249.78.183 - - [16/Oct/2014:18:50:25 +0200] "GET /news.php?cs_go=archiv&cs_startpos=80 HTTP/1.1" 200 5365 "-" "Mozilla/5.0 (iPhone; CPU iPhone OS 6_0 like Mac OS X) AppleWebKit/536.26 (KHTML, like Gecko) Version/6.0 Mobile/10A5376e Safari/8536.25 (compatible; Googlebot/2.1; +http://www.google.com/bot.html)"
141.8.147.12 - - [16/Oct/2014:19:11:40 +0200] "GET / HTTP/1.1" 200 2371 "-" "Mozilla/5.0 (compatible; YandexBot/3.0; +http://yandex.com/bots)"
78.47.15.198 - - [16/Oct/2014:19:18:02 +0200] "GET /robots.txt HTTP/1.1" 200 177 "-" "Mozilla/5.0 (compatible; uMBot-IC/1.0; mailto: crawling@ubermetrics-technologies.com)"
78.47.15.198 - - [16/Oct/2014:19:18:02 +0200] "GET /jobs.php HTTP/1.1" 200 4965 "-" "Mozilla/5.0 (compatible; uMBot-IC/1.0; mailto: crawling@ubermetrics-technologies.com)"
141.8.147.12 - - [16/Oct/2014:19:24:10 +0200] "GET / HTTP/1.1" 200 1139 "-" "Mozilla/5.0 (compatible; YandexBot/3.0; +http://yandex.com/bots)"
141.8.147.12 - - [16/Oct/2014:19:36:39 +0200] "GET / HTTP/1.1" 200 2371 "-" "Mozilla/5.0 (compatible; YandexBot/3.0; +http://yandex.com/bots)"
178.63.80.14 - - [16/Oct/2014:19:46:19 +0200] "GET /robots.txt HTTP/1.1" 200 177 "-" "Mozilla/5.0 (compatible; uMBot-IC/1.0; mailto: crawling@ubermetrics-technologies.com)"
178.63.80.14 - - [16/Oct/2014:19:46:19 +0200] "GET /jobs.php HTTP/1.1" 200 4965 "-" "Mozilla/5.0 (compatible; uMBot-IC/1.0; mailto: crawling@ubermetrics-technologies.com)"
141.8.147.12 - - [16/Oct/2014:19:49:08 +0200] "GET / HTTP/1.1" 200 1139 "-" "Mozilla/5.0 (compatible; YandexBot/3.0; +http://yandex.com/bots)"
157.55.39.234 - - [16/Oct/2014:20:11:04 +0200] "GET /robots.txt HTTP/1.1" 200 177 "-" "Mozilla/5.0 (compatible; bingbot/2.0; +http://www.bing.com/bingbot.htm)"
157.55.39.234 - - [16/Oct/2014:20:11:15 +0200] "GET / HTTP/1.1" 200 1139 "-" "Mozilla/5.0 (compatible; bingbot/2.0; +http://www.bing.com/bingbot.htm)"
141.8.147.12 - - [16/Oct/2014:20:28:27 +0200] "GET /news.php?cs_go=archiv&cs_id=5165&cs_search= HTTP/1.1" 200 5365 "-" "Mozilla/5.0 (compatible; YandexBot/3.0; +http://yandex.com/bots)"
141.8.147.12 - - [16/Oct/2014:20:40:56 +0200] "GET /news.php?cs_go=archiv&cs_id=5165&cs_search= HTTP/1.1" 200 3954 "-" "Mozilla/5.0 (compatible; YandexBot/3.0; +http://yandex.com/bots)"
141.8.147.12 - - [16/Oct/2014:20:53:25 +0200] "GET /news.php?cs_go=archiv&cs_id=5165&cs_search= HTTP/1.1" 200 3954 "-" "Mozilla/5.0 (compatible; YandexBot/3.0; +http://yandex.com/bots)"
141.8.147.12 - - [16/Oct/2014:21:05:54 +0200] "GET /news.php?cs_go=archiv&cs_id=5165&cs_search= HTTP/1.1" 200 5365 "-" "Mozilla/5.0 (compatible; YandexBot/3.0; +http://yandex.com/bots)"
141.8.147.12 - - [16/Oct/2014:21:18:24 +0200] "GET /news.php?cs_go=archiv&cs_id=5349&cs_search= HTTP/1.1" 200 5365 "-" "Mozilla/5.0 (compatible; YandexBot/3.0; +http://yandex.com/bots)"
141.8.147.12 - - [16/Oct/2014:21:30:53 +0200] "GET /news.php?cs_go=archiv&cs_id=5349&cs_search= HTTP/1.1" 200 3954 "-" "Mozilla/5.0 (compatible; YandexBot/3.0; +http://yandex.com/bots)"
66.249.78.183 - - [16/Oct/2014:21:32:01 +0200] "GET /news.php?cs_go=archiv&cs_startpos=20 HTTP/1.1" 200 5365 "-" "Mozilla/5.0 (iPhone; CPU iPhone OS 6_0 like Mac OS X) AppleWebKit/536.26 (KHTML, like Gecko) Version/6.0 Mobile/10A5376e Safari/8536.25 (compatible; Googlebot/2.1; +http://www.google.com/bot.html)"
66.249.78.190 - - [16/Oct/2014:21:41:02 +0200] "GET /news.php?cs_go=archiv&cs_startpos=20 HTTP/1.1" 200 5365 "-" "Mozilla/5.0 (iPhone; CPU iPhone OS 6_0 like Mac OS X) AppleWebKit/536.26 (KHTML, like Gecko) Version/6.0 Mobile/10A5376e Safari/8536.25 (compatible; Googlebot/2.1; +http://www.google.com/bot.html)"
141.8.147.12 - - [16/Oct/2014:21:43:22 +0200] "GET /news.php?cs_go=archiv&cs_id=5349&cs_search= HTTP/1.1" 200 5365 "-" "Mozilla/5.0 (compatible; YandexBot/3.0; +http://yandex.com/bots)"
141.8.147.12 - - [16/Oct/2014:21:55:52 +0200] "GET /news.php?cs_go=archiv&cs_id=5349&cs_search= HTTP/1.1" 200 5365 "-" "Mozilla/5.0 (compatible; YandexBot/3.0; +http://yandex.com/bots)"
66.249.78.183 - - [16/Oct/2014:22:08:03 +0200] "GET /news.php?cs_go=archiv&cs_startpos=20 HTTP/1.1" 200 5365 "-" "Mozilla/5.0 (iPhone; CPU iPhone OS 6_0 like Mac OS X) AppleWebKit/536.26 (KHTML, like Gecko) Version/6.0 Mobile/10A5376e Safari/8536.25 (compatible; Googlebot/2.1; +http://www.google.com/bot.html)"
66.249.78.176 - - [16/Oct/2014:22:20:03 +0200] "GET /news.php?cs_go=archiv&cs_startpos=20 HTTP/1.1" 200 5365 "-" "Mozilla/5.0 (iPhone; CPU iPhone OS 6_0 like Mac OS X) AppleWebKit/536.26 (KHTML, like Gecko) Version/6.0 Mobile/10A5376e Safari/8536.25 (compatible; Googlebot/2.1; +http://www.google.com/bot.html)"
188.138.41.207 - - [16/Oct/2014:22:38:01 +0200] "GET /robots.txt HTTP/1.1" 200 177 "-" "Mozilla/5.0 (Windows NT 6.1; rv:24.0) Gecko/20100101 Firefox/24.0"
188.138.41.207 - - [16/Oct/2014:22:41:34 +0200] "GET /favicon.ico HTTP/1.1" 200 3638 "-" "Mozilla/5.0 (Windows NT 6.1; rv:24.0) Gecko/20100101 Firefox/24.0"
188.138.41.207 - - [16/Oct/2014:22:36:29 +0200] "GET / HTTP/1.1" 200 8120 "-" "Mozilla/5.0 (Windows NT 6.1; rv:24.0) Gecko/20100101 Firefox/24.0"
188.138.41.207 - - [16/Oct/2014:22:38:02 +0200] "GET / HTTP/1.1" 200 8120 "-" "Mozilla/5.0 (X11; U; Linux i686; de; rv:1.9.0.1; compatible; iCjobs Stellenangebote Jobs; http://www.icjobs.de) Gecko/20100401 iCjobs/3.2.3"
65.36.241.79 - - [16/Oct/2014:22:49:31 +0200] "HEAD / HTTP/1.1" 200 - "-" "InternetSeer.com"
66.249.64.104 - - [16/Oct/2014:22:47:05 +0200] "GET / HTTP/1.1" 200 4480 "-" "DoCoMo/2.0 N905i(c100;TB;W24H16) (compatible; Googlebot-Mobile/2.1; +http://www.google.com/bot.html)"
188.138.41.207 - - [16/Oct/2014:22:40:03 +0200] "GET / HTTP/1.1" 200 8035 "-" "Mozilla/5.0 (Windows NT 6.1; rv:24.0) Gecko/20100101 Firefox/24.0"
188.138.41.207 - - [16/Oct/2014:22:41:34 +0200] "GET / HTTP/1.1" 404 - "-" "Mozilla/5.0 (Windows NT 6.1; rv:24.0) Gecko/20100101 Firefox/24.0"
188.138.41.207 - - [16/Oct/2014:22:44:39 +0200] "GET / HTTP/1.1" 404 - "-" "Mozilla/5.0 (Windows NT 6.1; rv:24.0) Gecko/20100101 Firefox/24.0"
188.138.41.207 - - [16/Oct/2014:22:43:06 +0200] "GET / HTTP/1.1" 404 - "-" "Mozilla/5.0 (Windows NT 6.1; rv:24.0) Gecko/20100101 Firefox/24.0"
66.249.64.112 - - [16/Oct/2014:23:02:56 +0200] "GET / HTTP/1.1" 200 4480 "-" "DoCoMo/2.0 N905i(c100;TB;W24H16) (compatible; Googlebot-Mobile/2.1; +http://www.google.com/bot.html)"
66.249.64.104 - - [16/Oct/2014:23:23:57 +0200] "GET / HTTP/1.1" 200 4480 "-" "DoCoMo/2.0 N905i(c100;TB;W24H16) (compatible; Googlebot-Mobile/2.1; +http://www.google.com/bot.html)"
66.249.64.112 - - [16/Oct/2014:23:42:18 +0200] "GET / HTTP/1.1" 200 2775 "-" "DoCoMo/2.0 N905i(c100;TB;W24H16) (compatible; Googlebot-Mobile/2.1; +http://www.google.com/bot.html)"
208.115.111.75 - - [17/Oct/2014:00:50:23 +0200] "GET /robots.txt HTTP/1.1" 200 177 "-" "Mozilla/5.0 (compatible; DotBot/1.1; http://www.opensiteexplorer.org/dotbot, help@moz.com)"
208.115.113.91 - - [17/Oct/2014:00:57:28 +0200] "GET /robots.txt HTTP/1.1" 200 177 "-" "Mozilla/5.0 (compatible; DotBot/1.1; http://www.opensiteexplorer.org/dotbot, help@moz.com)"
178.255.215.80 - - [17/Oct/2014:01:07:08 +0200] "GET /optiplus.php HTTP/1.1" 404 5342 "-" "Mozilla/5.0 (compatible; Exabot/3.0 (BiggerBetter); +http://www.exabot.com/go/robot)"
66.249.78.176 - - [17/Oct/2014:01:07:55 +0200] "GET /news.php?cs_go=archiv&cs_id=3954 HTTP/1.1" 200 5365 "-" "Mozilla/5.0 (iPhone; CPU iPhone OS 6_0 like Mac OS X) AppleWebKit/536.26 (KHTML, like Gecko) Version/6.0 Mobile/10A5376e Safari/8536.25 (compatible; Googlebot/2.1; +http://www.google.com/bot.html)"
66.249.64.108 - - [17/Oct/2014:01:14:24 +0200] "GET /news.php?cs_go=archiv&cs_id=3954 HTTP/1.1" 200 5365 "-" "Mozilla/5.0 (iPhone; CPU iPhone OS 6_0 like Mac OS X) AppleWebKit/536.26 (KHTML, like Gecko) Version/6.0 Mobile/10A5376e Safari/8536.25 (compatible; Googlebot/2.1; +http://www.google.com/bot.html)"
78.47.15.198 - - [17/Oct/2014:01:18:20 +0200] "GET /robots.txt HTTP/1.1" 200 177 "-" "Mozilla/5.0 (compatible; uMBot-IC/1.0; mailto: crawling@ubermetrics-technologies.com)"
78.47.15.198 - - [17/Oct/2014:01:18:20 +0200] "GET /jobs.php HTTP/1.1" 200 4965 "-" "Mozilla/5.0 (compatible; uMBot-IC/1.0; mailto: crawling@ubermetrics-technologies.com)"
66.249.78.190 - - [17/Oct/2014:01:23:24 +0200] "GET /news.php?cs_go=archiv&cs_id=3954 HTTP/1.1" 200 5365 "-" "Mozilla/5.0 (iPhone; CPU iPhone OS 6_0 like Mac OS X) AppleWebKit/536.26 (KHTML, like Gecko) Version/6.0 Mobile/10A5376e Safari/8536.25 (compatible; Googlebot/2.1; +http://www.google.com/bot.html)"
141.8.147.12 - - [17/Oct/2014:01:28:33 +0200] "GET /robots.txt HTTP/1.1" 200 177 "-" "Mozilla/5.0 (compatible; YandexBot/3.0; +http://yandex.com/bots)"
178.255.215.80 - - [17/Oct/2014:01:43:18 +0200] "GET /lexikon.php?cs_go=2&cs_char=q HTTP/1.1" 200 5379 "-" "Mozilla/5.0 (compatible; Exabot/3.0 (BiggerBetter); +http://www.exabot.com/go/robot)"
178.63.80.14 - - [17/Oct/2014:01:46:35 +0200] "GET /robots.txt HTTP/1.1" 200 177 "-" "Mozilla/5.0 (compatible; uMBot-IC/1.0; mailto: crawling@ubermetrics-technologies.com)"
178.63.80.14 - - [17/Oct/2014:01:46:35 +0200] "GET /jobs.php HTTP/1.1" 200 4965 "-" "Mozilla/5.0 (compatible; uMBot-IC/1.0; mailto: crawling@ubermetrics-technologies.com)"
66.249.78.183 - - [17/Oct/2014:02:52:00 +0200] "GET /standard.php HTTP/1.1" 200 5259 "-" "Mozilla/5.0 (compatible; Googlebot/2.1; +http://www.google.com/bot.html)"
66.249.78.183 - - [17/Oct/2014:03:10:22 +0200] "GET /standard.php HTTP/1.1" 200 5259 "-" "Mozilla/5.0 (compatible; Googlebot/2.1; +http://www.google.com/bot.html)"
66.249.78.183 - - [17/Oct/2014:03:20:42 +0200] "GET /standard.php HTTP/1.1" 200 5259 "-" "Mozilla/5.0 (compatible; Googlebot/2.1; +http://www.google.com/bot.html)"
208.115.113.91 - - [17/Oct/2014:03:32:46 +0200] "GET /faq.php HTTP/1.1" 200 5392 "-" "Mozilla/5.0 (compatible; DotBot/1.1; http://www.opensiteexplorer.org/dotbot, help@moz.com)"
208.115.113.91 - - [17/Oct/2014:03:33:04 +0200] "GET /news.php?cs_go=archiv HTTP/1.1" 200 5365 "-" "Mozilla/5.0 (compatible; DotBot/1.1; http://www.opensiteexplorer.org/dotbot, help@moz.com)"
157.55.39.250 - - [17/Oct/2014:04:11:00 +0200] "GET /news.php?cs_go=archiv&cs_id=3986 HTTP/1.1" 200 5365 "-" "Mozilla/5.0 (compatible; bingbot/2.0; +http://www.bing.com/bingbot.htm)"
66.249.64.112 - - [17/Oct/2014:04:32:50 +0200] "GET /lexikon.php?cs_go=3&cs_id=233 HTTP/1.1" 200 5379 "-" "Mozilla/5.0 (iPhone; CPU iPhone OS 6_0 like Mac OS X) AppleWebKit/536.26 (KHTML, like Gecko) Version/6.0 Mobile/10A5376e Safari/8536.25 (compatible; Googlebot/2.1; +http://www.google.com/bot.html)"
208.115.111.75 - - [17/Oct/2014:04:48:27 +0200] "GET /robots.txt HTTP/1.1" 200 177 "-" "Mozilla/5.0 (compatible; DotBot/1.1; http://www.opensiteexplorer.org/dotbot, help@moz.com)"
141.8.147.12 - - [17/Oct/2014:04:46:47 +0200] "GET / HTTP/1.1" 200 1139 "-" "Mozilla/5.0 (compatible; YandexBot/3.0; +http://yandex.com/bots)"
141.8.147.12 - - [17/Oct/2014:04:49:19 +0200] "GET / HTTP/1.1" 200 1139 "-" "Mozilla/5.0 (compatible; YandexBot/3.0; +http://yandex.com/bots)"
141.8.147.12 - - [17/Oct/2014:04:52:04 +0200] "GET / HTTP/1.1" 200 2371 "-" "Mozilla/5.0 (compatible; YandexBot/3.0; +http://yandex.com/bots)"
141.8.147.12 - - [17/Oct/2014:04:55:03 +0200] "GET / HTTP/1.1" 200 2371 "-" "Mozilla/5.0 (compatible; YandexBot/3.0; +http://yandex.com/bots)"
66.249.78.183 - - [17/Oct/2014:04:57:05 +0200] "GET /news.php?cs_go=archiv&cs_id=4210 HTTP/1.1" 200 5365 "-" "Mozilla/5.0 (iPhone; CPU iPhone OS 6_0 like Mac OS X) AppleWebKit/536.26 (KHTML, like Gecko) Version/6.0 Mobile/10A5376e Safari/8536.25 (compatible; Googlebot/2.1; +http://www.google.com/bot.html)"
100.43.91.3 - - [17/Oct/2014:05:05:47 +0200] "GET / HTTP/1.1" 200 4480 "-" "Mozilla/5.0 (compatible; YandexBot/3.0; +http://yandex.com/bots)"
66.249.78.190 - - [17/Oct/2014:05:09:17 +0200] "GET /news.php?cs_go=archiv&cs_id=4210 HTTP/1.1" 200 5365 "-" "Mozilla/5.0 (iPhone; CPU iPhone OS 6_0 like Mac OS X) AppleWebKit/536.26 (KHTML, like Gecko) Version/6.0 Mobile/10A5376e Safari/8536.25 (compatible; Googlebot/2.1; +http://www.google.com/bot.html)"
100.43.81.153 - - [17/Oct/2014:05:09:17 +0200] "GET / HTTP/1.1" 200 4480 "-" "Mozilla/5.0 (compatible; YandexBot/3.0; +http://yandex.com/bots)"
199.21.99.202 - - [17/Oct/2014:05:13:46 +0200] "GET / HTTP/1.1" 200 4480 "-" "Mozilla/5.0 (compatible; YandexBot/3.0; +http://yandex.com/bots)"
66.249.78.190 - - [17/Oct/2014:05:15:25 +0200] "GET /news.php?cs_go=archiv&cs_id=4210 HTTP/1.1" 200 5365 "-" "Mozilla/5.0 (iPhone; CPU iPhone OS 6_0 like Mac OS X) AppleWebKit/536.26 (KHTML, like Gecko) Version/6.0 Mobile/10A5376e Safari/8536.25 (compatible; Googlebot/2.1; +http://www.google.com/bot.html)"
66.249.78.183 - - [17/Oct/2014:05:18:25 +0200] "GET /news.php?cs_go=archiv&cs_id=4189 HTTP/1.1" 200 5365 "-" "Mozilla/5.0 (iPhone; CPU iPhone OS 6_0 like Mac OS X) AppleWebKit/536.26 (KHTML, like Gecko) Version/6.0 Mobile/10A5376e Safari/8536.25 (compatible; Googlebot/2.1; +http://www.google.com/bot.html)"
100.43.81.132 - - [17/Oct/2014:05:19:15 +0200] "GET / HTTP/1.1" 200 4480 "-" "Mozilla/5.0 (compatible; YandexBot/3.0; +http://yandex.com/bots)"
66.249.78.183 - - [17/Oct/2014:05:27:30 +0200] "GET /news.php?cs_go=archiv&cs_id=4189 HTTP/1.1" 200 5365 "-" "Mozilla/5.0 (iPhone; CPU iPhone OS 6_0 like Mac OS X) AppleWebKit/536.26 (KHTML, like Gecko) Version/6.0 Mobile/10A5376e Safari/8536.25 (compatible; Googlebot/2.1; +http://www.google.com/bot.html)"
141.8.147.12 - - [17/Oct/2014:05:28:08 +0200] "GET /news.php?cs_go=archiv&cs_id=5267 HTTP/1.1" 200 5365 "-" "Mozilla/5.0 (compatible; YandexBot/3.0; +http://yandex.com/bots)"
66.249.78.176 - - [17/Oct/2014:05:36:38 +0200] "GET /news.php?cs_go=archiv&cs_id=4189 HTTP/1.1" 200 5365 "-" "Mozilla/5.0 (iPhone; CPU iPhone OS 6_0 like Mac OS X) AppleWebKit/536.26 (KHTML, like Gecko) Version/6.0 Mobile/10A5376e Safari/8536.25 (compatible; Googlebot/2.1; +http://www.google.com/bot.html)"
141.8.147.12 - - [17/Oct/2014:05:38:38 +0200] "GET /news.php?cs_go=archiv&cs_id=5267 HTTP/1.1" 200 5365 "-" "Mozilla/5.0 (compatible; YandexBot/3.0; +http://yandex.com/bots)"
141.8.147.12 - - [17/Oct/2014:05:51:07 +0200] "GET /news.php?cs_go=archiv&cs_id=5267 HTTP/1.1" 200 5365 "-" "Mozilla/5.0 (compatible; YandexBot/3.0; +http://yandex.com/bots)"
212.232.24.2 - - [17/Oct/2014:06:01:14 +0200] "GET /robots.txt HTTP/1.1" 200 177 "-" "betaBot"
212.232.24.2 - - [17/Oct/2014:06:01:14 +0200] "GET / HTTP/1.1" 200 2371 "-" "betaBot"
141.8.147.12 - - [17/Oct/2014:06:03:36 +0200] "GET /news.php?cs_go=archiv&cs_id=5267 HTTP/1.1" 200 5365 "-" "Mozilla/5.0 (compatible; YandexBot/3.0; +http://yandex.com/bots)"
66.249.78.176 - - [17/Oct/2014:06:03:54 +0200] "GET /additive.php HTTP/1.1" 200 5226 "-" "Mozilla/5.0 (iPhone; CPU iPhone OS 6_0 like Mac OS X) AppleWebKit/536.26 (KHTML, like Gecko) Version/6.0 Mobile/10A5376e Safari/8536.25 (compatible; Googlebot/2.1; +http://www.google.com/bot.html)"
66.249.78.190 - - [17/Oct/2014:06:21:55 +0200] "GET /additive.php HTTP/1.1" 200 5226 "-" "Mozilla/5.0 (iPhone; CPU iPhone OS 6_0 like Mac OS X) AppleWebKit/536.26 (KHTML, like Gecko) Version/6.0 Mobile/10A5376e Safari/8536.25 (compatible; Googlebot/2.1; +http://www.google.com/bot.html)"
208.115.111.75 - - [17/Oct/2014:06:29:06 +0200] "GET /news.php?cs_go=archiv&cs_startpos=181 HTTP/1.1" 200 5365 "-" "Mozilla/5.0 (compatible; DotBot/1.1; http://www.opensiteexplorer.org/dotbot, help@moz.com)"
66.249.78.190 - - [17/Oct/2014:06:31:02 +0200] "GET /additive.php HTTP/1.1" 200 5226 "-" "Mozilla/5.0 (iPhone; CPU iPhone OS 6_0 like Mac OS X) AppleWebKit/536.26 (KHTML, like Gecko) Version/6.0 Mobile/10A5376e Safari/8536.25 (compatible; Googlebot/2.1; +http://www.google.com/bot.html)"
66.249.78.190 - - [17/Oct/2014:06:46:59 +0200] "GET /additive.php HTTP/1.1" 200 5226 "-" "Mozilla/5.0 (iPhone; CPU iPhone OS 6_0 like Mac OS X) AppleWebKit/536.26 (KHTML, like Gecko) Version/6.0 Mobile/10A5376e Safari/8536.25 (compatible; Googlebot/2.1; +http://www.google.com/bot.html)"
123.125.71.57 - - [17/Oct/2014:06:50:25 +0200] "GET / HTTP/1.1" 200 1139 "-" "Mozilla/5.0 (compatible; Baiduspider/2.0; +http://www.baidu.com/search/spider.html)"
220.181.108.81 - - [17/Oct/2014:06:51:00 +0200] "GET / HTTP/1.1" 200 2371 "-" "Mozilla/5.0 (compatible; Baiduspider/2.0; +http://www.baidu.com/search/spider.html)"
66.249.78.183 - - [17/Oct/2014:06:52:59 +0200] "GET /additive.php HTTP/1.1" 200 5226 "-" "Mozilla/5.0 (iPhone; CPU iPhone OS 6_0 like Mac OS X) AppleWebKit/536.26 (KHTML, like Gecko) Version/6.0 Mobile/10A5376e Safari/8536.25 (compatible; Googlebot/2.1; +http://www.google.com/bot.html)"
178.255.215.80 - - [17/Oct/2014:06:56:23 +0200] "GET /.php HTTP/1.1" 404 5342 "-" "Mozilla/5.0 (compatible; Exabot/3.0 (BiggerBetter); +http://www.exabot.com/go/robot)"
66.249.78.183 - - [17/Oct/2014:07:05:21 +0200] "GET /additive.php HTTP/1.1" 200 5226 "-" "Mozilla/5.0 (iPhone; CPU iPhone OS 6_0 like Mac OS X) AppleWebKit/536.26 (KHTML, like Gecko) Version/6.0 Mobile/10A5376e Safari/8536.25 (compatible; Googlebot/2.1; +http://www.google.com/bot.html)"
66.249.78.176 - - [17/Oct/2014:07:14:44 +0200] "GET /additive.php HTTP/1.1" 200 5226 "-" "Mozilla/5.0 (iPhone; CPU iPhone OS 6_0 like Mac OS X) AppleWebKit/536.26 (KHTML, like Gecko) Version/6.0 Mobile/10A5376e Safari/8536.25 (compatible; Googlebot/2.1; +http://www.google.com/bot.html)"
78.47.15.198 - - [17/Oct/2014:07:18:35 +0200] "GET /robots.txt HTTP/1.1" 200 177 "-" "Mozilla/5.0 (compatible; uMBot-IC/1.0; mailto: crawling@ubermetrics-technologies.com)"
78.47.15.198 - - [17/Oct/2014:07:18:35 +0200] "GET /jobs.php HTTP/1.1" 200 4965 "-" "Mozilla/5.0 (compatible; uMBot-IC/1.0; mailto: crawling@ubermetrics-technologies.com)"
199.58.86.206 - - [17/Oct/2014:07:44:47 +0200] "GET /robots.txt HTTP/1.0" 200 177 "-" "Mozilla/5.0 (compatible; MJ12bot/v1.4.5; http://www.majestic12.co.uk/bot.php?+)"
178.63.80.14 - - [17/Oct/2014:07:46:50 +0200] "GET /robots.txt HTTP/1.1" 200 177 "-" "Mozilla/5.0 (compatible; uMBot-IC/1.0; mailto: crawling@ubermetrics-technologies.com)"
178.63.80.14 - - [17/Oct/2014:07:46:50 +0200] "GET /jobs.php HTTP/1.1" 200 4965 "-" "Mozilla/5.0 (compatible; uMBot-IC/1.0; mailto: crawling@ubermetrics-technologies.com)"
199.58.86.206 - - [17/Oct/2014:07:44:48 +0200] "GET / HTTP/1.0" 200 8120 "-" "Mozilla/5.0 (compatible; MJ12bot/v1.4.5; http://www.majestic12.co.uk/bot.php?+)"
66.249.78.176 - - [17/Oct/2014:08:26:32 +0200] "GET /news.php?cs_go=archiv&cs_id=3954 HTTP/1.1" 200 5365 "-" "Mozilla/5.0 (iPhone; CPU iPhone OS 6_0 like Mac OS X) AppleWebKit/536.26 (KHTML, like Gecko) Version/6.0 Mobile/10A5376e Safari/8536.25 (compatible; Googlebot/2.1; +http://www.google.com/bot.html)"
66.249.78.176 - - [17/Oct/2014:08:35:32 +0200] "GET /news.php?cs_go=archiv&cs_id=3954 HTTP/1.1" 200 5365 "-" "Mozilla/5.0 (iPhone; CPU iPhone OS 6_0 like Mac OS X) AppleWebKit/536.26 (KHTML, like Gecko) Version/6.0 Mobile/10A5376e Safari/8536.25 (compatible; Googlebot/2.1; +http://www.google.com/bot.html)"
66.249.78.176 - - [17/Oct/2014:08:47:33 +0200] "GET /news.php?cs_go=archiv&cs_id=3954 HTTP/1.1" 200 5365 "-" "Mozilla/5.0 (iPhone; CPU iPhone OS 6_0 like Mac OS X) AppleWebKit/536.26 (KHTML, like Gecko) Version/6.0 Mobile/10A5376e Safari/8536.25 (compatible; Googlebot/2.1; +http://www.google.com/bot.html)"
54.89.39.125 - - [17/Oct/2014:09:29:45 +0200] "GET / HTTP/1.1" 200 8120 "-" "Mozilla/5.0 (Windows NT 6.1; rv:20.0) Gecko/20100101 Firefox/20.0"
62.210.75.243 - - [17/Oct/2014:10:25:53 +0200] "GET / HTTP/1.1" 200 8120 "-" "Mozilla/5.0 (X11; Linux x86_64) AppleWebKit/537.21 (KHTML, like Gecko) profiller Safari/537.21"
66.249.78.190 - - [17/Oct/2014:10:54:54 +0200] "GET /wunschpreis.php HTTP/1.1" 200 5005 "-" "Mozilla/5.0 (compatible; Googlebot/2.1; +http://www.google.com/bot.html)"
66.249.64.104 - - [17/Oct/2014:11:04:00 +0200] "GET /wunschpreis.php HTTP/1.1" 200 5005 "-" "Mozilla/5.0 (compatible; Googlebot/2.1; +http://www.google.com/bot.html)"
66.249.64.112 - - [17/Oct/2014:11:13:01 +0200] "GET /wunschpreis.php HTTP/1.1" 200 5005 "-" "Mozilla/5.0 (compatible; Googlebot/2.1; +http://www.google.com/bot.html)"
66.249.78.183 - - [17/Oct/2014:11:51:19 +0200] "GET /standard.php HTTP/1.1" 200 5259 "-" "Mozilla/5.0 (iPhone; CPU iPhone OS 6_0 like Mac OS X) AppleWebKit/536.26 (KHTML, like Gecko) Version/6.0 Mobile/10A5376e Safari/8536.25 (compatible; Googlebot/2.1; +http://www.google.com/bot.html)"
117.78.13.18 - - [17/Oct/2014:12:01:06 +0200] "GET /robots.txt HTTP/1.0" 200 177 "-" "nutch-1.4/Nutch-1.4"
66.249.78.190 - - [17/Oct/2014:12:00:19 +0200] "GET /standard.php HTTP/1.1" 200 5259 "-" "Mozilla/5.0 (iPhone; CPU iPhone OS 6_0 like Mac OS X) AppleWebKit/536.26 (KHTML, like Gecko) Version/6.0 Mobile/10A5376e Safari/8536.25 (compatible; Googlebot/2.1; +http://www.google.com/bot.html)"
66.249.78.176 - - [17/Oct/2014:12:06:31 +0200] "GET /standard.php HTTP/1.1" 200 5259 "-" "Mozilla/5.0 (iPhone; CPU iPhone OS 6_0 like Mac OS X) AppleWebKit/536.26 (KHTML, like Gecko) Version/6.0 Mobile/10A5376e Safari/8536.25 (compatible; Googlebot/2.1; +http://www.google.com/bot.html)"
117.78.13.18 - - [17/Oct/2014:12:01:06 +0200] "GET / HTTP/1.0" 200 8120 "-" "nutch-1.4/Nutch-1.4"
157.55.39.234 - - [17/Oct/2014:12:44:41 +0200] "GET / HTTP/1.1" 200 2371 "-" "Mozilla/5.0 (compatible; bingbot/2.0; +http://www.bing.com/bingbot.htm)"
220.181.108.118 - - [17/Oct/2014:12:54:35 +0200] "GET / HTTP/1.1" 200 1139 "-" "Mozilla/5.0 (compatible; Baiduspider/2.0; +http://www.baidu.com/search/spider.html)"
78.47.15.198 - - [17/Oct/2014:13:18:51 +0200] "GET /robots.txt HTTP/1.1" 200 177 "-" "Mozilla/5.0 (compatible; uMBot-IC/1.0; mailto: crawling@ubermetrics-technologies.com)"
78.47.15.198 - - [17/Oct/2014:13:18:51 +0200] "GET /jobs.php HTTP/1.1" 200 4965 "-" "Mozilla/5.0 (compatible; uMBot-IC/1.0; mailto: crawling@ubermetrics-technologies.com)"
178.63.80.14 - - [17/Oct/2014:13:47:05 +0200] "GET /robots.txt HTTP/1.1" 200 177 "-" "Mozilla/5.0 (compatible; uMBot-IC/1.0; mailto: crawling@ubermetrics-technologies.com)"
178.63.80.14 - - [17/Oct/2014:13:47:05 +0200] "GET /jobs.php HTTP/1.1" 200 4965 "-" "Mozilla/5.0 (compatible; uMBot-IC/1.0; mailto: crawling@ubermetrics-technologies.com)"
178.255.215.64 - - [17/Oct/2014:14:55:59 +0200] "GET /robots.txt HTTP/1.1" 200 177 "-" "Mozilla/5.0 (compatible; Exabot/3.0; +http://www.exabot.com/go/robot)"
178.255.215.64 - - [17/Oct/2014:14:55:59 +0200] "GET /preisanfrage.php HTTP/1.1" 200 5002 "-" "Mozilla/5.0 (compatible; Exabot/3.0; +http://www.exabot.com/go/robot)"
66.249.78.183 - - [17/Oct/2014:15:58:01 +0200] "GET /news.php?cs_go=archiv&cs_id=4881 HTTP/1.1" 200 5365 "-" "Mozilla/5.0 (compatible; Googlebot/2.1; +http://www.google.com/bot.html)"
66.249.78.190 - - [17/Oct/2014:16:13:51 +0200] "GET /news.php?cs_go=archiv&cs_id=4881 HTTP/1.1" 200 5365 "-" "Mozilla/5.0 (compatible; Googlebot/2.1; +http://www.google.com/bot.html)"
66.249.78.190 - - [17/Oct/2014:16:47:56 +0200] "GET /news.php?cs_go=archiv&cs_id=4931 HTTP/1.1" 200 5365 "-" "Mozilla/5.0 (iPhone; CPU iPhone OS 6_0 like Mac OS X) AppleWebKit/536.26 (KHTML, like Gecko) Version/6.0 Mobile/10A5376e Safari/8536.25 (compatible; Googlebot/2.1; +http://www.google.com/bot.html)"
66.249.78.176 - - [17/Oct/2014:16:51:17 +0200] "GET /news.php?cs_go=archiv&cs_id=4881 HTTP/1.1" 200 5365 "-" "Mozilla/5.0 (compatible; Googlebot/2.1; +http://www.google.com/bot.html)"
66.249.78.183 - - [17/Oct/2014:17:00:16 +0200] "GET /news.php?cs_go=archiv&cs_id=4931 HTTP/1.1" 200 5365 "-" "Mozilla/5.0 (iPhone; CPU iPhone OS 6_0 like Mac OS X) AppleWebKit/536.26 (KHTML, like Gecko) Version/6.0 Mobile/10A5376e Safari/8536.25 (compatible; Googlebot/2.1; +http://www.google.com/bot.html)"
66.249.78.190 - - [17/Oct/2014:17:09:18 +0200] "GET /news.php?cs_go=archiv&cs_id=4931 HTTP/1.1" 200 5365 "-" "Mozilla/5.0 (iPhone; CPU iPhone OS 6_0 like Mac OS X) AppleWebKit/536.26 (KHTML, like Gecko) Version/6.0 Mobile/10A5376e Safari/8536.25 (compatible; Googlebot/2.1; +http://www.google.com/bot.html)"
85.13.131.53 - - [17/Oct/2014:17:09:21 +0200] "GET / HTTP/1.0" 200 4606 "-" "-"
85.13.131.53 - - [17/Oct/2014:17:15:34 +0200] "GET / HTTP/1.0" 200 4606 "-" "-"
85.13.131.53 - - [17/Oct/2014:17:12:30 +0200] "GET / HTTP/1.0" 200 8120 "-" "-"
85.13.131.53 - - [17/Oct/2014:17:21:52 +0200] "GET / HTTP/1.0" 200 4606 "-" "-"
85.13.131.53 - - [17/Oct/2014:17:18:43 +0200] "GET / HTTP/1.0" 200 8120 "-" "-"
178.255.215.80 - - [17/Oct/2014:17:33:57 +0200] "GET /robots.txt HTTP/1.1" 200 177 "-" "Mozilla/5.0 (compatible; Exabot/3.0 (BiggerBetter); +http://www.exabot.com/go/robot)"
85.13.131.53 - - [17/Oct/2014:17:25:01 +0200] "GET / HTTP/1.0" 200 8120 "-" "-"
66.249.64.104 - - [17/Oct/2014:17:33:39 +0200] "GET /news.php?cs_go=archiv&cs_id=4647 HTTP/1.1" 200 5365 "-" "Mozilla/5.0 (iPhone; CPU iPhone OS 6_0 like Mac OS X) AppleWebKit/536.26 (KHTML, like Gecko) Version/6.0 Mobile/10A5376e Safari/8536.25 (compatible; Googlebot/2.1; +http://www.google.com/bot.html)"
178.255.215.80 - - [17/Oct/2014:17:33:57 +0200] "GET /news.php?cs_go=archiv&cs_id=5383&cs_search= HTTP/1.1" 200 5365 "-" "Mozilla/5.0 (compatible; Exabot/3.0 (BiggerBetter); +http://www.exabot.com/go/robot)"
66.249.78.176 - - [17/Oct/2014:17:40:40 +0200] "GET /news.php?cs_go=archiv&cs_id=4647 HTTP/1.1" 200 5365 "-" "Mozilla/5.0 (iPhone; CPU iPhone OS 6_0 like Mac OS X) AppleWebKit/536.26 (KHTML, like Gecko) Version/6.0 Mobile/10A5376e Safari/8536.25 (compatible; Googlebot/2.1; +http://www.google.com/bot.html)"
220.181.108.97 - - [17/Oct/2014:17:54:14 +0200] "GET / HTTP/1.1" 200 2371 "-" "Mozilla/5.0 (compatible; Baiduspider/2.0; +http://www.baidu.com/search/spider.html)"
66.249.64.112 - - [17/Oct/2014:17:55:42 +0200] "GET /news.php?cs_go=archiv&cs_id=4647 HTTP/1.1" 200 5365 "-" "Mozilla/5.0 (iPhone; CPU iPhone OS 6_0 like Mac OS X) AppleWebKit/536.26 (KHTML, like Gecko) Version/6.0 Mobile/10A5376e Safari/8536.25 (compatible; Googlebot/2.1; +http://www.google.com/bot.html)"
123.125.71.15 - - [17/Oct/2014:17:56:05 +0200] "GET / HTTP/1.1" 200 2371 "-" "Mozilla/5.0 (compatible; Baiduspider/2.0; +http://www.baidu.com/search/spider.html)"
66.249.78.190 - - [17/Oct/2014:18:19:42 +0200] "GET /robots.txt HTTP/1.1" 200 177 "-" "Mozilla/5.0 (compatible; Googlebot/2.1; +http://www.google.com/bot.html)"
66.249.78.190 - - [17/Oct/2014:18:19:42 +0200] "GET /images/tkw.jpg HTTP/1.1" 304 - "-" "Googlebot-Image/1.0"
66.249.78.190 - - [17/Oct/2014:18:52:44 +0200] "GET /news.php?cs_go=archiv&cs_id=3736 HTTP/1.1" 200 5365 "-" "Mozilla/5.0 (iPhone; CPU iPhone OS 6_0 like Mac OS X) AppleWebKit/536.26 (KHTML, like Gecko) Version/6.0 Mobile/10A5376e Safari/8536.25 (compatible; Googlebot/2.1; +http://www.google.com/bot.html)"
66.249.64.104 - - [17/Oct/2014:19:04:43 +0200] "GET /news.php?cs_go=archiv&cs_id=3736 HTTP/1.1" 200 5365 "-" "Mozilla/5.0 (iPhone; CPU iPhone OS 6_0 like Mac OS X) AppleWebKit/536.26 (KHTML, like Gecko) Version/6.0 Mobile/10A5376e Safari/8536.25 (compatible; Googlebot/2.1; +http://www.google.com/bot.html)"
123.125.71.30 - - [17/Oct/2014:19:09:59 +0200] "GET / HTTP/1.1" 200 2371 "-" "Mozilla/5.0 (compatible; Baiduspider/2.0; +http://www.baidu.com/search/spider.html)"
141.8.147.12 - - [17/Oct/2014:19:13:21 +0200] "GET /robots.txt HTTP/1.1" 200 177 "-" "Mozilla/5.0 (compatible; YandexBot/3.0; +http://yandex.com/bots)"
220.181.108.114 - - [17/Oct/2014:19:11:04 +0200] "GET / HTTP/1.1" 200 2371 "-" "Mozilla/5.0 (compatible; Baiduspider/2.0; +http://www.baidu.com/search/spider.html)"
141.8.147.12 - - [17/Oct/2014:19:15:54 +0200] "GET / HTTP/1.1" 200 2371 "-" "Mozilla/5.0 (compatible; YandexBot/3.0; +http://yandex.com/bots)"
78.47.15.198 - - [17/Oct/2014:19:19:05 +0200] "GET /robots.txt HTTP/1.1" 200 177 "-" "Mozilla/5.0 (compatible; uMBot-IC/1.0; mailto: crawling@ubermetrics-technologies.com)"
78.47.15.198 - - [17/Oct/2014:19:19:05 +0200] "GET /jobs.php HTTP/1.1" 200 4965 "-" "Mozilla/5.0 (compatible; uMBot-IC/1.0; mailto: crawling@ubermetrics-technologies.com)"
66.249.78.190 - - [17/Oct/2014:19:17:04 +0200] "GET /news.php?cs_go=archiv&cs_id=3736 HTTP/1.1" 200 5365 "-" "Mozilla/5.0 (iPhone; CPU iPhone OS 6_0 like Mac OS X) AppleWebKit/536.26 (KHTML, like Gecko) Version/6.0 Mobile/10A5376e Safari/8536.25 (compatible; Googlebot/2.1; +http://www.google.com/bot.html)"
141.8.147.12 - - [17/Oct/2014:19:18:26 +0200] "GET / HTTP/1.1" 200 2371 "-" "Mozilla/5.0 (compatible; YandexBot/3.0; +http://yandex.com/bots)"
141.8.147.12 - - [17/Oct/2014:19:21:10 +0200] "GET / HTTP/1.1" 200 2371 "-" "Mozilla/5.0 (compatible; YandexBot/3.0; +http://yandex.com/bots)"
141.8.147.12 - - [17/Oct/2014:19:24:09 +0200] "GET / HTTP/1.1" 200 2371 "-" "Mozilla/5.0 (compatible; YandexBot/3.0; +http://yandex.com/bots)"
178.63.80.14 - - [17/Oct/2014:19:47:22 +0200] "GET /robots.txt HTTP/1.1" 200 177 "-" "Mozilla/5.0 (compatible; uMBot-IC/1.0; mailto: crawling@ubermetrics-technologies.com)"
178.63.80.14 - - [17/Oct/2014:19:47:22 +0200] "GET /jobs.php HTTP/1.1" 200 4965 "-" "Mozilla/5.0 (compatible; uMBot-IC/1.0; mailto: crawling@ubermetrics-technologies.com)"
66.249.64.108 - - [17/Oct/2014:20:08:26 +0200] "GET /standard.php HTTP/1.1" 200 5259 "-" "Mozilla/5.0 (iPhone; CPU iPhone OS 6_0 like Mac OS X) AppleWebKit/536.26 (KHTML, like Gecko) Version/6.0 Mobile/10A5376e Safari/8536.25 (compatible; Googlebot/2.1; +http://www.google.com/bot.html)"
141.8.147.12 - - [17/Oct/2014:20:12:00 +0200] "GET /news.php?cs_go=archiv&cs_id=5173&cs_search= HTTP/1.1" 200 5365 "-" "Mozilla/5.0 (compatible; YandexBot/3.0; +http://yandex.com/bots)"
141.8.147.12 - - [17/Oct/2014:20:15:29 +0200] "GET /news.php?cs_go=archiv&cs_id=5173&cs_search= HTTP/1.1" 200 5365 "-" "Mozilla/5.0 (compatible; YandexBot/3.0; +http://yandex.com/bots)"
207.46.13.65 - - [17/Oct/2014:20:16:11 +0200] "GET /news.php?cs_go=archiv&cs_id=3446 HTTP/1.1" 200 5365 "-" "Mozilla/5.0 (compatible; bingbot/2.0; +http://www.bing.com/bingbot.htm)"
141.8.147.12 - - [17/Oct/2014:20:19:58 +0200] "GET /news.php?cs_go=archiv&cs_id=5173&cs_search= HTTP/1.1" 200 5365 "-" "Mozilla/5.0 (compatible; YandexBot/3.0; +http://yandex.com/bots)"
141.8.147.12 - - [17/Oct/2014:20:25:27 +0200] "GET /news.php?cs_go=archiv&cs_id=5173&cs_search= HTTP/1.1" 200 5365 "-" "Mozilla/5.0 (compatible; YandexBot/3.0; +http://yandex.com/bots)"
66.249.78.190 - - [17/Oct/2014:20:26:27 +0200] "GET /standard.php HTTP/1.1" 200 5259 "-" "Mozilla/5.0 (iPhone; CPU iPhone OS 6_0 like Mac OS X) AppleWebKit/536.26 (KHTML, like Gecko) Version/6.0 Mobile/10A5376e Safari/8536.25 (compatible; Googlebot/2.1; +http://www.google.com/bot.html)"
141.8.147.12 - - [17/Oct/2014:20:48:40 +0200] "GET /news.php?cs_go=archiv&cs_id=5155&cs_search= HTTP/1.1" 200 5365 "-" "Mozilla/5.0 (compatible; YandexBot/3.0; +http://yandex.com/bots)"
141.8.147.12 - - [17/Oct/2014:20:59:09 +0200] "GET /news.php?cs_go=archiv&cs_id=5155&cs_search= HTTP/1.1" 200 5365 "-" "Mozilla/5.0 (compatible; YandexBot/3.0; +http://yandex.com/bots)"
141.8.147.12 - - [17/Oct/2014:21:11:38 +0200] "GET /news.php?cs_go=archiv&cs_id=5155&cs_search= HTTP/1.1" 200 5365 "-" "Mozilla/5.0 (compatible; YandexBot/3.0; +http://yandex.com/bots)"
66.249.78.183 - - [17/Oct/2014:21:12:06 +0200] "GET /standard.php HTTP/1.1" 200 5259 "-" "Mozilla/5.0 (iPhone; CPU iPhone OS 6_0 like Mac OS X) AppleWebKit/536.26 (KHTML, like Gecko) Version/6.0 Mobile/10A5376e Safari/8536.25 (compatible; Googlebot/2.1; +http://www.google.com/bot.html)"
144.76.155.8 - - [17/Oct/2014:21:18:10 +0200] "GET /impressum.php HTTP/1.1" 200 6306 "-" "Mozilla/5.0 (Windows NT 6.1; WOW64) AppleWebKit/537.11 (KHTML, like Gecko) Chrome/23.0.1271.97 Safari/537.11"
66.249.78.176 - - [17/Oct/2014:21:18:07 +0200] "GET /news.php?cs_go=archiv&cs_id=5208 HTTP/1.1" 200 5365 "-" "Mozilla/5.0 (compatible; Googlebot/2.1; +http://www.google.com/bot.html)"
141.8.147.12 - - [17/Oct/2014:21:24:09 +0200] "GET /news.php?cs_go=archiv&cs_id=5155&cs_search= HTTP/1.1" 200 5365 "-" "Mozilla/5.0 (compatible; YandexBot/3.0; +http://yandex.com/bots)"
66.249.78.183 - - [17/Oct/2014:21:27:07 +0200] "GET /news.php?cs_go=archiv&cs_id=5208 HTTP/1.1" 200 5365 "-" "Mozilla/5.0 (compatible; Googlebot/2.1; +http://www.google.com/bot.html)"
66.249.78.176 - - [17/Oct/2014:21:36:08 +0200] "GET /news.php?cs_go=archiv&cs_id=5208 HTTP/1.1" 200 5365 "-" "Mozilla/5.0 (compatible; Googlebot/2.1; +http://www.google.com/bot.html)"
178.255.215.80 - - [17/Oct/2014:22:10:17 +0200] "GET /impressum.php HTTP/1.1" 200 6306 "-" "Mozilla/5.0 (compatible; Exabot/3.0 (BiggerBetter); +http://www.exabot.com/go/robot)"
141.8.147.12 - - [17/Oct/2014:22:09:33 +0200] "GET /news.php?cs_go=archiv&cs_id=4820&cs_search= HTTP/1.1" 200 5365 "-" "Mozilla/5.0 (compatible; YandexBot/3.0; +http://yandex.com/bots)"
141.8.147.12 - - [17/Oct/2014:22:22:03 +0200] "GET /news.php?cs_go=archiv&cs_id=4820&cs_search= HTTP/1.1" 200 5365 "-" "Mozilla/5.0 (compatible; YandexBot/3.0; +http://yandex.com/bots)"
141.8.147.12 - - [17/Oct/2014:22:34:32 +0200] "GET /news.php?cs_go=archiv&cs_id=4820&cs_search= HTTP/1.1" 200 5365 "-" "Mozilla/5.0 (compatible; YandexBot/3.0; +http://yandex.com/bots)"
141.8.147.12 - - [17/Oct/2014:22:47:01 +0200] "GET /news.php?cs_go=archiv&cs_id=4820&cs_search= HTTP/1.1" 200 5365 "-" "Mozilla/5.0 (compatible; YandexBot/3.0; +http://yandex.com/bots)"
66.249.78.183 - - [17/Oct/2014:23:06:30 +0200] "GET /news.php?cs_go=archiv&cs_id=4193&cs_search= HTTP/1.1" 200 5365 "-" "Mozilla/5.0 (iPhone; CPU iPhone OS 6_0 like Mac OS X) AppleWebKit/536.26 (KHTML, like Gecko) Version/6.0 Mobile/10A5376e Safari/8536.25 (compatible; Googlebot/2.1; +http://www.google.com/bot.html)"
66.249.78.183 - - [17/Oct/2014:23:22:49 +0200] "GET /news.php?cs_go=archiv&cs_id=4881 HTTP/1.1" 200 5365 "-" "Mozilla/5.0 (compatible; Googlebot/2.1; +http://www.google.com/bot.html)"
66.249.78.190 - - [17/Oct/2014:23:25:49 +0200] "GET /news.php?cs_go=archiv&cs_id=4193&cs_search= HTTP/1.1" 200 5365 "-" "Mozilla/5.0 (iPhone; CPU iPhone OS 6_0 like Mac OS X) AppleWebKit/536.26 (KHTML, like Gecko) Version/6.0 Mobile/10A5376e Safari/8536.25 (compatible; Googlebot/2.1; +http://www.google.com/bot.html)"
141.8.147.12 - - [17/Oct/2014:23:31:53 +0200] "GET /news.php?cs_go=archiv&cs_id=5135 HTTP/1.1" 200 5365 "-" "Mozilla/5.0 (compatible; YandexBot/3.0; +http://yandex.com/bots)"
141.8.147.12 - - [17/Oct/2014:23:44:22 +0200] "GET /news.php?cs_go=archiv&cs_id=5135 HTTP/1.1" 200 5365 "-" "Mozilla/5.0 (compatible; YandexBot/3.0; +http://yandex.com/bots)"
66.249.78.190 - - [17/Oct/2014:23:49:48 +0200] "GET /news.php?cs_go=archiv&cs_id=4193&cs_search= HTTP/1.1" 200 5365 "-" "Mozilla/5.0 (iPhone; CPU iPhone OS 6_0 like Mac OS X) AppleWebKit/536.26 (KHTML, like Gecko) Version/6.0 Mobile/10A5376e Safari/8536.25 (compatible; Googlebot/2.1; +http://www.google.com/bot.html)"
66.249.78.176 - - [17/Oct/2014:23:55:49 +0200] "GET / HTTP/1.1" 200 4480 "-" "Mozilla/5.0 (compatible; Googlebot/2.1; +http://www.google.com/bot.html)"
141.8.147.12 - - [17/Oct/2014:23:56:51 +0200] "GET /news.php?cs_go=archiv&cs_id=5135 HTTP/1.1" 200 5365 "-" "Mozilla/5.0 (compatible; YandexBot/3.0; +http://yandex.com/bots)"
66.249.78.183 - - [18/Oct/2014:00:07:51 +0200] "GET / HTTP/1.1" 200 4480 "-" "Mozilla/5.0 (compatible; Googlebot/2.1; +http://www.google.com/bot.html)"
141.8.147.12 - - [18/Oct/2014:00:09:20 +0200] "GET /news.php?cs_go=archiv&cs_id=5135 HTTP/1.1" 200 5365 "-" "Mozilla/5.0 (compatible; YandexBot/3.0; +http://yandex.com/bots)"
66.249.78.190 - - [18/Oct/2014:00:14:51 +0200] "GET / HTTP/1.1" 200 4480 "-" "Mozilla/5.0 (compatible; Googlebot/2.1; +http://www.google.com/bot.html)"
66.249.78.190 - - [18/Oct/2014:00:20:52 +0200] "GET / HTTP/1.1" 200 4480 "-" "Mozilla/5.0 (compatible; Googlebot/2.1; +http://www.google.com/bot.html)"
66.249.78.190 - - [18/Oct/2014:00:29:21 +0200] "GET / HTTP/1.1" 200 4480 "-" "SAMSUNG-SGH-E250/1.0 Profile/MIDP-2.0 Configuration/CLDC-1.1 UP.Browser/6.2.3.3.c.1.101 (GUI) MMP/2.0 (compatible; Googlebot-Mobile/2.1; +http://www.google.com/bot.html)"
66.249.78.183 - - [18/Oct/2014:00:38:22 +0200] "GET / HTTP/1.1" 200 4480 "-" "SAMSUNG-SGH-E250/1.0 Profile/MIDP-2.0 Configuration/CLDC-1.1 UP.Browser/6.2.3.3.c.1.101 (GUI) MMP/2.0 (compatible; Googlebot-Mobile/2.1; +http://www.google.com/bot.html)"
66.249.78.176 - - [18/Oct/2014:00:47:22 +0200] "GET / HTTP/1.1" 200 4480 "-" "SAMSUNG-SGH-E250/1.0 Profile/MIDP-2.0 Configuration/CLDC-1.1 UP.Browser/6.2.3.3.c.1.101 (GUI) MMP/2.0 (compatible; Googlebot-Mobile/2.1; +http://www.google.com/bot.html)"
78.47.15.198 - - [18/Oct/2014:01:19:21 +0200] "GET /robots.txt HTTP/1.1" 200 177 "-" "Mozilla/5.0 (compatible; uMBot-IC/1.0; mailto: crawling@ubermetrics-technologies.com)"
78.47.15.198 - - [18/Oct/2014:01:19:21 +0200] "GET /jobs.php HTTP/1.1" 200 4965 "-" "Mozilla/5.0 (compatible; uMBot-IC/1.0; mailto: crawling@ubermetrics-technologies.com)"
141.8.147.12 - - [18/Oct/2014:01:37:44 +0200] "GET /news.php?cs_go=archiv&cs_id=5165&cs_search= HTTP/1.1" 200 5365 "-" "Mozilla/5.0 (compatible; YandexBot/3.0; +http://yandex.com/bots)"
192.99.149.88 - - [18/Oct/2014:01:41:07 +0200] "GET /robots.txt HTTP/1.1" 200 177 "-" "Mozilla/5.0 (Windows NT 6.1; WOW64; Trident/7.0; rv:11.0) like Gecko"
192.99.149.88 - - [18/Oct/2014:01:41:07 +0200] "GET / HTTP/1.1" 200 4480 "-" "Mozilla/5.0 (Windows NT 6.1; WOW64; Trident/7.0; rv:11.0) like Gecko"
178.63.80.14 - - [18/Oct/2014:01:47:40 +0200] "GET /robots.txt HTTP/1.1" 200 177 "-" "Mozilla/5.0 (compatible; uMBot-IC/1.0; mailto: crawling@ubermetrics-technologies.com)"
178.63.80.14 - - [18/Oct/2014:01:47:40 +0200] "GET /jobs.php HTTP/1.1" 200 4965 "-" "Mozilla/5.0 (compatible; uMBot-IC/1.0; mailto: crawling@ubermetrics-technologies.com)"
141.8.147.12 - - [18/Oct/2014:01:50:13 +0200] "GET /news.php?cs_go=archiv&cs_id=5165&cs_search= HTTP/1.1" 200 5365 "-" "Mozilla/5.0 (compatible; YandexBot/3.0; +http://yandex.com/bots)"
66.249.78.183 - - [18/Oct/2014:01:54:23 +0200] "GET /news.php?cs_go=archiv&cs_id=4881 HTTP/1.1" 200 5365 "-" "Mozilla/5.0 (compatible; Googlebot/2.1; +http://www.google.com/bot.html)"
66.249.78.176 - - [18/Oct/2014:02:00:23 +0200] "GET /news.php?cs_go=archiv&cs_id=5312&cs_search= HTTP/1.1" 200 5365 "-" "Mozilla/5.0 (compatible; Googlebot/2.1; +http://www.google.com/bot.html)"
141.8.147.12 - - [18/Oct/2014:02:02:42 +0200] "GET /news.php?cs_go=archiv&cs_id=5165&cs_search= HTTP/1.1" 200 5365 "-" "Mozilla/5.0 (compatible; YandexBot/3.0; +http://yandex.com/bots)"
66.249.78.190 - - [18/Oct/2014:02:12:23 +0200] "GET /index.php HTTP/1.1" 200 4480 "-" "Mozilla/5.0 (compatible; Googlebot/2.1; +http://www.google.com/bot.html)"
141.8.147.12 - - [18/Oct/2014:02:15:19 +0200] "GET /news.php?cs_go=archiv&cs_id=5165&cs_search= HTTP/1.1" 200 3954 "-" "Mozilla/5.0 (compatible; YandexBot/3.0; +http://yandex.com/bots)"
66.249.78.190 - - [18/Oct/2014:02:15:23 +0200] "GET /news.php?cs_go=archiv&cs_id=5312&cs_search= HTTP/1.1" 200 5365 "-" "Mozilla/5.0 (compatible; Googlebot/2.1; +http://www.google.com/bot.html)"
66.249.78.190 - - [18/Oct/2014:02:24:24 +0200] "GET /index.php HTTP/1.1" 200 4480 "-" "Mozilla/5.0 (compatible; Googlebot/2.1; +http://www.google.com/bot.html)"
66.249.78.176 - - [18/Oct/2014:02:30:24 +0200] "GET /news.php?cs_go=archiv&cs_id=5312&cs_search= HTTP/1.1" 200 5365 "-" "Mozilla/5.0 (compatible; Googlebot/2.1; +http://www.google.com/bot.html)"
66.249.78.190 - - [18/Oct/2014:02:36:24 +0200] "GET /index.php HTTP/1.1" 200 4480 "-" "Mozilla/5.0 (compatible; Googlebot/2.1; +http://www.google.com/bot.html)"
65.36.241.79 - - [18/Oct/2014:02:45:41 +0200] "HEAD / HTTP/1.1" 200 - "-" "InternetSeer.com"
141.8.147.12 - - [18/Oct/2014:02:49:48 +0200] "GET /news.php?cs_go=archiv&cs_id=5168&cs_search= HTTP/1.1" 200 5365 "-" "Mozilla/5.0 (compatible; YandexBot/3.0; +http://yandex.com/bots)"
141.8.147.12 - - [18/Oct/2014:03:02:18 +0200] "GET /news.php?cs_go=archiv&cs_id=5168&cs_search= HTTP/1.1" 200 5365 "-" "Mozilla/5.0 (compatible; YandexBot/3.0; +http://yandex.com/bots)"
208.115.113.91 - - [18/Oct/2014:03:06:55 +0200] "GET /robots.txt HTTP/1.1" 200 177 "-" "Mozilla/5.0 (compatible; DotBot/1.1; http://www.opensiteexplorer.org/dotbot, help@moz.com)"
66.249.64.104 - - [18/Oct/2014:03:10:05 +0200] "GET /images/tkw.jpg HTTP/1.1" 304 - "-" "Googlebot-Image/1.0"
141.8.147.12 - - [18/Oct/2014:03:14:48 +0200] "GET /news.php?cs_go=archiv&cs_id=5168&cs_search= HTTP/1.1" 200 3954 "-" "Mozilla/5.0 (compatible; YandexBot/3.0; +http://yandex.com/bots)"
66.249.78.190 - - [18/Oct/2014:03:26:03 +0200] "GET /news.php?cs_go=archiv&cs_id=4635 HTTP/1.1" 200 5365 "-" "Mozilla/5.0 (compatible; Googlebot/2.1; +http://www.google.com/bot.html)"
141.8.147.12 - - [18/Oct/2014:03:27:18 +0200] "GET /news.php?cs_go=archiv&cs_id=5168&cs_search= HTTP/1.1" 200 3954 "-" "Mozilla/5.0 (compatible; YandexBot/3.0; +http://yandex.com/bots)"
66.249.78.176 - - [18/Oct/2014:03:29:23 +0200] "GET /news.php?cs_go=archiv&cs_id=4881 HTTP/1.1" 200 5365 "-" "Mozilla/5.0 (compatible; Googlebot/2.1; +http://www.google.com/bot.html)"
66.249.78.176 - - [18/Oct/2014:03:35:23 +0200] "GET /news.php?cs_go=archiv&cs_id=4635 HTTP/1.1" 200 5365 "-" "Mozilla/5.0 (compatible; Googlebot/2.1; +http://www.google.com/bot.html)"
66.249.64.108 - - [18/Oct/2014:03:42:01 +0200] "GET /kontakt.php HTTP/1.1" 200 4996 "-" "Mozilla/5.0 (compatible; Googlebot/2.1; +http://www.google.com/bot.html)"
66.249.78.176 - - [18/Oct/2014:03:45:23 +0200] "GET /news.php?cs_go=archiv&cs_id=4635 HTTP/1.1" 200 5365 "-" "Mozilla/5.0 (compatible; Googlebot/2.1; +http://www.google.com/bot.html)"
87.230.17.72 - - [18/Oct/2014:03:59:58 +0200] "GET / HTTP/1.1" 200 8120 "-" "ImplisenseBot 1.0"
87.230.17.72 - - [18/Oct/2014:04:09:29 +0200] "GET /impressum.php HTTP/1.1" 200 6306 "-" "ImplisenseBot 1.0"
66.249.78.176 - - [18/Oct/2014:04:31:56 +0200] "GET /kwk.php HTTP/1.1" 200 5369 "-" "Mozilla/5.0 (compatible; Googlebot/2.1; +http://www.google.com/bot.html)"
66.249.78.183 - - [18/Oct/2014:04:34:59 +0200] "GET /modul.css HTTP/1.1" 200 35038 "-" "Mozilla/5.0 (compatible; Googlebot/2.1; +http://www.google.com/bot.html)"
66.249.64.112 - - [18/Oct/2014:04:41:00 +0200] "GET /schwefelarmstandard.php HTTP/1.1" 200 5229 "-" "Mozilla/5.0 (compatible; Googlebot/2.1; +http://www.google.com/bot.html)"
207.46.13.65 - - [18/Oct/2014:04:44:51 +0200] "GET / HTTP/1.1" 200 2371 "-" "Mozilla/5.0 (compatible; bingbot/2.0; +http://www.bing.com/bingbot.htm)"
141.8.147.12 - - [18/Oct/2014:04:45:56 +0200] "GET /news.php?cs_go=archiv&cs_id=5164&cs_search= HTTP/1.1" 200 3954 "-" "Mozilla/5.0 (compatible; YandexBot/3.0; +http://yandex.com/bots)"
141.8.147.12 - - [18/Oct/2014:04:58:25 +0200] "GET /news.php?cs_go=archiv&cs_id=5164&cs_search= HTTP/1.1" 200 5365 "-" "Mozilla/5.0 (compatible; YandexBot/3.0; +http://yandex.com/bots)"
141.8.147.12 - - [18/Oct/2014:05:10:54 +0200] "GET /news.php?cs_go=archiv&cs_id=5164&cs_search= HTTP/1.1" 200 5365 "-" "Mozilla/5.0 (compatible; YandexBot/3.0; +http://yandex.com/bots)"
141.8.147.12 - - [18/Oct/2014:05:23:23 +0200] "GET /news.php?cs_go=archiv&cs_id=5164&cs_search= HTTP/1.1" 200 5365 "-" "Mozilla/5.0 (compatible; YandexBot/3.0; +http://yandex.com/bots)"
141.8.147.12 - - [18/Oct/2014:05:35:53 +0200] "GET /news.php?cs_go=archiv&cs_id=5190&cs_search= HTTP/1.1" 200 5365 "-" "Mozilla/5.0 (compatible; YandexBot/3.0; +http://yandex.com/bots)"
