95.52.32.146 - - [01/Jun/2012:18:56:41 +0200] "GET /news.php?cs_go=archiv&cs_id=3008&cs_search= HTTP/1.1" 200 13471 "-" "Mozilla/5.0 (compatible; 008/0.83; http://www.80legs.com/webcrawler.html) Gecko/2008032620"
193.169.80.50 - - [01/Jun/2012:18:56:45 +0200] "GET /news.php?cs_go=archiv&cs_id=3008&cs_search= HTTP/1.1" 200 13471 "-" "Mozilla/5.0 (compatible; 008/0.83; http://www.80legs.com/webcrawler.html) Gecko/2008032620"
109.205.254.156 - - [01/Jun/2012:18:56:51 +0200] "GET /news.php?cs_go=archiv&cs_id=3008&cs_search= HTTP/1.1" 200 13471 "-" "Mozilla/5.0 (compatible; 008/0.83; http://www.80legs.com/webcrawler.html) Gecko/2008032620"
49.249.114.79 - - [01/Jun/2012:18:57:01 +0200] "GET /lexikon.php?cs_go=3&cs_id=105 HTTP/1.1" 200 8346 "-" "Mozilla/5.0 (compatible; 008/0.83; http://www.80legs.com/webcrawler.html) Gecko/2008032620"
213.27.44.117 - - [01/Jun/2012:18:57:18 +0200] "GET /lexikon.php?cs_go=3&cs_id=124 HTTP/1.1" 200 8422 "-" "Mozilla/5.0 (compatible; 008/0.83; http://www.80legs.com/webcrawler.html) Gecko/2008032620"
91.214.35.67 - - [01/Jun/2012:18:57:29 +0200] "GET /lexikon.php?cs_go=3&cs_id=105 HTTP/1.1" 200 8346 "-" "Mozilla/5.0 (compatible; 008/0.83; http://www.80legs.com/webcrawler.html) Gecko/2008032620"
178.210.137.188 - - [01/Jun/2012:18:57:32 +0200] "GET /lexikon.php?cs_go=3&cs_id=105 HTTP/1.1" 200 8346 "-" "Mozilla/5.0 (compatible; 008/0.83; http://www.80legs.com/webcrawler.html) Gecko/2008032620"
178.207.50.244 - - [01/Jun/2012:18:57:45 +0200] "GET /lexikon.php?cs_go=3&cs_id=44 HTTP/1.1" 200 7938 "-" "Mozilla/5.0 (compatible; 008/0.83; http://www.80legs.com/webcrawler.html) Gecko/2008032620"
109.148.80.80 - - [01/Jun/2012:18:58:03 +0200] "GET /lexikon.php?cs_go=3&cs_id=44 HTTP/1.1" 200 7938 "-" "Mozilla/5.0 (compatible; 008/0.83; http://www.80legs.com/webcrawler.html) Gecko/2008032620"
94.141.56.26 - - [01/Jun/2012:18:58:09 +0200] "GET /lexikon.php?cs_go=3&cs_id=44 HTTP/1.1" 200 7938 "-" "Mozilla/5.0 (compatible; 008/0.83; http://www.80legs.com/webcrawler.html) Gecko/2008032620"
66.249.71.70 - - [01/Jun/2012:19:04:52 +0200] "GET /news.php?cs_go=archiv&cs_id=2201&cs_search= HTTP/1.1" 200 10503 "-" "Mozilla/5.0 (compatible; Googlebot/2.1; +http://www.google.com/bot.html)"
66.249.71.70 - - [01/Jun/2012:19:04:53 +0200] "GET /news.php?cs_go=archiv&cs_id=2590&cs_search= HTTP/1.1" 200 9116 "-" "Mozilla/5.0 (compatible; Googlebot/2.1; +http://www.google.com/bot.html)"
66.249.71.70 - - [01/Jun/2012:19:04:59 +0200] "GET /news.php?cs_go=archiv&cs_id=2583&cs_search= HTTP/1.1" 200 12077 "-" "Mozilla/5.0 (compatible; Googlebot/2.1; +http://www.google.com/bot.html)"
66.249.71.70 - - [01/Jun/2012:19:10:00 +0200] "GET /news.php?cs_go=archiv&cs_id=2157&cs_search= HTTP/1.1" 200 9912 "-" "Mozilla/5.0 (compatible; Googlebot/2.1; +http://www.google.com/bot.html)"
66.249.71.70 - - [01/Jun/2012:19:14:39 +0200] "GET /news.php?cs_go=archiv&cs_id=2158&cs_search= HTTP/1.1" 200 14038 "-" "Mozilla/5.0 (compatible; Googlebot/2.1; +http://www.google.com/bot.html)"
66.249.71.70 - - [01/Jun/2012:19:14:40 +0200] "GET /news.php?cs_go=archiv&cs_id=2181&cs_search= HTTP/1.1" 200 9793 "-" "Mozilla/5.0 (compatible; Googlebot/2.1; +http://www.google.com/bot.html)"
66.249.71.70 - - [01/Jun/2012:19:16:30 +0200] "GET /news.php?cs_go=archiv&cs_id=2627&cs_search= HTTP/1.1" 200 9687 "-" "Mozilla/5.0 (compatible; Googlebot/2.1; +http://www.google.com/bot.html)"
66.249.71.70 - - [01/Jun/2012:19:25:14 +0200] "GET /news.php?cs_go=archiv&cs_id=2588&cs_search= HTTP/1.1" 200 10875 "-" "Mozilla/5.0 (compatible; Googlebot/2.1; +http://www.google.com/bot.html)"
66.249.71.70 - - [01/Jun/2012:19:25:15 +0200] "GET /news.php?cs_go=archiv&cs_id=2179&cs_search= HTTP/1.1" 200 9776 "-" "Mozilla/5.0 (compatible; Googlebot/2.1; +http://www.google.com/bot.html)"
66.249.71.70 - - [01/Jun/2012:19:25:16 +0200] "GET /news.php?cs_go=archiv&cs_id=2620&cs_search= HTTP/1.1" 200 9972 "-" "Mozilla/5.0 (compatible; Googlebot/2.1; +http://www.google.com/bot.html)"
66.249.71.70 - - [01/Jun/2012:19:28:02 +0200] "GET /news.php?cs_go=archiv&cs_id=2609&cs_search= HTTP/1.1" 200 10377 "-" "Mozilla/5.0 (compatible; Googlebot/2.1; +http://www.google.com/bot.html)"
66.249.71.70 - - [01/Jun/2012:19:35:40 +0200] "GET /news.php?cs_go=archiv&cs_id=2633&cs_search= HTTP/1.1" 200 13488 "-" "Mozilla/5.0 (compatible; Googlebot/2.1; +http://www.google.com/bot.html)"
66.249.71.70 - - [01/Jun/2012:19:35:41 +0200] "GET /news.php?cs_go=archiv&cs_id=2612&cs_search= HTTP/1.1" 200 10051 "-" "Mozilla/5.0 (compatible; Googlebot/2.1; +http://www.google.com/bot.html)"
66.249.71.70 - - [01/Jun/2012:19:36:40 +0200] "GET /news.php?cs_go=archiv&cs_id=2584&cs_search= HTTP/1.1" 200 13311 "-" "Mozilla/5.0 (compatible; Googlebot/2.1; +http://www.google.com/bot.html)"
157.55.17.151 - - [01/Jun/2012:19:39:56 +0200] "GET /robots.txt HTTP/1.1" 200 177 "-" "Mozilla/5.0 (compatible; bingbot/2.0; +http://www.bing.com/bingbot.htm)"
157.55.17.151 - - [01/Jun/2012:19:40:52 +0200] "GET /news.php?cs_go=archiv&cs_id=3055 HTTP/1.1" 200 13719 "-" "Mozilla/5.0 (compatible; bingbot/2.0; +http://www.bing.com/bingbot.htm)"
66.249.71.70 - - [01/Jun/2012:19:44:24 +0200] "GET /news.php?cs_go=archiv&cs_id=2638&cs_search= HTTP/1.1" 200 10583 "-" "Mozilla/5.0 (compatible; Googlebot/2.1; +http://www.google.com/bot.html)"
66.249.71.70 - - [01/Jun/2012:19:44:25 +0200] "GET /news.php?cs_go=archiv&cs_id=2198&cs_search= HTTP/1.1" 200 10412 "-" "Mozilla/5.0 (compatible; Googlebot/2.1; +http://www.google.com/bot.html)"
66.249.71.70 - - [01/Jun/2012:19:45:19 +0200] "GET /news.php?cs_go=archiv&cs_id=2164&cs_search= HTTP/1.1" 200 14116 "-" "Mozilla/5.0 (compatible; Googlebot/2.1; +http://www.google.com/bot.html)"
66.249.71.70 - - [01/Jun/2012:19:54:06 +0200] "GET /news.php?cs_go=archiv&cs_id=2156&cs_search= HTTP/1.1" 200 15280 "-" "Mozilla/5.0 (compatible; Googlebot/2.1; +http://www.google.com/bot.html)"
66.249.71.70 - - [01/Jun/2012:19:54:07 +0200] "GET /news.php?cs_go=archiv&cs_id=2186&cs_search= HTTP/1.1" 200 14304 "-" "Mozilla/5.0 (compatible; Googlebot/2.1; +http://www.google.com/bot.html)"
66.249.71.70 - - [01/Jun/2012:19:54:08 +0200] "GET /news.php?cs_go=archiv&cs_id=2626&cs_search= HTTP/1.1" 200 10100 "-" "Mozilla/5.0 (compatible; Googlebot/2.1; +http://www.google.com/bot.html)"
66.249.71.70 - - [01/Jun/2012:19:56:50 +0200] "GET /news.php?cs_go=archiv&cs_id=2616&cs_search= HTTP/1.1" 200 13206 "-" "Mozilla/5.0 (compatible; Googlebot/2.1; +http://www.google.com/bot.html)"
85.179.173.155 - - [01/Jun/2012:19:57:33 +0200] "GET /modul.css HTTP/1.1" 200 35038 "http://www.mink-gmbh.de/" "Mozilla/5.0 (iPad; CPU OS 5_1 like Mac OS X) AppleWebKit/534.46 (KHTML, like Gecko) Version/5.1 Mobile/9B176 Safari/7534.48.3"
85.179.173.155 - - [01/Jun/2012:19:57:33 +0200] "GET /style.css HTTP/1.1" 200 8418 "http://www.mink-gmbh.de/" "Mozilla/5.0 (iPad; CPU OS 5_1 like Mac OS X) AppleWebKit/534.46 (KHTML, like Gecko) Version/5.1 Mobile/9B176 Safari/7534.48.3"
85.179.173.155 - - [01/Jun/2012:19:57:33 +0200] "GET /js_contentserver24_greybox/gb_styles.css HTTP/1.1" 200 2302 "http://www.mink-gmbh.de/" "Mozilla/5.0 (iPad; CPU OS 5_1 like Mac OS X) AppleWebKit/534.46 (KHTML, like Gecko) Version/5.1 Mobile/9B176 Safari/7534.48.3"
85.179.173.155 - - [01/Jun/2012:19:57:32 +0200] "GET / HTTP/1.1" 200 15384 "http://www.google.de/url?sa=t&rct=j&q=mink%20heiz%C3%B6l&source=web&cd=1&sqi=2&ved=0CGYQFjAA&url=http%3A%2F%2Fwww.mink-gmbh.de%2F&ei=QQLJT6rrKtDHtAax-JTHDg&usg=AFQjCNFHX4Iglls9oo-KYXTmDUV_5KOVIg" "Mozilla/5.0 (iPad; CPU OS 5_1 like Mac OS X) AppleWebKit/534.46 (KHTML, like Gecko) Version/5.1 Mobile/9B176 Safari/7534.48.3"
85.179.173.155 - - [01/Jun/2012:19:57:34 +0200] "GET /js_contentserver24_greybox/AJS.js HTTP/1.1" 200 10396 "http://www.mink-gmbh.de/" "Mozilla/5.0 (iPad; CPU OS 5_1 like Mac OS X) AppleWebKit/534.46 (KHTML, like Gecko) Version/5.1 Mobile/9B176 Safari/7534.48.3"
85.179.173.155 - - [01/Jun/2012:19:57:34 +0200] "GET /js_contentserver24_greybox/AJS_fx.js HTTP/1.1" 200 3192 "http://www.mink-gmbh.de/" "Mozilla/5.0 (iPad; CPU OS 5_1 like Mac OS X) AppleWebKit/534.46 (KHTML, like Gecko) Version/5.1 Mobile/9B176 Safari/7534.48.3"
85.179.173.155 - - [01/Jun/2012:19:57:34 +0200] "GET /js_contentserver24_greybox/gb_scripts.js HTTP/1.1" 200 11913 "http://www.mink-gmbh.de/" "Mozilla/5.0 (iPad; CPU OS 5_1 like Mac OS X) AppleWebKit/534.46 (KHTML, like Gecko) Version/5.1 Mobile/9B176 Safari/7534.48.3"
85.179.173.155 - - [01/Jun/2012:19:57:34 +0200] "GET /images/tkw.jpg HTTP/1.1" 200 64031 "http://www.mink-gmbh.de/" "Mozilla/5.0 (iPad; CPU OS 5_1 like Mac OS X) AppleWebKit/534.46 (KHTML, like Gecko) Version/5.1 Mobile/9B176 Safari/7534.48.3"
85.179.173.155 - - [01/Jun/2012:19:57:34 +0200] "GET /images/bg.jpg HTTP/1.1" 200 345 "http://www.mink-gmbh.de/" "Mozilla/5.0 (iPad; CPU OS 5_1 like Mac OS X) AppleWebKit/534.46 (KHTML, like Gecko) Version/5.1 Mobile/9B176 Safari/7534.48.3"
85.179.173.155 - - [01/Jun/2012:19:57:34 +0200] "GET /images/freecall.jpg HTTP/1.1" 200 39195 "http://www.mink-gmbh.de/" "Mozilla/5.0 (iPad; CPU OS 5_1 like Mac OS X) AppleWebKit/534.46 (KHTML, like Gecko) Version/5.1 Mobile/9B176 Safari/7534.48.3"
85.179.173.155 - - [01/Jun/2012:19:57:34 +0200] "GET /js_contentserver24_greybox/w_close.gif HTTP/1.1" 200 74 "http://www.mink-gmbh.de/" "Mozilla/5.0 (iPad; CPU OS 5_1 like Mac OS X) AppleWebKit/534.46 (KHTML, like Gecko) Version/5.1 Mobile/9B176 Safari/7534.48.3"
85.179.173.155 - - [01/Jun/2012:19:57:34 +0200] "GET /images/mail.jpg HTTP/1.1" 200 11165 "http://www.mink-gmbh.de/" "Mozilla/5.0 (iPad; CPU OS 5_1 like Mac OS X) AppleWebKit/534.46 (KHTML, like Gecko) Version/5.1 Mobile/9B176 Safari/7534.48.3"
85.179.173.155 - - [01/Jun/2012:19:57:34 +0200] "GET /images/kwk.gif HTTP/1.1" 200 6403 "http://www.mink-gmbh.de/" "Mozilla/5.0 (iPad; CPU OS 5_1 like Mac OS X) AppleWebKit/534.46 (KHTML, like Gecko) Version/5.1 Mobile/9B176 Safari/7534.48.3"
85.179.173.155 - - [01/Jun/2012:19:57:34 +0200] "GET /images/wunschpreis.jpg HTTP/1.1" 200 16767 "http://www.mink-gmbh.de/" "Mozilla/5.0 (iPad; CPU OS 5_1 like Mac OS X) AppleWebKit/534.46 (KHTML, like Gecko) Version/5.1 Mobile/9B176 Safari/7534.48.3"
85.179.173.155 - - [01/Jun/2012:19:57:34 +0200] "GET /images/close.png HTTP/1.1" 200 703 "http://www.mink-gmbh.de/" "Mozilla/5.0 (iPad; CPU OS 5_1 like Mac OS X) AppleWebKit/534.46 (KHTML, like Gecko) Version/5.1 Mobile/9B176 Safari/7534.48.3"
85.179.173.155 - - [01/Jun/2012:19:57:34 +0200] "GET /images/newsletter_bg.jpg HTTP/1.1" 200 33610 "http://www.mink-gmbh.de/" "Mozilla/5.0 (iPad; CPU OS 5_1 like Mac OS X) AppleWebKit/534.46 (KHTML, like Gecko) Version/5.1 Mobile/9B176 Safari/7534.48.3"
85.179.173.155 - - [01/Jun/2012:19:57:34 +0200] "GET /images/newsletter.png HTTP/1.1" 200 14619 "http://www.mink-gmbh.de/" "Mozilla/5.0 (iPad; CPU OS 5_1 like Mac OS X) AppleWebKit/534.46 (KHTML, like Gecko) Version/5.1 Mobile/9B176 Safari/7534.48.3"
85.179.173.155 - - [01/Jun/2012:19:57:34 +0200] "GET /images/wrapperbg.jpg HTTP/1.1" 200 27465 "http://www.mink-gmbh.de/" "Mozilla/5.0 (iPad; CPU OS 5_1 like Mac OS X) AppleWebKit/534.46 (KHTML, like Gecko) Version/5.1 Mobile/9B176 Safari/7534.48.3"
85.179.173.155 - - [01/Jun/2012:19:57:34 +0200] "GET /images/header.jpg HTTP/1.1" 200 24413 "http://www.mink-gmbh.de/" "Mozilla/5.0 (iPad; CPU OS 5_1 like Mac OS X) AppleWebKit/534.46 (KHTML, like Gecko) Version/5.1 Mobile/9B176 Safari/7534.48.3"
85.179.173.155 - - [01/Jun/2012:19:57:34 +0200] "GET /images/navibg.png HTTP/1.1" 200 2803 "http://www.mink-gmbh.de/" "Mozilla/5.0 (iPad; CPU OS 5_1 like Mac OS X) AppleWebKit/534.46 (KHTML, like Gecko) Version/5.1 Mobile/9B176 Safari/7534.48.3"
85.179.173.155 - - [01/Jun/2012:19:57:34 +0200] "GET /images/fallend.png HTTP/1.1" 200 713 "http://www.mink-gmbh.de/" "Mozilla/5.0 (iPad; CPU OS 5_1 like Mac OS X) AppleWebKit/534.46 (KHTML, like Gecko) Version/5.1 Mobile/9B176 Safari/7534.48.3"
85.179.173.155 - - [01/Jun/2012:19:57:34 +0200] "GET /images/steigend.png HTTP/1.1" 200 688 "http://www.mink-gmbh.de/" "Mozilla/5.0 (iPad; CPU OS 5_1 like Mac OS X) AppleWebKit/534.46 (KHTML, like Gecko) Version/5.1 Mobile/9B176 Safari/7534.48.3"
85.179.173.155 - - [01/Jun/2012:19:57:34 +0200] "GET /images/logos.jpg HTTP/1.1" 200 15002 "http://www.mink-gmbh.de/" "Mozilla/5.0 (iPad; CPU OS 5_1 like Mac OS X) AppleWebKit/534.46 (KHTML, like Gecko) Version/5.1 Mobile/9B176 Safari/7534.48.3"
85.179.173.155 - - [01/Jun/2012:19:57:34 +0200] "GET /images/mobil.jpg HTTP/1.1" 200 25293 "http://www.mink-gmbh.de/" "Mozilla/5.0 (iPad; CPU OS 5_1 like Mac OS X) AppleWebKit/534.46 (KHTML, like Gecko) Version/5.1 Mobile/9B176 Safari/7534.48.3"
85.179.173.155 - - [01/Jun/2012:19:57:34 +0200] "GET /images/newsletter.jpg HTTP/1.1" 200 13130 "http://www.mink-gmbh.de/" "Mozilla/5.0 (iPad; CPU OS 5_1 like Mac OS X) AppleWebKit/534.46 (KHTML, like Gecko) Version/5.1 Mobile/9B176 Safari/7534.48.3"
85.179.173.155 - - [01/Jun/2012:19:57:35 +0200] "GET /images/footerbg.jpg HTTP/1.1" 200 2184 "http://www.mink-gmbh.de/" "Mozilla/5.0 (iPad; CPU OS 5_1 like Mac OS X) AppleWebKit/534.46 (KHTML, like Gecko) Version/5.1 Mobile/9B176 Safari/7534.48.3"
85.179.173.155 - - [01/Jun/2012:19:57:35 +0200] "GET /js_contentserver24_greybox/header_bg.gif HTTP/1.1" 200 1188 "http://www.mink-gmbh.de/" "Mozilla/5.0 (iPad; CPU OS 5_1 like Mac OS X) AppleWebKit/534.46 (KHTML, like Gecko) Version/5.1 Mobile/9B176 Safari/7534.48.3"
85.179.173.155 - - [01/Jun/2012:19:57:35 +0200] "GET /js_contentserver24_greybox/loader_frame.html?s=0 HTTP/1.1" 200 2084 "http://www.mink-gmbh.de/" "Mozilla/5.0 (iPad; CPU OS 5_1 like Mac OS X) AppleWebKit/534.46 (KHTML, like Gecko) Version/5.1 Mobile/9B176 Safari/7534.48.3"
85.179.173.155 - - [01/Jun/2012:19:57:35 +0200] "GET /js_contentserver24_greybox/g_close.gif HTTP/1.1" 200 541 "http://www.mink-gmbh.de/" "Mozilla/5.0 (iPad; CPU OS 5_1 like Mac OS X) AppleWebKit/534.46 (KHTML, like Gecko) Version/5.1 Mobile/9B176 Safari/7534.48.3"
85.179.173.155 - - [01/Jun/2012:19:57:35 +0200] "GET /js_contentserver24_greybox/indicator.gif HTTP/1.1" 200 8238 "http://www.mink-gmbh.de/" "Mozilla/5.0 (iPad; CPU OS 5_1 like Mac OS X) AppleWebKit/534.46 (KHTML, like Gecko) Version/5.1 Mobile/9B176 Safari/7534.48.3"
85.179.173.155 - - [01/Jun/2012:19:58:04 +0200] "GET /newsletter.php HTTP/1.1" 200 8752 "http://www.mink-gmbh.de/" "Mozilla/5.0 (iPad; CPU OS 5_1 like Mac OS X) AppleWebKit/534.46 (KHTML, like Gecko) Version/5.1 Mobile/9B176 Safari/7534.48.3"
85.179.173.155 - - [01/Jun/2012:19:58:11 +0200] "GET /preisanfrage.php HTTP/1.1" 200 10549 "http://www.mink-gmbh.de/" "Mozilla/5.0 (iPad; CPU OS 5_1 like Mac OS X) AppleWebKit/534.46 (KHTML, like Gecko) Version/5.1 Mobile/9B176 Safari/7534.48.3"
85.179.173.155 - - [01/Jun/2012:19:58:20 +0200] "GET /newsletter.php HTTP/1.1" 200 8752 "http://www.mink-gmbh.de/" "Mozilla/5.0 (iPad; CPU OS 5_1 like Mac OS X) AppleWebKit/534.46 (KHTML, like Gecko) Version/5.1 Mobile/9B176 Safari/7534.48.3"
85.179.173.155 - - [01/Jun/2012:19:58:22 +0200] "GET /newsletter.php HTTP/1.1" 200 8752 "http://www.mink-gmbh.de/newsletter.php" "Mozilla/5.0 (iPad; CPU OS 5_1 like Mac OS X) AppleWebKit/534.46 (KHTML, like Gecko) Version/5.1 Mobile/9B176 Safari/7534.48.3"
66.249.71.70 - - [01/Jun/2012:20:04:50 +0200] "GET /news.php?cs_go=archiv&cs_id=2621&cs_search= HTTP/1.1" 200 10769 "-" "Mozilla/5.0 (compatible; Googlebot/2.1; +http://www.google.com/bot.html)"
66.249.71.70 - - [01/Jun/2012:20:04:56 +0200] "GET /news.php?cs_go=archiv&cs_id=2202&cs_search= HTTP/1.1" 200 13916 "-" "Mozilla/5.0 (compatible; Googlebot/2.1; +http://www.google.com/bot.html)"
66.249.71.70 - - [01/Jun/2012:20:05:29 +0200] "GET /news.php?cs_go=archiv&cs_id=2170&cs_search= HTTP/1.1" 200 13725 "-" "Mozilla/5.0 (compatible; Googlebot/2.1; +http://www.google.com/bot.html)"
66.249.71.70 - - [01/Jun/2012:20:14:59 +0200] "GET /news.php?cs_go=archiv&cs_id=2173&cs_search= HTTP/1.1" 200 10117 "-" "Mozilla/5.0 (compatible; Googlebot/2.1; +http://www.google.com/bot.html)"
66.249.71.70 - - [01/Jun/2012:20:15:00 +0200] "GET /news.php?cs_go=archiv&cs_id=2598&cs_search= HTTP/1.1" 200 13339 "-" "Mozilla/5.0 (compatible; Googlebot/2.1; +http://www.google.com/bot.html)"
66.249.71.70 - - [01/Jun/2012:20:15:02 +0200] "GET /news.php?cs_go=archiv&cs_id=2632&cs_search= HTTP/1.1" 200 9891 "-" "Mozilla/5.0 (compatible; Googlebot/2.1; +http://www.google.com/bot.html)"
66.249.71.70 - - [01/Jun/2012:20:17:00 +0200] "GET /news.php?cs_go=archiv&cs_id=2203&cs_search= HTTP/1.1" 200 9932 "-" "Mozilla/5.0 (compatible; Googlebot/2.1; +http://www.google.com/bot.html)"
66.249.71.70 - - [01/Jun/2012:20:24:33 +0200] "GET /news.php?cs_go=archiv&cs_id=2166&cs_search= HTTP/1.1" 200 13923 "-" "Mozilla/5.0 (compatible; Googlebot/2.1; +http://www.google.com/bot.html)"
66.249.71.70 - - [01/Jun/2012:20:24:33 +0200] "GET /news.php?cs_go=archiv&cs_id=2586&cs_search= HTTP/1.1" 200 12987 "-" "Mozilla/5.0 (compatible; Googlebot/2.1; +http://www.google.com/bot.html)"
66.249.71.70 - - [01/Jun/2012:20:25:38 +0200] "GET /news.php?cs_go=archiv&cs_id=2593&cs_search= HTTP/1.1" 200 10323 "-" "Mozilla/5.0 (compatible; Googlebot/2.1; +http://www.google.com/bot.html)"
123.125.71.28 - - [01/Jun/2012:20:30:11 +0200] "GET / HTTP/1.1" 200 8781 "-" "Mozilla/5.0 (compatible; Baiduspider/2.0; +http://www.baidu.com/search/spider.html)"
220.181.108.84 - - [01/Jun/2012:20:30:35 +0200] "GET / HTTP/1.1" 200 7797 "-" "Mozilla/5.0 (compatible; Baiduspider/2.0; +http://www.baidu.com/search/spider.html)"
66.249.71.70 - - [01/Jun/2012:20:34:26 +0200] "GET /news.php?cs_go=archiv&cs_id=2587&cs_search= HTTP/1.1" 200 9085 "-" "Mozilla/5.0 (compatible; Googlebot/2.1; +http://www.google.com/bot.html)"
66.249.71.70 - - [01/Jun/2012:20:36:33 +0200] "GET /news.php?cs_go=archiv&cs_id=2167&cs_search= HTTP/1.1" 200 10022 "-" "Mozilla/5.0 (compatible; Googlebot/2.1; +http://www.google.com/bot.html)"
66.249.71.70 - - [01/Jun/2012:20:39:47 +0200] "GET /news.php?cs_go=archiv&cs_id=2192&cs_search= HTTP/1.1" 200 10192 "-" "Mozilla/5.0 (compatible; Googlebot/2.1; +http://www.google.com/bot.html)"
66.249.71.70 - - [01/Jun/2012:20:42:49 +0200] "GET /news.php?cs_go=archiv&cs_id=2622&cs_search= HTTP/1.1" 200 13282 "-" "Mozilla/5.0 (compatible; Googlebot/2.1; +http://www.google.com/bot.html)"
66.249.71.70 - - [01/Jun/2012:20:44:09 +0200] "GET /news.php?cs_go=archiv&cs_id=2204&cs_search= HTTP/1.1" 200 16906 "-" "Mozilla/5.0 (compatible; Googlebot/2.1; +http://www.google.com/bot.html)"
66.249.71.70 - - [01/Jun/2012:20:44:09 +0200] "GET /news.php?cs_go=archiv&cs_id=2623&cs_search= HTTP/1.1" 200 9953 "-" "Mozilla/5.0 (compatible; Googlebot/2.1; +http://www.google.com/bot.html)"
66.249.71.70 - - [01/Jun/2012:20:45:48 +0200] "GET /news.php?cs_go=archiv&cs_id=2614&cs_search= HTTP/1.1" 200 13638 "-" "Mozilla/5.0 (compatible; Googlebot/2.1; +http://www.google.com/bot.html)"
66.249.71.70 - - [01/Jun/2012:20:53:42 +0200] "GET /robots.txt HTTP/1.1" 200 177 "-" "Mozilla/5.0 (compatible; Googlebot/2.1; +http://www.google.com/bot.html)"
66.249.71.70 - - [01/Jun/2012:20:53:42 +0200] "GET /news.php?cs_go=archiv&cs_id=2182&cs_search= HTTP/1.1" 200 13772 "-" "Mozilla/5.0 (compatible; Googlebot/2.1; +http://www.google.com/bot.html)"
66.249.71.70 - - [01/Jun/2012:20:53:42 +0200] "GET /news.php?cs_go=archiv&cs_id=2596&cs_search= HTTP/1.1" 200 10403 "-" "Mozilla/5.0 (compatible; Googlebot/2.1; +http://www.google.com/bot.html)"
66.249.71.70 - - [01/Jun/2012:20:54:27 +0200] "GET /news.php?cs_go=archiv&cs_id=2600&cs_search= HTTP/1.1" 200 12653 "-" "Mozilla/5.0 (compatible; Googlebot/2.1; +http://www.google.com/bot.html)"
66.249.71.70 - - [01/Jun/2012:20:59:27 +0200] "GET /news.php?cs_go=archiv&cs_id=2188&cs_search= HTTP/1.1" 200 13948 "-" "Mozilla/5.0 (compatible; Googlebot/2.1; +http://www.google.com/bot.html)"
66.249.71.70 - - [01/Jun/2012:21:03:35 +0200] "GET /news.php?cs_go=archiv&cs_id=2187&cs_search= HTTP/1.1" 200 9758 "-" "Mozilla/5.0 (compatible; Googlebot/2.1; +http://www.google.com/bot.html)"
66.249.71.70 - - [01/Jun/2012:21:03:36 +0200] "GET /news.php?cs_go=archiv&cs_id=2155&cs_search= HTTP/1.1" 200 10312 "-" "Mozilla/5.0 (compatible; Googlebot/2.1; +http://www.google.com/bot.html)"
208.115.113.91 - - [01/Jun/2012:21:05:04 +0200] "GET /robots.txt HTTP/1.1" 200 177 "-" "Mozilla/5.0 (compatible; Ezooms/1.0; ezooms.bot@gmail.com)"
66.249.71.70 - - [01/Jun/2012:21:05:58 +0200] "GET /news.php?cs_go=archiv&cs_id=2195&cs_search= HTTP/1.1" 200 13741 "-" "Mozilla/5.0 (compatible; Googlebot/2.1; +http://www.google.com/bot.html)"
66.249.71.70 - - [01/Jun/2012:21:13:30 +0200] "GET /news.php?cs_go=archiv&cs_id=2161&cs_search= HTTP/1.1" 200 10091 "-" "Mozilla/5.0 (compatible; Googlebot/2.1; +http://www.google.com/bot.html)"
66.249.71.70 - - [01/Jun/2012:21:13:31 +0200] "GET /news.php?cs_go=archiv&cs_id=2199&cs_search= HTTP/1.1" 200 14124 "-" "Mozilla/5.0 (compatible; Googlebot/2.1; +http://www.google.com/bot.html)"
66.249.71.70 - - [01/Jun/2012:21:14:37 +0200] "GET /news.php?cs_go=archiv&cs_id=2178&cs_search= HTTP/1.1" 200 12933 "-" "Mozilla/5.0 (compatible; Googlebot/2.1; +http://www.google.com/bot.html)"
65.36.241.79 - - [01/Jun/2012:21:18:36 +0200] "HEAD / HTTP/1.1" 200 - "-" "InternetSeer.com"
66.249.71.70 - - [01/Jun/2012:21:19:37 +0200] "GET /news.php?cs_go=archiv&cs_id=2611&cs_search= HTTP/1.1" 200 13289 "-" "Mozilla/5.0 (compatible; Googlebot/2.1; +http://www.google.com/bot.html)"
66.249.71.70 - - [01/Jun/2012:21:23:39 +0200] "GET /news.php?cs_go=archiv&cs_id=2592&cs_search= HTTP/1.1" 200 13509 "-" "Mozilla/5.0 (compatible; Googlebot/2.1; +http://www.google.com/bot.html)"
66.249.71.70 - - [01/Jun/2012:21:23:39 +0200] "GET /news.php?cs_go=archiv&cs_id=2193&cs_search= HTTP/1.1" 200 14096 "-" "Mozilla/5.0 (compatible; Googlebot/2.1; +http://www.google.com/bot.html)"
66.249.71.70 - - [01/Jun/2012:21:26:08 +0200] "GET /news.php?cs_go=archiv&cs_id=2637&cs_search= HTTP/1.1" 200 9821 "-" "Mozilla/5.0 (compatible; Googlebot/2.1; +http://www.google.com/bot.html)"
66.249.71.70 - - [01/Jun/2012:21:33:24 +0200] "GET /news.php?cs_go=archiv&cs_id=2196&cs_search= HTTP/1.1" 200 14263 "-" "Mozilla/5.0 (compatible; Googlebot/2.1; +http://www.google.com/bot.html)"
66.249.71.70 - - [01/Jun/2012:21:33:25 +0200] "GET /news.php?cs_go=archiv&cs_id=2613&cs_search= HTTP/1.1" 200 9668 "-" "Mozilla/5.0 (compatible; Googlebot/2.1; +http://www.google.com/bot.html)"
66.249.71.70 - - [01/Jun/2012:21:34:46 +0200] "GET /news.php?cs_go=archiv&cs_id=2185&cs_search= HTTP/1.1" 200 9939 "-" "Mozilla/5.0 (compatible; Googlebot/2.1; +http://www.google.com/bot.html)"
66.249.71.70 - - [01/Jun/2012:21:39:47 +0200] "GET /news.php?cs_go=archiv&cs_id=2197&cs_search= HTTP/1.1" 200 9635 "-" "Mozilla/5.0 (compatible; Googlebot/2.1; +http://www.google.com/bot.html)"
66.249.71.70 - - [01/Jun/2012:21:43:48 +0200] "GET /news.php?cs_go=archiv&cs_id=2625&cs_search= HTTP/1.1" 200 13149 "-" "Mozilla/5.0 (compatible; Googlebot/2.1; +http://www.google.com/bot.html)"
66.249.71.70 - - [01/Jun/2012:21:43:49 +0200] "GET /news.php?cs_go=archiv&cs_id=2172&cs_search= HTTP/1.1" 200 13836 "-" "Mozilla/5.0 (compatible; Googlebot/2.1; +http://www.google.com/bot.html)"
66.249.71.70 - - [01/Jun/2012:21:46:18 +0200] "GET /news.php?cs_go=archiv&cs_id=2594&cs_search= HTTP/1.1" 200 9852 "-" "Mozilla/5.0 (compatible; Googlebot/2.1; +http://www.google.com/bot.html)"
95.108.128.242 - - [01/Jun/2012:21:59:40 +0200] "GET /robots.txt HTTP/1.1" 200 177 "-" "Mozilla/5.0 (compatible; YandexBot/3.0; +http://yandex.com/bots)"
109.87.138.71 - - [01/Jun/2012:22:06:27 +0200] "GET /robots.txt HTTP/1.0" 200 177 "-" "Mozilla/5.0 (compatible; MJ12bot/v1.4.3; http://www.majestic12.co.uk/bot.php?+)"
109.87.138.71 - - [01/Jun/2012:22:06:29 +0200] "GET / HTTP/1.1" 200 15384 "-" "Mozilla/5.0 (compatible; MJ12bot/v1.4.3; http://www.majestic12.co.uk/bot.php?+)"
94.209.58.25 - - [01/Jun/2012:22:17:54 +0200] "GET /robots.txt HTTP/1.0" 200 177 "-" "Mozilla/5.0 (compatible; MJ12bot/v1.4.3; http://www.majestic12.co.uk/bot.php?+)"
94.209.58.25 - - [01/Jun/2012:22:17:56 +0200] "GET /agb.php HTTP/1.1" 200 19709 "-" "Mozilla/5.0 (compatible; MJ12bot/v1.4.3; http://www.majestic12.co.uk/bot.php?+)"
94.209.58.25 - - [01/Jun/2012:22:17:58 +0200] "GET /news.php?cs_go=archiv&cs_id=2678 HTTP/1.1" 200 9971 "-" "Mozilla/5.0 (compatible; MJ12bot/v1.4.3; http://www.majestic12.co.uk/bot.php?+)"
94.209.58.25 - - [01/Jun/2012:22:17:59 +0200] "GET /news.php?cs_go=archiv&cs_id=2679 HTTP/1.1" 200 10667 "-" "Mozilla/5.0 (compatible; MJ12bot/v1.4.3; http://www.majestic12.co.uk/bot.php?+)"
94.209.58.25 - - [01/Jun/2012:22:18:01 +0200] "GET /news.php?cs_go=archiv&cs_id=2680 HTTP/1.1" 200 13613 "-" "Mozilla/5.0 (compatible; MJ12bot/v1.4.3; http://www.majestic12.co.uk/bot.php?+)"
94.209.58.25 - - [01/Jun/2012:22:18:03 +0200] "GET /news.php?cs_go=archiv&cs_id=2681 HTTP/1.1" 200 10154 "-" "Mozilla/5.0 (compatible; MJ12bot/v1.4.3; http://www.majestic12.co.uk/bot.php?+)"
94.209.58.25 - - [01/Jun/2012:22:18:05 +0200] "GET /news.php?cs_go=archiv&cs_id=2682 HTTP/1.1" 200 10584 "-" "Mozilla/5.0 (compatible; MJ12bot/v1.4.3; http://www.majestic12.co.uk/bot.php?+)"
94.209.58.25 - - [01/Jun/2012:22:18:06 +0200] "GET /news.php?cs_go=archiv&cs_id=2683 HTTP/1.1" 200 13555 "-" "Mozilla/5.0 (compatible; MJ12bot/v1.4.3; http://www.majestic12.co.uk/bot.php?+)"
94.209.58.25 - - [01/Jun/2012:22:18:08 +0200] "GET /news.php?cs_go=archiv&cs_id=2684 HTTP/1.1" 200 10001 "-" "Mozilla/5.0 (compatible; MJ12bot/v1.4.3; http://www.majestic12.co.uk/bot.php?+)"
94.209.58.25 - - [01/Jun/2012:22:18:10 +0200] "GET /news.php?cs_go=archiv&cs_id=2685 HTTP/1.1" 200 9646 "-" "Mozilla/5.0 (compatible; MJ12bot/v1.4.3; http://www.majestic12.co.uk/bot.php?+)"
94.209.58.25 - - [01/Jun/2012:22:18:11 +0200] "GET /news.php?cs_go=archiv&cs_id=2686 HTTP/1.1" 200 10124 "-" "Mozilla/5.0 (compatible; MJ12bot/v1.4.3; http://www.majestic12.co.uk/bot.php?+)"
94.209.58.25 - - [01/Jun/2012:22:18:13 +0200] "GET /news.php?cs_go=archiv&cs_id=2687 HTTP/1.1" 200 10244 "-" "Mozilla/5.0 (compatible; MJ12bot/v1.4.3; http://www.majestic12.co.uk/bot.php?+)"
94.209.58.25 - - [01/Jun/2012:22:18:15 +0200] "GET /news.php?cs_go=archiv&cs_id=2688 HTTP/1.1" 200 13852 "-" "Mozilla/5.0 (compatible; MJ12bot/v1.4.3; http://www.majestic12.co.uk/bot.php?+)"
94.209.58.25 - - [01/Jun/2012:22:18:17 +0200] "GET /news.php?cs_go=archiv&cs_id=2689 HTTP/1.1" 200 10303 "-" "Mozilla/5.0 (compatible; MJ12bot/v1.4.3; http://www.majestic12.co.uk/bot.php?+)"
94.209.58.25 - - [01/Jun/2012:22:18:18 +0200] "GET /news.php?cs_go=archiv&cs_id=2690 HTTP/1.1" 200 10405 "-" "Mozilla/5.0 (compatible; MJ12bot/v1.4.3; http://www.majestic12.co.uk/bot.php?+)"
94.209.58.25 - - [01/Jun/2012:22:18:20 +0200] "GET /news.php?cs_go=archiv&cs_id=2691 HTTP/1.1" 200 13867 "-" "Mozilla/5.0 (compatible; MJ12bot/v1.4.3; http://www.majestic12.co.uk/bot.php?+)"
208.115.113.91 - - [01/Jun/2012:22:28:59 +0200] "GET /index.php HTTP/1.1" 200 15384 "-" "Mozilla/5.0 (compatible; Ezooms/1.0; ezooms.bot@gmail.com)"
208.115.113.91 - - [01/Jun/2012:22:29:03 +0200] "GET /lexikon.php?cs_go=2&cs_char=c HTTP/1.1" 200 8767 "-" "Mozilla/5.0 (compatible; Ezooms/1.0; ezooms.bot@gmail.com)"
208.115.113.91 - - [01/Jun/2012:22:29:05 +0200] "GET /lexikon.php?cs_go=3&cs_id=87 HTTP/1.1" 200 8278 "-" "Mozilla/5.0 (compatible; Ezooms/1.0; ezooms.bot@gmail.com)"
208.115.113.91 - - [01/Jun/2012:22:29:08 +0200] "GET /news.php?cs_go=archiv&cs_id=2796&cs_search= HTTP/1.1" 200 10510 "-" "Mozilla/5.0 (compatible; Ezooms/1.0; ezooms.bot@gmail.com)"
208.115.113.91 - - [01/Jun/2012:22:29:10 +0200] "GET /news.php?cs_go=archiv&cs_startpos=1020 HTTP/1.1" 200 23009 "-" "Mozilla/5.0 (compatible; Ezooms/1.0; ezooms.bot@gmail.com)"
130.83.167.153 - - [01/Jun/2012:22:42:20 +0200] "GET /rueckrufservice.php HTTP/1.1" 200 6900 "-" "findlinks/2.6 (+http://wortschatz.uni-leipzig.de/findlinks/)"
130.83.167.153 - - [01/Jun/2012:22:42:20 +0200] "GET /rueckrufservice.php HTTP/1.1" 200 10615 "-" "findlinks/2.6 (+http://wortschatz.uni-leipzig.de/findlinks/)"
95.108.128.242 - - [01/Jun/2012:23:13:45 +0200] "GET /optiplus.php HTTP/1.1" 200 11011 "-" "Mozilla/5.0 (compatible; YandexBot/3.0; +http://yandex.com/bots)"
66.249.71.70 - - [01/Jun/2012:23:43:22 +0200] "GET /news.php?cs_go=archiv&cs_startpos=540 HTTP/1.1" 200 22821 "-" "Mozilla/5.0 (compatible; Googlebot/2.1; +http://www.google.com/bot.html)"
66.249.71.70 - - [01/Jun/2012:23:44:24 +0200] "GET /news.php?cs_go=archiv&cs_startpos=530 HTTP/1.1" 200 22853 "-" "Mozilla/5.0 (compatible; Googlebot/2.1; +http://www.google.com/bot.html)"
66.249.71.70 - - [01/Jun/2012:23:49:25 +0200] "GET /news.php?cs_go=archiv&cs_startpos=710 HTTP/1.1" 200 22901 "-" "Mozilla/5.0 (compatible; Googlebot/2.1; +http://www.google.com/bot.html)"
66.249.71.70 - - [01/Jun/2012:23:53:24 +0200] "GET /news.php?cs_go=archiv&cs_startpos=510 HTTP/1.1" 200 23037 "-" "Mozilla/5.0 (compatible; Googlebot/2.1; +http://www.google.com/bot.html)"
66.249.71.70 - - [02/Jun/2012:00:03:43 +0200] "GET /news.php?cs_go=archiv&cs_startpos=720 HTTP/1.1" 200 22822 "-" "Mozilla/5.0 (compatible; Googlebot/2.1; +http://www.google.com/bot.html)"
66.249.71.70 - - [02/Jun/2012:00:09:35 +0200] "GET /news.php?cs_go=archiv&cs_startpos=730 HTTP/1.1" 200 23368 "-" "Mozilla/5.0 (compatible; Googlebot/2.1; +http://www.google.com/bot.html)"
66.249.71.70 - - [02/Jun/2012:00:14:02 +0200] "GET /news.php?cs_go=archiv&cs_startpos=550 HTTP/1.1" 200 22803 "-" "Mozilla/5.0 (compatible; Googlebot/2.1; +http://www.google.com/bot.html)"
66.249.71.70 - - [02/Jun/2012:00:14:04 +0200] "GET /news.php?cs_go=archiv&cs_startpos=740 HTTP/1.1" 200 23048 "-" "Mozilla/5.0 (compatible; Googlebot/2.1; +http://www.google.com/bot.html)"
66.249.71.70 - - [02/Jun/2012:00:16:05 +0200] "GET /news.php?cs_go=archiv&cs_startpos=750 HTTP/1.1" 200 23173 "-" "Mozilla/5.0 (compatible; Googlebot/2.1; +http://www.google.com/bot.html)"
66.249.71.70 - - [02/Jun/2012:00:33:59 +0200] "GET /news.php?cs_go=archiv&cs_startpos=520 HTTP/1.1" 200 22972 "-" "Mozilla/5.0 (compatible; Googlebot/2.1; +http://www.google.com/bot.html)"
208.115.113.91 - - [02/Jun/2012:00:40:35 +0200] "GET /robots.txt HTTP/1.1" 200 177 "-" "Mozilla/5.0 (compatible; Ezooms/1.0; ezooms.bot@gmail.com)"
95.108.128.242 - - [02/Jun/2012:01:13:39 +0200] "GET /impressum.php HTTP/1.1" 200 8944 "-" "Mozilla/5.0 (compatible; YandexBot/3.0; +http://yandex.com/bots)"
208.115.113.91 - - [02/Jun/2012:02:05:42 +0200] "GET /lexikon.php?cs_go=2&cs_char=a HTTP/1.1" 200 9734 "-" "Mozilla/5.0 (compatible; Ezooms/1.0; ezooms.bot@gmail.com)"
208.115.113.91 - - [02/Jun/2012:02:05:46 +0200] "GET /lexikon.php?cs_go=3&cs_id=138 HTTP/1.1" 200 8841 "-" "Mozilla/5.0 (compatible; Ezooms/1.0; ezooms.bot@gmail.com)"
66.249.71.70 - - [02/Jun/2012:02:07:28 +0200] "GET /news.php?cs_go=archiv&cs_startpos=0 HTTP/1.1" 200 22413 "-" "Mozilla/5.0 (compatible; Googlebot/2.1; +http://www.google.com/bot.html)"
66.249.71.70 - - [02/Jun/2012:02:30:12 +0200] "GET /news.php?cs_go=archiv&cs_id=3126&cs_search= HTTP/1.1" 200 14008 "-" "Mozilla/5.0 (compatible; Googlebot/2.1; +http://www.google.com/bot.html)"
66.249.71.70 - - [02/Jun/2012:02:46:09 +0200] "GET /rueckrufservice.php HTTP/1.1" 200 10702 "-" "Mozilla/5.0 (compatible; Googlebot/2.1; +http://www.google.com/bot.html)"
66.249.71.70 - - [02/Jun/2012:02:53:48 +0200] "GET /kontakt.php HTTP/1.1" 200 9127 "-" "Mozilla/5.0 (compatible; Googlebot/2.1; +http://www.google.com/bot.html)"
65.36.241.79 - - [02/Jun/2012:03:05:29 +0200] "HEAD / HTTP/1.1" 200 - "-" "InternetSeer.com"
216.145.17.190 - - [02/Jun/2012:03:08:50 +0200] "GET /robots.txt HTTP/1.0" 200 177 "-" "Mozilla/5.0 (Windows; U; Windows NT 5.1; en; rv:1.9.0.13) Gecko/2009073022 Firefox/3.5.2 (.NET CLR 3.5.30729) SurveyBot/2.3 (DomainTools)"
216.145.17.190 - - [02/Jun/2012:03:08:50 +0200] "GET / HTTP/1.1" 200 15384 "http://whois.domaintools.com/mink-gmbh.de" "Mozilla/5.0 (Windows; U; Windows NT 5.1; en; rv:1.9.0.13) Gecko/2009073022 Firefox/3.5.2 (.NET CLR 3.5.30729) SurveyBot/2.3 (DomainTools)"
207.46.13.144 - - [02/Jun/2012:03:51:13 +0200] "GET /robots.txt HTTP/1.1" 200 177 "-" "Mozilla/5.0 (compatible; bingbot/2.0; +http://www.bing.com/bingbot.htm)"
66.249.71.70 - - [02/Jun/2012:03:51:53 +0200] "GET /preisanfrage.php HTTP/1.1" 200 10636 "-" "Mozilla/5.0 (compatible; Googlebot/2.1; +http://www.google.com/bot.html)"
207.46.13.144 - - [02/Jun/2012:03:51:54 +0200] "GET / HTTP/1.1" 200 15384 "-" "Mozilla/5.0 (compatible; bingbot/2.0; +http://www.bing.com/bingbot.htm)"
66.249.71.70 - - [02/Jun/2012:04:05:06 +0200] "GET /agb.php HTTP/1.1" 200 19709 "-" "Mozilla/5.0 (compatible; Googlebot/2.1; +http://www.google.com/bot.html)"
66.249.71.70 - - [02/Jun/2012:04:15:50 +0200] "GET /wunschpreis.php HTTP/1.1" 200 11985 "-" "Mozilla/5.0 (compatible; Googlebot/2.1; +http://www.google.com/bot.html)"
208.115.113.91 - - [02/Jun/2012:04:19:48 +0200] "GET /robots.txt HTTP/1.1" 200 177 "-" "Mozilla/5.0 (compatible; Ezooms/1.0; ezooms.bot@gmail.com)"
66.249.71.70 - - [02/Jun/2012:04:34:06 +0200] "GET /news.php HTTP/1.1" 200 22413 "-" "Mozilla/5.0 (compatible; Googlebot/2.1; +http://www.google.com/bot.html)"
130.83.167.153 - - [02/Jun/2012:05:15:23 +0200] "GET /standard.php HTTP/1.1" 200 7082 "-" "findlinks/2.6 (+http://wortschatz.uni-leipzig.de/findlinks/)"
130.83.167.153 - - [02/Jun/2012:05:15:23 +0200] "GET /standard.php HTTP/1.1" 200 9063 "-" "findlinks/2.6 (+http://wortschatz.uni-leipzig.de/findlinks/)"
139.18.2.17 - - [02/Jun/2012:05:43:30 +0200] "GET /wunschpreis.php HTTP/1.1" 200 5105 "-" "findlinks/2.6 (+http://wortschatz.uni-leipzig.de/findlinks/)"
139.18.2.17 - - [02/Jun/2012:05:43:30 +0200] "GET /wunschpreis.php HTTP/1.1" 200 11898 "-" "findlinks/2.6 (+http://wortschatz.uni-leipzig.de/findlinks/)"
66.249.71.70 - - [02/Jun/2012:05:45:56 +0200] "GET /news.php?cs_go=archiv&cs_id=2823&cs_search= HTTP/1.1" 200 13602 "-" "Mozilla/5.0 (compatible; Googlebot/2.1; +http://www.google.com/bot.html)"
208.115.113.91 - - [02/Jun/2012:05:47:45 +0200] "GET /news.php?cs_go=archiv&cs_id=1809&cs_search= HTTP/1.1" 200 10097 "-" "Mozilla/5.0 (compatible; Ezooms/1.0; ezooms.bot@gmail.com)"
208.115.113.91 - - [02/Jun/2012:05:47:47 +0200] "GET /news.php?cs_go=archiv&cs_id=2782&cs_search= HTTP/1.1" 200 12064 "-" "Mozilla/5.0 (compatible; Ezooms/1.0; ezooms.bot@gmail.com)"
208.115.113.91 - - [02/Jun/2012:05:47:50 +0200] "GET /news.php?cs_go=archiv&cs_id=2886&cs_search= HTTP/1.1" 200 10277 "-" "Mozilla/5.0 (compatible; Ezooms/1.0; ezooms.bot@gmail.com)"
208.115.113.91 - - [02/Jun/2012:05:47:52 +0200] "GET /news.php?cs_go=archiv&cs_startpos=100 HTTP/1.1" 200 23047 "-" "Mozilla/5.0 (compatible; Ezooms/1.0; ezooms.bot@gmail.com)"
123.125.71.13 - - [02/Jun/2012:07:27:50 +0200] "GET / HTTP/1.1" 200 15384 "-" "Mozilla/5.0 (compatible; Baiduspider/2.0; +http://www.baidu.com/search/spider.html)"
220.181.108.90 - - [02/Jun/2012:07:28:11 +0200] "GET / HTTP/1.1" 200 13400 "-" "Mozilla/5.0 (compatible; Baiduspider/2.0; +http://www.baidu.com/search/spider.html)"
65.36.241.79 - - [02/Jun/2012:07:49:35 +0200] "HEAD / HTTP/1.1" 200 - "-" "InternetSeer.com"
66.249.71.70 - - [02/Jun/2012:08:20:33 +0200] "GET /news.php?cs_go=archiv&cs_id=2984 HTTP/1.1" 200 11528 "-" "Mozilla/5.0 (compatible; Googlebot/2.1; +http://www.google.com/bot.html)"
84.189.44.156 - - [02/Jun/2012:08:23:16 +0200] "GET /style.css HTTP/1.1" 200 8418 "http://www.mink-gmbh.de/" "Mozilla/5.0 (Windows NT 6.1) AppleWebKit/536.5 (KHTML, like Gecko) Chrome/19.0.1084.52 Safari/536.5"
84.189.44.156 - - [02/Jun/2012:08:23:16 +0200] "GET /js_contentserver24_greybox/gb_styles.css HTTP/1.1" 200 2302 "http://www.mink-gmbh.de/" "Mozilla/5.0 (Windows NT 6.1) AppleWebKit/536.5 (KHTML, like Gecko) Chrome/19.0.1084.52 Safari/536.5"
84.189.44.156 - - [02/Jun/2012:08:23:16 +0200] "GET /js_contentserver24_greybox/AJS.js HTTP/1.1" 200 10396 "http://www.mink-gmbh.de/" "Mozilla/5.0 (Windows NT 6.1) AppleWebKit/536.5 (KHTML, like Gecko) Chrome/19.0.1084.52 Safari/536.5"
84.189.44.156 - - [02/Jun/2012:08:23:16 +0200] "GET /js_contentserver24_greybox/AJS_fx.js HTTP/1.1" 200 3192 "http://www.mink-gmbh.de/" "Mozilla/5.0 (Windows NT 6.1) AppleWebKit/536.5 (KHTML, like Gecko) Chrome/19.0.1084.52 Safari/536.5"
84.189.44.156 - - [02/Jun/2012:08:23:16 +0200] "GET /js_contentserver24_greybox/gb_scripts.js HTTP/1.1" 200 11913 "http://www.mink-gmbh.de/" "Mozilla/5.0 (Windows NT 6.1) AppleWebKit/536.5 (KHTML, like Gecko) Chrome/19.0.1084.52 Safari/536.5"
84.189.44.156 - - [02/Jun/2012:08:23:16 +0200] "GET /modul.css HTTP/1.1" 200 35038 "http://www.mink-gmbh.de/" "Mozilla/5.0 (Windows NT 6.1) AppleWebKit/536.5 (KHTML, like Gecko) Chrome/19.0.1084.52 Safari/536.5"
84.189.44.156 - - [02/Jun/2012:08:23:15 +0200] "GET / HTTP/1.1" 200 15384 "http://www.google.de/url?sa=t&rct=j&q=%C3%B6lpreis+berlin+otenergie&source=web&cd=6&ved=0CKcBEBYwBQ&url=http%3A%2F%2Fwww.mink-gmbh.de%2F&ei=2bDJT_fbGs3RsgaSlsDvBg&usg=AFQjCNFHX4Iglls9oo-KYXTmDUV_5KOVIg" "Mozilla/5.0 (Windows NT 6.1) AppleWebKit/536.5 (KHTML, like Gecko) Chrome/19.0.1084.52 Safari/536.5"
84.189.44.156 - - [02/Jun/2012:08:23:16 +0200] "GET /images/bg.jpg HTTP/1.1" 200 345 "http://www.mink-gmbh.de/" "Mozilla/5.0 (Windows NT 6.1) AppleWebKit/536.5 (KHTML, like Gecko) Chrome/19.0.1084.52 Safari/536.5"
84.189.44.156 - - [02/Jun/2012:08:23:16 +0200] "GET /js_contentserver24_greybox/w_close.gif HTTP/1.1" 200 74 "http://www.mink-gmbh.de/" "Mozilla/5.0 (Windows NT 6.1) AppleWebKit/536.5 (KHTML, like Gecko) Chrome/19.0.1084.52 Safari/536.5"
84.189.44.156 - - [02/Jun/2012:08:23:16 +0200] "GET /images/close.png HTTP/1.1" 200 703 "http://www.mink-gmbh.de/" "Mozilla/5.0 (Windows NT 6.1) AppleWebKit/536.5 (KHTML, like Gecko) Chrome/19.0.1084.52 Safari/536.5"
84.189.44.156 - - [02/Jun/2012:08:23:16 +0200] "GET /images/newsletter_bg.jpg HTTP/1.1" 200 33610 "http://www.mink-gmbh.de/" "Mozilla/5.0 (Windows NT 6.1) AppleWebKit/536.5 (KHTML, like Gecko) Chrome/19.0.1084.52 Safari/536.5"
84.189.44.156 - - [02/Jun/2012:08:23:16 +0200] "GET /images/newsletter.png HTTP/1.1" 200 14619 "http://www.mink-gmbh.de/" "Mozilla/5.0 (Windows NT 6.1) AppleWebKit/536.5 (KHTML, like Gecko) Chrome/19.0.1084.52 Safari/536.5"
84.189.44.156 - - [02/Jun/2012:08:23:16 +0200] "GET /images/wrapperbg.jpg HTTP/1.1" 200 27465 "http://www.mink-gmbh.de/" "Mozilla/5.0 (Windows NT 6.1) AppleWebKit/536.5 (KHTML, like Gecko) Chrome/19.0.1084.52 Safari/536.5"
84.189.44.156 - - [02/Jun/2012:08:23:16 +0200] "GET /images/header.jpg HTTP/1.1" 200 24413 "http://www.mink-gmbh.de/" "Mozilla/5.0 (Windows NT 6.1) AppleWebKit/536.5 (KHTML, like Gecko) Chrome/19.0.1084.52 Safari/536.5"
84.189.44.156 - - [02/Jun/2012:08:23:16 +0200] "GET /images/navibg.png HTTP/1.1" 200 2803 "http://www.mink-gmbh.de/" "Mozilla/5.0 (Windows NT 6.1) AppleWebKit/536.5 (KHTML, like Gecko) Chrome/19.0.1084.52 Safari/536.5"
84.189.44.156 - - [02/Jun/2012:08:23:16 +0200] "GET /images/fallend.png HTTP/1.1" 200 713 "http://www.mink-gmbh.de/" "Mozilla/5.0 (Windows NT 6.1) AppleWebKit/536.5 (KHTML, like Gecko) Chrome/19.0.1084.52 Safari/536.5"
84.189.44.156 - - [02/Jun/2012:08:23:16 +0200] "GET /images/steigend.png HTTP/1.1" 200 688 "http://www.mink-gmbh.de/" "Mozilla/5.0 (Windows NT 6.1) AppleWebKit/536.5 (KHTML, like Gecko) Chrome/19.0.1084.52 Safari/536.5"
84.189.44.156 - - [02/Jun/2012:08:23:17 +0200] "GET /images/mobil.jpg HTTP/1.1" 200 25293 "http://www.mink-gmbh.de/" "Mozilla/5.0 (Windows NT 6.1) AppleWebKit/536.5 (KHTML, like Gecko) Chrome/19.0.1084.52 Safari/536.5"
84.189.44.156 - - [02/Jun/2012:08:23:17 +0200] "GET /images/newsletter.jpg HTTP/1.1" 200 13130 "http://www.mink-gmbh.de/" "Mozilla/5.0 (Windows NT 6.1) AppleWebKit/536.5 (KHTML, like Gecko) Chrome/19.0.1084.52 Safari/536.5"
84.189.44.156 - - [02/Jun/2012:08:23:16 +0200] "GET /images/tkw.jpg HTTP/1.1" 200 64031 "http://www.mink-gmbh.de/" "Mozilla/5.0 (Windows NT 6.1) AppleWebKit/536.5 (KHTML, like Gecko) Chrome/19.0.1084.52 Safari/536.5"
84.189.44.156 - - [02/Jun/2012:08:23:17 +0200] "GET /js_contentserver24_greybox/loader_frame.html?s=0 HTTP/1.1" 200 2084 "http://www.mink-gmbh.de/" "Mozilla/5.0 (Windows NT 6.1) AppleWebKit/536.5 (KHTML, like Gecko) Chrome/19.0.1084.52 Safari/536.5"
84.189.44.156 - - [02/Jun/2012:08:23:17 +0200] "GET /images/freecall.jpg HTTP/1.1" 200 39195 "http://www.mink-gmbh.de/" "Mozilla/5.0 (Windows NT 6.1) AppleWebKit/536.5 (KHTML, like Gecko) Chrome/19.0.1084.52 Safari/536.5"
84.189.44.156 - - [02/Jun/2012:08:23:17 +0200] "GET /images/mail.jpg HTTP/1.1" 200 11165 "http://www.mink-gmbh.de/" "Mozilla/5.0 (Windows NT 6.1) AppleWebKit/536.5 (KHTML, like Gecko) Chrome/19.0.1084.52 Safari/536.5"
84.189.44.156 - - [02/Jun/2012:08:23:17 +0200] "GET /images/kwk.gif HTTP/1.1" 200 6403 "http://www.mink-gmbh.de/" "Mozilla/5.0 (Windows NT 6.1) AppleWebKit/536.5 (KHTML, like Gecko) Chrome/19.0.1084.52 Safari/536.5"
84.189.44.156 - - [02/Jun/2012:08:23:17 +0200] "GET /images/wunschpreis.jpg HTTP/1.1" 200 16767 "http://www.mink-gmbh.de/" "Mozilla/5.0 (Windows NT 6.1) AppleWebKit/536.5 (KHTML, like Gecko) Chrome/19.0.1084.52 Safari/536.5"
84.189.44.156 - - [02/Jun/2012:08:23:17 +0200] "GET /images/logos.jpg HTTP/1.1" 200 15002 "http://www.mink-gmbh.de/" "Mozilla/5.0 (Windows NT 6.1) AppleWebKit/536.5 (KHTML, like Gecko) Chrome/19.0.1084.52 Safari/536.5"
84.189.44.156 - - [02/Jun/2012:08:23:17 +0200] "GET /images/footerbg.jpg HTTP/1.1" 200 2184 "http://www.mink-gmbh.de/" "Mozilla/5.0 (Windows NT 6.1) AppleWebKit/536.5 (KHTML, like Gecko) Chrome/19.0.1084.52 Safari/536.5"
84.189.44.156 - - [02/Jun/2012:08:23:17 +0200] "GET /js_contentserver24_greybox/header_bg.gif HTTP/1.1" 200 1188 "http://www.mink-gmbh.de/" "Mozilla/5.0 (Windows NT 6.1) AppleWebKit/536.5 (KHTML, like Gecko) Chrome/19.0.1084.52 Safari/536.5"
84.189.44.156 - - [02/Jun/2012:08:23:17 +0200] "GET /js_contentserver24_greybox/indicator.gif HTTP/1.1" 200 8238 "http://www.mink-gmbh.de/js_contentserver24_greybox/loader_frame.html?s=0" "Mozilla/5.0 (Windows NT 6.1) AppleWebKit/536.5 (KHTML, like Gecko) Chrome/19.0.1084.52 Safari/536.5"
84.189.44.156 - - [02/Jun/2012:08:23:18 +0200] "GET /js_contentserver24_greybox/g_close.gif HTTP/1.1" 200 541 "http://www.mink-gmbh.de/" "Mozilla/5.0 (Windows NT 6.1) AppleWebKit/536.5 (KHTML, like Gecko) Chrome/19.0.1084.52 Safari/536.5"
84.189.44.156 - - [02/Jun/2012:08:23:18 +0200] "GET /favicon.ico HTTP/1.1" 200 3638 "-" "Mozilla/5.0 (Windows NT 6.1) AppleWebKit/536.5 (KHTML, like Gecko) Chrome/19.0.1084.52 Safari/536.5"
84.189.44.156 - - [02/Jun/2012:08:24:06 +0200] "GET /preisanfrage.php HTTP/1.1" 200 10549 "http://www.mink-gmbh.de/" "Mozilla/5.0 (Windows NT 6.1) AppleWebKit/536.5 (KHTML, like Gecko) Chrome/19.0.1084.52 Safari/536.5"
84.189.44.156 - - [02/Jun/2012:08:24:11 +0200] "GET / HTTP/1.1" 200 14649 "http://www.google.de/url?sa=t&rct=j&q=%C3%B6lpreis+berlin+otenergie&source=web&cd=6&ved=0CKcBEBYwBQ&url=http%3A%2F%2Fwww.mink-gmbh.de%2F&ei=2bDJT_fbGs3RsgaSlsDvBg&usg=AFQjCNFHX4Iglls9oo-KYXTmDUV_5KOVIg" "Mozilla/5.0 (Windows NT 6.1) AppleWebKit/536.5 (KHTML, like Gecko) Chrome/19.0.1084.52 Safari/536.5"
84.189.44.156 - - [02/Jun/2012:08:24:14 +0200] "GET /standard.php HTTP/1.1" 200 9063 "http://www.mink-gmbh.de/" "Mozilla/5.0 (Windows NT 6.1) AppleWebKit/536.5 (KHTML, like Gecko) Chrome/19.0.1084.52 Safari/536.5"
84.189.44.156 - - [02/Jun/2012:08:24:49 +0200] "GET / HTTP/1.1" 200 14649 "http://www.google.de/url?sa=t&rct=j&q=%C3%B6lpreis+berlin+otenergie&source=web&cd=6&ved=0CKcBEBYwBQ&url=http%3A%2F%2Fwww.mink-gmbh.de%2F&ei=2bDJT_fbGs3RsgaSlsDvBg&usg=AFQjCNFHX4Iglls9oo-KYXTmDUV_5KOVIg" "Mozilla/5.0 (Windows NT 6.1) AppleWebKit/536.5 (KHTML, like Gecko) Chrome/19.0.1084.52 Safari/536.5"
89.247.61.16 - - [02/Jun/2012:08:42:50 +0200] "GET /style.css HTTP/1.1" 200 8418 "http://www.mink-gmbh.de/index.php" "Mozilla/5.0 (Windows NT 6.1; rv:12.0) Gecko/20100101 Firefox/12.0"
89.247.61.16 - - [02/Jun/2012:08:42:50 +0200] "GET /modul.css HTTP/1.1" 200 35038 "http://www.mink-gmbh.de/index.php" "Mozilla/5.0 (Windows NT 6.1; rv:12.0) Gecko/20100101 Firefox/12.0"
89.247.61.16 - - [02/Jun/2012:08:42:50 +0200] "GET /favicon.ico HTTP/1.1" 200 3638 "-" "Mozilla/5.0 (Windows NT 6.1; rv:12.0) Gecko/20100101 Firefox/12.0"
89.247.61.16 - - [02/Jun/2012:08:42:50 +0200] "GET /js_contentserver24_greybox/gb_styles.css HTTP/1.1" 200 2302 "http://www.mink-gmbh.de/index.php" "Mozilla/5.0 (Windows NT 6.1; rv:12.0) Gecko/20100101 Firefox/12.0"
89.247.61.16 - - [02/Jun/2012:08:42:50 +0200] "GET /js_contentserver24_greybox/AJS.js HTTP/1.1" 200 10396 "http://www.mink-gmbh.de/index.php" "Mozilla/5.0 (Windows NT 6.1; rv:12.0) Gecko/20100101 Firefox/12.0"
89.247.61.16 - - [02/Jun/2012:08:42:50 +0200] "GET /js_contentserver24_greybox/AJS_fx.js HTTP/1.1" 200 3192 "http://www.mink-gmbh.de/index.php" "Mozilla/5.0 (Windows NT 6.1; rv:12.0) Gecko/20100101 Firefox/12.0"
89.247.61.16 - - [02/Jun/2012:08:42:50 +0200] "GET /js_contentserver24_greybox/gb_scripts.js HTTP/1.1" 200 11913 "http://www.mink-gmbh.de/index.php" "Mozilla/5.0 (Windows NT 6.1; rv:12.0) Gecko/20100101 Firefox/12.0"
89.247.61.16 - - [02/Jun/2012:08:42:51 +0200] "GET /images/bg.jpg HTTP/1.1" 200 345 "http://www.mink-gmbh.de/style.css" "Mozilla/5.0 (Windows NT 6.1; rv:12.0) Gecko/20100101 Firefox/12.0"
89.247.61.16 - - [02/Jun/2012:08:42:51 +0200] "GET /js_contentserver24_greybox/w_close.gif HTTP/1.1" 200 74 "http://www.mink-gmbh.de/index.php" "Mozilla/5.0 (Windows NT 6.1; rv:12.0) Gecko/20100101 Firefox/12.0"
89.247.61.16 - - [02/Jun/2012:08:42:51 +0200] "GET /images/close.png HTTP/1.1" 200 703 "http://www.mink-gmbh.de/index.php" "Mozilla/5.0 (Windows NT 6.1; rv:12.0) Gecko/20100101 Firefox/12.0"
89.247.61.16 - - [02/Jun/2012:08:42:51 +0200] "GET /images/newsletter_bg.jpg HTTP/1.1" 200 33610 "http://www.mink-gmbh.de/index.php" "Mozilla/5.0 (Windows NT 6.1; rv:12.0) Gecko/20100101 Firefox/12.0"
89.247.61.16 - - [02/Jun/2012:08:42:51 +0200] "GET /images/newsletter.png HTTP/1.1" 200 14619 "http://www.mink-gmbh.de/style.css" "Mozilla/5.0 (Windows NT 6.1; rv:12.0) Gecko/20100101 Firefox/12.0"
89.247.61.16 - - [02/Jun/2012:08:42:51 +0200] "GET /images/wrapperbg.jpg HTTP/1.1" 200 27465 "http://www.mink-gmbh.de/style.css" "Mozilla/5.0 (Windows NT 6.1; rv:12.0) Gecko/20100101 Firefox/12.0"
89.247.61.16 - - [02/Jun/2012:08:42:50 +0200] "GET /index.php HTTP/1.1" 200 15384 "-" "Mozilla/5.0 (Windows NT 6.1; rv:12.0) Gecko/20100101 Firefox/12.0"
89.247.61.16 - - [02/Jun/2012:08:42:51 +0200] "GET /images/header.jpg HTTP/1.1" 200 24413 "http://www.mink-gmbh.de/style.css" "Mozilla/5.0 (Windows NT 6.1; rv:12.0) Gecko/20100101 Firefox/12.0"
89.247.61.16 - - [02/Jun/2012:08:42:51 +0200] "GET /images/navibg.png HTTP/1.1" 200 2803 "http://www.mink-gmbh.de/style.css" "Mozilla/5.0 (Windows NT 6.1; rv:12.0) Gecko/20100101 Firefox/12.0"
89.247.61.16 - - [02/Jun/2012:08:42:51 +0200] "GET /images/tkw.jpg HTTP/1.1" 200 64031 "http://www.mink-gmbh.de/index.php" "Mozilla/5.0 (Windows NT 6.1; rv:12.0) Gecko/20100101 Firefox/12.0"
89.247.61.16 - - [02/Jun/2012:08:42:51 +0200] "GET /images/fallend.png HTTP/1.1" 200 713 "http://www.mink-gmbh.de/modul.css" "Mozilla/5.0 (Windows NT 6.1; rv:12.0) Gecko/20100101 Firefox/12.0"
89.247.61.16 - - [02/Jun/2012:08:42:51 +0200] "GET /images/steigend.png HTTP/1.1" 200 688 "http://www.mink-gmbh.de/modul.css" "Mozilla/5.0 (Windows NT 6.1; rv:12.0) Gecko/20100101 Firefox/12.0"
89.247.61.16 - - [02/Jun/2012:08:42:51 +0200] "GET /images/mobil.jpg HTTP/1.1" 200 25293 "http://www.mink-gmbh.de/style.css" "Mozilla/5.0 (Windows NT 6.1; rv:12.0) Gecko/20100101 Firefox/12.0"
89.247.61.16 - - [02/Jun/2012:08:42:51 +0200] "GET /images/newsletter.jpg HTTP/1.1" 200 13130 "http://www.mink-gmbh.de/style.css" "Mozilla/5.0 (Windows NT 6.1; rv:12.0) Gecko/20100101 Firefox/12.0"
89.247.61.16 - - [02/Jun/2012:08:42:51 +0200] "GET /images/freecall.jpg HTTP/1.1" 200 39195 "http://www.mink-gmbh.de/index.php" "Mozilla/5.0 (Windows NT 6.1; rv:12.0) Gecko/20100101 Firefox/12.0"
89.247.61.16 - - [02/Jun/2012:08:42:51 +0200] "GET /images/mail.jpg HTTP/1.1" 200 11165 "http://www.mink-gmbh.de/index.php" "Mozilla/5.0 (Windows NT 6.1; rv:12.0) Gecko/20100101 Firefox/12.0"
89.247.61.16 - - [02/Jun/2012:08:42:51 +0200] "GET /images/kwk.gif HTTP/1.1" 200 6403 "http://www.mink-gmbh.de/index.php" "Mozilla/5.0 (Windows NT 6.1; rv:12.0) Gecko/20100101 Firefox/12.0"
89.247.61.16 - - [02/Jun/2012:08:42:51 +0200] "GET /images/wunschpreis.jpg HTTP/1.1" 200 16767 "http://www.mink-gmbh.de/index.php" "Mozilla/5.0 (Windows NT 6.1; rv:12.0) Gecko/20100101 Firefox/12.0"
89.247.61.16 - - [02/Jun/2012:08:42:51 +0200] "GET /images/logos.jpg HTTP/1.1" 200 15002 "http://www.mink-gmbh.de/index.php" "Mozilla/5.0 (Windows NT 6.1; rv:12.0) Gecko/20100101 Firefox/12.0"
89.247.61.16 - - [02/Jun/2012:08:42:51 +0200] "GET /images/footerbg.jpg HTTP/1.1" 200 2184 "http://www.mink-gmbh.de/style.css" "Mozilla/5.0 (Windows NT 6.1; rv:12.0) Gecko/20100101 Firefox/12.0"
89.247.61.16 - - [02/Jun/2012:08:42:51 +0200] "GET /js_contentserver24_greybox/header_bg.gif HTTP/1.1" 200 1188 "http://www.mink-gmbh.de/index.php" "Mozilla/5.0 (Windows NT 6.1; rv:12.0) Gecko/20100101 Firefox/12.0"
89.247.61.16 - - [02/Jun/2012:08:42:51 +0200] "GET /js_contentserver24_greybox/g_close.gif HTTP/1.1" 200 541 "http://www.mink-gmbh.de/index.php" "Mozilla/5.0 (Windows NT 6.1; rv:12.0) Gecko/20100101 Firefox/12.0"
89.247.61.16 - - [02/Jun/2012:08:42:51 +0200] "GET /js_contentserver24_greybox/indicator.gif HTTP/1.1" 200 8238 "http://www.mink-gmbh.de/index.php" "Mozilla/5.0 (Windows NT 6.1; rv:12.0) Gecko/20100101 Firefox/12.0"
89.247.61.16 - - [02/Jun/2012:08:42:52 +0200] "GET /js_contentserver24_greybox/loader_frame.html?s=0 HTTP/1.1" 200 2084 "http://www.mink-gmbh.de/index.php" "Mozilla/5.0 (Windows NT 6.1; rv:12.0) Gecko/20100101 Firefox/12.0"
95.108.128.242 - - [02/Jun/2012:08:49:40 +0200] "GET / HTTP/1.1" 200 15384 "-" "Mozilla/5.0 (compatible; YandexBot/3.0; +http://yandex.com/bots)"
208.115.113.91 - - [02/Jun/2012:09:23:24 +0200] "GET /robots.txt HTTP/1.1" 200 177 "-" "Mozilla/5.0 (compatible; Ezooms/1.0; ezooms.bot@gmail.com)"
