66.249.66.137 - - [10/Jun/2012:01:12:35 +0200] "GET /news.php?cs_go=archiv&cs_id=1850&cs_search= HTTP/1.1" 200 13933 "-" "Mozilla/5.0 (compatible; Googlebot/2.1; +http://www.google.com/bot.html)"
66.249.72.166 - - [10/Jun/2012:01:14:44 +0200] "GET /news.php?cs_go=archiv&cs_id=1847&cs_search= HTTP/1.1" 200 9701 "-" "Mozilla/5.0 (compatible; Googlebot/2.1; +http://www.google.com/bot.html)"
66.249.66.137 - - [10/Jun/2012:01:14:44 +0200] "GET /news.php?cs_go=archiv&cs_id=1853&cs_search= HTTP/1.1" 200 9662 "-" "Mozilla/5.0 (compatible; Googlebot/2.1; +http://www.google.com/bot.html)"
66.249.66.137 - - [10/Jun/2012:01:14:45 +0200] "GET /news.php?cs_go=archiv&cs_id=1845&cs_search= HTTP/1.1" 200 9652 "-" "Mozilla/5.0 (compatible; Googlebot/2.1; +http://www.google.com/bot.html)"
66.249.66.137 - - [10/Jun/2012:01:16:36 +0200] "GET /news.php?cs_go=archiv&cs_id=1852&cs_search= HTTP/1.1" 200 13901 "-" "Mozilla/5.0 (compatible; Googlebot/2.1; +http://www.google.com/bot.html)"
66.249.66.137 - - [10/Jun/2012:01:25:11 +0200] "GET /news.php?cs_go=archiv&cs_startpos=1141 HTTP/1.1" 200 23124 "-" "Mozilla/5.0 (compatible; Googlebot/2.1; +http://www.google.com/bot.html)"
66.249.66.137 - - [10/Jun/2012:01:25:11 +0200] "GET /news.php?cs_go=archiv&cs_id=1854&cs_search= HTTP/1.1" 200 14188 "-" "Mozilla/5.0 (compatible; Googlebot/2.1; +http://www.google.com/bot.html)"
66.249.66.137 - - [10/Jun/2012:01:25:15 +0200] "GET /news.php?cs_go=archiv&cs_id=1851&cs_search= HTTP/1.1" 200 9958 "-" "Mozilla/5.0 (compatible; Googlebot/2.1; +http://www.google.com/bot.html)"
66.249.66.137 - - [10/Jun/2012:01:35:01 +0200] "GET /news.php?cs_go=archiv&cs_startpos=1131 HTTP/1.1" 200 22936 "-" "Mozilla/5.0 (compatible; Googlebot/2.1; +http://www.google.com/bot.html)"
66.249.66.137 - - [10/Jun/2012:01:45:12 +0200] "GET /news.php?cs_go=archiv&cs_startpos=1121 HTTP/1.1" 200 22899 "-" "Mozilla/5.0 (compatible; Googlebot/2.1; +http://www.google.com/bot.html)"
66.249.66.137 - - [10/Jun/2012:01:55:30 +0200] "GET /news.php?cs_go=archiv&cs_startpos=1111 HTTP/1.1" 200 22899 "-" "Mozilla/5.0 (compatible; Googlebot/2.1; +http://www.google.com/bot.html)"
66.249.66.137 - - [10/Jun/2012:01:56:39 +0200] "GET /news.php?cs_go=archiv&cs_id=1908&cs_search= HTTP/1.1" 200 14113 "-" "Mozilla/5.0 (compatible; Googlebot/2.1; +http://www.google.com/bot.html)"
66.249.72.166 - - [10/Jun/2012:01:57:47 +0200] "GET /news.php?cs_go=archiv&cs_id=1912&cs_search= HTTP/1.1" 200 9688 "-" "Mozilla/5.0 (compatible; Googlebot/2.1; +http://www.google.com/bot.html)"
66.249.66.137 - - [10/Jun/2012:01:58:54 +0200] "GET /news.php?cs_go=archiv&cs_id=1913&cs_search= HTTP/1.1" 200 10187 "-" "Mozilla/5.0 (compatible; Googlebot/2.1; +http://www.google.com/bot.html)"
66.249.66.137 - - [10/Jun/2012:02:00:02 +0200] "GET /news.php?cs_go=archiv&cs_id=1910&cs_search= HTTP/1.1" 200 13905 "-" "Mozilla/5.0 (compatible; Googlebot/2.1; +http://www.google.com/bot.html)"
66.249.72.166 - - [10/Jun/2012:02:01:11 +0200] "GET /news.php?cs_go=archiv&cs_id=1906&cs_search= HTTP/1.1" 200 13759 "-" "Mozilla/5.0 (compatible; Googlebot/2.1; +http://www.google.com/bot.html)"
66.249.72.166 - - [10/Jun/2012:02:02:20 +0200] "GET /news.php?cs_go=archiv&cs_id=1909&cs_search= HTTP/1.1" 200 9608 "-" "Mozilla/5.0 (compatible; Googlebot/2.1; +http://www.google.com/bot.html)"
66.249.72.166 - - [10/Jun/2012:02:03:32 +0200] "GET /news.php?cs_go=archiv&cs_id=1911&cs_search= HTTP/1.1" 200 10015 "-" "Mozilla/5.0 (compatible; Googlebot/2.1; +http://www.google.com/bot.html)"
66.249.66.137 - - [10/Jun/2012:02:04:54 +0200] "GET /news.php?cs_go=archiv&cs_id=1907&cs_search= HTTP/1.1" 200 9504 "-" "Mozilla/5.0 (compatible; Googlebot/2.1; +http://www.google.com/bot.html)"
66.249.66.137 - - [10/Jun/2012:02:06:13 +0200] "GET /news.php?cs_go=archiv&cs_id=1905&cs_search= HTTP/1.1" 200 9767 "-" "Mozilla/5.0 (compatible; Googlebot/2.1; +http://www.google.com/bot.html)"
66.249.72.166 - - [10/Jun/2012:02:06:14 +0200] "GET /news.php?cs_go=archiv&cs_id=1919&cs_search= HTTP/1.1" 200 13805 "-" "Mozilla/5.0 (compatible; Googlebot/2.1; +http://www.google.com/bot.html)"
66.249.66.137 - - [10/Jun/2012:02:06:15 +0200] "GET /news.php?cs_go=archiv&cs_startpos=1101 HTTP/1.1" 200 23041 "-" "Mozilla/5.0 (compatible; Googlebot/2.1; +http://www.google.com/bot.html)"
66.249.72.166 - - [10/Jun/2012:02:15:44 +0200] "GET /news.php?cs_go=archiv&cs_id=1917&cs_search= HTTP/1.1" 200 13763 "-" "Mozilla/5.0 (compatible; Googlebot/2.1; +http://www.google.com/bot.html)"
66.249.66.137 - - [10/Jun/2012:02:15:45 +0200] "GET /news.php?cs_go=archiv&cs_id=1915&cs_search= HTTP/1.1" 200 9500 "-" "Mozilla/5.0 (compatible; Googlebot/2.1; +http://www.google.com/bot.html)"
66.249.72.166 - - [10/Jun/2012:02:15:45 +0200] "GET /news.php?cs_go=archiv&cs_startpos=1091 HTTP/1.1" 200 22938 "-" "Mozilla/5.0 (compatible; Googlebot/2.1; +http://www.google.com/bot.html)"
66.249.66.137 - - [10/Jun/2012:02:27:03 +0200] "GET /news.php?cs_go=archiv&cs_id=1922&cs_search= HTTP/1.1" 200 9689 "-" "Mozilla/5.0 (compatible; Googlebot/2.1; +http://www.google.com/bot.html)"
66.249.66.137 - - [10/Jun/2012:02:29:13 +0200] "GET /news.php?cs_go=archiv&cs_startpos=1081 HTTP/1.1" 200 22900 "-" "Mozilla/5.0 (compatible; Googlebot/2.1; +http://www.google.com/bot.html)"
66.249.66.137 - - [10/Jun/2012:02:32:24 +0200] "GET /news.php?cs_go=archiv&cs_id=1916&cs_search= HTTP/1.1" 200 13829 "-" "Mozilla/5.0 (compatible; Googlebot/2.1; +http://www.google.com/bot.html)"
66.249.66.137 - - [10/Jun/2012:02:35:27 +0200] "GET /news.php?cs_go=archiv&cs_id=1914&cs_search= HTTP/1.1" 200 13991 "-" "Mozilla/5.0 (compatible; Googlebot/2.1; +http://www.google.com/bot.html)"
66.249.66.137 - - [10/Jun/2012:02:38:40 +0200] "GET /news.php?cs_go=archiv&cs_id=1918&cs_search= HTTP/1.1" 200 9926 "-" "Mozilla/5.0 (compatible; Googlebot/2.1; +http://www.google.com/bot.html)"
66.249.66.137 - - [10/Jun/2012:02:38:41 +0200] "GET /news.php?cs_go=archiv&cs_id=1920&cs_search= HTTP/1.1" 200 9530 "-" "Mozilla/5.0 (compatible; Googlebot/2.1; +http://www.google.com/bot.html)"
66.249.66.137 - - [10/Jun/2012:02:38:42 +0200] "GET /news.php?cs_go=archiv&cs_id=1921&cs_search= HTTP/1.1" 200 13716 "-" "Mozilla/5.0 (compatible; Googlebot/2.1; +http://www.google.com/bot.html)"
66.249.66.137 - - [10/Jun/2012:02:47:40 +0200] "GET /news.php?cs_go=archiv&cs_startpos=1071 HTTP/1.1" 200 22928 "-" "Mozilla/5.0 (compatible; Googlebot/2.1; +http://www.google.com/bot.html)"
66.249.66.137 - - [10/Jun/2012:02:55:03 +0200] "GET /news.php?cs_go=archiv&cs_startpos=1061 HTTP/1.1" 200 22913 "-" "Mozilla/5.0 (compatible; Googlebot/2.1; +http://www.google.com/bot.html)"
66.249.66.137 - - [10/Jun/2012:03:02:14 +0200] "GET /lexikon.php?cs_go=3&cs_id=228 HTTP/1.1" 200 9197 "-" "Mozilla/5.0 (compatible; Googlebot/2.1; +http://www.google.com/bot.html)"
66.249.66.137 - - [10/Jun/2012:03:04:28 +0200] "GET /news.php?cs_go=archiv&cs_startpos=1051 HTTP/1.1" 200 22893 "-" "Mozilla/5.0 (compatible; Googlebot/2.1; +http://www.google.com/bot.html)"
66.249.66.137 - - [10/Jun/2012:03:04:29 +0200] "GET /news.php?cs_go=archiv&cs_id=1973&cs_search= HTTP/1.1" 200 13847 "-" "Mozilla/5.0 (compatible; Googlebot/2.1; +http://www.google.com/bot.html)"
66.249.66.137 - - [10/Jun/2012:03:14:59 +0200] "GET /news.php?cs_go=archiv&cs_startpos=1041 HTTP/1.1" 200 23034 "-" "Mozilla/5.0 (compatible; Googlebot/2.1; +http://www.google.com/bot.html)"
66.249.66.137 - - [10/Jun/2012:03:24:12 +0200] "GET /news.php?cs_go=archiv&cs_startpos=1031 HTTP/1.1" 200 22966 "-" "Mozilla/5.0 (compatible; Googlebot/2.1; +http://www.google.com/bot.html)"
66.249.66.137 - - [10/Jun/2012:03:33:52 +0200] "GET /news.php?cs_go=archiv&cs_startpos=1021 HTTP/1.1" 200 22918 "-" "Mozilla/5.0 (compatible; Googlebot/2.1; +http://www.google.com/bot.html)"
66.249.72.166 - - [10/Jun/2012:03:45:53 +0200] "GET /news.php?cs_go=archiv&cs_startpos=1011 HTTP/1.1" 200 23125 "-" "Mozilla/5.0 (compatible; Googlebot/2.1; +http://www.google.com/bot.html)"
66.249.66.137 - - [10/Jun/2012:03:57:45 +0200] "GET /news.php?cs_go=archiv&cs_startpos=1001 HTTP/1.1" 200 23161 "-" "Mozilla/5.0 (compatible; Googlebot/2.1; +http://www.google.com/bot.html)"
65.36.241.79 - - [10/Jun/2012:04:16:41 +0200] "HEAD / HTTP/1.1" 200 - "-" "InternetSeer.com"
66.249.66.137 - - [10/Jun/2012:04:31:10 +0200] "GET /news.php?cs_go=archiv&cs_id=2032&cs_search= HTTP/1.1" 200 10536 "-" "Mozilla/5.0 (compatible; Googlebot/2.1; +http://www.google.com/bot.html)"
66.249.72.166 - - [10/Jun/2012:04:32:12 +0200] "GET /news.php?cs_go=archiv&cs_startpos=991 HTTP/1.1" 200 23045 "-" "Mozilla/5.0 (compatible; Googlebot/2.1; +http://www.google.com/bot.html)"
66.249.66.137 - - [10/Jun/2012:04:33:10 +0200] "GET /news.php?cs_go=archiv&cs_id=2028&cs_search= HTTP/1.1" 200 10119 "-" "Mozilla/5.0 (compatible; Googlebot/2.1; +http://www.google.com/bot.html)"
66.249.66.137 - - [10/Jun/2012:04:34:09 +0200] "GET /news.php?cs_go=archiv&cs_id=2027&cs_search= HTTP/1.1" 200 15098 "-" "Mozilla/5.0 (compatible; Googlebot/2.1; +http://www.google.com/bot.html)"
66.249.66.137 - - [10/Jun/2012:04:35:08 +0200] "GET /news.php?cs_go=archiv&cs_id=2035&cs_search= HTTP/1.1" 200 15184 "-" "Mozilla/5.0 (compatible; Googlebot/2.1; +http://www.google.com/bot.html)"
66.249.72.166 - - [10/Jun/2012:04:36:07 +0200] "GET /news.php?cs_go=archiv&cs_id=2034&cs_search= HTTP/1.1" 200 10439 "-" "Mozilla/5.0 (compatible; Googlebot/2.1; +http://www.google.com/bot.html)"
66.249.66.137 - - [10/Jun/2012:04:37:06 +0200] "GET /news.php?cs_go=archiv&cs_id=2033&cs_search= HTTP/1.1" 200 15258 "-" "Mozilla/5.0 (compatible; Googlebot/2.1; +http://www.google.com/bot.html)"
66.249.66.137 - - [10/Jun/2012:04:38:06 +0200] "GET /news.php?cs_go=archiv&cs_id=2031&cs_search= HTTP/1.1" 200 15201 "-" "Mozilla/5.0 (compatible; Googlebot/2.1; +http://www.google.com/bot.html)"
66.249.66.137 - - [10/Jun/2012:04:39:06 +0200] "GET /news.php?cs_go=archiv&cs_id=2037&cs_search= HTTP/1.1" 200 11967 "-" "Mozilla/5.0 (compatible; Googlebot/2.1; +http://www.google.com/bot.html)"
66.249.66.137 - - [10/Jun/2012:04:40:09 +0200] "GET /news.php?cs_go=archiv&cs_id=2030&cs_search= HTTP/1.1" 200 10296 "-" "Mozilla/5.0 (compatible; Googlebot/2.1; +http://www.google.com/bot.html)"
66.249.66.137 - - [10/Jun/2012:04:41:21 +0200] "GET /news.php?cs_go=archiv&cs_id=2029&cs_search= HTTP/1.1" 200 15005 "-" "Mozilla/5.0 (compatible; Googlebot/2.1; +http://www.google.com/bot.html)"
66.249.66.137 - - [10/Jun/2012:05:04:58 +0200] "GET /news.php?cs_go=archiv&cs_id=2041&cs_search= HTTP/1.1" 200 10364 "-" "Mozilla/5.0 (compatible; Googlebot/2.1; +http://www.google.com/bot.html)"
66.249.66.137 - - [10/Jun/2012:05:04:58 +0200] "GET /news.php?cs_go=archiv&cs_id=2040&cs_search= HTTP/1.1" 200 15486 "-" "Mozilla/5.0 (compatible; Googlebot/2.1; +http://www.google.com/bot.html)"
66.249.66.137 - - [10/Jun/2012:05:04:59 +0200] "GET /news.php?cs_go=archiv&cs_id=2039&cs_search= HTTP/1.1" 200 10147 "-" "Mozilla/5.0 (compatible; Googlebot/2.1; +http://www.google.com/bot.html)"
66.249.66.137 - - [10/Jun/2012:05:04:59 +0200] "GET /news.php?cs_go=archiv&cs_id=2042&cs_search= HTTP/1.1" 200 11230 "-" "Mozilla/5.0 (compatible; Googlebot/2.1; +http://www.google.com/bot.html)"
66.249.66.137 - - [10/Jun/2012:05:05:00 +0200] "GET /news.php?cs_go=archiv&cs_id=2044&cs_search= HTTP/1.1" 200 10413 "-" "Mozilla/5.0 (compatible; Googlebot/2.1; +http://www.google.com/bot.html)"
66.249.72.166 - - [10/Jun/2012:05:10:00 +0200] "GET /news.php?cs_go=archiv&cs_startpos=981 HTTP/1.1" 200 22954 "-" "Mozilla/5.0 (compatible; Googlebot/2.1; +http://www.google.com/bot.html)"
66.249.66.137 - - [10/Jun/2012:05:14:54 +0200] "GET /news.php?cs_go=archiv&cs_id=2038&cs_search= HTTP/1.1" 200 9980 "-" "Mozilla/5.0 (compatible; Googlebot/2.1; +http://www.google.com/bot.html)"
66.249.66.137 - - [10/Jun/2012:05:15:11 +0200] "GET /news.php?cs_go=archiv&cs_id=2249&cs_search= HTTP/1.1" 200 12679 "-" "Mozilla/5.0 (compatible; Googlebot/2.1; +http://www.google.com/bot.html)"
66.249.72.166 - - [10/Jun/2012:05:15:12 +0200] "GET /lexikon.php?cs_go=2&cs_char=r HTTP/1.1" 200 9663 "-" "Mozilla/5.0 (compatible; Googlebot/2.1; +http://www.google.com/bot.html)"
66.249.72.166 - - [10/Jun/2012:05:24:54 +0200] "GET /news.php?cs_go=archiv&cs_id=2043&cs_search= HTTP/1.1" 200 15503 "-" "Mozilla/5.0 (compatible; Googlebot/2.1; +http://www.google.com/bot.html)"
66.249.66.137 - - [10/Jun/2012:05:36:21 +0200] "GET /news.php?cs_go=archiv&cs_startpos=971 HTTP/1.1" 200 22961 "-" "Mozilla/5.0 (compatible; Googlebot/2.1; +http://www.google.com/bot.html)"
178.154.179.250 - - [10/Jun/2012:05:53:52 +0200] "GET /news.php HTTP/1.1" 200 22188 "-" "Mozilla/5.0 (compatible; YandexBot/3.0; +http://yandex.com/bots)"
66.249.66.137 - - [10/Jun/2012:06:12:42 +0200] "GET /news.php?cs_go=archiv&cs_startpos=961 HTTP/1.1" 200 23157 "-" "Mozilla/5.0 (compatible; Googlebot/2.1; +http://www.google.com/bot.html)"
208.115.113.91 - - [10/Jun/2012:06:24:10 +0200] "GET /robots.txt HTTP/1.1" 200 177 "-" "Mozilla/5.0 (compatible; Ezooms/1.0; ezooms.bot@gmail.com)"
66.249.66.137 - - [10/Jun/2012:06:46:04 +0200] "GET /news.php?cs_go=archiv&cs_startpos=951 HTTP/1.1" 200 22965 "-" "Mozilla/5.0 (compatible; Googlebot/2.1; +http://www.google.com/bot.html)"
66.249.66.137 - - [10/Jun/2012:07:09:13 +0200] "GET /news.php?cs_go=archiv&cs_startpos=941 HTTP/1.1" 200 23026 "-" "Mozilla/5.0 (compatible; Googlebot/2.1; +http://www.google.com/bot.html)"
66.249.72.166 - - [10/Jun/2012:07:12:28 +0200] "GET /additive.php HTTP/1.1" 200 15786 "-" "Mozilla/5.0 (compatible; Googlebot/2.1; +http://www.google.com/bot.html)"
85.23.163.71 - - [10/Jun/2012:07:24:59 +0200] "GET /robots.txt HTTP/1.0" 200 177 "-" "Mozilla/5.0 (compatible; MJ12bot/v1.4.3; http://www.majestic12.co.uk/bot.php?+)"
85.23.163.71 - - [10/Jun/2012:07:25:01 +0200] "GET /agb.php HTTP/1.0" 200 19709 "-" "Mozilla/5.0 (compatible; MJ12bot/v1.4.3; http://www.majestic12.co.uk/bot.php?+)"
85.23.163.71 - - [10/Jun/2012:07:25:03 +0200] "GET /news.php?cs_go=archiv&cs_id=2678 HTTP/1.0" 200 9971 "-" "Mozilla/5.0 (compatible; MJ12bot/v1.4.3; http://www.majestic12.co.uk/bot.php?+)"
85.23.163.71 - - [10/Jun/2012:07:25:05 +0200] "GET /news.php?cs_go=archiv&cs_id=2679 HTTP/1.0" 200 10667 "-" "Mozilla/5.0 (compatible; MJ12bot/v1.4.3; http://www.majestic12.co.uk/bot.php?+)"
85.23.163.71 - - [10/Jun/2012:07:25:12 +0200] "GET /news.php?cs_go=archiv&cs_id=2680 HTTP/1.0" 200 13613 "-" "Mozilla/5.0 (compatible; MJ12bot/v1.4.3; http://www.majestic12.co.uk/bot.php?+)"
85.23.163.71 - - [10/Jun/2012:07:25:18 +0200] "GET /news.php?cs_go=archiv&cs_id=2681 HTTP/1.0" 200 10154 "-" "Mozilla/5.0 (compatible; MJ12bot/v1.4.3; http://www.majestic12.co.uk/bot.php?+)"
85.23.163.71 - - [10/Jun/2012:07:25:21 +0200] "GET /news.php?cs_go=archiv&cs_id=2682 HTTP/1.0" 200 10584 "-" "Mozilla/5.0 (compatible; MJ12bot/v1.4.3; http://www.majestic12.co.uk/bot.php?+)"
85.23.163.71 - - [10/Jun/2012:07:25:22 +0200] "GET /news.php?cs_go=archiv&cs_id=2683 HTTP/1.0" 200 13555 "-" "Mozilla/5.0 (compatible; MJ12bot/v1.4.3; http://www.majestic12.co.uk/bot.php?+)"
85.23.163.71 - - [10/Jun/2012:07:25:26 +0200] "GET /news.php?cs_go=archiv&cs_id=2684 HTTP/1.0" 200 10001 "-" "Mozilla/5.0 (compatible; MJ12bot/v1.4.3; http://www.majestic12.co.uk/bot.php?+)"
85.23.163.71 - - [10/Jun/2012:07:25:30 +0200] "GET /news.php?cs_go=archiv&cs_id=2685 HTTP/1.0" 200 9646 "-" "Mozilla/5.0 (compatible; MJ12bot/v1.4.3; http://www.majestic12.co.uk/bot.php?+)"
85.23.163.71 - - [10/Jun/2012:07:25:34 +0200] "GET /news.php?cs_go=archiv&cs_id=2686 HTTP/1.0" 200 10124 "-" "Mozilla/5.0 (compatible; MJ12bot/v1.4.3; http://www.majestic12.co.uk/bot.php?+)"
85.23.163.71 - - [10/Jun/2012:07:25:48 +0200] "GET /news.php?cs_go=archiv&cs_id=2687 HTTP/1.0" 200 10244 "-" "Mozilla/5.0 (compatible; MJ12bot/v1.4.3; http://www.majestic12.co.uk/bot.php?+)"
85.23.163.71 - - [10/Jun/2012:07:25:54 +0200] "GET /news.php?cs_go=archiv&cs_id=2688 HTTP/1.0" 200 13852 "-" "Mozilla/5.0 (compatible; MJ12bot/v1.4.3; http://www.majestic12.co.uk/bot.php?+)"
85.23.163.71 - - [10/Jun/2012:07:25:57 +0200] "GET /news.php?cs_go=archiv&cs_id=2689 HTTP/1.0" 200 10303 "-" "Mozilla/5.0 (compatible; MJ12bot/v1.4.3; http://www.majestic12.co.uk/bot.php?+)"
85.23.163.71 - - [10/Jun/2012:07:26:00 +0200] "GET /news.php?cs_go=archiv&cs_id=2690 HTTP/1.0" 200 10405 "-" "Mozilla/5.0 (compatible; MJ12bot/v1.4.3; http://www.majestic12.co.uk/bot.php?+)"
85.23.163.71 - - [10/Jun/2012:07:26:03 +0200] "GET /news.php?cs_go=archiv&cs_id=2691 HTTP/1.0" 200 13867 "-" "Mozilla/5.0 (compatible; MJ12bot/v1.4.3; http://www.majestic12.co.uk/bot.php?+)"
66.249.66.137 - - [10/Jun/2012:07:30:57 +0200] "GET /news.php?cs_go=archiv&cs_id=2098&cs_search= HTTP/1.1" 200 10323 "-" "Mozilla/5.0 (compatible; Googlebot/2.1; +http://www.google.com/bot.html)"
66.249.66.137 - - [10/Jun/2012:07:30:58 +0200] "GET /news.php?cs_go=archiv&cs_id=2097&cs_search= HTTP/1.1" 200 15095 "-" "Mozilla/5.0 (compatible; Googlebot/2.1; +http://www.google.com/bot.html)"
66.249.66.137 - - [10/Jun/2012:07:35:27 +0200] "GET /news.php?cs_go=archiv&cs_startpos=931 HTTP/1.1" 200 23001 "-" "Mozilla/5.0 (compatible; Googlebot/2.1; +http://www.google.com/bot.html)"
66.249.66.137 - - [10/Jun/2012:07:39:59 +0200] "GET /news.php?cs_go=archiv&cs_id=2096&cs_search= HTTP/1.1" 200 10315 "-" "Mozilla/5.0 (compatible; Googlebot/2.1; +http://www.google.com/bot.html)"
208.115.113.91 - - [10/Jun/2012:07:42:59 +0200] "GET /news.php?cs_go=archiv&cs_id=1823&cs_search= HTTP/1.1" 200 10093 "-" "Mozilla/5.0 (compatible; Ezooms/1.0; ezooms.bot@gmail.com)"
208.115.113.91 - - [10/Jun/2012:07:43:02 +0200] "GET /news.php?cs_go=archiv&cs_startpos=160 HTTP/1.1" 200 22944 "-" "Mozilla/5.0 (compatible; Ezooms/1.0; ezooms.bot@gmail.com)"
66.249.66.137 - - [10/Jun/2012:07:50:17 +0200] "GET /news.php?cs_go=archiv&cs_id=2100&cs_search= HTTP/1.1" 200 10344 "-" "Mozilla/5.0 (compatible; Googlebot/2.1; +http://www.google.com/bot.html)"
66.249.66.137 - - [10/Jun/2012:07:50:17 +0200] "GET /news.php?cs_go=archiv&cs_id=2099&cs_search= HTTP/1.1" 200 15005 "-" "Mozilla/5.0 (compatible; Googlebot/2.1; +http://www.google.com/bot.html)"
66.249.66.137 - - [10/Jun/2012:07:50:18 +0200] "GET /news.php?cs_go=archiv&cs_id=2101&cs_search= HTTP/1.1" 200 10219 "-" "Mozilla/5.0 (compatible; Googlebot/2.1; +http://www.google.com/bot.html)"
66.249.66.137 - - [10/Jun/2012:07:50:18 +0200] "GET /news.php?cs_go=archiv&cs_startpos=921 HTTP/1.1" 200 23147 "-" "Mozilla/5.0 (compatible; Googlebot/2.1; +http://www.google.com/bot.html)"
66.249.66.137 - - [10/Jun/2012:07:58:45 +0200] "GET /news.php?cs_go=archiv&cs_id=2524&cs_search= HTTP/1.1" 200 15251 "-" "Mozilla/5.0 (compatible; Googlebot/2.1; +http://www.google.com/bot.html)"
66.249.72.166 - - [10/Jun/2012:08:00:01 +0200] "GET /news.php?cs_go=archiv&cs_startpos=911 HTTP/1.1" 200 22887 "-" "Mozilla/5.0 (compatible; Googlebot/2.1; +http://www.google.com/bot.html)"
66.249.66.137 - - [10/Jun/2012:08:11:37 +0200] "GET /news.php?cs_go=archiv&cs_startpos=901 HTTP/1.1" 200 22905 "-" "Mozilla/5.0 (compatible; Googlebot/2.1; +http://www.google.com/bot.html)"
66.249.72.166 - - [10/Jun/2012:08:18:58 +0200] "GET /news.php?cs_go=archiv&cs_id=2708 HTTP/1.1" 200 10118 "-" "Mozilla/5.0 (compatible; Googlebot/2.1; +http://www.google.com/bot.html)"
66.249.66.137 - - [10/Jun/2012:08:23:05 +0200] "GET /news.php?cs_go=archiv&cs_startpos=891 HTTP/1.1" 200 23145 "-" "Mozilla/5.0 (compatible; Googlebot/2.1; +http://www.google.com/bot.html)"
66.249.72.166 - - [10/Jun/2012:08:24:45 +0200] "GET /news.php?cs_go=archiv&cs_id=2707&cs_search= HTTP/1.1" 200 13324 "-" "Mozilla/5.0 (compatible; Googlebot/2.1; +http://www.google.com/bot.html)"
66.249.66.137 - - [10/Jun/2012:08:33:26 +0200] "GET /news.php?cs_go=archiv&cs_id=2526&cs_search= HTTP/1.1" 200 9981 "-" "Mozilla/5.0 (compatible; Googlebot/2.1; +http://www.google.com/bot.html)"
66.249.72.166 - - [10/Jun/2012:08:35:45 +0200] "GET /news.php?cs_go=archiv&cs_startpos=881 HTTP/1.1" 200 23270 "-" "Mozilla/5.0 (compatible; Googlebot/2.1; +http://www.google.com/bot.html)"
66.249.66.137 - - [10/Jun/2012:08:42:06 +0200] "GET /news.php?cs_go=archiv&cs_id=2527&cs_search= HTTP/1.1" 200 15133 "-" "Mozilla/5.0 (compatible; Googlebot/2.1; +http://www.google.com/bot.html)"
66.249.72.166 - - [10/Jun/2012:08:44:59 +0200] "GET /news.php?cs_go=archiv&cs_id=2586&cs_search= HTTP/1.1" 200 12987 "-" "Mozilla/5.0 (compatible; Googlebot/2.1; +http://www.google.com/bot.html)"
66.249.66.137 - - [10/Jun/2012:08:46:57 +0200] "GET /news.php?cs_go=archiv&cs_startpos=871 HTTP/1.1" 200 23132 "-" "Mozilla/5.0 (compatible; Googlebot/2.1; +http://www.google.com/bot.html)"
66.249.66.137 - - [10/Jun/2012:08:46:57 +0200] "GET /news.php?cs_go=archiv&cs_id=2153&cs_search= HTTP/1.1" 200 10138 "-" "Mozilla/5.0 (compatible; Googlebot/2.1; +http://www.google.com/bot.html)"
66.249.66.137 - - [10/Jun/2012:08:46:58 +0200] "GET /news.php?cs_go=archiv&cs_id=2152&cs_search= HTTP/1.1" 200 14260 "-" "Mozilla/5.0 (compatible; Googlebot/2.1; +http://www.google.com/bot.html)"
66.249.66.137 - - [10/Jun/2012:08:46:58 +0200] "GET /news.php?cs_go=archiv&cs_id=2154&cs_search= HTTP/1.1" 200 15022 "-" "Mozilla/5.0 (compatible; Googlebot/2.1; +http://www.google.com/bot.html)"
66.249.66.137 - - [10/Jun/2012:08:50:47 +0200] "GET /news.php?cs_go=archiv&cs_id=2611&cs_search= HTTP/1.1" 200 13289 "-" "Mozilla/5.0 (compatible; Googlebot/2.1; +http://www.google.com/bot.html)"
66.249.66.137 - - [10/Jun/2012:08:56:56 +0200] "GET /news.php?cs_go=archiv&cs_startpos=861 HTTP/1.1" 200 22904 "-" "Mozilla/5.0 (compatible; Googlebot/2.1; +http://www.google.com/bot.html)"
65.36.241.79 - - [10/Jun/2012:09:01:36 +0200] "HEAD / HTTP/1.1" 200 - "-" "InternetSeer.com"
66.249.66.137 - - [10/Jun/2012:09:06:56 +0200] "GET /news.php?cs_go=archiv&cs_startpos=851 HTTP/1.1" 200 23012 "-" "Mozilla/5.0 (compatible; Googlebot/2.1; +http://www.google.com/bot.html)"
66.249.66.137 - - [10/Jun/2012:09:11:02 +0200] "GET /news.php?cs_go=archiv&cs_id=2765&cs_search= HTTP/1.1" 200 10154 "-" "Mozilla/5.0 (compatible; Googlebot/2.1; +http://www.google.com/bot.html)"
66.249.66.137 - - [10/Jun/2012:09:17:11 +0200] "GET /news.php?cs_go=archiv&cs_startpos=841 HTTP/1.1" 200 23087 "-" "Mozilla/5.0 (compatible; Googlebot/2.1; +http://www.google.com/bot.html)"
66.249.72.166 - - [10/Jun/2012:09:38:44 +0200] "GET /news.php?cs_go=archiv&cs_startpos=831 HTTP/1.1" 200 23229 "-" "Mozilla/5.0 (compatible; Googlebot/2.1; +http://www.google.com/bot.html)"
66.249.66.137 - - [10/Jun/2012:09:51:32 +0200] "GET /news.php?cs_go=archiv&cs_id=2767&cs_search= HTTP/1.1" 200 13633 "-" "Mozilla/5.0 (compatible; Googlebot/2.1; +http://www.google.com/bot.html)"
66.249.72.166 - - [10/Jun/2012:09:58:39 +0200] "GET /news.php?cs_go=archiv&cs_startpos=10 HTTP/1.1" 200 22405 "-" "Mozilla/5.0 (compatible; Googlebot/2.1; +http://www.google.com/bot.html)"
66.249.66.137 - - [10/Jun/2012:09:58:44 +0200] "GET /news.php?cs_go=archiv&cs_startpos=821 HTTP/1.1" 200 22904 "-" "Mozilla/5.0 (compatible; Googlebot/2.1; +http://www.google.com/bot.html)"
66.249.66.137 - - [10/Jun/2012:09:58:45 +0200] "GET /news.php?cs_go=archiv&cs_id=2207&cs_search= HTTP/1.1" 200 9833 "-" "Mozilla/5.0 (compatible; Googlebot/2.1; +http://www.google.com/bot.html)"
66.249.66.137 - - [10/Jun/2012:09:58:46 +0200] "GET /news.php?cs_go=archiv&cs_id=2206&cs_search= HTTP/1.1" 200 14081 "-" "Mozilla/5.0 (compatible; Googlebot/2.1; +http://www.google.com/bot.html)"
66.249.72.166 - - [10/Jun/2012:09:58:47 +0200] "GET /news.php?cs_go=archiv&cs_id=2205&cs_search= HTTP/1.1" 200 10197 "-" "Mozilla/5.0 (compatible; Googlebot/2.1; +http://www.google.com/bot.html)"
66.249.66.137 - - [10/Jun/2012:10:00:12 +0200] "GET /news.php?cs_go=archiv&cs_id=2766&cs_search= HTTP/1.1" 200 11681 "-" "Mozilla/5.0 (compatible; Googlebot/2.1; +http://www.google.com/bot.html)"
157.55.16.231 - - [10/Jun/2012:10:13:32 +0200] "GET /robots.txt HTTP/1.1" 200 177 "-" "Mozilla/5.0 (compatible; bingbot/2.0; +http://www.bing.com/bingbot.htm)"
157.55.16.231 - - [10/Jun/2012:10:14:21 +0200] "GET /seiten/produkte_hzoel.php HTTP/1.1" 404 - "-" "Mozilla/5.0 (compatible; bingbot/2.0; +http://www.bing.com/bingbot.htm)"
66.249.72.166 - - [10/Jun/2012:10:19:41 +0200] "GET /news.php?cs_go=archiv&cs_startpos=811 HTTP/1.1" 200 22763 "-" "Mozilla/5.0 (compatible; Googlebot/2.1; +http://www.google.com/bot.html)"
66.249.66.137 - - [10/Jun/2012:10:37:58 +0200] "GET /news.php?cs_go=archiv&cs_startpos=801 HTTP/1.1" 200 22826 "-" "Mozilla/5.0 (compatible; Googlebot/2.1; +http://www.google.com/bot.html)"
66.249.66.137 - - [10/Jun/2012:10:45:40 +0200] "GET /news.php?cs_go=archiv&cs_startpos=791 HTTP/1.1" 200 23484 "-" "Mozilla/5.0 (compatible; Googlebot/2.1; +http://www.google.com/bot.html)"
66.249.66.137 - - [10/Jun/2012:10:54:44 +0200] "GET /news.php?cs_go=archiv&cs_startpos=781 HTTP/1.1" 200 23099 "-" "Mozilla/5.0 (compatible; Googlebot/2.1; +http://www.google.com/bot.html)"
66.249.66.137 - - [10/Jun/2012:11:03:31 +0200] "GET /news.php?cs_go=archiv&cs_id=2262&cs_search= HTTP/1.1" 200 11990 "-" "Mozilla/5.0 (compatible; Googlebot/2.1; +http://www.google.com/bot.html)"
66.249.66.137 - - [10/Jun/2012:11:03:32 +0200] "GET /news.php?cs_go=archiv&cs_id=2261&cs_search= HTTP/1.1" 200 9746 "-" "Mozilla/5.0 (compatible; Googlebot/2.1; +http://www.google.com/bot.html)"
66.249.66.137 - - [10/Jun/2012:11:03:32 +0200] "GET /news.php?cs_go=archiv&cs_startpos=771 HTTP/1.1" 200 23085 "-" "Mozilla/5.0 (compatible; Googlebot/2.1; +http://www.google.com/bot.html)"
66.249.66.137 - - [10/Jun/2012:11:14:12 +0200] "GET /news.php?cs_go=archiv&cs_startpos=761 HTTP/1.1" 200 23089 "-" "Mozilla/5.0 (compatible; Googlebot/2.1; +http://www.google.com/bot.html)"
66.249.72.166 - - [10/Jun/2012:11:14:13 +0200] "GET /news.php?cs_go=archiv&cs_id=2263&cs_search= HTTP/1.1" 200 11223 "-" "Mozilla/5.0 (compatible; Googlebot/2.1; +http://www.google.com/bot.html)"
66.249.66.137 - - [10/Jun/2012:11:14:13 +0200] "GET /news.php?cs_go=archiv&cs_id=2264&cs_search= HTTP/1.1" 200 13851 "-" "Mozilla/5.0 (compatible; Googlebot/2.1; +http://www.google.com/bot.html)"
66.249.66.137 - - [10/Jun/2012:11:25:20 +0200] "GET /news.php?cs_go=archiv&cs_startpos=751 HTTP/1.1" 200 23312 "-" "Mozilla/5.0 (compatible; Googlebot/2.1; +http://www.google.com/bot.html)"
208.115.113.91 - - [10/Jun/2012:11:26:23 +0200] "GET /robots.txt HTTP/1.1" 200 177 "-" "Mozilla/5.0 (compatible; Ezooms/1.0; ezooms.bot@gmail.com)"
66.249.66.137 - - [10/Jun/2012:11:35:46 +0200] "GET /news.php?cs_go=archiv&cs_startpos=741 HTTP/1.1" 200 22919 "-" "Mozilla/5.0 (compatible; Googlebot/2.1; +http://www.google.com/bot.html)"
66.249.66.137 - - [10/Jun/2012:11:44:56 +0200] "GET /news.php?cs_go=archiv&cs_startpos=731 HTTP/1.1" 200 22893 "-" "Mozilla/5.0 (compatible; Googlebot/2.1; +http://www.google.com/bot.html)"
66.249.72.166 - - [10/Jun/2012:11:54:08 +0200] "GET /news.php?cs_go=archiv&cs_startpos=721 HTTP/1.1" 200 22800 "-" "Mozilla/5.0 (compatible; Googlebot/2.1; +http://www.google.com/bot.html)"
89.247.8.171 - - [10/Jun/2012:11:58:46 +0200] "GET /style.css HTTP/1.1" 200 8418 "http://www.mink-gmbh.de/index.php" "Mozilla/5.0 (Windows NT 6.1; rv:13.0) Gecko/20100101 Firefox/13.0"
89.247.8.171 - - [10/Jun/2012:11:58:46 +0200] "GET /modul.css HTTP/1.1" 200 35038 "http://www.mink-gmbh.de/index.php" "Mozilla/5.0 (Windows NT 6.1; rv:13.0) Gecko/20100101 Firefox/13.0"
89.247.8.171 - - [10/Jun/2012:11:58:46 +0200] "GET /favicon.ico HTTP/1.1" 200 3638 "-" "Mozilla/5.0 (Windows NT 6.1; rv:13.0) Gecko/20100101 Firefox/13.0"
89.247.8.171 - - [10/Jun/2012:11:58:47 +0200] "GET /js_contentserver24_greybox/gb_styles.css HTTP/1.1" 200 2302 "http://www.mink-gmbh.de/index.php" "Mozilla/5.0 (Windows NT 6.1; rv:13.0) Gecko/20100101 Firefox/13.0"
89.247.8.171 - - [10/Jun/2012:11:58:47 +0200] "GET /js_contentserver24_greybox/AJS.js HTTP/1.1" 200 10396 "http://www.mink-gmbh.de/index.php" "Mozilla/5.0 (Windows NT 6.1; rv:13.0) Gecko/20100101 Firefox/13.0"
89.247.8.171 - - [10/Jun/2012:11:58:47 +0200] "GET /js_contentserver24_greybox/AJS_fx.js HTTP/1.1" 200 3192 "http://www.mink-gmbh.de/index.php" "Mozilla/5.0 (Windows NT 6.1; rv:13.0) Gecko/20100101 Firefox/13.0"
89.247.8.171 - - [10/Jun/2012:11:58:47 +0200] "GET /js_contentserver24_greybox/gb_scripts.js HTTP/1.1" 200 11913 "http://www.mink-gmbh.de/index.php" "Mozilla/5.0 (Windows NT 6.1; rv:13.0) Gecko/20100101 Firefox/13.0"
89.247.8.171 - - [10/Jun/2012:11:58:47 +0200] "GET /images/tkw.jpg HTTP/1.1" 200 64031 "http://www.mink-gmbh.de/index.php" "Mozilla/5.0 (Windows NT 6.1; rv:13.0) Gecko/20100101 Firefox/13.0"
89.247.8.171 - - [10/Jun/2012:11:58:47 +0200] "GET /images/bg.jpg HTTP/1.1" 200 345 "http://www.mink-gmbh.de/style.css" "Mozilla/5.0 (Windows NT 6.1; rv:13.0) Gecko/20100101 Firefox/13.0"
89.247.8.171 - - [10/Jun/2012:11:58:47 +0200] "GET /js_contentserver24_greybox/w_close.gif HTTP/1.1" 200 74 "http://www.mink-gmbh.de/index.php" "Mozilla/5.0 (Windows NT 6.1; rv:13.0) Gecko/20100101 Firefox/13.0"
89.247.8.171 - - [10/Jun/2012:11:58:47 +0200] "GET /images/close.png HTTP/1.1" 200 703 "http://www.mink-gmbh.de/index.php" "Mozilla/5.0 (Windows NT 6.1; rv:13.0) Gecko/20100101 Firefox/13.0"
89.247.8.171 - - [10/Jun/2012:11:58:47 +0200] "GET /images/newsletter_bg.jpg HTTP/1.1" 200 33610 "http://www.mink-gmbh.de/index.php" "Mozilla/5.0 (Windows NT 6.1; rv:13.0) Gecko/20100101 Firefox/13.0"
89.247.8.171 - - [10/Jun/2012:11:58:47 +0200] "GET /images/newsletter.png HTTP/1.1" 200 14619 "http://www.mink-gmbh.de/style.css" "Mozilla/5.0 (Windows NT 6.1; rv:13.0) Gecko/20100101 Firefox/13.0"
89.247.8.171 - - [10/Jun/2012:11:58:47 +0200] "GET /images/wrapperbg.jpg HTTP/1.1" 200 27465 "http://www.mink-gmbh.de/style.css" "Mozilla/5.0 (Windows NT 6.1; rv:13.0) Gecko/20100101 Firefox/13.0"
89.247.8.171 - - [10/Jun/2012:11:58:46 +0200] "GET /index.php HTTP/1.1" 200 15292 "-" "Mozilla/5.0 (Windows NT 6.1; rv:13.0) Gecko/20100101 Firefox/13.0"
89.247.8.171 - - [10/Jun/2012:11:58:47 +0200] "GET /images/header.jpg HTTP/1.1" 200 24413 "http://www.mink-gmbh.de/style.css" "Mozilla/5.0 (Windows NT 6.1; rv:13.0) Gecko/20100101 Firefox/13.0"
89.247.8.171 - - [10/Jun/2012:11:58:47 +0200] "GET /images/navibg.png HTTP/1.1" 200 2803 "http://www.mink-gmbh.de/style.css" "Mozilla/5.0 (Windows NT 6.1; rv:13.0) Gecko/20100101 Firefox/13.0"
89.247.8.171 - - [10/Jun/2012:11:58:47 +0200] "GET /images/fallend.png HTTP/1.1" 200 713 "http://www.mink-gmbh.de/modul.css" "Mozilla/5.0 (Windows NT 6.1; rv:13.0) Gecko/20100101 Firefox/13.0"
89.247.8.171 - - [10/Jun/2012:11:58:47 +0200] "GET /images/steigend.png HTTP/1.1" 200 688 "http://www.mink-gmbh.de/modul.css" "Mozilla/5.0 (Windows NT 6.1; rv:13.0) Gecko/20100101 Firefox/13.0"
89.247.8.171 - - [10/Jun/2012:11:58:47 +0200] "GET /images/mobil.jpg HTTP/1.1" 200 25293 "http://www.mink-gmbh.de/style.css" "Mozilla/5.0 (Windows NT 6.1; rv:13.0) Gecko/20100101 Firefox/13.0"
89.247.8.171 - - [10/Jun/2012:11:58:47 +0200] "GET /images/newsletter.jpg HTTP/1.1" 200 13130 "http://www.mink-gmbh.de/style.css" "Mozilla/5.0 (Windows NT 6.1; rv:13.0) Gecko/20100101 Firefox/13.0"
89.247.8.171 - - [10/Jun/2012:11:58:47 +0200] "GET /images/freecall.jpg HTTP/1.1" 200 39195 "http://www.mink-gmbh.de/index.php" "Mozilla/5.0 (Windows NT 6.1; rv:13.0) Gecko/20100101 Firefox/13.0"
89.247.8.171 - - [10/Jun/2012:11:58:47 +0200] "GET /images/mail.jpg HTTP/1.1" 200 11165 "http://www.mink-gmbh.de/index.php" "Mozilla/5.0 (Windows NT 6.1; rv:13.0) Gecko/20100101 Firefox/13.0"
89.247.8.171 - - [10/Jun/2012:11:58:47 +0200] "GET /images/kwk.gif HTTP/1.1" 200 6403 "http://www.mink-gmbh.de/index.php" "Mozilla/5.0 (Windows NT 6.1; rv:13.0) Gecko/20100101 Firefox/13.0"
89.247.8.171 - - [10/Jun/2012:11:58:47 +0200] "GET /images/wunschpreis.jpg HTTP/1.1" 200 16767 "http://www.mink-gmbh.de/index.php" "Mozilla/5.0 (Windows NT 6.1; rv:13.0) Gecko/20100101 Firefox/13.0"
89.247.8.171 - - [10/Jun/2012:11:58:47 +0200] "GET /images/logos.jpg HTTP/1.1" 200 15002 "http://www.mink-gmbh.de/index.php" "Mozilla/5.0 (Windows NT 6.1; rv:13.0) Gecko/20100101 Firefox/13.0"
89.247.8.171 - - [10/Jun/2012:11:58:47 +0200] "GET /images/footerbg.jpg HTTP/1.1" 200 2184 "http://www.mink-gmbh.de/style.css" "Mozilla/5.0 (Windows NT 6.1; rv:13.0) Gecko/20100101 Firefox/13.0"
89.247.8.171 - - [10/Jun/2012:11:58:47 +0200] "GET /js_contentserver24_greybox/header_bg.gif HTTP/1.1" 200 1188 "http://www.mink-gmbh.de/index.php" "Mozilla/5.0 (Windows NT 6.1; rv:13.0) Gecko/20100101 Firefox/13.0"
89.247.8.171 - - [10/Jun/2012:11:58:47 +0200] "GET /js_contentserver24_greybox/g_close.gif HTTP/1.1" 200 541 "http://www.mink-gmbh.de/index.php" "Mozilla/5.0 (Windows NT 6.1; rv:13.0) Gecko/20100101 Firefox/13.0"
89.247.8.171 - - [10/Jun/2012:11:58:47 +0200] "GET /js_contentserver24_greybox/indicator.gif HTTP/1.1" 200 8238 "http://www.mink-gmbh.de/index.php" "Mozilla/5.0 (Windows NT 6.1; rv:13.0) Gecko/20100101 Firefox/13.0"
89.247.8.171 - - [10/Jun/2012:11:58:48 +0200] "GET /js_contentserver24_greybox/loader_frame.html?s=0 HTTP/1.1" 200 2084 "http://www.mink-gmbh.de/index.php" "Mozilla/5.0 (Windows NT 6.1; rv:13.0) Gecko/20100101 Firefox/13.0"
66.249.66.137 - - [10/Jun/2012:12:03:58 +0200] "GET /news.php?cs_go=archiv&cs_id=2317&cs_search= HTTP/1.1" 200 9912 "-" "Mozilla/5.0 (compatible; Googlebot/2.1; +http://www.google.com/bot.html)"
66.249.66.137 - - [10/Jun/2012:12:03:59 +0200] "GET /news.php?cs_go=archiv&cs_startpos=711 HTTP/1.1" 200 22993 "-" "Mozilla/5.0 (compatible; Googlebot/2.1; +http://www.google.com/bot.html)"
66.249.66.137 - - [10/Jun/2012:12:13:47 +0200] "GET /news.php?cs_go=archiv&cs_startpos=701 HTTP/1.1" 200 23145 "-" "Mozilla/5.0 (compatible; Googlebot/2.1; +http://www.google.com/bot.html)"
66.249.66.137 - - [10/Jun/2012:12:24:01 +0200] "GET /news.php?cs_go=archiv&cs_startpos=691 HTTP/1.1" 200 23153 "-" "Mozilla/5.0 (compatible; Googlebot/2.1; +http://www.google.com/bot.html)"
85.178.235.144 - - [10/Jun/2012:12:28:16 +0200] "GET /style.css HTTP/1.1" 200 8418 "http://www.mink-gmbh.de/" "Mozilla/4.0 (compatible; MSIE 7.0; Windows NT 5.1; .NET CLR 2.0.50727; .NET CLR 3.0.4506.2152; .NET CLR 3.5.30729)"
85.178.235.144 - - [10/Jun/2012:12:28:16 +0200] "GET /modul.css HTTP/1.1" 200 35038 "http://www.mink-gmbh.de/" "Mozilla/4.0 (compatible; MSIE 7.0; Windows NT 5.1; .NET CLR 2.0.50727; .NET CLR 3.0.4506.2152; .NET CLR 3.5.30729)"
85.178.235.144 - - [10/Jun/2012:12:28:16 +0200] "GET / HTTP/1.1" 200 15292 "-" "Mozilla/4.0 (compatible; MSIE 7.0; Windows NT 5.1; .NET CLR 2.0.50727; .NET CLR 3.0.4506.2152; .NET CLR 3.5.30729)"
85.178.235.144 - - [10/Jun/2012:12:28:17 +0200] "GET /images/bg.jpg HTTP/1.1" 200 345 "http://www.mink-gmbh.de/" "Mozilla/4.0 (compatible; MSIE 7.0; Windows NT 5.1; .NET CLR 2.0.50727; .NET CLR 3.0.4506.2152; .NET CLR 3.5.30729)"
85.178.235.144 - - [10/Jun/2012:12:28:17 +0200] "GET /js_contentserver24_greybox/AJS.js HTTP/1.1" 200 10396 "http://www.mink-gmbh.de/" "Mozilla/4.0 (compatible; MSIE 7.0; Windows NT 5.1; .NET CLR 2.0.50727; .NET CLR 3.0.4506.2152; .NET CLR 3.5.30729)"
85.178.235.144 - - [10/Jun/2012:12:28:17 +0200] "GET /js_contentserver24_greybox/gb_styles.css HTTP/1.1" 200 2302 "http://www.mink-gmbh.de/" "Mozilla/4.0 (compatible; MSIE 7.0; Windows NT 5.1; .NET CLR 2.0.50727; .NET CLR 3.0.4506.2152; .NET CLR 3.5.30729)"
85.178.235.144 - - [10/Jun/2012:12:28:17 +0200] "GET /js_contentserver24_greybox/AJS_fx.js HTTP/1.1" 200 3192 "http://www.mink-gmbh.de/" "Mozilla/4.0 (compatible; MSIE 7.0; Windows NT 5.1; .NET CLR 2.0.50727; .NET CLR 3.0.4506.2152; .NET CLR 3.5.30729)"
85.178.235.144 - - [10/Jun/2012:12:28:17 +0200] "GET /js_contentserver24_greybox/gb_scripts.js HTTP/1.1" 200 11913 "http://www.mink-gmbh.de/" "Mozilla/4.0 (compatible; MSIE 7.0; Windows NT 5.1; .NET CLR 2.0.50727; .NET CLR 3.0.4506.2152; .NET CLR 3.5.30729)"
85.178.235.144 - - [10/Jun/2012:12:28:17 +0200] "GET /js_contentserver24_greybox/w_close.gif HTTP/1.1" 200 74 "http://www.mink-gmbh.de/" "Mozilla/4.0 (compatible; MSIE 7.0; Windows NT 5.1; .NET CLR 2.0.50727; .NET CLR 3.0.4506.2152; .NET CLR 3.5.30729)"
85.178.235.144 - - [10/Jun/2012:12:28:17 +0200] "GET /js_contentserver24_greybox/header_bg.gif HTTP/1.1" 200 1188 "http://www.mink-gmbh.de/" "Mozilla/4.0 (compatible; MSIE 7.0; Windows NT 5.1; .NET CLR 2.0.50727; .NET CLR 3.0.4506.2152; .NET CLR 3.5.30729)"
85.178.235.144 - - [10/Jun/2012:12:28:17 +0200] "GET /images/newsletter_bg.jpg HTTP/1.1" 200 33610 "http://www.mink-gmbh.de/" "Mozilla/4.0 (compatible; MSIE 7.0; Windows NT 5.1; .NET CLR 2.0.50727; .NET CLR 3.0.4506.2152; .NET CLR 3.5.30729)"
85.178.235.144 - - [10/Jun/2012:12:28:17 +0200] "GET /images/tkw.jpg HTTP/1.1" 200 64031 "http://www.mink-gmbh.de/" "Mozilla/4.0 (compatible; MSIE 7.0; Windows NT 5.1; .NET CLR 2.0.50727; .NET CLR 3.0.4506.2152; .NET CLR 3.5.30729)"
85.178.235.144 - - [10/Jun/2012:12:28:17 +0200] "GET /images/wrapperbg.jpg HTTP/1.1" 200 27465 "http://www.mink-gmbh.de/" "Mozilla/4.0 (compatible; MSIE 7.0; Windows NT 5.1; .NET CLR 2.0.50727; .NET CLR 3.0.4506.2152; .NET CLR 3.5.30729)"
85.178.235.144 - - [10/Jun/2012:12:28:17 +0200] "GET /images/navibg.png HTTP/1.1" 200 2803 "http://www.mink-gmbh.de/" "Mozilla/4.0 (compatible; MSIE 7.0; Windows NT 5.1; .NET CLR 2.0.50727; .NET CLR 3.0.4506.2152; .NET CLR 3.5.30729)"
85.178.235.144 - - [10/Jun/2012:12:28:17 +0200] "GET /images/header.jpg HTTP/1.1" 200 24413 "http://www.mink-gmbh.de/" "Mozilla/4.0 (compatible; MSIE 7.0; Windows NT 5.1; .NET CLR 2.0.50727; .NET CLR 3.0.4506.2152; .NET CLR 3.5.30729)"
85.178.235.144 - - [10/Jun/2012:12:28:17 +0200] "GET /images/mail.jpg HTTP/1.1" 200 11165 "http://www.mink-gmbh.de/" "Mozilla/4.0 (compatible; MSIE 7.0; Windows NT 5.1; .NET CLR 2.0.50727; .NET CLR 3.0.4506.2152; .NET CLR 3.5.30729)"
85.178.235.144 - - [10/Jun/2012:12:28:17 +0200] "GET /images/freecall.jpg HTTP/1.1" 200 39195 "http://www.mink-gmbh.de/" "Mozilla/4.0 (compatible; MSIE 7.0; Windows NT 5.1; .NET CLR 2.0.50727; .NET CLR 3.0.4506.2152; .NET CLR 3.5.30729)"
85.178.235.144 - - [10/Jun/2012:12:28:17 +0200] "GET /images/kwk.gif HTTP/1.1" 200 6403 "http://www.mink-gmbh.de/" "Mozilla/4.0 (compatible; MSIE 7.0; Windows NT 5.1; .NET CLR 2.0.50727; .NET CLR 3.0.4506.2152; .NET CLR 3.5.30729)"
85.178.235.144 - - [10/Jun/2012:12:28:17 +0200] "GET /js_contentserver24_greybox/loader_frame.html?s=0 HTTP/1.1" 200 2084 "http://www.mink-gmbh.de/" "Mozilla/4.0 (compatible; MSIE 7.0; Windows NT 5.1; .NET CLR 2.0.50727; .NET CLR 3.0.4506.2152; .NET CLR 3.5.30729)"
85.178.235.144 - - [10/Jun/2012:12:28:17 +0200] "GET /images/wunschpreis.jpg HTTP/1.1" 200 16767 "http://www.mink-gmbh.de/" "Mozilla/4.0 (compatible; MSIE 7.0; Windows NT 5.1; .NET CLR 2.0.50727; .NET CLR 3.0.4506.2152; .NET CLR 3.5.30729)"
85.178.235.144 - - [10/Jun/2012:12:28:17 +0200] "GET /images/logos.jpg HTTP/1.1" 200 15002 "http://www.mink-gmbh.de/" "Mozilla/4.0 (compatible; MSIE 7.0; Windows NT 5.1; .NET CLR 2.0.50727; .NET CLR 3.0.4506.2152; .NET CLR 3.5.30729)"
85.178.235.144 - - [10/Jun/2012:12:28:18 +0200] "GET /images/fallend.png HTTP/1.1" 200 713 "http://www.mink-gmbh.de/" "Mozilla/4.0 (compatible; MSIE 7.0; Windows NT 5.1; .NET CLR 2.0.50727; .NET CLR 3.0.4506.2152; .NET CLR 3.5.30729)"
85.178.235.144 - - [10/Jun/2012:12:28:18 +0200] "GET /images/steigend.png HTTP/1.1" 200 688 "http://www.mink-gmbh.de/" "Mozilla/4.0 (compatible; MSIE 7.0; Windows NT 5.1; .NET CLR 2.0.50727; .NET CLR 3.0.4506.2152; .NET CLR 3.5.30729)"
85.178.235.144 - - [10/Jun/2012:12:28:18 +0200] "GET /images/mobil.jpg HTTP/1.1" 200 25293 "http://www.mink-gmbh.de/" "Mozilla/4.0 (compatible; MSIE 7.0; Windows NT 5.1; .NET CLR 2.0.50727; .NET CLR 3.0.4506.2152; .NET CLR 3.5.30729)"
85.178.235.144 - - [10/Jun/2012:12:28:18 +0200] "GET /images/newsletter.jpg HTTP/1.1" 200 13130 "http://www.mink-gmbh.de/" "Mozilla/4.0 (compatible; MSIE 7.0; Windows NT 5.1; .NET CLR 2.0.50727; .NET CLR 3.0.4506.2152; .NET CLR 3.5.30729)"
85.178.235.144 - - [10/Jun/2012:12:28:18 +0200] "GET /images/close.png HTTP/1.1" 200 703 "http://www.mink-gmbh.de/" "Mozilla/4.0 (compatible; MSIE 7.0; Windows NT 5.1; .NET CLR 2.0.50727; .NET CLR 3.0.4506.2152; .NET CLR 3.5.30729)"
85.178.235.144 - - [10/Jun/2012:12:28:18 +0200] "GET /images/newsletter.png HTTP/1.1" 200 14619 "http://www.mink-gmbh.de/" "Mozilla/4.0 (compatible; MSIE 7.0; Windows NT 5.1; .NET CLR 2.0.50727; .NET CLR 3.0.4506.2152; .NET CLR 3.5.30729)"
85.178.235.144 - - [10/Jun/2012:12:28:18 +0200] "GET /images/footerbg.jpg HTTP/1.1" 200 2184 "http://www.mink-gmbh.de/" "Mozilla/4.0 (compatible; MSIE 7.0; Windows NT 5.1; .NET CLR 2.0.50727; .NET CLR 3.0.4506.2152; .NET CLR 3.5.30729)"
85.178.235.144 - - [10/Jun/2012:12:28:18 +0200] "GET /js_contentserver24_greybox/indicator.gif HTTP/1.1" 200 8238 "http://www.mink-gmbh.de/js_contentserver24_greybox/loader_frame.html?s=0" "Mozilla/4.0 (compatible; MSIE 7.0; Windows NT 5.1; .NET CLR 2.0.50727; .NET CLR 3.0.4506.2152; .NET CLR 3.5.30729)"
85.178.235.144 - - [10/Jun/2012:12:28:18 +0200] "GET /favicon.ico HTTP/1.1" 200 3638 "-" "Mozilla/4.0 (compatible; MSIE 7.0; Windows NT 5.1; .NET CLR 2.0.50727; .NET CLR 3.0.4506.2152; .NET CLR 3.5.30729)"
85.178.235.144 - - [10/Jun/2012:12:28:19 +0200] "GET /js_contentserver24_greybox/g_close.gif HTTP/1.1" 200 541 "http://www.mink-gmbh.de/" "Mozilla/4.0 (compatible; MSIE 7.0; Windows NT 5.1; .NET CLR 2.0.50727; .NET CLR 3.0.4506.2152; .NET CLR 3.5.30729)"
85.178.235.144 - - [10/Jun/2012:12:29:05 +0200] "GET /preisanfrage.php HTTP/1.1" 200 10549 "http://www.mink-gmbh.de/" "Mozilla/4.0 (compatible; MSIE 7.0; Windows NT 5.1; .NET CLR 2.0.50727; .NET CLR 3.0.4506.2152; .NET CLR 3.5.30729)"
85.178.235.144 - - [10/Jun/2012:12:29:56 +0200] "GET /standard.php HTTP/1.1" 200 9063 "http://www.mink-gmbh.de/preisanfrage.php" "Mozilla/4.0 (compatible; MSIE 7.0; Windows NT 5.1; .NET CLR 2.0.50727; .NET CLR 3.0.4506.2152; .NET CLR 3.5.30729)"
85.178.235.144 - - [10/Jun/2012:12:30:51 +0200] "GET /optiplus.php HTTP/1.1" 200 10924 "http://www.mink-gmbh.de/standard.php" "Mozilla/4.0 (compatible; MSIE 7.0; Windows NT 5.1; .NET CLR 2.0.50727; .NET CLR 3.0.4506.2152; .NET CLR 3.5.30729)"
85.178.235.144 - - [10/Jun/2012:12:30:52 +0200] "GET /images/Optiseite.jpg HTTP/1.1" 200 32107 "http://www.mink-gmbh.de/optiplus.php" "Mozilla/4.0 (compatible; MSIE 7.0; Windows NT 5.1; .NET CLR 2.0.50727; .NET CLR 3.0.4506.2152; .NET CLR 3.5.30729)"
85.178.235.144 - - [10/Jun/2012:12:30:52 +0200] "GET /images/optiplus.jpg HTTP/1.1" 200 37436 "http://www.mink-gmbh.de/optiplus.php" "Mozilla/4.0 (compatible; MSIE 7.0; Windows NT 5.1; .NET CLR 2.0.50727; .NET CLR 3.0.4506.2152; .NET CLR 3.5.30729)"
85.178.235.144 - - [10/Jun/2012:12:31:41 +0200] "GET /preisanfrage.php HTTP/1.1" 200 10549 "http://www.mink-gmbh.de/optiplus.php" "Mozilla/4.0 (compatible; MSIE 7.0; Windows NT 5.1; .NET CLR 2.0.50727; .NET CLR 3.0.4506.2152; .NET CLR 3.5.30729)"
85.178.235.144 - - [10/Jun/2012:12:32:13 +0200] "GET /standard.php HTTP/1.1" 200 9063 "http://www.mink-gmbh.de/preisanfrage.php" "Mozilla/4.0 (compatible; MSIE 7.0; Windows NT 5.1; .NET CLR 2.0.50727; .NET CLR 3.0.4506.2152; .NET CLR 3.5.30729)"
66.249.66.137 - - [10/Jun/2012:12:33:44 +0200] "GET /news.php?cs_go=archiv&cs_startpos=681 HTTP/1.1" 200 23046 "-" "Mozilla/5.0 (compatible; Googlebot/2.1; +http://www.google.com/bot.html)"
66.249.66.137 - - [10/Jun/2012:12:43:48 +0200] "GET /news.php?cs_go=archiv&cs_startpos=671 HTTP/1.1" 200 22989 "-" "Mozilla/5.0 (compatible; Googlebot/2.1; +http://www.google.com/bot.html)"
208.115.113.91 - - [10/Jun/2012:12:44:52 +0200] "GET /news.php?cs_go=archiv&cs_id=2787&cs_search= HTTP/1.1" 200 14082 "-" "Mozilla/5.0 (compatible; Ezooms/1.0; ezooms.bot@gmail.com)"
66.249.66.137 - - [10/Jun/2012:12:54:08 +0200] "GET /news.php?cs_go=archiv&cs_id=2371&cs_search= HTTP/1.1" 200 10083 "-" "Mozilla/5.0 (compatible; Googlebot/2.1; +http://www.google.com/bot.html)"
66.249.72.166 - - [10/Jun/2012:12:54:08 +0200] "GET /news.php?cs_go=archiv&cs_id=2370&cs_search= HTTP/1.1" 200 14336 "-" "Mozilla/5.0 (compatible; Googlebot/2.1; +http://www.google.com/bot.html)"
66.249.66.137 - - [10/Jun/2012:12:54:09 +0200] "GET /news.php?cs_go=archiv&cs_startpos=661 HTTP/1.1" 200 23261 "-" "Mozilla/5.0 (compatible; Googlebot/2.1; +http://www.google.com/bot.html)"
66.249.66.137 - - [10/Jun/2012:12:59:09 +0200] "GET /news.php?cs_go=archiv&cs_id=2372&cs_search= HTTP/1.1" 200 9182 "-" "Mozilla/5.0 (compatible; Googlebot/2.1; +http://www.google.com/bot.html)"
66.249.72.166 - - [10/Jun/2012:13:04:35 +0200] "GET /news.php?cs_go=archiv&cs_startpos=651 HTTP/1.1" 200 23008 "-" "Mozilla/5.0 (compatible; Googlebot/2.1; +http://www.google.com/bot.html)"
66.249.66.137 - - [10/Jun/2012:13:15:06 +0200] "GET /news.php?cs_go=archiv&cs_startpos=641 HTTP/1.1" 200 23030 "-" "Mozilla/5.0 (compatible; Googlebot/2.1; +http://www.google.com/bot.html)"
66.249.66.137 - - [10/Jun/2012:13:24:32 +0200] "GET /news.php?cs_go=archiv&cs_startpos=631 HTTP/1.1" 200 23138 "-" "Mozilla/5.0 (compatible; Googlebot/2.1; +http://www.google.com/bot.html)"
178.154.179.250 - - [10/Jun/2012:13:25:19 +0200] "GET /robots.txt HTTP/1.1" 200 177 "-" "Mozilla/5.0 (compatible; YandexBot/3.0; +http://yandex.com/bots)"
123.125.71.35 - - [10/Jun/2012:13:28:22 +0200] "GET / HTTP/1.1" 200 11665 "-" "Mozilla/5.0 (compatible; Baiduspider/2.0; +http://www.baidu.com/search/spider.html)"
220.181.108.91 - - [10/Jun/2012:13:28:36 +0200] "GET / HTTP/1.1" 200 6441 "-" "Mozilla/5.0 (compatible; Baiduspider/2.0; +http://www.baidu.com/search/spider.html)"
66.249.66.137 - - [10/Jun/2012:13:34:47 +0200] "GET /news.php?cs_go=archiv&cs_startpos=621 HTTP/1.1" 200 23300 "-" "Mozilla/5.0 (compatible; Googlebot/2.1; +http://www.google.com/bot.html)"
66.249.66.137 - - [10/Jun/2012:13:45:26 +0200] "GET /news.php?cs_go=archiv&cs_startpos=611 HTTP/1.1" 200 22992 "-" "Mozilla/5.0 (compatible; Googlebot/2.1; +http://www.google.com/bot.html)"
66.249.66.137 - - [10/Jun/2012:13:56:49 +0200] "GET /news.php?cs_go=archiv&cs_startpos=601 HTTP/1.1" 200 23039 "-" "Mozilla/5.0 (compatible; Googlebot/2.1; +http://www.google.com/bot.html)"
66.249.66.137 - - [10/Jun/2012:14:08:33 +0200] "GET /news.php?cs_go=archiv&cs_startpos=591 HTTP/1.1" 200 23282 "-" "Mozilla/5.0 (compatible; Googlebot/2.1; +http://www.google.com/bot.html)"
66.249.66.137 - - [10/Jun/2012:14:20:36 +0200] "GET /news.php?cs_go=archiv&cs_id=2874&cs_search= HTTP/1.1" 200 13874 "-" "Mozilla/5.0 (compatible; Googlebot/2.1; +http://www.google.com/bot.html)"
66.249.66.137 - - [10/Jun/2012:14:27:11 +0200] "GET /news.php?cs_go=archiv&cs_startpos=581 HTTP/1.1" 200 22732 "-" "Mozilla/5.0 (compatible; Googlebot/2.1; +http://www.google.com/bot.html)"
66.249.66.137 - - [10/Jun/2012:14:45:00 +0200] "GET /news.php?cs_go=archiv&cs_startpos=571 HTTP/1.1" 200 22998 "-" "Mozilla/5.0 (compatible; Googlebot/2.1; +http://www.google.com/bot.html)"
123.125.71.18 - - [10/Jun/2012:14:48:12 +0200] "GET /robots.txt HTTP/1.1" 200 177 "-" "Mozilla/5.0 (compatible; Baiduspider/2.0; +http://www.baidu.com/search/spider.html)"
66.249.66.137 - - [10/Jun/2012:14:56:23 +0200] "GET /news.php?cs_go=archiv&cs_startpos=561 HTTP/1.1" 200 22597 "-" "Mozilla/5.0 (compatible; Googlebot/2.1; +http://www.google.com/bot.html)"
208.115.113.91 - - [10/Jun/2012:14:56:46 +0200] "GET /robots.txt HTTP/1.1" 200 177 "-" "Mozilla/5.0 (compatible; Ezooms/1.0; ezooms.bot@gmail.com)"
66.249.66.137 - - [10/Jun/2012:15:05:10 +0200] "GET /news.php?cs_go=archiv&cs_startpos=551 HTTP/1.1" 200 22933 "-" "Mozilla/5.0 (compatible; Googlebot/2.1; +http://www.google.com/bot.html)"
65.36.241.79 - - [10/Jun/2012:15:11:35 +0200] "HEAD / HTTP/1.1" 200 - "-" "InternetSeer.com"
66.249.66.137 - - [10/Jun/2012:15:16:33 +0200] "GET /news.php?cs_go=archiv&cs_startpos=541 HTTP/1.1" 200 23029 "-" "Mozilla/5.0 (compatible; Googlebot/2.1; +http://www.google.com/bot.html)"
123.125.71.33 - - [10/Jun/2012:15:25:13 +0200] "GET / HTTP/1.1" 200 11665 "-" "Mozilla/5.0 (compatible; Baiduspider/2.0; +http://www.baidu.com/search/spider.html)"
220.181.108.83 - - [10/Jun/2012:15:25:21 +0200] "GET / HTTP/1.1" 200 7794 "-" "Mozilla/5.0 (compatible; Baiduspider/2.0; +http://www.baidu.com/search/spider.html)"
66.249.66.137 - - [10/Jun/2012:15:26:47 +0200] "GET /news.php?cs_go=archiv&cs_startpos=531 HTTP/1.1" 200 22940 "-" "Mozilla/5.0 (compatible; Googlebot/2.1; +http://www.google.com/bot.html)"
66.249.66.137 - - [10/Jun/2012:15:38:18 +0200] "GET /news.php?cs_go=archiv&cs_startpos=521 HTTP/1.1" 200 23019 "-" "Mozilla/5.0 (compatible; Googlebot/2.1; +http://www.google.com/bot.html)"
66.249.66.137 - - [10/Jun/2012:15:44:30 +0200] "GET /news.php HTTP/1.1" 200 22175 "-" "Mozilla/5.0 (compatible; Googlebot/2.1; +http://www.google.com/bot.html)"
178.154.179.250 - - [10/Jun/2012:15:49:07 +0200] "GET / HTTP/1.1" 200 15292 "-" "Mozilla/5.0 (compatible; YandexBot/3.0; +http://yandex.com/bots)"
66.249.66.137 - - [10/Jun/2012:15:56:12 +0200] "GET /news.php?cs_go=archiv&cs_startpos=511 HTTP/1.1" 200 22987 "-" "Mozilla/5.0 (compatible; Googlebot/2.1; +http://www.google.com/bot.html)"
66.249.66.137 - - [10/Jun/2012:16:05:48 +0200] "GET /news.php?cs_go=archiv&cs_startpos=501 HTTP/1.1" 200 23101 "-" "Mozilla/5.0 (compatible; Googlebot/2.1; +http://www.google.com/bot.html)"
66.249.66.137 - - [10/Jun/2012:16:16:22 +0200] "GET /news.php?cs_go=archiv&cs_id=3141&cs_search= HTTP/1.1" 200 11557 "-" "Mozilla/5.0 (compatible; Googlebot/2.1; +http://www.google.com/bot.html)"
66.249.72.166 - - [10/Jun/2012:16:16:23 +0200] "GET /news.php?cs_go=archiv&cs_id=3154&cs_search= HTTP/1.1" 200 9903 "-" "Mozilla/5.0 (compatible; Googlebot/2.1; +http://www.google.com/bot.html)"
66.249.66.137 - - [10/Jun/2012:16:16:39 +0200] "GET /news.php?cs_go=archiv&cs_startpos=491 HTTP/1.1" 200 23043 "-" "Mozilla/5.0 (compatible; Googlebot/2.1; +http://www.google.com/bot.html)"
208.115.113.91 - - [10/Jun/2012:16:17:51 +0200] "GET /news.php?cs_go=archiv&cs_id=2895&cs_search= HTTP/1.1" 200 13569 "-" "Mozilla/5.0 (compatible; Ezooms/1.0; ezooms.bot@gmail.com)"
