199.19.110.52 - - [11/Jun/2012:17:46:28 +0200] "GET /news.php?cs_go=archiv&cs_id=3022 HTTP/1.0" 200 11917 "-" "Mozilla/5.0 (compatible; MJ12bot/v1.4.3; http://www.majestic12.co.uk/bot.php?+)"
199.19.110.52 - - [11/Jun/2012:17:46:30 +0200] "GET /news.php?cs_go=archiv&cs_id=3027 HTTP/1.0" 200 13303 "-" "Mozilla/5.0 (compatible; MJ12bot/v1.4.3; http://www.majestic12.co.uk/bot.php?+)"
199.19.110.52 - - [11/Jun/2012:17:46:32 +0200] "GET /news.php?cs_go=archiv&cs_id=3028 HTTP/1.0" 200 12725 "-" "Mozilla/5.0 (compatible; MJ12bot/v1.4.3; http://www.majestic12.co.uk/bot.php?+)"
199.19.110.52 - - [11/Jun/2012:17:46:33 +0200] "GET /news.php?cs_go=archiv&cs_id=3070 HTTP/1.0" 200 13670 "-" "Mozilla/5.0 (compatible; MJ12bot/v1.4.3; http://www.majestic12.co.uk/bot.php?+)"
199.19.110.52 - - [11/Jun/2012:17:46:35 +0200] "GET /news.php?cs_go=archiv&cs_id=3071 HTTP/1.0" 200 9928 "-" "Mozilla/5.0 (compatible; MJ12bot/v1.4.3; http://www.majestic12.co.uk/bot.php?+)"
199.19.110.52 - - [11/Jun/2012:17:46:37 +0200] "GET /news.php?cs_go=archiv&cs_id=3073 HTTP/1.0" 200 14018 "-" "Mozilla/5.0 (compatible; MJ12bot/v1.4.3; http://www.majestic12.co.uk/bot.php?+)"
199.19.110.52 - - [11/Jun/2012:17:46:39 +0200] "GET /news.php?cs_go=archiv&cs_id=3074 HTTP/1.0" 200 9850 "-" "Mozilla/5.0 (compatible; MJ12bot/v1.4.3; http://www.majestic12.co.uk/bot.php?+)"
199.19.110.52 - - [11/Jun/2012:17:46:41 +0200] "GET /news.php?cs_go=archiv&cs_id=3076 HTTP/1.0" 200 13812 "-" "Mozilla/5.0 (compatible; MJ12bot/v1.4.3; http://www.majestic12.co.uk/bot.php?+)"
199.19.110.52 - - [11/Jun/2012:17:46:43 +0200] "GET /news.php?cs_go=archiv&cs_id=3077 HTTP/1.0" 200 9876 "-" "Mozilla/5.0 (compatible; MJ12bot/v1.4.3; http://www.majestic12.co.uk/bot.php?+)"
199.19.110.52 - - [11/Jun/2012:17:46:44 +0200] "GET /news.php?cs_go=archiv&cs_id=3078 HTTP/1.0" 200 13441 "-" "Mozilla/5.0 (compatible; MJ12bot/v1.4.3; http://www.majestic12.co.uk/bot.php?+)"
199.19.110.52 - - [11/Jun/2012:17:46:47 +0200] "GET /news.php?cs_go=archiv&cs_id=3079 HTTP/1.0" 200 9764 "-" "Mozilla/5.0 (compatible; MJ12bot/v1.4.3; http://www.majestic12.co.uk/bot.php?+)"
199.19.110.52 - - [11/Jun/2012:17:46:49 +0200] "GET /news.php?cs_go=archiv&cs_id=3081 HTTP/1.0" 200 13861 "-" "Mozilla/5.0 (compatible; MJ12bot/v1.4.3; http://www.majestic12.co.uk/bot.php?+)"
66.249.66.137 - - [11/Jun/2012:18:01:25 +0200] "GET /news.php?cs_go=archiv&cs_id=1764&cs_search= HTTP/1.1" 200 9235 "-" "Mozilla/5.0 (compatible; Googlebot/2.1; +http://www.google.com/bot.html)"
208.115.113.91 - - [11/Jun/2012:18:02:13 +0200] "GET /lexikon.php?cs_go=3&cs_id=94 HTTP/1.1" 200 8411 "-" "Mozilla/5.0 (compatible; Ezooms/1.0; ezooms.bot@gmail.com)"
208.115.113.91 - - [11/Jun/2012:18:02:15 +0200] "GET /news.php?cs_go=archiv&cs_id=2839&cs_search= HTTP/1.1" 200 11523 "-" "Mozilla/5.0 (compatible; Ezooms/1.0; ezooms.bot@gmail.com)"
208.115.113.91 - - [11/Jun/2012:18:02:18 +0200] "GET /news.php?cs_go=archiv&cs_id=2889&cs_search= HTTP/1.1" 200 13600 "-" "Mozilla/5.0 (compatible; Ezooms/1.0; ezooms.bot@gmail.com)"
208.115.113.91 - - [11/Jun/2012:18:02:20 +0200] "GET /news.php?cs_go=archiv&cs_startpos=180 HTTP/1.1" 200 23110 "-" "Mozilla/5.0 (compatible; Ezooms/1.0; ezooms.bot@gmail.com)"
123.125.71.35 - - [11/Jun/2012:18:38:29 +0200] "GET / HTTP/1.1" 200 10281 "-" "Mozilla/5.0 (compatible; Baiduspider/2.0; +http://www.baidu.com/search/spider.html)"
220.181.108.94 - - [11/Jun/2012:18:38:54 +0200] "GET / HTTP/1.1" 200 15351 "-" "Mozilla/5.0 (compatible; Baiduspider/2.0; +http://www.baidu.com/search/spider.html)"
46.4.125.109 - - [11/Jun/2012:18:45:18 +0200] "GET /robots.txt HTTP/1.1" 200 177 "-" "Pixray-Seeker/1.1 (Pixray-Seeker; http://www.pixray.com/pixraybot; crawler@pixray.com)"
46.4.125.109 - - [11/Jun/2012:18:45:18 +0200] "GET /robots.txt HTTP/1.1" 200 177 "-" "Pixray-Seeker/1.1 (Pixray-Seeker; http://www.pixray.com/pixraybot; crawler@pixray.com)"
46.4.125.109 - - [11/Jun/2012:18:45:18 +0200] "GET /lexikon.php?cs_go=3&cs_id=131 HTTP/1.1" 200 8309 "-" "Pixray-Seeker/1.1 (Pixray-Seeker; http://www.pixray.com/pixraybot; crawler@pixray.com)"
46.4.125.109 - - [11/Jun/2012:18:45:18 +0200] "GET /kwk.php?cs_go=3 HTTP/1.1" 200 10216 "-" "Pixray-Seeker/1.1 (Pixray-Seeker; http://www.pixray.com/pixraybot; crawler@pixray.com)"
46.4.125.109 - - [11/Jun/2012:18:47:25 +0200] "GET /news.php?cs_go=archiv&cs_id=2591&cs_search= HTTP/1.1" 200 10122 "-" "Pixray-Seeker/1.1 (Pixray-Seeker; http://www.pixray.com/pixraybot; crawler@pixray.com)"
46.4.125.109 - - [11/Jun/2012:18:47:47 +0200] "GET /impressum.php HTTP/1.1" 200 8857 "-" "Pixray-Seeker/1.1 (Pixray-Seeker; http://www.pixray.com/pixraybot; crawler@pixray.com)"
46.4.125.109 - - [11/Jun/2012:18:49:02 +0200] "GET /kwk.php?cs_go=4 HTTP/1.1" 200 10099 "-" "Pixray-Seeker/1.1 (Pixray-Seeker; http://www.pixray.com/pixraybot; crawler@pixray.com)"
46.4.125.109 - - [11/Jun/2012:18:49:45 +0200] "GET /lexikon.php?cs_go=3&cs_id=135 HTTP/1.1" 200 9041 "-" "Pixray-Seeker/1.1 (Pixray-Seeker; http://www.pixray.com/pixraybot; crawler@pixray.com)"
46.4.125.109 - - [11/Jun/2012:18:51:50 +0200] "GET /lexikon.php?cs_go=3&cs_id=201 HTTP/1.1" 200 8667 "-" "Pixray-Seeker/1.1 (Pixray-Seeker; http://www.pixray.com/pixraybot; crawler@pixray.com)"
46.4.125.109 - - [11/Jun/2012:18:52:27 +0200] "GET /news.php?cs_go=archiv&cs_id=2593&cs_search= HTTP/1.1" 200 10236 "-" "Pixray-Seeker/1.1 (Pixray-Seeker; http://www.pixray.com/pixraybot; crawler@pixray.com)"
46.4.125.109 - - [11/Jun/2012:18:53:01 +0200] "GET /news.php?cs_go=archiv&cs_id=2679&cs_search= HTTP/1.1" 200 10580 "-" "Pixray-Seeker/1.1 (Pixray-Seeker; http://www.pixray.com/pixraybot; crawler@pixray.com)"
46.4.121.154 - - [11/Jun/2012:19:04:31 +0200] "GET /robots.txt HTTP/1.1" 200 177 "-" "Pixray-Seeker/1.1 (Pixray-Seeker; http://www.pixray.com/pixraybot; crawler@pixray.com)"
46.4.121.154 - - [11/Jun/2012:19:04:31 +0200] "GET /kwk.php?cs_go=1 HTTP/1.1" 200 10815 "-" "Pixray-Seeker/1.1 (Pixray-Seeker; http://www.pixray.com/pixraybot; crawler@pixray.com)"
46.4.121.154 - - [11/Jun/2012:19:06:00 +0200] "GET /lexikon.php?cs_go=3&cs_id=58 HTTP/1.1" 200 10685 "-" "Pixray-Seeker/1.1 (Pixray-Seeker; http://www.pixray.com/pixraybot; crawler@pixray.com)"
66.249.66.137 - - [11/Jun/2012:19:24:48 +0200] "GET /news.php?cs_go=archiv&cs_id=2491&cs_search= HTTP/1.1" 200 9349 "-" "Mozilla/5.0 (compatible; Googlebot/2.1; +http://www.google.com/bot.html)"
65.36.241.79 - - [11/Jun/2012:20:45:24 +0200] "HEAD / HTTP/1.1" 200 - "-" "InternetSeer.com"
199.19.110.52 - - [11/Jun/2012:22:28:53 +0200] "GET /robots.txt HTTP/1.0" 200 177 "-" "Mozilla/5.0 (compatible; MJ12bot/v1.4.3; http://www.majestic12.co.uk/bot.php?+)"
199.19.110.52 - - [11/Jun/2012:22:28:55 +0200] "GET / HTTP/1.0" 200 15351 "-" "Mozilla/5.0 (compatible; MJ12bot/v1.4.3; http://www.majestic12.co.uk/bot.php?+)"
46.165.197.141 - - [11/Jun/2012:22:59:21 +0200] "GET /robots.txt HTTP/1.0" 200 177 "-" "Mozilla/5.0 (compatible; MJ12bot/v1.4.3; http://www.majestic12.co.uk/bot.php?+)"
77.20.4.67 - - [11/Jun/2012:22:59:21 +0200] "GET /standard.php HTTP/1.1" 200 7491 "-" "findlinks/2.0.2 (+http://wortschatz.uni-leipzig.de/findlinks/)"
77.20.4.67 - - [11/Jun/2012:22:59:21 +0200] "GET /standard.php HTTP/1.1" 200 9063 "-" "findlinks/2.0.2 (+http://wortschatz.uni-leipzig.de/findlinks/)"
46.165.197.141 - - [11/Jun/2012:22:59:22 +0200] "GET /news.php?cs_go=archiv&cs_id=3013 HTTP/1.0" 200 11971 "-" "Mozilla/5.0 (compatible; MJ12bot/v1.4.3; http://www.majestic12.co.uk/bot.php?+)"
46.165.197.141 - - [11/Jun/2012:22:59:23 +0200] "GET /news.php?cs_go=archiv&cs_id=3030 HTTP/1.0" 200 12437 "-" "Mozilla/5.0 (compatible; MJ12bot/v1.4.3; http://www.majestic12.co.uk/bot.php?+)"
46.165.197.141 - - [11/Jun/2012:22:59:25 +0200] "GET /news.php?cs_go=archiv&cs_id=3031 HTTP/1.0" 200 10820 "-" "Mozilla/5.0 (compatible; MJ12bot/v1.4.3; http://www.majestic12.co.uk/bot.php?+)"
46.165.197.141 - - [11/Jun/2012:22:59:27 +0200] "GET /news.php?cs_go=archiv&cs_id=3032 HTTP/1.0" 200 10348 "-" "Mozilla/5.0 (compatible; MJ12bot/v1.4.3; http://www.majestic12.co.uk/bot.php?+)"
46.165.197.141 - - [11/Jun/2012:22:59:28 +0200] "GET /news.php?cs_go=archiv&cs_id=3034 HTTP/1.0" 200 12792 "-" "Mozilla/5.0 (compatible; MJ12bot/v1.4.3; http://www.majestic12.co.uk/bot.php?+)"
46.165.197.141 - - [11/Jun/2012:22:59:30 +0200] "GET /news.php?cs_go=archiv&cs_id=3043 HTTP/1.0" 200 10091 "-" "Mozilla/5.0 (compatible; MJ12bot/v1.4.3; http://www.majestic12.co.uk/bot.php?+)"
46.165.197.141 - - [11/Jun/2012:22:59:31 +0200] "GET /news.php?cs_go=archiv&cs_id=3083 HTTP/1.0" 200 13672 "-" "Mozilla/5.0 (compatible; MJ12bot/v1.4.3; http://www.majestic12.co.uk/bot.php?+)"
46.165.197.141 - - [11/Jun/2012:22:59:33 +0200] "GET /news.php?cs_go=archiv&cs_id=3086 HTTP/1.0" 200 12800 "-" "Mozilla/5.0 (compatible; MJ12bot/v1.4.3; http://www.majestic12.co.uk/bot.php?+)"
46.165.197.141 - - [11/Jun/2012:22:59:34 +0200] "GET /news.php?cs_go=archiv&cs_id=3088 HTTP/1.0" 200 9918 "-" "Mozilla/5.0 (compatible; MJ12bot/v1.4.3; http://www.majestic12.co.uk/bot.php?+)"
46.165.197.141 - - [11/Jun/2012:22:59:36 +0200] "GET /news.php?cs_go=archiv&cs_id=3090 HTTP/1.0" 200 13467 "-" "Mozilla/5.0 (compatible; MJ12bot/v1.4.3; http://www.majestic12.co.uk/bot.php?+)"
46.165.197.141 - - [11/Jun/2012:22:59:37 +0200] "GET /news.php?cs_go=archiv&cs_id=3091 HTTP/1.0" 200 9860 "-" "Mozilla/5.0 (compatible; MJ12bot/v1.4.3; http://www.majestic12.co.uk/bot.php?+)"
46.165.197.141 - - [11/Jun/2012:22:59:39 +0200] "GET /news.php?cs_go=archiv&cs_id=3093 HTTP/1.0" 200 12294 "-" "Mozilla/5.0 (compatible; MJ12bot/v1.4.3; http://www.majestic12.co.uk/bot.php?+)"
46.165.197.141 - - [11/Jun/2012:22:59:41 +0200] "GET /news.php?cs_go=archiv&cs_id=3094 HTTP/1.0" 200 10382 "-" "Mozilla/5.0 (compatible; MJ12bot/v1.4.3; http://www.majestic12.co.uk/bot.php?+)"
46.165.197.141 - - [11/Jun/2012:22:59:42 +0200] "GET /news.php?cs_go=archiv&cs_id=3097 HTTP/1.0" 200 13547 "-" "Mozilla/5.0 (compatible; MJ12bot/v1.4.3; http://www.majestic12.co.uk/bot.php?+)"
46.165.197.141 - - [11/Jun/2012:22:59:44 +0200] "GET /news.php?cs_go=archiv&cs_id=3098 HTTP/1.0" 200 9744 "-" "Mozilla/5.0 (compatible; MJ12bot/v1.4.3; http://www.majestic12.co.uk/bot.php?+)"
46.165.197.141 - - [11/Jun/2012:22:59:45 +0200] "GET /news.php?cs_go=archiv&cs_id=3100 HTTP/1.0" 200 13470 "-" "Mozilla/5.0 (compatible; MJ12bot/v1.4.3; http://www.majestic12.co.uk/bot.php?+)"
66.249.66.137 - - [12/Jun/2012:00:00:19 +0200] "GET /news.php?cs_go=archiv&cs_id=3139 HTTP/1.1" 200 14329 "-" "Mozilla/5.0 (compatible; Googlebot/2.1; +http://www.google.com/bot.html)"
66.249.66.137 - - [12/Jun/2012:00:40:05 +0200] "GET /news.php?cs_go=archiv&cs_id=1969&cs_search= HTTP/1.1" 200 14084 "-" "Mozilla/5.0 (compatible; Googlebot/2.1; +http://www.google.com/bot.html)"
66.249.72.166 - - [12/Jun/2012:00:54:04 +0200] "GET /news.php?cs_go=archiv&cs_id=1971&cs_search= HTTP/1.1" 200 14154 "-" "Mozilla/5.0 (compatible; Googlebot/2.1; +http://www.google.com/bot.html)"
66.249.66.137 - - [12/Jun/2012:01:01:15 +0200] "GET /news.php?cs_go=archiv&cs_id=1996&cs_search= HTTP/1.1" 200 13941 "-" "Mozilla/5.0 (compatible; Googlebot/2.1; +http://www.google.com/bot.html)"
199.19.110.52 - - [12/Jun/2012:01:05:11 +0200] "GET /robots.txt HTTP/1.0" 200 177 "-" "Mozilla/5.0 (compatible; MJ12bot/v1.4.3; http://www.majestic12.co.uk/bot.php?+)"
199.19.110.52 - - [12/Jun/2012:01:05:13 +0200] "GET / HTTP/1.0" 200 15351 "-" "Mozilla/5.0 (compatible; MJ12bot/v1.4.3; http://www.majestic12.co.uk/bot.php?+)"
208.115.113.91 - - [12/Jun/2012:01:12:38 +0200] "GET /robots.txt HTTP/1.1" 200 177 "-" "Mozilla/5.0 (compatible; Ezooms/1.0; ezooms.bot@gmail.com)"
123.125.71.34 - - [12/Jun/2012:01:26:33 +0200] "GET / HTTP/1.1" 200 7794 "-" "Mozilla/5.0 (compatible; Baiduspider/2.0; +http://www.baidu.com/search/spider.html)"
220.181.108.77 - - [12/Jun/2012:01:26:56 +0200] "GET / HTTP/1.1" 200 6441 "-" "Mozilla/5.0 (compatible; Baiduspider/2.0; +http://www.baidu.com/search/spider.html)"
65.36.241.79 - - [12/Jun/2012:01:33:08 +0200] "HEAD / HTTP/1.1" 200 - "-" "InternetSeer.com"
66.249.66.137 - - [12/Jun/2012:01:39:44 +0200] "GET /news.php?cs_go=archiv&cs_id=1998&cs_search= HTTP/1.1" 200 14182 "-" "Mozilla/5.0 (compatible; Googlebot/2.1; +http://www.google.com/bot.html)"
66.249.66.137 - - [12/Jun/2012:01:48:14 +0200] "GET /news.php?cs_go=archiv&cs_id=2000&cs_search= HTTP/1.1" 200 14143 "-" "Mozilla/5.0 (compatible; Googlebot/2.1; +http://www.google.com/bot.html)"
66.249.66.137 - - [12/Jun/2012:01:55:57 +0200] "GET /news.php?cs_go=archiv&cs_id=1837&cs_search= HTTP/1.1" 200 9627 "-" "Mozilla/5.0 (compatible; Googlebot/2.1; +http://www.google.com/bot.html)"
66.249.66.137 - - [12/Jun/2012:02:16:31 +0200] "GET /news.php?cs_go=archiv&cs_id=2040&cs_search= HTTP/1.1" 200 15486 "-" "Mozilla/5.0 (compatible; Googlebot/2.1; +http://www.google.com/bot.html)"
208.115.113.91 - - [12/Jun/2012:02:38:13 +0200] "GET /lexikon.php?cs_go=3&cs_id=98 HTTP/1.1" 200 8366 "-" "Mozilla/5.0 (compatible; Ezooms/1.0; ezooms.bot@gmail.com)"
66.249.72.166 - - [12/Jun/2012:02:38:51 +0200] "GET /news.php?cs_go=archiv&cs_id=2043&cs_search= HTTP/1.1" 200 15503 "-" "Mozilla/5.0 (compatible; Googlebot/2.1; +http://www.google.com/bot.html)"
66.249.66.137 - - [12/Jun/2012:03:08:00 +0200] "GET /news.php?cs_go=archiv&cs_id=1774&cs_search= HTTP/1.1" 200 9236 "-" "Mozilla/5.0 (compatible; Googlebot/2.1; +http://www.google.com/bot.html)"
123.125.71.40 - - [12/Jun/2012:03:10:34 +0200] "GET /images/logos.jpg HTTP/1.1" 200 15002 "-" "Baiduspider-image+(+http://www.baidu.com/search/spider.htm)"
66.249.66.137 - - [12/Jun/2012:03:14:35 +0200] "GET /news.php?cs_go=archiv&cs_id=2117&cs_search= HTTP/1.1" 200 14400 "-" "Mozilla/5.0 (compatible; Googlebot/2.1; +http://www.google.com/bot.html)"
66.249.66.137 - - [12/Jun/2012:03:21:10 +0200] "GET /news.php?cs_go=archiv&cs_id=2126&cs_search= HTTP/1.1" 200 14543 "-" "Mozilla/5.0 (compatible; Googlebot/2.1; +http://www.google.com/bot.html)"
66.249.72.166 - - [12/Jun/2012:03:23:22 +0200] "GET /news.php?cs_go=archiv&cs_id=2085&cs_search= HTTP/1.1" 200 15375 "-" "Mozilla/5.0 (compatible; Googlebot/2.1; +http://www.google.com/bot.html)"
66.249.72.166 - - [12/Jun/2012:03:34:21 +0200] "GET /news.php?cs_go=archiv&cs_id=2067&cs_search= HTTP/1.1" 200 15573 "-" "Mozilla/5.0 (compatible; Googlebot/2.1; +http://www.google.com/bot.html)"
66.249.66.137 - - [12/Jun/2012:03:38:44 +0200] "GET /news.php?cs_go=archiv&cs_id=2107&cs_search= HTTP/1.1" 200 11789 "-" "Mozilla/5.0 (compatible; Googlebot/2.1; +http://www.google.com/bot.html)"
66.249.72.166 - - [12/Jun/2012:03:45:19 +0200] "GET /news.php?cs_go=archiv&cs_id=2059&cs_search= HTTP/1.1" 200 12250 "-" "Mozilla/5.0 (compatible; Googlebot/2.1; +http://www.google.com/bot.html)"
66.249.66.137 - - [12/Jun/2012:03:51:54 +0200] "GET /news.php?cs_go=archiv&cs_id=2127&cs_search= HTTP/1.1" 200 11576 "-" "Mozilla/5.0 (compatible; Googlebot/2.1; +http://www.google.com/bot.html)"
193.47.80.36 - - [12/Jun/2012:03:52:30 +0200] "GET /rueckrufservice.php HTTP/1.1" 200 10702 "-" "Mozilla/5.0 (compatible; Exabot/3.0; +http://www.exabot.com/go/robot)"
66.249.72.166 - - [12/Jun/2012:04:35:33 +0200] "GET /news.php HTTP/1.1" 200 22213 "-" "Mozilla/5.0 (iPhone; U; CPU iPhone OS 4_1 like Mac OS X; en-us) AppleWebKit/532.9 (KHTML, like Gecko) Version/4.0.5 Mobile/8B117 Safari/6531.22.7 (compatible; Googlebot-Mobile/2.1; +http://www.google.com/bot.html)"
208.115.113.91 - - [12/Jun/2012:04:47:41 +0200] "GET /robots.txt HTTP/1.1" 200 177 "-" "Mozilla/5.0 (compatible; Ezooms/1.0; ezooms.bot@gmail.com)"
66.249.66.137 - - [12/Jun/2012:04:48:04 +0200] "GET /news.php?cs_go=archiv&cs_id=2753&cs_search= HTTP/1.1" 200 9868 "-" "Mozilla/5.0 (compatible; Googlebot/2.1; +http://www.google.com/bot.html)"
66.249.66.137 - - [12/Jun/2012:05:04:21 +0200] "GET /news.php?cs_go=archiv&cs_id=2113&cs_search= HTTP/1.1" 200 14689 "-" "Mozilla/5.0 (compatible; Googlebot/2.1; +http://www.google.com/bot.html)"
193.47.80.36 - - [12/Jun/2012:05:31:21 +0200] "GET /index.php HTTP/1.1" 200 15351 "-" "Mozilla/5.0 (compatible; Exabot/3.0; +http://www.exabot.com/go/robot)"
208.115.113.91 - - [12/Jun/2012:06:13:17 +0200] "GET /lexikon.php?cs_go=3&cs_id=39 HTTP/1.1" 200 8292 "-" "Mozilla/5.0 (compatible; Ezooms/1.0; ezooms.bot@gmail.com)"
208.115.113.91 - - [12/Jun/2012:06:13:21 +0200] "GET /news.php?cs_go=archiv&cs_id=2785&cs_search= HTTP/1.1" 200 11821 "-" "Mozilla/5.0 (compatible; Ezooms/1.0; ezooms.bot@gmail.com)"
208.115.113.91 - - [12/Jun/2012:06:13:23 +0200] "GET /news.php?cs_go=archiv&cs_id=2853&cs_search= HTTP/1.1" 200 9926 "-" "Mozilla/5.0 (compatible; Ezooms/1.0; ezooms.bot@gmail.com)"
208.115.113.91 - - [12/Jun/2012:06:13:25 +0200] "GET /news.php?cs_go=archiv&cs_id=2920&cs_search= HTTP/1.1" 200 11584 "-" "Mozilla/5.0 (compatible; Ezooms/1.0; ezooms.bot@gmail.com)"
208.115.113.91 - - [12/Jun/2012:06:13:28 +0200] "GET /news.php?cs_go=archiv&cs_startpos=1110 HTTP/1.1" 200 22967 "-" "Mozilla/5.0 (compatible; Ezooms/1.0; ezooms.bot@gmail.com)"
66.249.66.137 - - [12/Jun/2012:06:23:22 +0200] "GET /news.php?cs_go=archiv&cs_startpos=0 HTTP/1.1" 200 22213 "-" "Mozilla/5.0 (compatible; Googlebot/2.1; +http://www.google.com/bot.html)"
123.125.71.24 - - [12/Jun/2012:06:26:32 +0200] "GET / HTTP/1.1" 200 8748 "-" "Mozilla/5.0 (compatible; Baiduspider/2.0; +http://www.baidu.com/search/spider.html)"
220.181.108.93 - - [12/Jun/2012:06:26:56 +0200] "GET / HTTP/1.1" 200 15351 "-" "Mozilla/5.0 (compatible; Baiduspider/2.0; +http://www.baidu.com/search/spider.html)"
89.247.116.5 - - [12/Jun/2012:07:02:16 +0200] "GET /style.css HTTP/1.1" 200 8418 "http://www.mink-gmbh.de/index.php" "Mozilla/5.0 (Windows NT 6.1; rv:13.0) Gecko/20100101 Firefox/13.0"
89.247.116.5 - - [12/Jun/2012:07:02:16 +0200] "GET /modul.css HTTP/1.1" 200 35038 "http://www.mink-gmbh.de/index.php" "Mozilla/5.0 (Windows NT 6.1; rv:13.0) Gecko/20100101 Firefox/13.0"
89.247.116.5 - - [12/Jun/2012:07:02:16 +0200] "GET /favicon.ico HTTP/1.1" 200 3638 "-" "Mozilla/5.0 (Windows NT 6.1; rv:13.0) Gecko/20100101 Firefox/13.0"
89.247.116.5 - - [12/Jun/2012:07:02:17 +0200] "GET /js_contentserver24_greybox/gb_styles.css HTTP/1.1" 200 2302 "http://www.mink-gmbh.de/index.php" "Mozilla/5.0 (Windows NT 6.1; rv:13.0) Gecko/20100101 Firefox/13.0"
89.247.116.5 - - [12/Jun/2012:07:02:17 +0200] "GET /js_contentserver24_greybox/AJS_fx.js HTTP/1.1" 200 3192 "http://www.mink-gmbh.de/index.php" "Mozilla/5.0 (Windows NT 6.1; rv:13.0) Gecko/20100101 Firefox/13.0"
89.247.116.5 - - [12/Jun/2012:07:02:17 +0200] "GET /js_contentserver24_greybox/AJS.js HTTP/1.1" 200 10396 "http://www.mink-gmbh.de/index.php" "Mozilla/5.0 (Windows NT 6.1; rv:13.0) Gecko/20100101 Firefox/13.0"
89.247.116.5 - - [12/Jun/2012:07:02:17 +0200] "GET /js_contentserver24_greybox/gb_scripts.js HTTP/1.1" 200 11913 "http://www.mink-gmbh.de/index.php" "Mozilla/5.0 (Windows NT 6.1; rv:13.0) Gecko/20100101 Firefox/13.0"
89.247.116.5 - - [12/Jun/2012:07:02:16 +0200] "GET /index.php HTTP/1.1" 200 15351 "-" "Mozilla/5.0 (Windows NT 6.1; rv:13.0) Gecko/20100101 Firefox/13.0"
89.247.116.5 - - [12/Jun/2012:07:02:17 +0200] "GET /images/freecall.jpg HTTP/1.1" 200 39195 "http://www.mink-gmbh.de/index.php" "Mozilla/5.0 (Windows NT 6.1; rv:13.0) Gecko/20100101 Firefox/13.0"
89.247.116.5 - - [12/Jun/2012:07:02:17 +0200] "GET /images/mail.jpg HTTP/1.1" 200 11165 "http://www.mink-gmbh.de/index.php" "Mozilla/5.0 (Windows NT 6.1; rv:13.0) Gecko/20100101 Firefox/13.0"
89.247.116.5 - - [12/Jun/2012:07:02:17 +0200] "GET /images/kwk.gif HTTP/1.1" 200 6403 "http://www.mink-gmbh.de/index.php" "Mozilla/5.0 (Windows NT 6.1; rv:13.0) Gecko/20100101 Firefox/13.0"
89.247.116.5 - - [12/Jun/2012:07:02:17 +0200] "GET /images/wunschpreis.jpg HTTP/1.1" 200 16767 "http://www.mink-gmbh.de/index.php" "Mozilla/5.0 (Windows NT 6.1; rv:13.0) Gecko/20100101 Firefox/13.0"
89.247.116.5 - - [12/Jun/2012:07:02:17 +0200] "GET /images/logos.jpg HTTP/1.1" 200 15002 "http://www.mink-gmbh.de/index.php" "Mozilla/5.0 (Windows NT 6.1; rv:13.0) Gecko/20100101 Firefox/13.0"
89.247.116.5 - - [12/Jun/2012:07:02:17 +0200] "GET /images/bg.jpg HTTP/1.1" 200 345 "http://www.mink-gmbh.de/style.css" "Mozilla/5.0 (Windows NT 6.1; rv:13.0) Gecko/20100101 Firefox/13.0"
89.247.116.5 - - [12/Jun/2012:07:02:17 +0200] "GET /js_contentserver24_greybox/w_close.gif HTTP/1.1" 200 74 "http://www.mink-gmbh.de/index.php" "Mozilla/5.0 (Windows NT 6.1; rv:13.0) Gecko/20100101 Firefox/13.0"
89.247.116.5 - - [12/Jun/2012:07:02:17 +0200] "GET /images/close.png HTTP/1.1" 200 703 "http://www.mink-gmbh.de/index.php" "Mozilla/5.0 (Windows NT 6.1; rv:13.0) Gecko/20100101 Firefox/13.0"
89.247.116.5 - - [12/Jun/2012:07:02:17 +0200] "GET /images/tkw.jpg HTTP/1.1" 200 64031 "http://www.mink-gmbh.de/index.php" "Mozilla/5.0 (Windows NT 6.1; rv:13.0) Gecko/20100101 Firefox/13.0"
89.247.116.5 - - [12/Jun/2012:07:02:17 +0200] "GET /images/newsletter_bg.jpg HTTP/1.1" 200 33610 "http://www.mink-gmbh.de/index.php" "Mozilla/5.0 (Windows NT 6.1; rv:13.0) Gecko/20100101 Firefox/13.0"
89.247.116.5 - - [12/Jun/2012:07:02:17 +0200] "GET /images/newsletter.png HTTP/1.1" 200 14619 "http://www.mink-gmbh.de/style.css" "Mozilla/5.0 (Windows NT 6.1; rv:13.0) Gecko/20100101 Firefox/13.0"
89.247.116.5 - - [12/Jun/2012:07:02:17 +0200] "GET /images/wrapperbg.jpg HTTP/1.1" 200 27465 "http://www.mink-gmbh.de/style.css" "Mozilla/5.0 (Windows NT 6.1; rv:13.0) Gecko/20100101 Firefox/13.0"
89.247.116.5 - - [12/Jun/2012:07:02:17 +0200] "GET /images/header.jpg HTTP/1.1" 200 24413 "http://www.mink-gmbh.de/style.css" "Mozilla/5.0 (Windows NT 6.1; rv:13.0) Gecko/20100101 Firefox/13.0"
89.247.116.5 - - [12/Jun/2012:07:02:17 +0200] "GET /images/navibg.png HTTP/1.1" 200 2803 "http://www.mink-gmbh.de/style.css" "Mozilla/5.0 (Windows NT 6.1; rv:13.0) Gecko/20100101 Firefox/13.0"
89.247.116.5 - - [12/Jun/2012:07:02:17 +0200] "GET /images/steigend.png HTTP/1.1" 200 688 "http://www.mink-gmbh.de/modul.css" "Mozilla/5.0 (Windows NT 6.1; rv:13.0) Gecko/20100101 Firefox/13.0"
89.247.116.5 - - [12/Jun/2012:07:02:17 +0200] "GET /images/fallend.png HTTP/1.1" 200 713 "http://www.mink-gmbh.de/modul.css" "Mozilla/5.0 (Windows NT 6.1; rv:13.0) Gecko/20100101 Firefox/13.0"
89.247.116.5 - - [12/Jun/2012:07:02:17 +0200] "GET /images/newsletter.jpg HTTP/1.1" 200 13130 "http://www.mink-gmbh.de/style.css" "Mozilla/5.0 (Windows NT 6.1; rv:13.0) Gecko/20100101 Firefox/13.0"
89.247.116.5 - - [12/Jun/2012:07:02:17 +0200] "GET /images/mobil.jpg HTTP/1.1" 200 25293 "http://www.mink-gmbh.de/style.css" "Mozilla/5.0 (Windows NT 6.1; rv:13.0) Gecko/20100101 Firefox/13.0"
89.247.116.5 - - [12/Jun/2012:07:02:17 +0200] "GET /images/footerbg.jpg HTTP/1.1" 200 2184 "http://www.mink-gmbh.de/style.css" "Mozilla/5.0 (Windows NT 6.1; rv:13.0) Gecko/20100101 Firefox/13.0"
89.247.116.5 - - [12/Jun/2012:07:02:18 +0200] "GET /js_contentserver24_greybox/header_bg.gif HTTP/1.1" 200 1188 "http://www.mink-gmbh.de/index.php" "Mozilla/5.0 (Windows NT 6.1; rv:13.0) Gecko/20100101 Firefox/13.0"
89.247.116.5 - - [12/Jun/2012:07:02:18 +0200] "GET /js_contentserver24_greybox/g_close.gif HTTP/1.1" 200 541 "http://www.mink-gmbh.de/index.php" "Mozilla/5.0 (Windows NT 6.1; rv:13.0) Gecko/20100101 Firefox/13.0"
89.247.116.5 - - [12/Jun/2012:07:02:18 +0200] "GET /js_contentserver24_greybox/indicator.gif HTTP/1.1" 200 8238 "http://www.mink-gmbh.de/index.php" "Mozilla/5.0 (Windows NT 6.1; rv:13.0) Gecko/20100101 Firefox/13.0"
89.247.116.5 - - [12/Jun/2012:07:02:18 +0200] "GET /js_contentserver24_greybox/loader_frame.html?s=0 HTTP/1.1" 200 2084 "http://www.mink-gmbh.de/index.php" "Mozilla/5.0 (Windows NT 6.1; rv:13.0) Gecko/20100101 Firefox/13.0"
88.74.122.167 - - [12/Jun/2012:07:18:00 +0200] "GET /news.php?cs_go=archiv&cs_id=3112&cs_search= HTTP/1.1" 200 13426 "-" "Mozilla/5.0 (compatible; MSIE 9.0; Windows NT 6.0; Trident/5.0)"
88.74.122.167 - - [12/Jun/2012:07:18:14 +0200] "GET /index.php HTTP/1.1" 200 15266 "http://www.mink-gmbh.de/news.php?cs_go=archiv&cs_id=3112&cs_search=" "Mozilla/5.0 (compatible; MSIE 9.0; Windows NT 6.0; Trident/5.0)"
88.74.122.167 - - [12/Jun/2012:07:18:33 +0200] "GET /news.php?cs_go=archiv&cs_id=3159 HTTP/1.1" 200 13234 "http://www.mink-gmbh.de/index.php" "Mozilla/5.0 (compatible; MSIE 9.0; Windows NT 6.0; Trident/5.0)"
88.74.122.167 - - [12/Jun/2012:07:18:47 +0200] "GET /news.php?cs_go=archiv&cs_id=3159 HTTP/1.1" 200 13234 "http://www.mink-gmbh.de/index.php" "Mozilla/5.0 (compatible; MSIE 9.0; Windows NT 6.0; Trident/5.0)"
89.247.116.5 - - [12/Jun/2012:07:23:19 +0200] "GET /index.php HTTP/1.1" 200 15351 "-" "Mozilla/5.0 (Windows NT 6.1; rv:13.0) Gecko/20100101 Firefox/13.0"
89.247.116.5 - - [12/Jun/2012:07:23:20 +0200] "GET /js_contentserver24_greybox/loader_frame.html?s=0 HTTP/1.1" 304 - "http://www.mink-gmbh.de/index.php" "Mozilla/5.0 (Windows NT 6.1; rv:13.0) Gecko/20100101 Firefox/13.0"
123.125.71.28 - - [12/Jun/2012:07:27:35 +0200] "GET / HTTP/1.1" 200 10281 "-" "Mozilla/5.0 (compatible; Baiduspider/2.0; +http://www.baidu.com/search/spider.html)"
220.181.108.91 - - [12/Jun/2012:07:27:55 +0200] "GET / HTTP/1.1" 200 6441 "-" "Mozilla/5.0 (compatible; Baiduspider/2.0; +http://www.baidu.com/search/spider.html)"
65.36.241.79 - - [12/Jun/2012:07:33:29 +0200] "HEAD / HTTP/1.1" 200 - "-" "InternetSeer.com"
66.249.66.137 - - [12/Jun/2012:07:44:38 +0200] "GET /news.php?cs_go=archiv&cs_id=1874&cs_search= HTTP/1.1" 200 12810 "-" "Mozilla/5.0 (compatible; Googlebot/2.1; +http://www.google.com/bot.html)"
65.52.110.16 - - [12/Jun/2012:07:57:46 +0200] "GET /robots.txt HTTP/1.1" 200 177 "-" "Mozilla/5.0 (compatible; bingbot/2.0; +http://www.bing.com/bingbot.htm)"
178.154.179.250 - - [12/Jun/2012:08:06:34 +0200] "GET /robots.txt HTTP/1.1" 200 177 "-" "Mozilla/5.0 (compatible; YandexBot/3.0; +http://yandex.com/bots)"
178.154.179.250 - - [12/Jun/2012:08:06:36 +0200] "GET /seiten/produkte_hzoel.php HTTP/1.1" 404 - "-" "Mozilla/5.0 (compatible; YandexBot/3.0; +http://yandex.com/bots)"
65.52.110.16 - - [12/Jun/2012:08:11:00 +0200] "GET /news.php?cs_go=archiv&cs_id=2983 HTTP/1.1" 200 12034 "-" "Mozilla/5.0 (compatible; bingbot/2.0; +http://www.bing.com/bingbot.htm)"
208.115.113.91 - - [12/Jun/2012:08:24:30 +0200] "GET /robots.txt HTTP/1.1" 200 177 "-" "Mozilla/5.0 (compatible; Ezooms/1.0; ezooms.bot@gmail.com)"
85.23.163.71 - - [12/Jun/2012:09:44:53 +0200] "GET /robots.txt HTTP/1.0" 200 177 "-" "Mozilla/5.0 (compatible; MJ12bot/v1.4.3; http://www.majestic12.co.uk/bot.php?+)"
85.23.163.71 - - [12/Jun/2012:09:44:54 +0200] "GET /agb.php HTTP/1.0" 200 19709 "-" "Mozilla/5.0 (compatible; MJ12bot/v1.4.3; http://www.majestic12.co.uk/bot.php?+)"
85.23.163.71 - - [12/Jun/2012:09:44:57 +0200] "GET /news.php?cs_go=archiv&cs_id=2678 HTTP/1.0" 200 9971 "-" "Mozilla/5.0 (compatible; MJ12bot/v1.4.3; http://www.majestic12.co.uk/bot.php?+)"
85.23.163.71 - - [12/Jun/2012:09:44:59 +0200] "GET /news.php?cs_go=archiv&cs_id=2679 HTTP/1.0" 200 10667 "-" "Mozilla/5.0 (compatible; MJ12bot/v1.4.3; http://www.majestic12.co.uk/bot.php?+)"
85.23.163.71 - - [12/Jun/2012:09:45:01 +0200] "GET /news.php?cs_go=archiv&cs_id=2680 HTTP/1.0" 200 13613 "-" "Mozilla/5.0 (compatible; MJ12bot/v1.4.3; http://www.majestic12.co.uk/bot.php?+)"
85.23.163.71 - - [12/Jun/2012:09:45:02 +0200] "GET /news.php?cs_go=archiv&cs_id=2681 HTTP/1.0" 200 10154 "-" "Mozilla/5.0 (compatible; MJ12bot/v1.4.3; http://www.majestic12.co.uk/bot.php?+)"
85.23.163.71 - - [12/Jun/2012:09:45:06 +0200] "GET /news.php?cs_go=archiv&cs_id=2682 HTTP/1.0" 200 10584 "-" "Mozilla/5.0 (compatible; MJ12bot/v1.4.3; http://www.majestic12.co.uk/bot.php?+)"
85.23.163.71 - - [12/Jun/2012:09:45:12 +0200] "GET /news.php?cs_go=archiv&cs_id=2683 HTTP/1.0" 200 13555 "-" "Mozilla/5.0 (compatible; MJ12bot/v1.4.3; http://www.majestic12.co.uk/bot.php?+)"
85.23.163.71 - - [12/Jun/2012:09:45:14 +0200] "GET /news.php?cs_go=archiv&cs_id=2684 HTTP/1.0" 200 10001 "-" "Mozilla/5.0 (compatible; MJ12bot/v1.4.3; http://www.majestic12.co.uk/bot.php?+)"
85.23.163.71 - - [12/Jun/2012:09:45:18 +0200] "GET /news.php?cs_go=archiv&cs_id=2685 HTTP/1.0" 200 9646 "-" "Mozilla/5.0 (compatible; MJ12bot/v1.4.3; http://www.majestic12.co.uk/bot.php?+)"
85.23.163.71 - - [12/Jun/2012:09:45:22 +0200] "GET /news.php?cs_go=archiv&cs_id=2686 HTTP/1.0" 200 10124 "-" "Mozilla/5.0 (compatible; MJ12bot/v1.4.3; http://www.majestic12.co.uk/bot.php?+)"
85.23.163.71 - - [12/Jun/2012:09:45:24 +0200] "GET /news.php?cs_go=archiv&cs_id=2687 HTTP/1.0" 200 10244 "-" "Mozilla/5.0 (compatible; MJ12bot/v1.4.3; http://www.majestic12.co.uk/bot.php?+)"
85.23.163.71 - - [12/Jun/2012:09:45:29 +0200] "GET /news.php?cs_go=archiv&cs_id=2688 HTTP/1.0" 200 13852 "-" "Mozilla/5.0 (compatible; MJ12bot/v1.4.3; http://www.majestic12.co.uk/bot.php?+)"
85.23.163.71 - - [12/Jun/2012:09:45:35 +0200] "GET /news.php?cs_go=archiv&cs_id=2689 HTTP/1.0" 200 10303 "-" "Mozilla/5.0 (compatible; MJ12bot/v1.4.3; http://www.majestic12.co.uk/bot.php?+)"
85.23.163.71 - - [12/Jun/2012:09:45:37 +0200] "GET /news.php?cs_go=archiv&cs_id=2690 HTTP/1.0" 200 10405 "-" "Mozilla/5.0 (compatible; MJ12bot/v1.4.3; http://www.majestic12.co.uk/bot.php?+)"
85.23.163.71 - - [12/Jun/2012:09:45:38 +0200] "GET /news.php?cs_go=archiv&cs_id=2691 HTTP/1.0" 200 13867 "-" "Mozilla/5.0 (compatible; MJ12bot/v1.4.3; http://www.majestic12.co.uk/bot.php?+)"
93.220.19.5 - - [12/Jun/2012:09:47:16 +0200] "GET / HTTP/1.1" 200 15319 "http://www.google.de/url?sa=t&rct=j&q=mink+heiz%C3%B6l&source=web&cd=1&ved=0CIoBEBYwAA&url=http%3A%2F%2Fwww.mink-gmbh.de%2F&ei=_PPWT5vSA4z5sgaCpfjVDw&usg=AFQjCNFHX4Iglls9oo-KYXTmDUV_5KOVIg" "Mozilla/5.0 (Windows NT 6.1; WOW64; rv:12.0) Gecko/20100101 Firefox/12.0"
93.220.19.5 - - [12/Jun/2012:09:47:17 +0200] "GET /style.css HTTP/1.1" 200 8418 "http://www.mink-gmbh.de/" "Mozilla/5.0 (Windows NT 6.1; WOW64; rv:12.0) Gecko/20100101 Firefox/12.0"
93.220.19.5 - - [12/Jun/2012:09:47:17 +0200] "GET /modul.css HTTP/1.1" 200 35038 "http://www.mink-gmbh.de/" "Mozilla/5.0 (Windows NT 6.1; WOW64; rv:12.0) Gecko/20100101 Firefox/12.0"
93.220.19.5 - - [12/Jun/2012:09:47:17 +0200] "GET /js_contentserver24_greybox/AJS.js HTTP/1.1" 200 10396 "http://www.mink-gmbh.de/" "Mozilla/5.0 (Windows NT 6.1; WOW64; rv:12.0) Gecko/20100101 Firefox/12.0"
93.220.19.5 - - [12/Jun/2012:09:47:17 +0200] "GET /js_contentserver24_greybox/gb_styles.css HTTP/1.1" 200 2302 "http://www.mink-gmbh.de/" "Mozilla/5.0 (Windows NT 6.1; WOW64; rv:12.0) Gecko/20100101 Firefox/12.0"
93.220.19.5 - - [12/Jun/2012:09:47:17 +0200] "GET /js_contentserver24_greybox/gb_scripts.js HTTP/1.1" 200 11913 "http://www.mink-gmbh.de/" "Mozilla/5.0 (Windows NT 6.1; WOW64; rv:12.0) Gecko/20100101 Firefox/12.0"
93.220.19.5 - - [12/Jun/2012:09:47:17 +0200] "GET /js_contentserver24_greybox/AJS_fx.js HTTP/1.1" 200 3192 "http://www.mink-gmbh.de/" "Mozilla/5.0 (Windows NT 6.1; WOW64; rv:12.0) Gecko/20100101 Firefox/12.0"
93.220.19.5 - - [12/Jun/2012:09:47:17 +0200] "GET /images/mail.jpg HTTP/1.1" 200 11165 "http://www.mink-gmbh.de/" "Mozilla/5.0 (Windows NT 6.1; WOW64; rv:12.0) Gecko/20100101 Firefox/12.0"
93.220.19.5 - - [12/Jun/2012:09:47:17 +0200] "GET /images/tkw.jpg HTTP/1.1" 200 64031 "http://www.mink-gmbh.de/" "Mozilla/5.0 (Windows NT 6.1; WOW64; rv:12.0) Gecko/20100101 Firefox/12.0"
93.220.19.5 - - [12/Jun/2012:09:47:17 +0200] "GET /images/kwk.gif HTTP/1.1" 200 6403 "http://www.mink-gmbh.de/" "Mozilla/5.0 (Windows NT 6.1; WOW64; rv:12.0) Gecko/20100101 Firefox/12.0"
93.220.19.5 - - [12/Jun/2012:09:47:17 +0200] "GET /images/wunschpreis.jpg HTTP/1.1" 200 16767 "http://www.mink-gmbh.de/" "Mozilla/5.0 (Windows NT 6.1; WOW64; rv:12.0) Gecko/20100101 Firefox/12.0"
93.220.19.5 - - [12/Jun/2012:09:47:17 +0200] "GET /images/logos.jpg HTTP/1.1" 200 15002 "http://www.mink-gmbh.de/" "Mozilla/5.0 (Windows NT 6.1; WOW64; rv:12.0) Gecko/20100101 Firefox/12.0"
93.220.19.5 - - [12/Jun/2012:09:47:18 +0200] "GET /favicon.ico HTTP/1.1" 200 3638 "-" "Mozilla/5.0 (Windows NT 6.1; WOW64; rv:12.0) Gecko/20100101 Firefox/12.0"
93.220.19.5 - - [12/Jun/2012:09:47:17 +0200] "GET /images/freecall.jpg HTTP/1.1" 200 39195 "http://www.mink-gmbh.de/" "Mozilla/5.0 (Windows NT 6.1; WOW64; rv:12.0) Gecko/20100101 Firefox/12.0"
93.220.19.5 - - [12/Jun/2012:09:47:18 +0200] "GET /images/bg.jpg HTTP/1.1" 200 345 "http://www.mink-gmbh.de/style.css" "Mozilla/5.0 (Windows NT 6.1; WOW64; rv:12.0) Gecko/20100101 Firefox/12.0"
93.220.19.5 - - [12/Jun/2012:09:47:18 +0200] "GET /js_contentserver24_greybox/w_close.gif HTTP/1.1" 200 74 "http://www.mink-gmbh.de/" "Mozilla/5.0 (Windows NT 6.1; WOW64; rv:12.0) Gecko/20100101 Firefox/12.0"
93.220.19.5 - - [12/Jun/2012:09:47:18 +0200] "GET /images/close.png HTTP/1.1" 200 703 "http://www.mink-gmbh.de/" "Mozilla/5.0 (Windows NT 6.1; WOW64; rv:12.0) Gecko/20100101 Firefox/12.0"
93.220.19.5 - - [12/Jun/2012:09:47:18 +0200] "GET /images/newsletter.png HTTP/1.1" 200 14619 "http://www.mink-gmbh.de/style.css" "Mozilla/5.0 (Windows NT 6.1; WOW64; rv:12.0) Gecko/20100101 Firefox/12.0"
93.220.19.5 - - [12/Jun/2012:09:47:18 +0200] "GET /images/newsletter_bg.jpg HTTP/1.1" 200 33610 "http://www.mink-gmbh.de/" "Mozilla/5.0 (Windows NT 6.1; WOW64; rv:12.0) Gecko/20100101 Firefox/12.0"
93.220.19.5 - - [12/Jun/2012:09:47:18 +0200] "GET /images/wrapperbg.jpg HTTP/1.1" 200 27465 "http://www.mink-gmbh.de/style.css" "Mozilla/5.0 (Windows NT 6.1; WOW64; rv:12.0) Gecko/20100101 Firefox/12.0"
93.220.19.5 - - [12/Jun/2012:09:47:18 +0200] "GET /images/header.jpg HTTP/1.1" 200 24413 "http://www.mink-gmbh.de/style.css" "Mozilla/5.0 (Windows NT 6.1; WOW64; rv:12.0) Gecko/20100101 Firefox/12.0"
93.220.19.5 - - [12/Jun/2012:09:47:18 +0200] "GET /images/navibg.png HTTP/1.1" 200 2803 "http://www.mink-gmbh.de/style.css" "Mozilla/5.0 (Windows NT 6.1; WOW64; rv:12.0) Gecko/20100101 Firefox/12.0"
93.220.19.5 - - [12/Jun/2012:09:47:18 +0200] "GET /images/steigend.png HTTP/1.1" 200 688 "http://www.mink-gmbh.de/modul.css" "Mozilla/5.0 (Windows NT 6.1; WOW64; rv:12.0) Gecko/20100101 Firefox/12.0"
93.220.19.5 - - [12/Jun/2012:09:47:18 +0200] "GET /images/mobil.jpg HTTP/1.1" 200 25293 "http://www.mink-gmbh.de/style.css" "Mozilla/5.0 (Windows NT 6.1; WOW64; rv:12.0) Gecko/20100101 Firefox/12.0"
93.220.19.5 - - [12/Jun/2012:09:47:18 +0200] "GET /images/newsletter.jpg HTTP/1.1" 200 13130 "http://www.mink-gmbh.de/style.css" "Mozilla/5.0 (Windows NT 6.1; WOW64; rv:12.0) Gecko/20100101 Firefox/12.0"
93.220.19.5 - - [12/Jun/2012:09:47:18 +0200] "GET /images/fallend.png HTTP/1.1" 200 713 "http://www.mink-gmbh.de/modul.css" "Mozilla/5.0 (Windows NT 6.1; WOW64; rv:12.0) Gecko/20100101 Firefox/12.0"
93.220.19.5 - - [12/Jun/2012:09:47:18 +0200] "GET /images/footerbg.jpg HTTP/1.1" 200 2184 "http://www.mink-gmbh.de/style.css" "Mozilla/5.0 (Windows NT 6.1; WOW64; rv:12.0) Gecko/20100101 Firefox/12.0"
93.220.19.5 - - [12/Jun/2012:09:47:18 +0200] "GET /js_contentserver24_greybox/g_close.gif HTTP/1.1" 200 541 "http://www.mink-gmbh.de/" "Mozilla/5.0 (Windows NT 6.1; WOW64; rv:12.0) Gecko/20100101 Firefox/12.0"
93.220.19.5 - - [12/Jun/2012:09:47:18 +0200] "GET /js_contentserver24_greybox/indicator.gif HTTP/1.1" 200 8238 "http://www.mink-gmbh.de/" "Mozilla/5.0 (Windows NT 6.1; WOW64; rv:12.0) Gecko/20100101 Firefox/12.0"
93.220.19.5 - - [12/Jun/2012:09:47:18 +0200] "GET /js_contentserver24_greybox/header_bg.gif HTTP/1.1" 200 1188 "http://www.mink-gmbh.de/" "Mozilla/5.0 (Windows NT 6.1; WOW64; rv:12.0) Gecko/20100101 Firefox/12.0"
93.220.19.5 - - [12/Jun/2012:09:47:18 +0200] "GET /js_contentserver24_greybox/loader_frame.html?s=0 HTTP/1.1" 200 2084 "http://www.mink-gmbh.de/" "Mozilla/5.0 (Windows NT 6.1; WOW64; rv:12.0) Gecko/20100101 Firefox/12.0"
208.115.113.91 - - [12/Jun/2012:09:51:47 +0200] "GET /news.php?cs_go=archiv&cs_id=2893 HTTP/1.1" 200 9943 "-" "Mozilla/5.0 (compatible; Ezooms/1.0; ezooms.bot@gmail.com)"
208.115.113.91 - - [12/Jun/2012:09:51:51 +0200] "GET /news.php?cs_go=archiv&cs_startpos=1230 HTTP/1.1" 200 23011 "-" "Mozilla/5.0 (compatible; Ezooms/1.0; ezooms.bot@gmail.com)"
208.115.113.91 - - [12/Jun/2012:09:51:54 +0200] "GET /standard.php HTTP/1.1" 200 9150 "-" "Mozilla/5.0 (compatible; Ezooms/1.0; ezooms.bot@gmail.com)"
65.52.104.87 - - [12/Jun/2012:11:00:46 +0200] "GET /robots.txt HTTP/1.1" 200 177 "-" "Mozilla/5.0 (compatible; bingbot/2.0; +http://www.bing.com/bingbot.htm)"
65.52.104.87 - - [12/Jun/2012:11:01:22 +0200] "GET /kwk.php?cs_go=4 HTTP/1.1" 200 10186 "-" "Mozilla/5.0 (compatible; bingbot/2.0; +http://www.bing.com/bingbot.htm)"
66.249.66.137 - - [12/Jun/2012:11:32:04 +0200] "GET /news.php?cs_go=archiv&cs_id=2061&cs_search= HTTP/1.1" 200 15410 "-" "Mozilla/5.0 (compatible; Googlebot/2.1; +http://www.google.com/bot.html)"
199.19.249.196 - - [12/Jun/2012:11:47:02 +0200] "GET / HTTP/1.1" 200 15319 "-" "Mozilla/4.0 (compatible; MSIE 7.0; Windows NT 5.1; InfoPath.1; .NET CLR 2.0.50727; .NET CLR 1.1.4322; MS-RTC LM 8; .NET CLR 3.0.4506.2152; .NET CLR 3.5.30729)"
170.162.33.11 - - [12/Jun/2012:11:47:03 +0200] "GET /favicon.ico HTTP/1.1" 200 3638 "http://www.mink-gmbh.de/" "Mozilla/4.0 (compatible; MSIE 8.0; Windows NT 6.1; Trident/4.0; SLCC2; .NET CLR 2.0.50727; .NET CLR 3.5.30729; .NET CLR 3.0.30729; Media Center PC 6.0; .NET4.0C; .NET4.0E; InfoPath.3; MS-RTC LM 8; Tablet PC 2.0)"
170.162.33.11 - - [12/Jun/2012:11:47:03 +0200] "GET /style.css HTTP/1.1" 200 8418 "http://www.mink-gmbh.de/" "Mozilla/4.0 (compatible; MSIE 8.0; Windows NT 6.1; Trident/4.0; SLCC2; .NET CLR 2.0.50727; .NET CLR 3.5.30729; .NET CLR 3.0.30729; Media Center PC 6.0; .NET4.0C; .NET4.0E; InfoPath.3; MS-RTC LM 8; Tablet PC 2.0)"
170.162.33.11 - - [12/Jun/2012:11:47:03 +0200] "GET /modul.css HTTP/1.1" 200 35038 "http://www.mink-gmbh.de/" "Mozilla/4.0 (compatible; MSIE 8.0; Windows NT 6.1; Trident/4.0; SLCC2; .NET CLR 2.0.50727; .NET CLR 3.5.30729; .NET CLR 3.0.30729; Media Center PC 6.0; .NET4.0C; .NET4.0E; InfoPath.3; MS-RTC LM 8; Tablet PC 2.0)"
170.162.33.11 - - [12/Jun/2012:11:47:03 +0200] "GET /js_contentserver24_greybox/gb_scripts.js HTTP/1.1" 200 11913 "http://www.mink-gmbh.de/" "Mozilla/4.0 (compatible; MSIE 8.0; Windows NT 6.1; Trident/4.0; SLCC2; .NET CLR 2.0.50727; .NET CLR 3.5.30729; .NET CLR 3.0.30729; Media Center PC 6.0; .NET4.0C; .NET4.0E; InfoPath.3; MS-RTC LM 8; Tablet PC 2.0)"
170.162.33.11 - - [12/Jun/2012:11:47:03 +0200] "GET /js_contentserver24_greybox/AJS_fx.js HTTP/1.1" 200 3192 "http://www.mink-gmbh.de/" "Mozilla/4.0 (compatible; MSIE 8.0; Windows NT 6.1; Trident/4.0; SLCC2; .NET CLR 2.0.50727; .NET CLR 3.5.30729; .NET CLR 3.0.30729; Media Center PC 6.0; .NET4.0C; .NET4.0E; InfoPath.3; MS-RTC LM 8; Tablet PC 2.0)"
170.162.33.11 - - [12/Jun/2012:11:47:03 +0200] "GET /js_contentserver24_greybox/gb_styles.css HTTP/1.1" 200 2302 "http://www.mink-gmbh.de/" "Mozilla/4.0 (compatible; MSIE 8.0; Windows NT 6.1; Trident/4.0; SLCC2; .NET CLR 2.0.50727; .NET CLR 3.5.30729; .NET CLR 3.0.30729; Media Center PC 6.0; .NET4.0C; .NET4.0E; InfoPath.3; MS-RTC LM 8; Tablet PC 2.0)"
170.162.33.11 - - [12/Jun/2012:11:47:03 +0200] "GET /js_contentserver24_greybox/AJS.js HTTP/1.1" 200 10396 "http://www.mink-gmbh.de/" "Mozilla/4.0 (compatible; MSIE 8.0; Windows NT 6.1; Trident/4.0; SLCC2; .NET CLR 2.0.50727; .NET CLR 3.5.30729; .NET CLR 3.0.30729; Media Center PC 6.0; .NET4.0C; .NET4.0E; InfoPath.3; MS-RTC LM 8; Tablet PC 2.0)"
170.162.33.11 - - [12/Jun/2012:11:47:03 +0200] "GET /images/tkw.jpg HTTP/1.1" 200 64031 "http://www.mink-gmbh.de/" "Mozilla/4.0 (compatible; MSIE 8.0; Windows NT 6.1; Trident/4.0; SLCC2; .NET CLR 2.0.50727; .NET CLR 3.5.30729; .NET CLR 3.0.30729; Media Center PC 6.0; .NET4.0C; .NET4.0E; InfoPath.3; MS-RTC LM 8; Tablet PC 2.0)"
170.162.33.11 - - [12/Jun/2012:11:47:03 +0200] "GET / HTTP/1.1" 200 15319 "http://www.google.de/url?sa=t&rct=j&q=firma+mink+heiz%C3%B6l&source=web&cd=1&ved=0CHsQFjAA&url=http%3A%2F%2Fwww.mink-gmbh.de%2F&ei=CBDXT57WLpPZ4QSpu8y4Aw&usg=AFQjCNFHX4Iglls9oo-KYXTmDUV_5KOVIg" "Mozilla/4.0 (compatible; MSIE 8.0; Windows NT 6.1; Trident/4.0; SLCC2; .NET CLR 2.0.50727; .NET CLR 3.5.30729; .NET CLR 3.0.30729; Media Center PC 6.0; .NET4.0C; .NET4.0E; InfoPath.3; MS-RTC LM 8; Tablet PC 2.0)"
170.162.33.11 - - [12/Jun/2012:11:47:04 +0200] "GET /images/wunschpreis.jpg HTTP/1.1" 200 16767 "http://www.mink-gmbh.de/" "Mozilla/4.0 (compatible; MSIE 8.0; Windows NT 6.1; Trident/4.0; SLCC2; .NET CLR 2.0.50727; .NET CLR 3.5.30729; .NET CLR 3.0.30729; Media Center PC 6.0; .NET4.0C; .NET4.0E; InfoPath.3; MS-RTC LM 8; Tablet PC 2.0)"
170.162.33.11 - - [12/Jun/2012:11:47:04 +0200] "GET /images/freecall.jpg HTTP/1.1" 200 39195 "http://www.mink-gmbh.de/" "Mozilla/4.0 (compatible; MSIE 8.0; Windows NT 6.1; Trident/4.0; SLCC2; .NET CLR 2.0.50727; .NET CLR 3.5.30729; .NET CLR 3.0.30729; Media Center PC 6.0; .NET4.0C; .NET4.0E; InfoPath.3; MS-RTC LM 8; Tablet PC 2.0)"
170.162.33.11 - - [12/Jun/2012:11:47:04 +0200] "GET /images/kwk.gif HTTP/1.1" 200 6403 "http://www.mink-gmbh.de/" "Mozilla/4.0 (compatible; MSIE 8.0; Windows NT 6.1; Trident/4.0; SLCC2; .NET CLR 2.0.50727; .NET CLR 3.5.30729; .NET CLR 3.0.30729; Media Center PC 6.0; .NET4.0C; .NET4.0E; InfoPath.3; MS-RTC LM 8; Tablet PC 2.0)"
170.162.33.11 - - [12/Jun/2012:11:47:04 +0200] "GET /images/bg.jpg HTTP/1.1" 200 345 "http://www.mink-gmbh.de/" "Mozilla/4.0 (compatible; MSIE 8.0; Windows NT 6.1; Trident/4.0; SLCC2; .NET CLR 2.0.50727; .NET CLR 3.5.30729; .NET CLR 3.0.30729; Media Center PC 6.0; .NET4.0C; .NET4.0E; InfoPath.3; MS-RTC LM 8; Tablet PC 2.0)"
170.162.33.11 - - [12/Jun/2012:11:47:04 +0200] "GET /images/mail.jpg HTTP/1.1" 200 11165 "http://www.mink-gmbh.de/" "Mozilla/4.0 (compatible; MSIE 8.0; Windows NT 6.1; Trident/4.0; SLCC2; .NET CLR 2.0.50727; .NET CLR 3.5.30729; .NET CLR 3.0.30729; Media Center PC 6.0; .NET4.0C; .NET4.0E; InfoPath.3; MS-RTC LM 8; Tablet PC 2.0)"
170.162.33.11 - - [12/Jun/2012:11:47:04 +0200] "GET /images/newsletter_bg.jpg HTTP/1.1" 200 33610 "http://www.mink-gmbh.de/" "Mozilla/4.0 (compatible; MSIE 8.0; Windows NT 6.1; Trident/4.0; SLCC2; .NET CLR 2.0.50727; .NET CLR 3.5.30729; .NET CLR 3.0.30729; Media Center PC 6.0; .NET4.0C; .NET4.0E; InfoPath.3; MS-RTC LM 8; Tablet PC 2.0)"
170.162.33.11 - - [12/Jun/2012:11:47:05 +0200] "GET /images/close.png HTTP/1.1" 200 703 "http://www.mink-gmbh.de/" "Mozilla/4.0 (compatible; MSIE 8.0; Windows NT 6.1; Trident/4.0; SLCC2; .NET CLR 2.0.50727; .NET CLR 3.5.30729; .NET CLR 3.0.30729; Media Center PC 6.0; .NET4.0C; .NET4.0E; InfoPath.3; MS-RTC LM 8; Tablet PC 2.0)"
170.162.33.11 - - [12/Jun/2012:11:47:05 +0200] "GET /images/logos.jpg HTTP/1.1" 200 15002 "http://www.mink-gmbh.de/" "Mozilla/4.0 (compatible; MSIE 8.0; Windows NT 6.1; Trident/4.0; SLCC2; .NET CLR 2.0.50727; .NET CLR 3.5.30729; .NET CLR 3.0.30729; Media Center PC 6.0; .NET4.0C; .NET4.0E; InfoPath.3; MS-RTC LM 8; Tablet PC 2.0)"
170.162.33.11 - - [12/Jun/2012:11:47:05 +0200] "GET /js_contentserver24_greybox/w_close.gif HTTP/1.1" 200 74 "http://www.mink-gmbh.de/" "Mozilla/4.0 (compatible; MSIE 8.0; Windows NT 6.1; Trident/4.0; SLCC2; .NET CLR 2.0.50727; .NET CLR 3.5.30729; .NET CLR 3.0.30729; Media Center PC 6.0; .NET4.0C; .NET4.0E; InfoPath.3; MS-RTC LM 8; Tablet PC 2.0)"
170.162.33.11 - - [12/Jun/2012:11:47:05 +0200] "GET /images/wrapperbg.jpg HTTP/1.1" 200 27465 "http://www.mink-gmbh.de/" "Mozilla/4.0 (compatible; MSIE 8.0; Windows NT 6.1; Trident/4.0; SLCC2; .NET CLR 2.0.50727; .NET CLR 3.5.30729; .NET CLR 3.0.30729; Media Center PC 6.0; .NET4.0C; .NET4.0E; InfoPath.3; MS-RTC LM 8; Tablet PC 2.0)"
170.162.33.11 - - [12/Jun/2012:11:47:05 +0200] "GET /images/navibg.png HTTP/1.1" 200 2803 "http://www.mink-gmbh.de/" "Mozilla/4.0 (compatible; MSIE 8.0; Windows NT 6.1; Trident/4.0; SLCC2; .NET CLR 2.0.50727; .NET CLR 3.5.30729; .NET CLR 3.0.30729; Media Center PC 6.0; .NET4.0C; .NET4.0E; InfoPath.3; MS-RTC LM 8; Tablet PC 2.0)"
170.162.33.11 - - [12/Jun/2012:11:47:06 +0200] "GET /images/newsletter.png HTTP/1.1" 200 14619 "http://www.mink-gmbh.de/" "Mozilla/4.0 (compatible; MSIE 8.0; Windows NT 6.1; Trident/4.0; SLCC2; .NET CLR 2.0.50727; .NET CLR 3.5.30729; .NET CLR 3.0.30729; Media Center PC 6.0; .NET4.0C; .NET4.0E; InfoPath.3; MS-RTC LM 8; Tablet PC 2.0)"
170.162.33.11 - - [12/Jun/2012:11:47:06 +0200] "GET /images/header.jpg HTTP/1.1" 200 24413 "http://www.mink-gmbh.de/" "Mozilla/4.0 (compatible; MSIE 8.0; Windows NT 6.1; Trident/4.0; SLCC2; .NET CLR 2.0.50727; .NET CLR 3.5.30729; .NET CLR 3.0.30729; Media Center PC 6.0; .NET4.0C; .NET4.0E; InfoPath.3; MS-RTC LM 8; Tablet PC 2.0)"
170.162.33.11 - - [12/Jun/2012:11:47:06 +0200] "GET /images/steigend.png HTTP/1.1" 200 688 "http://www.mink-gmbh.de/" "Mozilla/4.0 (compatible; MSIE 8.0; Windows NT 6.1; Trident/4.0; SLCC2; .NET CLR 2.0.50727; .NET CLR 3.5.30729; .NET CLR 3.0.30729; Media Center PC 6.0; .NET4.0C; .NET4.0E; InfoPath.3; MS-RTC LM 8; Tablet PC 2.0)"
170.162.33.11 - - [12/Jun/2012:11:47:06 +0200] "GET /images/fallend.png HTTP/1.1" 200 713 "http://www.mink-gmbh.de/" "Mozilla/4.0 (compatible; MSIE 8.0; Windows NT 6.1; Trident/4.0; SLCC2; .NET CLR 2.0.50727; .NET CLR 3.5.30729; .NET CLR 3.0.30729; Media Center PC 6.0; .NET4.0C; .NET4.0E; InfoPath.3; MS-RTC LM 8; Tablet PC 2.0)"
170.162.33.11 - - [12/Jun/2012:11:47:06 +0200] "GET /images/mobil.jpg HTTP/1.1" 200 25293 "http://www.mink-gmbh.de/" "Mozilla/4.0 (compatible; MSIE 8.0; Windows NT 6.1; Trident/4.0; SLCC2; .NET CLR 2.0.50727; .NET CLR 3.5.30729; .NET CLR 3.0.30729; Media Center PC 6.0; .NET4.0C; .NET4.0E; InfoPath.3; MS-RTC LM 8; Tablet PC 2.0)"
170.162.33.11 - - [12/Jun/2012:11:47:06 +0200] "GET /images/footerbg.jpg HTTP/1.1" 200 2184 "http://www.mink-gmbh.de/" "Mozilla/4.0 (compatible; MSIE 8.0; Windows NT 6.1; Trident/4.0; SLCC2; .NET CLR 2.0.50727; .NET CLR 3.5.30729; .NET CLR 3.0.30729; Media Center PC 6.0; .NET4.0C; .NET4.0E; InfoPath.3; MS-RTC LM 8; Tablet PC 2.0)"
170.162.33.11 - - [12/Jun/2012:11:47:06 +0200] "GET /images/newsletter.jpg HTTP/1.1" 200 13130 "http://www.mink-gmbh.de/" "Mozilla/4.0 (compatible; MSIE 8.0; Windows NT 6.1; Trident/4.0; SLCC2; .NET CLR 2.0.50727; .NET CLR 3.5.30729; .NET CLR 3.0.30729; Media Center PC 6.0; .NET4.0C; .NET4.0E; InfoPath.3; MS-RTC LM 8; Tablet PC 2.0)"
199.19.249.196 - - [12/Jun/2012:11:47:06 +0200] "GET /js_contentserver24_greybox/loader_frame.html?s=0 HTTP/1.1" 200 2084 "-" "Mozilla/4.0 (compatible; MSIE 7.0; Windows NT 5.1; InfoPath.1; .NET CLR 2.0.50727; .NET CLR 1.1.4322; MS-RTC LM 8; .NET CLR 3.0.4506.2152; .NET CLR 3.5.30729)"
170.162.33.11 - - [12/Jun/2012:11:47:06 +0200] "GET /js_contentserver24_greybox/header_bg.gif HTTP/1.1" 200 1188 "http://www.mink-gmbh.de/" "Mozilla/4.0 (compatible; MSIE 8.0; Windows NT 6.1; Trident/4.0; SLCC2; .NET CLR 2.0.50727; .NET CLR 3.5.30729; .NET CLR 3.0.30729; Media Center PC 6.0; .NET4.0C; .NET4.0E; InfoPath.3; MS-RTC LM 8; Tablet PC 2.0)"
170.162.33.11 - - [12/Jun/2012:11:47:06 +0200] "GET /js_contentserver24_greybox/loader_frame.html?s=0 HTTP/1.1" 200 2084 "http://www.mink-gmbh.de/" "Mozilla/4.0 (compatible; MSIE 8.0; Windows NT 6.1; Trident/4.0; SLCC2; .NET CLR 2.0.50727; .NET CLR 3.5.30729; .NET CLR 3.0.30729; Media Center PC 6.0; .NET4.0C; .NET4.0E; InfoPath.3; MS-RTC LM 8; Tablet PC 2.0)"
170.162.33.11 - - [12/Jun/2012:11:47:06 +0200] "GET /js_contentserver24_greybox/indicator.gif HTTP/1.1" 200 8238 "http://www.mink-gmbh.de/js_contentserver24_greybox/loader_frame.html?s=0" "Mozilla/4.0 (compatible; MSIE 8.0; Windows NT 6.1; Trident/4.0; SLCC2; .NET CLR 2.0.50727; .NET CLR 3.5.30729; .NET CLR 3.0.30729; Media Center PC 6.0; .NET4.0C; .NET4.0E; InfoPath.3; MS-RTC LM 8; Tablet PC 2.0)"
170.162.33.11 - - [12/Jun/2012:11:47:08 +0200] "GET /js_contentserver24_greybox/g_close.gif HTTP/1.1" 200 541 "http://www.mink-gmbh.de/" "Mozilla/4.0 (compatible; MSIE 8.0; Windows NT 6.1; Trident/4.0; SLCC2; .NET CLR 2.0.50727; .NET CLR 3.5.30729; .NET CLR 3.0.30729; Media Center PC 6.0; .NET4.0C; .NET4.0E; InfoPath.3; MS-RTC LM 8; Tablet PC 2.0)"
199.19.249.196 - - [12/Jun/2012:11:48:28 +0200] "GET /kontakt.php HTTP/1.1" 200 9127 "-" "Mozilla/4.0 (compatible; MSIE 7.0; Windows NT 5.1; InfoPath.1; .NET CLR 2.0.50727; .NET CLR 1.1.4322; MS-RTC LM 8; .NET CLR 3.0.4506.2152; .NET CLR 3.5.30729)"
170.162.33.11 - - [12/Jun/2012:11:48:28 +0200] "GET /kontakt.php HTTP/1.1" 200 9040 "http://www.mink-gmbh.de/" "Mozilla/4.0 (compatible; MSIE 8.0; Windows NT 6.1; Trident/4.0; SLCC2; .NET CLR 2.0.50727; .NET CLR 3.5.30729; .NET CLR 3.0.30729; Media Center PC 6.0; .NET4.0C; .NET4.0E; InfoPath.3; MS-RTC LM 8; Tablet PC 2.0)"
199.19.249.196 - - [12/Jun/2012:11:48:50 +0200] "GET /preisanfrage.php HTTP/1.1" 200 10636 "-" "Mozilla/4.0 (compatible; MSIE 7.0; Windows NT 5.1; InfoPath.1; .NET CLR 2.0.50727; .NET CLR 1.1.4322; MS-RTC LM 8; .NET CLR 3.0.4506.2152; .NET CLR 3.5.30729)"
170.162.33.11 - - [12/Jun/2012:11:48:50 +0200] "GET /preisanfrage.php HTTP/1.1" 200 10549 "http://www.mink-gmbh.de/kontakt.php" "Mozilla/4.0 (compatible; MSIE 8.0; Windows NT 6.1; Trident/4.0; SLCC2; .NET CLR 2.0.50727; .NET CLR 3.5.30729; .NET CLR 3.0.30729; Media Center PC 6.0; .NET4.0C; .NET4.0E; InfoPath.3; MS-RTC LM 8; Tablet PC 2.0)"
66.249.66.137 - - [12/Jun/2012:11:52:35 +0200] "GET /news.php?cs_go=archiv&cs_startpos=1 HTTP/1.1" 200 22487 "-" "Mozilla/5.0 (compatible; Googlebot/2.1; +http://www.google.com/bot.html)"
66.249.66.137 - - [12/Jun/2012:11:54:38 +0200] "GET /news.php?cs_go=archiv&cs_id=2137&cs_search= HTTP/1.1" 200 14241 "-" "Mozilla/5.0 (compatible; Googlebot/2.1; +http://www.google.com/bot.html)"
208.115.113.91 - - [12/Jun/2012:11:58:22 +0200] "GET /robots.txt HTTP/1.1" 200 177 "-" "Mozilla/5.0 (compatible; Ezooms/1.0; ezooms.bot@gmail.com)"
66.249.66.137 - - [12/Jun/2012:12:04:54 +0200] "GET /news.php?cs_go=archiv&cs_id=2140&cs_search= HTTP/1.1" 200 14112 "-" "Mozilla/5.0 (compatible; Googlebot/2.1; +http://www.google.com/bot.html)"
65.36.241.79 - - [12/Jun/2012:12:13:23 +0200] "HEAD / HTTP/1.1" 200 - "-" "InternetSeer.com"
66.249.66.137 - - [12/Jun/2012:12:19:14 +0200] "GET /news.php?cs_go=archiv&cs_id=3154 HTTP/1.1" 200 9903 "-" "Mozilla/5.0 (compatible; Googlebot/2.1; +http://www.google.com/bot.html)"
