76.72.167.164 - - [04/Apr/2012:18:00:28 +0200] "GET /seiten/produkte_hzoel.php HTTP/1.0" 404 - "-" "Mozilla/5.0 (compatible; MJ12bot/v1.4.2; http://www.majestic12.co.uk/bot.php?+)"
66.249.71.56 - - [04/Apr/2012:18:12:51 +0200] "GET /kwk.php HTTP/1.1" 200 10815 "-" "Mozilla/5.0 (iPhone; U; CPU iPhone OS 4_1 like Mac OS X; en-us) AppleWebKit/532.9 (KHTML, like Gecko) Version/4.0.5 Mobile/8B117 Safari/6531.22.7 (compatible; Googlebot-Mobile/2.1; +http://www.google.com/bot.html)"
66.249.71.56 - - [04/Apr/2012:18:18:09 +0200] "GET /style.css HTTP/1.1" 200 8418 "-" "Mozilla/5.0 (compatible; Googlebot/2.1; +http://www.google.com/bot.html)"
66.249.71.56 - - [04/Apr/2012:18:18:09 +0200] "GET /modul.css HTTP/1.1" 200 35038 "-" "Mozilla/5.0 (compatible; Googlebot/2.1; +http://www.google.com/bot.html)"
66.249.71.56 - - [04/Apr/2012:18:18:15 +0200] "GET /images/newsletter.png HTTP/1.1" 200 14619 "http://www.mink-gmbh.de/kwk.php" "Mozilla/5.0 (compatible; Googlebot/2.1; +http://www.google.com/bot.html)"
66.249.72.146 - - [04/Apr/2012:19:24:05 +0200] "GET /robots.txt HTTP/1.1" 200 177 "-" "Mozilla/5.0 (compatible; Googlebot/2.1; +http://www.google.com/bot.html)"
66.249.72.146 - - [04/Apr/2012:19:24:06 +0200] "GET /news.php?cs_go=archiv&cs_id=2929 HTTP/1.1" 200 12021 "-" "Mozilla/5.0 (compatible; Googlebot/2.1; +http://www.google.com/bot.html)"
208.115.111.75 - - [04/Apr/2012:19:38:40 +0200] "GET /agb.php HTTP/1.1" 200 19709 "-" "Mozilla/5.0 (compatible; Ezooms/1.0; ezooms.bot@gmail.com)"
79.214.31.244 - - [04/Apr/2012:19:41:22 +0200] "GET /modul.css HTTP/1.1" 304 - "http://www.mink-gmbh.de/" "Mozilla/5.0 (Windows NT 6.1; rv:11.0) Gecko/20100101 Firefox/11.0"
79.214.31.244 - - [04/Apr/2012:19:41:22 +0200] "GET /style.css HTTP/1.1" 304 - "http://www.mink-gmbh.de/" "Mozilla/5.0 (Windows NT 6.1; rv:11.0) Gecko/20100101 Firefox/11.0"
79.214.31.244 - - [04/Apr/2012:19:41:22 +0200] "GET / HTTP/1.1" 200 15317 "-" "Mozilla/5.0 (Windows NT 6.1; rv:11.0) Gecko/20100101 Firefox/11.0"
79.214.31.244 - - [04/Apr/2012:19:41:23 +0200] "GET /images/freecall.jpg HTTP/1.1" 304 - "http://www.mink-gmbh.de/" "Mozilla/5.0 (Windows NT 6.1; rv:11.0) Gecko/20100101 Firefox/11.0"
79.214.31.244 - - [04/Apr/2012:19:41:23 +0200] "GET /images/mail.jpg HTTP/1.1" 304 - "http://www.mink-gmbh.de/" "Mozilla/5.0 (Windows NT 6.1; rv:11.0) Gecko/20100101 Firefox/11.0"
79.214.31.244 - - [04/Apr/2012:19:41:24 +0200] "GET /images/close.png HTTP/1.1" 304 - "http://www.mink-gmbh.de/" "Mozilla/5.0 (Windows NT 6.1; rv:11.0) Gecko/20100101 Firefox/11.0"
79.214.31.244 - - [04/Apr/2012:19:41:24 +0200] "GET /images/newsletter_bg.jpg HTTP/1.1" 304 - "http://www.mink-gmbh.de/" "Mozilla/5.0 (Windows NT 6.1; rv:11.0) Gecko/20100101 Firefox/11.0"
79.214.31.244 - - [04/Apr/2012:19:41:24 +0200] "GET /images/newsletter.png HTTP/1.1" 304 - "http://www.mink-gmbh.de/style.css" "Mozilla/5.0 (Windows NT 6.1; rv:11.0) Gecko/20100101 Firefox/11.0"
79.214.31.244 - - [04/Apr/2012:19:41:24 +0200] "GET /images/newsletter.jpg HTTP/1.1" 304 - "http://www.mink-gmbh.de/style.css" "Mozilla/5.0 (Windows NT 6.1; rv:11.0) Gecko/20100101 Firefox/11.0"
79.214.31.244 - - [04/Apr/2012:19:41:24 +0200] "GET /js_contentserver24_greybox/loader_frame.html?s=0 HTTP/1.1" 304 - "http://www.mink-gmbh.de/" "Mozilla/5.0 (Windows NT 6.1; rv:11.0) Gecko/20100101 Firefox/11.0"
79.201.198.134 - - [04/Apr/2012:20:04:27 +0200] "GET /preisanfrage.php HTTP/1.1" 200 10636 "-" "findlinks/2.0.2 (+http://wortschatz.uni-leipzig.de/findlinks/)"
79.201.198.134 - - [04/Apr/2012:20:04:27 +0200] "GET /preisanfrage.php HTTP/1.1" 200 10549 "-" "findlinks/2.0.2 (+http://wortschatz.uni-leipzig.de/findlinks/)"
66.249.72.146 - - [04/Apr/2012:20:06:26 +0200] "GET /news.php?cs_go=archiv&cs_id=2930 HTTP/1.1" 200 15653 "-" "Mozilla/5.0 (compatible; Googlebot/2.1; +http://www.google.com/bot.html)"
123.125.71.31 - - [04/Apr/2012:20:36:33 +0200] "GET / HTTP/1.1" 200 8714 "-" "Mozilla/5.0 (compatible; Baiduspider/2.0; +http://www.baidu.com/search/spider.html)"
220.181.108.81 - - [04/Apr/2012:20:37:11 +0200] "GET / HTTP/1.1" 200 8714 "-" "Mozilla/5.0 (compatible; Baiduspider/2.0; +http://www.baidu.com/search/spider.html)"
66.249.72.146 - - [04/Apr/2012:20:51:28 +0200] "GET /news.php?cs_go=archiv&cs_id=2931 HTTP/1.1" 200 11393 "-" "Mozilla/5.0 (compatible; Googlebot/2.1; +http://www.google.com/bot.html)"
89.247.49.64 - - [04/Apr/2012:21:07:45 +0200] "GET /style.css HTTP/1.1" 200 8418 "http://www.mink-gmbh.de/index.php" "Mozilla/5.0 (Windows NT 6.1; rv:11.0) Gecko/20100101 Firefox/11.0"
89.247.49.64 - - [04/Apr/2012:21:07:45 +0200] "GET /modul.css HTTP/1.1" 200 35038 "http://www.mink-gmbh.de/index.php" "Mozilla/5.0 (Windows NT 6.1; rv:11.0) Gecko/20100101 Firefox/11.0"
89.247.49.64 - - [04/Apr/2012:21:07:45 +0200] "GET /favicon.ico HTTP/1.1" 200 3638 "-" "Mozilla/5.0 (Windows NT 6.1; rv:11.0) Gecko/20100101 Firefox/11.0"
89.247.49.64 - - [04/Apr/2012:21:07:45 +0200] "GET /js_contentserver24_greybox/gb_styles.css HTTP/1.1" 200 2302 "http://www.mink-gmbh.de/index.php" "Mozilla/5.0 (Windows NT 6.1; rv:11.0) Gecko/20100101 Firefox/11.0"
89.247.49.64 - - [04/Apr/2012:21:07:45 +0200] "GET /js_contentserver24_greybox/AJS.js HTTP/1.1" 200 10396 "http://www.mink-gmbh.de/index.php" "Mozilla/5.0 (Windows NT 6.1; rv:11.0) Gecko/20100101 Firefox/11.0"
89.247.49.64 - - [04/Apr/2012:21:07:45 +0200] "GET /js_contentserver24_greybox/AJS_fx.js HTTP/1.1" 200 3192 "http://www.mink-gmbh.de/index.php" "Mozilla/5.0 (Windows NT 6.1; rv:11.0) Gecko/20100101 Firefox/11.0"
89.247.49.64 - - [04/Apr/2012:21:07:45 +0200] "GET /js_contentserver24_greybox/gb_scripts.js HTTP/1.1" 200 11913 "http://www.mink-gmbh.de/index.php" "Mozilla/5.0 (Windows NT 6.1; rv:11.0) Gecko/20100101 Firefox/11.0"
89.247.49.64 - - [04/Apr/2012:21:07:45 +0200] "GET /images/tkw.jpg HTTP/1.1" 200 64031 "http://www.mink-gmbh.de/index.php" "Mozilla/5.0 (Windows NT 6.1; rv:11.0) Gecko/20100101 Firefox/11.0"
89.247.49.64 - - [04/Apr/2012:21:07:44 +0200] "GET /index.php HTTP/1.1" 200 15317 "-" "Mozilla/5.0 (Windows NT 6.1; rv:11.0) Gecko/20100101 Firefox/11.0"
89.247.49.64 - - [04/Apr/2012:21:07:46 +0200] "GET /images/freecall.jpg HTTP/1.1" 200 39195 "http://www.mink-gmbh.de/index.php" "Mozilla/5.0 (Windows NT 6.1; rv:11.0) Gecko/20100101 Firefox/11.0"
89.247.49.64 - - [04/Apr/2012:21:07:46 +0200] "GET /images/mail.jpg HTTP/1.1" 200 11165 "http://www.mink-gmbh.de/index.php" "Mozilla/5.0 (Windows NT 6.1; rv:11.0) Gecko/20100101 Firefox/11.0"
89.247.49.64 - - [04/Apr/2012:21:07:46 +0200] "GET /images/kwk.gif HTTP/1.1" 200 6403 "http://www.mink-gmbh.de/index.php" "Mozilla/5.0 (Windows NT 6.1; rv:11.0) Gecko/20100101 Firefox/11.0"
89.247.49.64 - - [04/Apr/2012:21:07:46 +0200] "GET /images/wunschpreis.jpg HTTP/1.1" 200 16767 "http://www.mink-gmbh.de/index.php" "Mozilla/5.0 (Windows NT 6.1; rv:11.0) Gecko/20100101 Firefox/11.0"
89.247.49.64 - - [04/Apr/2012:21:07:46 +0200] "GET /images/logos.jpg HTTP/1.1" 200 15002 "http://www.mink-gmbh.de/index.php" "Mozilla/5.0 (Windows NT 6.1; rv:11.0) Gecko/20100101 Firefox/11.0"
89.247.49.64 - - [04/Apr/2012:21:07:46 +0200] "GET /js_contentserver24_greybox/w_close.gif HTTP/1.1" 200 74 "http://www.mink-gmbh.de/index.php" "Mozilla/5.0 (Windows NT 6.1; rv:11.0) Gecko/20100101 Firefox/11.0"
89.247.49.64 - - [04/Apr/2012:21:07:46 +0200] "GET /images/bg.jpg HTTP/1.1" 200 345 "http://www.mink-gmbh.de/style.css" "Mozilla/5.0 (Windows NT 6.1; rv:11.0) Gecko/20100101 Firefox/11.0"
89.247.49.64 - - [04/Apr/2012:21:07:46 +0200] "GET /images/close.png HTTP/1.1" 200 703 "http://www.mink-gmbh.de/index.php" "Mozilla/5.0 (Windows NT 6.1; rv:11.0) Gecko/20100101 Firefox/11.0"
89.247.49.64 - - [04/Apr/2012:21:07:46 +0200] "GET /images/newsletter_bg.jpg HTTP/1.1" 200 33610 "http://www.mink-gmbh.de/index.php" "Mozilla/5.0 (Windows NT 6.1; rv:11.0) Gecko/20100101 Firefox/11.0"
89.247.49.64 - - [04/Apr/2012:21:07:46 +0200] "GET /images/newsletter.png HTTP/1.1" 200 14619 "http://www.mink-gmbh.de/style.css" "Mozilla/5.0 (Windows NT 6.1; rv:11.0) Gecko/20100101 Firefox/11.0"
89.247.49.64 - - [04/Apr/2012:21:07:46 +0200] "GET /images/wrapperbg.jpg HTTP/1.1" 200 27465 "http://www.mink-gmbh.de/style.css" "Mozilla/5.0 (Windows NT 6.1; rv:11.0) Gecko/20100101 Firefox/11.0"
89.247.49.64 - - [04/Apr/2012:21:07:46 +0200] "GET /images/header.jpg HTTP/1.1" 200 24413 "http://www.mink-gmbh.de/style.css" "Mozilla/5.0 (Windows NT 6.1; rv:11.0) Gecko/20100101 Firefox/11.0"
89.247.49.64 - - [04/Apr/2012:21:07:46 +0200] "GET /images/navibg.png HTTP/1.1" 200 2803 "http://www.mink-gmbh.de/style.css" "Mozilla/5.0 (Windows NT 6.1; rv:11.0) Gecko/20100101 Firefox/11.0"
89.247.49.64 - - [04/Apr/2012:21:07:46 +0200] "GET /images/steigend.png HTTP/1.1" 200 688 "http://www.mink-gmbh.de/modul.css" "Mozilla/5.0 (Windows NT 6.1; rv:11.0) Gecko/20100101 Firefox/11.0"
89.247.49.64 - - [04/Apr/2012:21:07:46 +0200] "GET /images/fallend.png HTTP/1.1" 200 713 "http://www.mink-gmbh.de/modul.css" "Mozilla/5.0 (Windows NT 6.1; rv:11.0) Gecko/20100101 Firefox/11.0"
89.247.49.64 - - [04/Apr/2012:21:07:46 +0200] "GET /images/mobil.jpg HTTP/1.1" 200 25293 "http://www.mink-gmbh.de/style.css" "Mozilla/5.0 (Windows NT 6.1; rv:11.0) Gecko/20100101 Firefox/11.0"
89.247.49.64 - - [04/Apr/2012:21:07:46 +0200] "GET /images/newsletter.jpg HTTP/1.1" 200 13130 "http://www.mink-gmbh.de/style.css" "Mozilla/5.0 (Windows NT 6.1; rv:11.0) Gecko/20100101 Firefox/11.0"
89.247.49.64 - - [04/Apr/2012:21:07:46 +0200] "GET /images/footerbg.jpg HTTP/1.1" 200 2184 "http://www.mink-gmbh.de/style.css" "Mozilla/5.0 (Windows NT 6.1; rv:11.0) Gecko/20100101 Firefox/11.0"
89.247.49.64 - - [04/Apr/2012:21:07:46 +0200] "GET /js_contentserver24_greybox/header_bg.gif HTTP/1.1" 200 1188 "http://www.mink-gmbh.de/index.php" "Mozilla/5.0 (Windows NT 6.1; rv:11.0) Gecko/20100101 Firefox/11.0"
89.247.49.64 - - [04/Apr/2012:21:07:46 +0200] "GET /js_contentserver24_greybox/g_close.gif HTTP/1.1" 200 541 "http://www.mink-gmbh.de/index.php" "Mozilla/5.0 (Windows NT 6.1; rv:11.0) Gecko/20100101 Firefox/11.0"
89.247.49.64 - - [04/Apr/2012:21:07:46 +0200] "GET /js_contentserver24_greybox/indicator.gif HTTP/1.1" 200 8238 "http://www.mink-gmbh.de/index.php" "Mozilla/5.0 (Windows NT 6.1; rv:11.0) Gecko/20100101 Firefox/11.0"
89.247.49.64 - - [04/Apr/2012:21:07:47 +0200] "GET /js_contentserver24_greybox/loader_frame.html?s=0 HTTP/1.1" 200 2084 "http://www.mink-gmbh.de/index.php" "Mozilla/5.0 (Windows NT 6.1; rv:11.0) Gecko/20100101 Firefox/11.0"
66.249.72.146 - - [04/Apr/2012:21:17:36 +0200] "GET /news.php?cs_go=archiv&cs_id=2932 HTTP/1.1" 200 13371 "-" "Mozilla/5.0 (compatible; Googlebot/2.1; +http://www.google.com/bot.html)"
93.219.58.39 - - [04/Apr/2012:21:21:51 +0200] "GET / HTTP/1.1" 200 14582 "-" "Mozilla/5.0 (Windows NT 6.1; rv:11.0) Gecko/20100101 Firefox/11.0"
93.219.58.39 - - [04/Apr/2012:21:22:04 +0200] "GET /news.php?cs_go=archiv&cs_id=2964 HTTP/1.1" 200 13413 "http://www.mink-gmbh.de/" "Mozilla/5.0 (Windows NT 6.1; rv:11.0) Gecko/20100101 Firefox/11.0"
93.219.58.39 - - [04/Apr/2012:21:22:04 +0200] "GET /style.css HTTP/1.1" 304 - "http://www.mink-gmbh.de/news.php?cs_go=archiv&cs_id=2964" "Mozilla/5.0 (Windows NT 6.1; rv:11.0) Gecko/20100101 Firefox/11.0"
93.219.58.39 - - [04/Apr/2012:21:22:04 +0200] "GET /modul.css HTTP/1.1" 304 - "http://www.mink-gmbh.de/news.php?cs_go=archiv&cs_id=2964" "Mozilla/5.0 (Windows NT 6.1; rv:11.0) Gecko/20100101 Firefox/11.0"
93.219.58.39 - - [04/Apr/2012:21:22:04 +0200] "GET /images/mail.jpg HTTP/1.1" 304 - "http://www.mink-gmbh.de/news.php?cs_go=archiv&cs_id=2964" "Mozilla/5.0 (Windows NT 6.1; rv:11.0) Gecko/20100101 Firefox/11.0"
93.219.58.39 - - [04/Apr/2012:21:22:04 +0200] "GET /images/close.png HTTP/1.1" 304 - "http://www.mink-gmbh.de/news.php?cs_go=archiv&cs_id=2964" "Mozilla/5.0 (Windows NT 6.1; rv:11.0) Gecko/20100101 Firefox/11.0"
93.219.58.39 - - [04/Apr/2012:21:22:04 +0200] "GET /images/newsletter_bg.jpg HTTP/1.1" 304 - "http://www.mink-gmbh.de/news.php?cs_go=archiv&cs_id=2964" "Mozilla/5.0 (Windows NT 6.1; rv:11.0) Gecko/20100101 Firefox/11.0"
93.219.58.39 - - [04/Apr/2012:21:34:26 +0200] "GET /news.php?cs_go=archiv&cs_id=2964 HTTP/1.1" 200 13413 "http://www.mink-gmbh.de/" "Mozilla/5.0 (Windows NT 6.1; rv:11.0) Gecko/20100101 Firefox/11.0"
66.249.72.146 - - [04/Apr/2012:22:03:44 +0200] "GET /news.php?cs_go=archiv&cs_id=2920&cs_search= HTTP/1.1" 200 11584 "-" "Mozilla/5.0 (compatible; Googlebot/2.1; +http://www.google.com/bot.html)"
93.219.58.39 - - [04/Apr/2012:22:42:40 +0200] "GET /news.php?cs_go=archiv&cs_id=2964 HTTP/1.1" 200 13413 "http://www.mink-gmbh.de/" "Mozilla/5.0 (Windows NT 6.1; rv:11.0) Gecko/20100101 Firefox/11.0"
66.249.72.146 - - [04/Apr/2012:22:48:44 +0200] "GET /news.php?cs_go=archiv&cs_id=2921&cs_search= HTTP/1.1" 200 13536 "-" "Mozilla/5.0 (compatible; Googlebot/2.1; +http://www.google.com/bot.html)"
76.72.167.163 - - [04/Apr/2012:22:49:10 +0200] "GET /robots.txt HTTP/1.0" 200 177 "-" "Mozilla/5.0 (compatible; MJ12bot/v1.4.2; http://www.majestic12.co.uk/bot.php?+)"
76.72.167.163 - - [04/Apr/2012:22:49:12 +0200] "GET /agb.php HTTP/1.0" 200 19709 "-" "Mozilla/5.0 (compatible; MJ12bot/v1.4.2; http://www.majestic12.co.uk/bot.php?+)"
76.72.167.163 - - [04/Apr/2012:22:49:14 +0200] "GET /news.php?cs_go=archiv&cs_id=2678 HTTP/1.0" 200 9971 "-" "Mozilla/5.0 (compatible; MJ12bot/v1.4.2; http://www.majestic12.co.uk/bot.php?+)"
76.72.167.163 - - [04/Apr/2012:22:49:16 +0200] "GET /news.php?cs_go=archiv&cs_id=2679 HTTP/1.0" 200 10667 "-" "Mozilla/5.0 (compatible; MJ12bot/v1.4.2; http://www.majestic12.co.uk/bot.php?+)"
76.72.167.163 - - [04/Apr/2012:22:49:17 +0200] "GET /news.php?cs_go=archiv&cs_id=2680 HTTP/1.0" 200 13613 "-" "Mozilla/5.0 (compatible; MJ12bot/v1.4.2; http://www.majestic12.co.uk/bot.php?+)"
76.72.167.163 - - [04/Apr/2012:22:49:19 +0200] "GET /news.php?cs_go=archiv&cs_id=2681 HTTP/1.0" 200 10154 "-" "Mozilla/5.0 (compatible; MJ12bot/v1.4.2; http://www.majestic12.co.uk/bot.php?+)"
76.72.167.163 - - [04/Apr/2012:22:49:21 +0200] "GET /news.php?cs_go=archiv&cs_id=2682 HTTP/1.0" 200 10584 "-" "Mozilla/5.0 (compatible; MJ12bot/v1.4.2; http://www.majestic12.co.uk/bot.php?+)"
76.72.167.163 - - [04/Apr/2012:22:49:23 +0200] "GET /news.php?cs_go=archiv&cs_id=2683 HTTP/1.0" 200 13555 "-" "Mozilla/5.0 (compatible; MJ12bot/v1.4.2; http://www.majestic12.co.uk/bot.php?+)"
76.72.167.163 - - [04/Apr/2012:22:49:25 +0200] "GET /news.php?cs_go=archiv&cs_id=2684 HTTP/1.0" 200 10001 "-" "Mozilla/5.0 (compatible; MJ12bot/v1.4.2; http://www.majestic12.co.uk/bot.php?+)"
76.72.167.163 - - [04/Apr/2012:22:49:27 +0200] "GET /news.php?cs_go=archiv&cs_id=2685 HTTP/1.0" 200 9646 "-" "Mozilla/5.0 (compatible; MJ12bot/v1.4.2; http://www.majestic12.co.uk/bot.php?+)"
76.72.167.163 - - [04/Apr/2012:22:49:28 +0200] "GET /news.php?cs_go=archiv&cs_id=2686 HTTP/1.0" 200 10124 "-" "Mozilla/5.0 (compatible; MJ12bot/v1.4.2; http://www.majestic12.co.uk/bot.php?+)"
76.72.167.163 - - [04/Apr/2012:22:49:30 +0200] "GET /news.php?cs_go=archiv&cs_id=2687 HTTP/1.0" 200 10244 "-" "Mozilla/5.0 (compatible; MJ12bot/v1.4.2; http://www.majestic12.co.uk/bot.php?+)"
76.72.167.163 - - [04/Apr/2012:22:49:32 +0200] "GET /news.php?cs_go=archiv&cs_id=2688 HTTP/1.0" 200 13852 "-" "Mozilla/5.0 (compatible; MJ12bot/v1.4.2; http://www.majestic12.co.uk/bot.php?+)"
76.72.167.163 - - [04/Apr/2012:22:49:34 +0200] "GET /news.php?cs_go=archiv&cs_id=2689 HTTP/1.0" 200 10303 "-" "Mozilla/5.0 (compatible; MJ12bot/v1.4.2; http://www.majestic12.co.uk/bot.php?+)"
76.72.167.163 - - [04/Apr/2012:22:49:35 +0200] "GET /robots.txt HTTP/1.0" 200 177 "-" "Mozilla/5.0 (compatible; MJ12bot/v1.4.2; http://www.majestic12.co.uk/bot.php?+)"
76.72.167.163 - - [04/Apr/2012:22:49:36 +0200] "GET /news.php?cs_go=archiv&cs_id=2690 HTTP/1.0" 200 10405 "-" "Mozilla/5.0 (compatible; MJ12bot/v1.4.2; http://www.majestic12.co.uk/bot.php?+)"
76.72.167.163 - - [04/Apr/2012:22:49:38 +0200] "GET /news.php?cs_go=archiv&cs_id=2691 HTTP/1.0" 200 13867 "-" "Mozilla/5.0 (compatible; MJ12bot/v1.4.2; http://www.majestic12.co.uk/bot.php?+)"
65.36.241.79 - - [04/Apr/2012:23:03:21 +0200] "HEAD / HTTP/1.1" 200 - "-" "InternetSeer.com"
66.249.72.146 - - [04/Apr/2012:23:39:56 +0200] "GET /news.php?cs_go=archiv&cs_id=2938 HTTP/1.1" 200 10888 "-" "Mozilla/5.0 (compatible; Googlebot/2.1; +http://www.google.com/bot.html)"
207.46.204.240 - - [05/Apr/2012:00:15:30 +0200] "GET /robots.txt HTTP/1.1" 200 177 "-" "Mozilla/5.0 (compatible; bingbot/2.0; +http://www.bing.com/bingbot.htm)"
207.46.204.240 - - [05/Apr/2012:00:16:16 +0200] "GET /kwk.php HTTP/1.1" 200 10815 "-" "Mozilla/5.0 (compatible; bingbot/2.0; +http://www.bing.com/bingbot.htm)"
66.249.72.146 - - [05/Apr/2012:00:18:33 +0200] "GET /news.php?cs_go=archiv&cs_id=2947 HTTP/1.1" 200 9827 "-" "Mozilla/5.0 (compatible; Googlebot/2.1; +http://www.google.com/bot.html)"
139.18.2.209 - - [05/Apr/2012:00:26:16 +0200] "GET /news.php?cs_go=archiv&cs_id=2879&cs_search= HTTP/1.1" 200 9857 "-" "findlinks/2.2 (+http://wortschatz.uni-leipzig.de/findlinks/)"
139.18.2.209 - - [05/Apr/2012:00:26:16 +0200] "GET /news.php?cs_go=archiv&cs_id=2879&cs_search= HTTP/1.1" 200 13370 "-" "findlinks/2.2 (+http://wortschatz.uni-leipzig.de/findlinks/)"
123.125.71.33 - - [05/Apr/2012:00:34:26 +0200] "GET / HTTP/1.1" 200 8714 "-" "Mozilla/5.0 (compatible; Baiduspider/2.0; +http://www.baidu.com/search/spider.html)"
220.181.108.88 - - [05/Apr/2012:00:34:57 +0200] "GET / HTTP/1.1" 200 8714 "-" "Mozilla/5.0 (compatible; Baiduspider/2.0; +http://www.baidu.com/search/spider.html)"
66.249.72.146 - - [05/Apr/2012:00:53:36 +0200] "GET /news.php?cs_go=archiv&cs_id=2930&cs_search= HTTP/1.1" 200 15653 "-" "Mozilla/5.0 (compatible; Googlebot/2.1; +http://www.google.com/bot.html)"
66.249.72.146 - - [05/Apr/2012:00:56:01 +0200] "GET /news.php?cs_go=archiv&cs_id=2807&cs_search= HTTP/1.1" 200 13488 "-" "Mozilla/5.0 (compatible; Googlebot/2.1; +http://www.google.com/bot.html)"
95.108.128.242 - - [05/Apr/2012:01:09:03 +0200] "GET /robots.txt HTTP/1.1" 200 177 "-" "Mozilla/5.0 (compatible; YandexBot/3.0; +http://yandex.com/bots)"
95.108.128.242 - - [05/Apr/2012:01:09:06 +0200] "GET /agb.php HTTP/1.1" 200 19709 "-" "Mozilla/5.0 (compatible; YandexBot/3.0; +http://yandex.com/bots)"
66.249.72.146 - - [05/Apr/2012:01:28:11 +0200] "GET /news.php?cs_go=archiv&cs_id=2897&cs_search= HTTP/1.1" 200 10589 "-" "Mozilla/5.0 (compatible; Googlebot/2.1; +http://www.google.com/bot.html)"
66.249.72.146 - - [05/Apr/2012:01:32:39 +0200] "GET /news.php?cs_go=archiv&cs_id=2929&cs_search= HTTP/1.1" 200 12021 "-" "Mozilla/5.0 (iPhone; U; CPU iPhone OS 4_1 like Mac OS X; en-us) AppleWebKit/532.9 (KHTML, like Gecko) Version/4.0.5 Mobile/8B117 Safari/6531.22.7 (compatible; Googlebot-Mobile/2.1; +http://www.google.com/bot.html)"
66.249.72.146 - - [05/Apr/2012:01:38:44 +0200] "GET /news.php?cs_go=archiv&cs_startpos=0 HTTP/1.1" 200 22206 "-" "Mozilla/5.0 (compatible; Googlebot/2.1; +http://www.google.com/bot.html)"
66.249.72.146 - - [05/Apr/2012:02:22:07 +0200] "GET /news.php?cs_go=archiv&cs_id=2906&cs_search= HTTP/1.1" 200 13592 "-" "Mozilla/5.0 (compatible; Googlebot/2.1; +http://www.google.com/bot.html)"
123.125.71.51 - - [05/Apr/2012:02:33:57 +0200] "GET /news.php?cs_go=archiv&cs_id=2940 HTTP/1.1" 200 10312 "-" "Mozilla/5.0 (compatible; Baiduspider/2.0; +http://www.baidu.com/search/spider.html)"
66.249.72.146 - - [05/Apr/2012:02:46:14 +0200] "GET /news.php?cs_go=archiv&cs_id=2911&cs_search= HTTP/1.1" 200 13781 "-" "Mozilla/5.0 (compatible; Googlebot/2.1; +http://www.google.com/bot.html)"
208.115.113.91 - - [05/Apr/2012:02:47:52 +0200] "GET /robots.txt HTTP/1.1" 200 177 "-" "Mozilla/5.0 (compatible; Ezooms/1.0; ezooms.bot@gmail.com)"
66.249.72.146 - - [05/Apr/2012:02:49:54 +0200] "GET /news.php?cs_go=archiv&cs_id=2964&cs_search= HTTP/1.1" 200 13500 "-" "Mozilla/5.0 (compatible; Googlebot/2.1; +http://www.google.com/bot.html)"
208.115.111.75 - - [05/Apr/2012:02:58:19 +0200] "GET /robots.txt HTTP/1.1" 200 177 "-" "Mozilla/5.0 (compatible; Ezooms/1.0; ezooms.bot@gmail.com)"
66.249.72.146 - - [05/Apr/2012:03:12:31 +0200] "GET /news.php?cs_go=archiv&cs_id=2912&cs_search= HTTP/1.1" 200 9701 "-" "Mozilla/5.0 (compatible; Googlebot/2.1; +http://www.google.com/bot.html)"
123.125.71.21 - - [05/Apr/2012:03:36:19 +0200] "GET / HTTP/1.1" 200 13333 "-" "Mozilla/5.0 (compatible; Baiduspider/2.0; +http://www.baidu.com/search/spider.html)"
220.181.108.77 - - [05/Apr/2012:03:36:54 +0200] "GET / HTTP/1.1" 200 8714 "-" "Mozilla/5.0 (compatible; Baiduspider/2.0; +http://www.baidu.com/search/spider.html)"
66.249.72.146 - - [05/Apr/2012:03:39:24 +0200] "GET /news.php?cs_go=archiv&cs_id=2913&cs_search= HTTP/1.1" 200 11458 "-" "Mozilla/5.0 (compatible; Googlebot/2.1; +http://www.google.com/bot.html)"
65.36.241.79 - - [05/Apr/2012:03:45:11 +0200] "HEAD / HTTP/1.1" 200 - "-" "InternetSeer.com"
66.249.72.146 - - [05/Apr/2012:04:08:59 +0200] "GET /news.php?cs_go=archiv&cs_id=2916&cs_search= HTTP/1.1" 200 13355 "-" "Mozilla/5.0 (compatible; Googlebot/2.1; +http://www.google.com/bot.html)"
85.19.205.124 - - [05/Apr/2012:04:21:33 +0200] "GET /robots.txt HTTP/1.0" 200 177 "-" "Mozilla/5.0 (compatible; MJ12bot/v1.4.2; http://www.majestic12.co.uk/bot.php?+)"
85.19.205.124 - - [05/Apr/2012:04:21:35 +0200] "GET / HTTP/1.1" 200 15317 "-" "Mozilla/5.0 (compatible; MJ12bot/v1.4.2; http://www.majestic12.co.uk/bot.php?+)"
66.249.72.146 - - [05/Apr/2012:04:41:53 +0200] "GET /news.php?cs_go=archiv&cs_id=2924 HTTP/1.1" 200 13705 "-" "Mozilla/5.0 (compatible; Googlebot/2.1; +http://www.google.com/bot.html)"
66.249.72.146 - - [05/Apr/2012:05:19:24 +0200] "GET /news.php?cs_go=archiv&cs_id=2926 HTTP/1.1" 200 11481 "-" "Mozilla/5.0 (compatible; Googlebot/2.1; +http://www.google.com/bot.html)"
208.115.111.75 - - [05/Apr/2012:05:21:35 +0200] "GET /news.php?cs_go=archiv&cs_id=2693&cs_search= HTTP/1.1" 200 10180 "-" "Mozilla/5.0 (compatible; Ezooms/1.0; ezooms.bot@gmail.com)"
66.249.72.146 - - [05/Apr/2012:05:54:29 +0200] "GET /news.php?cs_go=archiv&cs_id=2927 HTTP/1.1" 200 13776 "-" "Mozilla/5.0 (compatible; Googlebot/2.1; +http://www.google.com/bot.html)"
88.198.67.197 - - [05/Apr/2012:07:18:59 +0200] "GET /robots.txt HTTP/1.1" 200 177 "-" "Pixray-Seeker/1.1 (Pixray-Seeker; http://www.pixray.com/pixraybot; crawler@pixray.com)"
88.198.67.197 - - [05/Apr/2012:07:18:59 +0200] "GET /news.php?cs_go=archiv&cs_id=2813&cs_search= HTTP/1.1" 200 15973 "-" "Pixray-Seeker/1.1 (Pixray-Seeker; http://www.pixray.com/pixraybot; crawler@pixray.com)"
88.198.67.197 - - [05/Apr/2012:07:20:09 +0200] "GET /news.php?cs_go=archiv&cs_id=2816&cs_search= HTTP/1.1" 200 11517 "-" "Pixray-Seeker/1.1 (Pixray-Seeker; http://www.pixray.com/pixraybot; crawler@pixray.com)"
88.198.67.197 - - [05/Apr/2012:07:21:06 +0200] "GET /news.php?cs_go=archiv&cs_startpos=1221 HTTP/1.1" 200 22855 "-" "Pixray-Seeker/1.1 (Pixray-Seeker; http://www.pixray.com/pixraybot; crawler@pixray.com)"
88.198.67.197 - - [05/Apr/2012:07:26:20 +0200] "GET /news.php?cs_go=archiv&cs_startpos=121 HTTP/1.1" 200 22909 "-" "Pixray-Seeker/1.1 (Pixray-Seeker; http://www.pixray.com/pixraybot; crawler@pixray.com)"
208.115.111.75 - - [05/Apr/2012:08:17:32 +0200] "GET /robots.txt HTTP/1.1" 200 177 "-" "Mozilla/5.0 (compatible; Ezooms/1.0; ezooms.bot@gmail.com)"
123.125.71.13 - - [05/Apr/2012:08:35:46 +0200] "GET / HTTP/1.1" 200 13253 "-" "Mozilla/5.0 (compatible; Baiduspider/2.0; +http://www.baidu.com/search/spider.html)"
220.181.108.78 - - [05/Apr/2012:08:36:29 +0200] "GET / HTTP/1.1" 200 8714 "-" "Mozilla/5.0 (compatible; Baiduspider/2.0; +http://www.baidu.com/search/spider.html)"
123.125.71.21 - - [05/Apr/2012:08:42:35 +0200] "GET /robots.txt HTTP/1.1" 200 177 "-" "Mozilla/5.0 (compatible; Baiduspider/2.0; +http://www.baidu.com/search/spider.html)"
65.36.241.79 - - [05/Apr/2012:08:57:55 +0200] "HEAD / HTTP/1.1" 200 - "-" "InternetSeer.com"
95.108.128.242 - - [05/Apr/2012:09:13:12 +0200] "GET /faq.php HTTP/1.1" 200 185671 "-" "Mozilla/5.0 (compatible; YandexBot/3.0; +http://yandex.com/bots)"
188.40.66.214 - - [05/Apr/2012:09:45:37 +0200] "GET /robots.txt HTTP/1.1" 200 177 "-" "Pixray-Seeker/1.1 (Pixray-Seeker; http://www.pixray.com/pixraybot; crawler@pixray.com)"
188.40.66.214 - - [05/Apr/2012:09:45:37 +0200] "GET /news.php?cs_go=archiv&cs_id=2807&cs_search= HTTP/1.1" 200 13488 "-" "Pixray-Seeker/1.1 (Pixray-Seeker; http://www.pixray.com/pixraybot; crawler@pixray.com)"
188.40.66.214 - - [05/Apr/2012:09:45:40 +0200] "GET /news.php?cs_go=archiv&cs_id=2817&cs_search= HTTP/1.1" 200 13840 "-" "Pixray-Seeker/1.1 (Pixray-Seeker; http://www.pixray.com/pixraybot; crawler@pixray.com)"
89.247.105.8 - - [05/Apr/2012:10:49:22 +0200] "GET /style.css HTTP/1.1" 200 8418 "http://www.mink-gmbh.de/" "Mozilla/5.0 (Windows; U; Windows NT 5.1; de; rv:1.9.2.25) Gecko/20111212 Firefox/3.6.25"
89.247.105.8 - - [05/Apr/2012:10:49:22 +0200] "GET /favicon.ico HTTP/1.1" 200 3638 "-" "Mozilla/5.0 (Windows; U; Windows NT 5.1; de; rv:1.9.2.25) Gecko/20111212 Firefox/3.6.25"
89.247.105.8 - - [05/Apr/2012:10:49:22 +0200] "GET /modul.css HTTP/1.1" 200 35038 "http://www.mink-gmbh.de/" "Mozilla/5.0 (Windows; U; Windows NT 5.1; de; rv:1.9.2.25) Gecko/20111212 Firefox/3.6.25"
89.247.105.8 - - [05/Apr/2012:10:49:22 +0200] "GET / HTTP/1.1" 200 15317 "http://www.google.de/url?sa=t&rct=j&q=&esrc=s&source=web&cd=1&sqi=2&ved=0CFgQFjAA&url=http%3A%2F%2Fwww.mink-gmbh.de%2F&ei=h1x9T6fbH5DAswb-krjYCQ&usg=AFQjCNFHX4Iglls9oo-KYXTmDUV_5KOVIg&sig2=LP9yf73gDghQNHJjyXvvmg" "Mozilla/5.0 (Windows; U; Windows NT 5.1; de; rv:1.9.2.25) Gecko/20111212 Firefox/3.6.25"
89.247.105.8 - - [05/Apr/2012:10:49:23 +0200] "GET /js_contentserver24_greybox/AJS_fx.js HTTP/1.1" 200 3192 "http://www.mink-gmbh.de/" "Mozilla/5.0 (Windows; U; Windows NT 5.1; de; rv:1.9.2.25) Gecko/20111212 Firefox/3.6.25"
89.247.105.8 - - [05/Apr/2012:10:49:23 +0200] "GET /js_contentserver24_greybox/gb_styles.css HTTP/1.1" 200 2302 "http://www.mink-gmbh.de/" "Mozilla/5.0 (Windows; U; Windows NT 5.1; de; rv:1.9.2.25) Gecko/20111212 Firefox/3.6.25"
89.247.105.8 - - [05/Apr/2012:10:49:23 +0200] "GET /images/bg.jpg HTTP/1.1" 200 345 "http://www.mink-gmbh.de/style.css" "Mozilla/5.0 (Windows; U; Windows NT 5.1; de; rv:1.9.2.25) Gecko/20111212 Firefox/3.6.25"
89.247.105.8 - - [05/Apr/2012:10:49:23 +0200] "GET /js_contentserver24_greybox/AJS.js HTTP/1.1" 200 10396 "http://www.mink-gmbh.de/" "Mozilla/5.0 (Windows; U; Windows NT 5.1; de; rv:1.9.2.25) Gecko/20111212 Firefox/3.6.25"
89.247.105.8 - - [05/Apr/2012:10:49:23 +0200] "GET /js_contentserver24_greybox/gb_scripts.js HTTP/1.1" 200 11913 "http://www.mink-gmbh.de/" "Mozilla/5.0 (Windows; U; Windows NT 5.1; de; rv:1.9.2.25) Gecko/20111212 Firefox/3.6.25"
89.247.105.8 - - [05/Apr/2012:10:49:23 +0200] "GET /images/kwk.gif HTTP/1.1" 200 6403 "http://www.mink-gmbh.de/" "Mozilla/5.0 (Windows; U; Windows NT 5.1; de; rv:1.9.2.25) Gecko/20111212 Firefox/3.6.25"
89.247.105.8 - - [05/Apr/2012:10:49:23 +0200] "GET /images/mail.jpg HTTP/1.1" 200 11165 "http://www.mink-gmbh.de/" "Mozilla/5.0 (Windows; U; Windows NT 5.1; de; rv:1.9.2.25) Gecko/20111212 Firefox/3.6.25"
89.247.105.8 - - [05/Apr/2012:10:49:23 +0200] "GET /images/wunschpreis.jpg HTTP/1.1" 200 16767 "http://www.mink-gmbh.de/" "Mozilla/5.0 (Windows; U; Windows NT 5.1; de; rv:1.9.2.25) Gecko/20111212 Firefox/3.6.25"
89.247.105.8 - - [05/Apr/2012:10:49:23 +0200] "GET /images/logos.jpg HTTP/1.1" 200 15002 "http://www.mink-gmbh.de/" "Mozilla/5.0 (Windows; U; Windows NT 5.1; de; rv:1.9.2.25) Gecko/20111212 Firefox/3.6.25"
89.247.105.8 - - [05/Apr/2012:10:49:23 +0200] "GET /images/freecall.jpg HTTP/1.1" 200 39195 "http://www.mink-gmbh.de/" "Mozilla/5.0 (Windows; U; Windows NT 5.1; de; rv:1.9.2.25) Gecko/20111212 Firefox/3.6.25"
89.247.105.8 - - [05/Apr/2012:10:49:23 +0200] "GET /js_contentserver24_greybox/w_close.gif HTTP/1.1" 200 74 "http://www.mink-gmbh.de/" "Mozilla/5.0 (Windows; U; Windows NT 5.1; de; rv:1.9.2.25) Gecko/20111212 Firefox/3.6.25"
89.247.105.8 - - [05/Apr/2012:10:49:23 +0200] "GET /images/close.png HTTP/1.1" 200 703 "http://www.mink-gmbh.de/" "Mozilla/5.0 (Windows; U; Windows NT 5.1; de; rv:1.9.2.25) Gecko/20111212 Firefox/3.6.25"
89.247.105.8 - - [05/Apr/2012:10:49:23 +0200] "GET /images/newsletter_bg.jpg HTTP/1.1" 200 33610 "http://www.mink-gmbh.de/" "Mozilla/5.0 (Windows; U; Windows NT 5.1; de; rv:1.9.2.25) Gecko/20111212 Firefox/3.6.25"
89.247.105.8 - - [05/Apr/2012:10:49:24 +0200] "GET /images/newsletter.png HTTP/1.1" 200 14619 "http://www.mink-gmbh.de/style.css" "Mozilla/5.0 (Windows; U; Windows NT 5.1; de; rv:1.9.2.25) Gecko/20111212 Firefox/3.6.25"
89.247.105.8 - - [05/Apr/2012:10:49:24 +0200] "GET /images/header.jpg HTTP/1.1" 200 24413 "http://www.mink-gmbh.de/style.css" "Mozilla/5.0 (Windows; U; Windows NT 5.1; de; rv:1.9.2.25) Gecko/20111212 Firefox/3.6.25"
89.247.105.8 - - [05/Apr/2012:10:49:24 +0200] "GET /images/navibg.png HTTP/1.1" 200 2803 "http://www.mink-gmbh.de/style.css" "Mozilla/5.0 (Windows; U; Windows NT 5.1; de; rv:1.9.2.25) Gecko/20111212 Firefox/3.6.25"
89.247.105.8 - - [05/Apr/2012:10:49:23 +0200] "GET /images/tkw.jpg HTTP/1.1" 200 64031 "http://www.mink-gmbh.de/" "Mozilla/5.0 (Windows; U; Windows NT 5.1; de; rv:1.9.2.25) Gecko/20111212 Firefox/3.6.25"
89.247.105.8 - - [05/Apr/2012:10:49:24 +0200] "GET /images/steigend.png HTTP/1.1" 200 688 "http://www.mink-gmbh.de/modul.css" "Mozilla/5.0 (Windows; U; Windows NT 5.1; de; rv:1.9.2.25) Gecko/20111212 Firefox/3.6.25"
89.247.105.8 - - [05/Apr/2012:10:49:24 +0200] "GET /images/fallend.png HTTP/1.1" 200 713 "http://www.mink-gmbh.de/modul.css" "Mozilla/5.0 (Windows; U; Windows NT 5.1; de; rv:1.9.2.25) Gecko/20111212 Firefox/3.6.25"
89.247.105.8 - - [05/Apr/2012:10:49:24 +0200] "GET /images/wrapperbg.jpg HTTP/1.1" 200 27465 "http://www.mink-gmbh.de/style.css" "Mozilla/5.0 (Windows; U; Windows NT 5.1; de; rv:1.9.2.25) Gecko/20111212 Firefox/3.6.25"
89.247.105.8 - - [05/Apr/2012:10:49:24 +0200] "GET /images/mobil.jpg HTTP/1.1" 200 25293 "http://www.mink-gmbh.de/style.css" "Mozilla/5.0 (Windows; U; Windows NT 5.1; de; rv:1.9.2.25) Gecko/20111212 Firefox/3.6.25"
89.247.105.8 - - [05/Apr/2012:10:49:24 +0200] "GET /images/newsletter.jpg HTTP/1.1" 200 13130 "http://www.mink-gmbh.de/style.css" "Mozilla/5.0 (Windows; U; Windows NT 5.1; de; rv:1.9.2.25) Gecko/20111212 Firefox/3.6.25"
89.247.105.8 - - [05/Apr/2012:10:49:24 +0200] "GET /images/footerbg.jpg HTTP/1.1" 200 2184 "http://www.mink-gmbh.de/style.css" "Mozilla/5.0 (Windows; U; Windows NT 5.1; de; rv:1.9.2.25) Gecko/20111212 Firefox/3.6.25"
89.247.105.8 - - [05/Apr/2012:10:49:24 +0200] "GET /js_contentserver24_greybox/loader_frame.html?s=0 HTTP/1.1" 200 2084 "http://www.mink-gmbh.de/" "Mozilla/5.0 (Windows; U; Windows NT 5.1; de; rv:1.9.2.25) Gecko/20111212 Firefox/3.6.25"
89.247.105.8 - - [05/Apr/2012:10:49:24 +0200] "GET /js_contentserver24_greybox/header_bg.gif HTTP/1.1" 200 1188 "http://www.mink-gmbh.de/" "Mozilla/5.0 (Windows; U; Windows NT 5.1; de; rv:1.9.2.25) Gecko/20111212 Firefox/3.6.25"
89.247.105.8 - - [05/Apr/2012:10:49:25 +0200] "GET /js_contentserver24_greybox/indicator.gif HTTP/1.1" 200 8238 "http://www.mink-gmbh.de/js_contentserver24_greybox/loader_frame.html?s=0" "Mozilla/5.0 (Windows; U; Windows NT 5.1; de; rv:1.9.2.25) Gecko/20111212 Firefox/3.6.25"
89.247.105.8 - - [05/Apr/2012:10:49:25 +0200] "GET /js_contentserver24_greybox/g_close.gif HTTP/1.1" 200 541 "http://www.mink-gmbh.de/" "Mozilla/5.0 (Windows; U; Windows NT 5.1; de; rv:1.9.2.25) Gecko/20111212 Firefox/3.6.25"
89.247.105.8 - - [05/Apr/2012:10:51:18 +0200] "GET /wunschpreis.php HTTP/1.1" 200 11898 "http://www.mink-gmbh.de/" "Mozilla/5.0 (Windows; U; Windows NT 5.1; de; rv:1.9.2.25) Gecko/20111212 Firefox/3.6.25"
89.247.105.8 - - [05/Apr/2012:10:51:45 +0200] "GET / HTTP/1.1" 200 14582 "http://www.google.de/url?sa=t&rct=j&q=&esrc=s&source=web&cd=1&sqi=2&ved=0CFgQFjAA&url=http%3A%2F%2Fwww.mink-gmbh.de%2F&ei=h1x9T6fbH5DAswb-krjYCQ&usg=AFQjCNFHX4Iglls9oo-KYXTmDUV_5KOVIg&sig2=LP9yf73gDghQNHJjyXvvmg" "Mozilla/5.0 (Windows; U; Windows NT 5.1; de; rv:1.9.2.25) Gecko/20111212 Firefox/3.6.25"
89.247.105.8 - - [05/Apr/2012:10:53:20 +0200] "GET /kwk.php HTTP/1.1" 200 10728 "http://www.google.de/url?sa=t&rct=j&q=&esrc=s&source=web&cd=2&sqi=2&ved=0CF8QFjAB&url=http%3A%2F%2Fwww.mink-gmbh.de%2Fkwk.php&ei=h1x9T6fbH5DAswb-krjYCQ&usg=AFQjCNGJX9pmJcxX74rgu0xR5BtEnG4u2w&sig2=OMm9tx6H0H8UDxtos5cX8Q" "Mozilla/5.0 (Windows; U; Windows NT 5.1; de; rv:1.9.2.25) Gecko/20111212 Firefox/3.6.25"
89.247.105.8 - - [05/Apr/2012:10:53:31 +0200] "GET /kwk.php HTTP/1.1" 200 10728 "http://www.mink-gmbh.de/kwk.php" "Mozilla/5.0 (Windows; U; Windows NT 5.1; de; rv:1.9.2.25) Gecko/20111212 Firefox/3.6.25"
89.247.105.8 - - [05/Apr/2012:10:53:38 +0200] "GET /kwk.php HTTP/1.1" 200 10728 "http://www.mink-gmbh.de/kwk.php" "Mozilla/5.0 (Windows; U; Windows NT 5.1; de; rv:1.9.2.25) Gecko/20111212 Firefox/3.6.25"
89.247.105.8 - - [05/Apr/2012:10:55:05 +0200] "GET /kwk.php?cs_go=3 HTTP/1.1" 200 10129 "http://www.mink-gmbh.de/kwk.php" "Mozilla/5.0 (Windows; U; Windows NT 5.1; de; rv:1.9.2.25) Gecko/20111212 Firefox/3.6.25"
89.247.105.8 - - [05/Apr/2012:10:56:00 +0200] "GET /kwk.php HTTP/1.1" 200 10728 "http://www.mink-gmbh.de/kwk.php" "Mozilla/5.0 (Windows; U; Windows NT 5.1; de; rv:1.9.2.25) Gecko/20111212 Firefox/3.6.25"
173.242.125.196 - - [05/Apr/2012:11:22:36 +0200] "GET /robots.txt HTTP/1.0" 200 177 "-" "Mozilla/5.0 (compatible; MJ12bot/v1.4.2; http://www.majestic12.co.uk/bot.php?+)"
173.242.125.196 - - [05/Apr/2012:11:22:37 +0200] "GET /Heizoel-Berlin.htm HTTP/1.0" 404 - "-" "Mozilla/5.0 (compatible; MJ12bot/v1.4.2; http://www.majestic12.co.uk/bot.php?+)"
173.242.125.196 - - [05/Apr/2012:11:22:38 +0200] "GET /Heizoel.htm HTTP/1.0" 404 - "-" "Mozilla/5.0 (compatible; MJ12bot/v1.4.2; http://www.majestic12.co.uk/bot.php?+)"
173.242.125.196 - - [05/Apr/2012:11:22:40 +0200] "GET /seiten/impres.htm HTTP/1.0" 404 - "-" "Mozilla/5.0 (compatible; MJ12bot/v1.4.2; http://www.majestic12.co.uk/bot.php?+)"
173.242.125.196 - - [05/Apr/2012:11:22:42 +0200] "GET /startseite.htm HTTP/1.0" 404 - "-" "Mozilla/5.0 (compatible; MJ12bot/v1.4.2; http://www.majestic12.co.uk/bot.php?+)"
77.78.109.73 - - [05/Apr/2012:11:33:16 +0200] "GET / HTTP/1.1" 200 15317 "http://www.pagesinventory.com/domain/www.mink-gmbh.de.html" "Mozilla/5.0 (Windows; U; Windows NT 5.1; cs; rv:1.9.0.11) Gecko/2009060215 Firefox/3.0.11"
85.178.232.72 - - [05/Apr/2012:11:36:19 +0200] "GET /style.css HTTP/1.1" 200 8418 "http://www.mink-gmbh.de/" "Mozilla/5.0 (Windows NT 5.1; rv:11.0) Gecko/20100101 Firefox/11.0"
85.178.232.72 - - [05/Apr/2012:11:36:19 +0200] "GET /favicon.ico HTTP/1.1" 200 3638 "-" "Mozilla/5.0 (Windows NT 5.1; rv:11.0) Gecko/20100101 Firefox/11.0"
85.178.232.72 - - [05/Apr/2012:11:36:19 +0200] "GET /js_contentserver24_greybox/gb_styles.css HTTP/1.1" 200 2302 "http://www.mink-gmbh.de/" "Mozilla/5.0 (Windows NT 5.1; rv:11.0) Gecko/20100101 Firefox/11.0"
85.178.232.72 - - [05/Apr/2012:11:36:20 +0200] "GET /js_contentserver24_greybox/AJS.js HTTP/1.1" 200 10396 "http://www.mink-gmbh.de/" "Mozilla/5.0 (Windows NT 5.1; rv:11.0) Gecko/20100101 Firefox/11.0"
85.178.232.72 - - [05/Apr/2012:11:36:20 +0200] "GET /js_contentserver24_greybox/AJS_fx.js HTTP/1.1" 200 3192 "http://www.mink-gmbh.de/" "Mozilla/5.0 (Windows NT 5.1; rv:11.0) Gecko/20100101 Firefox/11.0"
85.178.232.72 - - [05/Apr/2012:11:36:19 +0200] "GET /modul.css HTTP/1.1" 200 35038 "http://www.mink-gmbh.de/" "Mozilla/5.0 (Windows NT 5.1; rv:11.0) Gecko/20100101 Firefox/11.0"
85.178.232.72 - - [05/Apr/2012:11:36:20 +0200] "GET /js_contentserver24_greybox/gb_scripts.js HTTP/1.1" 200 11913 "http://www.mink-gmbh.de/" "Mozilla/5.0 (Windows NT 5.1; rv:11.0) Gecko/20100101 Firefox/11.0"
85.178.232.72 - - [05/Apr/2012:11:36:20 +0200] "GET /images/tkw.jpg HTTP/1.1" 200 64031 "http://www.mink-gmbh.de/" "Mozilla/5.0 (Windows NT 5.1; rv:11.0) Gecko/20100101 Firefox/11.0"
85.178.232.72 - - [05/Apr/2012:11:36:19 +0200] "GET / HTTP/1.1" 200 15317 "-" "Mozilla/5.0 (Windows NT 5.1; rv:11.0) Gecko/20100101 Firefox/11.0"
85.178.232.72 - - [05/Apr/2012:11:36:20 +0200] "GET /images/freecall.jpg HTTP/1.1" 200 39195 "http://www.mink-gmbh.de/" "Mozilla/5.0 (Windows NT 5.1; rv:11.0) Gecko/20100101 Firefox/11.0"
85.178.232.72 - - [05/Apr/2012:11:36:20 +0200] "GET /images/mail.jpg HTTP/1.1" 200 11165 "http://www.mink-gmbh.de/" "Mozilla/5.0 (Windows NT 5.1; rv:11.0) Gecko/20100101 Firefox/11.0"
85.178.232.72 - - [05/Apr/2012:11:36:20 +0200] "GET /images/kwk.gif HTTP/1.1" 200 6403 "http://www.mink-gmbh.de/" "Mozilla/5.0 (Windows NT 5.1; rv:11.0) Gecko/20100101 Firefox/11.0"
85.178.232.72 - - [05/Apr/2012:11:36:20 +0200] "GET /images/wunschpreis.jpg HTTP/1.1" 200 16767 "http://www.mink-gmbh.de/" "Mozilla/5.0 (Windows NT 5.1; rv:11.0) Gecko/20100101 Firefox/11.0"
85.178.232.72 - - [05/Apr/2012:11:36:20 +0200] "GET /images/logos.jpg HTTP/1.1" 200 15002 "http://www.mink-gmbh.de/" "Mozilla/5.0 (Windows NT 5.1; rv:11.0) Gecko/20100101 Firefox/11.0"
85.178.232.72 - - [05/Apr/2012:11:36:34 +0200] "GET /images/bg.jpg HTTP/1.1" 200 345 "http://www.mink-gmbh.de/style.css" "Mozilla/5.0 (Windows NT 5.1; rv:11.0) Gecko/20100101 Firefox/11.0"
85.178.232.72 - - [05/Apr/2012:11:36:35 +0200] "GET /js_contentserver24_greybox/w_close.gif HTTP/1.1" 200 74 "http://www.mink-gmbh.de/" "Mozilla/5.0 (Windows NT 5.1; rv:11.0) Gecko/20100101 Firefox/11.0"
85.178.232.72 - - [05/Apr/2012:11:36:35 +0200] "GET /images/close.png HTTP/1.1" 200 703 "http://www.mink-gmbh.de/" "Mozilla/5.0 (Windows NT 5.1; rv:11.0) Gecko/20100101 Firefox/11.0"
85.178.232.72 - - [05/Apr/2012:11:36:35 +0200] "GET /images/newsletter_bg.jpg HTTP/1.1" 200 33610 "http://www.mink-gmbh.de/" "Mozilla/5.0 (Windows NT 5.1; rv:11.0) Gecko/20100101 Firefox/11.0"
85.178.232.72 - - [05/Apr/2012:11:36:35 +0200] "GET /images/newsletter.png HTTP/1.1" 200 14619 "http://www.mink-gmbh.de/style.css" "Mozilla/5.0 (Windows NT 5.1; rv:11.0) Gecko/20100101 Firefox/11.0"
85.178.232.72 - - [05/Apr/2012:11:36:35 +0200] "GET /images/wrapperbg.jpg HTTP/1.1" 200 27465 "http://www.mink-gmbh.de/style.css" "Mozilla/5.0 (Windows NT 5.1; rv:11.0) Gecko/20100101 Firefox/11.0"
85.178.232.72 - - [05/Apr/2012:11:36:35 +0200] "GET /images/header.jpg HTTP/1.1" 200 24413 "http://www.mink-gmbh.de/style.css" "Mozilla/5.0 (Windows NT 5.1; rv:11.0) Gecko/20100101 Firefox/11.0"
85.178.232.72 - - [05/Apr/2012:11:36:35 +0200] "GET /images/navibg.png HTTP/1.1" 200 2803 "http://www.mink-gmbh.de/style.css" "Mozilla/5.0 (Windows NT 5.1; rv:11.0) Gecko/20100101 Firefox/11.0"
85.178.232.72 - - [05/Apr/2012:11:36:35 +0200] "GET /images/steigend.png HTTP/1.1" 200 688 "http://www.mink-gmbh.de/modul.css" "Mozilla/5.0 (Windows NT 5.1; rv:11.0) Gecko/20100101 Firefox/11.0"
85.178.232.72 - - [05/Apr/2012:11:36:35 +0200] "GET /images/fallend.png HTTP/1.1" 200 713 "http://www.mink-gmbh.de/modul.css" "Mozilla/5.0 (Windows NT 5.1; rv:11.0) Gecko/20100101 Firefox/11.0"
85.178.232.72 - - [05/Apr/2012:11:36:35 +0200] "GET /images/mobil.jpg HTTP/1.1" 200 25293 "http://www.mink-gmbh.de/style.css" "Mozilla/5.0 (Windows NT 5.1; rv:11.0) Gecko/20100101 Firefox/11.0"
85.178.232.72 - - [05/Apr/2012:11:36:35 +0200] "GET /images/newsletter.jpg HTTP/1.1" 200 13130 "http://www.mink-gmbh.de/style.css" "Mozilla/5.0 (Windows NT 5.1; rv:11.0) Gecko/20100101 Firefox/11.0"
85.178.232.72 - - [05/Apr/2012:11:36:35 +0200] "GET /images/footerbg.jpg HTTP/1.1" 200 2184 "http://www.mink-gmbh.de/style.css" "Mozilla/5.0 (Windows NT 5.1; rv:11.0) Gecko/20100101 Firefox/11.0"
85.178.232.72 - - [05/Apr/2012:11:36:35 +0200] "GET /js_contentserver24_greybox/loader_frame.html?s=0 HTTP/1.1" 200 2084 "http://www.mink-gmbh.de/" "Mozilla/5.0 (Windows NT 5.1; rv:11.0) Gecko/20100101 Firefox/11.0"
85.178.232.72 - - [05/Apr/2012:11:36:35 +0200] "GET /js_contentserver24_greybox/header_bg.gif HTTP/1.1" 200 1188 "http://www.mink-gmbh.de/" "Mozilla/5.0 (Windows NT 5.1; rv:11.0) Gecko/20100101 Firefox/11.0"
85.178.232.72 - - [05/Apr/2012:11:36:35 +0200] "GET /js_contentserver24_greybox/indicator.gif HTTP/1.1" 200 8238 "http://www.mink-gmbh.de/js_contentserver24_greybox/loader_frame.html?s=0" "Mozilla/5.0 (Windows NT 5.1; rv:11.0) Gecko/20100101 Firefox/11.0"
85.178.232.72 - - [05/Apr/2012:11:36:41 +0200] "GET /js_contentserver24_greybox/g_close.gif HTTP/1.1" 200 541 "http://www.mink-gmbh.de/" "Mozilla/5.0 (Windows NT 5.1; rv:11.0) Gecko/20100101 Firefox/11.0"
85.178.232.72 - - [05/Apr/2012:11:37:08 +0200] "GET /news.php?cs_go=archiv&cs_id=2965 HTTP/1.1" 200 9600 "http://www.mink-gmbh.de/" "Mozilla/5.0 (Windows NT 5.1; rv:11.0) Gecko/20100101 Firefox/11.0"
85.178.232.72 - - [05/Apr/2012:11:37:31 +0200] "GET /preisanfrage.php HTTP/1.1" 200 10549 "http://www.mink-gmbh.de/news.php?cs_go=archiv&cs_id=2965" "Mozilla/5.0 (Windows NT 5.1; rv:11.0) Gecko/20100101 Firefox/11.0"
85.178.232.72 - - [05/Apr/2012:11:38:24 +0200] "GET /standard.php HTTP/1.1" 200 9063 "http://www.mink-gmbh.de/preisanfrage.php" "Mozilla/5.0 (Windows NT 5.1; rv:11.0) Gecko/20100101 Firefox/11.0"
85.178.232.72 - - [05/Apr/2012:11:38:33 +0200] "GET /wunschpreis.php HTTP/1.1" 200 11898 "http://www.mink-gmbh.de/standard.php" "Mozilla/5.0 (Windows NT 5.1; rv:11.0) Gecko/20100101 Firefox/11.0"
123.125.71.26 - - [05/Apr/2012:11:38:34 +0200] "GET / HTTP/1.1" 200 10246 "-" "Mozilla/5.0 (compatible; Baiduspider/2.0; +http://www.baidu.com/search/spider.html)"
85.178.232.72 - - [05/Apr/2012:11:38:51 +0200] "GET /preisanfrage.php HTTP/1.1" 200 10549 "http://www.mink-gmbh.de/wunschpreis.php" "Mozilla/5.0 (Windows NT 5.1; rv:11.0) Gecko/20100101 Firefox/11.0"
85.178.232.72 - - [05/Apr/2012:11:38:53 +0200] "GET /news.php HTTP/1.1" 200 22148 "http://www.mink-gmbh.de/preisanfrage.php" "Mozilla/5.0 (Windows NT 5.1; rv:11.0) Gecko/20100101 Firefox/11.0"
220.181.108.87 - - [05/Apr/2012:11:39:11 +0200] "GET / HTTP/1.1" 200 8714 "-" "Mozilla/5.0 (compatible; Baiduspider/2.0; +http://www.baidu.com/search/spider.html)"
85.178.232.72 - - [05/Apr/2012:11:39:19 +0200] "GET /kontakt.php HTTP/1.1" 200 9040 "http://www.mink-gmbh.de/news.php" "Mozilla/5.0 (Windows NT 5.1; rv:11.0) Gecko/20100101 Firefox/11.0"
66.249.72.146 - - [05/Apr/2012:11:41:30 +0200] "GET /robots.txt HTTP/1.1" 200 177 "-" "Mozilla/5.0 (compatible; Googlebot/2.1; +http://www.google.com/bot.html)"
66.249.72.146 - - [05/Apr/2012:11:41:30 +0200] "GET / HTTP/1.1" 200 15317 "-" "Mozilla/5.0 (compatible; Googlebot/2.1; +http://www.google.com/bot.html)"
88.72.20.50 - - [05/Apr/2012:11:44:24 +0200] "GET / HTTP/1.1" 200 8714 "http://www.gelbeseiten.de/yp/122/search.yp?sessionDataString=H4sIAAAAAAAAAEWHMQ4CMQzAXsMYqUmubU7Z4UYEEowopTnBhtou%2FJ5uDJZtjGTmMSWoRRgWShVWLhVidHFGFy4I-pyqWMZIS6vr96HKgYx%2FWRvf38Dmn6-pP%2FKqNZ9e7Wni8dgLoFPQe9zLoFvU%2FlyY4hc0IhzvoD8DA-pyocAAAA-e&at=yp&kindOfSearch=tradesearch&subject=heiz%F6l&location=berlin&distance=-1&execute=Suchen&suggest_choose=on&rz=122" "Mozilla/5.0 (compatible; MSIE 9.0; Windows NT 6.1; Trident/5.0)"
46.4.118.74 - - [05/Apr/2012:11:47:48 +0200] "GET /robots.txt HTTP/1.1" 200 177 "-" "Pixray-Seeker/1.1 (Pixray-Seeker; http://www.pixray.com/pixraybot; crawler@pixray.com)"
46.4.118.74 - - [05/Apr/2012:11:47:48 +0200] "GET /news.php?cs_go=archiv&cs_id=2814&cs_search= HTTP/1.1" 200 13544 "-" "Pixray-Seeker/1.1 (Pixray-Seeker; http://www.pixray.com/pixraybot; crawler@pixray.com)"
46.4.118.74 - - [05/Apr/2012:11:48:36 +0200] "GET /news.php?cs_go=archiv&cs_id=2815&cs_search= HTTP/1.1" 200 9948 "-" "Pixray-Seeker/1.1 (Pixray-Seeker; http://www.pixray.com/pixraybot; crawler@pixray.com)"
46.4.118.74 - - [05/Apr/2012:11:54:19 +0200] "GET /news.php?cs_go=archiv&cs_id=2810&cs_search= HTTP/1.1" 200 12536 "-" "Pixray-Seeker/1.1 (Pixray-Seeker; http://www.pixray.com/pixraybot; crawler@pixray.com)"
66.249.72.146 - - [05/Apr/2012:11:57:40 +0200] "GET /images/newsletter.jpg HTTP/1.1" 200 13130 "http://www.mink-gmbh.de/" "Mozilla/5.0 (compatible; Googlebot/2.1; +http://www.google.com/bot.html)"
66.249.72.146 - - [05/Apr/2012:11:57:41 +0200] "GET /images/mobil.jpg HTTP/1.1" 200 25293 "http://www.mink-gmbh.de/" "Mozilla/5.0 (compatible; Googlebot/2.1; +http://www.google.com/bot.html)"
195.81.83.145 - - [05/Apr/2012:12:09:19 +0200] "GET /style.css HTTP/1.1" 200 8418 "http://www.mink-gmbh.de/" "Mozilla/5.0 (Windows NT 5.1; rv:2.0.1) Gecko/20100101 Firefox/4.0.1"
195.81.83.145 - - [05/Apr/2012:12:09:19 +0200] "GET /js_contentserver24_greybox/gb_styles.css HTTP/1.1" 200 2302 "http://www.mink-gmbh.de/" "Mozilla/5.0 (Windows NT 5.1; rv:2.0.1) Gecko/20100101 Firefox/4.0.1"
195.81.83.145 - - [05/Apr/2012:12:09:19 +0200] "GET /js_contentserver24_greybox/AJS_fx.js HTTP/1.1" 200 3192 "http://www.mink-gmbh.de/" "Mozilla/5.0 (Windows NT 5.1; rv:2.0.1) Gecko/20100101 Firefox/4.0.1"
195.81.83.145 - - [05/Apr/2012:12:09:19 +0200] "GET /js_contentserver24_greybox/gb_scripts.js HTTP/1.1" 200 11913 "http://www.mink-gmbh.de/" "Mozilla/5.0 (Windows NT 5.1; rv:2.0.1) Gecko/20100101 Firefox/4.0.1"
195.81.83.145 - - [05/Apr/2012:12:09:19 +0200] "GET /favicon.ico HTTP/1.1" 200 3638 "-" "Mozilla/5.0 (Windows NT 5.1; rv:2.0.1) Gecko/20100101 Firefox/4.0.1"
195.81.83.145 - - [05/Apr/2012:12:09:19 +0200] "GET /modul.css HTTP/1.1" 200 35038 "http://www.mink-gmbh.de/" "Mozilla/5.0 (Windows NT 5.1; rv:2.0.1) Gecko/20100101 Firefox/4.0.1"
195.81.83.145 - - [05/Apr/2012:12:09:18 +0200] "GET / HTTP/1.1" 200 15317 "http://www.google.de/url?sa=t&rct=j&q=heiz%C3%B6ltrend%202012&source=web&cd=6&ved=0CFoQFjAF&url=http%3A%2F%2Fwww.mink-gmbh.de%2F&ei=OG99T87RDMjJ0QWp6_DWDQ&usg=AFQjCNFHX4Iglls9oo-KYXTmDUV_5KOVIg&cad=rja" "Mozilla/5.0 (Windows NT 5.1; rv:2.0.1) Gecko/20100101 Firefox/4.0.1"
195.81.83.145 - - [05/Apr/2012:12:09:19 +0200] "GET /images/mail.jpg HTTP/1.1" 200 11165 "http://www.mink-gmbh.de/" "Mozilla/5.0 (Windows NT 5.1; rv:2.0.1) Gecko/20100101 Firefox/4.0.1"
195.81.83.145 - - [05/Apr/2012:12:09:19 +0200] "GET /images/freecall.jpg HTTP/1.1" 200 39195 "http://www.mink-gmbh.de/" "Mozilla/5.0 (Windows NT 5.1; rv:2.0.1) Gecko/20100101 Firefox/4.0.1"
195.81.83.145 - - [05/Apr/2012:12:09:19 +0200] "GET /images/kwk.gif HTTP/1.1" 200 6403 "http://www.mink-gmbh.de/" "Mozilla/5.0 (Windows NT 5.1; rv:2.0.1) Gecko/20100101 Firefox/4.0.1"
195.81.83.145 - - [05/Apr/2012:12:09:19 +0200] "GET /images/wunschpreis.jpg HTTP/1.1" 200 16767 "http://www.mink-gmbh.de/" "Mozilla/5.0 (Windows NT 5.1; rv:2.0.1) Gecko/20100101 Firefox/4.0.1"
195.81.83.145 - - [05/Apr/2012:12:09:19 +0200] "GET /images/logos.jpg HTTP/1.1" 200 15002 "http://www.mink-gmbh.de/" "Mozilla/5.0 (Windows NT 5.1; rv:2.0.1) Gecko/20100101 Firefox/4.0.1"
195.81.83.145 - - [05/Apr/2012:12:09:19 +0200] "GET /images/tkw.jpg HTTP/1.1" 200 64031 "http://www.mink-gmbh.de/" "Mozilla/5.0 (Windows NT 5.1; rv:2.0.1) Gecko/20100101 Firefox/4.0.1"
195.81.83.145 - - [05/Apr/2012:12:09:20 +0200] "GET /js_contentserver24_greybox/AJS.js HTTP/1.1" 200 10396 "http://www.mink-gmbh.de/" "Mozilla/5.0 (Windows NT 5.1; rv:2.0.1) Gecko/20100101 Firefox/4.0.1"
195.81.83.145 - - [05/Apr/2012:12:09:20 +0200] "GET /images/bg.jpg HTTP/1.1" 200 345 "http://www.mink-gmbh.de/style.css" "Mozilla/5.0 (Windows NT 5.1; rv:2.0.1) Gecko/20100101 Firefox/4.0.1"
195.81.83.145 - - [05/Apr/2012:12:09:20 +0200] "GET /js_contentserver24_greybox/w_close.gif HTTP/1.1" 200 74 "http://www.mink-gmbh.de/" "Mozilla/5.0 (Windows NT 5.1; rv:2.0.1) Gecko/20100101 Firefox/4.0.1"
195.81.83.145 - - [05/Apr/2012:12:09:20 +0200] "GET /images/close.png HTTP/1.1" 200 703 "http://www.mink-gmbh.de/" "Mozilla/5.0 (Windows NT 5.1; rv:2.0.1) Gecko/20100101 Firefox/4.0.1"
195.81.83.145 - - [05/Apr/2012:12:09:20 +0200] "GET /images/newsletter_bg.jpg HTTP/1.1" 200 33610 "http://www.mink-gmbh.de/" "Mozilla/5.0 (Windows NT 5.1; rv:2.0.1) Gecko/20100101 Firefox/4.0.1"
195.81.83.145 - - [05/Apr/2012:12:09:20 +0200] "GET /images/wrapperbg.jpg HTTP/1.1" 200 27465 "http://www.mink-gmbh.de/style.css" "Mozilla/5.0 (Windows NT 5.1; rv:2.0.1) Gecko/20100101 Firefox/4.0.1"
195.81.83.145 - - [05/Apr/2012:12:09:20 +0200] "GET /images/newsletter.png HTTP/1.1" 200 14619 "http://www.mink-gmbh.de/style.css" "Mozilla/5.0 (Windows NT 5.1; rv:2.0.1) Gecko/20100101 Firefox/4.0.1"
195.81.83.145 - - [05/Apr/2012:12:09:20 +0200] "GET /images/navibg.png HTTP/1.1" 200 2803 "http://www.mink-gmbh.de/style.css" "Mozilla/5.0 (Windows NT 5.1; rv:2.0.1) Gecko/20100101 Firefox/4.0.1"
195.81.83.145 - - [05/Apr/2012:12:09:20 +0200] "GET /images/header.jpg HTTP/1.1" 200 24413 "http://www.mink-gmbh.de/style.css" "Mozilla/5.0 (Windows NT 5.1; rv:2.0.1) Gecko/20100101 Firefox/4.0.1"
195.81.83.145 - - [05/Apr/2012:12:09:20 +0200] "GET /images/mobil.jpg HTTP/1.1" 200 25293 "http://www.mink-gmbh.de/style.css" "Mozilla/5.0 (Windows NT 5.1; rv:2.0.1) Gecko/20100101 Firefox/4.0.1"
195.81.83.145 - - [05/Apr/2012:12:09:20 +0200] "GET /images/newsletter.jpg HTTP/1.1" 200 13130 "http://www.mink-gmbh.de/style.css" "Mozilla/5.0 (Windows NT 5.1; rv:2.0.1) Gecko/20100101 Firefox/4.0.1"
195.81.83.145 - - [05/Apr/2012:12:09:20 +0200] "GET /images/fallend.png HTTP/1.1" 200 713 "http://www.mink-gmbh.de/modul.css" "Mozilla/5.0 (Windows NT 5.1; rv:2.0.1) Gecko/20100101 Firefox/4.0.1"
195.81.83.145 - - [05/Apr/2012:12:09:20 +0200] "GET /images/footerbg.jpg HTTP/1.1" 200 2184 "http://www.mink-gmbh.de/style.css" "Mozilla/5.0 (Windows NT 5.1; rv:2.0.1) Gecko/20100101 Firefox/4.0.1"
195.81.83.145 - - [05/Apr/2012:12:09:21 +0200] "GET /images/steigend.png HTTP/1.1" 200 688 "http://www.mink-gmbh.de/modul.css" "Mozilla/5.0 (Windows NT 5.1; rv:2.0.1) Gecko/20100101 Firefox/4.0.1"
195.81.83.145 - - [05/Apr/2012:12:09:21 +0200] "GET /js_contentserver24_greybox/loader_frame.html?s=0 HTTP/1.1" 200 2084 "http://www.mink-gmbh.de/" "Mozilla/5.0 (Windows NT 5.1; rv:2.0.1) Gecko/20100101 Firefox/4.0.1"
195.81.83.145 - - [05/Apr/2012:12:09:21 +0200] "GET /js_contentserver24_greybox/header_bg.gif HTTP/1.1" 200 1188 "http://www.mink-gmbh.de/" "Mozilla/5.0 (Windows NT 5.1; rv:2.0.1) Gecko/20100101 Firefox/4.0.1"
