176.9.7.28 - - [06/Apr/2012:09:37:11 +0200] "GET /news.php?cs_go=archiv&cs_id=2811&cs_search= HTTP/1.1" 200 13279 "-" "Pixray-Seeker/1.1 (Pixray-Seeker; http://www.pixray.com/pixraybot; crawler@pixray.com)"
176.9.7.28 - - [06/Apr/2012:09:38:00 +0200] "GET /news.php?cs_go=archiv&cs_id=2812&cs_search= HTTP/1.1" 200 9820 "-" "Pixray-Seeker/1.1 (Pixray-Seeker; http://www.pixray.com/pixraybot; crawler@pixray.com)"
176.9.7.28 - - [06/Apr/2012:09:38:17 +0200] "GET /news.php?cs_go=archiv&cs_id=2809&cs_search= HTTP/1.1" 200 9895 "-" "Pixray-Seeker/1.1 (Pixray-Seeker; http://www.pixray.com/pixraybot; crawler@pixray.com)"
65.36.241.79 - - [06/Apr/2012:09:42:08 +0200] "HEAD / HTTP/1.1" 200 - "-" "InternetSeer.com"
66.249.72.146 - - [06/Apr/2012:10:03:30 +0200] "GET /modernisierung.php HTTP/1.1" 200 11511 "-" "Mozilla/5.0 (compatible; Googlebot/2.1; +http://www.google.com/bot.html)"
65.52.109.26 - - [06/Apr/2012:10:17:23 +0200] "GET /robots.txt HTTP/1.1" 200 177 "-" "Mozilla/5.0 (compatible; bingbot/2.0; +http://www.bing.com/bingbot.htm)"
65.52.109.26 - - [06/Apr/2012:10:18:08 +0200] "GET /edl.php HTTP/1.1" 200 10732 "-" "Mozilla/5.0 (compatible; bingbot/2.0; +http://www.bing.com/bingbot.htm)"
65.52.109.26 - - [06/Apr/2012:11:51:37 +0200] "GET /news.php HTTP/1.1" 200 22263 "-" "Mozilla/5.0 (compatible; bingbot/2.0; +http://www.bing.com/bingbot.htm)"
188.40.66.214 - - [06/Apr/2012:11:54:09 +0200] "GET /robots.txt HTTP/1.1" 200 177 "-" "Pixray-Seeker/1.1 (Pixray-Seeker; http://www.pixray.com/pixraybot; crawler@pixray.com)"
188.40.66.214 - - [06/Apr/2012:11:54:09 +0200] "GET /robots.txt HTTP/1.1" 200 177 "-" "Pixray-Seeker/1.1 (Pixray-Seeker; http://www.pixray.com/pixraybot; crawler@pixray.com)"
188.40.66.214 - - [06/Apr/2012:11:54:09 +0200] "GET /news.php?cs_go=archiv&cs_id=2823&cs_search= HTTP/1.1" 200 13602 "-" "Pixray-Seeker/1.1 (Pixray-Seeker; http://www.pixray.com/pixraybot; crawler@pixray.com)"
188.40.66.214 - - [06/Apr/2012:11:54:09 +0200] "GET /news.php?cs_go=archiv&cs_startpos=111 HTTP/1.1" 200 23069 "-" "Pixray-Seeker/1.1 (Pixray-Seeker; http://www.pixray.com/pixraybot; crawler@pixray.com)"
188.40.66.214 - - [06/Apr/2012:11:55:21 +0200] "GET /news.php?cs_go=archiv&cs_id=2826&cs_search= HTTP/1.1" 200 9806 "-" "Pixray-Seeker/1.1 (Pixray-Seeker; http://www.pixray.com/pixraybot; crawler@pixray.com)"
188.40.66.214 - - [06/Apr/2012:11:55:59 +0200] "GET /news.php?cs_go=archiv&cs_id=2820&cs_search= HTTP/1.1" 200 14103 "-" "Pixray-Seeker/1.1 (Pixray-Seeker; http://www.pixray.com/pixraybot; crawler@pixray.com)"
188.40.66.214 - - [06/Apr/2012:11:57:48 +0200] "GET /news.php?cs_go=archiv&cs_id=2821&cs_search= HTTP/1.1" 200 9882 "-" "Pixray-Seeker/1.1 (Pixray-Seeker; http://www.pixray.com/pixraybot; crawler@pixray.com)"
66.249.72.146 - - [06/Apr/2012:13:23:42 +0200] "GET /robots.txt HTTP/1.1" 200 177 "-" "Mozilla/5.0 (compatible; Googlebot/2.1; +http://www.google.com/bot.html)"
66.249.72.146 - - [06/Apr/2012:13:23:42 +0200] "GET /news.php HTTP/1.1" 200 22263 "-" "Mozilla/5.0 (compatible; Googlebot/2.1; +http://www.google.com/bot.html)"
208.115.113.91 - - [06/Apr/2012:13:45:58 +0200] "GET /robots.txt HTTP/1.1" 200 177 "-" "Mozilla/5.0 (compatible; Ezooms/1.0; ezooms.bot@gmail.com)"
89.247.63.100 - - [06/Apr/2012:13:46:32 +0200] "GET /style.css HTTP/1.1" 200 8418 "http://www.mink-gmbh.de/index.php" "Mozilla/5.0 (Windows NT 6.1; rv:11.0) Gecko/20100101 Firefox/11.0"
89.247.63.100 - - [06/Apr/2012:13:46:32 +0200] "GET /modul.css HTTP/1.1" 200 35038 "http://www.mink-gmbh.de/index.php" "Mozilla/5.0 (Windows NT 6.1; rv:11.0) Gecko/20100101 Firefox/11.0"
89.247.63.100 - - [06/Apr/2012:13:46:32 +0200] "GET /favicon.ico HTTP/1.1" 200 3638 "-" "Mozilla/5.0 (Windows NT 6.1; rv:11.0) Gecko/20100101 Firefox/11.0"
89.247.63.100 - - [06/Apr/2012:13:46:32 +0200] "GET /js_contentserver24_greybox/gb_styles.css HTTP/1.1" 200 2302 "http://www.mink-gmbh.de/index.php" "Mozilla/5.0 (Windows NT 6.1; rv:11.0) Gecko/20100101 Firefox/11.0"
89.247.63.100 - - [06/Apr/2012:13:46:32 +0200] "GET /js_contentserver24_greybox/AJS.js HTTP/1.1" 200 10396 "http://www.mink-gmbh.de/index.php" "Mozilla/5.0 (Windows NT 6.1; rv:11.0) Gecko/20100101 Firefox/11.0"
89.247.63.100 - - [06/Apr/2012:13:46:32 +0200] "GET /js_contentserver24_greybox/AJS_fx.js HTTP/1.1" 200 3192 "http://www.mink-gmbh.de/index.php" "Mozilla/5.0 (Windows NT 6.1; rv:11.0) Gecko/20100101 Firefox/11.0"
89.247.63.100 - - [06/Apr/2012:13:46:32 +0200] "GET /js_contentserver24_greybox/gb_scripts.js HTTP/1.1" 200 11913 "http://www.mink-gmbh.de/index.php" "Mozilla/5.0 (Windows NT 6.1; rv:11.0) Gecko/20100101 Firefox/11.0"
89.247.63.100 - - [06/Apr/2012:13:46:32 +0200] "GET /images/tkw.jpg HTTP/1.1" 200 64031 "http://www.mink-gmbh.de/index.php" "Mozilla/5.0 (Windows NT 6.1; rv:11.0) Gecko/20100101 Firefox/11.0"
89.247.63.100 - - [06/Apr/2012:13:46:32 +0200] "GET /index.php HTTP/1.1" 200 15321 "-" "Mozilla/5.0 (Windows NT 6.1; rv:11.0) Gecko/20100101 Firefox/11.0"
89.247.63.100 - - [06/Apr/2012:13:46:32 +0200] "GET /images/freecall.jpg HTTP/1.1" 200 39195 "http://www.mink-gmbh.de/index.php" "Mozilla/5.0 (Windows NT 6.1; rv:11.0) Gecko/20100101 Firefox/11.0"
89.247.63.100 - - [06/Apr/2012:13:46:32 +0200] "GET /images/mail.jpg HTTP/1.1" 200 11165 "http://www.mink-gmbh.de/index.php" "Mozilla/5.0 (Windows NT 6.1; rv:11.0) Gecko/20100101 Firefox/11.0"
89.247.63.100 - - [06/Apr/2012:13:46:32 +0200] "GET /images/kwk.gif HTTP/1.1" 200 6403 "http://www.mink-gmbh.de/index.php" "Mozilla/5.0 (Windows NT 6.1; rv:11.0) Gecko/20100101 Firefox/11.0"
89.247.63.100 - - [06/Apr/2012:13:46:33 +0200] "GET /images/wunschpreis.jpg HTTP/1.1" 200 16767 "http://www.mink-gmbh.de/index.php" "Mozilla/5.0 (Windows NT 6.1; rv:11.0) Gecko/20100101 Firefox/11.0"
89.247.63.100 - - [06/Apr/2012:13:46:33 +0200] "GET /images/logos.jpg HTTP/1.1" 200 15002 "http://www.mink-gmbh.de/index.php" "Mozilla/5.0 (Windows NT 6.1; rv:11.0) Gecko/20100101 Firefox/11.0"
89.247.63.100 - - [06/Apr/2012:13:46:33 +0200] "GET /js_contentserver24_greybox/w_close.gif HTTP/1.1" 200 74 "http://www.mink-gmbh.de/index.php" "Mozilla/5.0 (Windows NT 6.1; rv:11.0) Gecko/20100101 Firefox/11.0"
89.247.63.100 - - [06/Apr/2012:13:46:33 +0200] "GET /images/bg.jpg HTTP/1.1" 200 345 "http://www.mink-gmbh.de/style.css" "Mozilla/5.0 (Windows NT 6.1; rv:11.0) Gecko/20100101 Firefox/11.0"
89.247.63.100 - - [06/Apr/2012:13:46:33 +0200] "GET /images/close.png HTTP/1.1" 200 703 "http://www.mink-gmbh.de/index.php" "Mozilla/5.0 (Windows NT 6.1; rv:11.0) Gecko/20100101 Firefox/11.0"
89.247.63.100 - - [06/Apr/2012:13:46:33 +0200] "GET /images/newsletter_bg.jpg HTTP/1.1" 200 33610 "http://www.mink-gmbh.de/index.php" "Mozilla/5.0 (Windows NT 6.1; rv:11.0) Gecko/20100101 Firefox/11.0"
89.247.63.100 - - [06/Apr/2012:13:46:33 +0200] "GET /images/newsletter.png HTTP/1.1" 200 14619 "http://www.mink-gmbh.de/style.css" "Mozilla/5.0 (Windows NT 6.1; rv:11.0) Gecko/20100101 Firefox/11.0"
89.247.63.100 - - [06/Apr/2012:13:46:33 +0200] "GET /images/wrapperbg.jpg HTTP/1.1" 200 27465 "http://www.mink-gmbh.de/style.css" "Mozilla/5.0 (Windows NT 6.1; rv:11.0) Gecko/20100101 Firefox/11.0"
89.247.63.100 - - [06/Apr/2012:13:46:33 +0200] "GET /images/header.jpg HTTP/1.1" 200 24413 "http://www.mink-gmbh.de/style.css" "Mozilla/5.0 (Windows NT 6.1; rv:11.0) Gecko/20100101 Firefox/11.0"
89.247.63.100 - - [06/Apr/2012:13:46:33 +0200] "GET /images/navibg.png HTTP/1.1" 200 2803 "http://www.mink-gmbh.de/style.css" "Mozilla/5.0 (Windows NT 6.1; rv:11.0) Gecko/20100101 Firefox/11.0"
89.247.63.100 - - [06/Apr/2012:13:46:33 +0200] "GET /images/fallend.png HTTP/1.1" 200 713 "http://www.mink-gmbh.de/modul.css" "Mozilla/5.0 (Windows NT 6.1; rv:11.0) Gecko/20100101 Firefox/11.0"
89.247.63.100 - - [06/Apr/2012:13:46:33 +0200] "GET /images/steigend.png HTTP/1.1" 200 688 "http://www.mink-gmbh.de/modul.css" "Mozilla/5.0 (Windows NT 6.1; rv:11.0) Gecko/20100101 Firefox/11.0"
89.247.63.100 - - [06/Apr/2012:13:46:33 +0200] "GET /images/mobil.jpg HTTP/1.1" 200 25293 "http://www.mink-gmbh.de/style.css" "Mozilla/5.0 (Windows NT 6.1; rv:11.0) Gecko/20100101 Firefox/11.0"
89.247.63.100 - - [06/Apr/2012:13:46:33 +0200] "GET /images/newsletter.jpg HTTP/1.1" 200 13130 "http://www.mink-gmbh.de/style.css" "Mozilla/5.0 (Windows NT 6.1; rv:11.0) Gecko/20100101 Firefox/11.0"
89.247.63.100 - - [06/Apr/2012:13:46:33 +0200] "GET /images/footerbg.jpg HTTP/1.1" 200 2184 "http://www.mink-gmbh.de/style.css" "Mozilla/5.0 (Windows NT 6.1; rv:11.0) Gecko/20100101 Firefox/11.0"
89.247.63.100 - - [06/Apr/2012:13:46:33 +0200] "GET /js_contentserver24_greybox/header_bg.gif HTTP/1.1" 200 1188 "http://www.mink-gmbh.de/index.php" "Mozilla/5.0 (Windows NT 6.1; rv:11.0) Gecko/20100101 Firefox/11.0"
89.247.63.100 - - [06/Apr/2012:13:46:33 +0200] "GET /js_contentserver24_greybox/g_close.gif HTTP/1.1" 200 541 "http://www.mink-gmbh.de/index.php" "Mozilla/5.0 (Windows NT 6.1; rv:11.0) Gecko/20100101 Firefox/11.0"
89.247.63.100 - - [06/Apr/2012:13:46:33 +0200] "GET /js_contentserver24_greybox/indicator.gif HTTP/1.1" 200 8238 "http://www.mink-gmbh.de/index.php" "Mozilla/5.0 (Windows NT 6.1; rv:11.0) Gecko/20100101 Firefox/11.0"
89.247.63.100 - - [06/Apr/2012:13:46:34 +0200] "GET /js_contentserver24_greybox/loader_frame.html?s=0 HTTP/1.1" 200 2084 "http://www.mink-gmbh.de/index.php" "Mozilla/5.0 (Windows NT 6.1; rv:11.0) Gecko/20100101 Firefox/11.0"
46.4.92.140 - - [06/Apr/2012:14:04:04 +0200] "GET /robots.txt HTTP/1.1" 200 177 "-" "Pixray-Seeker/1.1 (Pixray-Seeker; http://www.pixray.com/pixraybot; crawler@pixray.com)"
46.4.92.140 - - [06/Apr/2012:14:04:04 +0200] "GET /news.php?cs_go=archiv&cs_id=2825&cs_search= HTTP/1.1" 200 13479 "-" "Pixray-Seeker/1.1 (Pixray-Seeker; http://www.pixray.com/pixraybot; crawler@pixray.com)"
66.249.72.146 - - [06/Apr/2012:14:05:42 +0200] "GET /news.php?cs_go=archiv&cs_id=2950&cs_search= HTTP/1.1" 200 12465 "-" "Mozilla/5.0 (compatible; Googlebot/2.1; +http://www.google.com/bot.html)"
46.4.92.140 - - [06/Apr/2012:14:07:57 +0200] "GET /news.php?cs_go=archiv&cs_id=2827&cs_search= HTTP/1.1" 200 10984 "-" "Pixray-Seeker/1.1 (Pixray-Seeker; http://www.pixray.com/pixraybot; crawler@pixray.com)"
46.4.92.140 - - [06/Apr/2012:14:09:40 +0200] "GET /news.php?cs_go=archiv&cs_id=2828&cs_search= HTTP/1.1" 200 13632 "-" "Pixray-Seeker/1.1 (Pixray-Seeker; http://www.pixray.com/pixraybot; crawler@pixray.com)"
46.4.92.140 - - [06/Apr/2012:14:11:56 +0200] "GET /news.php?cs_go=archiv&cs_id=2819&cs_search= HTTP/1.1" 200 10066 "-" "Pixray-Seeker/1.1 (Pixray-Seeker; http://www.pixray.com/pixraybot; crawler@pixray.com)"
46.4.92.140 - - [06/Apr/2012:14:11:59 +0200] "GET /news.php?cs_go=archiv&cs_id=2829&cs_search= HTTP/1.1" 200 9897 "-" "Pixray-Seeker/1.1 (Pixray-Seeker; http://www.pixray.com/pixraybot; crawler@pixray.com)"
89.247.63.100 - - [06/Apr/2012:14:44:44 +0200] "GET /index.php HTTP/1.1" 200 15321 "-" "Mozilla/5.0 (Windows NT 6.1; rv:11.0) Gecko/20100101 Firefox/11.0"
89.247.63.100 - - [06/Apr/2012:14:44:45 +0200] "GET /js_contentserver24_greybox/loader_frame.html?s=0 HTTP/1.1" 304 - "http://www.mink-gmbh.de/index.php" "Mozilla/5.0 (Windows NT 6.1; rv:11.0) Gecko/20100101 Firefox/11.0"
93.219.53.114 - - [06/Apr/2012:15:21:18 +0200] "GET /news.php?cs_go=archiv&cs_id=2964 HTTP/1.1" 200 13500 "http://www.mink-gmbh.de/" "Mozilla/5.0 (Windows NT 6.1; rv:11.0) Gecko/20100101 Firefox/11.0"
65.36.241.79 - - [06/Apr/2012:15:24:14 +0200] "HEAD / HTTP/1.1" 200 - "-" "InternetSeer.com"
208.115.111.75 - - [06/Apr/2012:15:47:31 +0200] "GET /robots.txt HTTP/1.1" 200 177 "-" "Mozilla/5.0 (compatible; Ezooms/1.0; ezooms.bot@gmail.com)"
208.115.113.91 - - [06/Apr/2012:15:48:49 +0200] "GET /news.php?cs_go=archiv&cs_startpos=120 HTTP/1.1" 200 22901 "-" "Mozilla/5.0 (compatible; Ezooms/1.0; ezooms.bot@gmail.com)"
208.115.113.91 - - [06/Apr/2012:15:48:55 +0200] "GET /news.php?cs_go=archiv&cs_id=2700&cs_search= HTTP/1.1" 200 13611 "-" "Mozilla/5.0 (compatible; Ezooms/1.0; ezooms.bot@gmail.com)"
95.108.128.242 - - [06/Apr/2012:15:53:03 +0200] "GET /news.php HTTP/1.1" 200 22263 "-" "Mozilla/5.0 (compatible; YandexBot/3.0; +http://yandex.com/bots)"
89.247.6.95 - - [06/Apr/2012:16:16:32 +0200] "GET /style.css HTTP/1.1" 200 8418 "http://www.mink-gmbh.de/index.php" "Mozilla/5.0 (Windows NT 6.1; rv:11.0) Gecko/20100101 Firefox/11.0"
89.247.6.95 - - [06/Apr/2012:16:16:32 +0200] "GET /modul.css HTTP/1.1" 200 35038 "http://www.mink-gmbh.de/index.php" "Mozilla/5.0 (Windows NT 6.1; rv:11.0) Gecko/20100101 Firefox/11.0"
89.247.6.95 - - [06/Apr/2012:16:16:32 +0200] "GET /favicon.ico HTTP/1.1" 200 3638 "-" "Mozilla/5.0 (Windows NT 6.1; rv:11.0) Gecko/20100101 Firefox/11.0"
89.247.6.95 - - [06/Apr/2012:16:16:32 +0200] "GET /js_contentserver24_greybox/gb_styles.css HTTP/1.1" 200 2302 "http://www.mink-gmbh.de/index.php" "Mozilla/5.0 (Windows NT 6.1; rv:11.0) Gecko/20100101 Firefox/11.0"
89.247.6.95 - - [06/Apr/2012:16:16:32 +0200] "GET /js_contentserver24_greybox/AJS.js HTTP/1.1" 200 10396 "http://www.mink-gmbh.de/index.php" "Mozilla/5.0 (Windows NT 6.1; rv:11.0) Gecko/20100101 Firefox/11.0"
89.247.6.95 - - [06/Apr/2012:16:16:32 +0200] "GET /js_contentserver24_greybox/AJS_fx.js HTTP/1.1" 200 3192 "http://www.mink-gmbh.de/index.php" "Mozilla/5.0 (Windows NT 6.1; rv:11.0) Gecko/20100101 Firefox/11.0"
89.247.6.95 - - [06/Apr/2012:16:16:32 +0200] "GET /js_contentserver24_greybox/gb_scripts.js HTTP/1.1" 200 11913 "http://www.mink-gmbh.de/index.php" "Mozilla/5.0 (Windows NT 6.1; rv:11.0) Gecko/20100101 Firefox/11.0"
89.247.6.95 - - [06/Apr/2012:16:16:32 +0200] "GET /index.php HTTP/1.1" 200 15321 "-" "Mozilla/5.0 (Windows NT 6.1; rv:11.0) Gecko/20100101 Firefox/11.0"
89.247.6.95 - - [06/Apr/2012:16:16:33 +0200] "GET /images/tkw.jpg HTTP/1.1" 200 64031 "http://www.mink-gmbh.de/index.php" "Mozilla/5.0 (Windows NT 6.1; rv:11.0) Gecko/20100101 Firefox/11.0"
89.247.6.95 - - [06/Apr/2012:16:16:33 +0200] "GET /images/mail.jpg HTTP/1.1" 200 11165 "http://www.mink-gmbh.de/index.php" "Mozilla/5.0 (Windows NT 6.1; rv:11.0) Gecko/20100101 Firefox/11.0"
89.247.6.95 - - [06/Apr/2012:16:16:33 +0200] "GET /images/kwk.gif HTTP/1.1" 200 6403 "http://www.mink-gmbh.de/index.php" "Mozilla/5.0 (Windows NT 6.1; rv:11.0) Gecko/20100101 Firefox/11.0"
89.247.6.95 - - [06/Apr/2012:16:16:33 +0200] "GET /images/wunschpreis.jpg HTTP/1.1" 200 16767 "http://www.mink-gmbh.de/index.php" "Mozilla/5.0 (Windows NT 6.1; rv:11.0) Gecko/20100101 Firefox/11.0"
89.247.6.95 - - [06/Apr/2012:16:16:33 +0200] "GET /images/logos.jpg HTTP/1.1" 200 15002 "http://www.mink-gmbh.de/index.php" "Mozilla/5.0 (Windows NT 6.1; rv:11.0) Gecko/20100101 Firefox/11.0"
89.247.6.95 - - [06/Apr/2012:16:16:33 +0200] "GET /images/freecall.jpg HTTP/1.1" 200 39195 "http://www.mink-gmbh.de/index.php" "Mozilla/5.0 (Windows NT 6.1; rv:11.0) Gecko/20100101 Firefox/11.0"
89.247.6.95 - - [06/Apr/2012:16:16:35 +0200] "GET /js_contentserver24_greybox/w_close.gif HTTP/1.1" 200 74 "http://www.mink-gmbh.de/index.php" "Mozilla/5.0 (Windows NT 6.1; rv:11.0) Gecko/20100101 Firefox/11.0"
89.247.6.95 - - [06/Apr/2012:16:16:35 +0200] "GET /images/bg.jpg HTTP/1.1" 200 345 "http://www.mink-gmbh.de/style.css" "Mozilla/5.0 (Windows NT 6.1; rv:11.0) Gecko/20100101 Firefox/11.0"
89.247.6.95 - - [06/Apr/2012:16:16:36 +0200] "GET /images/close.png HTTP/1.1" 200 703 "http://www.mink-gmbh.de/index.php" "Mozilla/5.0 (Windows NT 6.1; rv:11.0) Gecko/20100101 Firefox/11.0"
89.247.6.95 - - [06/Apr/2012:16:16:36 +0200] "GET /images/newsletter_bg.jpg HTTP/1.1" 200 33610 "http://www.mink-gmbh.de/index.php" "Mozilla/5.0 (Windows NT 6.1; rv:11.0) Gecko/20100101 Firefox/11.0"
89.247.6.95 - - [06/Apr/2012:16:16:36 +0200] "GET /images/newsletter.png HTTP/1.1" 200 14619 "http://www.mink-gmbh.de/style.css" "Mozilla/5.0 (Windows NT 6.1; rv:11.0) Gecko/20100101 Firefox/11.0"
89.247.6.95 - - [06/Apr/2012:16:16:36 +0200] "GET /images/wrapperbg.jpg HTTP/1.1" 200 27465 "http://www.mink-gmbh.de/style.css" "Mozilla/5.0 (Windows NT 6.1; rv:11.0) Gecko/20100101 Firefox/11.0"
89.247.6.95 - - [06/Apr/2012:16:16:36 +0200] "GET /images/header.jpg HTTP/1.1" 200 24413 "http://www.mink-gmbh.de/style.css" "Mozilla/5.0 (Windows NT 6.1; rv:11.0) Gecko/20100101 Firefox/11.0"
89.247.6.95 - - [06/Apr/2012:16:16:36 +0200] "GET /images/navibg.png HTTP/1.1" 200 2803 "http://www.mink-gmbh.de/style.css" "Mozilla/5.0 (Windows NT 6.1; rv:11.0) Gecko/20100101 Firefox/11.0"
89.247.6.95 - - [06/Apr/2012:16:16:36 +0200] "GET /images/fallend.png HTTP/1.1" 200 713 "http://www.mink-gmbh.de/modul.css" "Mozilla/5.0 (Windows NT 6.1; rv:11.0) Gecko/20100101 Firefox/11.0"
89.247.6.95 - - [06/Apr/2012:16:16:36 +0200] "GET /images/steigend.png HTTP/1.1" 200 688 "http://www.mink-gmbh.de/modul.css" "Mozilla/5.0 (Windows NT 6.1; rv:11.0) Gecko/20100101 Firefox/11.0"
89.247.6.95 - - [06/Apr/2012:16:16:36 +0200] "GET /images/mobil.jpg HTTP/1.1" 200 25293 "http://www.mink-gmbh.de/style.css" "Mozilla/5.0 (Windows NT 6.1; rv:11.0) Gecko/20100101 Firefox/11.0"
89.247.6.95 - - [06/Apr/2012:16:16:36 +0200] "GET /images/newsletter.jpg HTTP/1.1" 200 13130 "http://www.mink-gmbh.de/style.css" "Mozilla/5.0 (Windows NT 6.1; rv:11.0) Gecko/20100101 Firefox/11.0"
89.247.6.95 - - [06/Apr/2012:16:16:36 +0200] "GET /images/footerbg.jpg HTTP/1.1" 200 2184 "http://www.mink-gmbh.de/style.css" "Mozilla/5.0 (Windows NT 6.1; rv:11.0) Gecko/20100101 Firefox/11.0"
89.247.6.95 - - [06/Apr/2012:16:16:36 +0200] "GET /js_contentserver24_greybox/loader_frame.html?s=0 HTTP/1.1" 200 2084 "http://www.mink-gmbh.de/index.php" "Mozilla/5.0 (Windows NT 6.1; rv:11.0) Gecko/20100101 Firefox/11.0"
89.247.6.95 - - [06/Apr/2012:16:16:36 +0200] "GET /js_contentserver24_greybox/indicator.gif HTTP/1.1" 200 8238 "http://www.mink-gmbh.de/js_contentserver24_greybox/loader_frame.html?s=0" "Mozilla/5.0 (Windows NT 6.1; rv:11.0) Gecko/20100101 Firefox/11.0"
89.247.6.95 - - [06/Apr/2012:16:16:38 +0200] "GET /js_contentserver24_greybox/header_bg.gif HTTP/1.1" 200 1188 "http://www.mink-gmbh.de/index.php" "Mozilla/5.0 (Windows NT 6.1; rv:11.0) Gecko/20100101 Firefox/11.0"
89.247.6.95 - - [06/Apr/2012:16:16:38 +0200] "GET /js_contentserver24_greybox/g_close.gif HTTP/1.1" 200 541 "http://www.mink-gmbh.de/index.php" "Mozilla/5.0 (Windows NT 6.1; rv:11.0) Gecko/20100101 Firefox/11.0"
46.4.119.231 - - [06/Apr/2012:16:24:29 +0200] "GET /robots.txt HTTP/1.1" 200 177 "-" "Pixray-Seeker/1.1 (Pixray-Seeker; http://www.pixray.com/pixraybot; crawler@pixray.com)"
46.4.119.231 - - [06/Apr/2012:16:24:29 +0200] "GET /news.php?cs_go=archiv&cs_startpos=1211 HTTP/1.1" 200 22715 "-" "Pixray-Seeker/1.1 (Pixray-Seeker; http://www.pixray.com/pixraybot; crawler@pixray.com)"
193.47.80.36 - - [06/Apr/2012:16:32:03 +0200] "GET /robots.txt HTTP/1.1" 200 177 "-" "Mozilla/5.0 (compatible; Exabot/3.0; +http://www.exabot.com/go/robot)"
193.47.80.36 - - [06/Apr/2012:16:32:03 +0200] "GET /img/intro.swf HTTP/1.1" 404 - "-" "Mozilla/5.0 (compatible; Exabot/3.0; +http://www.exabot.com/go/robot)"
123.125.71.12 - - [06/Apr/2012:16:32:26 +0200] "GET / HTTP/1.1" 200 15321 "-" "Mozilla/5.0 (compatible; Baiduspider/2.0; +http://www.baidu.com/search/spider.html)"
220.181.108.77 - - [06/Apr/2012:16:33:02 +0200] "GET / HTTP/1.1" 200 15321 "-" "Mozilla/5.0 (compatible; Baiduspider/2.0; +http://www.baidu.com/search/spider.html)"
139.18.2.17 - - [06/Apr/2012:16:49:29 +0200] "GET /standard.php HTTP/1.1" 200 7082 "-" "findlinks/2.2 (+http://wortschatz.uni-leipzig.de/findlinks/)"
139.18.2.17 - - [06/Apr/2012:16:49:29 +0200] "GET /standard.php HTTP/1.1" 200 9063 "-" "findlinks/2.2 (+http://wortschatz.uni-leipzig.de/findlinks/)"
139.18.2.209 - - [06/Apr/2012:16:52:03 +0200] "GET /faq.php HTTP/1.1" 200 9882 "-" "findlinks/2.2 (+http://wortschatz.uni-leipzig.de/findlinks/)"
139.18.2.209 - - [06/Apr/2012:16:52:03 +0200] "GET /faq.php HTTP/1.1" 200 96675 "-" "findlinks/2.2 (+http://wortschatz.uni-leipzig.de/findlinks/)"
69.28.58.73 - - [06/Apr/2012:17:34:21 +0200] "GET /robots.txt HTTP/1.0" 200 177 "-" "nutch-1.4/Nutch-1.4"
69.28.58.73 - - [06/Apr/2012:17:34:21 +0200] "GET / HTTP/1.0" 200 15321 "-" "nutch-1.4/Nutch-1.4"
93.219.53.114 - - [06/Apr/2012:17:54:12 +0200] "GET /news.php?cs_go=archiv&cs_id=2964 HTTP/1.1" 200 13413 "http://www.mink-gmbh.de/" "Mozilla/5.0 (Windows NT 6.1; rv:11.0) Gecko/20100101 Firefox/11.0"
208.115.113.91 - - [06/Apr/2012:18:06:07 +0200] "GET /robots.txt HTTP/1.1" 200 177 "-" "Mozilla/5.0 (compatible; Ezooms/1.0; ezooms.bot@gmail.com)"
208.115.111.75 - - [06/Apr/2012:18:12:19 +0200] "GET /news.php?cs_go=archiv&cs_id=2741&cs_search= HTTP/1.1" 200 14030 "-" "Mozilla/5.0 (compatible; Ezooms/1.0; ezooms.bot@gmail.com)"
77.20.154.156 - - [06/Apr/2012:19:00:09 +0200] "GET / HTTP/1.1" 200 15321 "-" "findlinks/2.0.2 (+http://wortschatz.uni-leipzig.de/findlinks/)"
77.20.154.156 - - [06/Apr/2012:19:00:13 +0200] "GET / HTTP/1.1" 200 14586 "-" "findlinks/2.0.2 (+http://wortschatz.uni-leipzig.de/findlinks/)"
65.36.241.79 - - [06/Apr/2012:20:05:44 +0200] "HEAD / HTTP/1.1" 200 - "-" "InternetSeer.com"
208.115.113.91 - - [06/Apr/2012:20:09:34 +0200] "GET /news.php?cs_go=archiv&cs_id=2737&cs_search= HTTP/1.1" 200 10015 "-" "Mozilla/5.0 (compatible; Ezooms/1.0; ezooms.bot@gmail.com)"
208.115.113.91 - - [06/Apr/2012:20:09:38 +0200] "GET /kontakt.php HTTP/1.1" 200 9127 "-" "Mozilla/5.0 (compatible; Ezooms/1.0; ezooms.bot@gmail.com)"
89.182.42.88 - - [06/Apr/2012:20:15:19 +0200] "GET /kontakt.php HTTP/1.1" 200 7072 "-" "findlinks/2.0.2 (+http://wortschatz.uni-leipzig.de/findlinks/)"
89.182.42.88 - - [06/Apr/2012:20:15:20 +0200] "GET /kontakt.php HTTP/1.1" 200 9040 "-" "findlinks/2.0.2 (+http://wortschatz.uni-leipzig.de/findlinks/)"
139.18.2.209 - - [06/Apr/2012:20:52:16 +0200] "GET /news.php?cs_go=archiv&cs_startpos=20 HTTP/1.1" 200 8397 "-" "findlinks/2.2 (+http://wortschatz.uni-leipzig.de/findlinks/)"
139.18.2.209 - - [06/Apr/2012:20:52:18 +0200] "GET /news.php?cs_go=archiv&cs_startpos=20 HTTP/1.1" 200 22741 "-" "findlinks/2.2 (+http://wortschatz.uni-leipzig.de/findlinks/)"
207.46.204.240 - - [06/Apr/2012:21:25:31 +0200] "GET /robots.txt HTTP/1.1" 200 177 "-" "Mozilla/5.0 (compatible; bingbot/2.0; +http://www.bing.com/bingbot.htm)"
207.46.204.240 - - [06/Apr/2012:21:26:06 +0200] "GET /standard.php HTTP/1.1" 200 9150 "-" "Mozilla/5.0 (compatible; bingbot/2.0; +http://www.bing.com/bingbot.htm)"
66.249.71.12 - - [06/Apr/2012:22:28:10 +0200] "GET /robots.txt HTTP/1.1" 200 177 "-" "Mozilla/5.0 (compatible; Googlebot/2.1; +http://www.google.com/bot.html)"
66.249.71.12 - - [06/Apr/2012:22:28:10 +0200] "GET /news.php?cs_go=archiv&cs_id=2931&cs_search= HTTP/1.1" 200 11393 "-" "Mozilla/5.0 (iPhone; U; CPU iPhone OS 4_1 like Mac OS X; en-us) AppleWebKit/532.9 (KHTML, like Gecko) Version/4.0.5 Mobile/8B117 Safari/6531.22.7 (compatible; Googlebot-Mobile/2.1; +http://www.google.com/bot.html)"
93.219.53.114 - - [06/Apr/2012:23:23:37 +0200] "GET /news.php?cs_go=archiv&cs_id=2964 HTTP/1.1" 200 13413 "http://www.mink-gmbh.de/" "Mozilla/5.0 (Windows NT 6.1; rv:11.0) Gecko/20100101 Firefox/11.0"
123.125.71.12 - - [07/Apr/2012:00:33:31 +0200] "GET / HTTP/1.1" 200 8718 "-" "Mozilla/5.0 (compatible; Baiduspider/2.0; +http://www.baidu.com/search/spider.html)"
220.181.108.76 - - [07/Apr/2012:00:34:07 +0200] "GET / HTTP/1.1" 200 8718 "-" "Mozilla/5.0 (compatible; Baiduspider/2.0; +http://www.baidu.com/search/spider.html)"
65.36.241.79 - - [07/Apr/2012:00:39:12 +0200] "HEAD / HTTP/1.1" 200 - "-" "InternetSeer.com"
76.72.167.164 - - [07/Apr/2012:00:49:21 +0200] "GET /robots.txt HTTP/1.0" 200 177 "-" "Mozilla/5.0 (compatible; MJ12bot/v1.4.2; http://www.majestic12.co.uk/bot.php?+)"
76.72.167.164 - - [07/Apr/2012:00:49:22 +0200] "GET /agb.php HTTP/1.0" 200 19709 "-" "Mozilla/5.0 (compatible; MJ12bot/v1.4.2; http://www.majestic12.co.uk/bot.php?+)"
76.72.167.164 - - [07/Apr/2012:00:49:24 +0200] "GET /news.php?cs_go=archiv&cs_id=2678 HTTP/1.0" 200 9971 "-" "Mozilla/5.0 (compatible; MJ12bot/v1.4.2; http://www.majestic12.co.uk/bot.php?+)"
76.72.167.164 - - [07/Apr/2012:00:49:26 +0200] "GET /news.php?cs_go=archiv&cs_id=2679 HTTP/1.0" 200 10667 "-" "Mozilla/5.0 (compatible; MJ12bot/v1.4.2; http://www.majestic12.co.uk/bot.php?+)"
76.72.167.164 - - [07/Apr/2012:00:49:28 +0200] "GET /news.php?cs_go=archiv&cs_id=2680 HTTP/1.0" 200 13613 "-" "Mozilla/5.0 (compatible; MJ12bot/v1.4.2; http://www.majestic12.co.uk/bot.php?+)"
76.72.167.164 - - [07/Apr/2012:00:49:30 +0200] "GET /news.php?cs_go=archiv&cs_id=2681 HTTP/1.0" 200 10154 "-" "Mozilla/5.0 (compatible; MJ12bot/v1.4.2; http://www.majestic12.co.uk/bot.php?+)"
76.72.167.164 - - [07/Apr/2012:00:49:31 +0200] "GET /news.php?cs_go=archiv&cs_id=2682 HTTP/1.0" 200 10584 "-" "Mozilla/5.0 (compatible; MJ12bot/v1.4.2; http://www.majestic12.co.uk/bot.php?+)"
76.72.167.164 - - [07/Apr/2012:00:49:33 +0200] "GET /news.php?cs_go=archiv&cs_id=2683 HTTP/1.0" 200 13555 "-" "Mozilla/5.0 (compatible; MJ12bot/v1.4.2; http://www.majestic12.co.uk/bot.php?+)"
76.72.167.164 - - [07/Apr/2012:00:49:35 +0200] "GET /news.php?cs_go=archiv&cs_id=2684 HTTP/1.0" 200 10001 "-" "Mozilla/5.0 (compatible; MJ12bot/v1.4.2; http://www.majestic12.co.uk/bot.php?+)"
76.72.167.164 - - [07/Apr/2012:00:49:37 +0200] "GET /news.php?cs_go=archiv&cs_id=2685 HTTP/1.0" 200 9646 "-" "Mozilla/5.0 (compatible; MJ12bot/v1.4.2; http://www.majestic12.co.uk/bot.php?+)"
76.72.167.164 - - [07/Apr/2012:00:49:39 +0200] "GET /news.php?cs_go=archiv&cs_id=2686 HTTP/1.0" 200 10124 "-" "Mozilla/5.0 (compatible; MJ12bot/v1.4.2; http://www.majestic12.co.uk/bot.php?+)"
76.72.167.164 - - [07/Apr/2012:00:49:41 +0200] "GET /news.php?cs_go=archiv&cs_id=2687 HTTP/1.0" 200 10244 "-" "Mozilla/5.0 (compatible; MJ12bot/v1.4.2; http://www.majestic12.co.uk/bot.php?+)"
76.72.167.164 - - [07/Apr/2012:00:49:43 +0200] "GET /news.php?cs_go=archiv&cs_id=2688 HTTP/1.0" 200 13852 "-" "Mozilla/5.0 (compatible; MJ12bot/v1.4.2; http://www.majestic12.co.uk/bot.php?+)"
76.72.167.164 - - [07/Apr/2012:00:49:45 +0200] "GET /news.php?cs_go=archiv&cs_id=2689 HTTP/1.0" 200 10303 "-" "Mozilla/5.0 (compatible; MJ12bot/v1.4.2; http://www.majestic12.co.uk/bot.php?+)"
76.72.167.164 - - [07/Apr/2012:00:49:47 +0200] "GET /news.php?cs_go=archiv&cs_id=2690 HTTP/1.0" 200 10405 "-" "Mozilla/5.0 (compatible; MJ12bot/v1.4.2; http://www.majestic12.co.uk/bot.php?+)"
76.72.167.164 - - [07/Apr/2012:00:49:49 +0200] "GET /robots.txt HTTP/1.0" 200 177 "-" "Mozilla/5.0 (compatible; MJ12bot/v1.4.2; http://www.majestic12.co.uk/bot.php?+)"
76.72.167.164 - - [07/Apr/2012:00:49:51 +0200] "GET /news.php?cs_go=archiv&cs_id=2691 HTTP/1.0" 200 13867 "-" "Mozilla/5.0 (compatible; MJ12bot/v1.4.2; http://www.majestic12.co.uk/bot.php?+)"
208.115.111.75 - - [07/Apr/2012:03:49:34 +0200] "GET /robots.txt HTTP/1.1" 200 177 "-" "Mozilla/5.0 (compatible; Ezooms/1.0; ezooms.bot@gmail.com)"
207.46.13.146 - - [07/Apr/2012:03:52:47 +0200] "GET /robots.txt HTTP/1.1" 200 177 "-" "Mozilla/5.0 (compatible; bingbot/2.0; +http://www.bing.com/bingbot.htm)"
207.46.13.146 - - [07/Apr/2012:03:53:39 +0200] "GET /wunschpreis.php HTTP/1.1" 200 11985 "-" "Mozilla/5.0 (compatible; bingbot/2.0; +http://www.bing.com/bingbot.htm)"
178.25.89.6 - - [07/Apr/2012:04:22:38 +0200] "GET /robots.txt HTTP/1.0" 200 177 "-" "Mozilla/5.0 (compatible; MJ12bot/v1.4.2; http://www.majestic12.co.uk/bot.php?+)"
178.25.89.6 - - [07/Apr/2012:04:22:40 +0200] "GET /news.php?cs_go=archiv&cs_id=2930 HTTP/1.1" 200 15653 "-" "Mozilla/5.0 (compatible; MJ12bot/v1.4.2; http://www.majestic12.co.uk/bot.php?+)"
178.25.89.6 - - [07/Apr/2012:04:22:43 +0200] "GET /news.php?cs_go=archiv&cs_id=2931 HTTP/1.1" 200 11393 "-" "Mozilla/5.0 (compatible; MJ12bot/v1.4.2; http://www.majestic12.co.uk/bot.php?+)"
178.25.89.6 - - [07/Apr/2012:04:22:45 +0200] "GET /news.php?cs_go=archiv&cs_id=2933 HTTP/1.1" 200 9862 "-" "Mozilla/5.0 (compatible; MJ12bot/v1.4.2; http://www.majestic12.co.uk/bot.php?+)"
178.25.89.6 - - [07/Apr/2012:04:22:47 +0200] "GET /news.php?cs_go=archiv&cs_id=2934 HTTP/1.1" 200 13527 "-" "Mozilla/5.0 (compatible; MJ12bot/v1.4.2; http://www.majestic12.co.uk/bot.php?+)"
178.25.89.6 - - [07/Apr/2012:04:22:49 +0200] "GET /news.php?cs_go=archiv&cs_id=2935 HTTP/1.1" 200 13333 "-" "Mozilla/5.0 (compatible; MJ12bot/v1.4.2; http://www.majestic12.co.uk/bot.php?+)"
178.25.89.6 - - [07/Apr/2012:04:22:51 +0200] "GET /news.php?cs_go=archiv&cs_id=2936 HTTP/1.1" 200 9765 "-" "Mozilla/5.0 (compatible; MJ12bot/v1.4.2; http://www.majestic12.co.uk/bot.php?+)"
178.25.89.6 - - [07/Apr/2012:04:22:52 +0200] "GET /news.php?cs_go=archiv&cs_id=2937 HTTP/1.1" 200 10877 "-" "Mozilla/5.0 (compatible; MJ12bot/v1.4.2; http://www.majestic12.co.uk/bot.php?+)"
178.25.89.6 - - [07/Apr/2012:04:22:54 +0200] "GET /news.php?cs_go=archiv&cs_id=2939 HTTP/1.1" 200 13695 "-" "Mozilla/5.0 (compatible; MJ12bot/v1.4.2; http://www.majestic12.co.uk/bot.php?+)"
178.25.89.6 - - [07/Apr/2012:04:22:57 +0200] "GET /news.php?cs_go=archiv&cs_id=2940 HTTP/1.1" 200 10312 "-" "Mozilla/5.0 (compatible; MJ12bot/v1.4.2; http://www.majestic12.co.uk/bot.php?+)"
178.25.89.6 - - [07/Apr/2012:04:22:59 +0200] "GET /news.php?cs_go=archiv&cs_id=2951 HTTP/1.1" 200 9928 "-" "Mozilla/5.0 (compatible; MJ12bot/v1.4.2; http://www.majestic12.co.uk/bot.php?+)"
178.25.89.6 - - [07/Apr/2012:04:23:01 +0200] "GET /news.php?cs_go=archiv&cs_id=2952 HTTP/1.1" 200 14001 "-" "Mozilla/5.0 (compatible; MJ12bot/v1.4.2; http://www.majestic12.co.uk/bot.php?+)"
178.25.89.6 - - [07/Apr/2012:04:23:02 +0200] "GET /news.php?cs_go=archiv&cs_id=2953 HTTP/1.1" 200 9884 "-" "Mozilla/5.0 (compatible; MJ12bot/v1.4.2; http://www.majestic12.co.uk/bot.php?+)"
178.25.89.6 - - [07/Apr/2012:04:23:04 +0200] "GET /news.php?cs_go=archiv&cs_id=2954 HTTP/1.1" 200 13347 "-" "Mozilla/5.0 (compatible; MJ12bot/v1.4.2; http://www.majestic12.co.uk/bot.php?+)"
123.125.71.25 - - [07/Apr/2012:04:34:04 +0200] "GET / HTTP/1.1" 200 13337 "-" "Mozilla/5.0 (compatible; Baiduspider/2.0; +http://www.baidu.com/search/spider.html)"
220.181.108.78 - - [07/Apr/2012:04:34:40 +0200] "GET / HTTP/1.1" 200 8718 "-" "Mozilla/5.0 (compatible; Baiduspider/2.0; +http://www.baidu.com/search/spider.html)"
207.46.204.240 - - [07/Apr/2012:04:48:15 +0200] "GET / HTTP/1.1" 200 15321 "-" "Mozilla/5.0 (compatible; bingbot/2.0; +http://www.bing.com/bingbot.htm)"
76.72.167.163 - - [07/Apr/2012:05:19:18 +0200] "GET /robots.txt HTTP/1.0" 200 177 "-" "Mozilla/5.0 (compatible; MJ12bot/v1.4.2; http://www.majestic12.co.uk/bot.php?+)"
76.72.167.163 - - [07/Apr/2012:05:19:20 +0200] "GET / HTTP/1.0" 200 15321 "-" "Mozilla/5.0 (compatible; MJ12bot/v1.4.2; http://www.majestic12.co.uk/bot.php?+)"
65.36.241.79 - - [07/Apr/2012:05:34:43 +0200] "HEAD / HTTP/1.1" 200 - "-" "InternetSeer.com"
66.249.71.12 - - [07/Apr/2012:05:59:35 +0200] "GET /news.php HTTP/1.1" 200 22263 "-" "Mozilla/5.0 (compatible; Googlebot/2.1; +http://www.google.com/bot.html)"
208.115.111.75 - - [07/Apr/2012:06:00:08 +0200] "GET /news.php?cs_go=archiv&cs_id=2726&cs_search= HTTP/1.1" 200 10209 "-" "Mozilla/5.0 (compatible; Ezooms/1.0; ezooms.bot@gmail.com)"
95.108.128.242 - - [07/Apr/2012:07:48:45 +0200] "GET /robots.txt HTTP/1.1" 200 177 "-" "Mozilla/5.0 (compatible; YandexBot/3.0; +http://yandex.com/bots)"
66.249.71.12 - - [07/Apr/2012:08:10:00 +0200] "GET /news.php?cs_go=archiv&cs_startpos=1 HTTP/1.1" 200 22532 "-" "Mozilla/5.0 (compatible; Googlebot/2.1; +http://www.google.com/bot.html)"
123.125.71.23 - - [07/Apr/2012:08:36:59 +0200] "GET / HTTP/1.1" 200 10251 "-" "Mozilla/5.0 (compatible; Baiduspider/2.0; +http://www.baidu.com/search/spider.html)"
220.181.108.85 - - [07/Apr/2012:08:37:44 +0200] "GET / HTTP/1.1" 200 8718 "-" "Mozilla/5.0 (compatible; Baiduspider/2.0; +http://www.baidu.com/search/spider.html)"
89.247.80.162 - - [07/Apr/2012:08:52:06 +0200] "GET /favicon.ico HTTP/1.1" 200 3638 "-" "Mozilla/5.0 (Windows NT 6.1; rv:11.0) Gecko/20100101 Firefox/11.0"
89.247.80.162 - - [07/Apr/2012:08:52:06 +0200] "GET /modul.css HTTP/1.1" 200 35038 "http://www.mink-gmbh.de/index.php" "Mozilla/5.0 (Windows NT 6.1; rv:11.0) Gecko/20100101 Firefox/11.0"
89.247.80.162 - - [07/Apr/2012:08:52:06 +0200] "GET /style.css HTTP/1.1" 200 8418 "http://www.mink-gmbh.de/index.php" "Mozilla/5.0 (Windows NT 6.1; rv:11.0) Gecko/20100101 Firefox/11.0"
89.247.80.162 - - [07/Apr/2012:08:52:06 +0200] "GET /js_contentserver24_greybox/gb_styles.css HTTP/1.1" 200 2302 "http://www.mink-gmbh.de/index.php" "Mozilla/5.0 (Windows NT 6.1; rv:11.0) Gecko/20100101 Firefox/11.0"
89.247.80.162 - - [07/Apr/2012:08:52:06 +0200] "GET /js_contentserver24_greybox/AJS_fx.js HTTP/1.1" 200 3192 "http://www.mink-gmbh.de/index.php" "Mozilla/5.0 (Windows NT 6.1; rv:11.0) Gecko/20100101 Firefox/11.0"
89.247.80.162 - - [07/Apr/2012:08:52:06 +0200] "GET /js_contentserver24_greybox/AJS.js HTTP/1.1" 200 10396 "http://www.mink-gmbh.de/index.php" "Mozilla/5.0 (Windows NT 6.1; rv:11.0) Gecko/20100101 Firefox/11.0"
89.247.80.162 - - [07/Apr/2012:08:52:06 +0200] "GET /js_contentserver24_greybox/gb_scripts.js HTTP/1.1" 200 11913 "http://www.mink-gmbh.de/index.php" "Mozilla/5.0 (Windows NT 6.1; rv:11.0) Gecko/20100101 Firefox/11.0"
89.247.80.162 - - [07/Apr/2012:08:52:05 +0200] "GET /index.php HTTP/1.1" 200 15321 "-" "Mozilla/5.0 (Windows NT 6.1; rv:11.0) Gecko/20100101 Firefox/11.0"
89.247.80.162 - - [07/Apr/2012:08:52:07 +0200] "GET /images/kwk.gif HTTP/1.1" 200 6403 "http://www.mink-gmbh.de/index.php" "Mozilla/5.0 (Windows NT 6.1; rv:11.0) Gecko/20100101 Firefox/11.0"
89.247.80.162 - - [07/Apr/2012:08:52:07 +0200] "GET /images/wunschpreis.jpg HTTP/1.1" 200 16767 "http://www.mink-gmbh.de/index.php" "Mozilla/5.0 (Windows NT 6.1; rv:11.0) Gecko/20100101 Firefox/11.0"
89.247.80.162 - - [07/Apr/2012:08:52:07 +0200] "GET /images/mail.jpg HTTP/1.1" 200 11165 "http://www.mink-gmbh.de/index.php" "Mozilla/5.0 (Windows NT 6.1; rv:11.0) Gecko/20100101 Firefox/11.0"
89.247.80.162 - - [07/Apr/2012:08:52:07 +0200] "GET /images/logos.jpg HTTP/1.1" 200 15002 "http://www.mink-gmbh.de/index.php" "Mozilla/5.0 (Windows NT 6.1; rv:11.0) Gecko/20100101 Firefox/11.0"
89.247.80.162 - - [07/Apr/2012:08:52:07 +0200] "GET /images/tkw.jpg HTTP/1.1" 200 64031 "http://www.mink-gmbh.de/index.php" "Mozilla/5.0 (Windows NT 6.1; rv:11.0) Gecko/20100101 Firefox/11.0"
89.247.80.162 - - [07/Apr/2012:08:52:07 +0200] "GET /images/freecall.jpg HTTP/1.1" 200 39195 "http://www.mink-gmbh.de/index.php" "Mozilla/5.0 (Windows NT 6.1; rv:11.0) Gecko/20100101 Firefox/11.0"
89.247.80.162 - - [07/Apr/2012:08:52:07 +0200] "GET /js_contentserver24_greybox/w_close.gif HTTP/1.1" 200 74 "http://www.mink-gmbh.de/index.php" "Mozilla/5.0 (Windows NT 6.1; rv:11.0) Gecko/20100101 Firefox/11.0"
89.247.80.162 - - [07/Apr/2012:08:52:07 +0200] "GET /images/bg.jpg HTTP/1.1" 200 345 "http://www.mink-gmbh.de/style.css" "Mozilla/5.0 (Windows NT 6.1; rv:11.0) Gecko/20100101 Firefox/11.0"
89.247.80.162 - - [07/Apr/2012:08:52:07 +0200] "GET /images/close.png HTTP/1.1" 200 703 "http://www.mink-gmbh.de/index.php" "Mozilla/5.0 (Windows NT 6.1; rv:11.0) Gecko/20100101 Firefox/11.0"
89.247.80.162 - - [07/Apr/2012:08:52:07 +0200] "GET /images/newsletter_bg.jpg HTTP/1.1" 200 33610 "http://www.mink-gmbh.de/index.php" "Mozilla/5.0 (Windows NT 6.1; rv:11.0) Gecko/20100101 Firefox/11.0"
89.247.80.162 - - [07/Apr/2012:08:52:07 +0200] "GET /images/header.jpg HTTP/1.1" 200 24413 "http://www.mink-gmbh.de/style.css" "Mozilla/5.0 (Windows NT 6.1; rv:11.0) Gecko/20100101 Firefox/11.0"
89.247.80.162 - - [07/Apr/2012:08:52:07 +0200] "GET /images/navibg.png HTTP/1.1" 200 2803 "http://www.mink-gmbh.de/style.css" "Mozilla/5.0 (Windows NT 6.1; rv:11.0) Gecko/20100101 Firefox/11.0"
89.247.80.162 - - [07/Apr/2012:08:52:07 +0200] "GET /images/wrapperbg.jpg HTTP/1.1" 200 27465 "http://www.mink-gmbh.de/style.css" "Mozilla/5.0 (Windows NT 6.1; rv:11.0) Gecko/20100101 Firefox/11.0"
89.247.80.162 - - [07/Apr/2012:08:52:07 +0200] "GET /images/newsletter.png HTTP/1.1" 200 14619 "http://www.mink-gmbh.de/style.css" "Mozilla/5.0 (Windows NT 6.1; rv:11.0) Gecko/20100101 Firefox/11.0"
89.247.80.162 - - [07/Apr/2012:08:52:07 +0200] "GET /images/fallend.png HTTP/1.1" 200 713 "http://www.mink-gmbh.de/modul.css" "Mozilla/5.0 (Windows NT 6.1; rv:11.0) Gecko/20100101 Firefox/11.0"
89.247.80.162 - - [07/Apr/2012:08:52:07 +0200] "GET /images/steigend.png HTTP/1.1" 200 688 "http://www.mink-gmbh.de/modul.css" "Mozilla/5.0 (Windows NT 6.1; rv:11.0) Gecko/20100101 Firefox/11.0"
89.247.80.162 - - [07/Apr/2012:08:52:07 +0200] "GET /images/mobil.jpg HTTP/1.1" 200 25293 "http://www.mink-gmbh.de/style.css" "Mozilla/5.0 (Windows NT 6.1; rv:11.0) Gecko/20100101 Firefox/11.0"
89.247.80.162 - - [07/Apr/2012:08:52:07 +0200] "GET /images/newsletter.jpg HTTP/1.1" 200 13130 "http://www.mink-gmbh.de/style.css" "Mozilla/5.0 (Windows NT 6.1; rv:11.0) Gecko/20100101 Firefox/11.0"
89.247.80.162 - - [07/Apr/2012:08:52:07 +0200] "GET /images/footerbg.jpg HTTP/1.1" 200 2184 "http://www.mink-gmbh.de/style.css" "Mozilla/5.0 (Windows NT 6.1; rv:11.0) Gecko/20100101 Firefox/11.0"
89.247.80.162 - - [07/Apr/2012:08:52:08 +0200] "GET /js_contentserver24_greybox/g_close.gif HTTP/1.1" 200 541 "http://www.mink-gmbh.de/index.php" "Mozilla/5.0 (Windows NT 6.1; rv:11.0) Gecko/20100101 Firefox/11.0"
89.247.80.162 - - [07/Apr/2012:08:52:08 +0200] "GET /js_contentserver24_greybox/header_bg.gif HTTP/1.1" 200 1188 "http://www.mink-gmbh.de/index.php" "Mozilla/5.0 (Windows NT 6.1; rv:11.0) Gecko/20100101 Firefox/11.0"
89.247.80.162 - - [07/Apr/2012:08:52:08 +0200] "GET /js_contentserver24_greybox/indicator.gif HTTP/1.1" 200 8238 "http://www.mink-gmbh.de/index.php" "Mozilla/5.0 (Windows NT 6.1; rv:11.0) Gecko/20100101 Firefox/11.0"
89.247.80.162 - - [07/Apr/2012:08:52:08 +0200] "GET /js_contentserver24_greybox/loader_frame.html?s=0 HTTP/1.1" 200 2084 "http://www.mink-gmbh.de/index.php" "Mozilla/5.0 (Windows NT 6.1; rv:11.0) Gecko/20100101 Firefox/11.0"
89.247.80.162 - - [07/Apr/2012:08:55:35 +0200] "GET /index.php HTTP/1.1" 200 14586 "-" "Mozilla/5.0 (Windows NT 6.1; rv:11.0) Gecko/20100101 Firefox/11.0"
89.247.80.162 - - [07/Apr/2012:08:55:35 +0200] "GET /index.php HTTP/1.1" 200 14586 "-" "Mozilla/5.0 (Windows NT 6.1; rv:11.0) Gecko/20100101 Firefox/11.0"
130.83.167.153 - - [07/Apr/2012:09:04:52 +0200] "GET /news.php HTTP/1.1" 200 9845 "-" "findlinks/2.1.5 (+http://wortschatz.uni-leipzig.de/findlinks/)"
130.83.167.153 - - [07/Apr/2012:09:04:52 +0200] "GET /news.php HTTP/1.1" 200 22176 "-" "findlinks/2.1.5 (+http://wortschatz.uni-leipzig.de/findlinks/)"
95.108.128.242 - - [07/Apr/2012:09:39:51 +0200] "GET /standard.php HTTP/1.1" 200 9150 "-" "Mozilla/5.0 (compatible; YandexBot/3.0; +http://yandex.com/bots)"
65.52.109.26 - - [07/Apr/2012:09:44:09 +0200] "GET /robots.txt HTTP/1.1" 200 177 "-" "Mozilla/5.0 (compatible; bingbot/2.0; +http://www.bing.com/bingbot.htm)"
65.52.109.26 - - [07/Apr/2012:09:44:47 +0200] "GET /agb.php HTTP/1.1" 200 19709 "-" "Mozilla/5.0 (compatible; bingbot/2.0; +http://www.bing.com/bingbot.htm)"
66.249.71.12 - - [07/Apr/2012:10:31:58 +0200] "GET /preisanfrage.php HTTP/1.1" 200 10636 "-" "Mozilla/5.0 (iPhone; U; CPU iPhone OS 4_1 like Mac OS X; en-us) AppleWebKit/532.9 (KHTML, like Gecko) Version/4.0.5 Mobile/8B117 Safari/6531.22.7 (compatible; Googlebot-Mobile/2.1; +http://www.google.com/bot.html)"
139.18.2.209 - - [07/Apr/2012:10:50:11 +0200] "GET /additive.php HTTP/1.1" 200 13718 "-" "findlinks/2.2 (+http://wortschatz.uni-leipzig.de/findlinks/)"
139.18.2.209 - - [07/Apr/2012:10:50:11 +0200] "GET /additive.php HTTP/1.1" 200 15699 "-" "findlinks/2.2 (+http://wortschatz.uni-leipzig.de/findlinks/)"
130.83.167.153 - - [07/Apr/2012:11:12:36 +0200] "GET /modernisierung.php HTTP/1.1" 200 9452 "-" "findlinks/2.1.5 (+http://wortschatz.uni-leipzig.de/findlinks/)"
130.83.167.153 - - [07/Apr/2012:11:12:36 +0200] "GET /modernisierung.php HTTP/1.1" 200 11424 "-" "findlinks/2.1.5 (+http://wortschatz.uni-leipzig.de/findlinks/)"
65.36.241.79 - - [07/Apr/2012:11:28:33 +0200] "HEAD / HTTP/1.1" 200 - "-" "InternetSeer.com"
66.249.71.12 - - [07/Apr/2012:11:56:24 +0200] "GET /news.php?cs_go=archiv&cs_id=2932 HTTP/1.1" 200 13371 "-" "Mozilla/5.0 (compatible; Googlebot/2.1; +http://www.google.com/bot.html)"
208.115.113.91 - - [07/Apr/2012:12:04:45 +0200] "GET /robots.txt HTTP/1.1" 200 177 "-" "Mozilla/5.0 (compatible; Ezooms/1.0; ezooms.bot@gmail.com)"
46.4.118.74 - - [07/Apr/2012:12:45:11 +0200] "GET /robots.txt HTTP/1.1" 200 177 "-" "Pixray-Seeker/1.1 (Pixray-Seeker; http://www.pixray.com/pixraybot; crawler@pixray.com)"
46.4.118.74 - - [07/Apr/2012:12:45:11 +0200] "GET /news.php?cs_go=archiv&cs_id=2834&cs_search= HTTP/1.1" 200 15047 "-" "Pixray-Seeker/1.1 (Pixray-Seeker; http://www.pixray.com/pixraybot; crawler@pixray.com)"
46.4.118.74 - - [07/Apr/2012:12:48:54 +0200] "GET /news.php?cs_go=archiv&cs_id=2837&cs_search= HTTP/1.1" 200 13540 "-" "Pixray-Seeker/1.1 (Pixray-Seeker; http://www.pixray.com/pixraybot; crawler@pixray.com)"
46.4.118.74 - - [07/Apr/2012:12:50:43 +0200] "GET /news.php?cs_go=archiv&cs_id=2841&cs_search= HTTP/1.1" 200 13387 "-" "Pixray-Seeker/1.1 (Pixray-Seeker; http://www.pixray.com/pixraybot; crawler@pixray.com)"
46.4.118.74 - - [07/Apr/2012:12:51:52 +0200] "GET /news.php?cs_go=archiv&cs_id=2842&cs_search= HTTP/1.1" 200 9878 "-" "Pixray-Seeker/1.1 (Pixray-Seeker; http://www.pixray.com/pixraybot; crawler@pixray.com)"
66.249.71.12 - - [07/Apr/2012:13:00:43 +0200] "GET /news.php?cs_go=archiv HTTP/1.1" 200 22290 "-" "Mozilla/5.0 (compatible; Googlebot/2.1; +http://www.google.com/bot.html)"
77.20.154.156 - - [07/Apr/2012:13:03:01 +0200] "GET /news.php?cs_go=archiv&cs_id=2889&cs_search= HTTP/1.1" 200 11536 "-" "findlinks/2.0.2 (+http://wortschatz.uni-leipzig.de/findlinks/)"
77.20.154.156 - - [07/Apr/2012:13:03:01 +0200] "GET /news.php?cs_go=archiv&cs_id=2889&cs_search= HTTP/1.1" 200 13513 "-" "findlinks/2.0.2 (+http://wortschatz.uni-leipzig.de/findlinks/)"
66.249.71.12 - - [07/Apr/2012:13:05:51 +0200] "GET /news.php?cs_go=archiv&cs_startpos=0 HTTP/1.1" 200 22290 "-" "Mozilla/5.0 (compatible; Googlebot/2.1; +http://www.google.com/bot.html)"
91.22.224.44 - - [07/Apr/2012:13:20:55 +0200] "GET /optiplus.php HTTP/1.1" 200 11011 "http://www.google.de/url?sa=t&rct=j&q=esso%20optiplus&source=web&cd=10&sqi=2&ved=0CFwQFjAJ&url=http%3A%2F%2Fwww.mink-gmbh.de%2Foptiplus.php&ei=pCCAT6L6BY7Iswbn39zFBA&usg=AFQjCNEouGCMmLgK9iGVLaDNxyZZMZ_YPQ" "Mozilla/5.0 (Windows NT 6.1; rv:11.0) Gecko/20100101 Firefox/11.0"
91.22.224.44 - - [07/Apr/2012:13:20:55 +0200] "GET /style.css HTTP/1.1" 200 8418 "http://www.mink-gmbh.de/optiplus.php" "Mozilla/5.0 (Windows NT 6.1; rv:11.0) Gecko/20100101 Firefox/11.0"
91.22.224.44 - - [07/Apr/2012:13:20:55 +0200] "GET /favicon.ico HTTP/1.1" 200 3638 "-" "Mozilla/5.0 (Windows NT 6.1; rv:11.0) Gecko/20100101 Firefox/11.0"
91.22.224.44 - - [07/Apr/2012:13:20:55 +0200] "GET /images/Optiseite.jpg HTTP/1.1" 200 32107 "http://www.mink-gmbh.de/optiplus.php" "Mozilla/5.0 (Windows NT 6.1; rv:11.0) Gecko/20100101 Firefox/11.0"
91.22.224.44 - - [07/Apr/2012:13:20:55 +0200] "GET /images/mail.jpg HTTP/1.1" 200 11165 "http://www.mink-gmbh.de/optiplus.php" "Mozilla/5.0 (Windows NT 6.1; rv:11.0) Gecko/20100101 Firefox/11.0"
91.22.224.44 - - [07/Apr/2012:13:20:55 +0200] "GET /images/kwk.gif HTTP/1.1" 200 6403 "http://www.mink-gmbh.de/optiplus.php" "Mozilla/5.0 (Windows NT 6.1; rv:11.0) Gecko/20100101 Firefox/11.0"
91.22.224.44 - - [07/Apr/2012:13:20:55 +0200] "GET /images/wunschpreis.jpg HTTP/1.1" 200 16767 "http://www.mink-gmbh.de/optiplus.php" "Mozilla/5.0 (Windows NT 6.1; rv:11.0) Gecko/20100101 Firefox/11.0"
91.22.224.44 - - [07/Apr/2012:13:20:55 +0200] "GET /images/logos.jpg HTTP/1.1" 200 15002 "http://www.mink-gmbh.de/optiplus.php" "Mozilla/5.0 (Windows NT 6.1; rv:11.0) Gecko/20100101 Firefox/11.0"
91.22.224.44 - - [07/Apr/2012:13:20:55 +0200] "GET /modul.css HTTP/1.1" 200 35038 "http://www.mink-gmbh.de/optiplus.php" "Mozilla/5.0 (Windows NT 6.1; rv:11.0) Gecko/20100101 Firefox/11.0"
91.22.224.44 - - [07/Apr/2012:13:20:55 +0200] "GET /images/freecall.jpg HTTP/1.1" 200 39195 "http://www.mink-gmbh.de/optiplus.php" "Mozilla/5.0 (Windows NT 6.1; rv:11.0) Gecko/20100101 Firefox/11.0"
91.22.224.44 - - [07/Apr/2012:13:20:55 +0200] "GET /images/optiplus.jpg HTTP/1.1" 200 37436 "http://www.mink-gmbh.de/optiplus.php" "Mozilla/5.0 (Windows NT 6.1; rv:11.0) Gecko/20100101 Firefox/11.0"
91.22.224.44 - - [07/Apr/2012:13:20:55 +0200] "GET /images/bg.jpg HTTP/1.1" 200 345 "http://www.mink-gmbh.de/style.css" "Mozilla/5.0 (Windows NT 6.1; rv:11.0) Gecko/20100101 Firefox/11.0"
91.22.224.44 - - [07/Apr/2012:13:20:55 +0200] "GET /images/close.png HTTP/1.1" 200 703 "http://www.mink-gmbh.de/optiplus.php" "Mozilla/5.0 (Windows NT 6.1; rv:11.0) Gecko/20100101 Firefox/11.0"
91.22.224.44 - - [07/Apr/2012:13:20:55 +0200] "GET /images/newsletter_bg.jpg HTTP/1.1" 200 33610 "http://www.mink-gmbh.de/optiplus.php" "Mozilla/5.0 (Windows NT 6.1; rv:11.0) Gecko/20100101 Firefox/11.0"
91.22.224.44 - - [07/Apr/2012:13:20:55 +0200] "GET /images/newsletter.png HTTP/1.1" 200 14619 "http://www.mink-gmbh.de/style.css" "Mozilla/5.0 (Windows NT 6.1; rv:11.0) Gecko/20100101 Firefox/11.0"
91.22.224.44 - - [07/Apr/2012:13:20:55 +0200] "GET /images/wrapperbg.jpg HTTP/1.1" 200 27465 "http://www.mink-gmbh.de/style.css" "Mozilla/5.0 (Windows NT 6.1; rv:11.0) Gecko/20100101 Firefox/11.0"
91.22.224.44 - - [07/Apr/2012:13:20:55 +0200] "GET /images/header.jpg HTTP/1.1" 200 24413 "http://www.mink-gmbh.de/style.css" "Mozilla/5.0 (Windows NT 6.1; rv:11.0) Gecko/20100101 Firefox/11.0"
91.22.224.44 - - [07/Apr/2012:13:20:55 +0200] "GET /images/navibg.png HTTP/1.1" 200 2803 "http://www.mink-gmbh.de/style.css" "Mozilla/5.0 (Windows NT 6.1; rv:11.0) Gecko/20100101 Firefox/11.0"
91.22.224.44 - - [07/Apr/2012:13:20:55 +0200] "GET /images/footerbg.jpg HTTP/1.1" 200 2184 "http://www.mink-gmbh.de/style.css" "Mozilla/5.0 (Windows NT 6.1; rv:11.0) Gecko/20100101 Firefox/11.0"
91.22.224.44 - - [07/Apr/2012:13:21:23 +0200] "GET /js_contentserver24_greybox/AJS_fx.js HTTP/1.1" 200 3192 "http://www.mink-gmbh.de/index.php" "Mozilla/5.0 (Windows NT 6.1; rv:11.0) Gecko/20100101 Firefox/11.0"
91.22.224.44 - - [07/Apr/2012:13:21:23 +0200] "GET /js_contentserver24_greybox/gb_styles.css HTTP/1.1" 200 2302 "http://www.mink-gmbh.de/index.php" "Mozilla/5.0 (Windows NT 6.1; rv:11.0) Gecko/20100101 Firefox/11.0"
91.22.224.44 - - [07/Apr/2012:13:21:23 +0200] "GET /js_contentserver24_greybox/gb_scripts.js HTTP/1.1" 200 11913 "http://www.mink-gmbh.de/index.php" "Mozilla/5.0 (Windows NT 6.1; rv:11.0) Gecko/20100101 Firefox/11.0"
91.22.224.44 - - [07/Apr/2012:13:21:23 +0200] "GET /js_contentserver24_greybox/AJS.js HTTP/1.1" 200 10396 "http://www.mink-gmbh.de/index.php" "Mozilla/5.0 (Windows NT 6.1; rv:11.0) Gecko/20100101 Firefox/11.0"
91.22.224.44 - - [07/Apr/2012:13:21:23 +0200] "GET /js_contentserver24_greybox/w_close.gif HTTP/1.1" 200 74 "http://www.mink-gmbh.de/index.php" "Mozilla/5.0 (Windows NT 6.1; rv:11.0) Gecko/20100101 Firefox/11.0"
91.22.224.44 - - [07/Apr/2012:13:21:23 +0200] "GET /images/steigend.png HTTP/1.1" 200 688 "http://www.mink-gmbh.de/modul.css" "Mozilla/5.0 (Windows NT 6.1; rv:11.0) Gecko/20100101 Firefox/11.0"
91.22.224.44 - - [07/Apr/2012:13:21:23 +0200] "GET /images/fallend.png HTTP/1.1" 200 713 "http://www.mink-gmbh.de/modul.css" "Mozilla/5.0 (Windows NT 6.1; rv:11.0) Gecko/20100101 Firefox/11.0"
91.22.224.44 - - [07/Apr/2012:13:21:23 +0200] "GET /images/mobil.jpg HTTP/1.1" 200 25293 "http://www.mink-gmbh.de/style.css" "Mozilla/5.0 (Windows NT 6.1; rv:11.0) Gecko/20100101 Firefox/11.0"
91.22.224.44 - - [07/Apr/2012:13:21:23 +0200] "GET /images/newsletter.jpg HTTP/1.1" 200 13130 "http://www.mink-gmbh.de/style.css" "Mozilla/5.0 (Windows NT 6.1; rv:11.0) Gecko/20100101 Firefox/11.0"
91.22.224.44 - - [07/Apr/2012:13:21:22 +0200] "GET /index.php HTTP/1.1" 200 15242 "http://www.mink-gmbh.de/optiplus.php" "Mozilla/5.0 (Windows NT 6.1; rv:11.0) Gecko/20100101 Firefox/11.0"
91.22.224.44 - - [07/Apr/2012:13:21:23 +0200] "GET /images/tkw.jpg HTTP/1.1" 200 64031 "http://www.mink-gmbh.de/index.php" "Mozilla/5.0 (Windows NT 6.1; rv:11.0) Gecko/20100101 Firefox/11.0"
91.22.224.44 - - [07/Apr/2012:13:21:23 +0200] "GET /js_contentserver24_greybox/loader_frame.html?s=0 HTTP/1.1" 200 2084 "http://www.mink-gmbh.de/index.php" "Mozilla/5.0 (Windows NT 6.1; rv:11.0) Gecko/20100101 Firefox/11.0"
91.22.224.44 - - [07/Apr/2012:13:21:23 +0200] "GET /js_contentserver24_greybox/header_bg.gif HTTP/1.1" 200 1188 "http://www.mink-gmbh.de/index.php" "Mozilla/5.0 (Windows NT 6.1; rv:11.0) Gecko/20100101 Firefox/11.0"
91.22.224.44 - - [07/Apr/2012:13:21:24 +0200] "GET /js_contentserver24_greybox/indicator.gif HTTP/1.1" 200 8238 "http://www.mink-gmbh.de/js_contentserver24_greybox/loader_frame.html?s=0" "Mozilla/5.0 (Windows NT 6.1; rv:11.0) Gecko/20100101 Firefox/11.0"
91.22.224.44 - - [07/Apr/2012:13:21:24 +0200] "GET /js_contentserver24_greybox/g_close.gif HTTP/1.1" 200 541 "http://www.mink-gmbh.de/index.php" "Mozilla/5.0 (Windows NT 6.1; rv:11.0) Gecko/20100101 Firefox/11.0"
91.22.224.44 - - [07/Apr/2012:13:22:16 +0200] "GET /kontakt.php HTTP/1.1" 200 9040 "http://www.mink-gmbh.de/index.php" "Mozilla/5.0 (Windows NT 6.1; rv:11.0) Gecko/20100101 Firefox/11.0"
91.22.224.44 - - [07/Apr/2012:13:22:20 +0200] "GET /index.php HTTP/1.1" 200 9522 "http://www.mink-gmbh.de/optiplus.php" "Mozilla/5.0 (Windows NT 6.1; rv:11.0) Gecko/20100101 Firefox/11.0"
91.22.224.44 - - [07/Apr/2012:13:22:21 +0200] "GET /optiplus.php HTTP/1.1" 200 10924 "http://www.google.de/url?sa=t&rct=j&q=esso%20optiplus&source=web&cd=10&sqi=2&ved=0CFwQFjAJ&url=http%3A%2F%2Fwww.mink-gmbh.de%2Foptiplus.php&ei=pCCAT6L6BY7Iswbn39zFBA&usg=AFQjCNEouGCMmLgK9iGVLaDNxyZZMZ_YPQ" "Mozilla/5.0 (Windows NT 6.1; rv:11.0) Gecko/20100101 Firefox/11.0"
66.249.71.12 - - [07/Apr/2012:13:26:10 +0200] "GET /news.php?cs_go=archiv&cs_id=2961&cs_search= HTTP/1.1" 200 11652 "-" "Mozilla/5.0 (compatible; Googlebot/2.1; +http://www.google.com/bot.html)"
208.115.113.91 - - [07/Apr/2012:13:28:53 +0200] "GET /faq.php HTTP/1.1" 200 185671 "-" "Mozilla/5.0 (compatible; Ezooms/1.0; ezooms.bot@gmail.com)"
