81.209.177.145 - - [01/Apr/2012:02:05:23 +0200] "GET /lexikon.php?cs_go=3&cs_id=77 HTTP/1.1" 200 8603 "-" "netEstate NE Crawler (+http://www.sengine.info/)"
81.209.177.145 - - [01/Apr/2012:02:05:34 +0200] "GET /lexikon.php?cs_go=3&cs_id=26 HTTP/1.1" 200 10739 "-" "netEstate NE Crawler (+http://www.sengine.info/)"
81.209.177.145 - - [01/Apr/2012:02:05:46 +0200] "GET /lexikon.php?cs_go=3&cs_id=99 HTTP/1.1" 200 9487 "-" "netEstate NE Crawler (+http://www.sengine.info/)"
81.209.177.145 - - [01/Apr/2012:02:05:56 +0200] "GET /news.php?cs_go=archiv&cs_id=2819&cs_search= HTTP/1.1" 200 10153 "-" "netEstate NE Crawler (+http://www.sengine.info/)"
81.209.177.145 - - [01/Apr/2012:02:06:09 +0200] "GET /news.php?cs_go=archiv&cs_id=1796&cs_search= HTTP/1.1" 200 9330 "-" "netEstate NE Crawler (+http://www.sengine.info/)"
81.209.177.145 - - [01/Apr/2012:02:06:21 +0200] "GET /lexikon.php?cs_go=3&cs_id=73 HTTP/1.1" 200 9613 "-" "netEstate NE Crawler (+http://www.sengine.info/)"
81.209.177.145 - - [01/Apr/2012:02:06:32 +0200] "GET /news.php?cs_go=archiv&cs_id=2815&cs_search= HTTP/1.1" 200 10035 "-" "netEstate NE Crawler (+http://www.sengine.info/)"
81.209.177.145 - - [01/Apr/2012:02:06:43 +0200] "GET /lexikon.php?cs_go=3&cs_id=70 HTTP/1.1" 200 8294 "-" "netEstate NE Crawler (+http://www.sengine.info/)"
81.209.177.145 - - [01/Apr/2012:02:06:55 +0200] "GET /lexikon.php?cs_go=3&cs_id=86 HTTP/1.1" 200 8184 "-" "netEstate NE Crawler (+http://www.sengine.info/)"
81.209.177.145 - - [01/Apr/2012:02:07:05 +0200] "GET /news.php?cs_go=archiv&cs_id=2613&cs_search= HTTP/1.1" 200 9668 "-" "netEstate NE Crawler (+http://www.sengine.info/)"
81.209.177.145 - - [01/Apr/2012:02:07:16 +0200] "GET /news.php?cs_go=archiv&cs_id=1668&cs_search= HTTP/1.1" 200 14074 "-" "netEstate NE Crawler (+http://www.sengine.info/)"
81.209.177.145 - - [01/Apr/2012:02:07:28 +0200] "GET /news.php?cs_go=archiv&cs_id=2763&cs_search= HTTP/1.1" 200 12959 "-" "netEstate NE Crawler (+http://www.sengine.info/)"
81.209.177.145 - - [01/Apr/2012:02:07:40 +0200] "GET /news.php?cs_go=archiv&cs_id=2560&cs_search= HTTP/1.1" 200 10049 "-" "netEstate NE Crawler (+http://www.sengine.info/)"
81.209.177.145 - - [01/Apr/2012:02:07:53 +0200] "GET /news.php?cs_go=archiv&cs_id=2758&cs_search= HTTP/1.1" 200 9972 "-" "netEstate NE Crawler (+http://www.sengine.info/)"
81.209.177.145 - - [01/Apr/2012:02:08:03 +0200] "GET /news.php?cs_go=archiv&cs_startpos=380 HTTP/1.1" 200 22972 "-" "netEstate NE Crawler (+http://www.sengine.info/)"
81.209.177.145 - - [01/Apr/2012:02:08:15 +0200] "GET /news.php?cs_go=archiv&cs_id=1756&cs_search= HTTP/1.1" 200 11898 "-" "netEstate NE Crawler (+http://www.sengine.info/)"
81.209.177.145 - - [01/Apr/2012:02:08:28 +0200] "GET /news.php?cs_go=archiv&cs_id=2529&cs_search= HTTP/1.1" 200 10341 "-" "netEstate NE Crawler (+http://www.sengine.info/)"
81.209.177.145 - - [01/Apr/2012:02:08:40 +0200] "GET /news.php?cs_go=archiv&cs_id=2662&cs_search= HTTP/1.1" 200 13386 "-" "netEstate NE Crawler (+http://www.sengine.info/)"
81.209.177.145 - - [01/Apr/2012:02:08:51 +0200] "GET /lexikon.php?cs_go=3&cs_id=126 HTTP/1.1" 200 8293 "-" "netEstate NE Crawler (+http://www.sengine.info/)"
81.209.177.145 - - [01/Apr/2012:02:09:03 +0200] "GET /news.php?cs_go=archiv&cs_id=2732&cs_search= HTTP/1.1" 200 10326 "-" "netEstate NE Crawler (+http://www.sengine.info/)"
81.209.177.145 - - [01/Apr/2012:02:09:14 +0200] "GET /news.php?cs_go=archiv&cs_id=2527&cs_search= HTTP/1.1" 200 15133 "-" "netEstate NE Crawler (+http://www.sengine.info/)"
81.209.177.145 - - [01/Apr/2012:02:09:25 +0200] "GET /lexikon.php?cs_go=3&cs_id=100 HTTP/1.1" 200 8685 "-" "netEstate NE Crawler (+http://www.sengine.info/)"
81.209.177.145 - - [01/Apr/2012:02:09:37 +0200] "GET /news.php?cs_go=archiv&cs_id=2579&cs_search= HTTP/1.1" 200 13253 "-" "netEstate NE Crawler (+http://www.sengine.info/)"
81.209.177.145 - - [01/Apr/2012:02:09:47 +0200] "GET /news.php?cs_go=archiv&cs_id=2698&cs_search= HTTP/1.1" 200 13462 "-" "netEstate NE Crawler (+http://www.sengine.info/)"
81.209.177.145 - - [01/Apr/2012:02:09:49 +0200] "GET /robots.txt HTTP/1.1" 200 177 "-" "netEstate NE Crawler (+http://www.sengine.info/)"
81.209.177.145 - - [01/Apr/2012:02:09:59 +0200] "GET /lexikon.php?cs_go=3&cs_id=90 HTTP/1.1" 200 9537 "-" "netEstate NE Crawler (+http://www.sengine.info/)"
81.209.177.145 - - [01/Apr/2012:02:10:10 +0200] "GET /news.php?cs_go=archiv&cs_id=2717&cs_search= HTTP/1.1" 200 10198 "-" "netEstate NE Crawler (+http://www.sengine.info/)"
81.209.177.145 - - [01/Apr/2012:02:10:23 +0200] "GET /news.php?cs_go=archiv&cs_id=2669&cs_search= HTTP/1.1" 200 13621 "-" "netEstate NE Crawler (+http://www.sengine.info/)"
81.209.177.145 - - [01/Apr/2012:02:10:35 +0200] "GET /lexikon.php?cs_go=3&cs_id=53 HTTP/1.1" 200 8109 "-" "netEstate NE Crawler (+http://www.sengine.info/)"
81.209.177.145 - - [01/Apr/2012:02:10:46 +0200] "GET /news.php?cs_go=archiv&cs_startpos=240 HTTP/1.1" 200 22965 "-" "netEstate NE Crawler (+http://www.sengine.info/)"
81.209.177.145 - - [01/Apr/2012:02:10:58 +0200] "GET /news.php?cs_go=archiv&cs_id=2672&cs_search= HTTP/1.1" 200 13754 "-" "netEstate NE Crawler (+http://www.sengine.info/)"
81.209.177.145 - - [01/Apr/2012:02:11:10 +0200] "GET /news.php?cs_go=archiv&cs_id=2677&cs_search= HTTP/1.1" 200 13568 "-" "netEstate NE Crawler (+http://www.sengine.info/)"
81.209.177.145 - - [01/Apr/2012:02:11:22 +0200] "GET /news.php?cs_go=archiv&cs_id=1702&cs_search= HTTP/1.1" 200 13080 "-" "netEstate NE Crawler (+http://www.sengine.info/)"
81.209.177.145 - - [01/Apr/2012:02:11:32 +0200] "GET /news.php?cs_go=archiv&cs_id=2626&cs_search= HTTP/1.1" 200 10100 "-" "netEstate NE Crawler (+http://www.sengine.info/)"
81.209.177.145 - - [01/Apr/2012:02:11:44 +0200] "GET /news.php?cs_go=archiv&cs_id=2621&cs_search= HTTP/1.1" 200 10769 "-" "netEstate NE Crawler (+http://www.sengine.info/)"
81.209.177.145 - - [01/Apr/2012:02:11:55 +0200] "GET /lexikon.php?cs_go=3&cs_id=80 HTTP/1.1" 200 8341 "-" "netEstate NE Crawler (+http://www.sengine.info/)"
81.209.177.145 - - [01/Apr/2012:02:12:07 +0200] "GET /news.php?cs_go=archiv&cs_id=2820&cs_search= HTTP/1.1" 200 14190 "-" "netEstate NE Crawler (+http://www.sengine.info/)"
81.209.177.145 - - [01/Apr/2012:02:12:18 +0200] "GET /news.php?cs_go=archiv&cs_id=2930&cs_search= HTTP/1.1" 200 15653 "-" "netEstate NE Crawler (+http://www.sengine.info/)"
81.209.177.145 - - [01/Apr/2012:02:12:30 +0200] "GET /news.php?cs_go=archiv&cs_startpos=440 HTTP/1.1" 200 22969 "-" "netEstate NE Crawler (+http://www.sengine.info/)"
81.209.177.145 - - [01/Apr/2012:02:12:41 +0200] "GET /news.php?cs_go=archiv&cs_id=2586&cs_search= HTTP/1.1" 200 12987 "-" "netEstate NE Crawler (+http://www.sengine.info/)"
81.209.177.145 - - [01/Apr/2012:02:12:53 +0200] "GET /news.php?cs_go=archiv&cs_id=1830&cs_search= HTTP/1.1" 200 14172 "-" "netEstate NE Crawler (+http://www.sengine.info/)"
81.209.177.145 - - [01/Apr/2012:02:13:05 +0200] "GET /lexikon.php?cs_go=3&cs_id=119 HTTP/1.1" 200 8073 "-" "netEstate NE Crawler (+http://www.sengine.info/)"
81.209.177.145 - - [01/Apr/2012:02:13:17 +0200] "GET /news.php?cs_go=archiv&cs_startpos=970 HTTP/1.1" 200 22888 "-" "netEstate NE Crawler (+http://www.sengine.info/)"
81.209.177.145 - - [01/Apr/2012:02:13:29 +0200] "GET /lexikon.php?cs_go=3&cs_id=21 HTTP/1.1" 200 8980 "-" "netEstate NE Crawler (+http://www.sengine.info/)"
81.209.177.145 - - [01/Apr/2012:02:13:40 +0200] "GET /news.php?cs_go=archiv&cs_id=2745&cs_search= HTTP/1.1" 200 12346 "-" "netEstate NE Crawler (+http://www.sengine.info/)"
81.209.177.145 - - [01/Apr/2012:02:13:52 +0200] "GET /news.php?cs_go=archiv&cs_id=1666&cs_search= HTTP/1.1" 200 9369 "-" "netEstate NE Crawler (+http://www.sengine.info/)"
81.209.177.145 - - [01/Apr/2012:02:14:03 +0200] "GET /news.php?cs_go=archiv&cs_startpos=1000 HTTP/1.1" 200 23134 "-" "netEstate NE Crawler (+http://www.sengine.info/)"
81.209.177.145 - - [01/Apr/2012:02:14:15 +0200] "GET /news.php?cs_go=archiv&cs_id=2692&cs_search= HTTP/1.1" 200 10240 "-" "netEstate NE Crawler (+http://www.sengine.info/)"
81.209.177.145 - - [01/Apr/2012:02:14:26 +0200] "GET /lexikon.php?cs_go=3&cs_id=125 HTTP/1.1" 200 8919 "-" "netEstate NE Crawler (+http://www.sengine.info/)"
81.209.177.145 - - [01/Apr/2012:02:14:36 +0200] "GET /news.php?cs_go=archiv&cs_id=2454&cs_search= HTTP/1.1" 200 14582 "-" "netEstate NE Crawler (+http://www.sengine.info/)"
81.209.177.145 - - [01/Apr/2012:02:14:48 +0200] "GET /news.php?cs_go=archiv&cs_id=2916&cs_search= HTTP/1.1" 200 13355 "-" "netEstate NE Crawler (+http://www.sengine.info/)"
81.209.177.145 - - [01/Apr/2012:02:14:59 +0200] "GET /news.php?cs_go=archiv&cs_id=1823&cs_search= HTTP/1.1" 200 10093 "-" "netEstate NE Crawler (+http://www.sengine.info/)"
81.209.177.145 - - [01/Apr/2012:02:15:12 +0200] "GET /news.php?cs_go=archiv&cs_id=2702&cs_search= HTTP/1.1" 200 13293 "-" "netEstate NE Crawler (+http://www.sengine.info/)"
81.209.177.145 - - [01/Apr/2012:02:15:23 +0200] "GET /news.php?cs_go=archiv&cs_id=2706&cs_search= HTTP/1.1" 200 9985 "-" "netEstate NE Crawler (+http://www.sengine.info/)"
81.209.177.145 - - [01/Apr/2012:02:15:35 +0200] "GET /news.php?cs_go=archiv&cs_id=2847&cs_search= HTTP/1.1" 200 11054 "-" "netEstate NE Crawler (+http://www.sengine.info/)"
81.209.177.145 - - [01/Apr/2012:02:15:47 +0200] "GET /news.php?cs_go=archiv&cs_id=2426&cs_search= HTTP/1.1" 200 9228 "-" "netEstate NE Crawler (+http://www.sengine.info/)"
81.209.177.145 - - [01/Apr/2012:02:15:57 +0200] "GET /lexikon.php?cs_go=3&cs_id=40 HTTP/1.1" 200 12102 "-" "netEstate NE Crawler (+http://www.sengine.info/)"
81.209.177.145 - - [01/Apr/2012:02:16:24 +0200] "GET /lexikon.php?cs_go=3&cs_id=39 HTTP/1.1" 200 8292 "-" "netEstate NE Crawler (+http://www.sengine.info/)"
81.209.177.145 - - [01/Apr/2012:02:16:35 +0200] "GET /lexikon.php?cs_go=3&cs_id=155 HTTP/1.1" 200 7932 "-" "netEstate NE Crawler (+http://www.sengine.info/)"
81.209.177.145 - - [01/Apr/2012:02:16:46 +0200] "GET /lexikon.php?cs_go=3&cs_id=84 HTTP/1.1" 200 8286 "-" "netEstate NE Crawler (+http://www.sengine.info/)"
81.209.177.145 - - [01/Apr/2012:02:16:58 +0200] "GET /news.php?cs_go=archiv&cs_id=2670&cs_search= HTTP/1.1" 200 10102 "-" "netEstate NE Crawler (+http://www.sengine.info/)"
81.209.177.145 - - [01/Apr/2012:02:17:08 +0200] "GET /news.php?cs_go=archiv&cs_id=2812&cs_search= HTTP/1.1" 200 9907 "-" "netEstate NE Crawler (+http://www.sengine.info/)"
81.209.177.145 - - [01/Apr/2012:02:17:19 +0200] "GET /lexikon.php?cs_go=3&cs_id=35 HTTP/1.1" 200 8345 "-" "netEstate NE Crawler (+http://www.sengine.info/)"
81.209.177.145 - - [01/Apr/2012:02:17:31 +0200] "GET /news.php?cs_go=archiv&cs_id=2472&cs_search= HTTP/1.1" 200 11307 "-" "netEstate NE Crawler (+http://www.sengine.info/)"
81.209.177.145 - - [01/Apr/2012:02:17:43 +0200] "GET /news.php?cs_go=archiv&cs_id=1825&cs_search= HTTP/1.1" 200 14954 "-" "netEstate NE Crawler (+http://www.sengine.info/)"
81.209.177.145 - - [01/Apr/2012:02:17:54 +0200] "GET /lexikon.php?cs_go=3&cs_id=124 HTTP/1.1" 200 8422 "-" "netEstate NE Crawler (+http://www.sengine.info/)"
81.209.177.145 - - [01/Apr/2012:02:18:05 +0200] "GET /news.php?cs_go=archiv&cs_id=2774&cs_search= HTTP/1.1" 200 10557 "-" "netEstate NE Crawler (+http://www.sengine.info/)"
81.209.177.145 - - [01/Apr/2012:02:18:16 +0200] "GET /news.php?cs_go=archiv&cs_id=1898&cs_search= HTTP/1.1" 200 12027 "-" "netEstate NE Crawler (+http://www.sengine.info/)"
81.209.177.145 - - [01/Apr/2012:02:18:28 +0200] "GET /news.php?cs_go=archiv&cs_id=2681&cs_search= HTTP/1.1" 200 10154 "-" "netEstate NE Crawler (+http://www.sengine.info/)"
81.209.177.145 - - [01/Apr/2012:02:18:39 +0200] "GET /news.php?cs_go=archiv&cs_id=2933&cs_search= HTTP/1.1" 200 9862 "-" "netEstate NE Crawler (+http://www.sengine.info/)"
81.209.177.145 - - [01/Apr/2012:02:18:51 +0200] "GET /news.php?cs_go=archiv&cs_id=2479&cs_search= HTTP/1.1" 200 12083 "-" "netEstate NE Crawler (+http://www.sengine.info/)"
81.209.177.145 - - [01/Apr/2012:02:19:02 +0200] "GET /news.php?cs_go=archiv&cs_id=1674&cs_search= HTTP/1.1" 200 13815 "-" "netEstate NE Crawler (+http://www.sengine.info/)"
81.209.177.145 - - [01/Apr/2012:02:19:13 +0200] "GET /news.php?cs_go=archiv&cs_id=2870&cs_search= HTTP/1.1" 200 10211 "-" "netEstate NE Crawler (+http://www.sengine.info/)"
81.209.177.145 - - [01/Apr/2012:02:19:24 +0200] "GET /www.erneuerbare-energien.de/inhalt/2720/%AD HTTP/1.1" 404 - "-" "netEstate NE Crawler (+http://www.sengine.info/)"
81.209.177.145 - - [01/Apr/2012:02:19:34 +0200] "GET /news.php?cs_go=archiv&cs_id=2663&cs_search= HTTP/1.1" 200 10262 "-" "netEstate NE Crawler (+http://www.sengine.info/)"
81.209.177.145 - - [01/Apr/2012:02:19:47 +0200] "GET /news.php?cs_go=archiv&cs_id=1897&cs_search= HTTP/1.1" 200 9730 "-" "netEstate NE Crawler (+http://www.sengine.info/)"
81.209.177.145 - - [01/Apr/2012:02:19:58 +0200] "GET /news.php?cs_go=archiv&cs_id=1899&cs_search= HTTP/1.1" 200 14225 "-" "netEstate NE Crawler (+http://www.sengine.info/)"
81.209.177.145 - - [01/Apr/2012:02:20:00 +0200] "GET /robots.txt HTTP/1.1" 200 177 "-" "netEstate NE Crawler (+http://www.sengine.info/)"
81.209.177.145 - - [01/Apr/2012:02:20:09 +0200] "GET /news.php?cs_go=archiv&cs_id=1878&cs_search= HTTP/1.1" 200 11741 "-" "netEstate NE Crawler (+http://www.sengine.info/)"
81.209.177.145 - - [01/Apr/2012:02:20:21 +0200] "GET /news.php?cs_go=archiv&cs_id=2422&cs_search= HTTP/1.1" 200 9659 "-" "netEstate NE Crawler (+http://www.sengine.info/)"
81.209.177.145 - - [01/Apr/2012:02:20:32 +0200] "GET /lexikon.php?cs_go=3&cs_id=129 HTTP/1.1" 200 8615 "-" "netEstate NE Crawler (+http://www.sengine.info/)"
81.209.177.145 - - [01/Apr/2012:02:20:44 +0200] "GET /news.php?cs_go=archiv&cs_id=2638&cs_search= HTTP/1.1" 200 10583 "-" "netEstate NE Crawler (+http://www.sengine.info/)"
81.209.177.145 - - [01/Apr/2012:02:20:55 +0200] "GET /lexikon.php?cs_go=3&cs_id=36 HTTP/1.1" 200 8648 "-" "netEstate NE Crawler (+http://www.sengine.info/)"
81.209.177.145 - - [01/Apr/2012:02:21:06 +0200] "GET /news.php?cs_go=archiv&cs_startpos=390 HTTP/1.1" 200 22853 "-" "netEstate NE Crawler (+http://www.sengine.info/)"
81.209.177.145 - - [01/Apr/2012:02:21:18 +0200] "GET /news.php?cs_go=archiv&cs_id=2544&cs_search= HTTP/1.1" 200 10274 "-" "netEstate NE Crawler (+http://www.sengine.info/)"
81.209.177.145 - - [01/Apr/2012:02:21:29 +0200] "GET /news.php?cs_go=archiv&cs_id=2537&cs_search= HTTP/1.1" 200 10246 "-" "netEstate NE Crawler (+http://www.sengine.info/)"
81.209.177.145 - - [01/Apr/2012:02:21:40 +0200] "GET /news.php?cs_go=archiv&cs_id=2567&cs_search= HTTP/1.1" 200 14768 "-" "netEstate NE Crawler (+http://www.sengine.info/)"
81.209.177.145 - - [01/Apr/2012:02:21:52 +0200] "GET /news.php?cs_go=archiv&cs_id=1808&cs_search= HTTP/1.1" 200 11103 "-" "netEstate NE Crawler (+http://www.sengine.info/)"
81.209.177.145 - - [01/Apr/2012:02:22:04 +0200] "GET /lexikon.php?cs_go=3&cs_id=81 HTTP/1.1" 200 8360 "-" "netEstate NE Crawler (+http://www.sengine.info/)"
81.209.177.145 - - [01/Apr/2012:02:22:16 +0200] "GET /news.php?cs_go=archiv&cs_id=1841&cs_search= HTTP/1.1" 200 9485 "-" "netEstate NE Crawler (+http://www.sengine.info/)"
81.209.177.145 - - [01/Apr/2012:02:22:26 +0200] "GET /lexikon.php?cs_go=3&cs_id=202 HTTP/1.1" 200 8450 "-" "netEstate NE Crawler (+http://www.sengine.info/)"
81.209.177.145 - - [01/Apr/2012:02:22:38 +0200] "GET /news.php?cs_go=archiv&cs_id=1775&cs_search= HTTP/1.1" 200 13995 "-" "netEstate NE Crawler (+http://www.sengine.info/)"
81.209.177.145 - - [01/Apr/2012:02:22:50 +0200] "GET /lexikon.php?cs_go=3&cs_id=87 HTTP/1.1" 200 8278 "-" "netEstate NE Crawler (+http://www.sengine.info/)"
81.209.177.145 - - [01/Apr/2012:02:23:01 +0200] "GET /www.heizprofi.com HTTP/1.1" 404 - "-" "netEstate NE Crawler (+http://www.sengine.info/)"
81.209.177.145 - - [01/Apr/2012:02:23:11 +0200] "GET /news.php?cs_go=archiv&cs_id=2617&cs_search= HTTP/1.1" 200 10378 "-" "netEstate NE Crawler (+http://www.sengine.info/)"
81.209.177.145 - - [01/Apr/2012:02:23:22 +0200] "GET /news.php?cs_go=archiv&cs_id=1746&cs_search= HTTP/1.1" 200 12603 "-" "netEstate NE Crawler (+http://www.sengine.info/)"
81.209.177.145 - - [01/Apr/2012:02:23:34 +0200] "GET /news.php?cs_go=archiv&cs_id=1736&cs_search= HTTP/1.1" 200 13482 "-" "netEstate NE Crawler (+http://www.sengine.info/)"
76.72.167.164 - - [01/Apr/2012:02:23:43 +0200] "GET /robots.txt HTTP/1.0" 200 177 "-" "Mozilla/5.0 (compatible; MJ12bot/v1.4.2; http://www.majestic12.co.uk/bot.php?+)"
76.72.167.164 - - [01/Apr/2012:02:23:45 +0200] "GET / HTTP/1.0" 200 15385 "-" "Mozilla/5.0 (compatible; MJ12bot/v1.4.2; http://www.majestic12.co.uk/bot.php?+)"
81.209.177.145 - - [01/Apr/2012:02:23:47 +0200] "GET /lexikon.php?cs_go=3&cs_id=71 HTTP/1.1" 200 9052 "-" "netEstate NE Crawler (+http://www.sengine.info/)"
81.209.177.145 - - [01/Apr/2012:02:23:58 +0200] "GET /news.php?cs_go=archiv&cs_id=2813&cs_search= HTTP/1.1" 200 15973 "-" "netEstate NE Crawler (+http://www.sengine.info/)"
81.209.177.145 - - [01/Apr/2012:02:24:10 +0200] "GET /lexikon.php?cs_go=3&cs_id=153 HTTP/1.1" 200 8680 "-" "netEstate NE Crawler (+http://www.sengine.info/)"
81.209.177.145 - - [01/Apr/2012:02:24:23 +0200] "GET /lexikon.php?cs_go=3&cs_id=89 HTTP/1.1" 200 8344 "-" "netEstate NE Crawler (+http://www.sengine.info/)"
81.209.177.145 - - [01/Apr/2012:02:24:33 +0200] "GET /news.php?cs_go=archiv&cs_id=2473&cs_search= HTTP/1.1" 200 11205 "-" "netEstate NE Crawler (+http://www.sengine.info/)"
81.209.177.145 - - [01/Apr/2012:02:24:46 +0200] "GET /news.php?cs_go=archiv&cs_id=1794&cs_search= HTTP/1.1" 200 9451 "-" "netEstate NE Crawler (+http://www.sengine.info/)"
81.209.177.145 - - [01/Apr/2012:02:24:57 +0200] "GET /news.php?cs_go=archiv&cs_id=1770&cs_search= HTTP/1.1" 200 9510 "-" "netEstate NE Crawler (+http://www.sengine.info/)"
81.209.177.145 - - [01/Apr/2012:02:25:09 +0200] "GET /news.php?cs_go=archiv&cs_id=1726&cs_search= HTTP/1.1" 200 13193 "-" "netEstate NE Crawler (+http://www.sengine.info/)"
81.209.177.145 - - [01/Apr/2012:02:25:21 +0200] "GET /news.php?cs_go=archiv&cs_id=1800&cs_search= HTTP/1.1" 200 14080 "-" "netEstate NE Crawler (+http://www.sengine.info/)"
81.209.177.145 - - [01/Apr/2012:02:25:33 +0200] "GET /news.php?cs_go=archiv&cs_id=2679&cs_search= HTTP/1.1" 200 10667 "-" "netEstate NE Crawler (+http://www.sengine.info/)"
81.209.177.145 - - [01/Apr/2012:02:25:45 +0200] "GET /news.php?cs_go=archiv&cs_id=2424&cs_search= HTTP/1.1" 200 14284 "-" "netEstate NE Crawler (+http://www.sengine.info/)"
81.209.177.145 - - [01/Apr/2012:02:25:56 +0200] "GET /news.php?cs_go=archiv&cs_id=1876&cs_search= HTTP/1.1" 200 14048 "-" "netEstate NE Crawler (+http://www.sengine.info/)"
81.209.177.145 - - [01/Apr/2012:02:26:08 +0200] "GET /news.php?cs_go=archiv&cs_id=2540&cs_search= HTTP/1.1" 200 11924 "-" "netEstate NE Crawler (+http://www.sengine.info/)"
81.209.177.145 - - [01/Apr/2012:02:26:19 +0200] "GET /news.php?cs_go=archiv&cs_id=1812&cs_search= HTTP/1.1" 200 9900 "-" "netEstate NE Crawler (+http://www.sengine.info/)"
81.209.177.145 - - [01/Apr/2012:02:26:31 +0200] "GET /news.php?cs_go=archiv&cs_id=2457&cs_search= HTTP/1.1" 200 9247 "-" "netEstate NE Crawler (+http://www.sengine.info/)"
81.209.177.145 - - [01/Apr/2012:02:26:43 +0200] "GET /news.php?cs_go=archiv&cs_id=1905&cs_search= HTTP/1.1" 200 9767 "-" "netEstate NE Crawler (+http://www.sengine.info/)"
81.209.177.145 - - [01/Apr/2012:02:26:55 +0200] "GET /news.php?cs_go=archiv&cs_id=2742&cs_search= HTTP/1.1" 200 11106 "-" "netEstate NE Crawler (+http://www.sengine.info/)"
81.209.177.145 - - [01/Apr/2012:02:27:07 +0200] "GET /www.bmu.de/biokraftstoffe%AD HTTP/1.1" 404 - "-" "netEstate NE Crawler (+http://www.sengine.info/)"
81.209.177.145 - - [01/Apr/2012:02:27:17 +0200] "GET /news.php?cs_go=archiv&cs_id=1659&cs_search= HTTP/1.1" 200 11451 "-" "netEstate NE Crawler (+http://www.sengine.info/)"
81.209.177.145 - - [01/Apr/2012:02:27:29 +0200] "GET /lexikon.php?cs_go=3&cs_id=42 HTTP/1.1" 200 8309 "-" "netEstate NE Crawler (+http://www.sengine.info/)"
81.209.177.145 - - [01/Apr/2012:02:27:40 +0200] "GET /news.php?cs_go=archiv&cs_id=2795&cs_search= HTTP/1.1" 200 9828 "-" "netEstate NE Crawler (+http://www.sengine.info/)"
81.209.177.145 - - [01/Apr/2012:02:27:52 +0200] "GET /lexikon.php?cs_go=3&cs_id=59 HTTP/1.1" 200 8679 "-" "netEstate NE Crawler (+http://www.sengine.info/)"
81.209.177.145 - - [01/Apr/2012:02:28:04 +0200] "GET /news.php?cs_go=archiv&cs_id=2734&cs_search= HTTP/1.1" 200 13700 "-" "netEstate NE Crawler (+http://www.sengine.info/)"
81.209.177.145 - - [01/Apr/2012:02:28:16 +0200] "GET /lexikon.php?cs_go=3&cs_id=163 HTTP/1.1" 200 8166 "-" "netEstate NE Crawler (+http://www.sengine.info/)"
81.209.177.145 - - [01/Apr/2012:02:28:28 +0200] "GET /news.php?cs_go=archiv&cs_id=2425&cs_search= HTTP/1.1" 200 11559 "-" "netEstate NE Crawler (+http://www.sengine.info/)"
46.4.100.231 - - [01/Apr/2012:02:28:38 +0200] "GET /robots.txt HTTP/1.1" 200 177 "-" "BacklinkCrawler (http://www.backlinktest.com/crawler.html)"
46.4.100.231 - - [01/Apr/2012:02:28:38 +0200] "GET /sitemap.xml HTTP/1.1" 404 - "-" "BacklinkCrawler (http://www.backlinktest.com/crawler.html)"
81.209.177.145 - - [01/Apr/2012:02:28:39 +0200] "GET /news.php?cs_go=archiv&cs_id=2665&cs_search= HTTP/1.1" 200 13488 "-" "netEstate NE Crawler (+http://www.sengine.info/)"
46.4.100.231 - - [01/Apr/2012:02:28:40 +0200] "GET / HTTP/1.1" 200 15385 "-" "BacklinkCrawler (http://www.backlinktest.com/crawler.html)"
46.4.100.231 - - [01/Apr/2012:02:28:43 +0200] "GET /agb.php HTTP/1.1" 200 19709 "-" "BacklinkCrawler (http://www.backlinktest.com/crawler.html)"
46.4.100.231 - - [01/Apr/2012:02:28:45 +0200] "GET /optiplus.php HTTP/1.1" 200 11011 "-" "BacklinkCrawler (http://www.backlinktest.com/crawler.html)"
46.4.100.231 - - [01/Apr/2012:02:28:47 +0200] "GET /kwk.php HTTP/1.1" 200 10815 "-" "BacklinkCrawler (http://www.backlinktest.com/crawler.html)"
46.4.100.231 - - [01/Apr/2012:02:28:49 +0200] "GET /rueckrufservice.php HTTP/1.1" 200 10702 "-" "BacklinkCrawler (http://www.backlinktest.com/crawler.html)"
81.209.177.145 - - [01/Apr/2012:02:28:51 +0200] "GET /lexikon.php?cs_go=3&cs_id=75 HTTP/1.1" 200 8548 "-" "netEstate NE Crawler (+http://www.sengine.info/)"
46.4.100.231 - - [01/Apr/2012:02:28:52 +0200] "GET /news.php?cs_go=archiv HTTP/1.1" 200 22457 "-" "BacklinkCrawler (http://www.backlinktest.com/crawler.html)"
46.4.100.231 - - [01/Apr/2012:02:28:54 +0200] "GET /news.php?cs_go=archiv&cs_id=2953 HTTP/1.1" 200 22457 "-" "BacklinkCrawler (http://www.backlinktest.com/crawler.html)"
46.4.100.231 - - [01/Apr/2012:02:28:57 +0200] "GET /news.php?cs_go=archiv&cs_id=2940 HTTP/1.1" 200 22457 "-" "BacklinkCrawler (http://www.backlinktest.com/crawler.html)"
46.4.100.231 - - [01/Apr/2012:02:28:59 +0200] "GET /news.php?cs_go=archiv&cs_id=2954 HTTP/1.1" 200 22457 "-" "BacklinkCrawler (http://www.backlinktest.com/crawler.html)"
81.209.177.145 - - [01/Apr/2012:02:29:02 +0200] "GET /lexikon.php?cs_go=3&cs_id=190 HTTP/1.1" 200 8408 "-" "netEstate NE Crawler (+http://www.sengine.info/)"
46.4.100.231 - - [01/Apr/2012:02:29:02 +0200] "GET /news.php?cs_go=archiv&cs_id=2941 HTTP/1.1" 200 22457 "-" "BacklinkCrawler (http://www.backlinktest.com/crawler.html)"
46.4.100.231 - - [01/Apr/2012:02:29:04 +0200] "GET /impressum.php HTTP/1.1" 200 8500 "-" "BacklinkCrawler (http://www.backlinktest.com/crawler.html)"
46.4.100.231 - - [01/Apr/2012:02:29:07 +0200] "GET /kontakt.php HTTP/1.1" 200 9127 "-" "BacklinkCrawler (http://www.backlinktest.com/crawler.html)"
46.4.100.231 - - [01/Apr/2012:02:29:09 +0200] "GET /news.php HTTP/1.1" 200 22457 "-" "BacklinkCrawler (http://www.backlinktest.com/crawler.html)"
46.4.100.231 - - [01/Apr/2012:02:29:11 +0200] "GET /preisanfrage.php HTTP/1.1" 200 10636 "-" "BacklinkCrawler (http://www.backlinktest.com/crawler.html)"
81.209.177.145 - - [01/Apr/2012:02:29:14 +0200] "GET /lexikon.php?cs_go=3&cs_id=139 HTTP/1.1" 200 8125 "-" "netEstate NE Crawler (+http://www.sengine.info/)"
46.4.100.231 - - [01/Apr/2012:02:29:14 +0200] "GET /wunschpreis.php HTTP/1.1" 200 11985 "-" "BacklinkCrawler (http://www.backlinktest.com/crawler.html)"
46.4.100.231 - - [01/Apr/2012:02:29:16 +0200] "GET /standard.php HTTP/1.1" 200 9150 "-" "BacklinkCrawler (http://www.backlinktest.com/crawler.html)"
46.4.100.231 - - [01/Apr/2012:02:29:18 +0200] "GET /index.php HTTP/1.1" 200 15385 "-" "BacklinkCrawler (http://www.backlinktest.com/crawler.html)"
46.4.100.231 - - [01/Apr/2012:02:29:21 +0200] "GET /newsletter.php HTTP/1.1" 200 8839 "-" "BacklinkCrawler (http://www.backlinktest.com/crawler.html)"
46.4.100.231 - - [01/Apr/2012:02:29:24 +0200] "GET /foerdermittel.php HTTP/1.1" 200 12853 "-" "BacklinkCrawler (http://www.backlinktest.com/crawler.html)"
81.209.177.145 - - [01/Apr/2012:02:29:25 +0200] "GET /news.php?cs_go=archiv&cs_id=2434&cs_search= HTTP/1.1" 200 9148 "-" "netEstate NE Crawler (+http://www.sengine.info/)"
46.4.100.231 - - [01/Apr/2012:02:29:26 +0200] "GET /faq.php HTTP/1.1" 200 185842 "-" "BacklinkCrawler (http://www.backlinktest.com/crawler.html)"
46.4.100.231 - - [01/Apr/2012:02:29:34 +0200] "GET /edl.php HTTP/1.1" 200 10732 "-" "BacklinkCrawler (http://www.backlinktest.com/crawler.html)"
46.4.100.231 - - [01/Apr/2012:02:29:36 +0200] "GET /.php HTTP/1.1" 404 - "-" "BacklinkCrawler (http://www.backlinktest.com/crawler.html)"
81.209.177.145 - - [01/Apr/2012:02:29:38 +0200] "GET /news.php?cs_go=archiv&cs_id=2782&cs_search= HTTP/1.1" 200 12064 "-" "netEstate NE Crawler (+http://www.sengine.info/)"
46.4.100.231 - - [01/Apr/2012:02:29:38 +0200] "GET /diesel.php HTTP/1.1" 200 10571 "-" "BacklinkCrawler (http://www.backlinktest.com/crawler.html)"
46.4.100.231 - - [01/Apr/2012:02:29:41 +0200] "GET /additive.php HTTP/1.1" 200 15786 "-" "BacklinkCrawler (http://www.backlinktest.com/crawler.html)"
46.4.100.231 - - [01/Apr/2012:02:29:43 +0200] "GET /lexikon.php HTTP/1.1" 200 10427 "-" "BacklinkCrawler (http://www.backlinktest.com/crawler.html)"
46.4.100.231 - - [01/Apr/2012:02:29:45 +0200] "GET /energiesparcheck.php HTTP/1.1" 200 13490 "-" "BacklinkCrawler (http://www.backlinktest.com/crawler.html)"
46.4.100.231 - - [01/Apr/2012:02:29:48 +0200] "GET /modernisierung.php HTTP/1.1" 200 11511 "-" "BacklinkCrawler (http://www.backlinktest.com/crawler.html)"
46.4.100.231 - - [01/Apr/2012:02:29:50 +0200] "GET /kwk.php?cs_go=1 HTTP/1.1" 200 10815 "-" "BacklinkCrawler (http://www.backlinktest.com/crawler.html)"
46.4.100.231 - - [01/Apr/2012:02:29:52 +0200] "GET /kwk.php?cs_go=2 HTTP/1.1" 200 11786 "-" "BacklinkCrawler (http://www.backlinktest.com/crawler.html)"
46.4.100.231 - - [01/Apr/2012:02:29:55 +0200] "GET /kwk.php?cs_go=3 HTTP/1.1" 200 10216 "-" "BacklinkCrawler (http://www.backlinktest.com/crawler.html)"
46.4.100.231 - - [01/Apr/2012:02:29:57 +0200] "GET /kwk.php?cs_go=4 HTTP/1.1" 200 10186 "-" "BacklinkCrawler (http://www.backlinktest.com/crawler.html)"
46.4.100.231 - - [01/Apr/2012:02:29:59 +0200] "GET /news.php?cs_go=archiv&cs_id=2941&cs_search= HTTP/1.1" 200 22457 "-" "BacklinkCrawler (http://www.backlinktest.com/crawler.html)"
46.4.100.231 - - [01/Apr/2012:02:30:02 +0200] "GET /news.php?cs_go=archiv&cs_id=2954&cs_search= HTTP/1.1" 200 22457 "-" "BacklinkCrawler (http://www.backlinktest.com/crawler.html)"
81.209.177.145 - - [01/Apr/2012:02:30:03 +0200] "GET /news.php?cs_go=archiv&cs_id=1731&cs_search= HTTP/1.1" 200 14338 "-" "netEstate NE Crawler (+http://www.sengine.info/)"
81.209.177.145 - - [01/Apr/2012:02:30:05 +0200] "GET /robots.txt HTTP/1.1" 200 177 "-" "netEstate NE Crawler (+http://www.sengine.info/)"
46.4.100.231 - - [01/Apr/2012:02:30:05 +0200] "GET /news.php?cs_go=archiv&cs_id=2940&cs_search= HTTP/1.1" 200 22457 "-" "BacklinkCrawler (http://www.backlinktest.com/crawler.html)"
46.4.100.231 - - [01/Apr/2012:02:30:08 +0200] "GET /news.php?cs_go=archiv&cs_id=2953&cs_search= HTTP/1.1" 200 22457 "-" "BacklinkCrawler (http://www.backlinktest.com/crawler.html)"
46.4.100.231 - - [01/Apr/2012:02:30:11 +0200] "GET /news.php?cs_go=archiv&cs_id=2952&cs_search= HTTP/1.1" 200 22457 "-" "BacklinkCrawler (http://www.backlinktest.com/crawler.html)"
46.4.100.231 - - [01/Apr/2012:02:30:13 +0200] "GET /news.php?cs_go=archiv&cs_id=2939&cs_search= HTTP/1.1" 200 22457 "-" "BacklinkCrawler (http://www.backlinktest.com/crawler.html)"
46.4.100.231 - - [01/Apr/2012:02:30:16 +0200] "GET /news.php?cs_go=archiv&cs_id=2951&cs_search= HTTP/1.1" 200 22457 "-" "BacklinkCrawler (http://www.backlinktest.com/crawler.html)"
81.209.177.145 - - [01/Apr/2012:02:30:16 +0200] "GET /news.php?cs_go=archiv&cs_id=1741&cs_search= HTTP/1.1" 200 14216 "-" "netEstate NE Crawler (+http://www.sengine.info/)"
46.4.100.231 - - [01/Apr/2012:02:30:18 +0200] "GET /news.php?cs_go=archiv&cs_id=2948&cs_search= HTTP/1.1" 200 22457 "-" "BacklinkCrawler (http://www.backlinktest.com/crawler.html)"
46.4.100.231 - - [01/Apr/2012:02:30:21 +0200] "GET /news.php?cs_go=archiv&cs_id=2938&cs_search= HTTP/1.1" 200 22457 "-" "BacklinkCrawler (http://www.backlinktest.com/crawler.html)"
46.4.100.231 - - [01/Apr/2012:02:30:24 +0200] "GET /news.php?cs_go=archiv&cs_id=2947&cs_search= HTTP/1.1" 200 22457 "-" "BacklinkCrawler (http://www.backlinktest.com/crawler.html)"
46.4.100.231 - - [01/Apr/2012:02:30:26 +0200] "GET /news.php?cs_go=archiv&cs_startpos=0 HTTP/1.1" 200 22457 "-" "BacklinkCrawler (http://www.backlinktest.com/crawler.html)"
81.209.177.145 - - [01/Apr/2012:02:30:29 +0200] "GET /news.php?cs_go=archiv&cs_id=2634&cs_search= HTTP/1.1" 200 11235 "-" "netEstate NE Crawler (+http://www.sengine.info/)"
46.4.100.231 - - [01/Apr/2012:02:30:29 +0200] "GET /news.php?cs_go=archiv&cs_startpos=10 HTTP/1.1" 200 22457 "-" "BacklinkCrawler (http://www.backlinktest.com/crawler.html)"
46.4.100.231 - - [01/Apr/2012:02:30:31 +0200] "GET /news.php?cs_go=archiv&cs_startpos=20 HTTP/1.1" 200 22457 "-" "BacklinkCrawler (http://www.backlinktest.com/crawler.html)"
46.4.100.231 - - [01/Apr/2012:02:30:34 +0200] "GET /news.php?cs_go=archiv&cs_startpos=30 HTTP/1.1" 200 22457 "-" "BacklinkCrawler (http://www.backlinktest.com/crawler.html)"
46.4.100.231 - - [01/Apr/2012:02:30:37 +0200] "GET /news.php?cs_go=archiv&cs_startpos=40 HTTP/1.1" 200 22457 "-" "BacklinkCrawler (http://www.backlinktest.com/crawler.html)"
81.209.177.145 - - [01/Apr/2012:02:30:40 +0200] "GET /news.php?cs_go=archiv&cs_id=2525&cs_search= HTTP/1.1" 200 17525 "-" "netEstate NE Crawler (+http://www.sengine.info/)"
46.4.100.231 - - [01/Apr/2012:02:30:40 +0200] "GET /news.php?cs_go=archiv&cs_startpos=50 HTTP/1.1" 200 22457 "-" "BacklinkCrawler (http://www.backlinktest.com/crawler.html)"
46.4.100.231 - - [01/Apr/2012:02:30:42 +0200] "GET /news.php?cs_go=archiv&cs_startpos=1240 HTTP/1.1" 200 22457 "-" "BacklinkCrawler (http://www.backlinktest.com/crawler.html)"
46.4.100.231 - - [01/Apr/2012:02:30:45 +0200] "GET /lexikon.php?cs_go=2&cs_char=a HTTP/1.1" 200 9734 "-" "BacklinkCrawler (http://www.backlinktest.com/crawler.html)"
46.4.100.231 - - [01/Apr/2012:02:30:47 +0200] "GET /lexikon.php?cs_go=2&cs_char=b HTTP/1.1" 200 9661 "-" "BacklinkCrawler (http://www.backlinktest.com/crawler.html)"
46.4.100.231 - - [01/Apr/2012:02:30:50 +0200] "GET /lexikon.php?cs_go=2&cs_char=c HTTP/1.1" 200 8767 "-" "BacklinkCrawler (http://www.backlinktest.com/crawler.html)"
46.4.100.231 - - [01/Apr/2012:02:30:52 +0200] "GET /lexikon.php?cs_go=2&cs_char=d HTTP/1.1" 200 9352 "-" "BacklinkCrawler (http://www.backlinktest.com/crawler.html)"
81.209.177.145 - - [01/Apr/2012:02:30:52 +0200] "GET /lexikon.php?cs_go=3&cs_id=127 HTTP/1.1" 200 10015 "-" "netEstate NE Crawler (+http://www.sengine.info/)"
46.4.100.231 - - [01/Apr/2012:02:30:54 +0200] "GET /lexikon.php?cs_go=2&cs_char=e HTTP/1.1" 200 9010 "-" "BacklinkCrawler (http://www.backlinktest.com/crawler.html)"
46.4.100.231 - - [01/Apr/2012:02:30:56 +0200] "GET /lexikon.php?cs_go=2&cs_char=f HTTP/1.1" 200 9526 "-" "BacklinkCrawler (http://www.backlinktest.com/crawler.html)"
46.4.100.231 - - [01/Apr/2012:02:30:59 +0200] "GET /lexikon.php?cs_go=2&cs_char=g HTTP/1.1" 200 9057 "-" "BacklinkCrawler (http://www.backlinktest.com/crawler.html)"
46.4.100.231 - - [01/Apr/2012:02:31:01 +0200] "GET /lexikon.php?cs_go=2&cs_char=h HTTP/1.1" 200 8618 "-" "BacklinkCrawler (http://www.backlinktest.com/crawler.html)"
46.4.100.231 - - [01/Apr/2012:02:31:03 +0200] "GET /lexikon.php?cs_go=2&cs_char=i HTTP/1.1" 200 8333 "-" "BacklinkCrawler (http://www.backlinktest.com/crawler.html)"
81.209.177.145 - - [01/Apr/2012:02:31:04 +0200] "GET /news.php?cs_go=archiv&cs_id=2625&cs_search= HTTP/1.1" 200 13149 "-" "netEstate NE Crawler (+http://www.sengine.info/)"
46.4.100.231 - - [01/Apr/2012:02:31:05 +0200] "GET /lexikon.php?cs_go=2&cs_char=j HTTP/1.1" 200 8513 "-" "BacklinkCrawler (http://www.backlinktest.com/crawler.html)"
46.4.100.231 - - [01/Apr/2012:02:31:08 +0200] "GET /lexikon.php?cs_go=2&cs_char=k HTTP/1.1" 200 9810 "-" "BacklinkCrawler (http://www.backlinktest.com/crawler.html)"
46.4.100.231 - - [01/Apr/2012:02:31:10 +0200] "GET /lexikon.php?cs_go=2&cs_char=l HTTP/1.1" 200 8704 "-" "BacklinkCrawler (http://www.backlinktest.com/crawler.html)"
46.4.100.231 - - [01/Apr/2012:02:31:12 +0200] "GET /lexikon.php?cs_go=2&cs_char=m HTTP/1.1" 200 9004 "-" "BacklinkCrawler (http://www.backlinktest.com/crawler.html)"
46.4.100.231 - - [01/Apr/2012:02:31:15 +0200] "GET /lexikon.php?cs_go=2&cs_char=n HTTP/1.1" 200 8509 "-" "BacklinkCrawler (http://www.backlinktest.com/crawler.html)"
81.209.177.145 - - [01/Apr/2012:02:31:16 +0200] "GET /news.php?cs_go=archiv&cs_id=2666&cs_search= HTTP/1.1" 200 10141 "-" "netEstate NE Crawler (+http://www.sengine.info/)"
46.4.100.231 - - [01/Apr/2012:02:31:17 +0200] "GET /lexikon.php?cs_go=2&cs_char=o HTTP/1.1" 200 9192 "-" "BacklinkCrawler (http://www.backlinktest.com/crawler.html)"
46.4.100.231 - - [01/Apr/2012:02:31:19 +0200] "GET /lexikon.php?cs_go=2&cs_char=p HTTP/1.1" 200 9097 "-" "BacklinkCrawler (http://www.backlinktest.com/crawler.html)"
46.4.100.231 - - [01/Apr/2012:02:31:21 +0200] "GET /lexikon.php?cs_go=2&cs_char=q HTTP/1.1" 200 8093 "-" "BacklinkCrawler (http://www.backlinktest.com/crawler.html)"
46.4.100.231 - - [01/Apr/2012:02:31:24 +0200] "GET /lexikon.php?cs_go=2&cs_char=r HTTP/1.1" 200 9663 "-" "BacklinkCrawler (http://www.backlinktest.com/crawler.html)"
46.4.100.231 - - [01/Apr/2012:02:31:26 +0200] "GET /lexikon.php?cs_go=2&cs_char=s HTTP/1.1" 200 9999 "-" "BacklinkCrawler (http://www.backlinktest.com/crawler.html)"
81.209.177.145 - - [01/Apr/2012:02:31:27 +0200] "GET /news.php?cs_go=archiv&cs_id=1902&cs_search= HTTP/1.1" 200 10504 "-" "netEstate NE Crawler (+http://www.sengine.info/)"
46.4.100.231 - - [01/Apr/2012:02:31:28 +0200] "GET /lexikon.php?cs_go=2&cs_char=t HTTP/1.1" 200 8696 "-" "BacklinkCrawler (http://www.backlinktest.com/crawler.html)"
46.4.100.231 - - [01/Apr/2012:02:31:30 +0200] "GET /lexikon.php?cs_go=2&cs_char=u HTTP/1.1" 200 8675 "-" "BacklinkCrawler (http://www.backlinktest.com/crawler.html)"
46.4.100.231 - - [01/Apr/2012:02:31:33 +0200] "GET /lexikon.php?cs_go=2&cs_char=v HTTP/1.1" 200 9048 "-" "BacklinkCrawler (http://www.backlinktest.com/crawler.html)"
46.4.100.231 - - [01/Apr/2012:02:31:35 +0200] "GET /lexikon.php?cs_go=2&cs_char=w HTTP/1.1" 200 8518 "-" "BacklinkCrawler (http://www.backlinktest.com/crawler.html)"
46.4.100.231 - - [01/Apr/2012:02:31:37 +0200] "GET /lexikon.php?cs_go=2&cs_char=x HTTP/1.1" 200 8513 "-" "BacklinkCrawler (http://www.backlinktest.com/crawler.html)"
81.209.177.145 - - [01/Apr/2012:02:31:38 +0200] "GET /news.php?cs_go=archiv&cs_id=2587&cs_search= HTTP/1.1" 200 9085 "-" "netEstate NE Crawler (+http://www.sengine.info/)"
46.4.100.231 - - [01/Apr/2012:02:31:40 +0200] "GET /lexikon.php?cs_go=2&cs_char=y HTTP/1.1" 200 8513 "-" "BacklinkCrawler (http://www.backlinktest.com/crawler.html)"
46.4.100.231 - - [01/Apr/2012:02:31:42 +0200] "GET /lexikon.php?cs_go=2&cs_char=z HTTP/1.1" 200 8192 "-" "BacklinkCrawler (http://www.backlinktest.com/crawler.html)"
46.4.100.231 - - [01/Apr/2012:02:31:44 +0200] "GET /modernisierung.php?cs_gp_go=plus HTTP/1.1" 200 11511 "-" "BacklinkCrawler (http://www.backlinktest.com/crawler.html)"
46.4.100.231 - - [01/Apr/2012:02:31:46 +0200] "GET /modernisierung.php?cs_gp_go=description HTTP/1.1" 200 10704 "-" "BacklinkCrawler (http://www.backlinktest.com/crawler.html)"
46.4.100.231 - - [01/Apr/2012:02:31:49 +0200] "GET /modernisierung.php?cs_gp_go=coupon HTTP/1.1" 200 10129 "-" "BacklinkCrawler (http://www.backlinktest.com/crawler.html)"
46.4.100.231 - - [01/Apr/2012:02:31:51 +0200] "GET /ansprechpartner.php HTTP/1.1" 404 - "-" "BacklinkCrawler (http://www.backlinktest.com/crawler.html)"
81.209.177.145 - - [01/Apr/2012:02:31:52 +0200] "GET /news.php?cs_go=archiv&cs_startpos=400 HTTP/1.1" 200 22853 "-" "netEstate NE Crawler (+http://www.sengine.info/)"
46.4.100.231 - - [01/Apr/2012:02:31:53 +0200] "GET /lexikon.php?cs_go=3&cs_id=1 HTTP/1.1" 200 8478 "-" "BacklinkCrawler (http://www.backlinktest.com/crawler.html)"
46.4.100.231 - - [01/Apr/2012:02:31:55 +0200] "GET /lexikon.php?cs_go=3&cs_id=2 HTTP/1.1" 200 8355 "-" "BacklinkCrawler (http://www.backlinktest.com/crawler.html)"
46.4.100.231 - - [01/Apr/2012:02:31:58 +0200] "GET /lexikon.php?cs_go=3&cs_id=3 HTTP/1.1" 200 8416 "-" "BacklinkCrawler (http://www.backlinktest.com/crawler.html)"
46.4.100.231 - - [01/Apr/2012:02:32:00 +0200] "GET /lexikon.php?cs_go=3&cs_id=4 HTTP/1.1" 200 8120 "-" "BacklinkCrawler (http://www.backlinktest.com/crawler.html)"
46.4.100.231 - - [01/Apr/2012:02:32:02 +0200] "GET /lexikon.php?cs_go=3&cs_id=5 HTTP/1.1" 200 8119 "-" "BacklinkCrawler (http://www.backlinktest.com/crawler.html)"
81.209.177.145 - - [01/Apr/2012:02:32:04 +0200] "GET /news.php?cs_go=archiv&cs_id=2513&cs_search= HTTP/1.1" 200 15073 "-" "netEstate NE Crawler (+http://www.sengine.info/)"
46.4.100.231 - - [01/Apr/2012:02:32:04 +0200] "GET /lexikon.php?cs_go=3&cs_id=6 HTTP/1.1" 200 8096 "-" "BacklinkCrawler (http://www.backlinktest.com/crawler.html)"
46.4.100.231 - - [01/Apr/2012:02:32:07 +0200] "GET /lexikon.php?cs_go=3&cs_id=7 HTTP/1.1" 200 8429 "-" "BacklinkCrawler (http://www.backlinktest.com/crawler.html)"
46.4.100.231 - - [01/Apr/2012:02:32:09 +0200] "GET /lexikon.php?cs_go=3&cs_id=8 HTTP/1.1" 200 9172 "-" "BacklinkCrawler (http://www.backlinktest.com/crawler.html)"
46.4.100.231 - - [01/Apr/2012:02:32:11 +0200] "GET /lexikon.php?cs_go=3&cs_id=10 HTTP/1.1" 200 8509 "-" "BacklinkCrawler (http://www.backlinktest.com/crawler.html)"
46.4.100.231 - - [01/Apr/2012:02:32:14 +0200] "GET /lexikon.php?cs_go=3&cs_id=11 HTTP/1.1" 200 8106 "-" "BacklinkCrawler (http://www.backlinktest.com/crawler.html)"
81.209.177.145 - - [01/Apr/2012:02:32:15 +0200] "GET /news.php?cs_go=archiv&cs_id=2661&cs_search= HTTP/1.1" 200 10864 "-" "netEstate NE Crawler (+http://www.sengine.info/)"
46.4.100.231 - - [01/Apr/2012:02:32:16 +0200] "GET /lexikon.php?cs_go=3&cs_id=12 HTTP/1.1" 200 8504 "-" "BacklinkCrawler (http://www.backlinktest.com/crawler.html)"
46.4.100.231 - - [01/Apr/2012:02:32:18 +0200] "GET /lexikon.php?cs_go=3&cs_id=13 HTTP/1.1" 200 7998 "-" "BacklinkCrawler (http://www.backlinktest.com/crawler.html)"
46.4.100.231 - - [01/Apr/2012:02:32:20 +0200] "GET /lexikon.php?cs_go=3&cs_id=14 HTTP/1.1" 200 8485 "-" "BacklinkCrawler (http://www.backlinktest.com/crawler.html)"
46.4.100.231 - - [01/Apr/2012:02:32:23 +0200] "GET /lexikon.php?cs_go=3&cs_id=15 HTTP/1.1" 200 7969 "-" "BacklinkCrawler (http://www.backlinktest.com/crawler.html)"
46.4.100.231 - - [01/Apr/2012:02:32:25 +0200] "GET /lexikon.php?cs_go=3&cs_id=16 HTTP/1.1" 200 8849 "-" "BacklinkCrawler (http://www.backlinktest.com/crawler.html)"
81.209.177.145 - - [01/Apr/2012:02:32:26 +0200] "GET /lexikon.php?cs_go=3&cs_id=208 HTTP/1.1" 200 8288 "-" "netEstate NE Crawler (+http://www.sengine.info/)"
46.4.100.231 - - [01/Apr/2012:02:32:27 +0200] "GET /lexikon.php?cs_go=3&cs_id=17 HTTP/1.1" 200 8392 "-" "BacklinkCrawler (http://www.backlinktest.com/crawler.html)"
46.4.100.231 - - [01/Apr/2012:02:32:29 +0200] "GET /lexikon.php?cs_go=3&cs_id=18 HTTP/1.1" 200 7937 "-" "BacklinkCrawler (http://www.backlinktest.com/crawler.html)"
46.4.100.231 - - [01/Apr/2012:02:32:32 +0200] "GET /lexikon.php?cs_go=3&cs_id=19 HTTP/1.1" 200 9942 "-" "BacklinkCrawler (http://www.backlinktest.com/crawler.html)"
46.4.100.231 - - [01/Apr/2012:02:32:34 +0200] "GET /lexikon.php?cs_go=3&cs_id=20 HTTP/1.1" 200 8909 "-" "BacklinkCrawler (http://www.backlinktest.com/crawler.html)"
46.4.100.231 - - [01/Apr/2012:02:32:36 +0200] "GET /lexikon.php?cs_go=3&cs_id=21 HTTP/1.1" 200 8980 "-" "BacklinkCrawler (http://www.backlinktest.com/crawler.html)"
81.209.177.145 - - [01/Apr/2012:02:32:38 +0200] "GET /news.php?cs_go=archiv&cs_id=1886&cs_search= HTTP/1.1" 200 13906 "-" "netEstate NE Crawler (+http://www.sengine.info/)"
46.4.100.231 - - [01/Apr/2012:02:32:38 +0200] "GET /lexikon.php?cs_go=3&cs_id=22 HTTP/1.1" 200 8648 "-" "BacklinkCrawler (http://www.backlinktest.com/crawler.html)"
46.4.100.231 - - [01/Apr/2012:02:32:41 +0200] "GET /lexikon.php?cs_go=3&cs_id=23 HTTP/1.1" 200 9268 "-" "BacklinkCrawler (http://www.backlinktest.com/crawler.html)"
46.4.100.231 - - [01/Apr/2012:02:32:43 +0200] "GET /lexikon.php?cs_go=3&cs_id=24 HTTP/1.1" 200 7967 "-" "BacklinkCrawler (http://www.backlinktest.com/crawler.html)"
46.4.100.231 - - [01/Apr/2012:02:32:45 +0200] "GET /lexikon.php?cs_go=3&cs_id=25 HTTP/1.1" 200 8353 "-" "BacklinkCrawler (http://www.backlinktest.com/crawler.html)"
46.4.100.231 - - [01/Apr/2012:02:32:48 +0200] "GET /lexikon.php?cs_go=3&cs_id=26 HTTP/1.1" 200 10739 "-" "BacklinkCrawler (http://www.backlinktest.com/crawler.html)"
81.209.177.145 - - [01/Apr/2012:02:32:49 +0200] "GET /lexikon.php?cs_go=3&cs_id=30 HTTP/1.1" 200 7930 "-" "netEstate NE Crawler (+http://www.sengine.info/)"
46.4.100.231 - - [01/Apr/2012:02:32:50 +0200] "GET /lexikon.php?cs_go=3&cs_id=27 HTTP/1.1" 200 8408 "-" "BacklinkCrawler (http://www.backlinktest.com/crawler.html)"
46.4.100.231 - - [01/Apr/2012:02:32:52 +0200] "GET /lexikon.php?cs_go=3&cs_id=28 HTTP/1.1" 200 8260 "-" "BacklinkCrawler (http://www.backlinktest.com/crawler.html)"
46.4.100.231 - - [01/Apr/2012:02:32:54 +0200] "GET /lexikon.php?cs_go=3&cs_id=29 HTTP/1.1" 200 8315 "-" "BacklinkCrawler (http://www.backlinktest.com/crawler.html)"
46.4.100.231 - - [01/Apr/2012:02:32:57 +0200] "GET /lexikon.php?cs_go=3&cs_id=30 HTTP/1.1" 200 7930 "-" "BacklinkCrawler (http://www.backlinktest.com/crawler.html)"
46.4.100.231 - - [01/Apr/2012:02:32:59 +0200] "GET /lexikon.php?cs_go=3&cs_id=31 HTTP/1.1" 200 7935 "-" "BacklinkCrawler (http://www.backlinktest.com/crawler.html)"
81.209.177.145 - - [01/Apr/2012:02:33:00 +0200] "GET /news.php?cs_go=archiv&cs_id=2428&cs_search= HTTP/1.1" 200 14416 "-" "netEstate NE Crawler (+http://www.sengine.info/)"
46.4.100.231 - - [01/Apr/2012:02:33:01 +0200] "GET /lexikon.php?cs_go=3&cs_id=32 HTTP/1.1" 200 8081 "-" "BacklinkCrawler (http://www.backlinktest.com/crawler.html)"
46.4.100.231 - - [01/Apr/2012:02:33:03 +0200] "GET /lexikon.php?cs_go=3&cs_id=33 HTTP/1.1" 200 8693 "-" "BacklinkCrawler (http://www.backlinktest.com/crawler.html)"
46.4.100.231 - - [01/Apr/2012:02:33:06 +0200] "GET /lexikon.php?cs_go=3&cs_id=34 HTTP/1.1" 200 8299 "-" "BacklinkCrawler (http://www.backlinktest.com/crawler.html)"
46.4.100.231 - - [01/Apr/2012:02:33:08 +0200] "GET /lexikon.php?cs_go=3&cs_id=35 HTTP/1.1" 200 8345 "-" "BacklinkCrawler (http://www.backlinktest.com/crawler.html)"
46.4.100.231 - - [01/Apr/2012:02:33:10 +0200] "GET /lexikon.php?cs_go=3&cs_id=36 HTTP/1.1" 200 8648 "-" "BacklinkCrawler (http://www.backlinktest.com/crawler.html)"
81.209.177.145 - - [01/Apr/2012:02:33:13 +0200] "GET /news.php?cs_go=archiv&cs_id=2912&cs_search= HTTP/1.1" 200 9701 "-" "netEstate NE Crawler (+http://www.sengine.info/)"
46.4.100.231 - - [01/Apr/2012:02:33:13 +0200] "GET /lexikon.php?cs_go=3&cs_id=37 HTTP/1.1" 200 8264 "-" "BacklinkCrawler (http://www.backlinktest.com/crawler.html)"
46.4.100.231 - - [01/Apr/2012:02:33:15 +0200] "GET /lexikon.php?cs_go=3&cs_id=38 HTTP/1.1" 200 8091 "-" "BacklinkCrawler (http://www.backlinktest.com/crawler.html)"
46.4.100.231 - - [01/Apr/2012:02:33:17 +0200] "GET /lexikon.php?cs_go=3&cs_id=39 HTTP/1.1" 200 8292 "-" "BacklinkCrawler (http://www.backlinktest.com/crawler.html)"
46.4.100.231 - - [01/Apr/2012:02:33:20 +0200] "GET /lexikon.php?cs_go=3&cs_id=40 HTTP/1.1" 200 12102 "-" "BacklinkCrawler (http://www.backlinktest.com/crawler.html)"
46.4.100.231 - - [01/Apr/2012:02:33:22 +0200] "GET /lexikon.php?cs_go=3&cs_id=41 HTTP/1.1" 200 8298 "-" "BacklinkCrawler (http://www.backlinktest.com/crawler.html)"
81.209.177.145 - - [01/Apr/2012:02:33:23 +0200] "GET /news.php?cs_go=archiv&cs_id=2675&cs_search= HTTP/1.1" 200 10404 "-" "netEstate NE Crawler (+http://www.sengine.info/)"
46.4.100.231 - - [01/Apr/2012:02:33:24 +0200] "GET /lexikon.php?cs_go=3&cs_id=42 HTTP/1.1" 200 8309 "-" "BacklinkCrawler (http://www.backlinktest.com/crawler.html)"
46.4.100.231 - - [01/Apr/2012:02:33:26 +0200] "GET /lexikon.php?cs_go=3&cs_id=43 HTTP/1.1" 200 7938 "-" "BacklinkCrawler (http://www.backlinktest.com/crawler.html)"
46.4.100.231 - - [01/Apr/2012:02:33:29 +0200] "GET /lexikon.php?cs_go=3&cs_id=44 HTTP/1.1" 200 7938 "-" "BacklinkCrawler (http://www.backlinktest.com/crawler.html)"
46.4.100.231 - - [01/Apr/2012:02:33:31 +0200] "GET /lexikon.php?cs_go=3&cs_id=45 HTTP/1.1" 200 7931 "-" "BacklinkCrawler (http://www.backlinktest.com/crawler.html)"
46.4.100.231 - - [01/Apr/2012:02:33:33 +0200] "GET /lexikon.php?cs_go=3&cs_id=46 HTTP/1.1" 200 7938 "-" "BacklinkCrawler (http://www.backlinktest.com/crawler.html)"
81.209.177.145 - - [01/Apr/2012:02:33:35 +0200] "GET /news.php?cs_go=archiv&cs_id=1901&cs_search= HTTP/1.1" 200 13935 "-" "netEstate NE Crawler (+http://www.sengine.info/)"
46.4.100.231 - - [01/Apr/2012:02:33:35 +0200] "GET /lexikon.php?cs_go=3&cs_id=47 HTTP/1.1" 200 10871 "-" "BacklinkCrawler (http://www.backlinktest.com/crawler.html)"
46.4.100.231 - - [01/Apr/2012:02:33:38 +0200] "GET /lexikon.php?cs_go=3&cs_id=48 HTTP/1.1" 200 9379 "-" "BacklinkCrawler (http://www.backlinktest.com/crawler.html)"
46.4.100.231 - - [01/Apr/2012:02:33:40 +0200] "GET /lexikon.php?cs_go=3&cs_id=49 HTTP/1.1" 200 9099 "-" "BacklinkCrawler (http://www.backlinktest.com/crawler.html)"
46.4.100.231 - - [01/Apr/2012:02:33:42 +0200] "GET /lexikon.php?cs_go=3&cs_id=50 HTTP/1.1" 200 8664 "-" "BacklinkCrawler (http://www.backlinktest.com/crawler.html)"
46.4.100.231 - - [01/Apr/2012:02:33:45 +0200] "GET /lexikon.php?cs_go=3&cs_id=51 HTTP/1.1" 200 8642 "-" "BacklinkCrawler (http://www.backlinktest.com/crawler.html)"
46.4.100.231 - - [01/Apr/2012:02:33:47 +0200] "GET /lexikon.php?cs_go=3&cs_id=52 HTTP/1.1" 200 8710 "-" "BacklinkCrawler (http://www.backlinktest.com/crawler.html)"
81.209.177.145 - - [01/Apr/2012:02:33:48 +0200] "GET /news.php?cs_go=archiv&cs_id=1881&cs_search= HTTP/1.1" 200 11817 "-" "netEstate NE Crawler (+http://www.sengine.info/)"
46.4.100.231 - - [01/Apr/2012:02:33:49 +0200] "GET /lexikon.php?cs_go=3&cs_id=53 HTTP/1.1" 200 8109 "-" "BacklinkCrawler (http://www.backlinktest.com/crawler.html)"
46.4.100.231 - - [01/Apr/2012:02:33:51 +0200] "GET /lexikon.php?cs_go=3&cs_id=54 HTTP/1.1" 200 7937 "-" "BacklinkCrawler (http://www.backlinktest.com/crawler.html)"
46.4.100.231 - - [01/Apr/2012:02:33:54 +0200] "GET /lexikon.php?cs_go=3&cs_id=55 HTTP/1.1" 200 7952 "-" "BacklinkCrawler (http://www.backlinktest.com/crawler.html)"
46.4.100.231 - - [01/Apr/2012:02:33:56 +0200] "GET /lexikon.php?cs_go=3&cs_id=56 HTTP/1.1" 200 7939 "-" "BacklinkCrawler (http://www.backlinktest.com/crawler.html)"
46.4.100.231 - - [01/Apr/2012:02:33:58 +0200] "GET /lexikon.php?cs_go=3&cs_id=57 HTTP/1.1" 200 10090 "-" "BacklinkCrawler (http://www.backlinktest.com/crawler.html)"
81.209.177.145 - - [01/Apr/2012:02:34:00 +0200] "GET /news.php?cs_go=archiv&cs_id=2423&cs_search= HTTP/1.1" 200 10702 "-" "netEstate NE Crawler (+http://www.sengine.info/)"
46.4.100.231 - - [01/Apr/2012:02:34:00 +0200] "GET /lexikon.php?cs_go=3&cs_id=58 HTTP/1.1" 200 10772 "-" "BacklinkCrawler (http://www.backlinktest.com/crawler.html)"
46.4.100.231 - - [01/Apr/2012:02:34:03 +0200] "GET /lexikon.php?cs_go=3&cs_id=59 HTTP/1.1" 200 8679 "-" "BacklinkCrawler (http://www.backlinktest.com/crawler.html)"
46.4.100.231 - - [01/Apr/2012:02:34:05 +0200] "GET /lexikon.php?cs_go=3&cs_id=60 HTTP/1.1" 200 8441 "-" "BacklinkCrawler (http://www.backlinktest.com/crawler.html)"
46.4.100.231 - - [01/Apr/2012:02:34:07 +0200] "GET /lexikon.php?cs_go=3&cs_id=61 HTTP/1.1" 200 8729 "-" "BacklinkCrawler (http://www.backlinktest.com/crawler.html)"
46.4.100.231 - - [01/Apr/2012:02:34:10 +0200] "GET /lexikon.php?cs_go=3&cs_id=62 HTTP/1.1" 200 8499 "-" "BacklinkCrawler (http://www.backlinktest.com/crawler.html)"
46.4.100.231 - - [01/Apr/2012:02:34:12 +0200] "GET /lexikon.php?cs_go=3&cs_id=63 HTTP/1.1" 200 8316 "-" "BacklinkCrawler (http://www.backlinktest.com/crawler.html)"
81.209.177.145 - - [01/Apr/2012:02:34:12 +0200] "GET /news.php?cs_go=archiv&cs_id=2458&cs_search= HTTP/1.1" 200 14180 "-" "netEstate NE Crawler (+http://www.sengine.info/)"
46.4.100.231 - - [01/Apr/2012:02:34:14 +0200] "GET /lexikon.php?cs_go=3&cs_id=64 HTTP/1.1" 200 8660 "-" "BacklinkCrawler (http://www.backlinktest.com/crawler.html)"
46.4.100.231 - - [01/Apr/2012:02:34:16 +0200] "GET /lexikon.php?cs_go=3&cs_id=128 HTTP/1.1" 200 8424 "-" "BacklinkCrawler (http://www.backlinktest.com/crawler.html)"
46.4.100.231 - - [01/Apr/2012:02:34:19 +0200] "GET /lexikon.php?cs_go=3&cs_id=65 HTTP/1.1" 200 8548 "-" "BacklinkCrawler (http://www.backlinktest.com/crawler.html)"
46.4.100.231 - - [01/Apr/2012:02:34:21 +0200] "GET /lexikon.php?cs_go=3&cs_id=66 HTTP/1.1" 200 7932 "-" "BacklinkCrawler (http://www.backlinktest.com/crawler.html)"
46.4.100.231 - - [01/Apr/2012:02:34:23 +0200] "GET /lexikon.php?cs_go=3&cs_id=67 HTTP/1.1" 200 8557 "-" "BacklinkCrawler (http://www.backlinktest.com/crawler.html)"
81.209.177.145 - - [01/Apr/2012:02:34:26 +0200] "GET /news.php?cs_go=archiv&cs_id=2508&cs_search= HTTP/1.1" 200 10228 "-" "netEstate NE Crawler (+http://www.sengine.info/)"
