66.249.71.12 - - [07/Apr/2012:13:56:04 +0200] "GET / HTTP/1.1" 200 15327 "-" "SAMSUNG-SGH-E250/1.0 Profile/MIDP-2.0 Configuration/CLDC-1.1 UP.Browser/6.2.3.3.c.1.101 (GUI) MMP/2.0 (compatible; Googlebot-Mobile/2.1; +http://www.google.com/bot.html)"
88.198.24.173 - - [07/Apr/2012:14:23:20 +0200] "GET /robots.txt HTTP/1.1" 200 177 "-" "ssearch_bot (sSearch Crawler; http://www.semantissimo.de)"
88.198.24.173 - - [07/Apr/2012:14:23:20 +0200] "GET /news.php HTTP/1.1" 200 22290 "-" "ssearch_bot (sSearch Crawler; http://www.semantissimo.de)"
139.18.2.17 - - [07/Apr/2012:14:39:24 +0200] "GET /news.php?cs_go=archiv&cs_startpos=50 HTTP/1.1" 200 6949 "-" "findlinks/2.2 (+http://wortschatz.uni-leipzig.de/findlinks/)"
139.18.2.17 - - [07/Apr/2012:14:39:24 +0200] "GET /news.php?cs_go=archiv&cs_startpos=50 HTTP/1.1" 200 22947 "-" "findlinks/2.2 (+http://wortschatz.uni-leipzig.de/findlinks/)"
46.4.92.140 - - [07/Apr/2012:14:53:18 +0200] "GET /robots.txt HTTP/1.1" 200 177 "-" "Pixray-Seeker/1.1 (Pixray-Seeker; http://www.pixray.com/pixraybot; crawler@pixray.com)"
46.4.92.140 - - [07/Apr/2012:14:53:18 +0200] "GET /news.php?cs_go=archiv&cs_id=2835&cs_search= HTTP/1.1" 200 10044 "-" "Pixray-Seeker/1.1 (Pixray-Seeker; http://www.pixray.com/pixraybot; crawler@pixray.com)"
46.4.92.140 - - [07/Apr/2012:14:53:39 +0200] "GET /news.php?cs_go=archiv&cs_startpos=101 HTTP/1.1" 200 23086 "-" "Pixray-Seeker/1.1 (Pixray-Seeker; http://www.pixray.com/pixraybot; crawler@pixray.com)"
46.4.92.140 - - [07/Apr/2012:14:53:53 +0200] "GET /news.php?cs_go=archiv&cs_startpos=1201 HTTP/1.1" 200 22638 "-" "Pixray-Seeker/1.1 (Pixray-Seeker; http://www.pixray.com/pixraybot; crawler@pixray.com)"
46.4.92.140 - - [07/Apr/2012:14:54:39 +0200] "GET /news.php?cs_go=archiv&cs_id=2840&cs_search= HTTP/1.1" 200 10716 "-" "Pixray-Seeker/1.1 (Pixray-Seeker; http://www.pixray.com/pixraybot; crawler@pixray.com)"
46.4.92.140 - - [07/Apr/2012:14:56:30 +0200] "GET /news.php?cs_go=archiv&cs_id=2839&cs_search= HTTP/1.1" 200 11436 "-" "Pixray-Seeker/1.1 (Pixray-Seeker; http://www.pixray.com/pixraybot; crawler@pixray.com)"
89.247.82.171 - - [07/Apr/2012:15:15:48 +0200] "GET / HTTP/1.1" 200 15327 "http://handball.bfc-preussen.de/" "Mozilla/4.0 (compatible; MSIE 8.0; Windows NT 5.1; Trident/4.0; GTB7.3; .NET CLR 1.1.4322; .NET CLR 2.0.50727; .NET CLR 3.0.4506.2152; .NET CLR 3.5.30729)"
89.247.82.171 - - [07/Apr/2012:15:15:49 +0200] "GET /style.css HTTP/1.1" 200 8418 "http://www.mink-gmbh.de/" "Mozilla/4.0 (compatible; MSIE 8.0; Windows NT 5.1; Trident/4.0; GTB7.3; .NET CLR 1.1.4322; .NET CLR 2.0.50727; .NET CLR 3.0.4506.2152; .NET CLR 3.5.30729)"
89.247.82.171 - - [07/Apr/2012:15:15:49 +0200] "GET /js_contentserver24_greybox/AJS.js HTTP/1.1" 200 10396 "http://www.mink-gmbh.de/" "Mozilla/4.0 (compatible; MSIE 8.0; Windows NT 5.1; Trident/4.0; GTB7.3; .NET CLR 1.1.4322; .NET CLR 2.0.50727; .NET CLR 3.0.4506.2152; .NET CLR 3.5.30729)"
89.247.82.171 - - [07/Apr/2012:15:15:49 +0200] "GET /js_contentserver24_greybox/gb_scripts.js HTTP/1.1" 200 11913 "http://www.mink-gmbh.de/" "Mozilla/4.0 (compatible; MSIE 8.0; Windows NT 5.1; Trident/4.0; GTB7.3; .NET CLR 1.1.4322; .NET CLR 2.0.50727; .NET CLR 3.0.4506.2152; .NET CLR 3.5.30729)"
89.247.82.171 - - [07/Apr/2012:15:15:49 +0200] "GET /js_contentserver24_greybox/AJS_fx.js HTTP/1.1" 200 3192 "http://www.mink-gmbh.de/" "Mozilla/4.0 (compatible; MSIE 8.0; Windows NT 5.1; Trident/4.0; GTB7.3; .NET CLR 1.1.4322; .NET CLR 2.0.50727; .NET CLR 3.0.4506.2152; .NET CLR 3.5.30729)"
89.247.82.171 - - [07/Apr/2012:15:15:49 +0200] "GET /js_contentserver24_greybox/gb_styles.css HTTP/1.1" 200 2302 "http://www.mink-gmbh.de/" "Mozilla/4.0 (compatible; MSIE 8.0; Windows NT 5.1; Trident/4.0; GTB7.3; .NET CLR 1.1.4322; .NET CLR 2.0.50727; .NET CLR 3.0.4506.2152; .NET CLR 3.5.30729)"
89.247.82.171 - - [07/Apr/2012:15:15:49 +0200] "GET /modul.css HTTP/1.1" 200 35038 "http://www.mink-gmbh.de/" "Mozilla/4.0 (compatible; MSIE 8.0; Windows NT 5.1; Trident/4.0; GTB7.3; .NET CLR 1.1.4322; .NET CLR 2.0.50727; .NET CLR 3.0.4506.2152; .NET CLR 3.5.30729)"
89.247.82.171 - - [07/Apr/2012:15:15:50 +0200] "GET /images/bg.jpg HTTP/1.1" 200 345 "http://www.mink-gmbh.de/" "Mozilla/4.0 (compatible; MSIE 8.0; Windows NT 5.1; Trident/4.0; GTB7.3; .NET CLR 1.1.4322; .NET CLR 2.0.50727; .NET CLR 3.0.4506.2152; .NET CLR 3.5.30729)"
89.247.82.171 - - [07/Apr/2012:15:15:50 +0200] "GET /js_contentserver24_greybox/w_close.gif HTTP/1.1" 200 74 "http://www.mink-gmbh.de/" "Mozilla/4.0 (compatible; MSIE 8.0; Windows NT 5.1; Trident/4.0; GTB7.3; .NET CLR 1.1.4322; .NET CLR 2.0.50727; .NET CLR 3.0.4506.2152; .NET CLR 3.5.30729)"
89.247.82.171 - - [07/Apr/2012:15:15:50 +0200] "GET /js_contentserver24_greybox/header_bg.gif HTTP/1.1" 200 1188 "http://www.mink-gmbh.de/" "Mozilla/4.0 (compatible; MSIE 8.0; Windows NT 5.1; Trident/4.0; GTB7.3; .NET CLR 1.1.4322; .NET CLR 2.0.50727; .NET CLR 3.0.4506.2152; .NET CLR 3.5.30729)"
89.247.82.171 - - [07/Apr/2012:15:15:50 +0200] "GET /images/newsletter_bg.jpg HTTP/1.1" 200 33610 "http://www.mink-gmbh.de/" "Mozilla/4.0 (compatible; MSIE 8.0; Windows NT 5.1; Trident/4.0; GTB7.3; .NET CLR 1.1.4322; .NET CLR 2.0.50727; .NET CLR 3.0.4506.2152; .NET CLR 3.5.30729)"
89.247.82.171 - - [07/Apr/2012:15:15:50 +0200] "GET /images/wrapperbg.jpg HTTP/1.1" 200 27465 "http://www.mink-gmbh.de/" "Mozilla/4.0 (compatible; MSIE 8.0; Windows NT 5.1; Trident/4.0; GTB7.3; .NET CLR 1.1.4322; .NET CLR 2.0.50727; .NET CLR 3.0.4506.2152; .NET CLR 3.5.30729)"
89.247.82.171 - - [07/Apr/2012:15:15:50 +0200] "GET /images/navibg.png HTTP/1.1" 200 2803 "http://www.mink-gmbh.de/" "Mozilla/4.0 (compatible; MSIE 8.0; Windows NT 5.1; Trident/4.0; GTB7.3; .NET CLR 1.1.4322; .NET CLR 2.0.50727; .NET CLR 3.0.4506.2152; .NET CLR 3.5.30729)"
89.247.82.171 - - [07/Apr/2012:15:15:50 +0200] "GET /images/tkw.jpg HTTP/1.1" 200 64031 "http://www.mink-gmbh.de/" "Mozilla/4.0 (compatible; MSIE 8.0; Windows NT 5.1; Trident/4.0; GTB7.3; .NET CLR 1.1.4322; .NET CLR 2.0.50727; .NET CLR 3.0.4506.2152; .NET CLR 3.5.30729)"
89.247.82.171 - - [07/Apr/2012:15:15:50 +0200] "GET /images/freecall.jpg HTTP/1.1" 200 39195 "http://www.mink-gmbh.de/" "Mozilla/4.0 (compatible; MSIE 8.0; Windows NT 5.1; Trident/4.0; GTB7.3; .NET CLR 1.1.4322; .NET CLR 2.0.50727; .NET CLR 3.0.4506.2152; .NET CLR 3.5.30729)"
89.247.82.171 - - [07/Apr/2012:15:15:50 +0200] "GET /js_contentserver24_greybox/loader_frame.html?s=0 HTTP/1.1" 200 2084 "http://www.mink-gmbh.de/" "Mozilla/4.0 (compatible; MSIE 8.0; Windows NT 5.1; Trident/4.0; GTB7.3; .NET CLR 1.1.4322; .NET CLR 2.0.50727; .NET CLR 3.0.4506.2152; .NET CLR 3.5.30729)"
89.247.82.171 - - [07/Apr/2012:15:15:51 +0200] "GET /images/kwk.gif HTTP/1.1" 200 6403 "http://www.mink-gmbh.de/" "Mozilla/4.0 (compatible; MSIE 8.0; Windows NT 5.1; Trident/4.0; GTB7.3; .NET CLR 1.1.4322; .NET CLR 2.0.50727; .NET CLR 3.0.4506.2152; .NET CLR 3.5.30729)"
89.247.82.171 - - [07/Apr/2012:15:15:51 +0200] "GET /images/mail.jpg HTTP/1.1" 200 11165 "http://www.mink-gmbh.de/" "Mozilla/4.0 (compatible; MSIE 8.0; Windows NT 5.1; Trident/4.0; GTB7.3; .NET CLR 1.1.4322; .NET CLR 2.0.50727; .NET CLR 3.0.4506.2152; .NET CLR 3.5.30729)"
89.247.82.171 - - [07/Apr/2012:15:15:51 +0200] "GET /images/wunschpreis.jpg HTTP/1.1" 200 16767 "http://www.mink-gmbh.de/" "Mozilla/4.0 (compatible; MSIE 8.0; Windows NT 5.1; Trident/4.0; GTB7.3; .NET CLR 1.1.4322; .NET CLR 2.0.50727; .NET CLR 3.0.4506.2152; .NET CLR 3.5.30729)"
89.247.82.171 - - [07/Apr/2012:15:15:51 +0200] "GET /images/logos.jpg HTTP/1.1" 200 15002 "http://www.mink-gmbh.de/" "Mozilla/4.0 (compatible; MSIE 8.0; Windows NT 5.1; Trident/4.0; GTB7.3; .NET CLR 1.1.4322; .NET CLR 2.0.50727; .NET CLR 3.0.4506.2152; .NET CLR 3.5.30729)"
89.247.82.171 - - [07/Apr/2012:15:15:51 +0200] "GET /images/close.png HTTP/1.1" 200 703 "http://www.mink-gmbh.de/" "Mozilla/4.0 (compatible; MSIE 8.0; Windows NT 5.1; Trident/4.0; GTB7.3; .NET CLR 1.1.4322; .NET CLR 2.0.50727; .NET CLR 3.0.4506.2152; .NET CLR 3.5.30729)"
89.247.82.171 - - [07/Apr/2012:15:15:51 +0200] "GET /images/newsletter.png HTTP/1.1" 200 14619 "http://www.mink-gmbh.de/" "Mozilla/4.0 (compatible; MSIE 8.0; Windows NT 5.1; Trident/4.0; GTB7.3; .NET CLR 1.1.4322; .NET CLR 2.0.50727; .NET CLR 3.0.4506.2152; .NET CLR 3.5.30729)"
89.247.82.171 - - [07/Apr/2012:15:15:51 +0200] "GET /images/steigend.png HTTP/1.1" 200 688 "http://www.mink-gmbh.de/" "Mozilla/4.0 (compatible; MSIE 8.0; Windows NT 5.1; Trident/4.0; GTB7.3; .NET CLR 1.1.4322; .NET CLR 2.0.50727; .NET CLR 3.0.4506.2152; .NET CLR 3.5.30729)"
89.247.82.171 - - [07/Apr/2012:15:15:51 +0200] "GET /images/header.jpg HTTP/1.1" 200 24413 "http://www.mink-gmbh.de/" "Mozilla/4.0 (compatible; MSIE 8.0; Windows NT 5.1; Trident/4.0; GTB7.3; .NET CLR 1.1.4322; .NET CLR 2.0.50727; .NET CLR 3.0.4506.2152; .NET CLR 3.5.30729)"
89.247.82.171 - - [07/Apr/2012:15:15:51 +0200] "GET /images/fallend.png HTTP/1.1" 200 713 "http://www.mink-gmbh.de/" "Mozilla/4.0 (compatible; MSIE 8.0; Windows NT 5.1; Trident/4.0; GTB7.3; .NET CLR 1.1.4322; .NET CLR 2.0.50727; .NET CLR 3.0.4506.2152; .NET CLR 3.5.30729)"
89.247.82.171 - - [07/Apr/2012:15:15:51 +0200] "GET /images/mobil.jpg HTTP/1.1" 200 25293 "http://www.mink-gmbh.de/" "Mozilla/4.0 (compatible; MSIE 8.0; Windows NT 5.1; Trident/4.0; GTB7.3; .NET CLR 1.1.4322; .NET CLR 2.0.50727; .NET CLR 3.0.4506.2152; .NET CLR 3.5.30729)"
89.247.82.171 - - [07/Apr/2012:15:15:51 +0200] "GET /images/newsletter.jpg HTTP/1.1" 200 13130 "http://www.mink-gmbh.de/" "Mozilla/4.0 (compatible; MSIE 8.0; Windows NT 5.1; Trident/4.0; GTB7.3; .NET CLR 1.1.4322; .NET CLR 2.0.50727; .NET CLR 3.0.4506.2152; .NET CLR 3.5.30729)"
89.247.82.171 - - [07/Apr/2012:15:15:51 +0200] "GET /js_contentserver24_greybox/indicator.gif HTTP/1.1" 200 8238 "http://www.mink-gmbh.de/js_contentserver24_greybox/loader_frame.html?s=0" "Mozilla/4.0 (compatible; MSIE 8.0; Windows NT 5.1; Trident/4.0; GTB7.3; .NET CLR 1.1.4322; .NET CLR 2.0.50727; .NET CLR 3.0.4506.2152; .NET CLR 3.5.30729)"
89.247.82.171 - - [07/Apr/2012:15:15:51 +0200] "GET /images/footerbg.jpg HTTP/1.1" 200 2184 "http://www.mink-gmbh.de/" "Mozilla/4.0 (compatible; MSIE 8.0; Windows NT 5.1; Trident/4.0; GTB7.3; .NET CLR 1.1.4322; .NET CLR 2.0.50727; .NET CLR 3.0.4506.2152; .NET CLR 3.5.30729)"
89.247.82.171 - - [07/Apr/2012:15:15:52 +0200] "GET /favicon.ico HTTP/1.1" 200 3638 "-" "Mozilla/4.0 (compatible; MSIE 8.0; Windows NT 5.1; Trident/4.0; GTB7.3; .NET CLR 1.1.4322; .NET CLR 2.0.50727; .NET CLR 3.0.4506.2152; .NET CLR 3.5.30729)"
89.247.82.171 - - [07/Apr/2012:15:15:53 +0200] "GET /js_contentserver24_greybox/g_close.gif HTTP/1.1" 200 541 "http://www.mink-gmbh.de/" "Mozilla/4.0 (compatible; MSIE 8.0; Windows NT 5.1; Trident/4.0; GTB7.3; .NET CLR 1.1.4322; .NET CLR 2.0.50727; .NET CLR 3.0.4506.2152; .NET CLR 3.5.30729)"
89.247.82.171 - - [07/Apr/2012:15:16:04 +0200] "GET /kontakt.php HTTP/1.1" 200 9040 "http://www.mink-gmbh.de/" "Mozilla/4.0 (compatible; MSIE 8.0; Windows NT 5.1; Trident/4.0; GTB7.3; .NET CLR 1.1.4322; .NET CLR 2.0.50727; .NET CLR 3.0.4506.2152; .NET CLR 3.5.30729)"
89.247.82.171 - - [07/Apr/2012:15:16:13 +0200] "GET /impressum.php HTTP/1.1" 200 8857 "http://www.mink-gmbh.de/kontakt.php" "Mozilla/4.0 (compatible; MSIE 8.0; Windows NT 5.1; Trident/4.0; GTB7.3; .NET CLR 1.1.4322; .NET CLR 2.0.50727; .NET CLR 3.0.4506.2152; .NET CLR 3.5.30729)"
89.247.82.171 - - [07/Apr/2012:15:16:41 +0200] "GET /style.css HTTP/1.1" 304 - "-" "Mozilla/4.0 (compatible; MSIE 7.0; Windows NT 5.1; Trident/4.0; GTB7.3; .NET CLR 1.1.4322; .NET CLR 2.0.50727; .NET CLR 3.0.4506.2152; .NET CLR 3.5.30729)"
89.247.82.171 - - [07/Apr/2012:15:16:41 +0200] "GET /modul.css HTTP/1.1" 304 - "-" "Mozilla/4.0 (compatible; MSIE 7.0; Windows NT 5.1; Trident/4.0; GTB7.3; .NET CLR 1.1.4322; .NET CLR 2.0.50727; .NET CLR 3.0.4506.2152; .NET CLR 3.5.30729)"
123.125.71.12 - - [07/Apr/2012:16:00:49 +0200] "GET /robots.txt HTTP/1.1" 200 177 "-" "Mozilla/5.0 (compatible; Baiduspider/2.0; +http://www.baidu.com/search/spider.html)"
79.201.104.36 - - [07/Apr/2012:16:01:35 +0200] "GET /news.php?cs_go=archiv&cs_id=2964 HTTP/1.1" 200 13413 "http://www.mink-gmbh.de/" "Mozilla/5.0 (Windows NT 6.1; rv:11.0) Gecko/20100101 Firefox/11.0"
65.36.241.79 - - [07/Apr/2012:16:10:15 +0200] "HEAD / HTTP/1.1" 200 - "-" "InternetSeer.com"
123.125.71.21 - - [07/Apr/2012:16:32:48 +0200] "GET / HTTP/1.1" 200 13263 "-" "Mozilla/5.0 (compatible; Baiduspider/2.0; +http://www.baidu.com/search/spider.html)"
220.181.108.94 - - [07/Apr/2012:16:33:25 +0200] "GET / HTTP/1.1" 200 8724 "-" "Mozilla/5.0 (compatible; Baiduspider/2.0; +http://www.baidu.com/search/spider.html)"
157.55.17.199 - - [07/Apr/2012:16:33:35 +0200] "GET /robots.txt HTTP/1.1" 200 177 "-" "Mozilla/5.0 (compatible; bingbot/2.0; +http://www.bing.com/bingbot.htm)"
157.55.17.199 - - [07/Apr/2012:16:35:52 +0200] "GET /images/RAL_Guetezeichen_Energiehandel.pdf HTTP/1.1" 200 288367 "-" "Mozilla/5.0 (compatible; bingbot/2.0; +http://www.bing.com/bingbot.htm)"
77.20.154.156 - - [07/Apr/2012:16:48:58 +0200] "GET /news.php?cs_go=archiv&cs_id=2885&cs_search= HTTP/1.1" 200 13514 "-" "findlinks/2.0.2 (+http://wortschatz.uni-leipzig.de/findlinks/)"
77.20.154.156 - - [07/Apr/2012:16:48:59 +0200] "GET /news.php?cs_go=archiv&cs_id=2885&cs_search= HTTP/1.1" 200 13427 "-" "findlinks/2.0.2 (+http://wortschatz.uni-leipzig.de/findlinks/)"
46.4.19.85 - - [07/Apr/2012:16:57:30 +0200] "GET /robots.txt HTTP/1.1" 200 177 "-" "Pixray-Seeker/1.1 (Pixray-Seeker; http://www.pixray.com/pixraybot; crawler@pixray.com)"
46.4.19.85 - - [07/Apr/2012:16:57:30 +0200] "GET /news.php?cs_go=archiv&cs_id=2836&cs_search= HTTP/1.1" 200 10712 "-" "Pixray-Seeker/1.1 (Pixray-Seeker; http://www.pixray.com/pixraybot; crawler@pixray.com)"
46.4.19.85 - - [07/Apr/2012:16:58:06 +0200] "GET /news.php?cs_go=archiv&cs_id=2850&cs_search= HTTP/1.1" 200 13439 "-" "Pixray-Seeker/1.1 (Pixray-Seeker; http://www.pixray.com/pixraybot; crawler@pixray.com)"
46.4.19.85 - - [07/Apr/2012:16:58:57 +0200] "GET /news.php?cs_go=archiv&cs_id=2838&cs_search= HTTP/1.1" 200 9829 "-" "Pixray-Seeker/1.1 (Pixray-Seeker; http://www.pixray.com/pixraybot; crawler@pixray.com)"
46.4.19.85 - - [07/Apr/2012:16:59:56 +0200] "GET /news.php?cs_go=archiv&cs_startpos=1260 HTTP/1.1" 200 13970 "-" "Pixray-Seeker/1.1 (Pixray-Seeker; http://www.pixray.com/pixraybot; crawler@pixray.com)"
65.52.109.26 - - [07/Apr/2012:17:08:44 +0200] "GET /impressum.php HTTP/1.1" 200 8944 "-" "Mozilla/5.0 (compatible; bingbot/2.0; +http://www.bing.com/bingbot.htm)"
184.154.48.82 - - [07/Apr/2012:17:26:59 +0200] "GET /robots.txt HTTP/1.0" 200 177 "-" "Mozilla/5.0 (compatible; MJ12bot/v1.4.2; http://www.majestic12.co.uk/bot.php?+)"
184.154.48.82 - - [07/Apr/2012:17:27:01 +0200] "GET / HTTP/1.0" 200 15327 "-" "Mozilla/5.0 (compatible; MJ12bot/v1.4.2; http://www.majestic12.co.uk/bot.php?+)"
82.128.201.204 - - [07/Apr/2012:17:29:23 +0200] "GET /robots.txt HTTP/1.0" 200 177 "-" "Mozilla/5.0 (compatible; MJ12bot/v1.4.2; http://www.majestic12.co.uk/bot.php?+)"
82.128.201.204 - - [07/Apr/2012:17:29:26 +0200] "GET / HTTP/1.0" 200 15327 "-" "Mozilla/5.0 (compatible; MJ12bot/v1.4.2; http://www.majestic12.co.uk/bot.php?+)"
66.249.71.12 - - [07/Apr/2012:18:04:48 +0200] "GET /news.php?cs_go=archiv&cs_id=2877&cs_search= HTTP/1.1" 200 14424 "-" "Mozilla/5.0 (compatible; Googlebot/2.1; +http://www.google.com/bot.html)"
66.249.71.12 - - [07/Apr/2012:18:27:54 +0200] "GET /news.php?cs_go=archiv&cs_id=2848&cs_search= HTTP/1.1" 200 19222 "-" "Mozilla/5.0 (compatible; Googlebot/2.1; +http://www.google.com/bot.html)"
66.249.71.12 - - [07/Apr/2012:19:07:06 +0200] "GET /news.php?cs_go=archiv&cs_id=2932&cs_search= HTTP/1.1" 200 13371 "-" "Mozilla/5.0 (iPhone; U; CPU iPhone OS 4_1 like Mac OS X; en-us) AppleWebKit/532.9 (KHTML, like Gecko) Version/4.0.5 Mobile/8B117 Safari/6531.22.7 (compatible; Googlebot-Mobile/2.1; +http://www.google.com/bot.html)"
123.125.71.14 - - [07/Apr/2012:19:40:41 +0200] "GET / HTTP/1.1" 200 15327 "-" "Mozilla/5.0 (compatible; Baiduspider/2.0; +http://www.baidu.com/search/spider.html)"
220.181.108.76 - - [07/Apr/2012:19:41:21 +0200] "GET / HTTP/1.1" 200 8724 "-" "Mozilla/5.0 (compatible; Baiduspider/2.0; +http://www.baidu.com/search/spider.html)"
208.115.111.75 - - [07/Apr/2012:19:43:58 +0200] "GET /robots.txt HTTP/1.1" 200 177 "-" "Mozilla/5.0 (compatible; Ezooms/1.0; ezooms.bot@gmail.com)"
65.52.109.26 - - [07/Apr/2012:19:48:16 +0200] "GET /faq.php HTTP/1.1" 200 185671 "-" "Mozilla/5.0 (compatible; bingbot/2.0; +http://www.bing.com/bingbot.htm)"
65.36.241.79 - - [07/Apr/2012:20:42:52 +0200] "HEAD / HTTP/1.1" 200 - "-" "InternetSeer.com"
85.13.129.157 - - [07/Apr/2012:20:52:49 +0200] "HEAD / HTTP/1.1" 200 - "-" "-"
95.108.128.242 - - [07/Apr/2012:21:00:31 +0200] "GET / HTTP/1.1" 200 15327 "-" "Mozilla/5.0 (compatible; YandexBot/3.0; +http://yandex.com/bots)"
79.201.104.36 - - [07/Apr/2012:21:11:11 +0200] "GET /news.php?cs_go=archiv&cs_id=2964 HTTP/1.1" 200 13413 "http://www.mink-gmbh.de/" "Mozilla/5.0 (Windows NT 6.1; rv:11.0) Gecko/20100101 Firefox/11.0"
79.201.104.36 - - [07/Apr/2012:21:11:27 +0200] "GET /modul.css HTTP/1.1" 304 - "http://www.mink-gmbh.de/index.php" "Mozilla/5.0 (Windows NT 6.1; rv:11.0) Gecko/20100101 Firefox/11.0"
79.201.104.36 - - [07/Apr/2012:21:11:27 +0200] "GET /style.css HTTP/1.1" 304 - "http://www.mink-gmbh.de/index.php" "Mozilla/5.0 (Windows NT 6.1; rv:11.0) Gecko/20100101 Firefox/11.0"
79.201.104.36 - - [07/Apr/2012:21:11:27 +0200] "GET /js_contentserver24_greybox/gb_styles.css HTTP/1.1" 304 - "http://www.mink-gmbh.de/index.php" "Mozilla/5.0 (Windows NT 6.1; rv:11.0) Gecko/20100101 Firefox/11.0"
79.201.104.36 - - [07/Apr/2012:21:11:27 +0200] "GET /js_contentserver24_greybox/AJS.js HTTP/1.1" 304 - "http://www.mink-gmbh.de/index.php" "Mozilla/5.0 (Windows NT 6.1; rv:11.0) Gecko/20100101 Firefox/11.0"
79.201.104.36 - - [07/Apr/2012:21:11:27 +0200] "GET /js_contentserver24_greybox/gb_scripts.js HTTP/1.1" 304 - "http://www.mink-gmbh.de/index.php" "Mozilla/5.0 (Windows NT 6.1; rv:11.0) Gecko/20100101 Firefox/11.0"
79.201.104.36 - - [07/Apr/2012:21:11:27 +0200] "GET /js_contentserver24_greybox/AJS_fx.js HTTP/1.1" 304 - "http://www.mink-gmbh.de/index.php" "Mozilla/5.0 (Windows NT 6.1; rv:11.0) Gecko/20100101 Firefox/11.0"
79.201.104.36 - - [07/Apr/2012:21:11:27 +0200] "GET /js_contentserver24_greybox/w_close.gif HTTP/1.1" 304 - "http://www.mink-gmbh.de/index.php" "Mozilla/5.0 (Windows NT 6.1; rv:11.0) Gecko/20100101 Firefox/11.0"
79.201.104.36 - - [07/Apr/2012:21:11:27 +0200] "GET /images/newsletter_bg.jpg HTTP/1.1" 304 - "http://www.mink-gmbh.de/index.php" "Mozilla/5.0 (Windows NT 6.1; rv:11.0) Gecko/20100101 Firefox/11.0"
79.201.104.36 - - [07/Apr/2012:21:11:27 +0200] "GET /images/close.png HTTP/1.1" 304 - "http://www.mink-gmbh.de/index.php" "Mozilla/5.0 (Windows NT 6.1; rv:11.0) Gecko/20100101 Firefox/11.0"
79.201.104.36 - - [07/Apr/2012:21:11:27 +0200] "GET /images/newsletter.png HTTP/1.1" 304 - "http://www.mink-gmbh.de/style.css" "Mozilla/5.0 (Windows NT 6.1; rv:11.0) Gecko/20100101 Firefox/11.0"
79.201.104.36 - - [07/Apr/2012:21:11:27 +0200] "GET /images/mobil.jpg HTTP/1.1" 304 - "http://www.mink-gmbh.de/style.css" "Mozilla/5.0 (Windows NT 6.1; rv:11.0) Gecko/20100101 Firefox/11.0"
79.201.104.36 - - [07/Apr/2012:21:11:27 +0200] "GET /images/newsletter.jpg HTTP/1.1" 304 - "http://www.mink-gmbh.de/style.css" "Mozilla/5.0 (Windows NT 6.1; rv:11.0) Gecko/20100101 Firefox/11.0"
79.201.104.36 - - [07/Apr/2012:21:11:27 +0200] "GET /js_contentserver24_greybox/loader_frame.html?s=0 HTTP/1.1" 304 - "http://www.mink-gmbh.de/index.php" "Mozilla/5.0 (Windows NT 6.1; rv:11.0) Gecko/20100101 Firefox/11.0"
79.201.104.36 - - [07/Apr/2012:21:11:26 +0200] "GET /index.php HTTP/1.1" 200 15242 "http://www.mink-gmbh.de/news.php?cs_go=archiv&cs_id=2964" "Mozilla/5.0 (Windows NT 6.1; rv:11.0) Gecko/20100101 Firefox/11.0"
79.201.104.36 - - [07/Apr/2012:21:11:27 +0200] "GET /js_contentserver24_greybox/header_bg.gif HTTP/1.1" 304 - "http://www.mink-gmbh.de/index.php" "Mozilla/5.0 (Windows NT 6.1; rv:11.0) Gecko/20100101 Firefox/11.0"
79.201.104.36 - - [07/Apr/2012:21:11:27 +0200] "GET /images/freecall.jpg HTTP/1.1" 304 - "http://www.mink-gmbh.de/index.php" "Mozilla/5.0 (Windows NT 6.1; rv:11.0) Gecko/20100101 Firefox/11.0"
79.201.104.36 - - [07/Apr/2012:21:11:27 +0200] "GET /images/mail.jpg HTTP/1.1" 304 - "http://www.mink-gmbh.de/index.php" "Mozilla/5.0 (Windows NT 6.1; rv:11.0) Gecko/20100101 Firefox/11.0"
79.201.104.36 - - [07/Apr/2012:21:11:28 +0200] "GET /js_contentserver24_greybox/indicator.gif HTTP/1.1" 304 - "http://www.mink-gmbh.de/js_contentserver24_greybox/loader_frame.html?s=0" "Mozilla/5.0 (Windows NT 6.1; rv:11.0) Gecko/20100101 Firefox/11.0"
79.201.104.36 - - [07/Apr/2012:21:11:28 +0200] "GET /js_contentserver24_greybox/g_close.gif HTTP/1.1" 304 - "http://www.mink-gmbh.de/index.php" "Mozilla/5.0 (Windows NT 6.1; rv:11.0) Gecko/20100101 Firefox/11.0"
79.201.104.36 - - [07/Apr/2012:21:11:49 +0200] "GET /news.php?cs_go=archiv&cs_id=2950 HTTP/1.1" 200 12378 "http://www.mink-gmbh.de/index.php" "Mozilla/5.0 (Windows NT 6.1; rv:11.0) Gecko/20100101 Firefox/11.0"
95.108.128.242 - - [07/Apr/2012:21:25:50 +0200] "GET /news.php HTTP/1.1" 200 22290 "-" "Mozilla/5.0 (compatible; YandexBot/3.0; +http://yandex.com/bots)"
77.20.4.67 - - [07/Apr/2012:21:57:43 +0200] "GET /edl.php HTTP/1.1" 200 10732 "-" "findlinks/2.0.2 (+http://wortschatz.uni-leipzig.de/findlinks/)"
77.20.4.67 - - [07/Apr/2012:21:57:44 +0200] "GET /edl.php HTTP/1.1" 200 10645 "-" "findlinks/2.0.2 (+http://wortschatz.uni-leipzig.de/findlinks/)"
87.169.224.87 - - [07/Apr/2012:22:12:31 +0200] "GET / HTTP/1.1" 200 15327 "-" "Mozilla/5.0 (Windows; U; Windows NT 5.1; de; rv:1.9.0.10) Gecko/2009042316 Firefox/3.0.10"
87.169.224.87 - - [07/Apr/2012:22:12:35 +0200] "GET /index.php HTTP/1.1" 200 15327 "-" "Mozilla/5.0 (Windows; U; Windows NT 5.1; de; rv:1.9.0.10) Gecko/2009042316 Firefox/3.0.10"
87.169.224.87 - - [07/Apr/2012:22:12:38 +0200] "GET /index.php HTTP/1.1" 200 15327 "-" "Java/1.6.0_22"
87.169.224.87 - - [07/Apr/2012:22:12:41 +0200] "GET /newsletter.php HTTP/1.1" 200 8839 "-" "Mozilla/5.0 (Windows; U; Windows NT 5.1; de; rv:1.9.0.10) Gecko/2009042316 Firefox/3.0.10"
87.169.224.87 - - [07/Apr/2012:22:12:44 +0200] "GET /newsletter.php HTTP/1.1" 200 8839 "-" "Java/1.6.0_22"
87.169.224.87 - - [07/Apr/2012:22:12:47 +0200] "GET /wunschpreis.php HTTP/1.1" 200 11985 "-" "Mozilla/5.0 (Windows; U; Windows NT 5.1; de; rv:1.9.0.10) Gecko/2009042316 Firefox/3.0.10"
87.169.224.87 - - [07/Apr/2012:22:12:50 +0200] "GET /wunschpreis.php HTTP/1.1" 200 11985 "-" "Java/1.6.0_22"
87.169.224.87 - - [07/Apr/2012:22:12:53 +0200] "GET /news.php HTTP/1.1" 200 22290 "-" "Mozilla/5.0 (Windows; U; Windows NT 5.1; de; rv:1.9.0.10) Gecko/2009042316 Firefox/3.0.10"
87.169.224.87 - - [07/Apr/2012:22:12:56 +0200] "GET /news.php HTTP/1.1" 200 22290 "-" "Java/1.6.0_22"
87.169.224.87 - - [07/Apr/2012:22:12:59 +0200] "GET / HTTP/1.1" 200 15327 "-" "Java/1.6.0_22"
208.115.111.75 - - [07/Apr/2012:22:24:10 +0200] "GET /news.php?cs_go=archiv&cs_id=2691&cs_search= HTTP/1.1" 200 13867 "-" "Mozilla/5.0 (compatible; Ezooms/1.0; ezooms.bot@gmail.com)"
88.131.106.22 - - [07/Apr/2012:23:24:40 +0200] "GET /robots.txt HTTP/1.0" 200 177 "-" "Mozilla/5.0 (Windows; U; Windows NT 5.1; en-US) Speedy Spider (http://www.entireweb.com/about/search_tech/speedy_spider/)"
88.131.106.22 - - [07/Apr/2012:23:24:40 +0200] "GET / HTTP/1.0" 200 15327 "-" "Mozilla/5.0 (Windows; U; Windows NT 5.1; en-US) Speedy Spider (http://www.entireweb.com/about/search_tech/speedy_spider/)"
207.46.194.45 - - [08/Apr/2012:00:35:45 +0200] "GET /robots.txt HTTP/1.1" 200 177 "-" "msnbot-media/1.1 (+http://search.msn.com/msnbot.htm)"
207.46.194.45 - - [08/Apr/2012:00:35:46 +0200] "GET /kwk.php HTTP/1.1" 200 10815 "-" "msnbot-media/1.1 (+http://search.msn.com/msnbot.htm)"
95.108.128.242 - - [08/Apr/2012:01:10:46 +0200] "GET /preisanfrage.php HTTP/1.1" 200 10636 "-" "Mozilla/5.0 (compatible; YandexBot/3.0; +http://yandex.com/bots)"
217.225.224.86 - - [08/Apr/2012:01:11:44 +0200] "GET /optiplus.php HTTP/1.0" 200 11011 "-" "Mozilla/5.0 (Windows; U; Windows NT 6.0; en-us) AppleWebKit/530.17 (KHTML, like Gecko) Version/4.0 Safari/530.17"
77.180.115.181 - - [08/Apr/2012:01:16:37 +0200] "HEAD / HTTP/1.1" 200 - "-" "Xenu Link Sleuth/1.3.8"
65.36.241.79 - - [08/Apr/2012:01:37:25 +0200] "HEAD / HTTP/1.1" 200 - "-" "InternetSeer.com"
95.34.238.136 - - [08/Apr/2012:02:05:14 +0200] "GET /robots.txt HTTP/1.0" 200 177 "-" "Mozilla/5.0 (compatible; MJ12bot/v1.4.2; http://www.majestic12.co.uk/bot.php?+)"
95.34.238.136 - - [08/Apr/2012:02:05:16 +0200] "GET /agb.php HTTP/1.0" 200 19709 "-" "Mozilla/5.0 (compatible; MJ12bot/v1.4.2; http://www.majestic12.co.uk/bot.php?+)"
95.34.238.136 - - [08/Apr/2012:02:05:17 +0200] "GET /news.php?cs_go=archiv&cs_id=2678 HTTP/1.0" 200 9971 "-" "Mozilla/5.0 (compatible; MJ12bot/v1.4.2; http://www.majestic12.co.uk/bot.php?+)"
95.34.238.136 - - [08/Apr/2012:02:05:19 +0200] "GET /news.php?cs_go=archiv&cs_id=2679 HTTP/1.0" 200 10667 "-" "Mozilla/5.0 (compatible; MJ12bot/v1.4.2; http://www.majestic12.co.uk/bot.php?+)"
95.34.238.136 - - [08/Apr/2012:02:05:21 +0200] "GET /news.php?cs_go=archiv&cs_id=2680 HTTP/1.0" 200 13613 "-" "Mozilla/5.0 (compatible; MJ12bot/v1.4.2; http://www.majestic12.co.uk/bot.php?+)"
95.34.238.136 - - [08/Apr/2012:02:05:23 +0200] "GET /news.php?cs_go=archiv&cs_id=2681 HTTP/1.0" 200 10154 "-" "Mozilla/5.0 (compatible; MJ12bot/v1.4.2; http://www.majestic12.co.uk/bot.php?+)"
95.34.238.136 - - [08/Apr/2012:02:05:25 +0200] "GET /news.php?cs_go=archiv&cs_id=2682 HTTP/1.0" 200 10584 "-" "Mozilla/5.0 (compatible; MJ12bot/v1.4.2; http://www.majestic12.co.uk/bot.php?+)"
95.34.238.136 - - [08/Apr/2012:02:05:26 +0200] "GET /news.php?cs_go=archiv&cs_id=2683 HTTP/1.0" 200 13555 "-" "Mozilla/5.0 (compatible; MJ12bot/v1.4.2; http://www.majestic12.co.uk/bot.php?+)"
95.34.238.136 - - [08/Apr/2012:02:05:28 +0200] "GET /news.php?cs_go=archiv&cs_id=2684 HTTP/1.0" 200 10001 "-" "Mozilla/5.0 (compatible; MJ12bot/v1.4.2; http://www.majestic12.co.uk/bot.php?+)"
95.34.238.136 - - [08/Apr/2012:02:05:29 +0200] "GET /news.php?cs_go=archiv&cs_id=2685 HTTP/1.0" 200 9646 "-" "Mozilla/5.0 (compatible; MJ12bot/v1.4.2; http://www.majestic12.co.uk/bot.php?+)"
95.34.238.136 - - [08/Apr/2012:02:05:31 +0200] "GET /news.php?cs_go=archiv&cs_id=2686 HTTP/1.0" 200 10124 "-" "Mozilla/5.0 (compatible; MJ12bot/v1.4.2; http://www.majestic12.co.uk/bot.php?+)"
95.34.238.136 - - [08/Apr/2012:02:05:33 +0200] "GET /news.php?cs_go=archiv&cs_id=2687 HTTP/1.0" 200 10244 "-" "Mozilla/5.0 (compatible; MJ12bot/v1.4.2; http://www.majestic12.co.uk/bot.php?+)"
95.34.238.136 - - [08/Apr/2012:02:05:35 +0200] "GET /news.php?cs_go=archiv&cs_id=2688 HTTP/1.0" 200 13852 "-" "Mozilla/5.0 (compatible; MJ12bot/v1.4.2; http://www.majestic12.co.uk/bot.php?+)"
95.34.238.136 - - [08/Apr/2012:02:05:36 +0200] "GET /news.php?cs_go=archiv&cs_id=2689 HTTP/1.0" 200 10303 "-" "Mozilla/5.0 (compatible; MJ12bot/v1.4.2; http://www.majestic12.co.uk/bot.php?+)"
95.34.238.136 - - [08/Apr/2012:02:05:38 +0200] "GET /news.php?cs_go=archiv&cs_id=2690 HTTP/1.0" 200 10405 "-" "Mozilla/5.0 (compatible; MJ12bot/v1.4.2; http://www.majestic12.co.uk/bot.php?+)"
95.34.238.136 - - [08/Apr/2012:02:05:40 +0200] "GET /news.php?cs_go=archiv&cs_id=2691 HTTP/1.0" 200 13867 "-" "Mozilla/5.0 (compatible; MJ12bot/v1.4.2; http://www.majestic12.co.uk/bot.php?+)"
130.83.167.153 - - [08/Apr/2012:02:10:00 +0200] "GET /rueckrufservice.php HTTP/1.1" 200 8422 "-" "findlinks/2.1.5 (+http://wortschatz.uni-leipzig.de/findlinks/)"
130.83.167.153 - - [08/Apr/2012:02:10:00 +0200] "GET /rueckrufservice.php HTTP/1.1" 200 10615 "-" "findlinks/2.1.5 (+http://wortschatz.uni-leipzig.de/findlinks/)"
123.125.71.29 - - [08/Apr/2012:02:37:43 +0200] "GET / HTTP/1.1" 200 8724 "-" "Mozilla/5.0 (compatible; Baiduspider/2.0; +http://www.baidu.com/search/spider.html)"
220.181.108.76 - - [08/Apr/2012:02:38:22 +0200] "GET / HTTP/1.1" 200 8724 "-" "Mozilla/5.0 (compatible; Baiduspider/2.0; +http://www.baidu.com/search/spider.html)"
95.108.128.242 - - [08/Apr/2012:02:45:22 +0200] "GET /impressum.php HTTP/1.1" 200 8944 "-" "Mozilla/5.0 (compatible; YandexBot/3.0; +http://yandex.com/bots)"
212.50.133.214 - - [08/Apr/2012:05:34:29 +0200] "GET /robots.txt HTTP/1.0" 200 177 "-" "Mozilla/5.0 (compatible; MJ12bot/v1.4.2; http://www.majestic12.co.uk/bot.php?+)"
212.50.133.214 - - [08/Apr/2012:05:34:30 +0200] "GET / HTTP/1.0" 200 15327 "-" "Mozilla/5.0 (compatible; MJ12bot/v1.4.2; http://www.majestic12.co.uk/bot.php?+)"
66.249.71.12 - - [08/Apr/2012:06:10:25 +0200] "GET /robots.txt HTTP/1.1" 200 177 "-" "Mozilla/5.0 (compatible; Googlebot/2.1; +http://www.google.com/bot.html)"
66.249.71.12 - - [08/Apr/2012:06:10:25 +0200] "GET /news.php?cs_go=archiv&cs_id=2946 HTTP/1.1" 200 15418 "-" "Mozilla/5.0 (compatible; Googlebot/2.1; +http://www.google.com/bot.html)"
207.46.204.240 - - [08/Apr/2012:06:13:11 +0200] "GET /robots.txt HTTP/1.1" 200 177 "-" "Mozilla/5.0 (compatible; bingbot/2.0; +http://www.bing.com/bingbot.htm)"
207.46.204.240 - - [08/Apr/2012:06:13:45 +0200] "GET / HTTP/1.1" 200 15327 "-" "Mozilla/5.0 (compatible; bingbot/2.0; +http://www.bing.com/bingbot.htm)"
66.249.71.12 - - [08/Apr/2012:06:20:39 +0200] "GET /news.php?cs_go=archiv&cs_id=2888&cs_search= HTTP/1.1" 200 10923 "-" "Mozilla/5.0 (compatible; Googlebot/2.1; +http://www.google.com/bot.html)"
66.249.71.12 - - [08/Apr/2012:06:25:47 +0200] "GET /news.php?cs_go=archiv&cs_id=2826&cs_search= HTTP/1.1" 200 9893 "-" "Mozilla/5.0 (compatible; Googlebot/2.1; +http://www.google.com/bot.html)"
66.249.71.12 - - [08/Apr/2012:06:36:02 +0200] "GET /news.php?cs_go=archiv&cs_id=2824&cs_search= HTTP/1.1" 200 9924 "-" "Mozilla/5.0 (compatible; Googlebot/2.1; +http://www.google.com/bot.html)"
66.249.71.12 - - [08/Apr/2012:06:41:09 +0200] "GET /news.php?cs_go=archiv&cs_id=2827&cs_search= HTTP/1.1" 200 11071 "-" "Mozilla/5.0 (compatible; Googlebot/2.1; +http://www.google.com/bot.html)"
66.249.71.12 - - [08/Apr/2012:06:46:17 +0200] "GET /news.php?cs_go=archiv&cs_id=2825&cs_search= HTTP/1.1" 200 13479 "-" "Mozilla/5.0 (compatible; Googlebot/2.1; +http://www.google.com/bot.html)"
66.249.71.12 - - [08/Apr/2012:06:51:24 +0200] "GET /news.php?cs_go=archiv&cs_id=2891&cs_search= HTTP/1.1" 200 14089 "-" "Mozilla/5.0 (compatible; Googlebot/2.1; +http://www.google.com/bot.html)"
95.108.128.242 - - [08/Apr/2012:06:51:39 +0200] "GET /robots.txt HTTP/1.1" 200 177 "-" "Mozilla/5.0 (compatible; YandexBot/3.0; +http://yandex.com/bots)"
66.249.71.12 - - [08/Apr/2012:06:56:31 +0200] "GET /news.php?cs_go=archiv&cs_startpos=61 HTTP/1.1" 200 22962 "-" "Mozilla/5.0 (compatible; Googlebot/2.1; +http://www.google.com/bot.html)"
66.249.71.12 - - [08/Apr/2012:07:01:39 +0200] "GET /news.php?cs_go=archiv&cs_startpos=11 HTTP/1.1" 200 22539 "-" "Mozilla/5.0 (compatible; Googlebot/2.1; +http://www.google.com/bot.html)"
66.249.71.12 - - [08/Apr/2012:07:17:11 +0200] "GET /news.php?cs_go=archiv&cs_id=2890&cs_search= HTTP/1.1" 200 10109 "-" "Mozilla/5.0 (compatible; Googlebot/2.1; +http://www.google.com/bot.html)"
65.36.241.79 - - [08/Apr/2012:07:30:57 +0200] "HEAD / HTTP/1.1" 200 - "-" "InternetSeer.com"
123.125.71.29 - - [08/Apr/2012:07:36:01 +0200] "GET / HTTP/1.1" 200 10257 "-" "Mozilla/5.0 (compatible; Baiduspider/2.0; +http://www.baidu.com/search/spider.html)"
220.181.108.89 - - [08/Apr/2012:07:36:40 +0200] "GET / HTTP/1.1" 200 8724 "-" "Mozilla/5.0 (compatible; Baiduspider/2.0; +http://www.baidu.com/search/spider.html)"
66.249.71.12 - - [08/Apr/2012:07:47:54 +0200] "GET /news.php?cs_go=archiv&cs_startpos=31 HTTP/1.1" 200 22788 "-" "Mozilla/5.0 (compatible; Googlebot/2.1; +http://www.google.com/bot.html)"
95.108.128.242 - - [08/Apr/2012:07:54:39 +0200] "GET /kwk.php HTTP/1.1" 200 10815 "-" "Mozilla/5.0 (compatible; YandexBot/3.0; +http://yandex.com/bots)"
139.18.2.209 - - [08/Apr/2012:07:55:00 +0200] "GET /news.php?cs_go=archiv&cs_id=2923 HTTP/1.1" 200 8491 "-" "findlinks/2.2 (+http://wortschatz.uni-leipzig.de/findlinks/)"
139.18.2.209 - - [08/Apr/2012:07:55:00 +0200] "GET /news.php?cs_go=archiv&cs_id=2923 HTTP/1.1" 200 10468 "-" "findlinks/2.2 (+http://wortschatz.uni-leipzig.de/findlinks/)"
208.115.111.75 - - [08/Apr/2012:08:04:26 +0200] "GET /robots.txt HTTP/1.1" 200 177 "-" "Mozilla/5.0 (compatible; Ezooms/1.0; ezooms.bot@gmail.com)"
95.108.128.242 - - [08/Apr/2012:09:22:48 +0200] "GET /index.php HTTP/1.1" 200 15327 "-" "Mozilla/5.0 (compatible; YandexBot/3.0; +http://yandex.com/bots)"
79.201.106.175 - - [08/Apr/2012:09:26:33 +0200] "GET /news.php?cs_go=archiv&cs_id=2950 HTTP/1.1" 200 12465 "http://www.mink-gmbh.de/index.php" "Mozilla/5.0 (Windows NT 6.1; rv:11.0) Gecko/20100101 Firefox/11.0"
208.115.111.75 - - [08/Apr/2012:10:17:12 +0200] "GET /lexikon.php HTTP/1.1" 200 10427 "-" "Mozilla/5.0 (compatible; Ezooms/1.0; ezooms.bot@gmail.com)"
66.249.71.12 - - [08/Apr/2012:10:58:24 +0200] "GET /news.php?cs_go=archiv&cs_id=2949 HTTP/1.1" 200 11456 "-" "Mozilla/5.0 (compatible; Googlebot/2.1; +http://www.google.com/bot.html)"
66.249.71.12 - - [08/Apr/2012:11:19:00 +0200] "GET /news.php?cs_go=archiv&cs_id=2964 HTTP/1.1" 200 13500 "-" "Mozilla/5.0 (compatible; Googlebot/2.1; +http://www.google.com/bot.html)"
46.21.144.176 - - [08/Apr/2012:11:22:48 +0200] "GET / HTTP/1.1" 200 15334 "-" "Mozilla/4.0 (compatible; MSIE 6.0; Windows NT 5.1; SV1)"
123.125.71.19 - - [08/Apr/2012:11:37:30 +0200] "GET / HTTP/1.1" 200 10264 "-" "Mozilla/5.0 (compatible; Baiduspider/2.0; +http://www.baidu.com/search/spider.html)"
220.181.108.80 - - [08/Apr/2012:11:38:07 +0200] "GET / HTTP/1.1" 200 8731 "-" "Mozilla/5.0 (compatible; Baiduspider/2.0; +http://www.baidu.com/search/spider.html)"
76.72.167.164 - - [08/Apr/2012:11:39:56 +0200] "GET /robots.txt HTTP/1.0" 200 177 "-" "Mozilla/5.0 (compatible; MJ12bot/v1.4.2; http://www.majestic12.co.uk/bot.php?+)"
76.72.167.164 - - [08/Apr/2012:11:39:59 +0200] "GET / HTTP/1.0" 200 15334 "-" "Mozilla/5.0 (compatible; MJ12bot/v1.4.2; http://www.majestic12.co.uk/bot.php?+)"
66.249.71.12 - - [08/Apr/2012:12:07:57 +0200] "GET /news.php?cs_go=archiv&cs_id=2965 HTTP/1.1" 200 9687 "-" "Mozilla/5.0 (compatible; Googlebot/2.1; +http://www.google.com/bot.html)"
65.36.241.79 - - [08/Apr/2012:12:12:26 +0200] "HEAD / HTTP/1.1" 200 - "-" "InternetSeer.com"
208.115.111.75 - - [08/Apr/2012:12:19:22 +0200] "GET /robots.txt HTTP/1.1" 200 177 "-" "Mozilla/5.0 (compatible; Ezooms/1.0; ezooms.bot@gmail.com)"
66.249.71.12 - - [08/Apr/2012:12:29:34 +0200] "GET /rueckrufservice.php HTTP/1.1" 200 10702 "-" "Mozilla/5.0 (iPhone; U; CPU iPhone OS 4_1 like Mac OS X; en-us) AppleWebKit/532.9 (KHTML, like Gecko) Version/4.0.5 Mobile/8B117 Safari/6531.22.7 (compatible; Googlebot-Mobile/2.1; +http://www.google.com/bot.html)"
46.4.118.75 - - [08/Apr/2012:14:51:43 +0200] "GET /robots.txt HTTP/1.1" 200 177 "-" "Pixray-Seeker/1.1 (Pixray-Seeker; http://www.pixray.com/pixraybot; crawler@pixray.com)"
46.4.118.75 - - [08/Apr/2012:14:51:43 +0200] "GET /robots.txt HTTP/1.1" 200 177 "-" "Pixray-Seeker/1.1 (Pixray-Seeker; http://www.pixray.com/pixraybot; crawler@pixray.com)"
46.4.118.75 - - [08/Apr/2012:14:51:43 +0200] "GET /news.php?cs_go=archiv&cs_id=2864&cs_search= HTTP/1.1" 200 10147 "-" "Pixray-Seeker/1.1 (Pixray-Seeker; http://www.pixray.com/pixraybot; crawler@pixray.com)"
46.4.118.75 - - [08/Apr/2012:14:51:43 +0200] "GET /news.php?cs_go=archiv&cs_id=2863&cs_search= HTTP/1.1" 200 12007 "-" "Pixray-Seeker/1.1 (Pixray-Seeker; http://www.pixray.com/pixraybot; crawler@pixray.com)"
46.4.118.75 - - [08/Apr/2012:14:55:29 +0200] "GET /news.php?cs_go=archiv&cs_startpos=91 HTTP/1.1" 200 22799 "-" "Pixray-Seeker/1.1 (Pixray-Seeker; http://www.pixray.com/pixraybot; crawler@pixray.com)"
46.4.118.75 - - [08/Apr/2012:14:56:14 +0200] "GET /news.php?cs_go=archiv&cs_id=2857&cs_search= HTTP/1.1" 200 11415 "-" "Pixray-Seeker/1.1 (Pixray-Seeker; http://www.pixray.com/pixraybot; crawler@pixray.com)"
93.219.26.182 - - [08/Apr/2012:15:20:58 +0200] "GET /news.php?cs_go=archiv&cs_id=2950 HTTP/1.1" 200 12378 "http://www.mink-gmbh.de/index.php" "Mozilla/5.0 (Windows NT 6.1; rv:11.0) Gecko/20100101 Firefox/11.0"
93.219.26.182 - - [08/Apr/2012:15:33:50 +0200] "GET /modernisierung.php HTTP/1.1" 200 11424 "http://www.mink-gmbh.de/news.php?cs_go=archiv&cs_id=2950" "Mozilla/5.0 (Windows NT 6.1; rv:11.0) Gecko/20100101 Firefox/11.0"
93.219.26.182 - - [08/Apr/2012:15:33:56 +0200] "GET /modernisierung.php?cs_gp_go=description HTTP/1.1" 200 10617 "http://www.mink-gmbh.de/modernisierung.php" "Mozilla/5.0 (Windows NT 6.1; rv:11.0) Gecko/20100101 Firefox/11.0"
93.219.26.182 - - [08/Apr/2012:15:34:04 +0200] "GET /energiesparcheck.php HTTP/1.1" 200 13403 "http://www.mink-gmbh.de/modernisierung.php?cs_gp_go=description" "Mozilla/5.0 (Windows NT 6.1; rv:11.0) Gecko/20100101 Firefox/11.0"
66.249.71.12 - - [08/Apr/2012:15:56:08 +0200] "GET /news.php HTTP/1.1" 200 22302 "-" "Mozilla/5.0 (compatible; Googlebot/2.1; +http://www.google.com/bot.html)"
93.219.26.182 - - [08/Apr/2012:16:26:54 +0200] "GET /energiesparcheck.php HTTP/1.1" 200 13403 "http://www.mink-gmbh.de/modernisierung.php?cs_gp_go=description" "Mozilla/5.0 (Windows NT 6.1; rv:11.0) Gecko/20100101 Firefox/11.0"
176.9.7.28 - - [08/Apr/2012:16:41:19 +0200] "GET /robots.txt HTTP/1.1" 200 177 "-" "Pixray-Seeker/1.1 (Pixray-Seeker; http://www.pixray.com/pixraybot; crawler@pixray.com)"
176.9.7.28 - - [08/Apr/2012:16:41:19 +0200] "GET /news.php?cs_go=archiv&cs_id=2855&cs_search= HTTP/1.1" 200 14035 "-" "Pixray-Seeker/1.1 (Pixray-Seeker; http://www.pixray.com/pixraybot; crawler@pixray.com)"
176.9.7.28 - - [08/Apr/2012:16:42:19 +0200] "GET /news.php?cs_go=archiv&cs_id=2856&cs_search= HTTP/1.1" 200 9781 "-" "Pixray-Seeker/1.1 (Pixray-Seeker; http://www.pixray.com/pixraybot; crawler@pixray.com)"
66.249.66.149 - - [08/Apr/2012:16:45:00 +0200] "GET /news.php?cs_go=archiv&cs_id=2962&cs_search= HTTP/1.1" 200 11313 "-" "Mozilla/5.0 (compatible; Googlebot/2.1; +http://www.google.com/bot.html)"
176.9.7.28 - - [08/Apr/2012:16:46:05 +0200] "GET /news.php?cs_go=archiv&cs_id=2861&cs_search= HTTP/1.1" 200 13778 "-" "Pixray-Seeker/1.1 (Pixray-Seeker; http://www.pixray.com/pixraybot; crawler@pixray.com)"
176.9.7.28 - - [08/Apr/2012:16:47:33 +0200] "GET /news.php?cs_go=archiv&cs_id=2859&cs_search= HTTP/1.1" 200 9799 "-" "Pixray-Seeker/1.1 (Pixray-Seeker; http://www.pixray.com/pixraybot; crawler@pixray.com)"
176.9.7.28 - - [08/Apr/2012:16:47:34 +0200] "GET /news.php?cs_go=archiv&cs_startpos=1191 HTTP/1.1" 200 22824 "-" "Pixray-Seeker/1.1 (Pixray-Seeker; http://www.pixray.com/pixraybot; crawler@pixray.com)"
65.36.241.79 - - [08/Apr/2012:16:49:19 +0200] "HEAD / HTTP/1.1" 200 - "-" "InternetSeer.com"
123.125.71.84 - - [08/Apr/2012:17:12:48 +0200] "GET /robots.txt HTTP/1.1" 200 177 "-" "Mozilla/5.0 (compatible; Baiduspider/2.0; +http://www.baidu.com/search/spider.html)"
46.4.92.141 - - [08/Apr/2012:18:41:40 +0200] "GET /robots.txt HTTP/1.1" 200 177 "-" "Pixray-Seeker/1.1 (Pixray-Seeker; http://www.pixray.com/pixraybot; crawler@pixray.com)"
46.4.92.141 - - [08/Apr/2012:18:41:41 +0200] "GET /news.php?cs_go=archiv&cs_id=2860&cs_search= HTTP/1.1" 200 12560 "-" "Pixray-Seeker/1.1 (Pixray-Seeker; http://www.pixray.com/pixraybot; crawler@pixray.com)"
46.4.92.141 - - [08/Apr/2012:18:42:33 +0200] "GET /news.php?cs_go=archiv&cs_id=2858&cs_search= HTTP/1.1" 200 14038 "-" "Pixray-Seeker/1.1 (Pixray-Seeker; http://www.pixray.com/pixraybot; crawler@pixray.com)"
46.4.92.141 - - [08/Apr/2012:18:43:41 +0200] "GET /news.php?cs_go=archiv&cs_id=2862&cs_search= HTTP/1.1" 200 13795 "-" "Pixray-Seeker/1.1 (Pixray-Seeker; http://www.pixray.com/pixraybot; crawler@pixray.com)"
207.46.13.146 - - [08/Apr/2012:18:44:08 +0200] "GET /robots.txt HTTP/1.1" 200 177 "-" "Mozilla/5.0 (compatible; bingbot/2.0; +http://www.bing.com/bingbot.htm)"
207.46.13.146 - - [08/Apr/2012:18:44:48 +0200] "GET /wunschpreis.php HTTP/1.1" 200 11985 "-" "Mozilla/5.0 (compatible; bingbot/2.0; +http://www.bing.com/bingbot.htm)"
66.249.71.12 - - [08/Apr/2012:19:20:41 +0200] "GET /news.php?cs_go=archiv&cs_id=2918&cs_search= HTTP/1.1" 200 13467 "-" "Mozilla/5.0 (iPhone; U; CPU iPhone OS 4_1 like Mac OS X; en-us) AppleWebKit/532.9 (KHTML, like Gecko) Version/4.0.5 Mobile/8B117 Safari/6531.22.7 (compatible; Googlebot-Mobile/2.1; +http://www.google.com/bot.html)"
66.249.66.149 - - [08/Apr/2012:19:28:30 +0200] "GET /news.php?cs_go=archiv&cs_startpos=450 HTTP/1.1" 200 23173 "-" "Mozilla/5.0 (compatible; Googlebot/2.1; +http://www.google.com/bot.html)"
66.249.71.12 - - [08/Apr/2012:19:39:13 +0200] "GET /news.php?cs_go=archiv&cs_id=2892&cs_search= HTTP/1.1" 200 13339 "-" "Mozilla/5.0 (compatible; Googlebot/2.1; +http://www.google.com/bot.html)"
66.249.66.149 - - [08/Apr/2012:19:49:55 +0200] "GET /news.php?cs_go=archiv&cs_id=228&cs_search= HTTP/1.1" 200 7819 "-" "Mozilla/5.0 (compatible; Googlebot/2.1; +http://www.google.com/bot.html)"
66.249.66.149 - - [08/Apr/2012:19:51:42 +0200] "GET /news.php?cs_go=archiv&cs_startpos=21 HTTP/1.1" 200 22716 "-" "Mozilla/5.0 (compatible; Googlebot/2.1; +http://www.google.com/bot.html)"
66.249.66.149 - - [08/Apr/2012:19:53:29 +0200] "GET /news.php?cs_go=archiv&cs_id=2872 HTTP/1.1" 200 10202 "-" "Mozilla/5.0 (compatible; Googlebot/2.1; +http://www.google.com/bot.html)"
66.249.66.149 - - [08/Apr/2012:19:57:03 +0200] "GET /news.php?cs_go=archiv&cs_startpos=60 HTTP/1.1" 200 22986 "-" "Mozilla/5.0 (compatible; Googlebot/2.1; +http://www.google.com/bot.html)"
66.249.71.12 - - [08/Apr/2012:20:04:12 +0200] "GET /news.php?cs_go=archiv&cs_id=2895&cs_search= HTTP/1.1" 200 13569 "-" "Mozilla/5.0 (compatible; Googlebot/2.1; +http://www.google.com/bot.html)"
66.249.71.12 - - [08/Apr/2012:20:09:33 +0200] "GET /news.php?cs_go=archiv&cs_startpos=41 HTTP/1.1" 200 23024 "-" "Mozilla/5.0 (compatible; Googlebot/2.1; +http://www.google.com/bot.html)"
65.52.109.26 - - [08/Apr/2012:20:18:16 +0200] "GET /news.php HTTP/1.1" 200 22302 "-" "Mozilla/5.0 (compatible; bingbot/2.0; +http://www.bing.com/bingbot.htm)"
66.249.66.149 - - [08/Apr/2012:20:18:28 +0200] "GET /news.php?cs_go=archiv&cs_startpos=0 HTTP/1.1" 200 22302 "-" "Mozilla/5.0 (compatible; Googlebot/2.1; +http://www.google.com/bot.html)"
66.249.66.149 - - [08/Apr/2012:20:32:45 +0200] "GET /news.php?cs_go=archiv&cs_id=2893&cs_search= HTTP/1.1" 200 9943 "-" "Mozilla/5.0 (compatible; Googlebot/2.1; +http://www.google.com/bot.html)"
95.108.128.242 - - [08/Apr/2012:20:39:18 +0200] "GET /rueckrufservice.php HTTP/1.1" 200 10702 "-" "Mozilla/5.0 (compatible; YandexBot/3.0; +http://yandex.com/bots)"
123.125.71.17 - - [08/Apr/2012:20:40:50 +0200] "GET / HTTP/1.1" 200 8730 "-" "Mozilla/5.0 (compatible; Baiduspider/2.0; +http://www.baidu.com/search/spider.html)"
77.20.154.156 - - [08/Apr/2012:20:41:14 +0200] "GET /robots.txt HTTP/1.1" 200 177 "-" "findlinks/2.0.2 (+http://wortschatz.uni-leipzig.de/findlinks/)"
220.181.108.90 - - [08/Apr/2012:20:41:32 +0200] "GET / HTTP/1.1" 200 8730 "-" "Mozilla/5.0 (compatible; Baiduspider/2.0; +http://www.baidu.com/search/spider.html)"
66.249.66.149 - - [08/Apr/2012:20:43:27 +0200] "GET /news.php?cs_go=archiv&cs_id=2828&cs_search= HTTP/1.1" 200 13719 "-" "Mozilla/5.0 (compatible; Googlebot/2.1; +http://www.google.com/bot.html)"
66.249.71.12 - - [08/Apr/2012:20:52:00 +0200] "GET /news.php?cs_go=archiv&cs_id=2896&cs_search= HTTP/1.1" 200 9845 "-" "Mozilla/5.0 (compatible; Googlebot/2.1; +http://www.google.com/bot.html)"
66.249.66.149 - - [08/Apr/2012:20:54:10 +0200] "GET /news.php?cs_go=archiv&cs_id=2894&cs_search= HTTP/1.1" 200 12539 "-" "Mozilla/5.0 (compatible; Googlebot/2.1; +http://www.google.com/bot.html)"
65.36.241.79 - - [08/Apr/2012:21:43:48 +0200] "HEAD / HTTP/1.1" 200 - "-" "InternetSeer.com"
89.247.83.235 - - [08/Apr/2012:22:02:43 +0200] "GET /style.css HTTP/1.1" 200 8418 "http://www.mink-gmbh.de/index.php" "Mozilla/5.0 (Windows NT 6.1; rv:11.0) Gecko/20100101 Firefox/11.0"
89.247.83.235 - - [08/Apr/2012:22:02:43 +0200] "GET /modul.css HTTP/1.1" 200 35038 "http://www.mink-gmbh.de/index.php" "Mozilla/5.0 (Windows NT 6.1; rv:11.0) Gecko/20100101 Firefox/11.0"
89.247.83.235 - - [08/Apr/2012:22:02:43 +0200] "GET /js_contentserver24_greybox/gb_styles.css HTTP/1.1" 200 2302 "http://www.mink-gmbh.de/index.php" "Mozilla/5.0 (Windows NT 6.1; rv:11.0) Gecko/20100101 Firefox/11.0"
89.247.83.235 - - [08/Apr/2012:22:02:43 +0200] "GET /js_contentserver24_greybox/AJS_fx.js HTTP/1.1" 200 3192 "http://www.mink-gmbh.de/index.php" "Mozilla/5.0 (Windows NT 6.1; rv:11.0) Gecko/20100101 Firefox/11.0"
89.247.83.235 - - [08/Apr/2012:22:02:43 +0200] "GET /js_contentserver24_greybox/AJS.js HTTP/1.1" 200 10396 "http://www.mink-gmbh.de/index.php" "Mozilla/5.0 (Windows NT 6.1; rv:11.0) Gecko/20100101 Firefox/11.0"
89.247.83.235 - - [08/Apr/2012:22:02:43 +0200] "GET /js_contentserver24_greybox/gb_scripts.js HTTP/1.1" 200 11913 "http://www.mink-gmbh.de/index.php" "Mozilla/5.0 (Windows NT 6.1; rv:11.0) Gecko/20100101 Firefox/11.0"
89.247.83.235 - - [08/Apr/2012:22:02:43 +0200] "GET /favicon.ico HTTP/1.1" 200 3638 "-" "Mozilla/5.0 (Windows NT 6.1; rv:11.0) Gecko/20100101 Firefox/11.0"
89.247.83.235 - - [08/Apr/2012:22:02:44 +0200] "GET /images/tkw.jpg HTTP/1.1" 200 64031 "http://www.mink-gmbh.de/index.php" "Mozilla/5.0 (Windows NT 6.1; rv:11.0) Gecko/20100101 Firefox/11.0"
89.247.83.235 - - [08/Apr/2012:22:02:43 +0200] "GET /index.php HTTP/1.1" 200 15333 "-" "Mozilla/5.0 (Windows NT 6.1; rv:11.0) Gecko/20100101 Firefox/11.0"
89.247.83.235 - - [08/Apr/2012:22:02:44 +0200] "GET /images/freecall.jpg HTTP/1.1" 200 39195 "http://www.mink-gmbh.de/index.php" "Mozilla/5.0 (Windows NT 6.1; rv:11.0) Gecko/20100101 Firefox/11.0"
89.247.83.235 - - [08/Apr/2012:22:02:44 +0200] "GET /images/mail.jpg HTTP/1.1" 200 11165 "http://www.mink-gmbh.de/index.php" "Mozilla/5.0 (Windows NT 6.1; rv:11.0) Gecko/20100101 Firefox/11.0"
89.247.83.235 - - [08/Apr/2012:22:02:44 +0200] "GET /images/kwk.gif HTTP/1.1" 200 6403 "http://www.mink-gmbh.de/index.php" "Mozilla/5.0 (Windows NT 6.1; rv:11.0) Gecko/20100101 Firefox/11.0"
89.247.83.235 - - [08/Apr/2012:22:02:44 +0200] "GET /images/wunschpreis.jpg HTTP/1.1" 200 16767 "http://www.mink-gmbh.de/index.php" "Mozilla/5.0 (Windows NT 6.1; rv:11.0) Gecko/20100101 Firefox/11.0"
89.247.83.235 - - [08/Apr/2012:22:02:44 +0200] "GET /images/logos.jpg HTTP/1.1" 200 15002 "http://www.mink-gmbh.de/index.php" "Mozilla/5.0 (Windows NT 6.1; rv:11.0) Gecko/20100101 Firefox/11.0"
89.247.83.235 - - [08/Apr/2012:22:02:45 +0200] "GET /js_contentserver24_greybox/w_close.gif HTTP/1.1" 200 74 "http://www.mink-gmbh.de/index.php" "Mozilla/5.0 (Windows NT 6.1; rv:11.0) Gecko/20100101 Firefox/11.0"
89.247.83.235 - - [08/Apr/2012:22:02:45 +0200] "GET /images/bg.jpg HTTP/1.1" 200 345 "http://www.mink-gmbh.de/style.css" "Mozilla/5.0 (Windows NT 6.1; rv:11.0) Gecko/20100101 Firefox/11.0"
89.247.83.235 - - [08/Apr/2012:22:02:45 +0200] "GET /images/close.png HTTP/1.1" 200 703 "http://www.mink-gmbh.de/index.php" "Mozilla/5.0 (Windows NT 6.1; rv:11.0) Gecko/20100101 Firefox/11.0"
89.247.83.235 - - [08/Apr/2012:22:02:45 +0200] "GET /images/newsletter_bg.jpg HTTP/1.1" 200 33610 "http://www.mink-gmbh.de/index.php" "Mozilla/5.0 (Windows NT 6.1; rv:11.0) Gecko/20100101 Firefox/11.0"
89.247.83.235 - - [08/Apr/2012:22:02:45 +0200] "GET /images/wrapperbg.jpg HTTP/1.1" 200 27465 "http://www.mink-gmbh.de/style.css" "Mozilla/5.0 (Windows NT 6.1; rv:11.0) Gecko/20100101 Firefox/11.0"
89.247.83.235 - - [08/Apr/2012:22:02:45 +0200] "GET /images/newsletter.png HTTP/1.1" 200 14619 "http://www.mink-gmbh.de/style.css" "Mozilla/5.0 (Windows NT 6.1; rv:11.0) Gecko/20100101 Firefox/11.0"
89.247.83.235 - - [08/Apr/2012:22:02:45 +0200] "GET /images/header.jpg HTTP/1.1" 200 24413 "http://www.mink-gmbh.de/style.css" "Mozilla/5.0 (Windows NT 6.1; rv:11.0) Gecko/20100101 Firefox/11.0"
89.247.83.235 - - [08/Apr/2012:22:02:45 +0200] "GET /images/navibg.png HTTP/1.1" 200 2803 "http://www.mink-gmbh.de/style.css" "Mozilla/5.0 (Windows NT 6.1; rv:11.0) Gecko/20100101 Firefox/11.0"
89.247.83.235 - - [08/Apr/2012:22:02:45 +0200] "GET /images/fallend.png HTTP/1.1" 200 713 "http://www.mink-gmbh.de/modul.css" "Mozilla/5.0 (Windows NT 6.1; rv:11.0) Gecko/20100101 Firefox/11.0"
89.247.83.235 - - [08/Apr/2012:22:02:45 +0200] "GET /images/steigend.png HTTP/1.1" 200 688 "http://www.mink-gmbh.de/modul.css" "Mozilla/5.0 (Windows NT 6.1; rv:11.0) Gecko/20100101 Firefox/11.0"
89.247.83.235 - - [08/Apr/2012:22:02:45 +0200] "GET /images/mobil.jpg HTTP/1.1" 200 25293 "http://www.mink-gmbh.de/style.css" "Mozilla/5.0 (Windows NT 6.1; rv:11.0) Gecko/20100101 Firefox/11.0"
89.247.83.235 - - [08/Apr/2012:22:02:46 +0200] "GET /images/newsletter.jpg HTTP/1.1" 200 13130 "http://www.mink-gmbh.de/style.css" "Mozilla/5.0 (Windows NT 6.1; rv:11.0) Gecko/20100101 Firefox/11.0"
89.247.83.235 - - [08/Apr/2012:22:02:46 +0200] "GET /images/footerbg.jpg HTTP/1.1" 200 2184 "http://www.mink-gmbh.de/style.css" "Mozilla/5.0 (Windows NT 6.1; rv:11.0) Gecko/20100101 Firefox/11.0"
89.247.83.235 - - [08/Apr/2012:22:02:46 +0200] "GET /js_contentserver24_greybox/loader_frame.html?s=0 HTTP/1.1" 200 2084 "http://www.mink-gmbh.de/index.php" "Mozilla/5.0 (Windows NT 6.1; rv:11.0) Gecko/20100101 Firefox/11.0"
89.247.83.235 - - [08/Apr/2012:22:02:46 +0200] "GET /js_contentserver24_greybox/indicator.gif HTTP/1.1" 200 8238 "http://www.mink-gmbh.de/js_contentserver24_greybox/loader_frame.html?s=0" "Mozilla/5.0 (Windows NT 6.1; rv:11.0) Gecko/20100101 Firefox/11.0"
89.247.83.235 - - [08/Apr/2012:22:02:46 +0200] "GET /js_contentserver24_greybox/header_bg.gif HTTP/1.1" 200 1188 "http://www.mink-gmbh.de/index.php" "Mozilla/5.0 (Windows NT 6.1; rv:11.0) Gecko/20100101 Firefox/11.0"
89.247.83.235 - - [08/Apr/2012:22:02:47 +0200] "GET /js_contentserver24_greybox/g_close.gif HTTP/1.1" 200 541 "http://www.mink-gmbh.de/index.php" "Mozilla/5.0 (Windows NT 6.1; rv:11.0) Gecko/20100101 Firefox/11.0"
