91.205.96.19 - - [02/Apr/2012:21:57:11 +0200] "GET /news.php?cs_go=archiv&cs_id=1719&cs_search= HTTP/1.1" 200 11820 "-" "Mozilla/5.0 (compatible; WBSearchBot/1.1; +http://www.warebay.com/bot.html)"
91.205.96.19 - - [02/Apr/2012:21:57:12 +0200] "GET /news.php?cs_go=archiv&cs_id=2815&cs_search= HTTP/1.1" 200 10035 "-" "Mozilla/5.0 (compatible; WBSearchBot/1.1; +http://www.warebay.com/bot.html)"
91.205.96.19 - - [02/Apr/2012:21:57:14 +0200] "GET /news.php?cs_go=archiv&cs_id=1916&cs_search= HTTP/1.1" 200 13829 "-" "Mozilla/5.0 (compatible; WBSearchBot/1.1; +http://www.warebay.com/bot.html)"
91.205.96.19 - - [02/Apr/2012:21:57:17 +0200] "GET /news.php?cs_go=archiv&cs_id=2927&cs_search= HTTP/1.1" 200 13776 "-" "Mozilla/5.0 (compatible; WBSearchBot/1.1; +http://www.warebay.com/bot.html)"
91.205.96.19 - - [02/Apr/2012:21:57:18 +0200] "GET /news.php?cs_go=archiv&cs_startpos=360 HTTP/1.1" 200 22979 "-" "Mozilla/5.0 (compatible; WBSearchBot/1.1; +http://www.warebay.com/bot.html)"
91.205.96.19 - - [02/Apr/2012:21:57:21 +0200] "GET /news.php?cs_go=archiv&cs_id=1641&cs_search= HTTP/1.1" 200 13816 "-" "Mozilla/5.0 (compatible; WBSearchBot/1.1; +http://www.warebay.com/bot.html)"
91.205.96.19 - - [02/Apr/2012:21:57:22 +0200] "GET /news.php?cs_go=archiv&cs_id=2569&cs_search= HTTP/1.1" 200 15118 "-" "Mozilla/5.0 (compatible; WBSearchBot/1.1; +http://www.warebay.com/bot.html)"
91.205.96.19 - - [02/Apr/2012:21:57:25 +0200] "GET /news.php?cs_go=archiv&cs_id=1819&cs_search= HTTP/1.1" 200 10080 "-" "Mozilla/5.0 (compatible; WBSearchBot/1.1; +http://www.warebay.com/bot.html)"
91.205.96.19 - - [02/Apr/2012:21:57:26 +0200] "GET /news.php?cs_go=archiv&cs_id=1798&cs_search= HTTP/1.1" 200 13986 "-" "Mozilla/5.0 (compatible; WBSearchBot/1.1; +http://www.warebay.com/bot.html)"
91.205.96.19 - - [02/Apr/2012:21:57:29 +0200] "GET /lexikon.php?cs_go=3&cs_id=17 HTTP/1.1" 200 8392 "-" "Mozilla/5.0 (compatible; WBSearchBot/1.1; +http://www.warebay.com/bot.html)"
208.115.111.75 - - [02/Apr/2012:22:03:09 +0200] "GET /news.php?cs_go=archiv&cs_id=1627&cs_search= HTTP/1.1" 200 12864 "-" "Mozilla/5.0 (compatible; Ezooms/1.0; ezooms.bot@gmail.com)"
130.83.167.153 - - [02/Apr/2012:22:18:21 +0200] "GET /impressum.php HTTP/1.1" 200 8944 "-" "findlinks/2.1.5 (+http://wortschatz.uni-leipzig.de/findlinks/)"
130.83.167.153 - - [02/Apr/2012:22:18:22 +0200] "GET /impressum.php HTTP/1.1" 200 8857 "-" "findlinks/2.1.5 (+http://wortschatz.uni-leipzig.de/findlinks/)"
65.52.109.147 - - [02/Apr/2012:22:44:20 +0200] "GET /lexikon.php HTTP/1.1" 200 10427 "-" "Mozilla/5.0 (compatible; bingbot/2.0; +http://www.bing.com/bingbot.htm)"
95.108.158.244 - - [02/Apr/2012:23:04:00 +0200] "GET /robots.txt HTTP/1.1" 200 177 "-" "Mozilla/5.0 (compatible; YandexImages/3.0; +http://yandex.com/bots)"
139.18.2.209 - - [02/Apr/2012:23:17:42 +0200] "GET /foerdermittel.php HTTP/1.1" 200 9860 "-" "findlinks/2.0.1 (+http://wortschatz.uni-leipzig.de/findlinks/)"
139.18.2.209 - - [02/Apr/2012:23:17:42 +0200] "GET /foerdermittel.php HTTP/1.1" 200 12766 "-" "findlinks/2.0.1 (+http://wortschatz.uni-leipzig.de/findlinks/)"
78.46.102.249 - - [02/Apr/2012:23:32:08 +0200] "GET /standard.php HTTP/1.1" 200 9150 "-" "Mozilla/5.0 (Windows NT 5.1) AppleWebKit/535.1 (KHTML, like Gecko) Chrome/13.0.782.107 Safari/535.1"
88.131.106.8 - - [02/Apr/2012:23:44:43 +0200] "GET /robots.txt HTTP/1.0" 200 177 "-" "Mozilla/5.0 (Windows; U; Windows NT 5.1; en-US) Speedy Spider (http://www.entireweb.com/about/search_tech/speedy_spider/)"
88.131.106.8 - - [02/Apr/2012:23:44:46 +0200] "GET / HTTP/1.0" 200 15294 "-" "Mozilla/5.0 (Windows; U; Windows NT 5.1; en-US) Speedy Spider (http://www.entireweb.com/about/search_tech/speedy_spider/)"
95.108.158.244 - - [02/Apr/2012:23:46:13 +0200] "GET /images/mail.jpg HTTP/1.1" 200 11165 "-" "Mozilla/5.0 (compatible; YandexImages/3.0; +http://yandex.com/bots)"
65.36.241.79 - - [03/Apr/2012:00:58:45 +0200] "HEAD / HTTP/1.1" 200 - "-" "InternetSeer.com"
157.55.17.199 - - [03/Apr/2012:01:00:36 +0200] "GET /robots.txt HTTP/1.1" 200 177 "-" "Mozilla/5.0 (compatible; bingbot/2.0; +http://www.bing.com/bingbot.htm)"
66.249.71.56 - - [03/Apr/2012:01:33:34 +0200] "GET /robots.txt HTTP/1.1" 200 177 "-" "Mozilla/5.0 (compatible; Googlebot/2.1; +http://www.google.com/bot.html)"
66.249.71.56 - - [03/Apr/2012:01:33:34 +0200] "GET /news.php?cs_go=archiv&cs_startpos=1210 HTTP/1.1" 200 22798 "-" "Mozilla/5.0 (iPhone; U; CPU iPhone OS 4_1 like Mac OS X; en-us) AppleWebKit/532.9 (KHTML, like Gecko) Version/4.0.5 Mobile/8B117 Safari/6531.22.7 (compatible; Googlebot-Mobile/2.1; +http://www.google.com/bot.html)"
66.249.71.56 - - [03/Apr/2012:02:12:07 +0200] "GET /news.php?cs_go=archiv&cs_id=228&cs_search= HTTP/1.1" 200 7819 "-" "Mozilla/5.0 (compatible; Googlebot/2.1; +http://www.google.com/bot.html)"
66.249.71.56 - - [03/Apr/2012:02:15:22 +0200] "GET /news.php HTTP/1.1" 200 22251 "-" "Mozilla/5.0 (compatible; Googlebot/2.1; +http://www.google.com/bot.html)"
66.249.71.56 - - [03/Apr/2012:02:25:05 +0200] "GET /news.php?cs_go=archiv&cs_id=2881&cs_search= HTTP/1.1" 200 13147 "-" "Mozilla/5.0 (compatible; Googlebot/2.1; +http://www.google.com/bot.html)"
95.108.128.242 - - [03/Apr/2012:02:36:25 +0200] "GET /news.php HTTP/1.1" 200 22251 "-" "Mozilla/5.0 (compatible; YandexBot/3.0; +http://yandex.com/bots)"
66.249.71.56 - - [03/Apr/2012:02:41:17 +0200] "GET /news.php?cs_go=archiv&cs_id=262&cs_search= HTTP/1.1" 200 7819 "-" "Mozilla/5.0 (compatible; Googlebot/2.1; +http://www.google.com/bot.html)"
66.249.71.56 - - [03/Apr/2012:02:57:24 +0200] "GET /news.php?cs_go=archiv&cs_id=2955&cs_search= HTTP/1.1" 200 9799 "-" "Mozilla/5.0 (compatible; Googlebot/2.1; +http://www.google.com/bot.html)"
208.115.113.91 - - [03/Apr/2012:03:06:58 +0200] "GET /robots.txt HTTP/1.1" 200 177 "-" "Mozilla/5.0 (compatible; Ezooms/1.0; ezooms.bot@gmail.com)"
66.249.71.56 - - [03/Apr/2012:03:07:17 +0200] "GET /news.php?cs_go=archiv&cs_id=2944&cs_search= HTTP/1.1" 200 11544 "-" "Mozilla/5.0 (compatible; Googlebot/2.1; +http://www.google.com/bot.html)"
66.249.71.56 - - [03/Apr/2012:03:13:48 +0200] "GET /news.php?cs_go=archiv&cs_id=447&cs_search= HTTP/1.1" 200 7819 "-" "Mozilla/5.0 (compatible; Googlebot/2.1; +http://www.google.com/bot.html)"
66.249.71.56 - - [03/Apr/2012:03:16:24 +0200] "GET /news.php?cs_go=archiv&cs_id=2956&cs_search= HTTP/1.1" 200 13304 "-" "Mozilla/5.0 (compatible; Googlebot/2.1; +http://www.google.com/bot.html)"
66.249.71.56 - - [03/Apr/2012:03:17:04 +0200] "GET /news.php?cs_go=archiv&cs_id=2555&cs_search= HTTP/1.1" 200 9171 "-" "Mozilla/5.0 (compatible; Googlebot/2.1; +http://www.google.com/bot.html)"
94.213.77.122 - - [03/Apr/2012:03:32:00 +0200] "GET /robots.txt HTTP/1.0" 200 177 "-" "Mozilla/5.0 (compatible; MJ12bot/v1.4.2; http://www.majestic12.co.uk/bot.php?+)"
94.213.77.122 - - [03/Apr/2012:03:32:01 +0200] "GET / HTTP/1.1" 200 15294 "-" "Mozilla/5.0 (compatible; MJ12bot/v1.4.2; http://www.majestic12.co.uk/bot.php?+)"
88.198.65.99 - - [03/Apr/2012:03:44:16 +0200] "GET /robots.txt HTTP/1.1" 200 177 "-" "Pixray-Seeker/1.1 (Pixray-Seeker; http://www.pixray.com/pixraybot; crawler@pixray.com)"
88.198.65.99 - - [03/Apr/2012:03:44:17 +0200] "GET /news.php?cs_go=archiv&cs_startpos=141 HTTP/1.1" 200 22921 "-" "Pixray-Seeker/1.1 (Pixray-Seeker; http://www.pixray.com/pixraybot; crawler@pixray.com)"
88.198.65.99 - - [03/Apr/2012:03:45:01 +0200] "GET /news.php?cs_go=archiv&cs_id=2770&cs_search= HTTP/1.1" 200 9342 "-" "Pixray-Seeker/1.1 (Pixray-Seeker; http://www.pixray.com/pixraybot; crawler@pixray.com)"
88.198.65.99 - - [03/Apr/2012:03:45:07 +0200] "GET /news.php?cs_go=archiv&cs_id=2777&cs_search= HTTP/1.1" 200 9337 "-" "Pixray-Seeker/1.1 (Pixray-Seeker; http://www.pixray.com/pixraybot; crawler@pixray.com)"
88.198.65.99 - - [03/Apr/2012:03:51:11 +0200] "GET /news.php?cs_go=archiv&cs_id=2783&cs_search= HTTP/1.1" 200 14170 "-" "Pixray-Seeker/1.1 (Pixray-Seeker; http://www.pixray.com/pixraybot; crawler@pixray.com)"
188.40.85.200 - - [03/Apr/2012:06:18:55 +0200] "GET /robots.txt HTTP/1.1" 200 177 "-" "Pixray-Seeker/1.1 (Pixray-Seeker; http://www.pixray.com/pixraybot; crawler@pixray.com)"
188.40.85.200 - - [03/Apr/2012:06:18:55 +0200] "GET /robots.txt HTTP/1.1" 200 177 "-" "Pixray-Seeker/1.1 (Pixray-Seeker; http://www.pixray.com/pixraybot; crawler@pixray.com)"
188.40.85.200 - - [03/Apr/2012:06:18:55 +0200] "GET /news.php?cs_go=archiv&cs_id=2774&cs_search= HTTP/1.1" 200 10557 "-" "Pixray-Seeker/1.1 (Pixray-Seeker; http://www.pixray.com/pixraybot; crawler@pixray.com)"
188.40.85.200 - - [03/Apr/2012:06:18:55 +0200] "GET /news.php?cs_go=archiv&cs_id=2775&cs_search= HTTP/1.1" 200 10260 "-" "Pixray-Seeker/1.1 (Pixray-Seeker; http://www.pixray.com/pixraybot; crawler@pixray.com)"
188.40.85.200 - - [03/Apr/2012:06:22:12 +0200] "GET /news.php?cs_go=archiv&cs_id=2771&cs_search= HTTP/1.1" 200 13629 "-" "Pixray-Seeker/1.1 (Pixray-Seeker; http://www.pixray.com/pixraybot; crawler@pixray.com)"
188.40.85.200 - - [03/Apr/2012:06:22:37 +0200] "GET /news.php?cs_go=archiv&cs_id=2778&cs_search= HTTP/1.1" 200 13986 "-" "Pixray-Seeker/1.1 (Pixray-Seeker; http://www.pixray.com/pixraybot; crawler@pixray.com)"
188.40.85.200 - - [03/Apr/2012:06:25:07 +0200] "GET /news.php?cs_go=archiv&cs_startpos=1241 HTTP/1.1" 200 22465 "-" "Pixray-Seeker/1.1 (Pixray-Seeker; http://www.pixray.com/pixraybot; crawler@pixray.com)"
46.4.79.73 - - [03/Apr/2012:06:30:56 +0200] "GET /index.php HTTP/1.1" 200 15294 "-" "Mozilla/5.0 (Windows NT 5.1) AppleWebKit/535.1 (KHTML, like Gecko) Chrome/13.0.782.107 Safari/535.1"
65.36.241.79 - - [03/Apr/2012:06:59:10 +0200] "HEAD / HTTP/1.1" 200 - "-" "InternetSeer.com"
46.21.144.176 - - [03/Apr/2012:07:10:33 +0200] "GET / HTTP/1.1" 200 15294 "-" "Mozilla/4.0 (compatible; MSIE 6.0; Windows NT 5.1; SV1)"
207.46.204.240 - - [03/Apr/2012:07:19:05 +0200] "GET /robots.txt HTTP/1.1" 200 177 "-" "Mozilla/5.0 (compatible; bingbot/2.0; +http://www.bing.com/bingbot.htm)"
207.46.204.240 - - [03/Apr/2012:07:20:07 +0200] "GET /standard.php HTTP/1.1" 200 9150 "-" "Mozilla/5.0 (compatible; bingbot/2.0; +http://www.bing.com/bingbot.htm)"
208.115.111.75 - - [03/Apr/2012:07:35:18 +0200] "GET /robots.txt HTTP/1.1" 200 177 "-" "Mozilla/5.0 (compatible; Ezooms/1.0; ezooms.bot@gmail.com)"
66.249.71.56 - - [03/Apr/2012:08:33:05 +0200] "GET /news.php?cs_go=archiv&cs_startpos=1 HTTP/1.1" 200 22540 "-" "Mozilla/5.0 (compatible; Googlebot/2.1; +http://www.google.com/bot.html)"
46.4.19.85 - - [03/Apr/2012:08:44:43 +0200] "GET /robots.txt HTTP/1.1" 200 177 "-" "Pixray-Seeker/1.1 (Pixray-Seeker; http://www.pixray.com/pixraybot; crawler@pixray.com)"
46.4.19.85 - - [03/Apr/2012:08:44:43 +0200] "GET /news.php?cs_go=archiv&cs_id=2780&cs_search= HTTP/1.1" 200 10025 "-" "Pixray-Seeker/1.1 (Pixray-Seeker; http://www.pixray.com/pixraybot; crawler@pixray.com)"
46.4.19.85 - - [03/Apr/2012:08:50:48 +0200] "GET /news.php?cs_go=archiv&cs_id=2782&cs_search= HTTP/1.1" 200 11977 "-" "Pixray-Seeker/1.1 (Pixray-Seeker; http://www.pixray.com/pixraybot; crawler@pixray.com)"
66.249.71.56 - - [03/Apr/2012:08:55:53 +0200] "GET /news.php?cs_go=archiv&cs_id=394&cs_search= HTTP/1.1" 200 7819 "-" "Mozilla/5.0 (compatible; Googlebot/2.1; +http://www.google.com/bot.html)"
95.108.128.242 - - [03/Apr/2012:09:21:45 +0200] "GET /robots.txt HTTP/1.1" 200 177 "-" "Mozilla/5.0 (compatible; YandexBot/3.0; +http://yandex.com/bots)"
46.4.79.73 - - [03/Apr/2012:10:59:45 +0200] "GET /wunschpreis.php HTTP/1.1" 200 11985 "-" "Mozilla/5.0 (Windows NT 5.1) AppleWebKit/535.1 (KHTML, like Gecko) Chrome/13.0.782.107 Safari/535.1"
77.20.4.67 - - [03/Apr/2012:11:11:35 +0200] "GET /standard.php HTTP/1.1" 200 9150 "-" "findlinks/2.0.2 (+http://wortschatz.uni-leipzig.de/findlinks/)"
77.20.4.67 - - [03/Apr/2012:11:11:36 +0200] "GET /standard.php HTTP/1.1" 200 9063 "-" "findlinks/2.0.2 (+http://wortschatz.uni-leipzig.de/findlinks/)"
65.36.241.79 - - [03/Apr/2012:11:41:37 +0200] "HEAD / HTTP/1.1" 200 - "-" "InternetSeer.com"
89.247.106.72 - - [03/Apr/2012:12:10:55 +0200] "GET /modul.css HTTP/1.1" 200 35038 "http://www.mink-gmbh.de/index.php" "Mozilla/5.0 (Windows NT 6.1; rv:11.0) Gecko/20100101 Firefox/11.0"
89.247.106.72 - - [03/Apr/2012:12:10:55 +0200] "GET /style.css HTTP/1.1" 200 8418 "http://www.mink-gmbh.de/index.php" "Mozilla/5.0 (Windows NT 6.1; rv:11.0) Gecko/20100101 Firefox/11.0"
89.247.106.72 - - [03/Apr/2012:12:10:55 +0200] "GET /favicon.ico HTTP/1.1" 200 3638 "-" "Mozilla/5.0 (Windows NT 6.1; rv:11.0) Gecko/20100101 Firefox/11.0"
89.247.106.72 - - [03/Apr/2012:12:10:55 +0200] "GET /js_contentserver24_greybox/gb_styles.css HTTP/1.1" 200 2302 "http://www.mink-gmbh.de/index.php" "Mozilla/5.0 (Windows NT 6.1; rv:11.0) Gecko/20100101 Firefox/11.0"
89.247.106.72 - - [03/Apr/2012:12:10:55 +0200] "GET /js_contentserver24_greybox/AJS.js HTTP/1.1" 200 10396 "http://www.mink-gmbh.de/index.php" "Mozilla/5.0 (Windows NT 6.1; rv:11.0) Gecko/20100101 Firefox/11.0"
89.247.106.72 - - [03/Apr/2012:12:10:55 +0200] "GET /js_contentserver24_greybox/AJS_fx.js HTTP/1.1" 200 3192 "http://www.mink-gmbh.de/index.php" "Mozilla/5.0 (Windows NT 6.1; rv:11.0) Gecko/20100101 Firefox/11.0"
89.247.106.72 - - [03/Apr/2012:12:10:55 +0200] "GET /js_contentserver24_greybox/gb_scripts.js HTTP/1.1" 200 11913 "http://www.mink-gmbh.de/index.php" "Mozilla/5.0 (Windows NT 6.1; rv:11.0) Gecko/20100101 Firefox/11.0"
89.247.106.72 - - [03/Apr/2012:12:10:54 +0200] "GET /index.php HTTP/1.1" 200 15295 "-" "Mozilla/5.0 (Windows NT 6.1; rv:11.0) Gecko/20100101 Firefox/11.0"
89.247.106.72 - - [03/Apr/2012:12:10:55 +0200] "GET /images/tkw.jpg HTTP/1.1" 200 64031 "http://www.mink-gmbh.de/index.php" "Mozilla/5.0 (Windows NT 6.1; rv:11.0) Gecko/20100101 Firefox/11.0"
89.247.106.72 - - [03/Apr/2012:12:10:56 +0200] "GET /images/freecall.jpg HTTP/1.1" 200 39195 "http://www.mink-gmbh.de/index.php" "Mozilla/5.0 (Windows NT 6.1; rv:11.0) Gecko/20100101 Firefox/11.0"
89.247.106.72 - - [03/Apr/2012:12:10:56 +0200] "GET /images/mail.jpg HTTP/1.1" 200 11165 "http://www.mink-gmbh.de/index.php" "Mozilla/5.0 (Windows NT 6.1; rv:11.0) Gecko/20100101 Firefox/11.0"
89.247.106.72 - - [03/Apr/2012:12:10:56 +0200] "GET /images/kwk.gif HTTP/1.1" 200 6403 "http://www.mink-gmbh.de/index.php" "Mozilla/5.0 (Windows NT 6.1; rv:11.0) Gecko/20100101 Firefox/11.0"
89.247.106.72 - - [03/Apr/2012:12:10:56 +0200] "GET /images/logos.jpg HTTP/1.1" 200 15002 "http://www.mink-gmbh.de/index.php" "Mozilla/5.0 (Windows NT 6.1; rv:11.0) Gecko/20100101 Firefox/11.0"
89.247.106.72 - - [03/Apr/2012:12:10:56 +0200] "GET /images/wunschpreis.jpg HTTP/1.1" 200 16767 "http://www.mink-gmbh.de/index.php" "Mozilla/5.0 (Windows NT 6.1; rv:11.0) Gecko/20100101 Firefox/11.0"
89.247.106.72 - - [03/Apr/2012:12:10:56 +0200] "GET /js_contentserver24_greybox/w_close.gif HTTP/1.1" 200 74 "http://www.mink-gmbh.de/index.php" "Mozilla/5.0 (Windows NT 6.1; rv:11.0) Gecko/20100101 Firefox/11.0"
89.247.106.72 - - [03/Apr/2012:12:10:56 +0200] "GET /images/bg.jpg HTTP/1.1" 200 345 "http://www.mink-gmbh.de/style.css" "Mozilla/5.0 (Windows NT 6.1; rv:11.0) Gecko/20100101 Firefox/11.0"
89.247.106.72 - - [03/Apr/2012:12:10:56 +0200] "GET /images/close.png HTTP/1.1" 200 703 "http://www.mink-gmbh.de/index.php" "Mozilla/5.0 (Windows NT 6.1; rv:11.0) Gecko/20100101 Firefox/11.0"
89.247.106.72 - - [03/Apr/2012:12:10:56 +0200] "GET /images/newsletter_bg.jpg HTTP/1.1" 200 33610 "http://www.mink-gmbh.de/index.php" "Mozilla/5.0 (Windows NT 6.1; rv:11.0) Gecko/20100101 Firefox/11.0"
89.247.106.72 - - [03/Apr/2012:12:10:56 +0200] "GET /images/newsletter.png HTTP/1.1" 200 14619 "http://www.mink-gmbh.de/style.css" "Mozilla/5.0 (Windows NT 6.1; rv:11.0) Gecko/20100101 Firefox/11.0"
89.247.106.72 - - [03/Apr/2012:12:10:56 +0200] "GET /images/wrapperbg.jpg HTTP/1.1" 200 27465 "http://www.mink-gmbh.de/style.css" "Mozilla/5.0 (Windows NT 6.1; rv:11.0) Gecko/20100101 Firefox/11.0"
89.247.106.72 - - [03/Apr/2012:12:10:56 +0200] "GET /images/header.jpg HTTP/1.1" 200 24413 "http://www.mink-gmbh.de/style.css" "Mozilla/5.0 (Windows NT 6.1; rv:11.0) Gecko/20100101 Firefox/11.0"
89.247.106.72 - - [03/Apr/2012:12:10:56 +0200] "GET /images/navibg.png HTTP/1.1" 200 2803 "http://www.mink-gmbh.de/style.css" "Mozilla/5.0 (Windows NT 6.1; rv:11.0) Gecko/20100101 Firefox/11.0"
89.247.106.72 - - [03/Apr/2012:12:10:56 +0200] "GET /images/fallend.png HTTP/1.1" 200 713 "http://www.mink-gmbh.de/modul.css" "Mozilla/5.0 (Windows NT 6.1; rv:11.0) Gecko/20100101 Firefox/11.0"
89.247.106.72 - - [03/Apr/2012:12:10:56 +0200] "GET /images/gleichbleibend.png HTTP/1.1" 200 534 "http://www.mink-gmbh.de/modul.css" "Mozilla/5.0 (Windows NT 6.1; rv:11.0) Gecko/20100101 Firefox/11.0"
89.247.106.72 - - [03/Apr/2012:12:10:56 +0200] "GET /images/mobil.jpg HTTP/1.1" 200 25293 "http://www.mink-gmbh.de/style.css" "Mozilla/5.0 (Windows NT 6.1; rv:11.0) Gecko/20100101 Firefox/11.0"
89.247.106.72 - - [03/Apr/2012:12:10:56 +0200] "GET /images/newsletter.jpg HTTP/1.1" 200 13130 "http://www.mink-gmbh.de/style.css" "Mozilla/5.0 (Windows NT 6.1; rv:11.0) Gecko/20100101 Firefox/11.0"
89.247.106.72 - - [03/Apr/2012:12:10:56 +0200] "GET /images/footerbg.jpg HTTP/1.1" 200 2184 "http://www.mink-gmbh.de/style.css" "Mozilla/5.0 (Windows NT 6.1; rv:11.0) Gecko/20100101 Firefox/11.0"
89.247.106.72 - - [03/Apr/2012:12:10:56 +0200] "GET /js_contentserver24_greybox/header_bg.gif HTTP/1.1" 200 1188 "http://www.mink-gmbh.de/index.php" "Mozilla/5.0 (Windows NT 6.1; rv:11.0) Gecko/20100101 Firefox/11.0"
89.247.106.72 - - [03/Apr/2012:12:10:56 +0200] "GET /js_contentserver24_greybox/g_close.gif HTTP/1.1" 200 541 "http://www.mink-gmbh.de/index.php" "Mozilla/5.0 (Windows NT 6.1; rv:11.0) Gecko/20100101 Firefox/11.0"
89.247.106.72 - - [03/Apr/2012:12:10:56 +0200] "GET /js_contentserver24_greybox/indicator.gif HTTP/1.1" 200 8238 "http://www.mink-gmbh.de/index.php" "Mozilla/5.0 (Windows NT 6.1; rv:11.0) Gecko/20100101 Firefox/11.0"
89.247.106.72 - - [03/Apr/2012:12:10:57 +0200] "GET /js_contentserver24_greybox/loader_frame.html?s=0 HTTP/1.1" 200 2084 "http://www.mink-gmbh.de/index.php" "Mozilla/5.0 (Windows NT 6.1; rv:11.0) Gecko/20100101 Firefox/11.0"
89.247.106.72 - - [03/Apr/2012:12:15:31 +0200] "GET /index.php HTTP/1.1" 200 14560 "-" "Mozilla/5.0 (Windows NT 6.1; rv:11.0) Gecko/20100101 Firefox/11.0"
123.125.71.56 - - [03/Apr/2012:12:20:47 +0200] "GET /agb.php HTTP/1.1" 200 19709 "-" "Mozilla/5.0 (compatible; Baiduspider/2.0; +http://www.baidu.com/search/spider.html)"
213.186.127.12 - - [03/Apr/2012:12:50:18 +0200] "GET /robots.txt HTTP/1.1" 200 177 "-" "Mozilla/5.0 (compatible; AhrefsBot/2.0; +http://ahrefs.com/robot/)"
66.249.71.56 - - [03/Apr/2012:13:11:41 +0200] "GET /kontakt.php HTTP/1.1" 200 9127 "-" "Mozilla/5.0 (iPhone; U; CPU iPhone OS 4_1 like Mac OS X; en-us) AppleWebKit/532.9 (KHTML, like Gecko) Version/4.0.5 Mobile/8B117 Safari/6531.22.7 (compatible; Googlebot-Mobile/2.1; +http://www.google.com/bot.html)"
217.85.88.59 - - [03/Apr/2012:13:23:58 +0200] "GET /style.css HTTP/1.1" 200 8418 "http://www.mink-gmbh.de/" "Mozilla/5.0 (Windows NT 6.0; rv:11.0) Gecko/20100101 Firefox/11.0"
217.85.88.59 - - [03/Apr/2012:13:23:58 +0200] "GET /js_contentserver24_greybox/gb_styles.css HTTP/1.1" 200 2302 "http://www.mink-gmbh.de/" "Mozilla/5.0 (Windows NT 6.0; rv:11.0) Gecko/20100101 Firefox/11.0"
217.85.88.59 - - [03/Apr/2012:13:23:58 +0200] "GET /js_contentserver24_greybox/AJS.js HTTP/1.1" 200 10396 "http://www.mink-gmbh.de/" "Mozilla/5.0 (Windows NT 6.0; rv:11.0) Gecko/20100101 Firefox/11.0"
217.85.88.59 - - [03/Apr/2012:13:23:57 +0200] "GET / HTTP/1.1" 200 15292 "-" "Mozilla/5.0 (Windows NT 6.0; rv:11.0) Gecko/20100101 Firefox/11.0"
217.85.88.59 - - [03/Apr/2012:13:23:58 +0200] "GET /js_contentserver24_greybox/AJS_fx.js HTTP/1.1" 200 3192 "http://www.mink-gmbh.de/" "Mozilla/5.0 (Windows NT 6.0; rv:11.0) Gecko/20100101 Firefox/11.0"
217.85.88.59 - - [03/Apr/2012:13:23:58 +0200] "GET /js_contentserver24_greybox/gb_scripts.js HTTP/1.1" 200 11913 "http://www.mink-gmbh.de/" "Mozilla/5.0 (Windows NT 6.0; rv:11.0) Gecko/20100101 Firefox/11.0"
217.85.88.59 - - [03/Apr/2012:13:23:58 +0200] "GET /modul.css HTTP/1.1" 200 35038 "http://www.mink-gmbh.de/" "Mozilla/5.0 (Windows NT 6.0; rv:11.0) Gecko/20100101 Firefox/11.0"
217.85.88.59 - - [03/Apr/2012:13:23:58 +0200] "GET /images/freecall.jpg HTTP/1.1" 200 39195 "http://www.mink-gmbh.de/" "Mozilla/5.0 (Windows NT 6.0; rv:11.0) Gecko/20100101 Firefox/11.0"
217.85.88.59 - - [03/Apr/2012:13:23:58 +0200] "GET /images/mail.jpg HTTP/1.1" 200 11165 "http://www.mink-gmbh.de/" "Mozilla/5.0 (Windows NT 6.0; rv:11.0) Gecko/20100101 Firefox/11.0"
217.85.88.59 - - [03/Apr/2012:13:23:58 +0200] "GET /images/kwk.gif HTTP/1.1" 200 6403 "http://www.mink-gmbh.de/" "Mozilla/5.0 (Windows NT 6.0; rv:11.0) Gecko/20100101 Firefox/11.0"
217.85.88.59 - - [03/Apr/2012:13:23:58 +0200] "GET /images/wunschpreis.jpg HTTP/1.1" 200 16767 "http://www.mink-gmbh.de/" "Mozilla/5.0 (Windows NT 6.0; rv:11.0) Gecko/20100101 Firefox/11.0"
217.85.88.59 - - [03/Apr/2012:13:23:58 +0200] "GET /images/tkw.jpg HTTP/1.1" 200 64031 "http://www.mink-gmbh.de/" "Mozilla/5.0 (Windows NT 6.0; rv:11.0) Gecko/20100101 Firefox/11.0"
217.85.88.59 - - [03/Apr/2012:13:23:58 +0200] "GET /images/logos.jpg HTTP/1.1" 200 15002 "http://www.mink-gmbh.de/" "Mozilla/5.0 (Windows NT 6.0; rv:11.0) Gecko/20100101 Firefox/11.0"
217.85.88.59 - - [03/Apr/2012:13:23:58 +0200] "GET /favicon.ico HTTP/1.1" 200 3638 "-" "Mozilla/5.0 (Windows NT 6.0; rv:11.0) Gecko/20100101 Firefox/11.0"
217.85.88.59 - - [03/Apr/2012:13:23:59 +0200] "GET /images/bg.jpg HTTP/1.1" 200 345 "http://www.mink-gmbh.de/style.css" "Mozilla/5.0 (Windows NT 6.0; rv:11.0) Gecko/20100101 Firefox/11.0"
217.85.88.59 - - [03/Apr/2012:13:23:59 +0200] "GET /js_contentserver24_greybox/w_close.gif HTTP/1.1" 200 74 "http://www.mink-gmbh.de/" "Mozilla/5.0 (Windows NT 6.0; rv:11.0) Gecko/20100101 Firefox/11.0"
217.85.88.59 - - [03/Apr/2012:13:23:59 +0200] "GET /images/close.png HTTP/1.1" 200 703 "http://www.mink-gmbh.de/" "Mozilla/5.0 (Windows NT 6.0; rv:11.0) Gecko/20100101 Firefox/11.0"
217.85.88.59 - - [03/Apr/2012:13:23:59 +0200] "GET /images/newsletter_bg.jpg HTTP/1.1" 200 33610 "http://www.mink-gmbh.de/" "Mozilla/5.0 (Windows NT 6.0; rv:11.0) Gecko/20100101 Firefox/11.0"
217.85.88.59 - - [03/Apr/2012:13:23:59 +0200] "GET /images/newsletter.png HTTP/1.1" 200 14619 "http://www.mink-gmbh.de/style.css" "Mozilla/5.0 (Windows NT 6.0; rv:11.0) Gecko/20100101 Firefox/11.0"
217.85.88.59 - - [03/Apr/2012:13:23:59 +0200] "GET /images/wrapperbg.jpg HTTP/1.1" 200 27465 "http://www.mink-gmbh.de/style.css" "Mozilla/5.0 (Windows NT 6.0; rv:11.0) Gecko/20100101 Firefox/11.0"
217.85.88.59 - - [03/Apr/2012:13:23:59 +0200] "GET /images/header.jpg HTTP/1.1" 200 24413 "http://www.mink-gmbh.de/style.css" "Mozilla/5.0 (Windows NT 6.0; rv:11.0) Gecko/20100101 Firefox/11.0"
217.85.88.59 - - [03/Apr/2012:13:23:59 +0200] "GET /images/navibg.png HTTP/1.1" 200 2803 "http://www.mink-gmbh.de/style.css" "Mozilla/5.0 (Windows NT 6.0; rv:11.0) Gecko/20100101 Firefox/11.0"
217.85.88.59 - - [03/Apr/2012:13:23:59 +0200] "GET /images/steigend.png HTTP/1.1" 200 688 "http://www.mink-gmbh.de/modul.css" "Mozilla/5.0 (Windows NT 6.0; rv:11.0) Gecko/20100101 Firefox/11.0"
217.85.88.59 - - [03/Apr/2012:13:23:59 +0200] "GET /images/fallend.png HTTP/1.1" 200 713 "http://www.mink-gmbh.de/modul.css" "Mozilla/5.0 (Windows NT 6.0; rv:11.0) Gecko/20100101 Firefox/11.0"
217.85.88.59 - - [03/Apr/2012:13:24:00 +0200] "GET /images/gleichbleibend.png HTTP/1.1" 200 534 "http://www.mink-gmbh.de/modul.css" "Mozilla/5.0 (Windows NT 6.0; rv:11.0) Gecko/20100101 Firefox/11.0"
217.85.88.59 - - [03/Apr/2012:13:24:00 +0200] "GET /images/mobil.jpg HTTP/1.1" 200 25293 "http://www.mink-gmbh.de/style.css" "Mozilla/5.0 (Windows NT 6.0; rv:11.0) Gecko/20100101 Firefox/11.0"
217.85.88.59 - - [03/Apr/2012:13:24:00 +0200] "GET /images/newsletter.jpg HTTP/1.1" 200 13130 "http://www.mink-gmbh.de/style.css" "Mozilla/5.0 (Windows NT 6.0; rv:11.0) Gecko/20100101 Firefox/11.0"
217.85.88.59 - - [03/Apr/2012:13:24:00 +0200] "GET /images/footerbg.jpg HTTP/1.1" 200 2184 "http://www.mink-gmbh.de/style.css" "Mozilla/5.0 (Windows NT 6.0; rv:11.0) Gecko/20100101 Firefox/11.0"
217.85.88.59 - - [03/Apr/2012:13:24:00 +0200] "GET /js_contentserver24_greybox/loader_frame.html?s=0 HTTP/1.1" 200 2084 "http://www.mink-gmbh.de/" "Mozilla/5.0 (Windows NT 6.0; rv:11.0) Gecko/20100101 Firefox/11.0"
217.85.88.59 - - [03/Apr/2012:13:24:00 +0200] "GET /js_contentserver24_greybox/header_bg.gif HTTP/1.1" 200 1188 "http://www.mink-gmbh.de/" "Mozilla/5.0 (Windows NT 6.0; rv:11.0) Gecko/20100101 Firefox/11.0"
217.85.88.59 - - [03/Apr/2012:13:24:00 +0200] "GET /js_contentserver24_greybox/indicator.gif HTTP/1.1" 200 8238 "http://www.mink-gmbh.de/js_contentserver24_greybox/loader_frame.html?s=0" "Mozilla/5.0 (Windows NT 6.0; rv:11.0) Gecko/20100101 Firefox/11.0"
217.85.88.59 - - [03/Apr/2012:13:24:01 +0200] "GET /js_contentserver24_greybox/g_close.gif HTTP/1.1" 200 541 "http://www.mink-gmbh.de/" "Mozilla/5.0 (Windows NT 6.0; rv:11.0) Gecko/20100101 Firefox/11.0"
217.85.88.59 - - [03/Apr/2012:13:25:14 +0200] "GET /impressum.php HTTP/1.1" 200 8857 "http://www.mink-gmbh.de/" "Mozilla/5.0 (Windows NT 6.0; rv:11.0) Gecko/20100101 Firefox/11.0"
66.249.71.56 - - [03/Apr/2012:13:38:53 +0200] "GET /news.php?cs_go=archiv&cs_id=2737&cs_search= HTTP/1.1" 200 10015 "-" "Mozilla/5.0 (compatible; Googlebot/2.1; +http://www.google.com/bot.html)"
207.46.204.240 - - [03/Apr/2012:13:42:06 +0200] "GET /robots.txt HTTP/1.1" 200 177 "-" "Mozilla/5.0 (compatible; bingbot/2.0; +http://www.bing.com/bingbot.htm)"
123.125.71.46 - - [03/Apr/2012:13:42:29 +0200] "GET /robots.txt HTTP/1.1" 200 177 "-" "Mozilla/5.0 (compatible; Baiduspider/2.0; +http://www.baidu.com/search/spider.html)"
207.46.204.240 - - [03/Apr/2012:13:43:08 +0200] "GET / HTTP/1.1" 200 15300 "-" "Mozilla/5.0 (compatible; bingbot/2.0; +http://www.bing.com/bingbot.htm)"
176.9.66.13 - - [03/Apr/2012:13:58:29 +0200] "GET /impressum.php HTTP/1.1" 200 8944 "-" "Mozilla/5.0 (Windows NT 5.1) AppleWebKit/535.1 (KHTML, like Gecko) Chrome/13.0.782.107 Safari/535.1"
66.249.71.56 - - [03/Apr/2012:14:10:05 +0200] "GET /news.php?cs_go=archiv&cs_id=2816&cs_search= HTTP/1.1" 200 11604 "-" "Mozilla/5.0 (compatible; Googlebot/2.1; +http://www.google.com/bot.html)"
139.18.2.209 - - [03/Apr/2012:14:14:05 +0200] "GET /kwk.php HTTP/1.1" 200 5700 "-" "findlinks/2.0.1 (+http://wortschatz.uni-leipzig.de/findlinks/)"
139.18.2.209 - - [03/Apr/2012:14:14:05 +0200] "GET /kwk.php HTTP/1.1" 200 10728 "-" "findlinks/2.0.1 (+http://wortschatz.uni-leipzig.de/findlinks/)"
66.249.71.56 - - [03/Apr/2012:14:27:25 +0200] "GET /news.php?cs_go=archiv&cs_id=2740&cs_search= HTTP/1.1" 200 9923 "-" "Mozilla/5.0 (compatible; Googlebot/2.1; +http://www.google.com/bot.html)"
66.249.71.56 - - [03/Apr/2012:14:30:53 +0200] "GET /news.php?cs_go=archiv&cs_id=2734&cs_search= HTTP/1.1" 200 13700 "-" "Mozilla/5.0 (compatible; Googlebot/2.1; +http://www.google.com/bot.html)"
66.249.71.56 - - [03/Apr/2012:14:43:36 +0200] "GET /news.php?cs_go=archiv&cs_id=2882&cs_search= HTTP/1.1" 200 10196 "-" "Mozilla/5.0 (compatible; Googlebot/2.1; +http://www.google.com/bot.html)"
217.85.88.59 - - [03/Apr/2012:14:47:32 +0200] "GET /images/steigend.png HTTP/1.1" 200 688 "http://www.mink-gmbh.de/modul.css" "Mozilla/5.0 (Windows NT 6.0; rv:11.0) Gecko/20100101 Firefox/11.0"
217.85.88.59 - - [03/Apr/2012:14:47:32 +0200] "GET / HTTP/1.1" 200 15300 "-" "Mozilla/5.0 (Windows NT 6.0; rv:11.0) Gecko/20100101 Firefox/11.0"
217.85.88.59 - - [03/Apr/2012:14:47:33 +0200] "GET /js_contentserver24_greybox/loader_frame.html?s=0 HTTP/1.1" 304 - "http://www.mink-gmbh.de/" "Mozilla/5.0 (Windows NT 6.0; rv:11.0) Gecko/20100101 Firefox/11.0"
217.85.88.59 - - [03/Apr/2012:14:47:43 +0200] "GET /wunschpreis.php HTTP/1.1" 200 11898 "http://www.mink-gmbh.de/" "Mozilla/5.0 (Windows NT 6.0; rv:11.0) Gecko/20100101 Firefox/11.0"
217.85.88.59 - - [03/Apr/2012:14:47:44 +0200] "GET /preisanfrage.php HTTP/1.1" 200 10549 "http://www.mink-gmbh.de/wunschpreis.php" "Mozilla/5.0 (Windows NT 6.0; rv:11.0) Gecko/20100101 Firefox/11.0"
217.85.88.59 - - [03/Apr/2012:14:47:45 +0200] "GET /news.php HTTP/1.1" 200 22154 "http://www.mink-gmbh.de/preisanfrage.php" "Mozilla/5.0 (Windows NT 6.0; rv:11.0) Gecko/20100101 Firefox/11.0"
217.85.88.59 - - [03/Apr/2012:14:47:47 +0200] "GET /kontakt.php HTTP/1.1" 200 9040 "http://www.mink-gmbh.de/news.php" "Mozilla/5.0 (Windows NT 6.0; rv:11.0) Gecko/20100101 Firefox/11.0"
66.249.71.56 - - [03/Apr/2012:15:00:56 +0200] "GET /news.php?cs_go=archiv&cs_id=2815&cs_search= HTTP/1.1" 200 10035 "-" "Mozilla/5.0 (compatible; Googlebot/2.1; +http://www.google.com/bot.html)"
66.249.71.56 - - [03/Apr/2012:15:13:38 +0200] "GET /news.php?cs_go=archiv&cs_id=2817&cs_search= HTTP/1.1" 200 13927 "-" "Mozilla/5.0 (compatible; Googlebot/2.1; +http://www.google.com/bot.html)"
66.249.71.56 - - [03/Apr/2012:15:14:48 +0200] "GET /news.php?cs_go=archiv&cs_startpos=1111 HTTP/1.1" 200 23081 "-" "Mozilla/5.0 (compatible; Googlebot/2.1; +http://www.google.com/bot.html)"
66.249.71.56 - - [03/Apr/2012:15:35:36 +0200] "GET /news.php?cs_go=archiv&cs_startpos=1161 HTTP/1.1" 200 23071 "-" "Mozilla/5.0 (compatible; Googlebot/2.1; +http://www.google.com/bot.html)"
78.46.102.249 - - [03/Apr/2012:15:41:47 +0200] "GET /kontakt.php HTTP/1.1" 200 9127 "-" "Mozilla/5.0 (Windows NT 5.1) AppleWebKit/535.1 (KHTML, like Gecko) Chrome/13.0.782.107 Safari/535.1"
95.108.128.242 - - [03/Apr/2012:15:42:52 +0200] "GET /index.php HTTP/1.1" 200 15300 "-" "Mozilla/5.0 (compatible; YandexBot/3.0; +http://yandex.com/bots)"
66.249.71.56 - - [03/Apr/2012:15:57:33 +0200] "GET /news.php?cs_go=archiv&cs_startpos=1131 HTTP/1.1" 200 22933 "-" "Mozilla/5.0 (compatible; Googlebot/2.1; +http://www.google.com/bot.html)"
66.249.71.56 - - [03/Apr/2012:15:59:52 +0200] "GET /news.php?cs_go=archiv&cs_startpos=0 HTTP/1.1" 200 22241 "-" "Mozilla/5.0 (compatible; Googlebot/2.1; +http://www.google.com/bot.html)"
91.64.81.80 - - [03/Apr/2012:16:02:40 +0200] "GET / HTTP/1.1" 200 15300 "http://www.gelbeseiten.de/yp/122/search.yp?sessionDataString=H4sIAAAAAAAAAEWLsQ7CMAwFv4bRUuxYbiLvwFiB1I7IpI5gQ0kW%2Fp5sDE93NzyswTlHLGBcCFhIID9rgkLJhaIVjA52OB-pSTAk1fz%2FKJzr3YW10fw-pfcbk%2F%2Fq1ptPnobq28dADqNega9DZtC7pPLHMVOaMEyYvoD0dx4D2HAAAA&at=yp&kindOfSearch=tradesearch&subject=Heizung&location=Berlin&x=0&y=0&distance=-1&execute=Suchen&suggest_choose=on&rz=122" "Mozilla/5.0 (Macintosh; Intel Mac OS X 10_7_3) AppleWebKit/534.54.16 (KHTML, like Gecko) Version/5.1.4 Safari/534.54.16"
91.64.81.80 - - [03/Apr/2012:16:02:41 +0200] "GET / HTTP/1.1" 200 15300 "http://www.gelbeseiten.de/yp/122/search.yp?sessionDataString=H4sIAAAAAAAAAEWLsQ7CMAwFv4bRUuxYbiLvwFiB1I7IpI5gQ0kW%2Fp5sDE93NzyswTlHLGBcCFhIID9rgkLJhaIVjA52OB-pSTAk1fz%2FKJzr3YW10fw-pfcbk%2F%2Fq1ptPnobq28dADqNega9DZtC7pPLHMVOaMEyYvoD0dx4D2HAAAA&at=yp&kindOfSearch=tradesearch&subject=Heizung&location=Berlin&x=0&y=0&distance=-1&execute=Suchen&suggest_choose=on&rz=122" "Mozilla/5.0 (Macintosh; Intel Mac OS X 10_7_3) AppleWebKit/534.54.16 (KHTML, like Gecko) Version/5.1.4 Safari/534.54.16"
66.249.71.56 - - [03/Apr/2012:16:14:53 +0200] "GET /news.php?cs_go=archiv&cs_id=298&cs_search= HTTP/1.1" 200 7819 "-" "Mozilla/5.0 (compatible; Googlebot/2.1; +http://www.google.com/bot.html)"
66.249.71.56 - - [03/Apr/2012:16:17:12 +0200] "GET /news.php?cs_go=archiv&cs_startpos=1870 HTTP/1.1" 200 8056 "-" "Mozilla/5.0 (compatible; Googlebot/2.1; +http://www.google.com/bot.html)"
85.13.129.157 - - [03/Apr/2012:16:17:52 +0200] "HEAD / HTTP/1.1" 200 - "-" "-"
66.249.71.56 - - [03/Apr/2012:16:19:31 +0200] "GET /lexikon.php?cs_go=2&cs_char=c HTTP/1.1" 200 8767 "-" "Mozilla/5.0 (compatible; Googlebot/2.1; +http://www.google.com/bot.html)"
65.36.241.79 - - [03/Apr/2012:16:22:35 +0200] "HEAD / HTTP/1.1" 200 - "-" "InternetSeer.com"
66.249.71.56 - - [03/Apr/2012:16:24:08 +0200] "GET /lexikon.php?cs_go=2&cs_char=d HTTP/1.1" 200 9352 "-" "Mozilla/5.0 (compatible; Googlebot/2.1; +http://www.google.com/bot.html)"
66.249.71.56 - - [03/Apr/2012:16:25:18 +0200] "GET /lexikon.php?cs_go=2&cs_char=e HTTP/1.1" 200 9010 "-" "Mozilla/5.0 (compatible; Googlebot/2.1; +http://www.google.com/bot.html)"
66.249.71.56 - - [03/Apr/2012:16:28:45 +0200] "GET /lexikon.php?cs_go=2&cs_char=g HTTP/1.1" 200 9057 "-" "Mozilla/5.0 (compatible; Googlebot/2.1; +http://www.google.com/bot.html)"
66.249.71.56 - - [03/Apr/2012:16:33:49 +0200] "GET /news.php?cs_go=archiv&cs_id=2957&cs_search= HTTP/1.1" 200 9710 "-" "Mozilla/5.0 (compatible; Googlebot/2.1; +http://www.google.com/bot.html)"
66.249.71.56 - - [03/Apr/2012:16:33:51 +0200] "GET /news.php?cs_go=archiv&cs_id=2959&cs_search= HTTP/1.1" 200 13456 "-" "Mozilla/5.0 (compatible; Googlebot/2.1; +http://www.google.com/bot.html)"
66.249.71.56 - - [03/Apr/2012:16:34:32 +0200] "GET /lexikon.php?cs_go=2&cs_char=h HTTP/1.1" 200 8618 "-" "Mozilla/5.0 (compatible; Googlebot/2.1; +http://www.google.com/bot.html)"
66.249.71.56 - - [03/Apr/2012:16:42:37 +0200] "GET /lexikon.php?cs_go=2&cs_char=l HTTP/1.1" 200 8704 "-" "Mozilla/5.0 (compatible; Googlebot/2.1; +http://www.google.com/bot.html)"
66.249.71.56 - - [03/Apr/2012:16:43:47 +0200] "GET /lexikon.php?cs_go=2&cs_char=f HTTP/1.1" 200 9526 "-" "Mozilla/5.0 (compatible; Googlebot/2.1; +http://www.google.com/bot.html)"
66.249.71.56 - - [03/Apr/2012:16:44:56 +0200] "GET /lexikon.php?cs_go=2&cs_char=t HTTP/1.1" 200 8696 "-" "Mozilla/5.0 (compatible; Googlebot/2.1; +http://www.google.com/bot.html)"
66.249.71.56 - - [03/Apr/2012:16:44:57 +0200] "GET /news.php?cs_go=archiv&cs_id=2945&cs_search= HTTP/1.1" 200 12090 "-" "Mozilla/5.0 (compatible; Googlebot/2.1; +http://www.google.com/bot.html)"
66.249.71.56 - - [03/Apr/2012:16:46:06 +0200] "GET /lexikon.php?cs_go=2&cs_char=v HTTP/1.1" 200 9048 "-" "Mozilla/5.0 (compatible; Googlebot/2.1; +http://www.google.com/bot.html)"
66.249.71.56 - - [03/Apr/2012:16:50:43 +0200] "GET /lexikon.php?cs_go=2&cs_char=z HTTP/1.1" 200 8192 "-" "Mozilla/5.0 (compatible; Googlebot/2.1; +http://www.google.com/bot.html)"
66.249.71.56 - - [03/Apr/2012:16:53:01 +0200] "GET /lexikon.php?cs_go=3&cs_id=102 HTTP/1.1" 200 7923 "-" "Mozilla/5.0 (compatible; Googlebot/2.1; +http://www.google.com/bot.html)"
66.249.71.56 - - [03/Apr/2012:16:55:21 +0200] "GET /lexikon.php?cs_go=2&cs_char=p HTTP/1.1" 200 9097 "-" "Mozilla/5.0 (compatible; Googlebot/2.1; +http://www.google.com/bot.html)"
66.249.71.56 - - [03/Apr/2012:16:56:29 +0200] "GET /lexikon.php?cs_go=2&cs_char=w HTTP/1.1" 200 8518 "-" "Mozilla/5.0 (compatible; Googlebot/2.1; +http://www.google.com/bot.html)"
66.249.71.56 - - [03/Apr/2012:16:57:39 +0200] "GET /lexikon.php?cs_go=2&cs_char=u HTTP/1.1" 200 8675 "-" "Mozilla/5.0 (compatible; Googlebot/2.1; +http://www.google.com/bot.html)"
66.249.71.56 - - [03/Apr/2012:17:03:25 +0200] "GET /lexikon.php?cs_go=2&cs_char=o HTTP/1.1" 200 9192 "-" "Mozilla/5.0 (compatible; Googlebot/2.1; +http://www.google.com/bot.html)"
66.249.71.56 - - [03/Apr/2012:17:06:53 +0200] "GET /lexikon.php?cs_go=2&cs_char=r HTTP/1.1" 200 9663 "-" "Mozilla/5.0 (compatible; Googlebot/2.1; +http://www.google.com/bot.html)"
66.249.71.56 - - [03/Apr/2012:17:13:49 +0200] "GET /lexikon.php?cs_go=2&cs_char=m HTTP/1.1" 200 9004 "-" "Mozilla/5.0 (compatible; Googlebot/2.1; +http://www.google.com/bot.html)"
66.249.71.56 - - [03/Apr/2012:17:16:08 +0200] "GET /lexikon.php?cs_go=3&cs_id=99 HTTP/1.1" 200 9487 "-" "Mozilla/5.0 (compatible; Googlebot/2.1; +http://www.google.com/bot.html)"
77.20.154.156 - - [03/Apr/2012:17:16:24 +0200] "GET /optiplus.php HTTP/1.1" 200 11011 "-" "findlinks/2.0.2 (+http://wortschatz.uni-leipzig.de/findlinks/)"
77.20.154.156 - - [03/Apr/2012:17:16:25 +0200] "GET /optiplus.php HTTP/1.1" 200 10924 "-" "findlinks/2.0.2 (+http://wortschatz.uni-leipzig.de/findlinks/)"
66.249.71.56 - - [03/Apr/2012:17:18:26 +0200] "GET /lexikon.php?cs_go=3&cs_id=88 HTTP/1.1" 200 8747 "-" "Mozilla/5.0 (compatible; Googlebot/2.1; +http://www.google.com/bot.html)"
66.249.71.56 - - [03/Apr/2012:17:20:45 +0200] "GET /lexikon.php?cs_go=3&cs_id=105 HTTP/1.1" 200 8346 "-" "Mozilla/5.0 (compatible; Googlebot/2.1; +http://www.google.com/bot.html)"
31.164.165.187 - - [03/Apr/2012:17:22:05 +0200] "GET /.php HTTP/1.1" 404 - "-" "findlinks/2.1.5 (+http://wortschatz.uni-leipzig.de/findlinks/)"
66.249.71.56 - - [03/Apr/2012:17:26:32 +0200] "GET /news.php?cs_go=archiv&cs_startpos=1171 HTTP/1.1" 200 23019 "-" "Mozilla/5.0 (compatible; Googlebot/2.1; +http://www.google.com/bot.html)"
66.249.71.56 - - [03/Apr/2012:17:30:00 +0200] "GET /lexikon.php?cs_go=3&cs_id=66 HTTP/1.1" 200 7932 "-" "Mozilla/5.0 (compatible; Googlebot/2.1; +http://www.google.com/bot.html)"
66.249.71.56 - - [03/Apr/2012:17:31:09 +0200] "GET /news.php?cs_go=archiv&cs_startpos=1141 HTTP/1.1" 200 23011 "-" "Mozilla/5.0 (compatible; Googlebot/2.1; +http://www.google.com/bot.html)"
66.249.71.56 - - [03/Apr/2012:17:33:28 +0200] "GET /lexikon.php?cs_go=3&cs_id=17 HTTP/1.1" 200 8392 "-" "Mozilla/5.0 (compatible; Googlebot/2.1; +http://www.google.com/bot.html)"
66.249.71.56 - - [03/Apr/2012:17:34:38 +0200] "GET /lexikon.php?cs_go=3&cs_id=124 HTTP/1.1" 200 8422 "-" "Mozilla/5.0 (compatible; Googlebot/2.1; +http://www.google.com/bot.html)"
66.249.71.56 - - [03/Apr/2012:17:35:46 +0200] "GET /lexikon.php?cs_go=3&cs_id=142 HTTP/1.1" 200 8523 "-" "Mozilla/5.0 (compatible; Googlebot/2.1; +http://www.google.com/bot.html)"
66.249.71.56 - - [03/Apr/2012:17:39:15 +0200] "GET /lexikon.php?cs_go=3&cs_id=83 HTTP/1.1" 200 8375 "-" "Mozilla/5.0 (compatible; Googlebot/2.1; +http://www.google.com/bot.html)"
66.249.71.56 - - [03/Apr/2012:17:41:33 +0200] "GET /lexikon.php?cs_go=3&cs_id=210 HTTP/1.1" 200 9487 "-" "Mozilla/5.0 (compatible; Googlebot/2.1; +http://www.google.com/bot.html)"
66.249.71.56 - - [03/Apr/2012:17:43:52 +0200] "GET /lexikon.php?cs_go=3&cs_id=228 HTTP/1.1" 200 9197 "-" "Mozilla/5.0 (compatible; Googlebot/2.1; +http://www.google.com/bot.html)"
66.249.71.56 - - [03/Apr/2012:17:45:01 +0200] "GET /lexikon.php?cs_go=3&cs_id=36 HTTP/1.1" 200 8648 "-" "Mozilla/5.0 (compatible; Googlebot/2.1; +http://www.google.com/bot.html)"
66.249.71.56 - - [03/Apr/2012:17:46:10 +0200] "GET /lexikon.php?cs_go=3&cs_id=95 HTTP/1.1" 200 8687 "-" "Mozilla/5.0 (compatible; Googlebot/2.1; +http://www.google.com/bot.html)"
66.249.71.56 - - [03/Apr/2012:17:54:16 +0200] "GET /lexikon.php?cs_go=3&cs_id=135 HTTP/1.1" 200 9128 "-" "Mozilla/5.0 (compatible; Googlebot/2.1; +http://www.google.com/bot.html)"
78.52.192.131 - - [03/Apr/2012:17:59:39 +0200] "GET /style.css HTTP/1.1" 200 8418 "http://www.mink-gmbh.de/" "Mozilla/5.0 (iPad; CPU OS 5_0_1 like Mac OS X) AppleWebKit/534.46 (KHTML, like Gecko) Version/5.1 Mobile/9A405 Safari/7534.48.3"
78.52.192.131 - - [03/Apr/2012:17:59:39 +0200] "GET /modul.css HTTP/1.1" 200 35038 "http://www.mink-gmbh.de/" "Mozilla/5.0 (iPad; CPU OS 5_0_1 like Mac OS X) AppleWebKit/534.46 (KHTML, like Gecko) Version/5.1 Mobile/9A405 Safari/7534.48.3"
78.52.192.131 - - [03/Apr/2012:17:59:39 +0200] "GET /js_contentserver24_greybox/gb_styles.css HTTP/1.1" 200 2302 "http://www.mink-gmbh.de/" "Mozilla/5.0 (iPad; CPU OS 5_0_1 like Mac OS X) AppleWebKit/534.46 (KHTML, like Gecko) Version/5.1 Mobile/9A405 Safari/7534.48.3"
78.52.192.131 - - [03/Apr/2012:17:59:39 +0200] "GET / HTTP/1.1" 200 15300 "http://www.google.de/url?sa=t&rct=j&q=heiz%C3%B6l%20esso%20mink&source=web&cd=1&ved=0CB4QFjAA&url=http%3A%2F%2Fwww.mink-gmbh.de%2F&ei=aB57T5rvBcTntQbRp5X1AQ&usg=AFQjCNFHX4Iglls9oo-KYXTmDUV_5KOVIg" "Mozilla/5.0 (iPad; CPU OS 5_0_1 like Mac OS X) AppleWebKit/534.46 (KHTML, like Gecko) Version/5.1 Mobile/9A405 Safari/7534.48.3"
78.52.192.131 - - [03/Apr/2012:17:59:39 +0200] "GET /js_contentserver24_greybox/AJS.js HTTP/1.1" 200 10396 "http://www.mink-gmbh.de/" "Mozilla/5.0 (iPad; CPU OS 5_0_1 like Mac OS X) AppleWebKit/534.46 (KHTML, like Gecko) Version/5.1 Mobile/9A405 Safari/7534.48.3"
78.52.192.131 - - [03/Apr/2012:17:59:39 +0200] "GET /js_contentserver24_greybox/AJS_fx.js HTTP/1.1" 200 3192 "http://www.mink-gmbh.de/" "Mozilla/5.0 (iPad; CPU OS 5_0_1 like Mac OS X) AppleWebKit/534.46 (KHTML, like Gecko) Version/5.1 Mobile/9A405 Safari/7534.48.3"
78.52.192.131 - - [03/Apr/2012:17:59:39 +0200] "GET /js_contentserver24_greybox/gb_scripts.js HTTP/1.1" 200 11913 "http://www.mink-gmbh.de/" "Mozilla/5.0 (iPad; CPU OS 5_0_1 like Mac OS X) AppleWebKit/534.46 (KHTML, like Gecko) Version/5.1 Mobile/9A405 Safari/7534.48.3"
78.52.192.131 - - [03/Apr/2012:17:59:40 +0200] "GET /js_contentserver24_greybox/AJS.js HTTP/1.1" 200 10396 "http://www.mink-gmbh.de/" "Mozilla/5.0 (iPad; CPU OS 5_0_1 like Mac OS X) AppleWebKit/534.46 (KHTML, like Gecko) Version/5.1 Mobile/9A405 Safari/7534.48.3"
78.52.192.131 - - [03/Apr/2012:17:59:40 +0200] "GET /images/tkw.jpg HTTP/1.1" 200 64031 "http://www.mink-gmbh.de/" "Mozilla/5.0 (iPad; CPU OS 5_0_1 like Mac OS X) AppleWebKit/534.46 (KHTML, like Gecko) Version/5.1 Mobile/9A405 Safari/7534.48.3"
78.52.192.131 - - [03/Apr/2012:17:59:40 +0200] "GET /images/freecall.jpg HTTP/1.1" 200 39195 "http://www.mink-gmbh.de/" "Mozilla/5.0 (iPad; CPU OS 5_0_1 like Mac OS X) AppleWebKit/534.46 (KHTML, like Gecko) Version/5.1 Mobile/9A405 Safari/7534.48.3"
78.52.192.131 - - [03/Apr/2012:17:59:40 +0200] "GET /images/mail.jpg HTTP/1.1" 200 11165 "http://www.mink-gmbh.de/" "Mozilla/5.0 (iPad; CPU OS 5_0_1 like Mac OS X) AppleWebKit/534.46 (KHTML, like Gecko) Version/5.1 Mobile/9A405 Safari/7534.48.3"
78.52.192.131 - - [03/Apr/2012:17:59:40 +0200] "GET /images/kwk.gif HTTP/1.1" 200 6403 "http://www.mink-gmbh.de/" "Mozilla/5.0 (iPad; CPU OS 5_0_1 like Mac OS X) AppleWebKit/534.46 (KHTML, like Gecko) Version/5.1 Mobile/9A405 Safari/7534.48.3"
78.52.192.131 - - [03/Apr/2012:17:59:40 +0200] "GET /images/logos.jpg HTTP/1.1" 200 15002 "http://www.mink-gmbh.de/" "Mozilla/5.0 (iPad; CPU OS 5_0_1 like Mac OS X) AppleWebKit/534.46 (KHTML, like Gecko) Version/5.1 Mobile/9A405 Safari/7534.48.3"
78.52.192.131 - - [03/Apr/2012:17:59:40 +0200] "GET /images/wunschpreis.jpg HTTP/1.1" 200 16767 "http://www.mink-gmbh.de/" "Mozilla/5.0 (iPad; CPU OS 5_0_1 like Mac OS X) AppleWebKit/534.46 (KHTML, like Gecko) Version/5.1 Mobile/9A405 Safari/7534.48.3"
78.52.192.131 - - [03/Apr/2012:17:59:40 +0200] "GET /images/bg.jpg HTTP/1.1" 200 345 "http://www.mink-gmbh.de/" "Mozilla/5.0 (iPad; CPU OS 5_0_1 like Mac OS X) AppleWebKit/534.46 (KHTML, like Gecko) Version/5.1 Mobile/9A405 Safari/7534.48.3"
78.52.192.131 - - [03/Apr/2012:17:59:40 +0200] "GET /js_contentserver24_greybox/w_close.gif HTTP/1.1" 200 74 "http://www.mink-gmbh.de/" "Mozilla/5.0 (iPad; CPU OS 5_0_1 like Mac OS X) AppleWebKit/534.46 (KHTML, like Gecko) Version/5.1 Mobile/9A405 Safari/7534.48.3"
78.52.192.131 - - [03/Apr/2012:17:59:40 +0200] "GET /images/close.png HTTP/1.1" 200 703 "http://www.mink-gmbh.de/" "Mozilla/5.0 (iPad; CPU OS 5_0_1 like Mac OS X) AppleWebKit/534.46 (KHTML, like Gecko) Version/5.1 Mobile/9A405 Safari/7534.48.3"
78.52.192.131 - - [03/Apr/2012:17:59:40 +0200] "GET /images/newsletter_bg.jpg HTTP/1.1" 200 33610 "http://www.mink-gmbh.de/" "Mozilla/5.0 (iPad; CPU OS 5_0_1 like Mac OS X) AppleWebKit/534.46 (KHTML, like Gecko) Version/5.1 Mobile/9A405 Safari/7534.48.3"
78.52.192.131 - - [03/Apr/2012:17:59:40 +0200] "GET /images/newsletter.png HTTP/1.1" 200 14619 "http://www.mink-gmbh.de/" "Mozilla/5.0 (iPad; CPU OS 5_0_1 like Mac OS X) AppleWebKit/534.46 (KHTML, like Gecko) Version/5.1 Mobile/9A405 Safari/7534.48.3"
78.52.192.131 - - [03/Apr/2012:17:59:40 +0200] "GET /images/wrapperbg.jpg HTTP/1.1" 200 27465 "http://www.mink-gmbh.de/" "Mozilla/5.0 (iPad; CPU OS 5_0_1 like Mac OS X) AppleWebKit/534.46 (KHTML, like Gecko) Version/5.1 Mobile/9A405 Safari/7534.48.3"
78.52.192.131 - - [03/Apr/2012:17:59:40 +0200] "GET /images/header.jpg HTTP/1.1" 200 24413 "http://www.mink-gmbh.de/" "Mozilla/5.0 (iPad; CPU OS 5_0_1 like Mac OS X) AppleWebKit/534.46 (KHTML, like Gecko) Version/5.1 Mobile/9A405 Safari/7534.48.3"
78.52.192.131 - - [03/Apr/2012:17:59:40 +0200] "GET /images/navibg.png HTTP/1.1" 200 2803 "http://www.mink-gmbh.de/" "Mozilla/5.0 (iPad; CPU OS 5_0_1 like Mac OS X) AppleWebKit/534.46 (KHTML, like Gecko) Version/5.1 Mobile/9A405 Safari/7534.48.3"
78.52.192.131 - - [03/Apr/2012:17:59:40 +0200] "GET /images/steigend.png HTTP/1.1" 200 688 "http://www.mink-gmbh.de/" "Mozilla/5.0 (iPad; CPU OS 5_0_1 like Mac OS X) AppleWebKit/534.46 (KHTML, like Gecko) Version/5.1 Mobile/9A405 Safari/7534.48.3"
78.52.192.131 - - [03/Apr/2012:17:59:40 +0200] "GET /images/fallend.png HTTP/1.1" 200 713 "http://www.mink-gmbh.de/" "Mozilla/5.0 (iPad; CPU OS 5_0_1 like Mac OS X) AppleWebKit/534.46 (KHTML, like Gecko) Version/5.1 Mobile/9A405 Safari/7534.48.3"
78.52.192.131 - - [03/Apr/2012:17:59:40 +0200] "GET /images/gleichbleibend.png HTTP/1.1" 200 534 "http://www.mink-gmbh.de/" "Mozilla/5.0 (iPad; CPU OS 5_0_1 like Mac OS X) AppleWebKit/534.46 (KHTML, like Gecko) Version/5.1 Mobile/9A405 Safari/7534.48.3"
78.52.192.131 - - [03/Apr/2012:17:59:40 +0200] "GET /images/mobil.jpg HTTP/1.1" 200 25293 "http://www.mink-gmbh.de/" "Mozilla/5.0 (iPad; CPU OS 5_0_1 like Mac OS X) AppleWebKit/534.46 (KHTML, like Gecko) Version/5.1 Mobile/9A405 Safari/7534.48.3"
78.52.192.131 - - [03/Apr/2012:17:59:40 +0200] "GET /images/newsletter.jpg HTTP/1.1" 200 13130 "http://www.mink-gmbh.de/" "Mozilla/5.0 (iPad; CPU OS 5_0_1 like Mac OS X) AppleWebKit/534.46 (KHTML, like Gecko) Version/5.1 Mobile/9A405 Safari/7534.48.3"
78.52.192.131 - - [03/Apr/2012:17:59:41 +0200] "GET /images/footerbg.jpg HTTP/1.1" 200 2184 "http://www.mink-gmbh.de/" "Mozilla/5.0 (iPad; CPU OS 5_0_1 like Mac OS X) AppleWebKit/534.46 (KHTML, like Gecko) Version/5.1 Mobile/9A405 Safari/7534.48.3"
78.52.192.131 - - [03/Apr/2012:17:59:41 +0200] "GET /js_contentserver24_greybox/header_bg.gif HTTP/1.1" 200 1188 "http://www.mink-gmbh.de/" "Mozilla/5.0 (iPad; CPU OS 5_0_1 like Mac OS X) AppleWebKit/534.46 (KHTML, like Gecko) Version/5.1 Mobile/9A405 Safari/7534.48.3"
78.52.192.131 - - [03/Apr/2012:17:59:41 +0200] "GET /js_contentserver24_greybox/loader_frame.html?s=0 HTTP/1.1" 200 2084 "http://www.mink-gmbh.de/" "Mozilla/5.0 (iPad; CPU OS 5_0_1 like Mac OS X) AppleWebKit/534.46 (KHTML, like Gecko) Version/5.1 Mobile/9A405 Safari/7534.48.3"
78.52.192.131 - - [03/Apr/2012:17:59:41 +0200] "GET /js_contentserver24_greybox/g_close.gif HTTP/1.1" 200 541 "http://www.mink-gmbh.de/" "Mozilla/5.0 (iPad; CPU OS 5_0_1 like Mac OS X) AppleWebKit/534.46 (KHTML, like Gecko) Version/5.1 Mobile/9A405 Safari/7534.48.3"
78.52.192.131 - - [03/Apr/2012:17:59:41 +0200] "GET /js_contentserver24_greybox/indicator.gif HTTP/1.1" 200 8238 "http://www.mink-gmbh.de/" "Mozilla/5.0 (iPad; CPU OS 5_0_1 like Mac OS X) AppleWebKit/534.46 (KHTML, like Gecko) Version/5.1 Mobile/9A405 Safari/7534.48.3"
78.52.192.131 - - [03/Apr/2012:18:00:11 +0200] "GET /standard.php HTTP/1.1" 200 9063 "http://www.mink-gmbh.de/" "Mozilla/5.0 (iPad; CPU OS 5_0_1 like Mac OS X) AppleWebKit/534.46 (KHTML, like Gecko) Version/5.1 Mobile/9A405 Safari/7534.48.3"
78.52.192.131 - - [03/Apr/2012:18:00:16 +0200] "GET /wunschpreis.php HTTP/1.1" 200 11898 "http://www.mink-gmbh.de/standard.php" "Mozilla/5.0 (iPad; CPU OS 5_0_1 like Mac OS X) AppleWebKit/534.46 (KHTML, like Gecko) Version/5.1 Mobile/9A405 Safari/7534.48.3"
78.52.192.131 - - [03/Apr/2012:18:00:31 +0200] "GET /preisanfrage.php HTTP/1.1" 200 10549 "http://www.mink-gmbh.de/wunschpreis.php" "Mozilla/5.0 (iPad; CPU OS 5_0_1 like Mac OS X) AppleWebKit/534.46 (KHTML, like Gecko) Version/5.1 Mobile/9A405 Safari/7534.48.3"
78.52.192.131 - - [03/Apr/2012:18:00:41 +0200] "GET /news.php HTTP/1.1" 200 22154 "http://www.mink-gmbh.de/preisanfrage.php" "Mozilla/5.0 (iPad; CPU OS 5_0_1 like Mac OS X) AppleWebKit/534.46 (KHTML, like Gecko) Version/5.1 Mobile/9A405 Safari/7534.48.3"
78.52.192.131 - - [03/Apr/2012:18:00:45 +0200] "GET /news.php?cs_go=archiv&cs_id=2959&cs_search= HTTP/1.1" 200 13369 "http://www.mink-gmbh.de/news.php" "Mozilla/5.0 (iPad; CPU OS 5_0_1 like Mac OS X) AppleWebKit/534.46 (KHTML, like Gecko) Version/5.1 Mobile/9A405 Safari/7534.48.3"
66.249.71.56 - - [03/Apr/2012:18:01:12 +0200] "GET /lexikon.php?cs_go=3&cs_id=215 HTTP/1.1" 200 8601 "-" "Mozilla/5.0 (compatible; Googlebot/2.1; +http://www.google.com/bot.html)"
66.249.71.56 - - [03/Apr/2012:18:06:59 +0200] "GET /lexikon.php?cs_go=3&cs_id=133 HTTP/1.1" 200 8663 "-" "Mozilla/5.0 (compatible; Googlebot/2.1; +http://www.google.com/bot.html)"
88.131.106.1 - - [03/Apr/2012:18:11:23 +0200] "GET /robots.txt HTTP/1.0" 200 177 "-" "Mozilla/5.0 (Windows; U; Windows NT 5.1; en-US) Speedy Spider (http://www.entireweb.com/about/search_tech/speedy_spider/)"
88.131.106.7 - - [03/Apr/2012:18:11:30 +0200] "GET / HTTP/1.0" 200 15300 "-" "Mozilla/5.0 (Windows; U; Windows NT 5.1; en-US) Speedy Spider (http://www.entireweb.com/about/search_tech/speedy_spider/)"
66.249.71.56 - - [03/Apr/2012:18:12:45 +0200] "GET /lexikon.php?cs_go=3&cs_id=62 HTTP/1.1" 200 8499 "-" "Mozilla/5.0 (compatible; Googlebot/2.1; +http://www.google.com/bot.html)"
66.249.71.56 - - [03/Apr/2012:18:13:54 +0200] "GET /lexikon.php?cs_go=3&cs_id=59 HTTP/1.1" 200 8679 "-" "Mozilla/5.0 (compatible; Googlebot/2.1; +http://www.google.com/bot.html)"
66.249.71.56 - - [03/Apr/2012:18:15:03 +0200] "GET /lexikon.php?cs_go=3&cs_id=80 HTTP/1.1" 200 8341 "-" "Mozilla/5.0 (compatible; Googlebot/2.1; +http://www.google.com/bot.html)"
66.249.71.56 - - [03/Apr/2012:18:17:22 +0200] "GET /lexikon.php?cs_go=3&cs_id=81 HTTP/1.1" 200 8360 "-" "Mozilla/5.0 (compatible; Googlebot/2.1; +http://www.google.com/bot.html)"
66.249.71.56 - - [03/Apr/2012:18:20:51 +0200] "GET /lexikon.php?cs_go=3&cs_id=60 HTTP/1.1" 200 8441 "-" "Mozilla/5.0 (compatible; Googlebot/2.1; +http://www.google.com/bot.html)"
66.249.71.56 - - [03/Apr/2012:18:22:00 +0200] "GET /lexikon.php?cs_go=3&cs_id=156 HTTP/1.1" 200 8674 "-" "Mozilla/5.0 (compatible; Googlebot/2.1; +http://www.google.com/bot.html)"
