66.249.72.146 - - [19/Apr/2012:10:20:12 +0200] "GET /news.php?cs_go=archiv&cs_id=2932&cs_search= HTTP/1.1" 200 13371 "-" "Mozilla/5.0 (compatible; Googlebot/2.1; +http://www.google.com/bot.html)"
65.36.241.79 - - [19/Apr/2012:10:27:36 +0200] "HEAD / HTTP/1.1" 200 - "-" "InternetSeer.com"
66.249.72.146 - - [19/Apr/2012:10:29:03 +0200] "GET /news.php?cs_go=archiv&cs_startpos=100 HTTP/1.1" 200 22948 "-" "Mozilla/5.0 (compatible; Googlebot/2.1; +http://www.google.com/bot.html)"
66.249.72.146 - - [19/Apr/2012:10:48:57 +0200] "GET /news.php?cs_go=archiv&cs_id=2735&cs_search= HTTP/1.1" 200 9731 "-" "Mozilla/5.0 (compatible; Googlebot/2.1; +http://www.google.com/bot.html)"
66.249.72.146 - - [19/Apr/2012:11:03:40 +0200] "GET /news.php HTTP/1.1" 200 22273 "-" "Mozilla/5.0 (iPhone; U; CPU iPhone OS 4_1 like Mac OS X; en-us) AppleWebKit/532.9 (KHTML, like Gecko) Version/4.0.5 Mobile/8B117 Safari/6531.22.7 (compatible; Googlebot-Mobile/2.1; +http://www.google.com/bot.html)"
66.249.72.146 - - [19/Apr/2012:11:16:04 +0200] "GET /news.php?cs_go=archiv&cs_id=2849&cs_search= HTTP/1.1" 200 13693 "-" "Mozilla/5.0 (compatible; Googlebot/2.1; +http://www.google.com/bot.html)"
66.249.72.146 - - [19/Apr/2012:11:16:05 +0200] "GET /news.php?cs_go=archiv&cs_id=2880&cs_search= HTTP/1.1" 200 10114 "-" "Mozilla/5.0 (compatible; Googlebot/2.1; +http://www.google.com/bot.html)"
123.125.71.19 - - [19/Apr/2012:11:36:00 +0200] "GET / HTTP/1.1" 200 8675 "-" "Mozilla/5.0 (compatible; Baiduspider/2.0; +http://www.baidu.com/search/spider.html)"
208.115.111.75 - - [19/Apr/2012:11:59:24 +0200] "GET /robots.txt HTTP/1.1" 200 177 "-" "Mozilla/5.0 (compatible; Ezooms/1.0; ezooms.bot@gmail.com)"
66.249.72.146 - - [19/Apr/2012:12:10:49 +0200] "GET /news.php?cs_go=archiv&cs_startpos=0 HTTP/1.1" 200 22273 "-" "Mozilla/5.0 (compatible; Googlebot/2.1; +http://www.google.com/bot.html)"
66.249.72.146 - - [19/Apr/2012:12:15:14 +0200] "GET /kwk.php HTTP/1.1" 200 10815 "-" "Mozilla/5.0 (compatible; Googlebot/2.1; +http://www.google.com/bot.html)"
66.249.72.146 - - [19/Apr/2012:12:41:47 +0200] "GET /optiplus.php HTTP/1.1" 200 11011 "-" "Mozilla/5.0 (compatible; Googlebot/2.1; +http://www.google.com/bot.html)"
66.249.72.146 - - [19/Apr/2012:12:54:30 +0200] "GET /news.php?cs_go=archiv&cs_id=3011&cs_search= HTTP/1.1" 200 10060 "-" "Mozilla/5.0 (compatible; Googlebot/2.1; +http://www.google.com/bot.html)"
66.249.72.146 - - [19/Apr/2012:12:54:30 +0200] "GET /news.php?cs_go=archiv&cs_id=2981&cs_search= HTTP/1.1" 200 11656 "-" "Mozilla/5.0 (compatible; Googlebot/2.1; +http://www.google.com/bot.html)"
88.131.106.22 - - [19/Apr/2012:13:03:02 +0200] "GET /robots.txt HTTP/1.0" 200 177 "-" "Mozilla/5.0 (Windows; U; Windows NT 5.1; en-US) Speedy Spider (http://www.entireweb.com/about/search_tech/speedy_spider/)"
88.131.106.22 - - [19/Apr/2012:13:03:03 +0200] "GET / HTTP/1.0" 200 15278 "-" "Mozilla/5.0 (Windows; U; Windows NT 5.1; en-US) Speedy Spider (http://www.entireweb.com/about/search_tech/speedy_spider/)"
66.249.72.146 - - [19/Apr/2012:13:06:08 +0200] "GET /standard.php HTTP/1.1" 200 9150 "-" "Mozilla/5.0 (compatible; Googlebot/2.1; +http://www.google.com/bot.html)"
66.249.72.146 - - [19/Apr/2012:13:12:46 +0200] "GET /impressum.php HTTP/1.1" 200 8944 "-" "Mozilla/5.0 (compatible; Googlebot/2.1; +http://www.google.com/bot.html)"
207.46.204.240 - - [19/Apr/2012:13:19:58 +0200] "GET /robots.txt HTTP/1.1" 200 177 "-" "Mozilla/5.0 (compatible; bingbot/2.0; +http://www.bing.com/bingbot.htm)"
207.46.204.240 - - [19/Apr/2012:13:20:50 +0200] "GET / HTTP/1.1" 200 15278 "-" "Mozilla/5.0 (compatible; bingbot/2.0; +http://www.bing.com/bingbot.htm)"
46.137.155.223 - - [19/Apr/2012:13:22:01 +0200] "GET / HTTP/1.1" 200 15278 "-" "Mozilla/5.0 (X11; Ubuntu; Linux x86_64; rv:11.0) Gecko/20100101 Firefox/11.0"
46.137.155.223 - - [19/Apr/2012:13:22:02 +0200] "GET /impressum.php HTTP/1.1" 200 8857 "-" "Mozilla/5.0 (X11; Ubuntu; Linux x86_64; rv:11.0) Gecko/20100101 Firefox/11.0"
89.247.53.80 - - [19/Apr/2012:13:30:59 +0200] "GET /style.css HTTP/1.1" 200 8418 "http://www.mink-gmbh.de/index.php" "Mozilla/5.0 (Windows NT 6.1; rv:11.0) Gecko/20100101 Firefox/11.0"
89.247.53.80 - - [19/Apr/2012:13:30:59 +0200] "GET /modul.css HTTP/1.1" 200 35038 "http://www.mink-gmbh.de/index.php" "Mozilla/5.0 (Windows NT 6.1; rv:11.0) Gecko/20100101 Firefox/11.0"
89.247.53.80 - - [19/Apr/2012:13:30:59 +0200] "GET /favicon.ico HTTP/1.1" 200 3638 "-" "Mozilla/5.0 (Windows NT 6.1; rv:11.0) Gecko/20100101 Firefox/11.0"
89.247.53.80 - - [19/Apr/2012:13:30:59 +0200] "GET /js_contentserver24_greybox/AJS.js HTTP/1.1" 200 10396 "http://www.mink-gmbh.de/index.php" "Mozilla/5.0 (Windows NT 6.1; rv:11.0) Gecko/20100101 Firefox/11.0"
89.247.53.80 - - [19/Apr/2012:13:30:59 +0200] "GET /js_contentserver24_greybox/gb_styles.css HTTP/1.1" 200 2302 "http://www.mink-gmbh.de/index.php" "Mozilla/5.0 (Windows NT 6.1; rv:11.0) Gecko/20100101 Firefox/11.0"
89.247.53.80 - - [19/Apr/2012:13:30:59 +0200] "GET /js_contentserver24_greybox/AJS_fx.js HTTP/1.1" 200 3192 "http://www.mink-gmbh.de/index.php" "Mozilla/5.0 (Windows NT 6.1; rv:11.0) Gecko/20100101 Firefox/11.0"
89.247.53.80 - - [19/Apr/2012:13:30:59 +0200] "GET /js_contentserver24_greybox/gb_scripts.js HTTP/1.1" 200 11913 "http://www.mink-gmbh.de/index.php" "Mozilla/5.0 (Windows NT 6.1; rv:11.0) Gecko/20100101 Firefox/11.0"
89.247.53.80 - - [19/Apr/2012:13:30:58 +0200] "GET /index.php HTTP/1.1" 200 15278 "-" "Mozilla/5.0 (Windows NT 6.1; rv:11.0) Gecko/20100101 Firefox/11.0"
89.247.53.80 - - [19/Apr/2012:13:30:59 +0200] "GET /images/freecall.jpg HTTP/1.1" 200 39195 "http://www.mink-gmbh.de/index.php" "Mozilla/5.0 (Windows NT 6.1; rv:11.0) Gecko/20100101 Firefox/11.0"
89.247.53.80 - - [19/Apr/2012:13:30:59 +0200] "GET /images/mail.jpg HTTP/1.1" 200 11165 "http://www.mink-gmbh.de/index.php" "Mozilla/5.0 (Windows NT 6.1; rv:11.0) Gecko/20100101 Firefox/11.0"
89.247.53.80 - - [19/Apr/2012:13:30:59 +0200] "GET /images/kwk.gif HTTP/1.1" 200 6403 "http://www.mink-gmbh.de/index.php" "Mozilla/5.0 (Windows NT 6.1; rv:11.0) Gecko/20100101 Firefox/11.0"
89.247.53.80 - - [19/Apr/2012:13:30:59 +0200] "GET /images/wunschpreis.jpg HTTP/1.1" 200 16767 "http://www.mink-gmbh.de/index.php" "Mozilla/5.0 (Windows NT 6.1; rv:11.0) Gecko/20100101 Firefox/11.0"
89.247.53.80 - - [19/Apr/2012:13:30:59 +0200] "GET /images/tkw.jpg HTTP/1.1" 200 64031 "http://www.mink-gmbh.de/index.php" "Mozilla/5.0 (Windows NT 6.1; rv:11.0) Gecko/20100101 Firefox/11.0"
89.247.53.80 - - [19/Apr/2012:13:30:59 +0200] "GET /images/logos.jpg HTTP/1.1" 200 15002 "http://www.mink-gmbh.de/index.php" "Mozilla/5.0 (Windows NT 6.1; rv:11.0) Gecko/20100101 Firefox/11.0"
89.247.53.80 - - [19/Apr/2012:13:31:02 +0200] "GET /images/bg.jpg HTTP/1.1" 200 345 "http://www.mink-gmbh.de/style.css" "Mozilla/5.0 (Windows NT 6.1; rv:11.0) Gecko/20100101 Firefox/11.0"
89.247.53.80 - - [19/Apr/2012:13:31:03 +0200] "GET /js_contentserver24_greybox/w_close.gif HTTP/1.1" 200 74 "http://www.mink-gmbh.de/index.php" "Mozilla/5.0 (Windows NT 6.1; rv:11.0) Gecko/20100101 Firefox/11.0"
89.247.53.80 - - [19/Apr/2012:13:31:03 +0200] "GET /images/close.png HTTP/1.1" 200 703 "http://www.mink-gmbh.de/index.php" "Mozilla/5.0 (Windows NT 6.1; rv:11.0) Gecko/20100101 Firefox/11.0"
89.247.53.80 - - [19/Apr/2012:13:31:03 +0200] "GET /images/newsletter_bg.jpg HTTP/1.1" 200 33610 "http://www.mink-gmbh.de/index.php" "Mozilla/5.0 (Windows NT 6.1; rv:11.0) Gecko/20100101 Firefox/11.0"
89.247.53.80 - - [19/Apr/2012:13:31:03 +0200] "GET /images/newsletter.png HTTP/1.1" 200 14619 "http://www.mink-gmbh.de/style.css" "Mozilla/5.0 (Windows NT 6.1; rv:11.0) Gecko/20100101 Firefox/11.0"
89.247.53.80 - - [19/Apr/2012:13:31:03 +0200] "GET /images/wrapperbg.jpg HTTP/1.1" 200 27465 "http://www.mink-gmbh.de/style.css" "Mozilla/5.0 (Windows NT 6.1; rv:11.0) Gecko/20100101 Firefox/11.0"
89.247.53.80 - - [19/Apr/2012:13:31:03 +0200] "GET /images/header.jpg HTTP/1.1" 200 24413 "http://www.mink-gmbh.de/style.css" "Mozilla/5.0 (Windows NT 6.1; rv:11.0) Gecko/20100101 Firefox/11.0"
89.247.53.80 - - [19/Apr/2012:13:31:03 +0200] "GET /images/navibg.png HTTP/1.1" 200 2803 "http://www.mink-gmbh.de/style.css" "Mozilla/5.0 (Windows NT 6.1; rv:11.0) Gecko/20100101 Firefox/11.0"
89.247.53.80 - - [19/Apr/2012:13:31:03 +0200] "GET /images/steigend.png HTTP/1.1" 200 688 "http://www.mink-gmbh.de/modul.css" "Mozilla/5.0 (Windows NT 6.1; rv:11.0) Gecko/20100101 Firefox/11.0"
89.247.53.80 - - [19/Apr/2012:13:31:03 +0200] "GET /images/fallend.png HTTP/1.1" 200 713 "http://www.mink-gmbh.de/modul.css" "Mozilla/5.0 (Windows NT 6.1; rv:11.0) Gecko/20100101 Firefox/11.0"
89.247.53.80 - - [19/Apr/2012:13:31:03 +0200] "GET /images/mobil.jpg HTTP/1.1" 200 25293 "http://www.mink-gmbh.de/style.css" "Mozilla/5.0 (Windows NT 6.1; rv:11.0) Gecko/20100101 Firefox/11.0"
89.247.53.80 - - [19/Apr/2012:13:31:03 +0200] "GET /images/newsletter.jpg HTTP/1.1" 200 13130 "http://www.mink-gmbh.de/style.css" "Mozilla/5.0 (Windows NT 6.1; rv:11.0) Gecko/20100101 Firefox/11.0"
89.247.53.80 - - [19/Apr/2012:13:31:03 +0200] "GET /images/footerbg.jpg HTTP/1.1" 200 2184 "http://www.mink-gmbh.de/style.css" "Mozilla/5.0 (Windows NT 6.1; rv:11.0) Gecko/20100101 Firefox/11.0"
89.247.53.80 - - [19/Apr/2012:13:31:04 +0200] "GET /js_contentserver24_greybox/header_bg.gif HTTP/1.1" 200 1188 "http://www.mink-gmbh.de/index.php" "Mozilla/5.0 (Windows NT 6.1; rv:11.0) Gecko/20100101 Firefox/11.0"
89.247.53.80 - - [19/Apr/2012:13:31:04 +0200] "GET /js_contentserver24_greybox/g_close.gif HTTP/1.1" 200 541 "http://www.mink-gmbh.de/index.php" "Mozilla/5.0 (Windows NT 6.1; rv:11.0) Gecko/20100101 Firefox/11.0"
89.247.53.80 - - [19/Apr/2012:13:31:04 +0200] "GET /js_contentserver24_greybox/indicator.gif HTTP/1.1" 200 8238 "http://www.mink-gmbh.de/index.php" "Mozilla/5.0 (Windows NT 6.1; rv:11.0) Gecko/20100101 Firefox/11.0"
89.247.53.80 - - [19/Apr/2012:13:31:04 +0200] "GET /js_contentserver24_greybox/loader_frame.html?s=0 HTTP/1.1" 200 2084 "http://www.mink-gmbh.de/index.php" "Mozilla/5.0 (Windows NT 6.1; rv:11.0) Gecko/20100101 Firefox/11.0"
66.249.72.146 - - [19/Apr/2012:13:39:19 +0200] "GET /agb.php HTTP/1.1" 200 19709 "-" "Mozilla/5.0 (compatible; Googlebot/2.1; +http://www.google.com/bot.html)"
89.247.53.80 - - [19/Apr/2012:13:41:21 +0200] "GET /style.css HTTP/1.1" 200 8418 "http://www.mink-gmbh.de/index.php" "Mozilla/5.0 (Windows NT 6.1; rv:11.0) Gecko/20100101 Firefox/11.0"
89.247.53.80 - - [19/Apr/2012:13:41:21 +0200] "GET /modul.css HTTP/1.1" 200 35038 "http://www.mink-gmbh.de/index.php" "Mozilla/5.0 (Windows NT 6.1; rv:11.0) Gecko/20100101 Firefox/11.0"
89.247.53.80 - - [19/Apr/2012:13:41:21 +0200] "GET /favicon.ico HTTP/1.1" 200 3638 "-" "Mozilla/5.0 (Windows NT 6.1; rv:11.0) Gecko/20100101 Firefox/11.0"
89.247.53.80 - - [19/Apr/2012:13:41:21 +0200] "GET /js_contentserver24_greybox/gb_styles.css HTTP/1.1" 200 2302 "http://www.mink-gmbh.de/index.php" "Mozilla/5.0 (Windows NT 6.1; rv:11.0) Gecko/20100101 Firefox/11.0"
89.247.53.80 - - [19/Apr/2012:13:41:21 +0200] "GET /js_contentserver24_greybox/AJS.js HTTP/1.1" 200 10396 "http://www.mink-gmbh.de/index.php" "Mozilla/5.0 (Windows NT 6.1; rv:11.0) Gecko/20100101 Firefox/11.0"
89.247.53.80 - - [19/Apr/2012:13:41:21 +0200] "GET /js_contentserver24_greybox/AJS_fx.js HTTP/1.1" 200 3192 "http://www.mink-gmbh.de/index.php" "Mozilla/5.0 (Windows NT 6.1; rv:11.0) Gecko/20100101 Firefox/11.0"
89.247.53.80 - - [19/Apr/2012:13:41:21 +0200] "GET /js_contentserver24_greybox/gb_scripts.js HTTP/1.1" 200 11913 "http://www.mink-gmbh.de/index.php" "Mozilla/5.0 (Windows NT 6.1; rv:11.0) Gecko/20100101 Firefox/11.0"
89.247.53.80 - - [19/Apr/2012:13:41:22 +0200] "GET /images/bg.jpg HTTP/1.1" 200 345 "http://www.mink-gmbh.de/style.css" "Mozilla/5.0 (Windows NT 6.1; rv:11.0) Gecko/20100101 Firefox/11.0"
89.247.53.80 - - [19/Apr/2012:13:41:22 +0200] "GET /js_contentserver24_greybox/w_close.gif HTTP/1.1" 200 74 "http://www.mink-gmbh.de/index.php" "Mozilla/5.0 (Windows NT 6.1; rv:11.0) Gecko/20100101 Firefox/11.0"
89.247.53.80 - - [19/Apr/2012:13:41:22 +0200] "GET /images/close.png HTTP/1.1" 200 703 "http://www.mink-gmbh.de/index.php" "Mozilla/5.0 (Windows NT 6.1; rv:11.0) Gecko/20100101 Firefox/11.0"
89.247.53.80 - - [19/Apr/2012:13:41:22 +0200] "GET /images/newsletter_bg.jpg HTTP/1.1" 200 33610 "http://www.mink-gmbh.de/index.php" "Mozilla/5.0 (Windows NT 6.1; rv:11.0) Gecko/20100101 Firefox/11.0"
89.247.53.80 - - [19/Apr/2012:13:41:22 +0200] "GET /images/newsletter.png HTTP/1.1" 200 14619 "http://www.mink-gmbh.de/style.css" "Mozilla/5.0 (Windows NT 6.1; rv:11.0) Gecko/20100101 Firefox/11.0"
89.247.53.80 - - [19/Apr/2012:13:41:21 +0200] "GET /index.php HTTP/1.1" 200 15278 "-" "Mozilla/5.0 (Windows NT 6.1; rv:11.0) Gecko/20100101 Firefox/11.0"
89.247.53.80 - - [19/Apr/2012:13:41:22 +0200] "GET /images/wrapperbg.jpg HTTP/1.1" 200 27465 "http://www.mink-gmbh.de/style.css" "Mozilla/5.0 (Windows NT 6.1; rv:11.0) Gecko/20100101 Firefox/11.0"
89.247.53.80 - - [19/Apr/2012:13:41:22 +0200] "GET /images/header.jpg HTTP/1.1" 200 24413 "http://www.mink-gmbh.de/style.css" "Mozilla/5.0 (Windows NT 6.1; rv:11.0) Gecko/20100101 Firefox/11.0"
89.247.53.80 - - [19/Apr/2012:13:41:22 +0200] "GET /images/tkw.jpg HTTP/1.1" 200 64031 "http://www.mink-gmbh.de/index.php" "Mozilla/5.0 (Windows NT 6.1; rv:11.0) Gecko/20100101 Firefox/11.0"
89.247.53.80 - - [19/Apr/2012:13:41:22 +0200] "GET /images/navibg.png HTTP/1.1" 200 2803 "http://www.mink-gmbh.de/style.css" "Mozilla/5.0 (Windows NT 6.1; rv:11.0) Gecko/20100101 Firefox/11.0"
89.247.53.80 - - [19/Apr/2012:13:41:22 +0200] "GET /images/steigend.png HTTP/1.1" 200 688 "http://www.mink-gmbh.de/modul.css" "Mozilla/5.0 (Windows NT 6.1; rv:11.0) Gecko/20100101 Firefox/11.0"
89.247.53.80 - - [19/Apr/2012:13:41:22 +0200] "GET /images/fallend.png HTTP/1.1" 200 713 "http://www.mink-gmbh.de/modul.css" "Mozilla/5.0 (Windows NT 6.1; rv:11.0) Gecko/20100101 Firefox/11.0"
89.247.53.80 - - [19/Apr/2012:13:41:22 +0200] "GET /images/mobil.jpg HTTP/1.1" 200 25293 "http://www.mink-gmbh.de/style.css" "Mozilla/5.0 (Windows NT 6.1; rv:11.0) Gecko/20100101 Firefox/11.0"
89.247.53.80 - - [19/Apr/2012:13:41:22 +0200] "GET /images/newsletter.jpg HTTP/1.1" 200 13130 "http://www.mink-gmbh.de/style.css" "Mozilla/5.0 (Windows NT 6.1; rv:11.0) Gecko/20100101 Firefox/11.0"
89.247.53.80 - - [19/Apr/2012:13:41:22 +0200] "GET /images/freecall.jpg HTTP/1.1" 200 39195 "http://www.mink-gmbh.de/index.php" "Mozilla/5.0 (Windows NT 6.1; rv:11.0) Gecko/20100101 Firefox/11.0"
89.247.53.80 - - [19/Apr/2012:13:41:22 +0200] "GET /images/mail.jpg HTTP/1.1" 200 11165 "http://www.mink-gmbh.de/index.php" "Mozilla/5.0 (Windows NT 6.1; rv:11.0) Gecko/20100101 Firefox/11.0"
89.247.53.80 - - [19/Apr/2012:13:41:22 +0200] "GET /images/kwk.gif HTTP/1.1" 200 6403 "http://www.mink-gmbh.de/index.php" "Mozilla/5.0 (Windows NT 6.1; rv:11.0) Gecko/20100101 Firefox/11.0"
89.247.53.80 - - [19/Apr/2012:13:41:22 +0200] "GET /images/wunschpreis.jpg HTTP/1.1" 200 16767 "http://www.mink-gmbh.de/index.php" "Mozilla/5.0 (Windows NT 6.1; rv:11.0) Gecko/20100101 Firefox/11.0"
89.247.53.80 - - [19/Apr/2012:13:41:22 +0200] "GET /images/logos.jpg HTTP/1.1" 200 15002 "http://www.mink-gmbh.de/index.php" "Mozilla/5.0 (Windows NT 6.1; rv:11.0) Gecko/20100101 Firefox/11.0"
89.247.53.80 - - [19/Apr/2012:13:41:22 +0200] "GET /images/footerbg.jpg HTTP/1.1" 200 2184 "http://www.mink-gmbh.de/style.css" "Mozilla/5.0 (Windows NT 6.1; rv:11.0) Gecko/20100101 Firefox/11.0"
89.247.53.80 - - [19/Apr/2012:13:41:22 +0200] "GET /js_contentserver24_greybox/header_bg.gif HTTP/1.1" 200 1188 "http://www.mink-gmbh.de/index.php" "Mozilla/5.0 (Windows NT 6.1; rv:11.0) Gecko/20100101 Firefox/11.0"
89.247.53.80 - - [19/Apr/2012:13:41:22 +0200] "GET /js_contentserver24_greybox/g_close.gif HTTP/1.1" 200 541 "http://www.mink-gmbh.de/index.php" "Mozilla/5.0 (Windows NT 6.1; rv:11.0) Gecko/20100101 Firefox/11.0"
89.247.53.80 - - [19/Apr/2012:13:41:22 +0200] "GET /js_contentserver24_greybox/indicator.gif HTTP/1.1" 200 8238 "http://www.mink-gmbh.de/index.php" "Mozilla/5.0 (Windows NT 6.1; rv:11.0) Gecko/20100101 Firefox/11.0"
89.247.53.80 - - [19/Apr/2012:13:41:23 +0200] "GET /js_contentserver24_greybox/loader_frame.html?s=0 HTTP/1.1" 200 2084 "http://www.mink-gmbh.de/index.php" "Mozilla/5.0 (Windows NT 6.1; rv:11.0) Gecko/20100101 Firefox/11.0"
208.115.111.75 - - [19/Apr/2012:14:10:41 +0200] "GET /news.php?cs_go=archiv&cs_id=2719 HTTP/1.1" 200 10298 "-" "Mozilla/5.0 (compatible; Ezooms/1.0; ezooms.bot@gmail.com)"
188.40.65.130 - - [19/Apr/2012:14:29:50 +0200] "GET /robots.txt HTTP/1.1" 200 177 "-" "Pixray-Seeker/1.1 (Pixray-Seeker; http://www.pixray.com/pixraybot; crawler@pixray.com)"
188.40.65.130 - - [19/Apr/2012:14:29:50 +0200] "GET /robots.txt HTTP/1.1" 200 177 "-" "Pixray-Seeker/1.1 (Pixray-Seeker; http://www.pixray.com/pixraybot; crawler@pixray.com)"
188.40.65.130 - - [19/Apr/2012:14:29:50 +0200] "GET /robots.txt HTTP/1.1" 200 177 "-" "Pixray-Seeker/1.1 (Pixray-Seeker; http://www.pixray.com/pixraybot; crawler@pixray.com)"
188.40.65.130 - - [19/Apr/2012:14:29:50 +0200] "GET /news.php?cs_go=archiv&cs_id=2982&cs_search= HTTP/1.1" 200 11497 "-" "Pixray-Seeker/1.1 (Pixray-Seeker; http://www.pixray.com/pixraybot; crawler@pixray.com)"
188.40.65.130 - - [19/Apr/2012:14:29:50 +0200] "GET /news.php?cs_go=archiv&cs_id=2979&cs_search= HTTP/1.1" 200 12797 "-" "Pixray-Seeker/1.1 (Pixray-Seeker; http://www.pixray.com/pixraybot; crawler@pixray.com)"
188.40.65.130 - - [19/Apr/2012:14:29:50 +0200] "GET /news.php?cs_go=archiv&cs_id=2993&cs_search= HTTP/1.1" 200 13535 "-" "Pixray-Seeker/1.1 (Pixray-Seeker; http://www.pixray.com/pixraybot; crawler@pixray.com)"
188.40.65.130 - - [19/Apr/2012:14:31:51 +0200] "GET /news.php?cs_go=archiv&cs_id=2970&cs_search= HTTP/1.1" 200 12130 "-" "Pixray-Seeker/1.1 (Pixray-Seeker; http://www.pixray.com/pixraybot; crawler@pixray.com)"
66.249.72.146 - - [19/Apr/2012:14:34:37 +0200] "GET /rueckrufservice.php HTTP/1.1" 200 10702 "-" "Mozilla/5.0 (compatible; Googlebot/2.1; +http://www.google.com/bot.html)"
123.125.71.42 - - [19/Apr/2012:14:36:38 +0200] "GET /robots.txt HTTP/1.1" 200 177 "-" "Mozilla/5.0 (compatible; Baiduspider/2.0; +http://www.baidu.com/search/spider.html)"
66.249.72.146 - - [19/Apr/2012:14:39:03 +0200] "GET /wunschpreis.php HTTP/1.1" 200 11985 "-" "Mozilla/5.0 (compatible; Googlebot/2.1; +http://www.google.com/bot.html)"
66.249.72.146 - - [19/Apr/2012:14:45:41 +0200] "GET /preisanfrage.php HTTP/1.1" 200 10636 "-" "Mozilla/5.0 (compatible; Googlebot/2.1; +http://www.google.com/bot.html)"
139.18.2.209 - - [19/Apr/2012:14:58:51 +0200] "GET /.php HTTP/1.1" 404 - "-" "findlinks/2.2 (+http://wortschatz.uni-leipzig.de/findlinks/)"
65.52.109.147 - - [19/Apr/2012:14:59:51 +0200] "GET /lexikon.php HTTP/1.1" 200 10427 "-" "Mozilla/5.0 (compatible; bingbot/2.0; +http://www.bing.com/bingbot.htm)"
76.72.167.164 - - [19/Apr/2012:15:12:17 +0200] "GET /robots.txt HTTP/1.0" 200 177 "-" "Mozilla/5.0 (compatible; MJ12bot/v1.4.2; http://www.majestic12.co.uk/bot.php?+)"
76.72.167.164 - - [19/Apr/2012:15:12:19 +0200] "GET /agb.php HTTP/1.0" 200 19709 "-" "Mozilla/5.0 (compatible; MJ12bot/v1.4.2; http://www.majestic12.co.uk/bot.php?+)"
76.72.167.164 - - [19/Apr/2012:15:12:21 +0200] "GET /news.php?cs_go=archiv&cs_id=2678 HTTP/1.0" 200 9971 "-" "Mozilla/5.0 (compatible; MJ12bot/v1.4.2; http://www.majestic12.co.uk/bot.php?+)"
76.72.167.164 - - [19/Apr/2012:15:12:23 +0200] "GET /news.php?cs_go=archiv&cs_id=2679 HTTP/1.0" 200 10667 "-" "Mozilla/5.0 (compatible; MJ12bot/v1.4.2; http://www.majestic12.co.uk/bot.php?+)"
76.72.167.164 - - [19/Apr/2012:15:12:24 +0200] "GET /news.php?cs_go=archiv&cs_id=2680 HTTP/1.0" 200 13613 "-" "Mozilla/5.0 (compatible; MJ12bot/v1.4.2; http://www.majestic12.co.uk/bot.php?+)"
76.72.167.164 - - [19/Apr/2012:15:12:26 +0200] "GET /news.php?cs_go=archiv&cs_id=2681 HTTP/1.0" 200 10154 "-" "Mozilla/5.0 (compatible; MJ12bot/v1.4.2; http://www.majestic12.co.uk/bot.php?+)"
76.72.167.164 - - [19/Apr/2012:15:12:28 +0200] "GET /news.php?cs_go=archiv&cs_id=2682 HTTP/1.0" 200 10584 "-" "Mozilla/5.0 (compatible; MJ12bot/v1.4.2; http://www.majestic12.co.uk/bot.php?+)"
76.72.167.164 - - [19/Apr/2012:15:12:30 +0200] "GET /news.php?cs_go=archiv&cs_id=2683 HTTP/1.0" 200 13555 "-" "Mozilla/5.0 (compatible; MJ12bot/v1.4.2; http://www.majestic12.co.uk/bot.php?+)"
76.72.167.164 - - [19/Apr/2012:15:12:32 +0200] "GET /news.php?cs_go=archiv&cs_id=2684 HTTP/1.0" 200 10001 "-" "Mozilla/5.0 (compatible; MJ12bot/v1.4.2; http://www.majestic12.co.uk/bot.php?+)"
76.72.167.164 - - [19/Apr/2012:15:12:33 +0200] "GET /news.php?cs_go=archiv&cs_id=2685 HTTP/1.0" 200 9646 "-" "Mozilla/5.0 (compatible; MJ12bot/v1.4.2; http://www.majestic12.co.uk/bot.php?+)"
76.72.167.164 - - [19/Apr/2012:15:12:35 +0200] "GET /news.php?cs_go=archiv&cs_id=2686 HTTP/1.0" 200 10124 "-" "Mozilla/5.0 (compatible; MJ12bot/v1.4.2; http://www.majestic12.co.uk/bot.php?+)"
76.72.167.164 - - [19/Apr/2012:15:12:37 +0200] "GET /news.php?cs_go=archiv&cs_id=2687 HTTP/1.0" 200 10244 "-" "Mozilla/5.0 (compatible; MJ12bot/v1.4.2; http://www.majestic12.co.uk/bot.php?+)"
76.72.167.164 - - [19/Apr/2012:15:12:39 +0200] "GET /news.php?cs_go=archiv&cs_id=2688 HTTP/1.0" 200 13852 "-" "Mozilla/5.0 (compatible; MJ12bot/v1.4.2; http://www.majestic12.co.uk/bot.php?+)"
76.72.167.164 - - [19/Apr/2012:15:12:40 +0200] "GET /news.php?cs_go=archiv&cs_id=2689 HTTP/1.0" 200 10303 "-" "Mozilla/5.0 (compatible; MJ12bot/v1.4.2; http://www.majestic12.co.uk/bot.php?+)"
76.72.167.164 - - [19/Apr/2012:15:12:42 +0200] "GET /news.php?cs_go=archiv&cs_id=2690 HTTP/1.0" 200 10405 "-" "Mozilla/5.0 (compatible; MJ12bot/v1.4.2; http://www.majestic12.co.uk/bot.php?+)"
76.72.167.164 - - [19/Apr/2012:15:12:44 +0200] "GET /news.php?cs_go=archiv&cs_id=2691 HTTP/1.0" 200 13867 "-" "Mozilla/5.0 (compatible; MJ12bot/v1.4.2; http://www.majestic12.co.uk/bot.php?+)"
89.247.106.183 - - [19/Apr/2012:15:16:20 +0200] "GET /index.php HTTP/1.1" 200 15309 "-" "Mozilla/5.0 (Windows NT 6.1; rv:11.0) Gecko/20100101 Firefox/11.0"
89.247.106.183 - - [19/Apr/2012:15:16:22 +0200] "GET /js_contentserver24_greybox/loader_frame.html?s=0 HTTP/1.1" 304 - "http://www.mink-gmbh.de/index.php" "Mozilla/5.0 (Windows NT 6.1; rv:11.0) Gecko/20100101 Firefox/11.0"
66.249.72.146 - - [19/Apr/2012:15:41:01 +0200] "GET /kontakt.php HTTP/1.1" 200 9127 "-" "Mozilla/5.0 (compatible; Googlebot/2.1; +http://www.google.com/bot.html)"
66.249.72.146 - - [19/Apr/2012:15:43:12 +0200] "GET /images/RAL_Guetezeichen_Energiehandel.pdf HTTP/1.1" 200 288367 "-" "Mozilla/5.0 (compatible; Googlebot/2.1; +http://www.google.com/bot.html)"
65.36.241.79 - - [19/Apr/2012:15:44:44 +0200] "HEAD / HTTP/1.1" 200 - "-" "InternetSeer.com"
207.46.204.240 - - [19/Apr/2012:15:45:07 +0200] "GET /kontakt.php HTTP/1.1" 200 9127 "-" "Mozilla/5.0 (compatible; bingbot/2.0; +http://www.bing.com/bingbot.htm)"
66.249.72.146 - - [19/Apr/2012:15:47:38 +0200] "GET /news.php?cs_go=archiv&cs_startpos=1 HTTP/1.1" 200 22473 "-" "Mozilla/5.0 (compatible; Googlebot/2.1; +http://www.google.com/bot.html)"
208.115.111.75 - - [19/Apr/2012:15:55:15 +0200] "GET /robots.txt HTTP/1.1" 200 177 "-" "Mozilla/5.0 (compatible; Ezooms/1.0; ezooms.bot@gmail.com)"
77.184.222.77 - - [19/Apr/2012:15:58:44 +0200] "GET / HTTP/1.1" 200 15309 "http://www.gelbeseiten.de/yp/122/search.yp?sessionDataString=H4sIAAAAAAAAAEWHuw4CIRAAv8ZyEziWXcj2amm8REvDY4l2Bmj8e-pmumMyMjcYT2cqAhAEwF4UclYCZiLBxsM5DNq0WTLJZib-pv4Gk7j5n6HPqZuuayv46XMHuqOjT18pYJVq5Gbkbuqx5Gnku8aEzeOxej%2FAFHMoGJhAAAAA-e-e&at=yp&kindOfSearch=tradesearch&subject=oel&location=berlin&distance=-1&execute=Suchen&suggest_choose=on&rz=122" "Mozilla/4.0 (compatible; MSIE 8.0; Windows NT 5.1; Trident/4.0; .NET CLR 1.1.4322; .NET CLR 2.0.50727; .NET CLR 3.0.4506.2152; .NET CLR 3.5.30729; .NET4.0C; .NET4.0E)"
176.9.0.13 - - [19/Apr/2012:16:30:11 +0200] "GET /robots.txt HTTP/1.1" 200 177 "-" "Pixray-Seeker/1.1 (Pixray-Seeker; http://www.pixray.com/pixraybot; crawler@pixray.com)"
176.9.0.13 - - [19/Apr/2012:16:30:11 +0200] "GET /news.php?cs_go=archiv&cs_id=2995&cs_search= HTTP/1.1" 200 9850 "-" "Pixray-Seeker/1.1 (Pixray-Seeker; http://www.pixray.com/pixraybot; crawler@pixray.com)"
176.9.0.13 - - [19/Apr/2012:16:30:50 +0200] "GET /news.php?cs_go=archiv&cs_id=2996&cs_search= HTTP/1.1" 200 13573 "-" "Pixray-Seeker/1.1 (Pixray-Seeker; http://www.pixray.com/pixraybot; crawler@pixray.com)"
176.9.0.13 - - [19/Apr/2012:16:31:20 +0200] "GET /news.php?cs_go=archiv&cs_id=2990&cs_search= HTTP/1.1" 200 13697 "-" "Pixray-Seeker/1.1 (Pixray-Seeker; http://www.pixray.com/pixraybot; crawler@pixray.com)"
176.9.0.13 - - [19/Apr/2012:16:31:56 +0200] "GET /news.php?cs_go=archiv&cs_id=2971&cs_search= HTTP/1.1" 200 12107 "-" "Pixray-Seeker/1.1 (Pixray-Seeker; http://www.pixray.com/pixraybot; crawler@pixray.com)"
176.9.0.13 - - [19/Apr/2012:16:31:58 +0200] "GET /news.php?cs_go=archiv&cs_id=2991&cs_search= HTTP/1.1" 200 9678 "-" "Pixray-Seeker/1.1 (Pixray-Seeker; http://www.pixray.com/pixraybot; crawler@pixray.com)"
207.46.204.240 - - [19/Apr/2012:17:00:37 +0200] "GET /kontakt.php HTTP/1.1" 200 9127 "-" "Mozilla/5.0 (compatible; bingbot/2.0; +http://www.bing.com/bingbot.htm)"
220.181.108.82 - - [19/Apr/2012:17:39:29 +0200] "GET / HTTP/1.1" 200 15309 "-" "Mozilla/5.0 (compatible; Baiduspider/2.0; +http://www.baidu.com/search/spider.html)"
123.125.71.18 - - [19/Apr/2012:17:41:09 +0200] "GET / HTTP/1.1" 200 10239 "-" "Mozilla/5.0 (compatible; Baiduspider/2.0; +http://www.baidu.com/search/spider.html)"
84.190.132.113 - - [19/Apr/2012:17:42:33 +0200] "GET / HTTP/1.1" 200 3405 "http://www.gelbeseiten.de/yp/122/search.yp?sessionDataString=H4sIAAAAAAAAAEWHMQ4CMQzAXsMYKUkLbZQdGBEnwYjSa06wobYLv6fbDZZtCmhMtW4gORSIWBGMK4MIp-pLop7hmKDEeDR2VSeX31Xjgcx%2FWRvfP8DmX5bW%2F5tGsendr61sHkF5Rb6j3WQ%2FU51SabIRJiAOnrH8bJ-pnohwAAAA-e-e&at=yp&kindOfSearch=tradesearch&subject=Heiz%F6le&location=Berlin&x=26&y=11&distance=-1&execute=Suchen&suggest_choose=on&rz=122" "Mozilla/5.0 (Windows; U; Windows NT 5.1; de; rv:1.9.2.25) Gecko/20111212 Firefox/3.6.25 ( .NET CLR 3.5.30729)"
207.46.204.240 - - [19/Apr/2012:17:55:36 +0200] "GET /kontakt.php HTTP/1.1" 200 9127 "-" "Mozilla/5.0 (compatible; bingbot/2.0; +http://www.bing.com/bingbot.htm)"
66.249.66.149 - - [19/Apr/2012:18:01:19 +0200] "GET /news.php?cs_go=archiv HTTP/1.1" 200 22357 "-" "Mozilla/5.0 (compatible; Googlebot/2.1; +http://www.google.com/bot.html)"
208.115.111.75 - - [19/Apr/2012:18:12:47 +0200] "GET /news.php?cs_go=archiv&cs_id=2692&cs_search= HTTP/1.1" 200 10240 "-" "Mozilla/5.0 (compatible; Ezooms/1.0; ezooms.bot@gmail.com)"
208.115.111.75 - - [19/Apr/2012:18:13:01 +0200] "GET /news.php?cs_go=archiv&cs_id=1628&cs_search= HTTP/1.1" 200 13999 "-" "Mozilla/5.0 (compatible; Ezooms/1.0; ezooms.bot@gmail.com)"
88.131.106.22 - - [19/Apr/2012:18:31:33 +0200] "GET /robots.txt HTTP/1.0" 200 177 "-" "Mozilla/5.0 (Windows; U; Windows NT 5.1; en-US) Speedy Spider (http://www.entireweb.com/about/search_tech/speedy_spider/)"
88.131.106.22 - - [19/Apr/2012:18:31:34 +0200] "GET / HTTP/1.0" 200 15309 "-" "Mozilla/5.0 (Windows; U; Windows NT 5.1; en-US) Speedy Spider (http://www.entireweb.com/about/search_tech/speedy_spider/)"
66.249.66.149 - - [19/Apr/2012:18:37:14 +0200] "GET /news.php?cs_go=archiv&cs_id=3020&cs_search= HTTP/1.1" 200 14011 "-" "Mozilla/5.0 (compatible; Googlebot/2.1; +http://www.google.com/bot.html)"
46.4.118.74 - - [19/Apr/2012:18:56:55 +0200] "GET /robots.txt HTTP/1.1" 200 177 "-" "Pixray-Seeker/1.1 (Pixray-Seeker; http://www.pixray.com/pixraybot; crawler@pixray.com)"
46.4.118.74 - - [19/Apr/2012:18:56:55 +0200] "GET /news.php?cs_go=archiv&cs_id=2998&cs_search= HTTP/1.1" 200 9916 "-" "Pixray-Seeker/1.1 (Pixray-Seeker; http://www.pixray.com/pixraybot; crawler@pixray.com)"
66.249.72.146 - - [19/Apr/2012:19:01:12 +0200] "GET /news.php?cs_go=archiv&cs_id=2790&cs_search= HTTP/1.1" 200 13843 "-" "Mozilla/5.0 (compatible; Googlebot/2.1; +http://www.google.com/bot.html)"
77.12.210.68 - - [19/Apr/2012:19:21:54 +0200] "GET / HTTP/1.1" 200 15309 "http://www.gelbeseiten.de/branchenbuch/berlin/Oel-berlin.html" "Mozilla/5.0 (Macintosh; Intel Mac OS X 10_6_8) AppleWebKit/534.52.7 (KHTML, like Gecko) Version/5.1.2 Safari/534.52.7"
66.249.66.149 - - [19/Apr/2012:19:33:42 +0200] "GET /news.php?cs_go=archiv&cs_id=2785&cs_search= HTTP/1.1" 200 11821 "-" "Mozilla/5.0 (compatible; Googlebot/2.1; +http://www.google.com/bot.html)"
178.202.182.10 - - [19/Apr/2012:19:38:13 +0200] "GET /style.css HTTP/1.1" 200 8418 "http://www.mink-gmbh.de/" "Mozilla/5.0 (Windows NT 6.1; WOW64; rv:2.0.1) Gecko/20100101 Firefox/4.0.1"
178.202.182.10 - - [19/Apr/2012:19:38:13 +0200] "GET /favicon.ico HTTP/1.1" 200 3638 "-" "Mozilla/5.0 (Windows NT 6.1; WOW64; rv:2.0.1) Gecko/20100101 Firefox/4.0.1"
178.202.182.10 - - [19/Apr/2012:19:38:13 +0200] "GET /js_contentserver24_greybox/AJS.js HTTP/1.1" 200 10396 "http://www.mink-gmbh.de/" "Mozilla/5.0 (Windows NT 6.1; WOW64; rv:2.0.1) Gecko/20100101 Firefox/4.0.1"
178.202.182.10 - - [19/Apr/2012:19:38:13 +0200] "GET /js_contentserver24_greybox/gb_styles.css HTTP/1.1" 200 2302 "http://www.mink-gmbh.de/" "Mozilla/5.0 (Windows NT 6.1; WOW64; rv:2.0.1) Gecko/20100101 Firefox/4.0.1"
178.202.182.10 - - [19/Apr/2012:19:38:13 +0200] "GET /js_contentserver24_greybox/AJS_fx.js HTTP/1.1" 200 3192 "http://www.mink-gmbh.de/" "Mozilla/5.0 (Windows NT 6.1; WOW64; rv:2.0.1) Gecko/20100101 Firefox/4.0.1"
178.202.182.10 - - [19/Apr/2012:19:38:13 +0200] "GET /js_contentserver24_greybox/gb_scripts.js HTTP/1.1" 200 11913 "http://www.mink-gmbh.de/" "Mozilla/5.0 (Windows NT 6.1; WOW64; rv:2.0.1) Gecko/20100101 Firefox/4.0.1"
178.202.182.10 - - [19/Apr/2012:19:38:13 +0200] "GET /modul.css HTTP/1.1" 200 35038 "http://www.mink-gmbh.de/" "Mozilla/5.0 (Windows NT 6.1; WOW64; rv:2.0.1) Gecko/20100101 Firefox/4.0.1"
178.202.182.10 - - [19/Apr/2012:19:38:14 +0200] "GET /images/bg.jpg HTTP/1.1" 200 345 "http://www.mink-gmbh.de/style.css" "Mozilla/5.0 (Windows NT 6.1; WOW64; rv:2.0.1) Gecko/20100101 Firefox/4.0.1"
178.202.182.10 - - [19/Apr/2012:19:38:14 +0200] "GET /js_contentserver24_greybox/w_close.gif HTTP/1.1" 200 74 "http://www.mink-gmbh.de/" "Mozilla/5.0 (Windows NT 6.1; WOW64; rv:2.0.1) Gecko/20100101 Firefox/4.0.1"
178.202.182.10 - - [19/Apr/2012:19:38:14 +0200] "GET /images/close.png HTTP/1.1" 200 703 "http://www.mink-gmbh.de/" "Mozilla/5.0 (Windows NT 6.1; WOW64; rv:2.0.1) Gecko/20100101 Firefox/4.0.1"
178.202.182.10 - - [19/Apr/2012:19:38:14 +0200] "GET /images/newsletter_bg.jpg HTTP/1.1" 200 33610 "http://www.mink-gmbh.de/" "Mozilla/5.0 (Windows NT 6.1; WOW64; rv:2.0.1) Gecko/20100101 Firefox/4.0.1"
178.202.182.10 - - [19/Apr/2012:19:38:14 +0200] "GET /images/newsletter.png HTTP/1.1" 200 14619 "http://www.mink-gmbh.de/style.css" "Mozilla/5.0 (Windows NT 6.1; WOW64; rv:2.0.1) Gecko/20100101 Firefox/4.0.1"
178.202.182.10 - - [19/Apr/2012:19:38:14 +0200] "GET /images/wrapperbg.jpg HTTP/1.1" 200 27465 "http://www.mink-gmbh.de/style.css" "Mozilla/5.0 (Windows NT 6.1; WOW64; rv:2.0.1) Gecko/20100101 Firefox/4.0.1"
178.202.182.10 - - [19/Apr/2012:19:38:14 +0200] "GET /images/header.jpg HTTP/1.1" 200 24413 "http://www.mink-gmbh.de/style.css" "Mozilla/5.0 (Windows NT 6.1; WOW64; rv:2.0.1) Gecko/20100101 Firefox/4.0.1"
178.202.182.10 - - [19/Apr/2012:19:38:14 +0200] "GET /images/navibg.png HTTP/1.1" 200 2803 "http://www.mink-gmbh.de/style.css" "Mozilla/5.0 (Windows NT 6.1; WOW64; rv:2.0.1) Gecko/20100101 Firefox/4.0.1"
178.202.182.10 - - [19/Apr/2012:19:38:14 +0200] "GET /images/steigend.png HTTP/1.1" 200 688 "http://www.mink-gmbh.de/modul.css" "Mozilla/5.0 (Windows NT 6.1; WOW64; rv:2.0.1) Gecko/20100101 Firefox/4.0.1"
178.202.182.10 - - [19/Apr/2012:19:38:14 +0200] "GET /images/fallend.png HTTP/1.1" 200 713 "http://www.mink-gmbh.de/modul.css" "Mozilla/5.0 (Windows NT 6.1; WOW64; rv:2.0.1) Gecko/20100101 Firefox/4.0.1"
178.202.182.10 - - [19/Apr/2012:19:38:14 +0200] "GET /js_contentserver24_greybox/loader_frame.html?s=0 HTTP/1.1" 200 2084 "http://www.mink-gmbh.de/" "Mozilla/5.0 (Windows NT 6.1; WOW64; rv:2.0.1) Gecko/20100101 Firefox/4.0.1"
178.202.182.10 - - [19/Apr/2012:19:38:14 +0200] "GET /js_contentserver24_greybox/header_bg.gif HTTP/1.1" 200 1188 "http://www.mink-gmbh.de/" "Mozilla/5.0 (Windows NT 6.1; WOW64; rv:2.0.1) Gecko/20100101 Firefox/4.0.1"
178.202.182.10 - - [19/Apr/2012:19:38:14 +0200] "GET /js_contentserver24_greybox/indicator.gif HTTP/1.1" 200 8238 "http://www.mink-gmbh.de/js_contentserver24_greybox/loader_frame.html?s=0" "Mozilla/5.0 (Windows NT 6.1; WOW64; rv:2.0.1) Gecko/20100101 Firefox/4.0.1"
178.202.182.10 - - [19/Apr/2012:19:38:15 +0200] "GET /images/mobil.jpg HTTP/1.1" 200 25293 "http://www.mink-gmbh.de/style.css" "Mozilla/5.0 (Windows NT 6.1; WOW64; rv:2.0.1) Gecko/20100101 Firefox/4.0.1"
178.202.182.10 - - [19/Apr/2012:19:38:15 +0200] "GET /images/newsletter.jpg HTTP/1.1" 200 13130 "http://www.mink-gmbh.de/style.css" "Mozilla/5.0 (Windows NT 6.1; WOW64; rv:2.0.1) Gecko/20100101 Firefox/4.0.1"
178.202.182.10 - - [19/Apr/2012:19:38:15 +0200] "GET /images/tkw.jpg HTTP/1.1" 200 64031 "http://www.mink-gmbh.de/" "Mozilla/5.0 (Windows NT 6.1; WOW64; rv:2.0.1) Gecko/20100101 Firefox/4.0.1"
178.202.182.10 - - [19/Apr/2012:19:38:13 +0200] "GET / HTTP/1.1" 200 15309 "http://www.aristo-verwaltung.de/links.htm" "Mozilla/5.0 (Windows NT 6.1; WOW64; rv:2.0.1) Gecko/20100101 Firefox/4.0.1"
178.202.182.10 - - [19/Apr/2012:19:38:16 +0200] "GET /images/mail.jpg HTTP/1.1" 200 11165 "http://www.mink-gmbh.de/" "Mozilla/5.0 (Windows NT 6.1; WOW64; rv:2.0.1) Gecko/20100101 Firefox/4.0.1"
178.202.182.10 - - [19/Apr/2012:19:38:16 +0200] "GET /images/kwk.gif HTTP/1.1" 200 6403 "http://www.mink-gmbh.de/" "Mozilla/5.0 (Windows NT 6.1; WOW64; rv:2.0.1) Gecko/20100101 Firefox/4.0.1"
178.202.182.10 - - [19/Apr/2012:19:38:16 +0200] "GET /images/wunschpreis.jpg HTTP/1.1" 200 16767 "http://www.mink-gmbh.de/" "Mozilla/5.0 (Windows NT 6.1; WOW64; rv:2.0.1) Gecko/20100101 Firefox/4.0.1"
178.202.182.10 - - [19/Apr/2012:19:38:16 +0200] "GET /images/logos.jpg HTTP/1.1" 200 15002 "http://www.mink-gmbh.de/" "Mozilla/5.0 (Windows NT 6.1; WOW64; rv:2.0.1) Gecko/20100101 Firefox/4.0.1"
178.202.182.10 - - [19/Apr/2012:19:38:16 +0200] "GET /images/freecall.jpg HTTP/1.1" 200 39195 "http://www.mink-gmbh.de/" "Mozilla/5.0 (Windows NT 6.1; WOW64; rv:2.0.1) Gecko/20100101 Firefox/4.0.1"
178.202.182.10 - - [19/Apr/2012:19:38:16 +0200] "GET /images/footerbg.jpg HTTP/1.1" 200 2184 "http://www.mink-gmbh.de/style.css" "Mozilla/5.0 (Windows NT 6.1; WOW64; rv:2.0.1) Gecko/20100101 Firefox/4.0.1"
178.202.182.10 - - [19/Apr/2012:19:38:17 +0200] "GET /js_contentserver24_greybox/g_close.gif HTTP/1.1" 200 541 "http://www.mink-gmbh.de/" "Mozilla/5.0 (Windows NT 6.1; WOW64; rv:2.0.1) Gecko/20100101 Firefox/4.0.1"
66.249.72.146 - - [19/Apr/2012:20:03:14 +0200] "GET /news.php?cs_go=archiv&cs_id=2788&cs_search= HTTP/1.1" 200 9834 "-" "Mozilla/5.0 (compatible; Googlebot/2.1; +http://www.google.com/bot.html)"
65.36.241.79 - - [19/Apr/2012:20:16:42 +0200] "HEAD / HTTP/1.1" 200 - "-" "InternetSeer.com"
66.249.72.146 - - [19/Apr/2012:20:32:48 +0200] "GET /news.php?cs_go=archiv&cs_id=2564&cs_search= HTTP/1.1" 200 14534 "-" "Mozilla/5.0 (compatible; Googlebot/2.1; +http://www.google.com/bot.html)"
123.125.71.31 - - [19/Apr/2012:20:38:45 +0200] "GET / HTTP/1.1" 200 8706 "-" "Mozilla/5.0 (compatible; Baiduspider/2.0; +http://www.baidu.com/search/spider.html)"
66.249.66.149 - - [19/Apr/2012:20:41:39 +0200] "GET /robots.txt HTTP/1.1" 200 177 "-" "Mozilla/5.0 (compatible; Googlebot/2.1; +http://www.google.com/bot.html)"
66.249.72.146 - - [19/Apr/2012:20:41:39 +0200] "GET /news.php?cs_go=archiv&cs_id=2896&cs_search= HTTP/1.1" 200 9845 "-" "Mozilla/5.0 (compatible; Googlebot/2.1; +http://www.google.com/bot.html)"
123.125.71.95 - - [19/Apr/2012:21:24:13 +0200] "GET /standard.php HTTP/1.1" 200 9150 "-" "Mozilla/5.0 (compatible; Baiduspider/2.0; +http://www.baidu.com/search/spider.html)"
89.182.66.93 - - [19/Apr/2012:22:48:45 +0200] "GET /news.php?cs_go=archiv&cs_startpos=30 HTTP/1.1" 200 9845 "-" "findlinks/2.0.2 (+http://wortschatz.uni-leipzig.de/findlinks/)"
89.182.66.93 - - [19/Apr/2012:22:48:45 +0200] "GET /news.php?cs_go=archiv&cs_startpos=30 HTTP/1.1" 200 22713 "-" "findlinks/2.0.2 (+http://wortschatz.uni-leipzig.de/findlinks/)"
66.249.72.146 - - [19/Apr/2012:22:58:21 +0200] "GET /robots.txt HTTP/1.1" 200 177 "-" "Mozilla/5.0 (compatible; Googlebot/2.1; +http://www.google.com/bot.html)"
66.249.66.149 - - [19/Apr/2012:22:58:21 +0200] "GET /news.php?cs_go=archiv&cs_id=2957&cs_search= HTTP/1.1" 200 9710 "-" "Mozilla/5.0 (iPhone; U; CPU iPhone OS 4_1 like Mac OS X; en-us) AppleWebKit/532.9 (KHTML, like Gecko) Version/4.0.5 Mobile/8B117 Safari/6531.22.7 (compatible; Googlebot-Mobile/2.1; +http://www.google.com/bot.html)"
208.115.111.75 - - [19/Apr/2012:23:41:51 +0200] "GET /robots.txt HTTP/1.1" 200 177 "-" "Mozilla/5.0 (compatible; Ezooms/1.0; ezooms.bot@gmail.com)"
65.36.241.79 - - [20/Apr/2012:01:03:16 +0200] "HEAD / HTTP/1.1" 200 - "-" "InternetSeer.com"
76.72.167.164 - - [20/Apr/2012:01:07:13 +0200] "GET /robots.txt HTTP/1.0" 200 177 "-" "Mozilla/5.0 (compatible; MJ12bot/v1.4.2; http://www.majestic12.co.uk/bot.php?+)"
76.72.167.164 - - [20/Apr/2012:01:07:15 +0200] "GET / HTTP/1.0" 200 15309 "-" "Mozilla/5.0 (compatible; MJ12bot/v1.4.2; http://www.majestic12.co.uk/bot.php?+)"
208.115.111.75 - - [20/Apr/2012:01:57:48 +0200] "GET /news.php?cs_go=archiv&cs_id=1627&cs_search= HTTP/1.1" 200 12864 "-" "Mozilla/5.0 (compatible; Ezooms/1.0; ezooms.bot@gmail.com)"
82.207.175.40 - - [20/Apr/2012:02:14:42 +0200] "GET / HTTP/1.1" 200 15309 "-" "Mozilla/5.0 (Windows; U; Windows NT 5.1; en-US; rv:1.8.1.1) Gecko/20061204 Firefox/2.0.0.1"
82.207.175.40 - - [20/Apr/2012:02:14:43 +0200] "GET /images/RAL_Guetezeichen_Energiehandel.pdf HTTP/1.1" 200 288367 "-" "Mozilla/5.0 (Windows; U; Windows NT 5.1; en-US; rv:1.8.1.1) Gecko/20061204 Firefox/2.0.0.1"
88.131.106.22 - - [20/Apr/2012:02:22:27 +0200] "GET /robots.txt HTTP/1.0" 200 177 "-" "Mozilla/5.0 (Windows; U; Windows NT 5.1; en-US) Speedy Spider (http://www.entireweb.com/about/search_tech/speedy_spider/)"
88.131.106.22 - - [20/Apr/2012:02:22:30 +0200] "GET /seiten/optiplus_detail.php?det=guete HTTP/1.0" 404 - "-" "Mozilla/5.0 (Windows; U; Windows NT 5.1; en-US) Speedy Spider (http://www.entireweb.com/about/search_tech/speedy_spider/)"
208.115.113.91 - - [20/Apr/2012:03:52:46 +0200] "GET /robots.txt HTTP/1.1" 200 177 "-" "Mozilla/5.0 (compatible; Ezooms/1.0; ezooms.bot@gmail.com)"
87.169.229.31 - - [20/Apr/2012:05:39:30 +0200] "GET / HTTP/1.1" 200 15309 "-" "Mozilla/5.0 (Windows; U; Windows NT 5.1; de; rv:1.9.0.10) Gecko/2009042316 Firefox/3.0.10"
87.169.229.31 - - [20/Apr/2012:05:39:34 +0200] "GET /index.php HTTP/1.1" 200 15309 "-" "Mozilla/5.0 (Windows; U; Windows NT 5.1; de; rv:1.9.0.10) Gecko/2009042316 Firefox/3.0.10"
87.169.229.31 - - [20/Apr/2012:05:39:37 +0200] "GET /index.php HTTP/1.1" 200 15309 "-" "Java/1.6.0_22"
87.169.229.31 - - [20/Apr/2012:05:39:41 +0200] "GET /newsletter.php HTTP/1.1" 200 8839 "-" "Mozilla/5.0 (Windows; U; Windows NT 5.1; de; rv:1.9.0.10) Gecko/2009042316 Firefox/3.0.10"
87.169.229.31 - - [20/Apr/2012:05:39:44 +0200] "GET /newsletter.php HTTP/1.1" 200 8839 "-" "Java/1.6.0_22"
87.169.229.31 - - [20/Apr/2012:05:39:46 +0200] "GET /wunschpreis.php HTTP/1.1" 200 11985 "-" "Mozilla/5.0 (Windows; U; Windows NT 5.1; de; rv:1.9.0.10) Gecko/2009042316 Firefox/3.0.10"
87.169.229.31 - - [20/Apr/2012:05:39:49 +0200] "GET /wunschpreis.php HTTP/1.1" 200 11985 "-" "Java/1.6.0_22"
87.169.229.31 - - [20/Apr/2012:05:39:52 +0200] "GET /news.php HTTP/1.1" 200 22357 "-" "Mozilla/5.0 (Windows; U; Windows NT 5.1; de; rv:1.9.0.10) Gecko/2009042316 Firefox/3.0.10"
87.169.229.31 - - [20/Apr/2012:05:39:56 +0200] "GET /news.php HTTP/1.1" 200 22357 "-" "Java/1.6.0_22"
87.169.229.31 - - [20/Apr/2012:05:39:59 +0200] "GET / HTTP/1.1" 200 15309 "-" "Java/1.6.0_22"
208.115.113.91 - - [20/Apr/2012:05:55:49 +0200] "GET /news.php?cs_go=archiv&cs_startpos=110 HTTP/1.1" 200 22785 "-" "Mozilla/5.0 (compatible; Ezooms/1.0; ezooms.bot@gmail.com)"
84.57.25.41 - - [20/Apr/2012:06:03:30 +0200] "GET / HTTP/1.1" 200 6441 "http://www.gelbeseiten.de/yp/122/search.yp?subject=%F6l&location=berlin&rz=122" "Mozilla/4.0 (compatible; MSIE 8.0; Windows NT 5.1; Trident/4.0)"
220.181.108.94 - - [20/Apr/2012:06:36:35 +0200] "GET / HTTP/1.1" 200 8706 "-" "Mozilla/5.0 (compatible; Baiduspider/2.0; +http://www.baidu.com/search/spider.html)"
66.249.66.149 - - [20/Apr/2012:06:40:25 +0200] "GET /news.php HTTP/1.1" 200 22357 "-" "Mozilla/5.0 (compatible; Googlebot/2.1; +http://www.google.com/bot.html)"
123.125.71.15 - - [20/Apr/2012:06:45:13 +0200] "GET / HTTP/1.1" 200 8706 "-" "Mozilla/5.0 (compatible; Baiduspider/2.0; +http://www.baidu.com/search/spider.html)"
65.36.241.79 - - [20/Apr/2012:06:59:40 +0200] "HEAD / HTTP/1.1" 200 - "-" "InternetSeer.com"
66.249.72.146 - - [20/Apr/2012:07:12:56 +0200] "GET /news.php?cs_go=archiv&cs_id=2887&cs_search= HTTP/1.1" 200 13436 "-" "Mozilla/5.0 (compatible; Googlebot/2.1; +http://www.google.com/bot.html)"
66.249.66.149 - - [20/Apr/2012:07:17:16 +0200] "GET /news.php?cs_go=archiv&cs_id=2866 HTTP/1.1" 200 10046 "-" "Mozilla/5.0 (compatible; Googlebot/2.1; +http://www.google.com/bot.html)"
66.249.72.146 - - [20/Apr/2012:07:19:26 +0200] "GET /news.php?cs_go=archiv&cs_id=2865 HTTP/1.1" 200 13567 "-" "Mozilla/5.0 (compatible; Googlebot/2.1; +http://www.google.com/bot.html)"
66.249.66.149 - - [20/Apr/2012:07:32:27 +0200] "GET /news.php?cs_go=archiv&cs_id=2844 HTTP/1.1" 200 10712 "-" "Mozilla/5.0 (compatible; Googlebot/2.1; +http://www.google.com/bot.html)"
66.249.66.149 - - [20/Apr/2012:07:45:31 +0200] "GET /news.php?cs_go=archiv&cs_id=2843 HTTP/1.1" 200 12669 "-" "Mozilla/5.0 (compatible; Googlebot/2.1; +http://www.google.com/bot.html)"
89.247.84.104 - - [20/Apr/2012:07:46:40 +0200] "GET /style.css HTTP/1.1" 200 8418 "http://www.mink-gmbh.de/index.php" "Mozilla/5.0 (Windows NT 6.1; rv:11.0) Gecko/20100101 Firefox/11.0"
89.247.84.104 - - [20/Apr/2012:07:46:40 +0200] "GET /favicon.ico HTTP/1.1" 200 3638 "-" "Mozilla/5.0 (Windows NT 6.1; rv:11.0) Gecko/20100101 Firefox/11.0"
89.247.84.104 - - [20/Apr/2012:07:46:40 +0200] "GET /modul.css HTTP/1.1" 200 35038 "http://www.mink-gmbh.de/index.php" "Mozilla/5.0 (Windows NT 6.1; rv:11.0) Gecko/20100101 Firefox/11.0"
89.247.84.104 - - [20/Apr/2012:07:46:40 +0200] "GET /js_contentserver24_greybox/gb_styles.css HTTP/1.1" 200 2302 "http://www.mink-gmbh.de/index.php" "Mozilla/5.0 (Windows NT 6.1; rv:11.0) Gecko/20100101 Firefox/11.0"
89.247.84.104 - - [20/Apr/2012:07:46:40 +0200] "GET /js_contentserver24_greybox/AJS.js HTTP/1.1" 200 10396 "http://www.mink-gmbh.de/index.php" "Mozilla/5.0 (Windows NT 6.1; rv:11.0) Gecko/20100101 Firefox/11.0"
89.247.84.104 - - [20/Apr/2012:07:46:40 +0200] "GET /js_contentserver24_greybox/AJS_fx.js HTTP/1.1" 200 3192 "http://www.mink-gmbh.de/index.php" "Mozilla/5.0 (Windows NT 6.1; rv:11.0) Gecko/20100101 Firefox/11.0"
89.247.84.104 - - [20/Apr/2012:07:46:40 +0200] "GET /js_contentserver24_greybox/gb_scripts.js HTTP/1.1" 200 11913 "http://www.mink-gmbh.de/index.php" "Mozilla/5.0 (Windows NT 6.1; rv:11.0) Gecko/20100101 Firefox/11.0"
89.247.84.104 - - [20/Apr/2012:07:46:39 +0200] "GET /index.php HTTP/1.1" 200 15309 "-" "Mozilla/5.0 (Windows NT 6.1; rv:11.0) Gecko/20100101 Firefox/11.0"
89.247.84.104 - - [20/Apr/2012:07:46:40 +0200] "GET /images/freecall.jpg HTTP/1.1" 200 39195 "http://www.mink-gmbh.de/index.php" "Mozilla/5.0 (Windows NT 6.1; rv:11.0) Gecko/20100101 Firefox/11.0"
89.247.84.104 - - [20/Apr/2012:07:46:40 +0200] "GET /images/mail.jpg HTTP/1.1" 200 11165 "http://www.mink-gmbh.de/index.php" "Mozilla/5.0 (Windows NT 6.1; rv:11.0) Gecko/20100101 Firefox/11.0"
89.247.84.104 - - [20/Apr/2012:07:46:40 +0200] "GET /images/kwk.gif HTTP/1.1" 200 6403 "http://www.mink-gmbh.de/index.php" "Mozilla/5.0 (Windows NT 6.1; rv:11.0) Gecko/20100101 Firefox/11.0"
89.247.84.104 - - [20/Apr/2012:07:46:40 +0200] "GET /images/wunschpreis.jpg HTTP/1.1" 200 16767 "http://www.mink-gmbh.de/index.php" "Mozilla/5.0 (Windows NT 6.1; rv:11.0) Gecko/20100101 Firefox/11.0"
89.247.84.104 - - [20/Apr/2012:07:46:40 +0200] "GET /images/logos.jpg HTTP/1.1" 200 15002 "http://www.mink-gmbh.de/index.php" "Mozilla/5.0 (Windows NT 6.1; rv:11.0) Gecko/20100101 Firefox/11.0"
89.247.84.104 - - [20/Apr/2012:07:46:40 +0200] "GET /images/tkw.jpg HTTP/1.1" 200 64031 "http://www.mink-gmbh.de/index.php" "Mozilla/5.0 (Windows NT 6.1; rv:11.0) Gecko/20100101 Firefox/11.0"
89.247.84.104 - - [20/Apr/2012:07:46:41 +0200] "GET /images/bg.jpg HTTP/1.1" 200 345 "http://www.mink-gmbh.de/style.css" "Mozilla/5.0 (Windows NT 6.1; rv:11.0) Gecko/20100101 Firefox/11.0"
89.247.84.104 - - [20/Apr/2012:07:46:41 +0200] "GET /js_contentserver24_greybox/w_close.gif HTTP/1.1" 200 74 "http://www.mink-gmbh.de/index.php" "Mozilla/5.0 (Windows NT 6.1; rv:11.0) Gecko/20100101 Firefox/11.0"
89.247.84.104 - - [20/Apr/2012:07:46:41 +0200] "GET /images/close.png HTTP/1.1" 200 703 "http://www.mink-gmbh.de/index.php" "Mozilla/5.0 (Windows NT 6.1; rv:11.0) Gecko/20100101 Firefox/11.0"
89.247.84.104 - - [20/Apr/2012:07:46:41 +0200] "GET /images/newsletter_bg.jpg HTTP/1.1" 200 33610 "http://www.mink-gmbh.de/index.php" "Mozilla/5.0 (Windows NT 6.1; rv:11.0) Gecko/20100101 Firefox/11.0"
89.247.84.104 - - [20/Apr/2012:07:46:41 +0200] "GET /images/wrapperbg.jpg HTTP/1.1" 200 27465 "http://www.mink-gmbh.de/style.css" "Mozilla/5.0 (Windows NT 6.1; rv:11.0) Gecko/20100101 Firefox/11.0"
89.247.84.104 - - [20/Apr/2012:07:46:41 +0200] "GET /images/newsletter.png HTTP/1.1" 200 14619 "http://www.mink-gmbh.de/style.css" "Mozilla/5.0 (Windows NT 6.1; rv:11.0) Gecko/20100101 Firefox/11.0"
89.247.84.104 - - [20/Apr/2012:07:46:41 +0200] "GET /images/header.jpg HTTP/1.1" 200 24413 "http://www.mink-gmbh.de/style.css" "Mozilla/5.0 (Windows NT 6.1; rv:11.0) Gecko/20100101 Firefox/11.0"
89.247.84.104 - - [20/Apr/2012:07:46:42 +0200] "GET /images/navibg.png HTTP/1.1" 200 2803 "http://www.mink-gmbh.de/style.css" "Mozilla/5.0 (Windows NT 6.1; rv:11.0) Gecko/20100101 Firefox/11.0"
89.247.84.104 - - [20/Apr/2012:07:46:42 +0200] "GET /images/steigend.png HTTP/1.1" 200 688 "http://www.mink-gmbh.de/modul.css" "Mozilla/5.0 (Windows NT 6.1; rv:11.0) Gecko/20100101 Firefox/11.0"
89.247.84.104 - - [20/Apr/2012:07:46:42 +0200] "GET /images/fallend.png HTTP/1.1" 200 713 "http://www.mink-gmbh.de/modul.css" "Mozilla/5.0 (Windows NT 6.1; rv:11.0) Gecko/20100101 Firefox/11.0"
89.247.84.104 - - [20/Apr/2012:07:46:42 +0200] "GET /images/mobil.jpg HTTP/1.1" 200 25293 "http://www.mink-gmbh.de/style.css" "Mozilla/5.0 (Windows NT 6.1; rv:11.0) Gecko/20100101 Firefox/11.0"
89.247.84.104 - - [20/Apr/2012:07:46:42 +0200] "GET /images/newsletter.jpg HTTP/1.1" 200 13130 "http://www.mink-gmbh.de/style.css" "Mozilla/5.0 (Windows NT 6.1; rv:11.0) Gecko/20100101 Firefox/11.0"
89.247.84.104 - - [20/Apr/2012:07:46:42 +0200] "GET /images/footerbg.jpg HTTP/1.1" 200 2184 "http://www.mink-gmbh.de/style.css" "Mozilla/5.0 (Windows NT 6.1; rv:11.0) Gecko/20100101 Firefox/11.0"
89.247.84.104 - - [20/Apr/2012:07:46:42 +0200] "GET /js_contentserver24_greybox/header_bg.gif HTTP/1.1" 200 1188 "http://www.mink-gmbh.de/index.php" "Mozilla/5.0 (Windows NT 6.1; rv:11.0) Gecko/20100101 Firefox/11.0"
89.247.84.104 - - [20/Apr/2012:07:46:42 +0200] "GET /js_contentserver24_greybox/g_close.gif HTTP/1.1" 200 541 "http://www.mink-gmbh.de/index.php" "Mozilla/5.0 (Windows NT 6.1; rv:11.0) Gecko/20100101 Firefox/11.0"
89.247.84.104 - - [20/Apr/2012:07:46:42 +0200] "GET /js_contentserver24_greybox/indicator.gif HTTP/1.1" 200 8238 "http://www.mink-gmbh.de/index.php" "Mozilla/5.0 (Windows NT 6.1; rv:11.0) Gecko/20100101 Firefox/11.0"
89.247.84.104 - - [20/Apr/2012:07:46:42 +0200] "GET /js_contentserver24_greybox/loader_frame.html?s=0 HTTP/1.1" 200 2084 "http://www.mink-gmbh.de/index.php" "Mozilla/5.0 (Windows NT 6.1; rv:11.0) Gecko/20100101 Firefox/11.0"
95.108.128.242 - - [20/Apr/2012:07:50:09 +0200] "GET /robots.txt HTTP/1.1" 200 177 "-" "Mozilla/5.0 (compatible; YandexBot/3.0; +http://yandex.com/bots)"
66.249.72.146 - - [20/Apr/2012:07:58:28 +0200] "GET /news.php?cs_go=archiv&cs_id=2792 HTTP/1.1" 200 9786 "-" "Mozilla/5.0 (compatible; Googlebot/2.1; +http://www.google.com/bot.html)"
66.249.66.149 - - [20/Apr/2012:08:05:58 +0200] "GET / HTTP/1.1" 200 15309 "-" "Mozilla/5.0 (iPhone; U; CPU iPhone OS 4_1 like Mac OS X; en-us) AppleWebKit/532.9 (KHTML, like Gecko) Version/4.0.5 Mobile/8B117 Safari/6531.22.7 (compatible; Googlebot-Mobile/2.1; +http://www.google.com/bot.html)"
66.249.66.149 - - [20/Apr/2012:08:20:09 +0200] "GET /news.php?cs_go=archiv&cs_id=2867 HTTP/1.1" 200 13376 "-" "Mozilla/5.0 (compatible; Googlebot/2.1; +http://www.google.com/bot.html)"
66.249.66.149 - - [20/Apr/2012:09:10:02 +0200] "GET /news.php?cs_go=archiv&cs_id=2931&cs_search= HTTP/1.1" 200 11393 "-" "Mozilla/5.0 (compatible; Googlebot/2.1; +http://www.google.com/bot.html)"
84.190.132.113 - - [20/Apr/2012:09:11:22 +0200] "GET / HTTP/1.1" 200 1519 "http://www.gelbeseiten.de/yp/122/search.yp?sessionDataString=H4sIAAAAAAAAAEWHMQ4CMQzAXsMYKUkLbZQdGBEnwYjSa06wobYLv6fbDZZtCmhMtW4gORSIWBGMK4MIp-pLop7hmKDEeDR2VSeX31Xjgcx%2FWRvfP8DmX5bW%2F5tGsendr61sHkF5Rb6j3WQ%2FU51SabIRJiAOnrH8bJ-pnohwAAAA-e-e&at=yp&kindOfSearch=tradesearch&subject=Heiz%F6le&location=Berlin&x=26&y=11&distance=-1&execute=Suchen&suggest_choose=on&rz=122" "Mozilla/5.0 (Windows; U; Windows NT 5.1; de; rv:1.9.2.25) Gecko/20111212 Firefox/3.6.25 ( .NET CLR 3.5.30729)"
66.249.72.146 - - [20/Apr/2012:09:12:12 +0200] "GET /news.php?cs_go=archiv&cs_id=2789 HTTP/1.1" 200 10487 "-" "Mozilla/5.0 (compatible; Googlebot/2.1; +http://www.google.com/bot.html)"
66.249.66.149 - - [20/Apr/2012:09:25:12 +0200] "GET /news.php?cs_go=archiv&cs_id=2864 HTTP/1.1" 200 10147 "-" "Mozilla/5.0 (compatible; Googlebot/2.1; +http://www.google.com/bot.html)"
