95.108.128.242 - - [14/Apr/2012:18:17:28 +0200] "GET /kwk.php HTTP/1.1" 200 10815 "-" "Mozilla/5.0 (compatible; YandexBot/3.0; +http://yandex.com/bots)"
66.249.66.149 - - [14/Apr/2012:18:47:54 +0200] "GET /news.php?cs_go=archiv&cs_id=518&cs_search= HTTP/1.1" 200 7819 "-" "Mozilla/5.0 (compatible; Googlebot/2.1; +http://www.google.com/bot.html)"
65.36.241.79 - - [14/Apr/2012:19:24:39 +0200] "HEAD / HTTP/1.1" 200 - "-" "InternetSeer.com"
123.125.71.34 - - [14/Apr/2012:20:34:31 +0200] "GET / HTTP/1.1" 200 8739 "-" "Mozilla/5.0 (compatible; Baiduspider/2.0; +http://www.baidu.com/search/spider.html)"
93.219.25.219 - - [14/Apr/2012:20:34:58 +0200] "GET /modul.css HTTP/1.1" 200 35038 "http://www.mink-gmbh.de/" "Mozilla/5.0 (Windows NT 6.0; rv:8.0.1) Gecko/20100101 Firefox/8.0.1"
93.219.25.219 - - [14/Apr/2012:20:34:58 +0200] "GET /style.css HTTP/1.1" 200 8418 "http://www.mink-gmbh.de/" "Mozilla/5.0 (Windows NT 6.0; rv:8.0.1) Gecko/20100101 Firefox/8.0.1"
93.219.25.219 - - [14/Apr/2012:20:34:58 +0200] "GET /favicon.ico HTTP/1.1" 200 3638 "-" "Mozilla/5.0 (Windows NT 6.0; rv:8.0.1) Gecko/20100101 Firefox/8.0.1"
93.219.25.219 - - [14/Apr/2012:20:34:58 +0200] "GET /js_contentserver24_greybox/gb_styles.css HTTP/1.1" 200 2302 "http://www.mink-gmbh.de/" "Mozilla/5.0 (Windows NT 6.0; rv:8.0.1) Gecko/20100101 Firefox/8.0.1"
93.219.25.219 - - [14/Apr/2012:20:34:58 +0200] "GET /js_contentserver24_greybox/AJS.js HTTP/1.1" 200 10396 "http://www.mink-gmbh.de/" "Mozilla/5.0 (Windows NT 6.0; rv:8.0.1) Gecko/20100101 Firefox/8.0.1"
93.219.25.219 - - [14/Apr/2012:20:34:58 +0200] "GET /js_contentserver24_greybox/AJS_fx.js HTTP/1.1" 200 3192 "http://www.mink-gmbh.de/" "Mozilla/5.0 (Windows NT 6.0; rv:8.0.1) Gecko/20100101 Firefox/8.0.1"
93.219.25.219 - - [14/Apr/2012:20:34:58 +0200] "GET /js_contentserver24_greybox/gb_scripts.js HTTP/1.1" 200 11913 "http://www.mink-gmbh.de/" "Mozilla/5.0 (Windows NT 6.0; rv:8.0.1) Gecko/20100101 Firefox/8.0.1"
93.219.25.219 - - [14/Apr/2012:20:34:59 +0200] "GET /images/bg.jpg HTTP/1.1" 200 345 "http://www.mink-gmbh.de/style.css" "Mozilla/5.0 (Windows NT 6.0; rv:8.0.1) Gecko/20100101 Firefox/8.0.1"
93.219.25.219 - - [14/Apr/2012:20:34:59 +0200] "GET /images/newsletter_bg.jpg HTTP/1.1" 200 33610 "http://www.mink-gmbh.de/" "Mozilla/5.0 (Windows NT 6.0; rv:8.0.1) Gecko/20100101 Firefox/8.0.1"
93.219.25.219 - - [14/Apr/2012:20:34:59 +0200] "GET /images/close.png HTTP/1.1" 200 703 "http://www.mink-gmbh.de/" "Mozilla/5.0 (Windows NT 6.0; rv:8.0.1) Gecko/20100101 Firefox/8.0.1"
93.219.25.219 - - [14/Apr/2012:20:34:59 +0200] "GET /images/newsletter.png HTTP/1.1" 200 14619 "http://www.mink-gmbh.de/style.css" "Mozilla/5.0 (Windows NT 6.0; rv:8.0.1) Gecko/20100101 Firefox/8.0.1"
93.219.25.219 - - [14/Apr/2012:20:34:59 +0200] "GET /js_contentserver24_greybox/w_close.gif HTTP/1.1" 200 74 "http://www.mink-gmbh.de/" "Mozilla/5.0 (Windows NT 6.0; rv:8.0.1) Gecko/20100101 Firefox/8.0.1"
93.219.25.219 - - [14/Apr/2012:20:34:59 +0200] "GET /images/wrapperbg.jpg HTTP/1.1" 200 27465 "http://www.mink-gmbh.de/style.css" "Mozilla/5.0 (Windows NT 6.0; rv:8.0.1) Gecko/20100101 Firefox/8.0.1"
93.219.25.219 - - [14/Apr/2012:20:34:59 +0200] "GET /images/header.jpg HTTP/1.1" 200 24413 "http://www.mink-gmbh.de/style.css" "Mozilla/5.0 (Windows NT 6.0; rv:8.0.1) Gecko/20100101 Firefox/8.0.1"
93.219.25.219 - - [14/Apr/2012:20:34:59 +0200] "GET /images/navibg.png HTTP/1.1" 200 2803 "http://www.mink-gmbh.de/style.css" "Mozilla/5.0 (Windows NT 6.0; rv:8.0.1) Gecko/20100101 Firefox/8.0.1"
93.219.25.219 - - [14/Apr/2012:20:34:59 +0200] "GET /images/gleichbleibend.png HTTP/1.1" 200 534 "http://www.mink-gmbh.de/modul.css" "Mozilla/5.0 (Windows NT 6.0; rv:8.0.1) Gecko/20100101 Firefox/8.0.1"
93.219.25.219 - - [14/Apr/2012:20:34:59 +0200] "GET /images/steigend.png HTTP/1.1" 200 688 "http://www.mink-gmbh.de/modul.css" "Mozilla/5.0 (Windows NT 6.0; rv:8.0.1) Gecko/20100101 Firefox/8.0.1"
93.219.25.219 - - [14/Apr/2012:20:34:59 +0200] "GET /js_contentserver24_greybox/loader_frame.html?s=0 HTTP/1.1" 200 2084 "http://www.mink-gmbh.de/" "Mozilla/5.0 (Windows NT 6.0; rv:8.0.1) Gecko/20100101 Firefox/8.0.1"
93.219.25.219 - - [14/Apr/2012:20:34:59 +0200] "GET /js_contentserver24_greybox/header_bg.gif HTTP/1.1" 200 1188 "http://www.mink-gmbh.de/" "Mozilla/5.0 (Windows NT 6.0; rv:8.0.1) Gecko/20100101 Firefox/8.0.1"
93.219.25.219 - - [14/Apr/2012:20:34:59 +0200] "GET /js_contentserver24_greybox/indicator.gif HTTP/1.1" 200 8238 "http://www.mink-gmbh.de/js_contentserver24_greybox/loader_frame.html?s=0" "Mozilla/5.0 (Windows NT 6.0; rv:8.0.1) Gecko/20100101 Firefox/8.0.1"
93.219.25.219 - - [14/Apr/2012:20:34:59 +0200] "GET /images/tkw.jpg HTTP/1.1" 200 64031 "http://www.mink-gmbh.de/" "Mozilla/5.0 (Windows NT 6.0; rv:8.0.1) Gecko/20100101 Firefox/8.0.1"
93.219.25.219 - - [14/Apr/2012:20:34:58 +0200] "GET / HTTP/1.1" 200 15342 "http://www.google.de/url?sa=t&rct=j&q=heiz%C3%B6lpreis%20mink&source=web&cd=1&sqi=2&ved=0CDQQFjAA&url=http%3A%2F%2Fwww.mink-gmbh.de%2F&ei=S8OJT8HaDI3FtAau_OHQCw&usg=AFQjCNFHX4Iglls9oo-KYXTmDUV_5KOVIg" "Mozilla/5.0 (Windows NT 6.0; rv:8.0.1) Gecko/20100101 Firefox/8.0.1"
93.219.25.219 - - [14/Apr/2012:20:34:59 +0200] "GET /images/newsletter.jpg HTTP/1.1" 200 13130 "http://www.mink-gmbh.de/style.css" "Mozilla/5.0 (Windows NT 6.0; rv:8.0.1) Gecko/20100101 Firefox/8.0.1"
93.219.25.219 - - [14/Apr/2012:20:34:59 +0200] "GET /images/mobil.jpg HTTP/1.1" 200 25293 "http://www.mink-gmbh.de/style.css" "Mozilla/5.0 (Windows NT 6.0; rv:8.0.1) Gecko/20100101 Firefox/8.0.1"
93.219.25.219 - - [14/Apr/2012:20:34:59 +0200] "GET /images/kwk.gif HTTP/1.1" 200 6403 "http://www.mink-gmbh.de/" "Mozilla/5.0 (Windows NT 6.0; rv:8.0.1) Gecko/20100101 Firefox/8.0.1"
93.219.25.219 - - [14/Apr/2012:20:34:59 +0200] "GET /images/wunschpreis.jpg HTTP/1.1" 200 16767 "http://www.mink-gmbh.de/" "Mozilla/5.0 (Windows NT 6.0; rv:8.0.1) Gecko/20100101 Firefox/8.0.1"
93.219.25.219 - - [14/Apr/2012:20:34:59 +0200] "GET /images/freecall.jpg HTTP/1.1" 200 39195 "http://www.mink-gmbh.de/" "Mozilla/5.0 (Windows NT 6.0; rv:8.0.1) Gecko/20100101 Firefox/8.0.1"
93.219.25.219 - - [14/Apr/2012:20:34:59 +0200] "GET /images/mail.jpg HTTP/1.1" 200 11165 "http://www.mink-gmbh.de/" "Mozilla/5.0 (Windows NT 6.0; rv:8.0.1) Gecko/20100101 Firefox/8.0.1"
93.219.25.219 - - [14/Apr/2012:20:34:59 +0200] "GET /images/logos.jpg HTTP/1.1" 200 15002 "http://www.mink-gmbh.de/" "Mozilla/5.0 (Windows NT 6.0; rv:8.0.1) Gecko/20100101 Firefox/8.0.1"
93.219.25.219 - - [14/Apr/2012:20:35:00 +0200] "GET /images/footerbg.jpg HTTP/1.1" 200 2184 "http://www.mink-gmbh.de/style.css" "Mozilla/5.0 (Windows NT 6.0; rv:8.0.1) Gecko/20100101 Firefox/8.0.1"
93.219.25.219 - - [14/Apr/2012:20:35:00 +0200] "GET /js_contentserver24_greybox/g_close.gif HTTP/1.1" 200 541 "http://www.mink-gmbh.de/" "Mozilla/5.0 (Windows NT 6.0; rv:8.0.1) Gecko/20100101 Firefox/8.0.1"
220.181.108.94 - - [14/Apr/2012:20:35:09 +0200] "GET / HTTP/1.1" 200 8739 "-" "Mozilla/5.0 (compatible; Baiduspider/2.0; +http://www.baidu.com/search/spider.html)"
130.83.167.153 - - [14/Apr/2012:21:32:25 +0200] "GET /robots.txt HTTP/1.1" 200 177 "-" "findlinks/2.1.5 (+http://wortschatz.uni-leipzig.de/findlinks/)"
66.249.66.149 - - [14/Apr/2012:22:56:41 +0200] "GET /robots.txt HTTP/1.1" 200 177 "-" "Mozilla/5.0 (compatible; Googlebot/2.1; +http://www.google.com/bot.html)"
66.249.71.12 - - [14/Apr/2012:22:56:41 +0200] "GET /news.php?cs_go=archiv&cs_id=2934&cs_search= HTTP/1.1" 200 13527 "-" "Mozilla/5.0 (iPhone; U; CPU iPhone OS 4_1 like Mac OS X; en-us) AppleWebKit/532.9 (KHTML, like Gecko) Version/4.0.5 Mobile/8B117 Safari/6531.22.7 (compatible; Googlebot-Mobile/2.1; +http://www.google.com/bot.html)"
95.108.128.242 - - [14/Apr/2012:23:27:06 +0200] "GET /news.php HTTP/1.1" 200 22294 "-" "Mozilla/5.0 (compatible; YandexBot/3.0; +http://yandex.com/bots)"
65.36.241.79 - - [14/Apr/2012:23:57:55 +0200] "HEAD / HTTP/1.1" 200 - "-" "InternetSeer.com"
123.125.71.27 - - [15/Apr/2012:00:33:06 +0200] "GET / HTTP/1.1" 200 8739 "-" "Mozilla/5.0 (compatible; Baiduspider/2.0; +http://www.baidu.com/search/spider.html)"
220.181.108.93 - - [15/Apr/2012:00:33:40 +0200] "GET / HTTP/1.1" 200 8739 "-" "Mozilla/5.0 (compatible; Baiduspider/2.0; +http://www.baidu.com/search/spider.html)"
123.125.71.91 - - [15/Apr/2012:01:00:31 +0200] "GET / HTTP/1.1" 200 15342 "-" "Mozilla/5.0 (compatible; Baiduspider/2.0; +http://www.baidu.com/search/spider.html)"
123.125.71.85 - - [15/Apr/2012:01:04:21 +0200] "GET /modul.css HTTP/1.1" 200 35038 "-" "Mozilla/5.0 (compatible; Baiduspider/2.0; +http://www.baidu.com/search/spider.html)"
123.125.71.96 - - [15/Apr/2012:01:08:23 +0200] "GET /newsletter.php HTTP/1.1" 200 8839 "-" "Mozilla/5.0 (compatible; Baiduspider/2.0; +http://www.baidu.com/search/spider.html)"
123.125.71.55 - - [15/Apr/2012:01:15:55 +0200] "GET /news.php?cs_go=archiv HTTP/1.1" 200 22294 "-" "Mozilla/5.0 (compatible; Baiduspider/2.0; +http://www.baidu.com/search/spider.html)"
123.125.71.85 - - [15/Apr/2012:01:19:44 +0200] "GET /news.php?cs_go=archiv&cs_id=2970 HTTP/1.1" 200 12217 "-" "Mozilla/5.0 (compatible; Baiduspider/2.0; +http://www.baidu.com/search/spider.html)"
123.125.71.102 - - [15/Apr/2012:01:23:34 +0200] "GET /kontakt.php HTTP/1.1" 200 9127 "-" "Mozilla/5.0 (compatible; Baiduspider/2.0; +http://www.baidu.com/search/spider.html)"
123.125.71.50 - - [15/Apr/2012:01:27:24 +0200] "GET /preisanfrage.php HTTP/1.1" 200 10636 "-" "Mozilla/5.0 (compatible; Baiduspider/2.0; +http://www.baidu.com/search/spider.html)"
123.125.71.78 - - [15/Apr/2012:01:31:14 +0200] "GET /style.css HTTP/1.1" 200 8418 "-" "Mozilla/5.0 (compatible; Baiduspider/2.0; +http://www.baidu.com/search/spider.html)"
123.125.71.77 - - [15/Apr/2012:01:35:10 +0200] "GET /news.php?cs_go=archiv&cs_id=2990 HTTP/1.1" 200 13419 "-" "Mozilla/5.0 (compatible; Baiduspider/2.0; +http://www.baidu.com/search/spider.html)"
123.125.71.97 - - [15/Apr/2012:01:38:57 +0200] "GET /optiplus.php HTTP/1.1" 200 11011 "-" "Mozilla/5.0 (compatible; Baiduspider/2.0; +http://www.baidu.com/search/spider.html)"
123.125.71.95 - - [15/Apr/2012:01:42:47 +0200] "GET /news.php?cs_go=archiv&cs_id=2969 HTTP/1.1" 200 10694 "-" "Mozilla/5.0 (compatible; Baiduspider/2.0; +http://www.baidu.com/search/spider.html)"
123.125.71.112 - - [15/Apr/2012:01:46:37 +0200] "GET /standard.php HTTP/1.1" 200 9150 "-" "Mozilla/5.0 (compatible; Baiduspider/2.0; +http://www.baidu.com/search/spider.html)"
123.125.71.74 - - [15/Apr/2012:01:50:28 +0200] "GET /impressum.php HTTP/1.1" 200 8944 "-" "Mozilla/5.0 (compatible; Baiduspider/2.0; +http://www.baidu.com/search/spider.html)"
123.125.71.72 - - [15/Apr/2012:01:54:21 +0200] "GET /news.php HTTP/1.1" 200 22294 "-" "Mozilla/5.0 (compatible; Baiduspider/2.0; +http://www.baidu.com/search/spider.html)"
123.125.71.45 - - [15/Apr/2012:01:58:09 +0200] "GET /agb.php HTTP/1.1" 200 19709 "-" "Mozilla/5.0 (compatible; Baiduspider/2.0; +http://www.baidu.com/search/spider.html)"
123.125.71.55 - - [15/Apr/2012:02:02:03 +0200] "GET /js_contentserver24_greybox/gb_styles.css HTTP/1.1" 200 2302 "-" "Mozilla/5.0 (compatible; Baiduspider/2.0; +http://www.baidu.com/search/spider.html)"
123.125.71.52 - - [15/Apr/2012:02:05:53 +0200] "GET /index.php HTTP/1.1" 200 15342 "-" "Mozilla/5.0 (compatible; Baiduspider/2.0; +http://www.baidu.com/search/spider.html)"
123.125.71.60 - - [15/Apr/2012:02:05:55 +0200] "GET / HTTP/1.1" 200 15342 "-" "Mozilla/5.0 (compatible; Baiduspider/2.0; +http://www.baidu.com/search/spider.html)"
123.125.71.53 - - [15/Apr/2012:02:09:43 +0200] "GET /news.php?cs_go=archiv&cs_id=2988 HTTP/1.1" 200 10022 "-" "Mozilla/5.0 (compatible; Baiduspider/2.0; +http://www.baidu.com/search/spider.html)"
123.125.71.108 - - [15/Apr/2012:02:13:33 +0200] "GET /rueckrufservice.php HTTP/1.1" 200 10702 "-" "Mozilla/5.0 (compatible; Baiduspider/2.0; +http://www.baidu.com/search/spider.html)"
95.108.128.242 - - [15/Apr/2012:02:20:01 +0200] "GET /faq.php HTTP/1.1" 200 185671 "-" "Mozilla/5.0 (compatible; YandexBot/3.0; +http://yandex.com/bots)"
123.125.71.51 - - [15/Apr/2012:02:22:11 +0200] "GET / HTTP/1.1" 200 15342 "-" "Mozilla/5.0 (compatible; Baiduspider/2.0; +http://www.baidu.com/search/spider.html)"
208.115.111.75 - - [15/Apr/2012:03:16:35 +0200] "GET /robots.txt HTTP/1.1" 200 177 "-" "Mozilla/5.0 (compatible; Ezooms/1.0; ezooms.bot@gmail.com)"
46.4.19.85 - - [15/Apr/2012:03:46:00 +0200] "GET /robots.txt HTTP/1.1" 200 177 "-" "Pixray-Seeker/1.1 (Pixray-Seeker; http://www.pixray.com/pixraybot; crawler@pixray.com)"
46.4.19.85 - - [15/Apr/2012:03:46:01 +0200] "GET /news.php?cs_go=archiv&cs_id=2932&cs_search= HTTP/1.1" 200 13371 "-" "Pixray-Seeker/1.1 (Pixray-Seeker; http://www.pixray.com/pixraybot; crawler@pixray.com)"
46.4.19.85 - - [15/Apr/2012:03:47:14 +0200] "GET /news.php?cs_go=archiv&cs_id=2935&cs_search= HTTP/1.1" 200 13246 "-" "Pixray-Seeker/1.1 (Pixray-Seeker; http://www.pixray.com/pixraybot; crawler@pixray.com)"
46.4.19.85 - - [15/Apr/2012:03:48:25 +0200] "GET /news.php?cs_go=archiv&cs_id=2930&cs_search= HTTP/1.1" 200 15566 "-" "Pixray-Seeker/1.1 (Pixray-Seeker; http://www.pixray.com/pixraybot; crawler@pixray.com)"
46.4.19.85 - - [15/Apr/2012:03:49:07 +0200] "GET /news.php?cs_go=archiv&cs_id=2928&cs_search= HTTP/1.1" 200 9622 "-" "Pixray-Seeker/1.1 (Pixray-Seeker; http://www.pixray.com/pixraybot; crawler@pixray.com)"
201.81.172.49 - - [15/Apr/2012:03:49:51 +0200] "GET /images/logos.jpg HTTP/1.1" 200 15002 "http://www.vebidoo.de/c/minke+berlin" "Mozilla/5.0 (Linux; U; Android 3.0.1; en-us; GT-P7100 Build/HRI83) AppleWebKit/534.13 (KHTML, like Gecko) Version/4.0 Safari/534.13"
201.81.172.49 - - [15/Apr/2012:03:49:51 +0200] "GET /images/tkw.jpg HTTP/1.1" 200 64031 "http://www.vebidoo.de/c/minke+berlin" "Mozilla/5.0 (Linux; U; Android 3.0.1; en-us; GT-P7100 Build/HRI83) AppleWebKit/534.13 (KHTML, like Gecko) Version/4.0 Safari/534.13"
66.249.71.12 - - [15/Apr/2012:04:22:09 +0200] "GET /robots.txt HTTP/1.1" 200 177 "-" "Mozilla/5.0 (compatible; Googlebot/2.1; +http://www.google.com/bot.html)"
66.249.71.12 - - [15/Apr/2012:04:22:09 +0200] "GET /news.php?cs_go=archiv&cs_id=2915&cs_search= HTTP/1.1" 200 11194 "-" "Mozilla/5.0 (compatible; Googlebot/2.1; +http://www.google.com/bot.html)"
65.36.241.79 - - [15/Apr/2012:04:35:10 +0200] "HEAD / HTTP/1.1" 200 - "-" "InternetSeer.com"
66.249.66.149 - - [15/Apr/2012:04:35:51 +0200] "GET /news.php?cs_go=archiv&cs_id=2918&cs_search= HTTP/1.1" 200 13467 "-" "Mozilla/5.0 (compatible; Googlebot/2.1; +http://www.google.com/bot.html)"
66.249.66.149 - - [15/Apr/2012:04:49:33 +0200] "GET /news.php?cs_go=archiv&cs_id=2801&cs_search= HTTP/1.1" 200 10053 "-" "Mozilla/5.0 (compatible; Googlebot/2.1; +http://www.google.com/bot.html)"
66.249.66.149 - - [15/Apr/2012:04:51:05 +0200] "GET /news.php?cs_go=archiv&cs_id=2917&cs_search= HTTP/1.1" 200 9940 "-" "Mozilla/5.0 (compatible; Googlebot/2.1; +http://www.google.com/bot.html)"
46.4.125.109 - - [15/Apr/2012:05:09:13 +0200] "GET /robots.txt HTTP/1.1" 200 177 "-" "Pixray-Seeker/1.1 (Pixray-Seeker; http://www.pixray.com/pixraybot; crawler@pixray.com)"
46.4.125.109 - - [15/Apr/2012:05:09:13 +0200] "GET /robots.txt HTTP/1.1" 200 177 "-" "Pixray-Seeker/1.1 (Pixray-Seeker; http://www.pixray.com/pixraybot; crawler@pixray.com)"
46.4.125.109 - - [15/Apr/2012:05:09:13 +0200] "GET /news.php?cs_go=archiv&cs_id=2929&cs_search= HTTP/1.1" 200 12021 "-" "Pixray-Seeker/1.1 (Pixray-Seeker; http://www.pixray.com/pixraybot; crawler@pixray.com)"
46.4.125.109 - - [15/Apr/2012:05:09:13 +0200] "GET /news.php?cs_go=archiv&cs_id=2933&cs_search= HTTP/1.1" 200 9862 "-" "Pixray-Seeker/1.1 (Pixray-Seeker; http://www.pixray.com/pixraybot; crawler@pixray.com)"
46.4.125.109 - - [15/Apr/2012:05:10:02 +0200] "GET /news.php?cs_go=archiv&cs_startpos=31 HTTP/1.1" 200 22769 "-" "Pixray-Seeker/1.1 (Pixray-Seeker; http://www.pixray.com/pixraybot; crawler@pixray.com)"
46.4.125.109 - - [15/Apr/2012:05:10:54 +0200] "GET /news.php?cs_go=archiv&cs_id=2936&cs_search= HTTP/1.1" 200 9678 "-" "Pixray-Seeker/1.1 (Pixray-Seeker; http://www.pixray.com/pixraybot; crawler@pixray.com)"
46.4.125.109 - - [15/Apr/2012:05:11:31 +0200] "GET /news.php?cs_go=archiv&cs_id=2927&cs_search= HTTP/1.1" 200 13689 "-" "Pixray-Seeker/1.1 (Pixray-Seeker; http://www.pixray.com/pixraybot; crawler@pixray.com)"
66.249.66.149 - - [15/Apr/2012:05:13:55 +0200] "GET /news.php?cs_go=archiv&cs_id=2768&cs_search= HTTP/1.1" 200 12280 "-" "Mozilla/5.0 (compatible; Googlebot/2.1; +http://www.google.com/bot.html)"
208.115.111.75 - - [15/Apr/2012:05:37:09 +0200] "GET /news.php?cs_go=archiv&cs_startpos=1040 HTTP/1.1" 200 22879 "-" "Mozilla/5.0 (compatible; Ezooms/1.0; ezooms.bot@gmail.com)"
77.20.154.156 - - [15/Apr/2012:06:31:42 +0200] "GET /diesel.php HTTP/1.1" 200 8503 "-" "findlinks/2.0.2 (+http://wortschatz.uni-leipzig.de/findlinks/)"
77.20.154.156 - - [15/Apr/2012:06:31:42 +0200] "GET /diesel.php HTTP/1.1" 200 10484 "-" "findlinks/2.0.2 (+http://wortschatz.uni-leipzig.de/findlinks/)"
46.4.119.231 - - [15/Apr/2012:06:37:32 +0200] "GET /robots.txt HTTP/1.1" 200 177 "-" "Pixray-Seeker/1.1 (Pixray-Seeker; http://www.pixray.com/pixraybot; crawler@pixray.com)"
46.4.119.231 - - [15/Apr/2012:06:37:32 +0200] "GET /news.php?cs_go=archiv&cs_id=2934&cs_search= HTTP/1.1" 200 13527 "-" "Pixray-Seeker/1.1 (Pixray-Seeker; http://www.pixray.com/pixraybot; crawler@pixray.com)"
46.4.23.78 - - [15/Apr/2012:06:39:22 +0200] "GET / HTTP/1.1" 200 15342 "http://www.webwiki.de/www.mink-gmbh.de" "Mozilla/5.0 (Windows NT 6.1; WOW64; rv:7.0.1) Gecko/20100101 Firefox/7.0.1"
46.4.23.78 - - [15/Apr/2012:06:39:23 +0200] "GET /robots.txt HTTP/1.1" 200 177 "" "Mozilla/5.0 (Windows NT 6.1; WOW64; rv:7.0.1) Gecko/20100101 Firefox/7.0.1"
46.4.119.231 - - [15/Apr/2012:06:40:05 +0200] "GET /news.php?cs_go=archiv&cs_id=2931&cs_search= HTTP/1.1" 200 11306 "-" "Pixray-Seeker/1.1 (Pixray-Seeker; http://www.pixray.com/pixraybot; crawler@pixray.com)"
77.20.154.156 - - [15/Apr/2012:06:41:20 +0200] "GET /news.php?cs_go=archiv&cs_id=2951 HTTP/1.1" 200 9928 "-" "findlinks/2.0.2 (+http://wortschatz.uni-leipzig.de/findlinks/)"
77.20.154.156 - - [15/Apr/2012:06:41:21 +0200] "GET /news.php?cs_go=archiv&cs_id=2951 HTTP/1.1" 200 9841 "-" "findlinks/2.0.2 (+http://wortschatz.uni-leipzig.de/findlinks/)"
123.125.71.115 - - [15/Apr/2012:07:00:13 +0200] "GET /robots.txt HTTP/1.1" 200 177 "-" "Mozilla/5.0 (compatible; Baiduspider/2.0; +http://www.baidu.com/search/spider.html)"
139.18.2.209 - - [15/Apr/2012:07:33:35 +0200] "GET /preisanfrage.php HTTP/1.1" 200 10636 "-" "findlinks/2.2 (+http://wortschatz.uni-leipzig.de/findlinks/)"
139.18.2.209 - - [15/Apr/2012:07:33:35 +0200] "GET /preisanfrage.php HTTP/1.1" 200 10549 "-" "findlinks/2.2 (+http://wortschatz.uni-leipzig.de/findlinks/)"
46.21.144.176 - - [15/Apr/2012:07:53:25 +0200] "GET / HTTP/1.1" 200 15342 "-" "Mozilla/4.0 (compatible; MSIE 6.0; Windows NT 5.1; SV1)"
95.108.128.242 - - [15/Apr/2012:08:00:29 +0200] "GET /agb.php HTTP/1.1" 200 19709 "-" "Mozilla/5.0 (compatible; YandexBot/3.0; +http://yandex.com/bots)"
76.72.167.162 - - [15/Apr/2012:08:21:16 +0200] "GET /robots.txt HTTP/1.0" 200 177 "-" "Mozilla/5.0 (compatible; MJ12bot/v1.4.2; http://www.majestic12.co.uk/bot.php?+)"
76.72.167.162 - - [15/Apr/2012:08:21:17 +0200] "GET / HTTP/1.0" 200 15342 "-" "Mozilla/5.0 (compatible; MJ12bot/v1.4.2; http://www.majestic12.co.uk/bot.php?+)"
83.133.125.202 - - [15/Apr/2012:08:30:12 +0200] "GET / HTTP/1.1" 200 1519 "http://www.sumaja.de/?such_wert=berlin" "Mozilla/5.0 (Windows; U; Windows NT 5.1; de; rv:1.9.0.12) Gecko/2009070611 Firefox/3.0.12 GTB7.1 (.NET CLR 3.5.30729)"
207.46.204.240 - - [15/Apr/2012:08:56:45 +0200] "GET /robots.txt HTTP/1.1" 200 177 "-" "Mozilla/5.0 (compatible; bingbot/2.0; +http://www.bing.com/bingbot.htm)"
207.46.204.240 - - [15/Apr/2012:08:57:37 +0200] "GET / HTTP/1.1" 200 15342 "-" "Mozilla/5.0 (compatible; bingbot/2.0; +http://www.bing.com/bingbot.htm)"
65.36.241.79 - - [15/Apr/2012:09:32:06 +0200] "HEAD / HTTP/1.1" 200 - "-" "InternetSeer.com"
208.115.113.91 - - [15/Apr/2012:10:02:02 +0200] "GET /robots.txt HTTP/1.1" 200 177 "-" "Mozilla/5.0 (compatible; Ezooms/1.0; ezooms.bot@gmail.com)"
85.19.205.124 - - [15/Apr/2012:10:48:35 +0200] "GET /robots.txt HTTP/1.0" 200 177 "-" "Mozilla/5.0 (compatible; MJ12bot/v1.4.2; http://www.majestic12.co.uk/bot.php?+)"
85.19.205.124 - - [15/Apr/2012:10:48:37 +0200] "GET /agb.php HTTP/1.0" 200 19709 "-" "Mozilla/5.0 (compatible; MJ12bot/v1.4.2; http://www.majestic12.co.uk/bot.php?+)"
85.19.205.124 - - [15/Apr/2012:10:48:44 +0200] "GET /news.php?cs_go=archiv&cs_id=2678 HTTP/1.0" 200 9971 "-" "Mozilla/5.0 (compatible; MJ12bot/v1.4.2; http://www.majestic12.co.uk/bot.php?+)"
85.19.205.124 - - [15/Apr/2012:10:48:48 +0200] "GET /news.php?cs_go=archiv&cs_id=2679 HTTP/1.0" 200 10667 "-" "Mozilla/5.0 (compatible; MJ12bot/v1.4.2; http://www.majestic12.co.uk/bot.php?+)"
85.19.205.124 - - [15/Apr/2012:10:48:52 +0200] "GET /news.php?cs_go=archiv&cs_id=2680 HTTP/1.0" 200 13613 "-" "Mozilla/5.0 (compatible; MJ12bot/v1.4.2; http://www.majestic12.co.uk/bot.php?+)"
85.19.205.124 - - [15/Apr/2012:10:48:57 +0200] "GET /news.php?cs_go=archiv&cs_id=2681 HTTP/1.0" 200 10154 "-" "Mozilla/5.0 (compatible; MJ12bot/v1.4.2; http://www.majestic12.co.uk/bot.php?+)"
85.19.205.124 - - [15/Apr/2012:10:49:02 +0200] "GET /news.php?cs_go=archiv&cs_id=2682 HTTP/1.0" 200 10584 "-" "Mozilla/5.0 (compatible; MJ12bot/v1.4.2; http://www.majestic12.co.uk/bot.php?+)"
85.19.205.124 - - [15/Apr/2012:10:49:06 +0200] "GET /news.php?cs_go=archiv&cs_id=2683 HTTP/1.0" 200 13555 "-" "Mozilla/5.0 (compatible; MJ12bot/v1.4.2; http://www.majestic12.co.uk/bot.php?+)"
85.19.205.124 - - [15/Apr/2012:10:49:11 +0200] "GET /news.php?cs_go=archiv&cs_id=2684 HTTP/1.0" 200 10001 "-" "Mozilla/5.0 (compatible; MJ12bot/v1.4.2; http://www.majestic12.co.uk/bot.php?+)"
85.19.205.124 - - [15/Apr/2012:10:49:14 +0200] "GET /news.php?cs_go=archiv&cs_id=2685 HTTP/1.0" 200 9646 "-" "Mozilla/5.0 (compatible; MJ12bot/v1.4.2; http://www.majestic12.co.uk/bot.php?+)"
85.19.205.124 - - [15/Apr/2012:10:49:19 +0200] "GET /news.php?cs_go=archiv&cs_id=2686 HTTP/1.0" 200 10124 "-" "Mozilla/5.0 (compatible; MJ12bot/v1.4.2; http://www.majestic12.co.uk/bot.php?+)"
85.19.205.124 - - [15/Apr/2012:10:49:22 +0200] "GET /news.php?cs_go=archiv&cs_id=2687 HTTP/1.0" 200 10244 "-" "Mozilla/5.0 (compatible; MJ12bot/v1.4.2; http://www.majestic12.co.uk/bot.php?+)"
85.19.205.124 - - [15/Apr/2012:10:49:26 +0200] "GET /news.php?cs_go=archiv&cs_id=2688 HTTP/1.0" 200 13852 "-" "Mozilla/5.0 (compatible; MJ12bot/v1.4.2; http://www.majestic12.co.uk/bot.php?+)"
85.19.205.124 - - [15/Apr/2012:10:49:31 +0200] "GET /news.php?cs_go=archiv&cs_id=2689 HTTP/1.0" 200 10303 "-" "Mozilla/5.0 (compatible; MJ12bot/v1.4.2; http://www.majestic12.co.uk/bot.php?+)"
85.19.205.124 - - [15/Apr/2012:10:49:34 +0200] "GET /news.php?cs_go=archiv&cs_id=2690 HTTP/1.0" 200 10405 "-" "Mozilla/5.0 (compatible; MJ12bot/v1.4.2; http://www.majestic12.co.uk/bot.php?+)"
85.19.205.124 - - [15/Apr/2012:10:49:38 +0200] "GET /news.php?cs_go=archiv&cs_id=2691 HTTP/1.0" 200 13867 "-" "Mozilla/5.0 (compatible; MJ12bot/v1.4.2; http://www.majestic12.co.uk/bot.php?+)"
208.115.113.91 - - [15/Apr/2012:11:32:31 +0200] "GET /news.php?cs_go=archiv&cs_id=2716 HTTP/1.1" 200 13396 "-" "Mozilla/5.0 (compatible; Ezooms/1.0; ezooms.bot@gmail.com)"
208.115.113.91 - - [15/Apr/2012:11:32:36 +0200] "GET /news.php?cs_go=archiv&cs_id=2738&cs_search= HTTP/1.1" 200 11500 "-" "Mozilla/5.0 (compatible; Ezooms/1.0; ezooms.bot@gmail.com)"
95.108.128.242 - - [15/Apr/2012:12:55:42 +0200] "GET /robots.txt HTTP/1.1" 200 177 "-" "Mozilla/5.0 (compatible; YandexBot/3.0; +http://yandex.com/bots)"
65.52.108.145 - - [15/Apr/2012:13:00:22 +0200] "GET /robots.txt HTTP/1.1" 200 177 "-" "Mozilla/5.0 (compatible; bingbot/2.0; +http://www.bing.com/bingbot.htm)"
65.52.108.145 - - [15/Apr/2012:13:01:06 +0200] "GET /preisanfrage.php HTTP/1.1" 200 10636 "-" "Mozilla/5.0 (compatible; bingbot/2.0; +http://www.bing.com/bingbot.htm)"
66.249.66.149 - - [15/Apr/2012:13:59:06 +0200] "GET /news.php HTTP/1.1" 200 22272 "-" "Mozilla/5.0 (compatible; Googlebot/2.1; +http://www.google.com/bot.html)"
66.249.71.12 - - [15/Apr/2012:14:42:40 +0200] "GET /news.php?cs_go=archiv&cs_id=2971&cs_search= HTTP/1.1" 200 12194 "-" "Mozilla/5.0 (compatible; Googlebot/2.1; +http://www.google.com/bot.html)"
66.249.71.12 - - [15/Apr/2012:14:54:34 +0200] "GET / HTTP/1.1" 200 15339 "-" "DoCoMo/2.0 N905i(c100;TB;W24H16) (compatible; Googlebot-Mobile/2.1; +http://www.google.com/bot.html)"
65.36.241.79 - - [15/Apr/2012:15:19:52 +0200] "HEAD / HTTP/1.1" 200 - "-" "InternetSeer.com"
66.249.71.12 - - [15/Apr/2012:15:24:00 +0200] "GET /news.php HTTP/1.1" 200 22272 "-" "Mozilla/5.0 (iPhone; U; CPU iPhone OS 4_1 like Mac OS X; en-us) AppleWebKit/532.9 (KHTML, like Gecko) Version/4.0.5 Mobile/8B117 Safari/6531.22.7 (compatible; Googlebot-Mobile/2.1; +http://www.google.com/bot.html)"
217.249.156.149 - - [15/Apr/2012:16:01:59 +0200] "GET /kwk.php HTTP/1.1" 200 8751 "-" "findlinks/2.0.2 (+http://wortschatz.uni-leipzig.de/findlinks/)"
217.249.156.149 - - [15/Apr/2012:16:02:00 +0200] "GET /kwk.php HTTP/1.1" 200 10728 "-" "findlinks/2.0.2 (+http://wortschatz.uni-leipzig.de/findlinks/)"
89.247.111.166 - - [15/Apr/2012:16:24:04 +0200] "GET /style.css HTTP/1.1" 200 8418 "http://www.mink-gmbh.de/index.php" "Mozilla/5.0 (Windows NT 6.1; rv:11.0) Gecko/20100101 Firefox/11.0"
89.247.111.166 - - [15/Apr/2012:16:24:04 +0200] "GET /modul.css HTTP/1.1" 200 35038 "http://www.mink-gmbh.de/index.php" "Mozilla/5.0 (Windows NT 6.1; rv:11.0) Gecko/20100101 Firefox/11.0"
89.247.111.166 - - [15/Apr/2012:16:24:04 +0200] "GET /favicon.ico HTTP/1.1" 200 3638 "-" "Mozilla/5.0 (Windows NT 6.1; rv:11.0) Gecko/20100101 Firefox/11.0"
89.247.111.166 - - [15/Apr/2012:16:24:04 +0200] "GET /js_contentserver24_greybox/gb_styles.css HTTP/1.1" 200 2302 "http://www.mink-gmbh.de/index.php" "Mozilla/5.0 (Windows NT 6.1; rv:11.0) Gecko/20100101 Firefox/11.0"
89.247.111.166 - - [15/Apr/2012:16:24:04 +0200] "GET /js_contentserver24_greybox/AJS.js HTTP/1.1" 200 10396 "http://www.mink-gmbh.de/index.php" "Mozilla/5.0 (Windows NT 6.1; rv:11.0) Gecko/20100101 Firefox/11.0"
89.247.111.166 - - [15/Apr/2012:16:24:04 +0200] "GET /js_contentserver24_greybox/AJS_fx.js HTTP/1.1" 200 3192 "http://www.mink-gmbh.de/index.php" "Mozilla/5.0 (Windows NT 6.1; rv:11.0) Gecko/20100101 Firefox/11.0"
89.247.111.166 - - [15/Apr/2012:16:24:04 +0200] "GET /js_contentserver24_greybox/gb_scripts.js HTTP/1.1" 200 11913 "http://www.mink-gmbh.de/index.php" "Mozilla/5.0 (Windows NT 6.1; rv:11.0) Gecko/20100101 Firefox/11.0"
89.247.111.166 - - [15/Apr/2012:16:24:04 +0200] "GET /index.php HTTP/1.1" 200 15339 "-" "Mozilla/5.0 (Windows NT 6.1; rv:11.0) Gecko/20100101 Firefox/11.0"
89.247.111.166 - - [15/Apr/2012:16:24:04 +0200] "GET /images/freecall.jpg HTTP/1.1" 200 39195 "http://www.mink-gmbh.de/index.php" "Mozilla/5.0 (Windows NT 6.1; rv:11.0) Gecko/20100101 Firefox/11.0"
89.247.111.166 - - [15/Apr/2012:16:24:05 +0200] "GET /images/mail.jpg HTTP/1.1" 200 11165 "http://www.mink-gmbh.de/index.php" "Mozilla/5.0 (Windows NT 6.1; rv:11.0) Gecko/20100101 Firefox/11.0"
89.247.111.166 - - [15/Apr/2012:16:24:05 +0200] "GET /images/kwk.gif HTTP/1.1" 200 6403 "http://www.mink-gmbh.de/index.php" "Mozilla/5.0 (Windows NT 6.1; rv:11.0) Gecko/20100101 Firefox/11.0"
89.247.111.166 - - [15/Apr/2012:16:24:05 +0200] "GET /images/wunschpreis.jpg HTTP/1.1" 200 16767 "http://www.mink-gmbh.de/index.php" "Mozilla/5.0 (Windows NT 6.1; rv:11.0) Gecko/20100101 Firefox/11.0"
89.247.111.166 - - [15/Apr/2012:16:24:05 +0200] "GET /images/logos.jpg HTTP/1.1" 200 15002 "http://www.mink-gmbh.de/index.php" "Mozilla/5.0 (Windows NT 6.1; rv:11.0) Gecko/20100101 Firefox/11.0"
89.247.111.166 - - [15/Apr/2012:16:24:04 +0200] "GET /images/tkw.jpg HTTP/1.1" 200 64031 "http://www.mink-gmbh.de/index.php" "Mozilla/5.0 (Windows NT 6.1; rv:11.0) Gecko/20100101 Firefox/11.0"
89.247.111.166 - - [15/Apr/2012:16:24:06 +0200] "GET /images/bg.jpg HTTP/1.1" 200 345 "http://www.mink-gmbh.de/style.css" "Mozilla/5.0 (Windows NT 6.1; rv:11.0) Gecko/20100101 Firefox/11.0"
89.247.111.166 - - [15/Apr/2012:16:24:06 +0200] "GET /js_contentserver24_greybox/w_close.gif HTTP/1.1" 200 74 "http://www.mink-gmbh.de/index.php" "Mozilla/5.0 (Windows NT 6.1; rv:11.0) Gecko/20100101 Firefox/11.0"
89.247.111.166 - - [15/Apr/2012:16:24:06 +0200] "GET /images/close.png HTTP/1.1" 200 703 "http://www.mink-gmbh.de/index.php" "Mozilla/5.0 (Windows NT 6.1; rv:11.0) Gecko/20100101 Firefox/11.0"
89.247.111.166 - - [15/Apr/2012:16:24:06 +0200] "GET /images/newsletter_bg.jpg HTTP/1.1" 200 33610 "http://www.mink-gmbh.de/index.php" "Mozilla/5.0 (Windows NT 6.1; rv:11.0) Gecko/20100101 Firefox/11.0"
89.247.111.166 - - [15/Apr/2012:16:24:06 +0200] "GET /images/wrapperbg.jpg HTTP/1.1" 200 27465 "http://www.mink-gmbh.de/style.css" "Mozilla/5.0 (Windows NT 6.1; rv:11.0) Gecko/20100101 Firefox/11.0"
89.247.111.166 - - [15/Apr/2012:16:24:06 +0200] "GET /images/newsletter.png HTTP/1.1" 200 14619 "http://www.mink-gmbh.de/style.css" "Mozilla/5.0 (Windows NT 6.1; rv:11.0) Gecko/20100101 Firefox/11.0"
89.247.111.166 - - [15/Apr/2012:16:24:06 +0200] "GET /images/header.jpg HTTP/1.1" 200 24413 "http://www.mink-gmbh.de/style.css" "Mozilla/5.0 (Windows NT 6.1; rv:11.0) Gecko/20100101 Firefox/11.0"
89.247.111.166 - - [15/Apr/2012:16:24:06 +0200] "GET /images/navibg.png HTTP/1.1" 200 2803 "http://www.mink-gmbh.de/style.css" "Mozilla/5.0 (Windows NT 6.1; rv:11.0) Gecko/20100101 Firefox/11.0"
89.247.111.166 - - [15/Apr/2012:16:24:06 +0200] "GET /images/gleichbleibend.png HTTP/1.1" 200 534 "http://www.mink-gmbh.de/modul.css" "Mozilla/5.0 (Windows NT 6.1; rv:11.0) Gecko/20100101 Firefox/11.0"
89.247.111.166 - - [15/Apr/2012:16:24:06 +0200] "GET /images/steigend.png HTTP/1.1" 200 688 "http://www.mink-gmbh.de/modul.css" "Mozilla/5.0 (Windows NT 6.1; rv:11.0) Gecko/20100101 Firefox/11.0"
89.247.111.166 - - [15/Apr/2012:16:24:06 +0200] "GET /images/newsletter.jpg HTTP/1.1" 200 13130 "http://www.mink-gmbh.de/style.css" "Mozilla/5.0 (Windows NT 6.1; rv:11.0) Gecko/20100101 Firefox/11.0"
89.247.111.166 - - [15/Apr/2012:16:24:06 +0200] "GET /images/mobil.jpg HTTP/1.1" 200 25293 "http://www.mink-gmbh.de/style.css" "Mozilla/5.0 (Windows NT 6.1; rv:11.0) Gecko/20100101 Firefox/11.0"
89.247.111.166 - - [15/Apr/2012:16:24:06 +0200] "GET /images/footerbg.jpg HTTP/1.1" 200 2184 "http://www.mink-gmbh.de/style.css" "Mozilla/5.0 (Windows NT 6.1; rv:11.0) Gecko/20100101 Firefox/11.0"
89.247.111.166 - - [15/Apr/2012:16:24:06 +0200] "GET /js_contentserver24_greybox/g_close.gif HTTP/1.1" 200 541 "http://www.mink-gmbh.de/index.php" "Mozilla/5.0 (Windows NT 6.1; rv:11.0) Gecko/20100101 Firefox/11.0"
89.247.111.166 - - [15/Apr/2012:16:24:06 +0200] "GET /js_contentserver24_greybox/header_bg.gif HTTP/1.1" 200 1188 "http://www.mink-gmbh.de/index.php" "Mozilla/5.0 (Windows NT 6.1; rv:11.0) Gecko/20100101 Firefox/11.0"
89.247.111.166 - - [15/Apr/2012:16:24:06 +0200] "GET /js_contentserver24_greybox/indicator.gif HTTP/1.1" 200 8238 "http://www.mink-gmbh.de/index.php" "Mozilla/5.0 (Windows NT 6.1; rv:11.0) Gecko/20100101 Firefox/11.0"
89.247.111.166 - - [15/Apr/2012:16:24:07 +0200] "GET /js_contentserver24_greybox/loader_frame.html?s=0 HTTP/1.1" 200 2084 "http://www.mink-gmbh.de/index.php" "Mozilla/5.0 (Windows NT 6.1; rv:11.0) Gecko/20100101 Firefox/11.0"
95.108.128.242 - - [15/Apr/2012:16:25:53 +0200] "GET /optiplus.php HTTP/1.1" 200 11011 "-" "Mozilla/5.0 (compatible; YandexBot/3.0; +http://yandex.com/bots)"
79.192.192.36 - - [15/Apr/2012:16:56:12 +0200] "GET /style.css HTTP/1.1" 200 8418 "http://www.mink-gmbh.de/" "Mozilla/5.0 (Windows NT 6.0; rv:11.0) Gecko/20100101 Firefox/11.0"
79.192.192.36 - - [15/Apr/2012:16:56:12 +0200] "GET /modul.css HTTP/1.1" 200 35038 "http://www.mink-gmbh.de/" "Mozilla/5.0 (Windows NT 6.0; rv:11.0) Gecko/20100101 Firefox/11.0"
79.192.192.36 - - [15/Apr/2012:16:56:12 +0200] "GET /favicon.ico HTTP/1.1" 200 3638 "-" "Mozilla/5.0 (Windows NT 6.0; rv:11.0) Gecko/20100101 Firefox/11.0"
79.192.192.36 - - [15/Apr/2012:16:56:12 +0200] "GET / HTTP/1.1" 200 15339 "http://www.google.de/url?sa=t&rct=j&q=mink%20heiz%C3%B6l&source=web&cd=1&ved=0CEMQFjAA&url=http%3A%2F%2Fwww.mink-gmbh.de%2F&ei=iOGKT5WWGMPssgbjkInhBQ&usg=AFQjCNFHX4Iglls9oo-KYXTmDUV_5KOVIg" "Mozilla/5.0 (Windows NT 6.0; rv:11.0) Gecko/20100101 Firefox/11.0"
79.192.192.36 - - [15/Apr/2012:16:56:13 +0200] "GET /js_contentserver24_greybox/gb_styles.css HTTP/1.1" 200 2302 "http://www.mink-gmbh.de/" "Mozilla/5.0 (Windows NT 6.0; rv:11.0) Gecko/20100101 Firefox/11.0"
79.192.192.36 - - [15/Apr/2012:16:56:13 +0200] "GET /js_contentserver24_greybox/AJS.js HTTP/1.1" 200 10396 "http://www.mink-gmbh.de/" "Mozilla/5.0 (Windows NT 6.0; rv:11.0) Gecko/20100101 Firefox/11.0"
79.192.192.36 - - [15/Apr/2012:16:56:13 +0200] "GET /js_contentserver24_greybox/AJS_fx.js HTTP/1.1" 200 3192 "http://www.mink-gmbh.de/" "Mozilla/5.0 (Windows NT 6.0; rv:11.0) Gecko/20100101 Firefox/11.0"
79.192.192.36 - - [15/Apr/2012:16:56:13 +0200] "GET /js_contentserver24_greybox/gb_scripts.js HTTP/1.1" 200 11913 "http://www.mink-gmbh.de/" "Mozilla/5.0 (Windows NT 6.0; rv:11.0) Gecko/20100101 Firefox/11.0"
79.192.192.36 - - [15/Apr/2012:16:56:13 +0200] "GET /images/tkw.jpg HTTP/1.1" 200 64031 "http://www.mink-gmbh.de/" "Mozilla/5.0 (Windows NT 6.0; rv:11.0) Gecko/20100101 Firefox/11.0"
79.192.192.36 - - [15/Apr/2012:16:56:13 +0200] "GET /images/freecall.jpg HTTP/1.1" 200 39195 "http://www.mink-gmbh.de/" "Mozilla/5.0 (Windows NT 6.0; rv:11.0) Gecko/20100101 Firefox/11.0"
79.192.192.36 - - [15/Apr/2012:16:56:13 +0200] "GET /images/mail.jpg HTTP/1.1" 200 11165 "http://www.mink-gmbh.de/" "Mozilla/5.0 (Windows NT 6.0; rv:11.0) Gecko/20100101 Firefox/11.0"
79.192.192.36 - - [15/Apr/2012:16:56:13 +0200] "GET /images/kwk.gif HTTP/1.1" 200 6403 "http://www.mink-gmbh.de/" "Mozilla/5.0 (Windows NT 6.0; rv:11.0) Gecko/20100101 Firefox/11.0"
79.192.192.36 - - [15/Apr/2012:16:56:13 +0200] "GET /images/wunschpreis.jpg HTTP/1.1" 200 16767 "http://www.mink-gmbh.de/" "Mozilla/5.0 (Windows NT 6.0; rv:11.0) Gecko/20100101 Firefox/11.0"
79.192.192.36 - - [15/Apr/2012:16:56:13 +0200] "GET /images/logos.jpg HTTP/1.1" 200 15002 "http://www.mink-gmbh.de/" "Mozilla/5.0 (Windows NT 6.0; rv:11.0) Gecko/20100101 Firefox/11.0"
79.192.192.36 - - [15/Apr/2012:16:56:13 +0200] "GET /images/bg.jpg HTTP/1.1" 200 345 "http://www.mink-gmbh.de/style.css" "Mozilla/5.0 (Windows NT 6.0; rv:11.0) Gecko/20100101 Firefox/11.0"
79.192.192.36 - - [15/Apr/2012:16:56:13 +0200] "GET /js_contentserver24_greybox/w_close.gif HTTP/1.1" 200 74 "http://www.mink-gmbh.de/" "Mozilla/5.0 (Windows NT 6.0; rv:11.0) Gecko/20100101 Firefox/11.0"
79.192.192.36 - - [15/Apr/2012:16:56:14 +0200] "GET /images/close.png HTTP/1.1" 200 703 "http://www.mink-gmbh.de/" "Mozilla/5.0 (Windows NT 6.0; rv:11.0) Gecko/20100101 Firefox/11.0"
79.192.192.36 - - [15/Apr/2012:16:56:14 +0200] "GET /images/newsletter_bg.jpg HTTP/1.1" 200 33610 "http://www.mink-gmbh.de/" "Mozilla/5.0 (Windows NT 6.0; rv:11.0) Gecko/20100101 Firefox/11.0"
79.192.192.36 - - [15/Apr/2012:16:56:14 +0200] "GET /images/newsletter.png HTTP/1.1" 200 14619 "http://www.mink-gmbh.de/style.css" "Mozilla/5.0 (Windows NT 6.0; rv:11.0) Gecko/20100101 Firefox/11.0"
79.192.192.36 - - [15/Apr/2012:16:56:14 +0200] "GET /images/wrapperbg.jpg HTTP/1.1" 200 27465 "http://www.mink-gmbh.de/style.css" "Mozilla/5.0 (Windows NT 6.0; rv:11.0) Gecko/20100101 Firefox/11.0"
79.192.192.36 - - [15/Apr/2012:16:56:14 +0200] "GET /images/header.jpg HTTP/1.1" 200 24413 "http://www.mink-gmbh.de/style.css" "Mozilla/5.0 (Windows NT 6.0; rv:11.0) Gecko/20100101 Firefox/11.0"
79.192.192.36 - - [15/Apr/2012:16:56:14 +0200] "GET /images/navibg.png HTTP/1.1" 200 2803 "http://www.mink-gmbh.de/style.css" "Mozilla/5.0 (Windows NT 6.0; rv:11.0) Gecko/20100101 Firefox/11.0"
79.192.192.36 - - [15/Apr/2012:16:56:14 +0200] "GET /images/gleichbleibend.png HTTP/1.1" 200 534 "http://www.mink-gmbh.de/modul.css" "Mozilla/5.0 (Windows NT 6.0; rv:11.0) Gecko/20100101 Firefox/11.0"
79.192.192.36 - - [15/Apr/2012:16:56:14 +0200] "GET /images/steigend.png HTTP/1.1" 200 688 "http://www.mink-gmbh.de/modul.css" "Mozilla/5.0 (Windows NT 6.0; rv:11.0) Gecko/20100101 Firefox/11.0"
79.192.192.36 - - [15/Apr/2012:16:56:14 +0200] "GET /images/mobil.jpg HTTP/1.1" 200 25293 "http://www.mink-gmbh.de/style.css" "Mozilla/5.0 (Windows NT 6.0; rv:11.0) Gecko/20100101 Firefox/11.0"
79.192.192.36 - - [15/Apr/2012:16:56:14 +0200] "GET /images/newsletter.jpg HTTP/1.1" 200 13130 "http://www.mink-gmbh.de/style.css" "Mozilla/5.0 (Windows NT 6.0; rv:11.0) Gecko/20100101 Firefox/11.0"
79.192.192.36 - - [15/Apr/2012:16:56:14 +0200] "GET /images/footerbg.jpg HTTP/1.1" 200 2184 "http://www.mink-gmbh.de/style.css" "Mozilla/5.0 (Windows NT 6.0; rv:11.0) Gecko/20100101 Firefox/11.0"
79.192.192.36 - - [15/Apr/2012:16:56:15 +0200] "GET /js_contentserver24_greybox/header_bg.gif HTTP/1.1" 200 1188 "http://www.mink-gmbh.de/" "Mozilla/5.0 (Windows NT 6.0; rv:11.0) Gecko/20100101 Firefox/11.0"
79.192.192.36 - - [15/Apr/2012:16:56:15 +0200] "GET /js_contentserver24_greybox/g_close.gif HTTP/1.1" 200 541 "http://www.mink-gmbh.de/" "Mozilla/5.0 (Windows NT 6.0; rv:11.0) Gecko/20100101 Firefox/11.0"
79.192.192.36 - - [15/Apr/2012:16:56:15 +0200] "GET /js_contentserver24_greybox/indicator.gif HTTP/1.1" 200 8238 "http://www.mink-gmbh.de/" "Mozilla/5.0 (Windows NT 6.0; rv:11.0) Gecko/20100101 Firefox/11.0"
79.192.192.36 - - [15/Apr/2012:16:56:15 +0200] "GET /js_contentserver24_greybox/loader_frame.html?s=0 HTTP/1.1" 200 2084 "http://www.mink-gmbh.de/" "Mozilla/5.0 (Windows NT 6.0; rv:11.0) Gecko/20100101 Firefox/11.0"
79.192.192.36 - - [15/Apr/2012:16:57:23 +0200] "GET /news.php?cs_go=archiv&cs_id=2971 HTTP/1.1" 200 12107 "http://www.mink-gmbh.de/" "Mozilla/5.0 (Windows NT 6.0; rv:11.0) Gecko/20100101 Firefox/11.0"
79.192.192.36 - - [15/Apr/2012:16:57:31 +0200] "GET /preisanfrage.php HTTP/1.1" 200 10549 "http://www.mink-gmbh.de/news.php?cs_go=archiv&cs_id=2971" "Mozilla/5.0 (Windows NT 6.0; rv:11.0) Gecko/20100101 Firefox/11.0"
208.115.113.91 - - [15/Apr/2012:17:57:54 +0200] "GET /robots.txt HTTP/1.1" 200 177 "-" "Mozilla/5.0 (compatible; Ezooms/1.0; ezooms.bot@gmail.com)"
88.72.162.133 - - [15/Apr/2012:18:44:25 +0200] "GET /robots.txt HTTP/1.0" 200 177 "-" "Mozilla/5.0 (compatible; MJ12bot/v1.4.2; http://www.majestic12.co.uk/bot.php?+)"
88.72.162.133 - - [15/Apr/2012:18:44:27 +0200] "GET / HTTP/1.1" 200 15339 "-" "Mozilla/5.0 (compatible; MJ12bot/v1.4.2; http://www.majestic12.co.uk/bot.php?+)"
208.115.113.91 - - [15/Apr/2012:19:29:02 +0200] "GET /news.php?cs_go=archiv&cs_id=2654&cs_search= HTTP/1.1" 200 13357 "-" "Mozilla/5.0 (compatible; Ezooms/1.0; ezooms.bot@gmail.com)"
66.249.72.146 - - [15/Apr/2012:19:45:37 +0200] "GET /robots.txt HTTP/1.1" 200 177 "-" "Mozilla/5.0 (compatible; Googlebot/2.1; +http://www.google.com/bot.html)"
66.249.66.149 - - [15/Apr/2012:19:45:37 +0200] "GET /news.php?cs_go=archiv&cs_startpos=1240 HTTP/1.1" 200 22869 "-" "Mozilla/5.0 (iPhone; U; CPU iPhone OS 4_1 like Mac OS X; en-us) AppleWebKit/532.9 (KHTML, like Gecko) Version/4.0.5 Mobile/8B117 Safari/6531.22.7 (compatible; Googlebot-Mobile/2.1; +http://www.google.com/bot.html)"
65.36.241.79 - - [15/Apr/2012:19:59:27 +0200] "HEAD / HTTP/1.1" 200 - "-" "InternetSeer.com"
123.125.71.22 - - [15/Apr/2012:20:33:25 +0200] "GET / HTTP/1.1" 200 8736 "-" "Mozilla/5.0 (compatible; Baiduspider/2.0; +http://www.baidu.com/search/spider.html)"
220.181.108.81 - - [15/Apr/2012:20:34:01 +0200] "GET / HTTP/1.1" 200 8736 "-" "Mozilla/5.0 (compatible; Baiduspider/2.0; +http://www.baidu.com/search/spider.html)"
95.108.128.242 - - [15/Apr/2012:21:48:36 +0200] "GET / HTTP/1.1" 200 15339 "-" "Mozilla/5.0 (compatible; YandexBot/3.0; +http://yandex.com/bots)"
77.20.4.67 - - [16/Apr/2012:00:07:57 +0200] "GET /faq.php HTTP/1.1" 200 9871 "-" "findlinks/2.0.2 (+http://wortschatz.uni-leipzig.de/findlinks/)"
77.20.4.67 - - [16/Apr/2012:00:07:58 +0200] "GET /faq.php HTTP/1.1" 200 178232 "-" "findlinks/2.0.2 (+http://wortschatz.uni-leipzig.de/findlinks/)"
139.18.2.209 - - [16/Apr/2012:00:31:48 +0200] "GET /news.php?cs_go=archiv&cs_id=2939 HTTP/1.1" 200 11631 "-" "findlinks/2.2 (+http://wortschatz.uni-leipzig.de/findlinks/)"
139.18.2.209 - - [16/Apr/2012:00:31:48 +0200] "GET /news.php?cs_go=archiv&cs_id=2939 HTTP/1.1" 200 13608 "-" "findlinks/2.2 (+http://wortschatz.uni-leipzig.de/findlinks/)"
65.36.241.79 - - [16/Apr/2012:00:34:41 +0200] "HEAD / HTTP/1.1" 200 - "-" "InternetSeer.com"
66.249.72.146 - - [16/Apr/2012:02:41:31 +0200] "GET /robots.txt HTTP/1.1" 200 177 "-" "Mozilla/5.0 (compatible; Googlebot/2.1; +http://www.google.com/bot.html)"
66.249.66.149 - - [16/Apr/2012:02:41:31 +0200] "GET /news.php?cs_go=archiv&cs_id=2806 HTTP/1.1" 200 12184 "-" "Mozilla/5.0 (compatible; Googlebot/2.1; +http://www.google.com/bot.html)"
66.249.66.149 - - [16/Apr/2012:02:55:07 +0200] "GET /news.php?cs_go=archiv&cs_id=2848&cs_search= HTTP/1.1" 200 19222 "-" "Mozilla/5.0 (compatible; Googlebot/2.1; +http://www.google.com/bot.html)"
66.249.72.146 - - [16/Apr/2012:03:18:54 +0200] "GET /news.php?cs_go=archiv&cs_id=2774&cs_search= HTTP/1.1" 200 10557 "-" "Mozilla/5.0 (compatible; Googlebot/2.1; +http://www.google.com/bot.html)"
66.249.66.149 - - [16/Apr/2012:03:20:36 +0200] "GET /news.php?cs_go=archiv&cs_id=2770&cs_search= HTTP/1.1" 200 9429 "-" "Mozilla/5.0 (compatible; Googlebot/2.1; +http://www.google.com/bot.html)"
66.249.66.149 - - [16/Apr/2012:03:22:18 +0200] "GET /news.php?cs_go=archiv&cs_id=2771 HTTP/1.1" 200 13716 "-" "Mozilla/5.0 (compatible; Googlebot/2.1; +http://www.google.com/bot.html)"
66.249.66.149 - - [16/Apr/2012:03:24:00 +0200] "GET /news.php?cs_go=archiv&cs_id=2842&cs_search= HTTP/1.1" 200 9965 "-" "Mozilla/5.0 (compatible; Googlebot/2.1; +http://www.google.com/bot.html)"
66.249.66.149 - - [16/Apr/2012:03:29:06 +0200] "GET /news.php?cs_go=archiv&cs_id=518&cs_search= HTTP/1.1" 200 7819 "-" "Mozilla/5.0 (compatible; Googlebot/2.1; +http://www.google.com/bot.html)"
66.249.72.146 - - [16/Apr/2012:03:30:48 +0200] "GET /news.php?cs_go=archiv&cs_id=2921 HTTP/1.1" 200 13536 "-" "Mozilla/5.0 (compatible; Googlebot/2.1; +http://www.google.com/bot.html)"
208.115.113.91 - - [16/Apr/2012:03:46:53 +0200] "GET /robots.txt HTTP/1.1" 200 177 "-" "Mozilla/5.0 (compatible; Ezooms/1.0; ezooms.bot@gmail.com)"
66.249.66.149 - - [16/Apr/2012:04:04:46 +0200] "GET /news.php?cs_go=archiv&cs_id=2919&cs_search= HTTP/1.1" 200 9710 "-" "Mozilla/5.0 (compatible; Googlebot/2.1; +http://www.google.com/bot.html)"
176.9.0.13 - - [16/Apr/2012:04:28:20 +0200] "GET /robots.txt HTTP/1.1" 200 177 "-" "Pixray-Seeker/1.1 (Pixray-Seeker; http://www.pixray.com/pixraybot; crawler@pixray.com)"
176.9.0.13 - - [16/Apr/2012:04:28:20 +0200] "GET /robots.txt HTTP/1.1" 200 177 "-" "Pixray-Seeker/1.1 (Pixray-Seeker; http://www.pixray.com/pixraybot; crawler@pixray.com)"
176.9.0.13 - - [16/Apr/2012:04:28:20 +0200] "GET /news.php?cs_go=archiv&cs_id=2952&cs_search= HTTP/1.1" 200 14001 "-" "Pixray-Seeker/1.1 (Pixray-Seeker; http://www.pixray.com/pixraybot; crawler@pixray.com)"
176.9.0.13 - - [16/Apr/2012:04:28:20 +0200] "GET /news.php?cs_go=archiv&cs_id=2943&cs_search= HTTP/1.1" 200 13397 "-" "Pixray-Seeker/1.1 (Pixray-Seeker; http://www.pixray.com/pixraybot; crawler@pixray.com)"
176.9.0.13 - - [16/Apr/2012:04:29:01 +0200] "GET /news.php?cs_go=archiv&cs_startpos=21 HTTP/1.1" 200 22497 "-" "Pixray-Seeker/1.1 (Pixray-Seeker; http://www.pixray.com/pixraybot; crawler@pixray.com)"
176.9.0.13 - - [16/Apr/2012:04:30:59 +0200] "GET /news.php?cs_go=archiv&cs_id=2938&cs_search= HTTP/1.1" 200 10801 "-" "Pixray-Seeker/1.1 (Pixray-Seeker; http://www.pixray.com/pixraybot; crawler@pixray.com)"
123.125.71.29 - - [16/Apr/2012:04:34:04 +0200] "GET / HTTP/1.1" 200 8736 "-" "Mozilla/5.0 (compatible; Baiduspider/2.0; +http://www.baidu.com/search/spider.html)"
220.181.108.94 - - [16/Apr/2012:04:34:42 +0200] "GET / HTTP/1.1" 200 8736 "-" "Mozilla/5.0 (compatible; Baiduspider/2.0; +http://www.baidu.com/search/spider.html)"
66.249.66.149 - - [16/Apr/2012:04:47:24 +0200] "GET /news.php?cs_go=archiv&cs_startpos=1 HTTP/1.1" 200 22493 "-" "Mozilla/5.0 (compatible; Googlebot/2.1; +http://www.google.com/bot.html)"
66.249.72.146 - - [16/Apr/2012:04:49:06 +0200] "GET /news.php?cs_go=archiv&cs_id=2850&cs_search= HTTP/1.1" 200 13526 "-" "Mozilla/5.0 (compatible; Googlebot/2.1; +http://www.google.com/bot.html)"
77.20.4.67 - - [16/Apr/2012:04:53:29 +0200] "GET /modernisierung.php HTTP/1.1" 200 11511 "-" "findlinks/2.0.2 (+http://wortschatz.uni-leipzig.de/findlinks/)"
77.20.4.67 - - [16/Apr/2012:04:53:30 +0200] "GET /modernisierung.php HTTP/1.1" 200 11424 "-" "findlinks/2.0.2 (+http://wortschatz.uni-leipzig.de/findlinks/)"
208.115.113.91 - - [16/Apr/2012:05:11:12 +0200] "GET /news.php?cs_go=archiv&cs_id=2717&cs_search= HTTP/1.1" 200 10198 "-" "Mozilla/5.0 (compatible; Ezooms/1.0; ezooms.bot@gmail.com)"
66.249.66.149 - - [16/Apr/2012:05:12:58 +0200] "GET /news.php?cs_go=archiv&cs_id=2897 HTTP/1.1" 200 10589 "-" "Mozilla/5.0 (compatible; Googlebot/2.1; +http://www.google.com/bot.html)"
65.36.241.79 - - [16/Apr/2012:05:19:33 +0200] "HEAD / HTTP/1.1" 200 - "-" "InternetSeer.com"
65.52.108.145 - - [16/Apr/2012:05:41:45 +0200] "GET /robots.txt HTTP/1.1" 200 177 "-" "Mozilla/5.0 (compatible; bingbot/2.0; +http://www.bing.com/bingbot.htm)"
65.52.108.145 - - [16/Apr/2012:05:42:48 +0200] "GET /preisanfrage.php HTTP/1.1" 200 10636 "-" "Mozilla/5.0 (compatible; bingbot/2.0; +http://www.bing.com/bingbot.htm)"
66.249.66.149 - - [16/Apr/2012:05:45:22 +0200] "GET /news.php?cs_go=archiv&cs_id=2920 HTTP/1.1" 200 11584 "-" "Mozilla/5.0 (compatible; Googlebot/2.1; +http://www.google.com/bot.html)"
46.4.125.109 - - [16/Apr/2012:06:00:06 +0200] "GET /robots.txt HTTP/1.1" 200 177 "-" "Pixray-Seeker/1.1 (Pixray-Seeker; http://www.pixray.com/pixraybot; crawler@pixray.com)"
46.4.125.109 - - [16/Apr/2012:06:00:06 +0200] "GET /news.php?cs_go=archiv&cs_id=2953&cs_search= HTTP/1.1" 200 9884 "-" "Pixray-Seeker/1.1 (Pixray-Seeker; http://www.pixray.com/pixraybot; crawler@pixray.com)"
46.4.125.109 - - [16/Apr/2012:06:00:39 +0200] "GET /news.php?cs_go=archiv&cs_id=2954&cs_search= HTTP/1.1" 200 13260 "-" "Pixray-Seeker/1.1 (Pixray-Seeker; http://www.pixray.com/pixraybot; crawler@pixray.com)"
46.4.125.109 - - [16/Apr/2012:06:02:24 +0200] "GET /news.php?cs_go=archiv&cs_id=2940&cs_search= HTTP/1.1" 200 10225 "-" "Pixray-Seeker/1.1 (Pixray-Seeker; http://www.pixray.com/pixraybot; crawler@pixray.com)"
46.4.125.109 - - [16/Apr/2012:06:02:59 +0200] "GET /news.php?cs_go=archiv&cs_id=2951&cs_search= HTTP/1.1" 200 9841 "-" "Pixray-Seeker/1.1 (Pixray-Seeker; http://www.pixray.com/pixraybot; crawler@pixray.com)"
46.4.125.109 - - [16/Apr/2012:06:03:05 +0200] "GET /news.php?cs_go=archiv&cs_id=2948&cs_search= HTTP/1.1" 200 13684 "-" "Pixray-Seeker/1.1 (Pixray-Seeker; http://www.pixray.com/pixraybot; crawler@pixray.com)"
95.108.128.242 - - [16/Apr/2012:06:10:05 +0200] "GET /faq.php HTTP/1.1" 200 185671 "-" "Mozilla/5.0 (compatible; YandexBot/3.0; +http://yandex.com/bots)"
66.249.66.149 - - [16/Apr/2012:06:12:39 +0200] "GET /news.php?cs_go=archiv&cs_id=2877&cs_search= HTTP/1.1" 200 14424 "-" "Mozilla/5.0 (compatible; Googlebot/2.1; +http://www.google.com/bot.html)"
66.249.72.146 - - [16/Apr/2012:06:16:04 +0200] "GET /news.php?cs_go=archiv&cs_id=2913&cs_search= HTTP/1.1" 200 11458 "-" "Mozilla/5.0 (compatible; Googlebot/2.1; +http://www.google.com/bot.html)"
66.249.66.149 - - [16/Apr/2012:06:24:35 +0200] "GET /news.php?cs_go=archiv&cs_startpos=0 HTTP/1.1" 200 22272 "-" "Mozilla/5.0 (compatible; Googlebot/2.1; +http://www.google.com/bot.html)"
66.249.72.146 - - [16/Apr/2012:06:26:17 +0200] "GET /news.php?cs_go=archiv&cs_id=2769&cs_search= HTTP/1.1" 200 10231 "-" "Mozilla/5.0 (compatible; Googlebot/2.1; +http://www.google.com/bot.html)"
66.249.66.149 - - [16/Apr/2012:06:27:59 +0200] "GET /news.php?cs_go=archiv&cs_id=2656&cs_search= HTTP/1.1" 200 9998 "-" "Mozilla/5.0 (compatible; Googlebot/2.1; +http://www.google.com/bot.html)"
66.249.72.146 - - [16/Apr/2012:06:29:42 +0200] "GET /news.php?cs_go=archiv&cs_id=2654&cs_search= HTTP/1.1" 200 13357 "-" "Mozilla/5.0 (compatible; Googlebot/2.1; +http://www.google.com/bot.html)"
66.249.66.149 - - [16/Apr/2012:06:36:31 +0200] "GET /news.php?cs_go=archiv&cs_id=2655&cs_search= HTTP/1.1" 200 10296 "-" "Mozilla/5.0 (compatible; Googlebot/2.1; +http://www.google.com/bot.html)"
66.249.66.149 - - [16/Apr/2012:07:02:06 +0200] "GET /news.php?cs_go=archiv HTTP/1.1" 200 22272 "-" "Mozilla/5.0 (compatible; Googlebot/2.1; +http://www.google.com/bot.html)"
66.249.66.149 - - [16/Apr/2012:07:19:09 +0200] "GET /news.php?cs_go=archiv&cs_id=2773 HTTP/1.1" 200 15211 "-" "Mozilla/5.0 (compatible; Googlebot/2.1; +http://www.google.com/bot.html)"
66.249.72.146 - - [16/Apr/2012:07:29:23 +0200] "GET /news.php?cs_go=archiv&cs_id=2587 HTTP/1.1" 200 9085 "-" "Mozilla/5.0 (compatible; Googlebot/2.1; +http://www.google.com/bot.html)"
176.9.0.12 - - [16/Apr/2012:07:32:49 +0200] "GET /robots.txt HTTP/1.1" 200 177 "-" "Pixray-Seeker/1.1 (Pixray-Seeker; http://www.pixray.com/pixraybot; crawler@pixray.com)"
176.9.0.12 - - [16/Apr/2012:07:32:49 +0200] "GET /news.php?cs_go=archiv&cs_id=2939&cs_search= HTTP/1.1" 200 13695 "-" "Pixray-Seeker/1.1 (Pixray-Seeker; http://www.pixray.com/pixraybot; crawler@pixray.com)"
176.9.0.12 - - [16/Apr/2012:07:35:11 +0200] "GET /news.php?cs_go=archiv&cs_id=2947&cs_search= HTTP/1.1" 200 9740 "-" "Pixray-Seeker/1.1 (Pixray-Seeker; http://www.pixray.com/pixraybot; crawler@pixray.com)"
66.249.66.149 - - [16/Apr/2012:08:01:46 +0200] "GET /news.php?cs_go=archiv&cs_id=2588 HTTP/1.1" 200 10875 "-" "Mozilla/5.0 (compatible; Googlebot/2.1; +http://www.google.com/bot.html)"
208.115.111.75 - - [16/Apr/2012:08:21:01 +0200] "GET /robots.txt HTTP/1.1" 200 177 "-" "Mozilla/5.0 (compatible; Ezooms/1.0; ezooms.bot@gmail.com)"
