89.247.83.235 - - [08/Apr/2012:22:07:26 +0200] "GET /modul.css HTTP/1.1" 200 35038 "http://www.mink-gmbh.de/index.php" "Mozilla/5.0 (Windows NT 6.1; rv:11.0) Gecko/20100101 Firefox/11.0"
89.247.83.235 - - [08/Apr/2012:22:07:26 +0200] "GET /style.css HTTP/1.1" 200 8418 "http://www.mink-gmbh.de/index.php" "Mozilla/5.0 (Windows NT 6.1; rv:11.0) Gecko/20100101 Firefox/11.0"
89.247.83.235 - - [08/Apr/2012:22:07:26 +0200] "GET /favicon.ico HTTP/1.1" 200 3638 "-" "Mozilla/5.0 (Windows NT 6.1; rv:11.0) Gecko/20100101 Firefox/11.0"
89.247.83.235 - - [08/Apr/2012:22:07:27 +0200] "GET /js_contentserver24_greybox/gb_styles.css HTTP/1.1" 200 2302 "http://www.mink-gmbh.de/index.php" "Mozilla/5.0 (Windows NT 6.1; rv:11.0) Gecko/20100101 Firefox/11.0"
89.247.83.235 - - [08/Apr/2012:22:07:27 +0200] "GET /js_contentserver24_greybox/AJS.js HTTP/1.1" 200 10396 "http://www.mink-gmbh.de/index.php" "Mozilla/5.0 (Windows NT 6.1; rv:11.0) Gecko/20100101 Firefox/11.0"
89.247.83.235 - - [08/Apr/2012:22:07:27 +0200] "GET /js_contentserver24_greybox/AJS_fx.js HTTP/1.1" 200 3192 "http://www.mink-gmbh.de/index.php" "Mozilla/5.0 (Windows NT 6.1; rv:11.0) Gecko/20100101 Firefox/11.0"
89.247.83.235 - - [08/Apr/2012:22:07:27 +0200] "GET /js_contentserver24_greybox/gb_scripts.js HTTP/1.1" 200 11913 "http://www.mink-gmbh.de/index.php" "Mozilla/5.0 (Windows NT 6.1; rv:11.0) Gecko/20100101 Firefox/11.0"
89.247.83.235 - - [08/Apr/2012:22:07:26 +0200] "GET /index.php HTTP/1.1" 200 15333 "-" "Mozilla/5.0 (Windows NT 6.1; rv:11.0) Gecko/20100101 Firefox/11.0"
89.247.83.235 - - [08/Apr/2012:22:07:27 +0200] "GET /images/mail.jpg HTTP/1.1" 200 11165 "http://www.mink-gmbh.de/index.php" "Mozilla/5.0 (Windows NT 6.1; rv:11.0) Gecko/20100101 Firefox/11.0"
89.247.83.235 - - [08/Apr/2012:22:07:27 +0200] "GET /images/kwk.gif HTTP/1.1" 200 6403 "http://www.mink-gmbh.de/index.php" "Mozilla/5.0 (Windows NT 6.1; rv:11.0) Gecko/20100101 Firefox/11.0"
89.247.83.235 - - [08/Apr/2012:22:07:27 +0200] "GET /images/wunschpreis.jpg HTTP/1.1" 200 16767 "http://www.mink-gmbh.de/index.php" "Mozilla/5.0 (Windows NT 6.1; rv:11.0) Gecko/20100101 Firefox/11.0"
89.247.83.235 - - [08/Apr/2012:22:07:27 +0200] "GET /images/logos.jpg HTTP/1.1" 200 15002 "http://www.mink-gmbh.de/index.php" "Mozilla/5.0 (Windows NT 6.1; rv:11.0) Gecko/20100101 Firefox/11.0"
89.247.83.235 - - [08/Apr/2012:22:07:27 +0200] "GET /images/tkw.jpg HTTP/1.1" 200 64031 "http://www.mink-gmbh.de/index.php" "Mozilla/5.0 (Windows NT 6.1; rv:11.0) Gecko/20100101 Firefox/11.0"
89.247.83.235 - - [08/Apr/2012:22:07:27 +0200] "GET /images/freecall.jpg HTTP/1.1" 200 39195 "http://www.mink-gmbh.de/index.php" "Mozilla/5.0 (Windows NT 6.1; rv:11.0) Gecko/20100101 Firefox/11.0"
89.247.83.235 - - [08/Apr/2012:22:07:30 +0200] "GET /js_contentserver24_greybox/w_close.gif HTTP/1.1" 200 74 "http://www.mink-gmbh.de/index.php" "Mozilla/5.0 (Windows NT 6.1; rv:11.0) Gecko/20100101 Firefox/11.0"
89.247.83.235 - - [08/Apr/2012:22:07:30 +0200] "GET /images/bg.jpg HTTP/1.1" 200 345 "http://www.mink-gmbh.de/style.css" "Mozilla/5.0 (Windows NT 6.1; rv:11.0) Gecko/20100101 Firefox/11.0"
89.247.83.235 - - [08/Apr/2012:22:07:30 +0200] "GET /images/close.png HTTP/1.1" 200 703 "http://www.mink-gmbh.de/index.php" "Mozilla/5.0 (Windows NT 6.1; rv:11.0) Gecko/20100101 Firefox/11.0"
89.247.83.235 - - [08/Apr/2012:22:07:30 +0200] "GET /images/newsletter_bg.jpg HTTP/1.1" 200 33610 "http://www.mink-gmbh.de/index.php" "Mozilla/5.0 (Windows NT 6.1; rv:11.0) Gecko/20100101 Firefox/11.0"
89.247.83.235 - - [08/Apr/2012:22:07:30 +0200] "GET /images/newsletter.png HTTP/1.1" 200 14619 "http://www.mink-gmbh.de/style.css" "Mozilla/5.0 (Windows NT 6.1; rv:11.0) Gecko/20100101 Firefox/11.0"
89.247.83.235 - - [08/Apr/2012:22:07:30 +0200] "GET /images/wrapperbg.jpg HTTP/1.1" 200 27465 "http://www.mink-gmbh.de/style.css" "Mozilla/5.0 (Windows NT 6.1; rv:11.0) Gecko/20100101 Firefox/11.0"
89.247.83.235 - - [08/Apr/2012:22:07:30 +0200] "GET /images/header.jpg HTTP/1.1" 200 24413 "http://www.mink-gmbh.de/style.css" "Mozilla/5.0 (Windows NT 6.1; rv:11.0) Gecko/20100101 Firefox/11.0"
89.247.83.235 - - [08/Apr/2012:22:07:30 +0200] "GET /images/navibg.png HTTP/1.1" 200 2803 "http://www.mink-gmbh.de/style.css" "Mozilla/5.0 (Windows NT 6.1; rv:11.0) Gecko/20100101 Firefox/11.0"
89.247.83.235 - - [08/Apr/2012:22:07:30 +0200] "GET /images/fallend.png HTTP/1.1" 200 713 "http://www.mink-gmbh.de/modul.css" "Mozilla/5.0 (Windows NT 6.1; rv:11.0) Gecko/20100101 Firefox/11.0"
89.247.83.235 - - [08/Apr/2012:22:07:30 +0200] "GET /images/steigend.png HTTP/1.1" 200 688 "http://www.mink-gmbh.de/modul.css" "Mozilla/5.0 (Windows NT 6.1; rv:11.0) Gecko/20100101 Firefox/11.0"
89.247.83.235 - - [08/Apr/2012:22:07:30 +0200] "GET /images/mobil.jpg HTTP/1.1" 200 25293 "http://www.mink-gmbh.de/style.css" "Mozilla/5.0 (Windows NT 6.1; rv:11.0) Gecko/20100101 Firefox/11.0"
89.247.83.235 - - [08/Apr/2012:22:07:30 +0200] "GET /images/newsletter.jpg HTTP/1.1" 200 13130 "http://www.mink-gmbh.de/style.css" "Mozilla/5.0 (Windows NT 6.1; rv:11.0) Gecko/20100101 Firefox/11.0"
89.247.83.235 - - [08/Apr/2012:22:07:30 +0200] "GET /images/footerbg.jpg HTTP/1.1" 200 2184 "http://www.mink-gmbh.de/style.css" "Mozilla/5.0 (Windows NT 6.1; rv:11.0) Gecko/20100101 Firefox/11.0"
89.247.83.235 - - [08/Apr/2012:22:07:31 +0200] "GET /js_contentserver24_greybox/header_bg.gif HTTP/1.1" 200 1188 "http://www.mink-gmbh.de/index.php" "Mozilla/5.0 (Windows NT 6.1; rv:11.0) Gecko/20100101 Firefox/11.0"
89.247.83.235 - - [08/Apr/2012:22:07:31 +0200] "GET /js_contentserver24_greybox/g_close.gif HTTP/1.1" 200 541 "http://www.mink-gmbh.de/index.php" "Mozilla/5.0 (Windows NT 6.1; rv:11.0) Gecko/20100101 Firefox/11.0"
89.247.83.235 - - [08/Apr/2012:22:07:31 +0200] "GET /js_contentserver24_greybox/indicator.gif HTTP/1.1" 200 8238 "http://www.mink-gmbh.de/index.php" "Mozilla/5.0 (Windows NT 6.1; rv:11.0) Gecko/20100101 Firefox/11.0"
89.247.83.235 - - [08/Apr/2012:22:07:31 +0200] "GET /js_contentserver24_greybox/loader_frame.html?s=0 HTTP/1.1" 200 2084 "http://www.mink-gmbh.de/index.php" "Mozilla/5.0 (Windows NT 6.1; rv:11.0) Gecko/20100101 Firefox/11.0"
79.201.97.78 - - [08/Apr/2012:23:48:02 +0200] "GET /energiesparcheck.php HTTP/1.1" 200 13403 "http://www.mink-gmbh.de/modernisierung.php?cs_gp_go=description" "Mozilla/5.0 (Windows NT 6.1; rv:11.0) Gecko/20100101 Firefox/11.0"
66.249.66.149 - - [09/Apr/2012:00:30:40 +0200] "GET /news.php?cs_go=archiv&cs_id=394&cs_search= HTTP/1.1" 200 7819 "-" "Mozilla/5.0 (compatible; Googlebot/2.1; +http://www.google.com/bot.html)"
66.249.66.149 - - [09/Apr/2012:00:41:29 +0200] "GET /news.php?cs_go=archiv&cs_id=2632 HTTP/1.1" 200 9891 "-" "Mozilla/5.0 (compatible; Googlebot/2.1; +http://www.google.com/bot.html)"
95.108.128.242 - - [09/Apr/2012:00:49:20 +0200] "GET / HTTP/1.1" 200 15333 "-" "Mozilla/5.0 (compatible; YandexBot/3.0; +http://yandex.com/bots)"
95.108.128.242 - - [09/Apr/2012:00:49:23 +0200] "GET /optiplus.php HTTP/1.1" 200 11011 "-" "Mozilla/5.0 (compatible; YandexBot/3.0; +http://yandex.com/bots)"
66.249.66.149 - - [09/Apr/2012:01:53:35 +0200] "GET /news.php?cs_go=archiv&cs_id=2634&cs_search= HTTP/1.1" 200 11235 "-" "Mozilla/5.0 (compatible; Googlebot/2.1; +http://www.google.com/bot.html)"
66.249.66.149 - - [09/Apr/2012:02:06:21 +0200] "GET /news.php?cs_go=archiv&cs_id=2635&cs_search= HTTP/1.1" 200 11053 "-" "Mozilla/5.0 (compatible; Googlebot/2.1; +http://www.google.com/bot.html)"
66.249.71.12 - - [09/Apr/2012:02:33:35 +0200] "GET /news.php HTTP/1.1" 200 22302 "-" "Mozilla/5.0 (compatible; Googlebot/2.1; +http://www.google.com/bot.html)"
66.249.71.12 - - [09/Apr/2012:02:49:15 +0200] "GET /news.php?cs_go=archiv&cs_id=2633 HTTP/1.1" 200 13488 "-" "Mozilla/5.0 (compatible; Googlebot/2.1; +http://www.google.com/bot.html)"
76.72.167.164 - - [09/Apr/2012:02:50:49 +0200] "GET /robots.txt HTTP/1.0" 200 177 "-" "Mozilla/5.0 (compatible; MJ12bot/v1.4.2; http://www.majestic12.co.uk/bot.php?+)"
76.72.167.164 - - [09/Apr/2012:02:50:51 +0200] "GET /agb.php HTTP/1.0" 200 19709 "-" "Mozilla/5.0 (compatible; MJ12bot/v1.4.2; http://www.majestic12.co.uk/bot.php?+)"
76.72.167.164 - - [09/Apr/2012:02:50:53 +0200] "GET /news.php?cs_go=archiv&cs_id=2678 HTTP/1.0" 200 9971 "-" "Mozilla/5.0 (compatible; MJ12bot/v1.4.2; http://www.majestic12.co.uk/bot.php?+)"
76.72.167.164 - - [09/Apr/2012:02:50:54 +0200] "GET /news.php?cs_go=archiv&cs_id=2679 HTTP/1.0" 200 10667 "-" "Mozilla/5.0 (compatible; MJ12bot/v1.4.2; http://www.majestic12.co.uk/bot.php?+)"
76.72.167.164 - - [09/Apr/2012:02:50:56 +0200] "GET /news.php?cs_go=archiv&cs_id=2680 HTTP/1.0" 200 13613 "-" "Mozilla/5.0 (compatible; MJ12bot/v1.4.2; http://www.majestic12.co.uk/bot.php?+)"
76.72.167.164 - - [09/Apr/2012:02:50:58 +0200] "GET /news.php?cs_go=archiv&cs_id=2681 HTTP/1.0" 200 10154 "-" "Mozilla/5.0 (compatible; MJ12bot/v1.4.2; http://www.majestic12.co.uk/bot.php?+)"
76.72.167.164 - - [09/Apr/2012:02:51:00 +0200] "GET /news.php?cs_go=archiv&cs_id=2682 HTTP/1.0" 200 10584 "-" "Mozilla/5.0 (compatible; MJ12bot/v1.4.2; http://www.majestic12.co.uk/bot.php?+)"
76.72.167.164 - - [09/Apr/2012:02:51:02 +0200] "GET /news.php?cs_go=archiv&cs_id=2683 HTTP/1.0" 200 13555 "-" "Mozilla/5.0 (compatible; MJ12bot/v1.4.2; http://www.majestic12.co.uk/bot.php?+)"
76.72.167.164 - - [09/Apr/2012:02:51:04 +0200] "GET /news.php?cs_go=archiv&cs_id=2684 HTTP/1.0" 200 10001 "-" "Mozilla/5.0 (compatible; MJ12bot/v1.4.2; http://www.majestic12.co.uk/bot.php?+)"
76.72.167.164 - - [09/Apr/2012:02:51:05 +0200] "GET /news.php?cs_go=archiv&cs_id=2685 HTTP/1.0" 200 9646 "-" "Mozilla/5.0 (compatible; MJ12bot/v1.4.2; http://www.majestic12.co.uk/bot.php?+)"
76.72.167.164 - - [09/Apr/2012:02:51:07 +0200] "GET /news.php?cs_go=archiv&cs_id=2686 HTTP/1.0" 200 10124 "-" "Mozilla/5.0 (compatible; MJ12bot/v1.4.2; http://www.majestic12.co.uk/bot.php?+)"
76.72.167.164 - - [09/Apr/2012:02:51:09 +0200] "GET /news.php?cs_go=archiv&cs_id=2687 HTTP/1.0" 200 10244 "-" "Mozilla/5.0 (compatible; MJ12bot/v1.4.2; http://www.majestic12.co.uk/bot.php?+)"
76.72.167.164 - - [09/Apr/2012:02:51:10 +0200] "GET /news.php?cs_go=archiv&cs_id=2688 HTTP/1.0" 200 13852 "-" "Mozilla/5.0 (compatible; MJ12bot/v1.4.2; http://www.majestic12.co.uk/bot.php?+)"
76.72.167.164 - - [09/Apr/2012:02:51:12 +0200] "GET /news.php?cs_go=archiv&cs_id=2689 HTTP/1.0" 200 10303 "-" "Mozilla/5.0 (compatible; MJ12bot/v1.4.2; http://www.majestic12.co.uk/bot.php?+)"
76.72.167.164 - - [09/Apr/2012:02:51:14 +0200] "GET /news.php?cs_go=archiv&cs_id=2690 HTTP/1.0" 200 10405 "-" "Mozilla/5.0 (compatible; MJ12bot/v1.4.2; http://www.majestic12.co.uk/bot.php?+)"
76.72.167.164 - - [09/Apr/2012:02:51:16 +0200] "GET /news.php?cs_go=archiv&cs_id=2691 HTTP/1.0" 200 13867 "-" "Mozilla/5.0 (compatible; MJ12bot/v1.4.2; http://www.majestic12.co.uk/bot.php?+)"
95.108.128.242 - - [09/Apr/2012:03:13:45 +0200] "GET /agb.php HTTP/1.1" 200 19709 "-" "Mozilla/5.0 (compatible; YandexBot/3.0; +http://yandex.com/bots)"
66.249.66.149 - - [09/Apr/2012:03:17:22 +0200] "GET /news.php?cs_go=archiv&cs_id=2821&cs_search= HTTP/1.1" 200 9969 "-" "Mozilla/5.0 (compatible; Googlebot/2.1; +http://www.google.com/bot.html)"
66.249.71.12 - - [09/Apr/2012:03:23:08 +0200] "GET /news.php?cs_go=archiv&cs_id=2639&cs_search= HTTP/1.1" 200 13882 "-" "Mozilla/5.0 (compatible; Googlebot/2.1; +http://www.google.com/bot.html)"
66.249.71.12 - - [09/Apr/2012:03:26:59 +0200] "GET /news.php?cs_go=archiv&cs_id=2748&cs_search= HTTP/1.1" 200 11682 "-" "Mozilla/5.0 (compatible; Googlebot/2.1; +http://www.google.com/bot.html)"
65.36.241.79 - - [09/Apr/2012:03:33:04 +0200] "HEAD / HTTP/1.1" 200 - "-" "InternetSeer.com"
208.115.111.75 - - [09/Apr/2012:03:33:58 +0200] "GET /robots.txt HTTP/1.1" 200 177 "-" "Mozilla/5.0 (compatible; Ezooms/1.0; ezooms.bot@gmail.com)"
66.249.66.149 - - [09/Apr/2012:03:34:40 +0200] "GET /news.php?cs_go=archiv&cs_id=2638 HTTP/1.1" 200 10583 "-" "Mozilla/5.0 (compatible; Googlebot/2.1; +http://www.google.com/bot.html)"
66.249.66.149 - - [09/Apr/2012:03:44:17 +0200] "GET /news.php?cs_go=archiv&cs_id=2749&cs_search= HTTP/1.1" 200 12498 "-" "Mozilla/5.0 (compatible; Googlebot/2.1; +http://www.google.com/bot.html)"
66.249.71.12 - - [09/Apr/2012:03:48:08 +0200] "GET /news.php?cs_go=archiv&cs_id=2637 HTTP/1.1" 200 9821 "-" "Mozilla/5.0 (compatible; Googlebot/2.1; +http://www.google.com/bot.html)"
66.249.66.149 - - [09/Apr/2012:03:53:54 +0200] "GET /news.php?cs_go=archiv&cs_id=2636 HTTP/1.1" 200 10121 "-" "Mozilla/5.0 (compatible; Googlebot/2.1; +http://www.google.com/bot.html)"
123.125.71.110 - - [09/Apr/2012:03:54:23 +0200] "GET / HTTP/1.1" 200 15333 "-" "Mozilla/5.0 (compatible; Baiduspider/2.0; +http://www.baidu.com/search/spider.html)"
123.125.71.99 - - [09/Apr/2012:03:58:13 +0200] "GET /news.php?cs_go=archiv&cs_id=2950 HTTP/1.1" 200 12465 "-" "Mozilla/5.0 (compatible; Baiduspider/2.0; +http://www.baidu.com/search/spider.html)"
123.125.71.85 - - [09/Apr/2012:04:02:04 +0200] "GET /news.php?cs_go=archiv&cs_id=2962 HTTP/1.1" 200 11313 "-" "Mozilla/5.0 (compatible; Baiduspider/2.0; +http://www.baidu.com/search/spider.html)"
123.125.71.102 - - [09/Apr/2012:04:05:54 +0200] "GET /news.php?cs_go=archiv&cs_id=2961 HTTP/1.1" 200 11652 "-" "Mozilla/5.0 (compatible; Baiduspider/2.0; +http://www.baidu.com/search/spider.html)"
123.125.71.21 - - [09/Apr/2012:04:09:43 +0200] "GET /news.php?cs_go=archiv&cs_id=2972 HTTP/1.1" 200 14106 "-" "Mozilla/5.0 (compatible; Baiduspider/2.0; +http://www.baidu.com/search/spider.html)"
66.249.66.149 - - [09/Apr/2012:04:13:06 +0200] "GET /news.php?cs_go=archiv&cs_id=2830&cs_search= HTTP/1.1" 200 12845 "-" "Mozilla/5.0 (compatible; Googlebot/2.1; +http://www.google.com/bot.html)"
208.115.111.75 - - [09/Apr/2012:04:44:14 +0200] "GET /news.php HTTP/1.1" 200 22302 "-" "Mozilla/5.0 (compatible; Ezooms/1.0; ezooms.bot@gmail.com)"
66.249.71.12 - - [09/Apr/2012:05:06:56 +0200] "GET /news.php?cs_go=archiv&cs_startpos=640 HTTP/1.1" 200 23076 "-" "Mozilla/5.0 (compatible; Googlebot/2.1; +http://www.google.com/bot.html)"
66.249.66.149 - - [09/Apr/2012:05:43:28 +0200] "GET /news.php?cs_go=archiv&cs_id=2831&cs_search= HTTP/1.1" 200 14255 "-" "Mozilla/5.0 (compatible; Googlebot/2.1; +http://www.google.com/bot.html)"
76.72.167.164 - - [09/Apr/2012:05:56:40 +0200] "GET /robots.txt HTTP/1.0" 200 177 "-" "Mozilla/5.0 (compatible; MJ12bot/v1.4.2; http://www.majestic12.co.uk/bot.php?+)"
76.72.167.164 - - [09/Apr/2012:05:56:42 +0200] "GET / HTTP/1.0" 200 15333 "-" "Mozilla/5.0 (compatible; MJ12bot/v1.4.2; http://www.majestic12.co.uk/bot.php?+)"
66.249.71.12 - - [09/Apr/2012:05:58:50 +0200] "GET /news.php?cs_go=archiv&cs_startpos=1 HTTP/1.1" 200 22489 "-" "Mozilla/5.0 (compatible; Googlebot/2.1; +http://www.google.com/bot.html)"
66.249.71.12 - - [09/Apr/2012:06:02:28 +0200] "GET /news.php HTTP/1.1" 200 22302 "-" "Mozilla/5.0 (iPhone; U; CPU iPhone OS 4_1 like Mac OS X; en-us) AppleWebKit/532.9 (KHTML, like Gecko) Version/4.0.5 Mobile/8B117 Safari/6531.22.7 (compatible; Googlebot-Mobile/2.1; +http://www.google.com/bot.html)"
207.46.204.240 - - [09/Apr/2012:07:34:32 +0200] "GET /robots.txt HTTP/1.1" 200 177 "-" "Mozilla/5.0 (compatible; bingbot/2.0; +http://www.bing.com/bingbot.htm)"
207.46.204.240 - - [09/Apr/2012:07:35:15 +0200] "GET / HTTP/1.1" 200 15333 "-" "Mozilla/5.0 (compatible; bingbot/2.0; +http://www.bing.com/bingbot.htm)"
95.108.128.242 - - [09/Apr/2012:07:48:08 +0200] "GET /robots.txt HTTP/1.1" 200 177 "-" "Mozilla/5.0 (compatible; YandexBot/3.0; +http://yandex.com/bots)"
93.219.22.109 - - [09/Apr/2012:08:12:24 +0200] "GET /energiesparcheck.php HTTP/1.1" 200 13403 "http://www.mink-gmbh.de/modernisierung.php?cs_gp_go=description" "Mozilla/5.0 (Windows NT 6.1; rv:11.0) Gecko/20100101 Firefox/11.0"
65.36.241.79 - - [09/Apr/2012:08:17:20 +0200] "HEAD / HTTP/1.1" 200 - "-" "InternetSeer.com"
92.226.58.0 - - [09/Apr/2012:08:48:11 +0200] "GET / HTTP/1.1" 200 1519 "http://www.gelbeseiten.de/yp/122/subscriberlist_pageAction.yp?sessionDataString=H4sIAAAAAAAAAFVOu07DQBD8GpcX3d7uvTQVROFRIBBItOiM1-pDIMsG2AsnX48IpmG6eGio1kYbEpoltMMLiTWqLmLYRrqnExrEacSqp1DUcIZ8OCLtBx49OUa517LsBUrmbRdF66Ka-pm2Zd-pO3L2z8JaR5Lo5OW8f0TDTmHmZkDvteRPZG9AF-pEg2WLI-pXoSfBDkSVE/Hq38U4s4US8ESJvM86EK10v3Vncj9rrsQxnPJD1wXPOEvAoNiQ8WTwbwnaNV3wpVnGLV0cRcbFbTtm6nEkc/gDbBEvpIwEAAA-e-e&page=1&filterTrade=&filterFunction=&sortBy=relevanz&availableLetters=ABCDEFGHIJKLMNOPQRSTUVWZ" "Mozilla/4.0 (compatible; MSIE 7.0; Windows NT 6.1; Trident/5.0; SLCC2; .NET CLR 2.0.50727; .NET CLR 3.5.30729; .NET CLR 3.0.30729; .NET4.0C; CIBA; BRI/2; MALC; 360SE)"
130.83.167.153 - - [09/Apr/2012:08:50:32 +0200] "GET /news.php?cs_go=archiv HTTP/1.1" 200 9845 "-" "findlinks/2.1.5 (+http://wortschatz.uni-leipzig.de/findlinks/)"
130.83.167.153 - - [09/Apr/2012:08:50:32 +0200] "GET /news.php?cs_go=archiv HTTP/1.1" 200 22215 "-" "findlinks/2.1.5 (+http://wortschatz.uni-leipzig.de/findlinks/)"
207.46.204.240 - - [09/Apr/2012:10:37:39 +0200] "GET /robots.txt HTTP/1.1" 200 177 "-" "Mozilla/5.0 (compatible; bingbot/2.0; +http://www.bing.com/bingbot.htm)"
207.46.204.240 - - [09/Apr/2012:10:38:17 +0200] "GET /kontakt.php HTTP/1.1" 200 9127 "-" "Mozilla/5.0 (compatible; bingbot/2.0; +http://www.bing.com/bingbot.htm)"
66.249.71.12 - - [09/Apr/2012:11:10:14 +0200] "GET /robots.txt HTTP/1.1" 200 177 "-" "Mozilla/5.0 (compatible; Googlebot/2.1; +http://www.google.com/bot.html)"
66.249.66.149 - - [09/Apr/2012:11:10:14 +0200] "GET /news.php?cs_go=archiv&cs_id=2702 HTTP/1.1" 200 13293 "-" "Mozilla/5.0 (compatible; Googlebot/2.1; +http://www.google.com/bot.html)"
66.249.66.149 - - [09/Apr/2012:11:14:05 +0200] "GET /news.php?cs_go=archiv&cs_id=2700 HTTP/1.1" 200 13611 "-" "Mozilla/5.0 (compatible; Googlebot/2.1; +http://www.google.com/bot.html)"
66.249.71.12 - - [09/Apr/2012:11:46:47 +0200] "GET /news.php?cs_go=archiv&cs_id=2753&cs_search= HTTP/1.1" 200 9868 "-" "Mozilla/5.0 (compatible; Googlebot/2.1; +http://www.google.com/bot.html)"
66.249.66.149 - - [09/Apr/2012:12:00:14 +0200] "GET /news.php?cs_go=archiv&cs_id=2750 HTTP/1.1" 200 13648 "-" "Mozilla/5.0 (compatible; Googlebot/2.1; +http://www.google.com/bot.html)"
66.249.66.149 - - [09/Apr/2012:12:27:10 +0200] "GET /news.php?cs_go=archiv&cs_id=2757&cs_search= HTTP/1.1" 200 14094 "-" "Mozilla/5.0 (compatible; Googlebot/2.1; +http://www.google.com/bot.html)"
66.249.66.149 - - [09/Apr/2012:12:49:54 +0200] "GET /news.php?cs_go=archiv&cs_id=2756&cs_search= HTTP/1.1" 200 9682 "-" "Mozilla/5.0 (compatible; Googlebot/2.1; +http://www.google.com/bot.html)"
66.249.66.149 - - [09/Apr/2012:12:51:51 +0200] "GET /news.php?cs_go=archiv&cs_id=2758&cs_search= HTTP/1.1" 200 9972 "-" "Mozilla/5.0 (compatible; Googlebot/2.1; +http://www.google.com/bot.html)"
66.249.66.149 - - [09/Apr/2012:12:57:00 +0200] "GET /news.php?cs_go=archiv&cs_id=2760&cs_search= HTTP/1.1" 200 11067 "-" "Mozilla/5.0 (compatible; Googlebot/2.1; +http://www.google.com/bot.html)"
66.249.66.149 - - [09/Apr/2012:13:01:54 +0200] "GET /news.php?cs_go=archiv&cs_id=2759&cs_search= HTTP/1.1" 200 12167 "-" "Mozilla/5.0 (compatible; Googlebot/2.1; +http://www.google.com/bot.html)"
66.249.66.149 - - [09/Apr/2012:13:03:33 +0200] "GET /news.php?cs_go=archiv&cs_id=2761&cs_search= HTTP/1.1" 200 13593 "-" "Mozilla/5.0 (compatible; Googlebot/2.1; +http://www.google.com/bot.html)"
65.36.241.79 - - [09/Apr/2012:13:13:09 +0200] "HEAD / HTTP/1.1" 200 - "-" "InternetSeer.com"
66.249.66.149 - - [09/Apr/2012:13:16:45 +0200] "GET /news.php?cs_go=archiv&cs_id=2762&cs_search= HTTP/1.1" 200 10458 "-" "Mozilla/5.0 (compatible; Googlebot/2.1; +http://www.google.com/bot.html)"
66.249.66.149 - - [09/Apr/2012:13:29:15 +0200] "GET /news.php?cs_go=archiv HTTP/1.1" 200 22284 "-" "Mozilla/5.0 (compatible; Googlebot/2.1; +http://www.google.com/bot.html)"
66.249.66.149 - - [09/Apr/2012:14:05:35 +0200] "GET /news.php?cs_go=archiv&cs_id=2963&cs_search= HTTP/1.1" 200 11074 "-" "Mozilla/5.0 (compatible; Googlebot/2.1; +http://www.google.com/bot.html)"
130.83.167.153 - - [09/Apr/2012:14:44:32 +0200] "GET /news.php HTTP/1.1" 200 9845 "-" "findlinks/2.1.5 (+http://wortschatz.uni-leipzig.de/findlinks/)"
130.83.167.153 - - [09/Apr/2012:14:44:32 +0200] "GET /news.php HTTP/1.1" 200 22197 "-" "findlinks/2.1.5 (+http://wortschatz.uni-leipzig.de/findlinks/)"
194.124.140.39 - - [09/Apr/2012:15:26:48 +0200] "GET /modul.css HTTP/1.1" 200 35038 "-" "Mozilla/4.0 (compatible;)"
194.124.140.39 - - [09/Apr/2012:15:26:48 +0200] "GET /style.css HTTP/1.1" 200 8418 "http://www.mink-gmbh.de/kwk.php" "Mozilla/4.0 (compatible; MSIE 7.0; Windows NT 5.1; .NET CLR 1.1.4322; InfoPath.2; .NET CLR 2.0.50727; .NET CLR 3.0.04506.648; .NET CLR 3.5.21022; .NET CLR 3.0.4506.2152; .NET CLR 3.5.30729)"
199.19.249.196 - - [09/Apr/2012:15:26:48 +0200] "GET /kwk.php HTTP/1.1" 200 10815 "-" "Mozilla/4.0 (compatible; MSIE 7.0; Windows NT 5.1; InfoPath.1; .NET CLR 2.0.50727; .NET CLR 1.1.4322; MS-RTC LM 8; .NET CLR 3.0.4506.2152; .NET CLR 3.5.30729)"
194.124.140.39 - - [09/Apr/2012:15:26:48 +0200] "GET /kwk.php HTTP/1.1" 200 10815 "http://www.google.ch/search?q=mini+bhkw+%C3%B6l&hl=de&gbv=2&prmd=ivns&ei=HuKCT631DMGZOtaU3IIH&start=50&sa=N" "Mozilla/4.0 (compatible; MSIE 7.0; Windows NT 5.1; .NET CLR 1.1.4322; InfoPath.2; .NET CLR 2.0.50727; .NET CLR 3.0.04506.648; .NET CLR 3.5.21022; .NET CLR 3.0.4506.2152; .NET CLR 3.5.30729)"
194.124.140.39 - - [09/Apr/2012:15:26:48 +0200] "GET /images/kwk.gif HTTP/1.1" 200 6403 "-" "Mozilla/4.0 (compatible;)"
194.124.140.39 - - [09/Apr/2012:15:26:48 +0200] "GET /images/logos.jpg HTTP/1.1" 200 15002 "-" "Mozilla/4.0 (compatible;)"
194.124.140.39 - - [09/Apr/2012:15:26:48 +0200] "GET /images/wunschpreis.jpg HTTP/1.1" 200 16767 "-" "Mozilla/4.0 (compatible;)"
194.124.140.39 - - [09/Apr/2012:15:26:48 +0200] "GET /images/mail.jpg HTTP/1.1" 200 11165 "-" "Mozilla/4.0 (compatible;)"
194.124.140.39 - - [09/Apr/2012:15:26:48 +0200] "GET /images/freecall.jpg HTTP/1.1" 200 39195 "-" "Mozilla/4.0 (compatible;)"
194.124.140.39 - - [09/Apr/2012:15:26:49 +0200] "GET /images/bg.jpg HTTP/1.1" 200 345 "http://www.mink-gmbh.de/kwk.php" "Mozilla/4.0 (compatible; MSIE 7.0; Windows NT 5.1; .NET CLR 1.1.4322; InfoPath.2; .NET CLR 2.0.50727; .NET CLR 3.0.04506.648; .NET CLR 3.5.21022; .NET CLR 3.0.4506.2152; .NET CLR 3.5.30729)"
194.124.140.39 - - [09/Apr/2012:15:26:49 +0200] "GET /images/newsletter_bg.jpg HTTP/1.1" 200 33610 "http://www.mink-gmbh.de/kwk.php" "Mozilla/4.0 (compatible; MSIE 7.0; Windows NT 5.1; .NET CLR 1.1.4322; InfoPath.2; .NET CLR 2.0.50727; .NET CLR 3.0.04506.648; .NET CLR 3.5.21022; .NET CLR 3.0.4506.2152; .NET CLR 3.5.30729)"
194.124.140.39 - - [09/Apr/2012:15:26:49 +0200] "GET /images/wrapperbg.jpg HTTP/1.1" 200 27465 "http://www.mink-gmbh.de/kwk.php" "Mozilla/4.0 (compatible; MSIE 7.0; Windows NT 5.1; .NET CLR 1.1.4322; InfoPath.2; .NET CLR 2.0.50727; .NET CLR 3.0.04506.648; .NET CLR 3.5.21022; .NET CLR 3.0.4506.2152; .NET CLR 3.5.30729)"
194.124.140.39 - - [09/Apr/2012:15:26:49 +0200] "GET /images/navibg.png HTTP/1.1" 200 2803 "http://www.mink-gmbh.de/kwk.php" "Mozilla/4.0 (compatible; MSIE 7.0; Windows NT 5.1; .NET CLR 1.1.4322; InfoPath.2; .NET CLR 2.0.50727; .NET CLR 3.0.04506.648; .NET CLR 3.5.21022; .NET CLR 3.0.4506.2152; .NET CLR 3.5.30729)"
194.124.140.39 - - [09/Apr/2012:15:26:49 +0200] "GET /images/header.jpg HTTP/1.1" 200 24413 "http://www.mink-gmbh.de/kwk.php" "Mozilla/4.0 (compatible; MSIE 7.0; Windows NT 5.1; .NET CLR 1.1.4322; InfoPath.2; .NET CLR 2.0.50727; .NET CLR 3.0.04506.648; .NET CLR 3.5.21022; .NET CLR 3.0.4506.2152; .NET CLR 3.5.30729)"
194.124.140.39 - - [09/Apr/2012:15:26:49 +0200] "GET /images/footerbg.jpg HTTP/1.1" 200 2184 "http://www.mink-gmbh.de/kwk.php" "Mozilla/4.0 (compatible; MSIE 7.0; Windows NT 5.1; .NET CLR 1.1.4322; InfoPath.2; .NET CLR 2.0.50727; .NET CLR 3.0.04506.648; .NET CLR 3.5.21022; .NET CLR 3.0.4506.2152; .NET CLR 3.5.30729)"
194.124.140.39 - - [09/Apr/2012:15:26:49 +0200] "GET /images/close.png HTTP/1.1" 200 703 "http://www.mink-gmbh.de/kwk.php" "Mozilla/4.0 (compatible; MSIE 7.0; Windows NT 5.1; .NET CLR 1.1.4322; InfoPath.2; .NET CLR 2.0.50727; .NET CLR 3.0.04506.648; .NET CLR 3.5.21022; .NET CLR 3.0.4506.2152; .NET CLR 3.5.30729)"
194.124.140.39 - - [09/Apr/2012:15:26:49 +0200] "GET /images/newsletter.png HTTP/1.1" 200 14619 "http://www.mink-gmbh.de/kwk.php" "Mozilla/4.0 (compatible; MSIE 7.0; Windows NT 5.1; .NET CLR 1.1.4322; InfoPath.2; .NET CLR 2.0.50727; .NET CLR 3.0.04506.648; .NET CLR 3.5.21022; .NET CLR 3.0.4506.2152; .NET CLR 3.5.30729)"
194.124.140.39 - - [09/Apr/2012:15:26:50 +0200] "GET /favicon.ico HTTP/1.1" 200 3638 "-" "Mozilla/4.0 (compatible; MSIE 7.0; Windows NT 5.1; .NET CLR 1.1.4322; InfoPath.2; .NET CLR 2.0.50727; .NET CLR 3.0.04506.648; .NET CLR 3.5.21022; .NET CLR 3.0.4506.2152; .NET CLR 3.5.30729)"
77.20.4.67 - - [09/Apr/2012:15:28:01 +0200] "GET /index.php HTTP/1.1" 200 1519 "-" "findlinks/2.0.2 (+http://wortschatz.uni-leipzig.de/findlinks/)"
77.20.4.67 - - [09/Apr/2012:15:28:01 +0200] "GET /index.php HTTP/1.1" 200 15291 "-" "findlinks/2.0.2 (+http://wortschatz.uni-leipzig.de/findlinks/)"
77.185.5.37 - - [09/Apr/2012:15:43:03 +0200] "GET / HTTP/1.1" 200 1519 "http://www.gelbeseiten.de/yp/122/search.yp?subject=%D6lheizungen&location=Berlin&direction=regional&pid=epro&zanpid=1624425774604342278&rz=122" "Mozilla/4.0 (compatible; MSIE 8.0; Windows NT 6.1; Trident/4.0; SLCC2; .NET CLR 2.0.50727; .NET CLR 3.5.30729; .NET CLR 3.0.30729; Media Center PC 6.0; Tablet PC 2.0; .NET4.0C)"
208.115.113.91 - - [09/Apr/2012:15:47:11 +0200] "GET /robots.txt HTTP/1.1" 200 177 "-" "Mozilla/5.0 (compatible; Ezooms/1.0; ezooms.bot@gmail.com)"
66.249.71.12 - - [09/Apr/2012:15:48:23 +0200] "GET /standard.php HTTP/1.1" 200 9150 "-" "Mozilla/5.0 (iPhone; U; CPU iPhone OS 4_1 like Mac OS X; en-us) AppleWebKit/532.9 (KHTML, like Gecko) Version/4.0.5 Mobile/8B117 Safari/6531.22.7 (compatible; Googlebot-Mobile/2.1; +http://www.google.com/bot.html)"
66.249.66.149 - - [09/Apr/2012:16:20:14 +0200] "GET /news.php?cs_go=archiv&cs_id=234&cs_search= HTTP/1.1" 200 7819 "-" "Mozilla/5.0 (compatible; Googlebot/2.1; +http://www.google.com/bot.html)"
79.201.117.74 - - [09/Apr/2012:16:36:15 +0200] "GET /energiesparcheck.php HTTP/1.1" 200 13403 "http://www.mink-gmbh.de/modernisierung.php?cs_gp_go=description" "Mozilla/5.0 (Windows NT 6.1; rv:11.0) Gecko/20100101 Firefox/11.0"
66.249.71.12 - - [09/Apr/2012:16:37:28 +0200] "GET /news.php?cs_go=archiv&cs_id=2561&cs_search= HTTP/1.1" 200 14456 "-" "Mozilla/5.0 (compatible; Googlebot/2.1; +http://www.google.com/bot.html)"
66.249.66.149 - - [09/Apr/2012:16:42:23 +0200] "GET /news.php?cs_go=archiv&cs_id=2562&cs_search= HTTP/1.1" 200 9408 "-" "Mozilla/5.0 (compatible; Googlebot/2.1; +http://www.google.com/bot.html)"
66.249.66.149 - - [09/Apr/2012:16:44:51 +0200] "GET /news.php?cs_go=archiv&cs_id=2567&cs_search= HTTP/1.1" 200 14768 "-" "Mozilla/5.0 (compatible; Googlebot/2.1; +http://www.google.com/bot.html)"
66.249.66.149 - - [09/Apr/2012:16:47:18 +0200] "GET /news.php?cs_go=archiv&cs_id=2572&cs_search= HTTP/1.1" 200 9266 "-" "Mozilla/5.0 (compatible; Googlebot/2.1; +http://www.google.com/bot.html)"
176.9.0.13 - - [09/Apr/2012:16:57:49 +0200] "GET /robots.txt HTTP/1.1" 200 177 "-" "Pixray-Seeker/1.1 (Pixray-Seeker; http://www.pixray.com/pixraybot; crawler@pixray.com)"
176.9.0.13 - - [09/Apr/2012:16:57:49 +0200] "GET /news.php?cs_go=archiv&cs_id=2844&cs_search= HTTP/1.1" 200 10712 "-" "Pixray-Seeker/1.1 (Pixray-Seeker; http://www.pixray.com/pixraybot; crawler@pixray.com)"
176.9.0.13 - - [09/Apr/2012:16:58:12 +0200] "GET /news.php?cs_go=archiv&cs_id=2845&cs_search= HTTP/1.1" 200 10885 "-" "Pixray-Seeker/1.1 (Pixray-Seeker; http://www.pixray.com/pixraybot; crawler@pixray.com)"
176.9.0.13 - - [09/Apr/2012:16:58:17 +0200] "GET /news.php?cs_go=archiv&cs_startpos=1181 HTTP/1.1" 200 22932 "-" "Pixray-Seeker/1.1 (Pixray-Seeker; http://www.pixray.com/pixraybot; crawler@pixray.com)"
176.9.0.13 - - [09/Apr/2012:17:00:07 +0200] "GET /news.php?cs_go=archiv&cs_id=2871&cs_search= HTTP/1.1" 200 13507 "-" "Pixray-Seeker/1.1 (Pixray-Seeker; http://www.pixray.com/pixraybot; crawler@pixray.com)"
66.249.66.149 - - [09/Apr/2012:17:00:57 +0200] "GET /news.php?cs_go=archiv&cs_id=2918 HTTP/1.1" 200 13467 "-" "Mozilla/5.0 (iPhone; U; CPU iPhone OS 4_1 like Mac OS X; en-us) AppleWebKit/532.9 (KHTML, like Gecko) Version/4.0.5 Mobile/8B117 Safari/6531.22.7 (compatible; Googlebot-Mobile/2.1; +http://www.google.com/bot.html)"
66.249.71.12 - - [09/Apr/2012:17:06:59 +0200] "GET /news.php?cs_go=archiv&cs_id=2622&cs_search= HTTP/1.1" 200 13282 "-" "Mozilla/5.0 (compatible; Googlebot/2.1; +http://www.google.com/bot.html)"
77.20.154.156 - - [09/Apr/2012:17:08:18 +0200] "GET /news.php?cs_go=archiv&cs_id=2921 HTTP/1.1" 200 11472 "-" "findlinks/2.0.2 (+http://wortschatz.uni-leipzig.de/findlinks/)"
77.20.154.156 - - [09/Apr/2012:17:08:18 +0200] "GET /news.php?cs_go=archiv&cs_id=2921 HTTP/1.1" 200 13449 "-" "findlinks/2.0.2 (+http://wortschatz.uni-leipzig.de/findlinks/)"
208.115.113.91 - - [09/Apr/2012:17:17:29 +0200] "GET /lexikon.php?cs_go=2&cs_char=w HTTP/1.1" 200 8518 "-" "Mozilla/5.0 (compatible; Ezooms/1.0; ezooms.bot@gmail.com)"
123.125.71.12 - - [09/Apr/2012:17:37:30 +0200] "GET / HTTP/1.1" 200 13227 "-" "Mozilla/5.0 (compatible; Baiduspider/2.0; +http://www.baidu.com/search/spider.html)"
220.181.108.81 - - [09/Apr/2012:17:38:18 +0200] "GET / HTTP/1.1" 200 8688 "-" "Mozilla/5.0 (compatible; Baiduspider/2.0; +http://www.baidu.com/search/spider.html)"
66.249.66.149 - - [09/Apr/2012:17:43:54 +0200] "GET /news.php?cs_go=archiv&cs_id=2565&cs_search= HTTP/1.1" 200 9411 "-" "Mozilla/5.0 (compatible; Googlebot/2.1; +http://www.google.com/bot.html)"
66.249.66.149 - - [09/Apr/2012:17:46:21 +0200] "GET /news.php?cs_go=archiv&cs_id=2820 HTTP/1.1" 200 14190 "-" "Mozilla/5.0 (compatible; Googlebot/2.1; +http://www.google.com/bot.html)"
77.185.5.37 - - [09/Apr/2012:17:59:07 +0200] "GET / HTTP/1.1" 200 1519 "http://www.gelbeseiten.de/yp/122/search.yp?subject=%D6lheizungen&location=Berlin&direction=regional&pid=epro&zanpid=1624425774604342278&rz=122" "Mozilla/4.0 (compatible; MSIE 8.0; Windows NT 6.1; Trident/4.0; SLCC2; .NET CLR 2.0.50727; .NET CLR 3.5.30729; .NET CLR 3.0.30729; Media Center PC 6.0; Tablet PC 2.0; .NET4.0C)"
46.4.92.141 - - [09/Apr/2012:18:50:14 +0200] "GET /robots.txt HTTP/1.1" 200 177 "-" "Pixray-Seeker/1.1 (Pixray-Seeker; http://www.pixray.com/pixraybot; crawler@pixray.com)"
46.4.92.141 - - [09/Apr/2012:18:50:14 +0200] "GET /news.php?cs_go=archiv&cs_id=2866&cs_search= HTTP/1.1" 200 10046 "-" "Pixray-Seeker/1.1 (Pixray-Seeker; http://www.pixray.com/pixraybot; crawler@pixray.com)"
46.4.92.141 - - [09/Apr/2012:18:50:35 +0200] "GET /news.php?cs_go=archiv&cs_startpos=81 HTTP/1.1" 200 22763 "-" "Pixray-Seeker/1.1 (Pixray-Seeker; http://www.pixray.com/pixraybot; crawler@pixray.com)"
46.4.92.141 - - [09/Apr/2012:18:50:50 +0200] "GET /news.php?cs_go=archiv&cs_id=2870&cs_search= HTTP/1.1" 200 10124 "-" "Pixray-Seeker/1.1 (Pixray-Seeker; http://www.pixray.com/pixraybot; crawler@pixray.com)"
46.4.92.141 - - [09/Apr/2012:18:51:48 +0200] "GET /news.php?cs_go=archiv&cs_id=2868&cs_search= HTTP/1.1" 200 10079 "-" "Pixray-Seeker/1.1 (Pixray-Seeker; http://www.pixray.com/pixraybot; crawler@pixray.com)"
46.4.92.141 - - [09/Apr/2012:18:52:56 +0200] "GET /news.php?cs_go=archiv&cs_id=2869&cs_search= HTTP/1.1" 200 13230 "-" "Pixray-Seeker/1.1 (Pixray-Seeker; http://www.pixray.com/pixraybot; crawler@pixray.com)"
66.249.66.149 - - [09/Apr/2012:18:58:21 +0200] "GET /news.php?cs_go=archiv&cs_id=522&cs_search= HTTP/1.1" 200 7819 "-" "Mozilla/5.0 (compatible; Googlebot/2.1; +http://www.google.com/bot.html)"
65.36.241.79 - - [09/Apr/2012:18:59:22 +0200] "HEAD / HTTP/1.1" 200 - "-" "InternetSeer.com"
184.73.118.63 - - [09/Apr/2012:19:23:51 +0200] "GET /robots.txt HTTP/1.1" 200 177 "-" "yCrawl/0.1 (crawler-feedback@yelp.com)"
184.73.118.63 - - [09/Apr/2012:19:23:51 +0200] "GET / HTTP/1.1" 200 15291 "-" "yCrawl/0.1 (crawler-feedback@yelp.com)"
208.115.113.91 - - [09/Apr/2012:19:29:11 +0200] "GET /robots.txt HTTP/1.1" 200 177 "-" "Mozilla/5.0 (compatible; Ezooms/1.0; ezooms.bot@gmail.com)"
66.249.66.149 - - [09/Apr/2012:19:37:12 +0200] "GET /wunschpreis.php HTTP/1.1" 200 11985 "-" "Mozilla/5.0 (iPhone; U; CPU iPhone OS 4_1 like Mac OS X; en-us) AppleWebKit/532.9 (KHTML, like Gecko) Version/4.0.5 Mobile/8B117 Safari/6531.22.7 (compatible; Googlebot-Mobile/2.1; +http://www.google.com/bot.html)"
66.249.71.12 - - [09/Apr/2012:20:12:27 +0200] "GET / HTTP/1.1" 200 15291 "-" "Mozilla/5.0 (compatible; Googlebot/2.1; +http://www.google.com/bot.html)"
88.131.106.22 - - [09/Apr/2012:20:31:25 +0200] "GET /robots.txt HTTP/1.0" 200 177 "-" "Mozilla/5.0 (Windows; U; Windows NT 5.1; en-US) Speedy Spider (http://www.entireweb.com/about/search_tech/speedy_spider/)"
88.131.106.22 - - [09/Apr/2012:20:31:25 +0200] "GET / HTTP/1.0" 200 15291 "-" "Mozilla/5.0 (Windows; U; Windows NT 5.1; en-US) Speedy Spider (http://www.entireweb.com/about/search_tech/speedy_spider/)"
123.125.71.29 - - [09/Apr/2012:20:38:44 +0200] "GET / HTTP/1.1" 200 8688 "-" "Mozilla/5.0 (compatible; Baiduspider/2.0; +http://www.baidu.com/search/spider.html)"
220.181.108.87 - - [09/Apr/2012:20:39:28 +0200] "GET / HTTP/1.1" 200 8688 "-" "Mozilla/5.0 (compatible; Baiduspider/2.0; +http://www.baidu.com/search/spider.html)"
213.205.42.1 - - [09/Apr/2012:20:47:33 +0200] "GET /robots.txt HTTP/1.1" 200 177 "-" "Mozilla/5.0 (compatible; IstellaBot/1.01.18 +http://www.tiscali.it/)"
213.205.42.1 - - [09/Apr/2012:20:47:38 +0200] "GET / HTTP/1.1" 200 15291 "-" "Mozilla/5.0 (compatible; IstellaBot/1.01.18 +http://www.tiscali.it/)"
188.40.85.200 - - [09/Apr/2012:20:48:10 +0200] "GET /robots.txt HTTP/1.1" 200 177 "-" "Pixray-Seeker/1.1 (Pixray-Seeker; http://www.pixray.com/pixraybot; crawler@pixray.com)"
188.40.85.200 - - [09/Apr/2012:20:48:10 +0200] "GET /news.php?cs_go=archiv&cs_id=2865&cs_search= HTTP/1.1" 200 13567 "-" "Pixray-Seeker/1.1 (Pixray-Seeker; http://www.pixray.com/pixraybot; crawler@pixray.com)"
188.40.85.200 - - [09/Apr/2012:20:49:06 +0200] "GET /news.php?cs_go=archiv&cs_id=2846&cs_search= HTTP/1.1" 200 10682 "-" "Pixray-Seeker/1.1 (Pixray-Seeker; http://www.pixray.com/pixraybot; crawler@pixray.com)"
188.40.85.200 - - [09/Apr/2012:20:51:20 +0200] "GET /news.php?cs_go=archiv&cs_id=2867&cs_search= HTTP/1.1" 200 13289 "-" "Pixray-Seeker/1.1 (Pixray-Seeker; http://www.pixray.com/pixraybot; crawler@pixray.com)"
188.40.85.200 - - [09/Apr/2012:20:53:49 +0200] "GET /news.php?cs_go=archiv&cs_id=1694&cs_search= HTTP/1.1" 200 12174 "-" "Pixray-Seeker/1.1 (Pixray-Seeker; http://www.pixray.com/pixraybot; crawler@pixray.com)"
188.40.85.200 - - [09/Apr/2012:20:58:49 +0200] "GET /news.php?cs_go=archiv&cs_id=1695&cs_search= HTTP/1.1" 200 13880 "-" "Pixray-Seeker/1.1 (Pixray-Seeker; http://www.pixray.com/pixraybot; crawler@pixray.com)"
208.115.113.91 - - [09/Apr/2012:21:18:34 +0200] "GET /lexikon.php?cs_go=2&cs_char=u HTTP/1.1" 200 8675 "-" "Mozilla/5.0 (compatible; Ezooms/1.0; ezooms.bot@gmail.com)"
184.73.118.63 - - [09/Apr/2012:21:39:42 +0200] "GET /newsletter.php HTTP/1.1" 200 8839 "-" "yCrawl/0.1 (crawler-feedback@yelp.com)"
184.73.118.63 - - [09/Apr/2012:21:39:49 +0200] "GET /index.php HTTP/1.1" 200 15291 "-" "yCrawl/0.1 (crawler-feedback@yelp.com)"
184.73.118.63 - - [09/Apr/2012:21:39:55 +0200] "GET /standard.php HTTP/1.1" 200 9150 "-" "yCrawl/0.1 (crawler-feedback@yelp.com)"
184.73.118.63 - - [09/Apr/2012:21:40:02 +0200] "GET /wunschpreis.php HTTP/1.1" 200 11985 "-" "yCrawl/0.1 (crawler-feedback@yelp.com)"
184.73.118.63 - - [09/Apr/2012:21:40:08 +0200] "GET /preisanfrage.php HTTP/1.1" 200 10636 "-" "yCrawl/0.1 (crawler-feedback@yelp.com)"
184.73.118.63 - - [09/Apr/2012:21:40:14 +0200] "GET /news.php HTTP/1.1" 200 22284 "-" "yCrawl/0.1 (crawler-feedback@yelp.com)"
184.73.118.63 - - [09/Apr/2012:21:40:20 +0200] "GET /kontakt.php HTTP/1.1" 200 9127 "-" "yCrawl/0.1 (crawler-feedback@yelp.com)"
184.73.118.63 - - [09/Apr/2012:21:40:27 +0200] "GET /impressum.php HTTP/1.1" 200 8944 "-" "yCrawl/0.1 (crawler-feedback@yelp.com)"
184.73.118.63 - - [09/Apr/2012:21:40:33 +0200] "GET /news.php?cs_go=archiv&cs_id=2963 HTTP/1.1" 200 11074 "-" "yCrawl/0.1 (crawler-feedback@yelp.com)"
184.73.118.63 - - [09/Apr/2012:21:40:42 +0200] "GET /news.php?cs_go=archiv&cs_id=2962 HTTP/1.1" 200 11313 "-" "yCrawl/0.1 (crawler-feedback@yelp.com)"
184.73.118.63 - - [09/Apr/2012:21:40:48 +0200] "GET /news.php?cs_go=archiv&cs_id=2961 HTTP/1.1" 200 11652 "-" "yCrawl/0.1 (crawler-feedback@yelp.com)"
184.73.118.63 - - [09/Apr/2012:21:40:55 +0200] "GET /news.php?cs_go=archiv&cs_id=2950 HTTP/1.1" 200 12465 "-" "yCrawl/0.1 (crawler-feedback@yelp.com)"
184.73.118.63 - - [09/Apr/2012:21:41:01 +0200] "GET /news.php?cs_go=archiv HTTP/1.1" 200 22284 "-" "yCrawl/0.1 (crawler-feedback@yelp.com)"
184.73.118.63 - - [09/Apr/2012:21:41:09 +0200] "GET /rueckrufservice.php HTTP/1.1" 200 10702 "-" "yCrawl/0.1 (crawler-feedback@yelp.com)"
184.73.118.63 - - [09/Apr/2012:21:41:16 +0200] "GET /kwk.php HTTP/1.1" 200 10815 "-" "yCrawl/0.1 (crawler-feedback@yelp.com)"
184.73.118.63 - - [09/Apr/2012:21:41:21 +0200] "GET /optiplus.php HTTP/1.1" 200 11011 "-" "yCrawl/0.1 (crawler-feedback@yelp.com)"
184.73.118.63 - - [09/Apr/2012:21:41:27 +0200] "GET /agb.php HTTP/1.1" 200 19709 "-" "yCrawl/0.1 (crawler-feedback@yelp.com)"
184.73.118.63 - - [09/Apr/2012:21:41:33 +0200] "GET /faq.php HTTP/1.1" 200 185671 "-" "yCrawl/0.1 (crawler-feedback@yelp.com)"
184.73.118.63 - - [09/Apr/2012:21:41:39 +0200] "GET /lexikon.php HTTP/1.1" 200 10427 "-" "yCrawl/0.1 (crawler-feedback@yelp.com)"
184.73.118.63 - - [09/Apr/2012:21:41:45 +0200] "GET /energiesparcheck.php HTTP/1.1" 200 13490 "-" "yCrawl/0.1 (crawler-feedback@yelp.com)"
184.73.118.63 - - [09/Apr/2012:21:41:50 +0200] "GET /foerdermittel.php HTTP/1.1" 200 12853 "-" "yCrawl/0.1 (crawler-feedback@yelp.com)"
184.73.118.63 - - [09/Apr/2012:21:41:56 +0200] "GET /modernisierung.php HTTP/1.1" 200 11511 "-" "yCrawl/0.1 (crawler-feedback@yelp.com)"
184.73.118.63 - - [09/Apr/2012:21:42:01 +0200] "GET /edl.php HTTP/1.1" 200 10732 "-" "yCrawl/0.1 (crawler-feedback@yelp.com)"
184.73.118.63 - - [09/Apr/2012:21:42:07 +0200] "GET /.php HTTP/1.1" 404 - "-" "yCrawl/0.1 (crawler-feedback@yelp.com)"
184.73.118.63 - - [09/Apr/2012:21:42:12 +0200] "GET /diesel.php HTTP/1.1" 200 10571 "-" "yCrawl/0.1 (crawler-feedback@yelp.com)"
184.73.118.63 - - [09/Apr/2012:21:42:18 +0200] "GET /additive.php HTTP/1.1" 200 15786 "-" "yCrawl/0.1 (crawler-feedback@yelp.com)"
184.73.118.63 - - [09/Apr/2012:21:42:23 +0200] "GET /news.php?cs_go=archiv&cs_id=2963&cs_search= HTTP/1.1" 200 11074 "-" "yCrawl/0.1 (crawler-feedback@yelp.com)"
184.73.118.63 - - [09/Apr/2012:21:42:29 +0200] "GET /news.php?cs_go=archiv&cs_id=2962&cs_search= HTTP/1.1" 200 11313 "-" "yCrawl/0.1 (crawler-feedback@yelp.com)"
184.73.118.63 - - [09/Apr/2012:21:42:34 +0200] "GET /news.php?cs_go=archiv&cs_id=2961&cs_search= HTTP/1.1" 200 11652 "-" "yCrawl/0.1 (crawler-feedback@yelp.com)"
184.73.118.63 - - [09/Apr/2012:21:42:40 +0200] "GET /news.php?cs_go=archiv&cs_id=2950&cs_search= HTTP/1.1" 200 12465 "-" "yCrawl/0.1 (crawler-feedback@yelp.com)"
184.73.118.63 - - [09/Apr/2012:21:42:46 +0200] "GET /news.php?cs_go=archiv&cs_id=2972&cs_search= HTTP/1.1" 200 14106 "-" "yCrawl/0.1 (crawler-feedback@yelp.com)"
184.73.118.63 - - [09/Apr/2012:21:42:51 +0200] "GET /news.php?cs_go=archiv&cs_id=2949&cs_search= HTTP/1.1" 200 11456 "-" "yCrawl/0.1 (crawler-feedback@yelp.com)"
184.73.118.63 - - [09/Apr/2012:21:42:57 +0200] "GET /news.php?cs_go=archiv&cs_id=2965&cs_search= HTTP/1.1" 200 9687 "-" "yCrawl/0.1 (crawler-feedback@yelp.com)"
184.73.118.63 - - [09/Apr/2012:21:43:02 +0200] "GET /news.php?cs_go=archiv&cs_id=2964&cs_search= HTTP/1.1" 200 13500 "-" "yCrawl/0.1 (crawler-feedback@yelp.com)"
184.73.118.63 - - [09/Apr/2012:21:43:08 +0200] "GET /news.php?cs_go=archiv&cs_id=2946&cs_search= HTTP/1.1" 200 15418 "-" "yCrawl/0.1 (crawler-feedback@yelp.com)"
184.73.118.63 - - [09/Apr/2012:21:43:14 +0200] "GET /news.php?cs_go=archiv&cs_id=2960&cs_search= HTTP/1.1" 200 9710 "-" "yCrawl/0.1 (crawler-feedback@yelp.com)"
184.73.118.63 - - [09/Apr/2012:21:43:19 +0200] "GET /news.php?cs_go=archiv&cs_startpos=0 HTTP/1.1" 200 22284 "-" "yCrawl/0.1 (crawler-feedback@yelp.com)"
184.73.118.63 - - [09/Apr/2012:21:43:25 +0200] "GET /news.php?cs_go=archiv&cs_startpos=10 HTTP/1.1" 200 22529 "-" "yCrawl/0.1 (crawler-feedback@yelp.com)"
184.73.118.63 - - [09/Apr/2012:21:43:31 +0200] "GET /news.php?cs_go=archiv&cs_startpos=20 HTTP/1.1" 200 22720 "-" "yCrawl/0.1 (crawler-feedback@yelp.com)"
184.73.118.63 - - [09/Apr/2012:21:43:37 +0200] "GET /news.php?cs_go=archiv&cs_startpos=30 HTTP/1.1" 200 22881 "-" "yCrawl/0.1 (crawler-feedback@yelp.com)"
184.73.118.63 - - [09/Apr/2012:21:43:43 +0200] "GET /news.php?cs_go=archiv&cs_startpos=40 HTTP/1.1" 200 23106 "-" "yCrawl/0.1 (crawler-feedback@yelp.com)"
184.73.118.63 - - [09/Apr/2012:21:43:48 +0200] "GET /news.php?cs_go=archiv&cs_startpos=50 HTTP/1.1" 200 23042 "-" "yCrawl/0.1 (crawler-feedback@yelp.com)"
184.73.118.63 - - [09/Apr/2012:21:43:55 +0200] "GET /news.php?cs_go=archiv&cs_startpos=1260 HTTP/1.1" 200 16735 "-" "yCrawl/0.1 (crawler-feedback@yelp.com)"
184.73.118.63 - - [09/Apr/2012:21:44:01 +0200] "GET /kwk.php?cs_go=1 HTTP/1.1" 200 10815 "-" "yCrawl/0.1 (crawler-feedback@yelp.com)"
184.73.118.63 - - [09/Apr/2012:21:44:06 +0200] "GET /kwk.php?cs_go=2 HTTP/1.1" 200 11786 "-" "yCrawl/0.1 (crawler-feedback@yelp.com)"
184.73.118.63 - - [09/Apr/2012:21:44:12 +0200] "GET /kwk.php?cs_go=3 HTTP/1.1" 200 10216 "-" "yCrawl/0.1 (crawler-feedback@yelp.com)"
184.73.118.63 - - [09/Apr/2012:21:44:18 +0200] "GET /kwk.php?cs_go=4 HTTP/1.1" 200 10186 "-" "yCrawl/0.1 (crawler-feedback@yelp.com)"
66.249.66.149 - - [09/Apr/2012:22:26:54 +0200] "GET /news.php?cs_go=archiv&cs_id=2962 HTTP/1.1" 200 11313 "-" "Mozilla/5.0 (compatible; Googlebot/2.1; +http://www.google.com/bot.html)"
66.249.66.149 - - [09/Apr/2012:22:29:10 +0200] "GET /news.php?cs_go=archiv&cs_id=2950 HTTP/1.1" 200 12465 "-" "Mozilla/5.0 (compatible; Googlebot/2.1; +http://www.google.com/bot.html)"
220.181.108.166 - - [09/Apr/2012:22:31:45 +0200] "GET /images/kwk.gif HTTP/1.1" 200 6403 "-" "Baiduspider-image+(+http://www.baidu.com/search/spider.htm)"
66.249.66.149 - - [09/Apr/2012:22:32:32 +0200] "GET /news.php?cs_go=archiv&cs_id=2961 HTTP/1.1" 200 11652 "-" "Mozilla/5.0 (compatible; Googlebot/2.1; +http://www.google.com/bot.html)"
66.249.66.149 - - [09/Apr/2012:22:35:09 +0200] "GET /news.php?cs_go=archiv&cs_id=2963 HTTP/1.1" 200 11074 "-" "Mozilla/5.0 (compatible; Googlebot/2.1; +http://www.google.com/bot.html)"
208.115.113.91 - - [09/Apr/2012:23:10:51 +0200] "GET /robots.txt HTTP/1.1" 200 177 "-" "Mozilla/5.0 (compatible; Ezooms/1.0; ezooms.bot@gmail.com)"
65.36.241.79 - - [09/Apr/2012:23:40:23 +0200] "HEAD / HTTP/1.1" 200 - "-" "InternetSeer.com"
208.115.113.91 - - [10/Apr/2012:01:09:21 +0200] "GET /robots.txt HTTP/1.1" 200 177 "-" "Mozilla/5.0 (compatible; Ezooms/1.0; ezooms.bot@gmail.com)"
88.131.106.22 - - [10/Apr/2012:01:09:53 +0200] "GET /robots.txt HTTP/1.0" 200 177 "-" "Mozilla/5.0 (Windows; U; Windows NT 5.1; en-US) Speedy Spider (http://www.entireweb.com/about/search_tech/speedy_spider/)"
88.131.106.22 - - [10/Apr/2012:01:09:53 +0200] "GET /seiten/datenschutz.php HTTP/1.0" 404 - "-" "Mozilla/5.0 (Windows; U; Windows NT 5.1; en-US) Speedy Spider (http://www.entireweb.com/about/search_tech/speedy_spider/)"
77.20.154.156 - - [10/Apr/2012:01:21:07 +0200] "GET /standard.php HTTP/1.1" 200 9150 "-" "findlinks/2.0.2 (+http://wortschatz.uni-leipzig.de/findlinks/)"
77.20.154.156 - - [10/Apr/2012:01:21:07 +0200] "GET /standard.php HTTP/1.1" 200 9063 "-" "findlinks/2.0.2 (+http://wortschatz.uni-leipzig.de/findlinks/)"
66.249.66.149 - - [10/Apr/2012:01:23:00 +0200] "GET /images/tkw.jpg HTTP/1.1" 200 64031 "-" "Googlebot-Image/1.0"
77.20.154.156 - - [10/Apr/2012:01:31:15 +0200] "GET /news.php?cs_go=archiv&cs_id=2922 HTTP/1.1" 200 9788 "-" "findlinks/2.0.2 (+http://wortschatz.uni-leipzig.de/findlinks/)"
77.20.154.156 - - [10/Apr/2012:01:31:16 +0200] "GET /news.php?cs_go=archiv&cs_id=2922 HTTP/1.1" 200 9701 "-" "findlinks/2.0.2 (+http://wortschatz.uni-leipzig.de/findlinks/)"
123.125.71.19 - - [10/Apr/2012:01:34:12 +0200] "GET / HTTP/1.1" 200 10220 "-" "Mozilla/5.0 (compatible; Baiduspider/2.0; +http://www.baidu.com/search/spider.html)"
220.181.108.84 - - [10/Apr/2012:01:34:52 +0200] "GET / HTTP/1.1" 200 6443 "-" "Mozilla/5.0 (compatible; Baiduspider/2.0; +http://www.baidu.com/search/spider.html)"
208.115.113.91 - - [10/Apr/2012:02:38:51 +0200] "GET /kwk.php?cs_go=4 HTTP/1.1" 200 10186 "-" "Mozilla/5.0 (compatible; Ezooms/1.0; ezooms.bot@gmail.com)"
208.115.113.91 - - [10/Apr/2012:02:38:55 +0200] "GET /lexikon.php?cs_go=2&cs_char=q HTTP/1.1" 200 8093 "-" "Mozilla/5.0 (compatible; Ezooms/1.0; ezooms.bot@gmail.com)"
208.115.113.91 - - [10/Apr/2012:02:38:57 +0200] "GET /news.php?cs_go=archiv&cs_startpos=1050 HTTP/1.1" 200 23106 "-" "Mozilla/5.0 (compatible; Ezooms/1.0; ezooms.bot@gmail.com)"
184.154.48.82 - - [10/Apr/2012:02:39:47 +0200] "GET /robots.txt HTTP/1.0" 200 177 "-" "Mozilla/5.0 (compatible; MJ12bot/v1.4.2; http://www.majestic12.co.uk/bot.php?+)"
184.154.48.82 - - [10/Apr/2012:02:39:48 +0200] "GET / HTTP/1.0" 200 15291 "-" "Mozilla/5.0 (compatible; MJ12bot/v1.4.2; http://www.majestic12.co.uk/bot.php?+)"
66.249.66.149 - - [10/Apr/2012:03:17:29 +0200] "GET /news.php?cs_go=archiv&cs_id=2823&cs_search= HTTP/1.1" 200 13602 "-" "Mozilla/5.0 (compatible; Googlebot/2.1; +http://www.google.com/bot.html)"
66.249.66.149 - - [10/Apr/2012:03:25:31 +0200] "GET /news.php?cs_go=archiv&cs_id=518&cs_search= HTTP/1.1" 200 7819 "-" "Mozilla/5.0 (compatible; Googlebot/2.1; +http://www.google.com/bot.html)"
91.66.92.225 - - [10/Apr/2012:03:32:59 +0200] "GET /robots.txt HTTP/1.0" 200 177 "-" "Mozilla/5.0 (compatible; MJ12bot/v1.4.2; http://www.majestic12.co.uk/bot.php?+)"
91.66.92.225 - - [10/Apr/2012:03:33:00 +0200] "GET /agb.php HTTP/1.1" 200 19709 "-" "Mozilla/5.0 (compatible; MJ12bot/v1.4.2; http://www.majestic12.co.uk/bot.php?+)"
91.66.92.225 - - [10/Apr/2012:03:33:02 +0200] "GET /news.php?cs_go=archiv&cs_id=2678 HTTP/1.1" 200 9971 "-" "Mozilla/5.0 (compatible; MJ12bot/v1.4.2; http://www.majestic12.co.uk/bot.php?+)"
91.66.92.225 - - [10/Apr/2012:03:33:07 +0200] "GET /news.php?cs_go=archiv&cs_id=2679 HTTP/1.1" 200 10667 "-" "Mozilla/5.0 (compatible; MJ12bot/v1.4.2; http://www.majestic12.co.uk/bot.php?+)"
91.66.92.225 - - [10/Apr/2012:03:33:09 +0200] "GET /news.php?cs_go=archiv&cs_id=2680 HTTP/1.1" 200 13613 "-" "Mozilla/5.0 (compatible; MJ12bot/v1.4.2; http://www.majestic12.co.uk/bot.php?+)"
91.66.92.225 - - [10/Apr/2012:03:33:11 +0200] "GET /news.php?cs_go=archiv&cs_id=2681 HTTP/1.1" 200 10154 "-" "Mozilla/5.0 (compatible; MJ12bot/v1.4.2; http://www.majestic12.co.uk/bot.php?+)"
91.66.92.225 - - [10/Apr/2012:03:33:13 +0200] "GET /news.php?cs_go=archiv&cs_id=2682 HTTP/1.1" 200 10584 "-" "Mozilla/5.0 (compatible; MJ12bot/v1.4.2; http://www.majestic12.co.uk/bot.php?+)"
91.66.92.225 - - [10/Apr/2012:03:33:16 +0200] "GET /news.php?cs_go=archiv&cs_id=2683 HTTP/1.1" 200 13555 "-" "Mozilla/5.0 (compatible; MJ12bot/v1.4.2; http://www.majestic12.co.uk/bot.php?+)"
91.66.92.225 - - [10/Apr/2012:03:33:17 +0200] "GET /news.php?cs_go=archiv&cs_id=2684 HTTP/1.1" 200 10001 "-" "Mozilla/5.0 (compatible; MJ12bot/v1.4.2; http://www.majestic12.co.uk/bot.php?+)"
91.66.92.225 - - [10/Apr/2012:03:33:20 +0200] "GET /news.php?cs_go=archiv&cs_id=2685 HTTP/1.1" 200 9646 "-" "Mozilla/5.0 (compatible; MJ12bot/v1.4.2; http://www.majestic12.co.uk/bot.php?+)"
91.66.92.225 - - [10/Apr/2012:03:33:22 +0200] "GET /news.php?cs_go=archiv&cs_id=2686 HTTP/1.1" 200 10124 "-" "Mozilla/5.0 (compatible; MJ12bot/v1.4.2; http://www.majestic12.co.uk/bot.php?+)"
91.66.92.225 - - [10/Apr/2012:03:33:23 +0200] "GET /news.php?cs_go=archiv&cs_id=2687 HTTP/1.1" 200 10244 "-" "Mozilla/5.0 (compatible; MJ12bot/v1.4.2; http://www.majestic12.co.uk/bot.php?+)"
91.66.92.225 - - [10/Apr/2012:03:33:25 +0200] "GET /news.php?cs_go=archiv&cs_id=2688 HTTP/1.1" 200 13852 "-" "Mozilla/5.0 (compatible; MJ12bot/v1.4.2; http://www.majestic12.co.uk/bot.php?+)"
91.66.92.225 - - [10/Apr/2012:03:33:27 +0200] "GET /news.php?cs_go=archiv&cs_id=2689 HTTP/1.1" 200 10303 "-" "Mozilla/5.0 (compatible; MJ12bot/v1.4.2; http://www.majestic12.co.uk/bot.php?+)"
91.66.92.225 - - [10/Apr/2012:03:33:29 +0200] "GET /news.php?cs_go=archiv&cs_id=2690 HTTP/1.1" 200 10405 "-" "Mozilla/5.0 (compatible; MJ12bot/v1.4.2; http://www.majestic12.co.uk/bot.php?+)"
91.66.92.225 - - [10/Apr/2012:03:33:31 +0200] "GET /news.php?cs_go=archiv&cs_id=2691 HTTP/1.1" 200 13867 "-" "Mozilla/5.0 (compatible; MJ12bot/v1.4.2; http://www.majestic12.co.uk/bot.php?+)"
66.249.66.149 - - [10/Apr/2012:03:33:34 +0200] "GET /news.php?cs_go=archiv&cs_id=2908&cs_search= HTTP/1.1" 200 9808 "-" "Mozilla/5.0 (compatible; Googlebot/2.1; +http://www.google.com/bot.html)"
65.36.241.79 - - [10/Apr/2012:04:17:54 +0200] "HEAD / HTTP/1.1" 200 - "-" "InternetSeer.com"
139.18.2.209 - - [10/Apr/2012:04:21:20 +0200] "GET /wunschpreis.php HTTP/1.1" 200 11985 "-" "findlinks/2.2 (+http://wortschatz.uni-leipzig.de/findlinks/)"
139.18.2.209 - - [10/Apr/2012:04:21:21 +0200] "GET /wunschpreis.php HTTP/1.1" 200 11898 "-" "findlinks/2.2 (+http://wortschatz.uni-leipzig.de/findlinks/)"
66.249.71.12 - - [10/Apr/2012:05:42:08 +0200] "GET /news.php?cs_go=archiv&cs_startpos=50 HTTP/1.1" 200 23042 "-" "Mozilla/5.0 (compatible; Googlebot/2.1; +http://www.google.com/bot.html)"
95.108.128.242 - - [10/Apr/2012:05:55:45 +0200] "GET /index.php HTTP/1.1" 200 15291 "-" "Mozilla/5.0 (compatible; YandexBot/3.0; +http://yandex.com/bots)"
91.66.92.225 - - [10/Apr/2012:06:23:57 +0200] "GET /robots.txt HTTP/1.0" 200 177 "-" "Mozilla/5.0 (compatible; MJ12bot/v1.4.2; http://www.majestic12.co.uk/bot.php?+)"
