89.247.21.52 - - [12/Apr/2012:16:29:47 +0200] "GET /images/freecall.jpg HTTP/1.1" 200 39195 "http://www.mink-gmbh.de/index.php" "Mozilla/5.0 (Windows NT 6.1; rv:11.0) Gecko/20100101 Firefox/11.0"
89.247.21.52 - - [12/Apr/2012:16:29:47 +0200] "GET /images/mail.jpg HTTP/1.1" 200 11165 "http://www.mink-gmbh.de/index.php" "Mozilla/5.0 (Windows NT 6.1; rv:11.0) Gecko/20100101 Firefox/11.0"
89.247.21.52 - - [12/Apr/2012:16:29:47 +0200] "GET /images/kwk.gif HTTP/1.1" 200 6403 "http://www.mink-gmbh.de/index.php" "Mozilla/5.0 (Windows NT 6.1; rv:11.0) Gecko/20100101 Firefox/11.0"
89.247.21.52 - - [12/Apr/2012:16:29:47 +0200] "GET /images/wunschpreis.jpg HTTP/1.1" 200 16767 "http://www.mink-gmbh.de/index.php" "Mozilla/5.0 (Windows NT 6.1; rv:11.0) Gecko/20100101 Firefox/11.0"
89.247.21.52 - - [12/Apr/2012:16:29:47 +0200] "GET /images/logos.jpg HTTP/1.1" 200 15002 "http://www.mink-gmbh.de/index.php" "Mozilla/5.0 (Windows NT 6.1; rv:11.0) Gecko/20100101 Firefox/11.0"
89.247.21.52 - - [12/Apr/2012:16:29:47 +0200] "GET /images/close.png HTTP/1.1" 200 703 "http://www.mink-gmbh.de/index.php" "Mozilla/5.0 (Windows NT 6.1; rv:11.0) Gecko/20100101 Firefox/11.0"
89.247.21.52 - - [12/Apr/2012:16:29:47 +0200] "GET /images/newsletter_bg.jpg HTTP/1.1" 200 33610 "http://www.mink-gmbh.de/index.php" "Mozilla/5.0 (Windows NT 6.1; rv:11.0) Gecko/20100101 Firefox/11.0"
89.247.21.52 - - [12/Apr/2012:16:29:47 +0200] "GET /images/newsletter.png HTTP/1.1" 200 14619 "http://www.mink-gmbh.de/style.css" "Mozilla/5.0 (Windows NT 6.1; rv:11.0) Gecko/20100101 Firefox/11.0"
89.247.21.52 - - [12/Apr/2012:16:29:47 +0200] "GET /images/wrapperbg.jpg HTTP/1.1" 200 27465 "http://www.mink-gmbh.de/style.css" "Mozilla/5.0 (Windows NT 6.1; rv:11.0) Gecko/20100101 Firefox/11.0"
89.247.21.52 - - [12/Apr/2012:16:29:47 +0200] "GET /images/header.jpg HTTP/1.1" 200 24413 "http://www.mink-gmbh.de/style.css" "Mozilla/5.0 (Windows NT 6.1; rv:11.0) Gecko/20100101 Firefox/11.0"
89.247.21.52 - - [12/Apr/2012:16:29:47 +0200] "GET /images/navibg.png HTTP/1.1" 200 2803 "http://www.mink-gmbh.de/style.css" "Mozilla/5.0 (Windows NT 6.1; rv:11.0) Gecko/20100101 Firefox/11.0"
89.247.21.52 - - [12/Apr/2012:16:29:47 +0200] "GET /images/steigend.png HTTP/1.1" 200 688 "http://www.mink-gmbh.de/modul.css" "Mozilla/5.0 (Windows NT 6.1; rv:11.0) Gecko/20100101 Firefox/11.0"
89.247.21.52 - - [12/Apr/2012:16:29:47 +0200] "GET /images/fallend.png HTTP/1.1" 200 713 "http://www.mink-gmbh.de/modul.css" "Mozilla/5.0 (Windows NT 6.1; rv:11.0) Gecko/20100101 Firefox/11.0"
89.247.21.52 - - [12/Apr/2012:16:29:47 +0200] "GET /images/mobil.jpg HTTP/1.1" 200 25293 "http://www.mink-gmbh.de/style.css" "Mozilla/5.0 (Windows NT 6.1; rv:11.0) Gecko/20100101 Firefox/11.0"
89.247.21.52 - - [12/Apr/2012:16:29:47 +0200] "GET /images/newsletter.jpg HTTP/1.1" 200 13130 "http://www.mink-gmbh.de/style.css" "Mozilla/5.0 (Windows NT 6.1; rv:11.0) Gecko/20100101 Firefox/11.0"
89.247.21.52 - - [12/Apr/2012:16:29:47 +0200] "GET /images/footerbg.jpg HTTP/1.1" 200 2184 "http://www.mink-gmbh.de/style.css" "Mozilla/5.0 (Windows NT 6.1; rv:11.0) Gecko/20100101 Firefox/11.0"
65.36.241.79 - - [12/Apr/2012:16:43:45 +0200] "HEAD / HTTP/1.1" 200 - "-" "InternetSeer.com"
208.115.113.91 - - [12/Apr/2012:17:23:46 +0200] "GET /robots.txt HTTP/1.1" 200 177 "-" "Mozilla/5.0 (compatible; Ezooms/1.0; ezooms.bot@gmail.com)"
93.219.24.27 - - [12/Apr/2012:17:25:42 +0200] "GET / HTTP/1.1" 200 15343 "-" "Mozilla/5.0 (Windows NT 6.1; rv:11.0) Gecko/20100101 Firefox/11.0"
93.219.24.27 - - [12/Apr/2012:17:25:43 +0200] "GET /js_contentserver24_greybox/loader_frame.html?s=0 HTTP/1.1" 304 - "http://www.mink-gmbh.de/" "Mozilla/5.0 (Windows NT 6.1; rv:11.0) Gecko/20100101 Firefox/11.0"
93.219.24.27 - - [12/Apr/2012:17:25:47 +0200] "GET /news.php?cs_go=archiv&cs_id=2987 HTTP/1.1" 200 14178 "http://www.mink-gmbh.de/" "Mozilla/5.0 (Windows NT 6.1; rv:11.0) Gecko/20100101 Firefox/11.0"
69.28.58.73 - - [12/Apr/2012:17:33:05 +0200] "GET /robots.txt HTTP/1.0" 200 177 "-" "nutch-1.4/Nutch-1.4"
69.28.58.73 - - [12/Apr/2012:17:33:05 +0200] "GET / HTTP/1.0" 200 15343 "-" "nutch-1.4/Nutch-1.4"
74.125.18.162 - - [12/Apr/2012:18:11:07 +0200] "GET / HTTP/1.1" 200 15343 "http://translate.google.ro/translate_p?hl=ro&prev=/search%3Fq%3Dwww.mink%2Bgmbh.de%26hl%3Dro%26rlz%3D1C1AVSX_enRO403RO406%26prmd%3Dimvns&sl=de&twu=1&u=http://www.mink-gmbh.de/&usg=ALkJrhhICza34DdJcWhpxWx_gIaehtHA4A" "Mozilla/5.0 (Windows NT 5.1) AppleWebKit/535.19 (KHTML, like Gecko) Chrome/18.0.1025.152 Safari/535.19,gzip(gfe) (via translate.google.com)"
92.80.33.226 - - [12/Apr/2012:18:11:14 +0200] "GET /style.css HTTP/1.1" 200 8418 "http://translate.googleusercontent.com/translate_c?hl=ro&prev=/search%3Fq%3Dwww.mink%2Bgmbh.de%26hl%3Dro%26rlz%3D1C1AVSX_enRO403RO406%26prmd%3Dimvns&rurl=translate.google.ro&sl=de&twu=1&u=http://www.mink-gmbh.de/&usg=ALkJrhjRbH4TjfsvZlI5aw5hDMrRllVrpQ" "Mozilla/5.0 (Windows NT 5.1) AppleWebKit/535.19 (KHTML, like Gecko) Chrome/18.0.1025.152 Safari/535.19"
92.80.33.226 - - [12/Apr/2012:18:11:14 +0200] "GET /modul.css HTTP/1.1" 200 35038 "http://translate.googleusercontent.com/translate_c?hl=ro&prev=/search%3Fq%3Dwww.mink%2Bgmbh.de%26hl%3Dro%26rlz%3D1C1AVSX_enRO403RO406%26prmd%3Dimvns&rurl=translate.google.ro&sl=de&twu=1&u=http://www.mink-gmbh.de/&usg=ALkJrhjRbH4TjfsvZlI5aw5hDMrRllVrpQ" "Mozilla/5.0 (Windows NT 5.1) AppleWebKit/535.19 (KHTML, like Gecko) Chrome/18.0.1025.152 Safari/535.19"
92.80.33.226 - - [12/Apr/2012:18:11:16 +0200] "GET /images/bg.jpg HTTP/1.1" 200 345 "http://translate.googleusercontent.com/translate_c?hl=ro&prev=/search%3Fq%3Dwww.mink%2Bgmbh.de%26hl%3Dro%26rlz%3D1C1AVSX_enRO403RO406%26prmd%3Dimvns&rurl=translate.google.ro&sl=de&twu=1&u=http://www.mink-gmbh.de/&usg=ALkJrhjRbH4TjfsvZlI5aw5hDMrRllVrpQ" "Mozilla/5.0 (Windows NT 5.1) AppleWebKit/535.19 (KHTML, like Gecko) Chrome/18.0.1025.152 Safari/535.19"
92.80.33.226 - - [12/Apr/2012:18:11:16 +0200] "GET /js_contentserver24_greybox/gb_styles.css HTTP/1.1" 200 2302 "http://translate.googleusercontent.com/translate_c?hl=ro&prev=/search%3Fq%3Dwww.mink%2Bgmbh.de%26hl%3Dro%26rlz%3D1C1AVSX_enRO403RO406%26prmd%3Dimvns&rurl=translate.google.ro&sl=de&twu=1&u=http://www.mink-gmbh.de/&usg=ALkJrhjRbH4TjfsvZlI5aw5hDMrRllVrpQ" "Mozilla/5.0 (Windows NT 5.1) AppleWebKit/535.19 (KHTML, like Gecko) Chrome/18.0.1025.152 Safari/535.19"
92.80.33.226 - - [12/Apr/2012:18:11:16 +0200] "GET /js_contentserver24_greybox/AJS.js HTTP/1.1" 200 10396 "http://translate.googleusercontent.com/translate_c?hl=ro&prev=/search%3Fq%3Dwww.mink%2Bgmbh.de%26hl%3Dro%26rlz%3D1C1AVSX_enRO403RO406%26prmd%3Dimvns&rurl=translate.google.ro&sl=de&twu=1&u=http://www.mink-gmbh.de/&usg=ALkJrhjRbH4TjfsvZlI5aw5hDMrRllVrpQ" "Mozilla/5.0 (Windows NT 5.1) AppleWebKit/535.19 (KHTML, like Gecko) Chrome/18.0.1025.152 Safari/535.19"
92.80.33.226 - - [12/Apr/2012:18:11:17 +0200] "GET /js_contentserver24_greybox/AJS_fx.js HTTP/1.1" 200 3192 "http://translate.googleusercontent.com/translate_c?hl=ro&prev=/search%3Fq%3Dwww.mink%2Bgmbh.de%26hl%3Dro%26rlz%3D1C1AVSX_enRO403RO406%26prmd%3Dimvns&rurl=translate.google.ro&sl=de&twu=1&u=http://www.mink-gmbh.de/&usg=ALkJrhjRbH4TjfsvZlI5aw5hDMrRllVrpQ" "Mozilla/5.0 (Windows NT 5.1) AppleWebKit/535.19 (KHTML, like Gecko) Chrome/18.0.1025.152 Safari/535.19"
92.80.33.226 - - [12/Apr/2012:18:11:17 +0200] "GET /js_contentserver24_greybox/gb_scripts.js HTTP/1.1" 200 11913 "http://translate.googleusercontent.com/translate_c?hl=ro&prev=/search%3Fq%3Dwww.mink%2Bgmbh.de%26hl%3Dro%26rlz%3D1C1AVSX_enRO403RO406%26prmd%3Dimvns&rurl=translate.google.ro&sl=de&twu=1&u=http://www.mink-gmbh.de/&usg=ALkJrhjRbH4TjfsvZlI5aw5hDMrRllVrpQ" "Mozilla/5.0 (Windows NT 5.1) AppleWebKit/535.19 (KHTML, like Gecko) Chrome/18.0.1025.152 Safari/535.19"
92.80.33.226 - - [12/Apr/2012:18:11:20 +0200] "GET /js_contentserver24_greybox/w_close.gif HTTP/1.1" 200 74 "http://translate.googleusercontent.com/translate_c?hl=ro&prev=/search%3Fq%3Dwww.mink%2Bgmbh.de%26hl%3Dro%26rlz%3D1C1AVSX_enRO403RO406%26prmd%3Dimvns&rurl=translate.google.ro&sl=de&twu=1&u=http://www.mink-gmbh.de/&usg=ALkJrhjRbH4TjfsvZlI5aw5hDMrRllVrpQ" "Mozilla/5.0 (Windows NT 5.1) AppleWebKit/535.19 (KHTML, like Gecko) Chrome/18.0.1025.152 Safari/535.19"
92.80.33.226 - - [12/Apr/2012:18:11:20 +0200] "GET /images/close.png HTTP/1.1" 200 703 "http://translate.googleusercontent.com/translate_c?hl=ro&prev=/search%3Fq%3Dwww.mink%2Bgmbh.de%26hl%3Dro%26rlz%3D1C1AVSX_enRO403RO406%26prmd%3Dimvns&rurl=translate.google.ro&sl=de&twu=1&u=http://www.mink-gmbh.de/&usg=ALkJrhjRbH4TjfsvZlI5aw5hDMrRllVrpQ" "Mozilla/5.0 (Windows NT 5.1) AppleWebKit/535.19 (KHTML, like Gecko) Chrome/18.0.1025.152 Safari/535.19"
92.80.33.226 - - [12/Apr/2012:18:11:20 +0200] "GET /images/newsletter_bg.jpg HTTP/1.1" 200 33610 "http://translate.googleusercontent.com/translate_c?hl=ro&prev=/search%3Fq%3Dwww.mink%2Bgmbh.de%26hl%3Dro%26rlz%3D1C1AVSX_enRO403RO406%26prmd%3Dimvns&rurl=translate.google.ro&sl=de&twu=1&u=http://www.mink-gmbh.de/&usg=ALkJrhjRbH4TjfsvZlI5aw5hDMrRllVrpQ" "Mozilla/5.0 (Windows NT 5.1) AppleWebKit/535.19 (KHTML, like Gecko) Chrome/18.0.1025.152 Safari/535.19"
92.80.33.226 - - [12/Apr/2012:18:11:20 +0200] "GET /images/steigend.png HTTP/1.1" 200 688 "http://translate.googleusercontent.com/translate_c?hl=ro&prev=/search%3Fq%3Dwww.mink%2Bgmbh.de%26hl%3Dro%26rlz%3D1C1AVSX_enRO403RO406%26prmd%3Dimvns&rurl=translate.google.ro&sl=de&twu=1&u=http://www.mink-gmbh.de/&usg=ALkJrhjRbH4TjfsvZlI5aw5hDMrRllVrpQ" "Mozilla/5.0 (Windows NT 5.1) AppleWebKit/535.19 (KHTML, like Gecko) Chrome/18.0.1025.152 Safari/535.19"
92.80.33.226 - - [12/Apr/2012:18:11:20 +0200] "GET /images/navibg.png HTTP/1.1" 200 2803 "http://translate.googleusercontent.com/translate_c?hl=ro&prev=/search%3Fq%3Dwww.mink%2Bgmbh.de%26hl%3Dro%26rlz%3D1C1AVSX_enRO403RO406%26prmd%3Dimvns&rurl=translate.google.ro&sl=de&twu=1&u=http://www.mink-gmbh.de/&usg=ALkJrhjRbH4TjfsvZlI5aw5hDMrRllVrpQ" "Mozilla/5.0 (Windows NT 5.1) AppleWebKit/535.19 (KHTML, like Gecko) Chrome/18.0.1025.152 Safari/535.19"
92.80.33.226 - - [12/Apr/2012:18:11:20 +0200] "GET /images/newsletter.png HTTP/1.1" 200 14619 "http://translate.googleusercontent.com/translate_c?hl=ro&prev=/search%3Fq%3Dwww.mink%2Bgmbh.de%26hl%3Dro%26rlz%3D1C1AVSX_enRO403RO406%26prmd%3Dimvns&rurl=translate.google.ro&sl=de&twu=1&u=http://www.mink-gmbh.de/&usg=ALkJrhjRbH4TjfsvZlI5aw5hDMrRllVrpQ" "Mozilla/5.0 (Windows NT 5.1) AppleWebKit/535.19 (KHTML, like Gecko) Chrome/18.0.1025.152 Safari/535.19"
92.80.33.226 - - [12/Apr/2012:18:11:20 +0200] "GET /images/header.jpg HTTP/1.1" 200 24413 "http://translate.googleusercontent.com/translate_c?hl=ro&prev=/search%3Fq%3Dwww.mink%2Bgmbh.de%26hl%3Dro%26rlz%3D1C1AVSX_enRO403RO406%26prmd%3Dimvns&rurl=translate.google.ro&sl=de&twu=1&u=http://www.mink-gmbh.de/&usg=ALkJrhjRbH4TjfsvZlI5aw5hDMrRllVrpQ" "Mozilla/5.0 (Windows NT 5.1) AppleWebKit/535.19 (KHTML, like Gecko) Chrome/18.0.1025.152 Safari/535.19"
92.80.33.226 - - [12/Apr/2012:18:11:20 +0200] "GET /images/wrapperbg.jpg HTTP/1.1" 200 27465 "http://translate.googleusercontent.com/translate_c?hl=ro&prev=/search%3Fq%3Dwww.mink%2Bgmbh.de%26hl%3Dro%26rlz%3D1C1AVSX_enRO403RO406%26prmd%3Dimvns&rurl=translate.google.ro&sl=de&twu=1&u=http://www.mink-gmbh.de/&usg=ALkJrhjRbH4TjfsvZlI5aw5hDMrRllVrpQ" "Mozilla/5.0 (Windows NT 5.1) AppleWebKit/535.19 (KHTML, like Gecko) Chrome/18.0.1025.152 Safari/535.19"
92.80.33.226 - - [12/Apr/2012:18:11:20 +0200] "GET /images/fallend.png HTTP/1.1" 200 713 "http://translate.googleusercontent.com/translate_c?hl=ro&prev=/search%3Fq%3Dwww.mink%2Bgmbh.de%26hl%3Dro%26rlz%3D1C1AVSX_enRO403RO406%26prmd%3Dimvns&rurl=translate.google.ro&sl=de&twu=1&u=http://www.mink-gmbh.de/&usg=ALkJrhjRbH4TjfsvZlI5aw5hDMrRllVrpQ" "Mozilla/5.0 (Windows NT 5.1) AppleWebKit/535.19 (KHTML, like Gecko) Chrome/18.0.1025.152 Safari/535.19"
92.80.33.226 - - [12/Apr/2012:18:11:20 +0200] "GET /images/mobil.jpg HTTP/1.1" 200 25293 "http://translate.googleusercontent.com/translate_c?hl=ro&prev=/search%3Fq%3Dwww.mink%2Bgmbh.de%26hl%3Dro%26rlz%3D1C1AVSX_enRO403RO406%26prmd%3Dimvns&rurl=translate.google.ro&sl=de&twu=1&u=http://www.mink-gmbh.de/&usg=ALkJrhjRbH4TjfsvZlI5aw5hDMrRllVrpQ" "Mozilla/5.0 (Windows NT 5.1) AppleWebKit/535.19 (KHTML, like Gecko) Chrome/18.0.1025.152 Safari/535.19"
92.80.33.226 - - [12/Apr/2012:18:11:20 +0200] "GET /images/tkw.jpg HTTP/1.1" 200 64031 "http://translate.googleusercontent.com/translate_c?hl=ro&prev=/search%3Fq%3Dwww.mink%2Bgmbh.de%26hl%3Dro%26rlz%3D1C1AVSX_enRO403RO406%26prmd%3Dimvns&rurl=translate.google.ro&sl=de&twu=1&u=http://www.mink-gmbh.de/&usg=ALkJrhjRbH4TjfsvZlI5aw5hDMrRllVrpQ" "Mozilla/5.0 (Windows NT 5.1) AppleWebKit/535.19 (KHTML, like Gecko) Chrome/18.0.1025.152 Safari/535.19"
92.80.33.226 - - [12/Apr/2012:18:11:21 +0200] "GET /js_contentserver24_greybox/loader_frame.html?s=0 HTTP/1.1" 200 2084 "http://translate.googleusercontent.com/translate_c?hl=ro&prev=/search%3Fq%3Dwww.mink%2Bgmbh.de%26hl%3Dro%26rlz%3D1C1AVSX_enRO403RO406%26prmd%3Dimvns&rurl=translate.google.ro&sl=de&twu=1&u=http://www.mink-gmbh.de/&usg=ALkJrhjRbH4TjfsvZlI5aw5hDMrRllVrpQ" "Mozilla/5.0 (Windows NT 5.1) AppleWebKit/535.19 (KHTML, like Gecko) Chrome/18.0.1025.152 Safari/535.19"
92.80.33.226 - - [12/Apr/2012:18:11:21 +0200] "GET /images/newsletter.jpg HTTP/1.1" 200 13130 "http://translate.googleusercontent.com/translate_c?hl=ro&prev=/search%3Fq%3Dwww.mink%2Bgmbh.de%26hl%3Dro%26rlz%3D1C1AVSX_enRO403RO406%26prmd%3Dimvns&rurl=translate.google.ro&sl=de&twu=1&u=http://www.mink-gmbh.de/&usg=ALkJrhjRbH4TjfsvZlI5aw5hDMrRllVrpQ" "Mozilla/5.0 (Windows NT 5.1) AppleWebKit/535.19 (KHTML, like Gecko) Chrome/18.0.1025.152 Safari/535.19"
92.80.33.226 - - [12/Apr/2012:18:11:21 +0200] "GET /images/freecall.jpg HTTP/1.1" 200 39195 "http://translate.googleusercontent.com/translate_c?hl=ro&prev=/search%3Fq%3Dwww.mink%2Bgmbh.de%26hl%3Dro%26rlz%3D1C1AVSX_enRO403RO406%26prmd%3Dimvns&rurl=translate.google.ro&sl=de&twu=1&u=http://www.mink-gmbh.de/&usg=ALkJrhjRbH4TjfsvZlI5aw5hDMrRllVrpQ" "Mozilla/5.0 (Windows NT 5.1) AppleWebKit/535.19 (KHTML, like Gecko) Chrome/18.0.1025.152 Safari/535.19"
92.80.33.226 - - [12/Apr/2012:18:11:21 +0200] "GET /images/mail.jpg HTTP/1.1" 200 11165 "http://translate.googleusercontent.com/translate_c?hl=ro&prev=/search%3Fq%3Dwww.mink%2Bgmbh.de%26hl%3Dro%26rlz%3D1C1AVSX_enRO403RO406%26prmd%3Dimvns&rurl=translate.google.ro&sl=de&twu=1&u=http://www.mink-gmbh.de/&usg=ALkJrhjRbH4TjfsvZlI5aw5hDMrRllVrpQ" "Mozilla/5.0 (Windows NT 5.1) AppleWebKit/535.19 (KHTML, like Gecko) Chrome/18.0.1025.152 Safari/535.19"
92.80.33.226 - - [12/Apr/2012:18:11:21 +0200] "GET /images/kwk.gif HTTP/1.1" 200 6403 "http://translate.googleusercontent.com/translate_c?hl=ro&prev=/search%3Fq%3Dwww.mink%2Bgmbh.de%26hl%3Dro%26rlz%3D1C1AVSX_enRO403RO406%26prmd%3Dimvns&rurl=translate.google.ro&sl=de&twu=1&u=http://www.mink-gmbh.de/&usg=ALkJrhjRbH4TjfsvZlI5aw5hDMrRllVrpQ" "Mozilla/5.0 (Windows NT 5.1) AppleWebKit/535.19 (KHTML, like Gecko) Chrome/18.0.1025.152 Safari/535.19"
92.80.33.226 - - [12/Apr/2012:18:11:21 +0200] "GET /images/wunschpreis.jpg HTTP/1.1" 200 16767 "http://translate.googleusercontent.com/translate_c?hl=ro&prev=/search%3Fq%3Dwww.mink%2Bgmbh.de%26hl%3Dro%26rlz%3D1C1AVSX_enRO403RO406%26prmd%3Dimvns&rurl=translate.google.ro&sl=de&twu=1&u=http://www.mink-gmbh.de/&usg=ALkJrhjRbH4TjfsvZlI5aw5hDMrRllVrpQ" "Mozilla/5.0 (Windows NT 5.1) AppleWebKit/535.19 (KHTML, like Gecko) Chrome/18.0.1025.152 Safari/535.19"
92.80.33.226 - - [12/Apr/2012:18:11:21 +0200] "GET /images/logos.jpg HTTP/1.1" 200 15002 "http://translate.googleusercontent.com/translate_c?hl=ro&prev=/search%3Fq%3Dwww.mink%2Bgmbh.de%26hl%3Dro%26rlz%3D1C1AVSX_enRO403RO406%26prmd%3Dimvns&rurl=translate.google.ro&sl=de&twu=1&u=http://www.mink-gmbh.de/&usg=ALkJrhjRbH4TjfsvZlI5aw5hDMrRllVrpQ" "Mozilla/5.0 (Windows NT 5.1) AppleWebKit/535.19 (KHTML, like Gecko) Chrome/18.0.1025.152 Safari/535.19"
92.80.33.226 - - [12/Apr/2012:18:11:21 +0200] "GET /images/footerbg.jpg HTTP/1.1" 200 2184 "http://translate.googleusercontent.com/translate_c?hl=ro&prev=/search%3Fq%3Dwww.mink%2Bgmbh.de%26hl%3Dro%26rlz%3D1C1AVSX_enRO403RO406%26prmd%3Dimvns&rurl=translate.google.ro&sl=de&twu=1&u=http://www.mink-gmbh.de/&usg=ALkJrhjRbH4TjfsvZlI5aw5hDMrRllVrpQ" "Mozilla/5.0 (Windows NT 5.1) AppleWebKit/535.19 (KHTML, like Gecko) Chrome/18.0.1025.152 Safari/535.19"
92.80.33.226 - - [12/Apr/2012:18:11:21 +0200] "GET /js_contentserver24_greybox/header_bg.gif HTTP/1.1" 200 1188 "http://translate.googleusercontent.com/translate_c?hl=ro&prev=/search%3Fq%3Dwww.mink%2Bgmbh.de%26hl%3Dro%26rlz%3D1C1AVSX_enRO403RO406%26prmd%3Dimvns&rurl=translate.google.ro&sl=de&twu=1&u=http://www.mink-gmbh.de/&usg=ALkJrhjRbH4TjfsvZlI5aw5hDMrRllVrpQ" "Mozilla/5.0 (Windows NT 5.1) AppleWebKit/535.19 (KHTML, like Gecko) Chrome/18.0.1025.152 Safari/535.19"
92.80.33.226 - - [12/Apr/2012:18:11:22 +0200] "GET /js_contentserver24_greybox/indicator.gif HTTP/1.1" 200 8238 "http://www.mink-gmbh.de/js_contentserver24_greybox/loader_frame.html?s=0" "Mozilla/5.0 (Windows NT 5.1) AppleWebKit/535.19 (KHTML, like Gecko) Chrome/18.0.1025.152 Safari/535.19"
92.80.33.226 - - [12/Apr/2012:18:11:23 +0200] "GET /js_contentserver24_greybox/g_close.gif HTTP/1.1" 200 541 "http://translate.googleusercontent.com/translate_c?hl=ro&prev=/search%3Fq%3Dwww.mink%2Bgmbh.de%26hl%3Dro%26rlz%3D1C1AVSX_enRO403RO406%26prmd%3Dimvns&rurl=translate.google.ro&sl=de&twu=1&u=http://www.mink-gmbh.de/&usg=ALkJrhjRbH4TjfsvZlI5aw5hDMrRllVrpQ" "Mozilla/5.0 (Windows NT 5.1) AppleWebKit/535.19 (KHTML, like Gecko) Chrome/18.0.1025.152 Safari/535.19"
74.125.18.151 - - [12/Apr/2012:18:12:06 +0200] "GET /standard.php HTTP/1.1" 200 9150 "http://translate.googleusercontent.com/translate_c?hl=ro&prev=/search%3Fq%3Dwww.mink%2Bgmbh.de%26hl%3Dro%26rlz%3D1C1AVSX_enRO403RO406%26prmd%3Dimvns&rurl=translate.google.ro&sl=de&twu=1&u=http://www.mink-gmbh.de/&usg=ALkJrhjRbH4TjfsvZlI5aw5hDMrRllVrpQ" "Mozilla/5.0 (Windows NT 5.1) AppleWebKit/535.19 (KHTML, like Gecko) Chrome/18.0.1025.152 Safari/535.19,gzip(gfe) (via translate.google.com)"
77.20.4.67 - - [12/Apr/2012:18:38:51 +0200] "GET /news.php?cs_go=archiv&cs_startpos=20 HTTP/1.1" 200 22657 "-" "findlinks/2.0.2 (+http://wortschatz.uni-leipzig.de/findlinks/)"
77.20.4.67 - - [12/Apr/2012:18:38:51 +0200] "GET /news.php?cs_go=archiv&cs_startpos=20 HTTP/1.1" 200 22570 "-" "findlinks/2.0.2 (+http://wortschatz.uni-leipzig.de/findlinks/)"
66.249.66.149 - - [12/Apr/2012:18:47:47 +0200] "GET /robots.txt HTTP/1.1" 200 177 "-" "Mozilla/5.0 (compatible; Googlebot/2.1; +http://www.google.com/bot.html)"
66.249.66.149 - - [12/Apr/2012:18:47:47 +0200] "GET /news.php?cs_go=archiv HTTP/1.1" 200 22255 "-" "Mozilla/5.0 (compatible; Googlebot/2.1; +http://www.google.com/bot.html)"
208.115.113.91 - - [12/Apr/2012:18:53:15 +0200] "GET /foerdermittel.php HTTP/1.1" 200 12853 "-" "Mozilla/5.0 (compatible; Ezooms/1.0; ezooms.bot@gmail.com)"
208.115.113.91 - - [12/Apr/2012:18:53:19 +0200] "GET /news.php?cs_go=archiv&cs_id=2728&cs_search= HTTP/1.1" 200 11466 "-" "Mozilla/5.0 (compatible; Ezooms/1.0; ezooms.bot@gmail.com)"
66.249.71.12 - - [12/Apr/2012:19:40:12 +0200] "GET /news.php?cs_go=archiv&cs_id=2987&cs_search= HTTP/1.1" 200 14265 "-" "Mozilla/5.0 (compatible; Googlebot/2.1; +http://www.google.com/bot.html)"
208.115.111.75 - - [12/Apr/2012:19:51:41 +0200] "GET /robots.txt HTTP/1.1" 200 177 "-" "Mozilla/5.0 (compatible; Ezooms/1.0; ezooms.bot@gmail.com)"
66.249.71.12 - - [12/Apr/2012:19:54:29 +0200] "GET /news.php?cs_go=archiv&cs_id=2968&cs_search= HTTP/1.1" 200 10875 "-" "Mozilla/5.0 (compatible; Googlebot/2.1; +http://www.google.com/bot.html)"
65.52.109.26 - - [12/Apr/2012:20:13:59 +0200] "GET /robots.txt HTTP/1.1" 200 177 "-" "Mozilla/5.0 (compatible; bingbot/2.0; +http://www.bing.com/bingbot.htm)"
65.52.109.26 - - [12/Apr/2012:20:14:48 +0200] "GET /impressum.php HTTP/1.1" 200 8944 "-" "Mozilla/5.0 (compatible; bingbot/2.0; +http://www.bing.com/bingbot.htm)"
66.249.66.149 - - [12/Apr/2012:21:07:01 +0200] "GET /news.php?cs_go=archiv&cs_id=2914&cs_search= HTTP/1.1" 200 10492 "-" "Mozilla/5.0 (compatible; Googlebot/2.1; +http://www.google.com/bot.html)"
65.36.241.79 - - [12/Apr/2012:21:33:35 +0200] "HEAD / HTTP/1.1" 200 - "-" "InternetSeer.com"
123.125.71.16 - - [12/Apr/2012:21:37:14 +0200] "GET / HTTP/1.1" 200 8740 "-" "Mozilla/5.0 (compatible; Baiduspider/2.0; +http://www.baidu.com/search/spider.html)"
220.181.108.88 - - [12/Apr/2012:21:37:58 +0200] "GET / HTTP/1.1" 200 8740 "-" "Mozilla/5.0 (compatible; Baiduspider/2.0; +http://www.baidu.com/search/spider.html)"
66.249.66.149 - - [12/Apr/2012:21:45:07 +0200] "GET /news.php?cs_go=archiv&cs_id=2584&cs_search= HTTP/1.1" 200 13311 "-" "Mozilla/5.0 (compatible; Googlebot/2.1; +http://www.google.com/bot.html)"
208.115.111.75 - - [12/Apr/2012:22:18:53 +0200] "GET /kwk.php?cs_go=3 HTTP/1.1" 200 10216 "-" "Mozilla/5.0 (compatible; Ezooms/1.0; ezooms.bot@gmail.com)"
208.115.111.75 - - [12/Apr/2012:22:19:19 +0200] "GET /lexikon.php?cs_go=2&cs_char=j HTTP/1.1" 200 8513 "-" "Mozilla/5.0 (compatible; Ezooms/1.0; ezooms.bot@gmail.com)"
66.249.66.149 - - [12/Apr/2012:22:25:46 +0200] "GET /news.php?cs_go=archiv&cs_id=2953 HTTP/1.1" 200 9884 "-" "Mozilla/5.0 (iPhone; U; CPU iPhone OS 4_1 like Mac OS X; en-us) AppleWebKit/532.9 (KHTML, like Gecko) Version/4.0.5 Mobile/8B117 Safari/6531.22.7 (compatible; Googlebot-Mobile/2.1; +http://www.google.com/bot.html)"
207.46.204.240 - - [12/Apr/2012:23:06:10 +0200] "GET /robots.txt HTTP/1.1" 200 177 "-" "Mozilla/5.0 (compatible; bingbot/2.0; +http://www.bing.com/bingbot.htm)"
207.46.204.240 - - [12/Apr/2012:23:07:11 +0200] "GET / HTTP/1.1" 200 15343 "-" "Mozilla/5.0 (compatible; bingbot/2.0; +http://www.bing.com/bingbot.htm)"
65.52.109.26 - - [12/Apr/2012:23:24:11 +0200] "GET /news.php HTTP/1.1" 200 22255 "-" "Mozilla/5.0 (compatible; bingbot/2.0; +http://www.bing.com/bingbot.htm)"
65.52.109.147 - - [13/Apr/2012:00:11:26 +0200] "GET /foerdermittel.php HTTP/1.1" 200 12853 "-" "Mozilla/5.0 (compatible; bingbot/2.0; +http://www.bing.com/bingbot.htm)"
208.115.111.75 - - [13/Apr/2012:01:07:55 +0200] "GET /robots.txt HTTP/1.1" 200 177 "-" "Mozilla/5.0 (compatible; Ezooms/1.0; ezooms.bot@gmail.com)"
46.137.155.223 - - [13/Apr/2012:01:19:56 +0200] "GET / HTTP/1.1" 200 15343 "-" "Mozilla/5.0 (X11; Ubuntu; Linux x86_64; rv:11.0) Gecko/20100101 Firefox/11.0"
46.137.155.223 - - [13/Apr/2012:01:19:58 +0200] "GET /impressum.php HTTP/1.1" 200 8857 "-" "Mozilla/5.0 (X11; Ubuntu; Linux x86_64; rv:11.0) Gecko/20100101 Firefox/11.0"
65.36.241.79 - - [13/Apr/2012:03:16:18 +0200] "HEAD / HTTP/1.1" 200 - "-" "InternetSeer.com"
208.115.111.75 - - [13/Apr/2012:03:56:34 +0200] "GET /robots.txt HTTP/1.1" 200 177 "-" "Mozilla/5.0 (compatible; Ezooms/1.0; ezooms.bot@gmail.com)"
207.46.204.240 - - [13/Apr/2012:04:18:22 +0200] "GET /robots.txt HTTP/1.1" 200 177 "-" "Mozilla/5.0 (compatible; bingbot/2.0; +http://www.bing.com/bingbot.htm)"
207.46.204.240 - - [13/Apr/2012:04:19:06 +0200] "GET / HTTP/1.1" 200 15343 "-" "Mozilla/5.0 (compatible; bingbot/2.0; +http://www.bing.com/bingbot.htm)"
123.125.71.32 - - [13/Apr/2012:04:33:40 +0200] "GET / HTTP/1.1" 200 8740 "-" "Mozilla/5.0 (compatible; Baiduspider/2.0; +http://www.baidu.com/search/spider.html)"
220.181.108.94 - - [13/Apr/2012:04:34:15 +0200] "GET / HTTP/1.1" 200 8740 "-" "Mozilla/5.0 (compatible; Baiduspider/2.0; +http://www.baidu.com/search/spider.html)"
64.246.165.200 - - [13/Apr/2012:04:52:42 +0200] "GET /robots.txt HTTP/1.0" 200 177 "-" "Mozilla/5.0 (Windows; U; Windows NT 5.1; en; rv:1.9.0.13) Gecko/2009073022 Firefox/3.5.2 (.NET CLR 3.5.30729) SurveyBot/2.3 (DomainTools)"
64.246.165.200 - - [13/Apr/2012:04:52:42 +0200] "GET / HTTP/1.1" 200 15343 "http://whois.domaintools.com/mink-gmbh.de" "Mozilla/5.0 (Windows; U; Windows NT 5.1; en; rv:1.9.0.13) Gecko/2009073022 Firefox/3.5.2 (.NET CLR 3.5.30729) SurveyBot/2.3 (DomainTools)"
208.115.113.91 - - [13/Apr/2012:05:24:52 +0200] "GET /robots.txt HTTP/1.1" 200 177 "-" "Mozilla/5.0 (compatible; Ezooms/1.0; ezooms.bot@gmail.com)"
207.46.204.240 - - [13/Apr/2012:05:26:37 +0200] "GET / HTTP/1.1" 200 15343 "-" "Mozilla/5.0 (compatible; bingbot/2.0; +http://www.bing.com/bingbot.htm)"
176.9.0.13 - - [13/Apr/2012:06:48:11 +0200] "GET /robots.txt HTTP/1.1" 200 177 "-" "Pixray-Seeker/1.1 (Pixray-Seeker; http://www.pixray.com/pixraybot; crawler@pixray.com)"
176.9.0.13 - - [13/Apr/2012:06:48:11 +0200] "GET /robots.txt HTTP/1.1" 200 177 "-" "Pixray-Seeker/1.1 (Pixray-Seeker; http://www.pixray.com/pixraybot; crawler@pixray.com)"
176.9.0.13 - - [13/Apr/2012:06:48:11 +0200] "GET /news.php?cs_go=archiv&cs_id=2909&cs_search= HTTP/1.1" 200 14249 "-" "Pixray-Seeker/1.1 (Pixray-Seeker; http://www.pixray.com/pixraybot; crawler@pixray.com)"
176.9.0.13 - - [13/Apr/2012:06:48:11 +0200] "GET /news.php?cs_go=archiv&cs_id=2894&cs_search= HTTP/1.1" 200 12539 "-" "Pixray-Seeker/1.1 (Pixray-Seeker; http://www.pixray.com/pixraybot; crawler@pixray.com)"
176.9.0.13 - - [13/Apr/2012:06:48:42 +0200] "GET /news.php?cs_go=archiv&cs_id=1730&cs_search= HTTP/1.1" 200 13886 "-" "Pixray-Seeker/1.1 (Pixray-Seeker; http://www.pixray.com/pixraybot; crawler@pixray.com)"
95.108.128.242 - - [13/Apr/2012:06:49:39 +0200] "GET /robots.txt HTTP/1.1" 200 177 "-" "Mozilla/5.0 (compatible; YandexBot/3.0; +http://yandex.com/bots)"
95.108.128.242 - - [13/Apr/2012:06:49:41 +0200] "GET /news.php?cs_go=archiv HTTP/1.1" 200 22255 "-" "Mozilla/5.0 (compatible; YandexBot/3.0; +http://yandex.com/bots)"
176.9.0.13 - - [13/Apr/2012:06:51:45 +0200] "GET /news.php?cs_go=archiv&cs_id=1734&cs_search= HTTP/1.1" 200 9510 "-" "Pixray-Seeker/1.1 (Pixray-Seeker; http://www.pixray.com/pixraybot; crawler@pixray.com)"
208.115.113.91 - - [13/Apr/2012:06:54:00 +0200] "GET /kwk.php HTTP/1.1" 200 10815 "-" "Mozilla/5.0 (compatible; Ezooms/1.0; ezooms.bot@gmail.com)"
76.72.167.164 - - [13/Apr/2012:07:21:16 +0200] "GET /robots.txt HTTP/1.0" 200 177 "-" "Mozilla/5.0 (compatible; MJ12bot/v1.4.2; http://www.majestic12.co.uk/bot.php?+)"
76.72.167.164 - - [13/Apr/2012:07:21:19 +0200] "GET / HTTP/1.0" 200 15343 "-" "Mozilla/5.0 (compatible; MJ12bot/v1.4.2; http://www.majestic12.co.uk/bot.php?+)"
123.125.71.27 - - [13/Apr/2012:07:36:22 +0200] "GET / HTTP/1.1" 200 8740 "-" "Mozilla/5.0 (compatible; Baiduspider/2.0; +http://www.baidu.com/search/spider.html)"
208.115.111.75 - - [13/Apr/2012:07:36:36 +0200] "GET /robots.txt HTTP/1.1" 200 177 "-" "Mozilla/5.0 (compatible; Ezooms/1.0; ezooms.bot@gmail.com)"
220.181.108.97 - - [13/Apr/2012:07:37:06 +0200] "GET / HTTP/1.1" 200 8740 "-" "Mozilla/5.0 (compatible; Baiduspider/2.0; +http://www.baidu.com/search/spider.html)"
66.249.71.12 - - [13/Apr/2012:07:52:14 +0200] "GET /news.php HTTP/1.1" 200 22255 "-" "Mozilla/5.0 (compatible; Googlebot/2.1; +http://www.google.com/bot.html)"
65.36.241.79 - - [13/Apr/2012:07:56:37 +0200] "HEAD / HTTP/1.1" 200 - "-" "InternetSeer.com"
88.198.67.197 - - [13/Apr/2012:08:23:23 +0200] "GET /robots.txt HTTP/1.1" 200 177 "-" "Pixray-Seeker/1.1 (Pixray-Seeker; http://www.pixray.com/pixraybot; crawler@pixray.com)"
88.198.67.197 - - [13/Apr/2012:08:23:23 +0200] "GET /news.php?cs_go=archiv&cs_id=2893&cs_search= HTTP/1.1" 200 9943 "-" "Pixray-Seeker/1.1 (Pixray-Seeker; http://www.pixray.com/pixraybot; crawler@pixray.com)"
88.198.67.197 - - [13/Apr/2012:08:24:22 +0200] "GET /news.php?cs_go=archiv&cs_startpos=51 HTTP/1.1" 200 23079 "-" "Pixray-Seeker/1.1 (Pixray-Seeker; http://www.pixray.com/pixraybot; crawler@pixray.com)"
88.198.67.197 - - [13/Apr/2012:08:24:27 +0200] "GET /news.php?cs_go=archiv&cs_id=2896&cs_search= HTTP/1.1" 200 9758 "-" "Pixray-Seeker/1.1 (Pixray-Seeker; http://www.pixray.com/pixraybot; crawler@pixray.com)"
88.198.67.197 - - [13/Apr/2012:08:25:51 +0200] "GET /news.php?cs_go=archiv&cs_id=2907&cs_search= HTTP/1.1" 200 9863 "-" "Pixray-Seeker/1.1 (Pixray-Seeker; http://www.pixray.com/pixraybot; crawler@pixray.com)"
88.198.67.197 - - [13/Apr/2012:08:26:29 +0200] "GET /news.php?cs_go=archiv&cs_id=2911&cs_search= HTTP/1.1" 200 13694 "-" "Pixray-Seeker/1.1 (Pixray-Seeker; http://www.pixray.com/pixraybot; crawler@pixray.com)"
66.249.71.12 - - [13/Apr/2012:08:33:08 +0200] "GET /news.php?cs_go=archiv&cs_id=518&cs_search= HTTP/1.1" 200 7819 "-" "Mozilla/5.0 (compatible; Googlebot/2.1; +http://www.google.com/bot.html)"
123.125.71.13 - - [13/Apr/2012:08:33:46 +0200] "GET / HTTP/1.1" 200 8762 "-" "Mozilla/5.0 (compatible; Baiduspider/2.0; +http://www.baidu.com/search/spider.html)"
220.181.108.81 - - [13/Apr/2012:08:34:20 +0200] "GET / HTTP/1.1" 200 8762 "-" "Mozilla/5.0 (compatible; Baiduspider/2.0; +http://www.baidu.com/search/spider.html)"
66.249.71.12 - - [13/Apr/2012:08:38:58 +0200] "GET /news.php?cs_go=archiv&cs_startpos=0 HTTP/1.1" 200 22287 "-" "Mozilla/5.0 (compatible; Googlebot/2.1; +http://www.google.com/bot.html)"
64.125.222.50 - - [13/Apr/2012:08:43:14 +0200] "GET /robots.txt HTTP/1.1" 200 177 "-" "Mozilla/5.0 (compatible; 008/0.83; http://www.80legs.com/webcrawler.html;) Gecko/2008032620"
66.249.66.149 - - [13/Apr/2012:08:44:49 +0200] "GET /news.php?cs_go=archiv&cs_id=2691 HTTP/1.1" 200 13867 "-" "Mozilla/5.0 (compatible; Googlebot/2.1; +http://www.google.com/bot.html)"
95.52.64.5 - - [13/Apr/2012:08:45:32 +0200] "GET / HTTP/1.1" 200 15365 "-" "Mozilla/5.0 (compatible; 008/0.83; http://www.80legs.com/webcrawler.html) Gecko/2008032620"
95.52.64.5 - - [13/Apr/2012:08:45:34 +0200] "GET / HTTP/1.1" 200 15365 "-" "Mozilla/5.0 (compatible; 008/0.83; http://www.80legs.com/webcrawler.html) Gecko/2008032620"
95.52.64.5 - - [13/Apr/2012:08:45:35 +0200] "GET / HTTP/1.1" 200 15365 "-" "Mozilla/5.0 (compatible; 008/0.83; http://www.80legs.com/webcrawler.html) Gecko/2008032620"
95.52.64.5 - - [13/Apr/2012:08:45:36 +0200] "GET / HTTP/1.1" 200 15365 "-" "Mozilla/5.0 (compatible; 008/0.83; http://www.80legs.com/webcrawler.html) Gecko/2008032620"
95.52.64.5 - - [13/Apr/2012:08:45:37 +0200] "GET / HTTP/1.1" 200 15365 "-" "Mozilla/5.0 (compatible; 008/0.83; http://www.80legs.com/webcrawler.html) Gecko/2008032620"
66.249.71.12 - - [13/Apr/2012:08:50:40 +0200] "GET /news.php?cs_go=archiv&cs_id=2650 HTTP/1.1" 200 10387 "-" "Mozilla/5.0 (compatible; Googlebot/2.1; +http://www.google.com/bot.html)"
66.249.71.12 - - [13/Apr/2012:09:14:01 +0200] "GET /news.php?cs_go=archiv&cs_id=2690 HTTP/1.1" 200 10405 "-" "Mozilla/5.0 (compatible; Googlebot/2.1; +http://www.google.com/bot.html)"
82.128.201.204 - - [13/Apr/2012:09:19:06 +0200] "GET /robots.txt HTTP/1.0" 200 177 "-" "Mozilla/5.0 (compatible; MJ12bot/v1.4.2; http://www.majestic12.co.uk/bot.php?+)"
82.128.201.204 - - [13/Apr/2012:09:19:07 +0200] "GET /agb.php HTTP/1.0" 200 19709 "-" "Mozilla/5.0 (compatible; MJ12bot/v1.4.2; http://www.majestic12.co.uk/bot.php?+)"
82.128.201.204 - - [13/Apr/2012:09:19:09 +0200] "GET /news.php?cs_go=archiv&cs_id=2678 HTTP/1.0" 200 9971 "-" "Mozilla/5.0 (compatible; MJ12bot/v1.4.2; http://www.majestic12.co.uk/bot.php?+)"
82.128.201.204 - - [13/Apr/2012:09:19:11 +0200] "GET /news.php?cs_go=archiv&cs_id=2679 HTTP/1.0" 200 10667 "-" "Mozilla/5.0 (compatible; MJ12bot/v1.4.2; http://www.majestic12.co.uk/bot.php?+)"
82.128.201.204 - - [13/Apr/2012:09:19:13 +0200] "GET /news.php?cs_go=archiv&cs_id=2680 HTTP/1.0" 200 13613 "-" "Mozilla/5.0 (compatible; MJ12bot/v1.4.2; http://www.majestic12.co.uk/bot.php?+)"
82.128.201.204 - - [13/Apr/2012:09:19:16 +0200] "GET /news.php?cs_go=archiv&cs_id=2681 HTTP/1.0" 200 10154 "-" "Mozilla/5.0 (compatible; MJ12bot/v1.4.2; http://www.majestic12.co.uk/bot.php?+)"
66.249.66.149 - - [13/Apr/2012:09:19:17 +0200] "GET /news.php?cs_go=archiv&cs_id=2988&cs_search= HTTP/1.1" 200 10022 "-" "Mozilla/5.0 (compatible; Googlebot/2.1; +http://www.google.com/bot.html)"
82.128.201.204 - - [13/Apr/2012:09:19:19 +0200] "GET /news.php?cs_go=archiv&cs_id=2682 HTTP/1.0" 200 10584 "-" "Mozilla/5.0 (compatible; MJ12bot/v1.4.2; http://www.majestic12.co.uk/bot.php?+)"
82.128.201.204 - - [13/Apr/2012:09:19:21 +0200] "GET /news.php?cs_go=archiv&cs_id=2683 HTTP/1.0" 200 13555 "-" "Mozilla/5.0 (compatible; MJ12bot/v1.4.2; http://www.majestic12.co.uk/bot.php?+)"
82.128.201.204 - - [13/Apr/2012:09:19:27 +0200] "GET /news.php?cs_go=archiv&cs_id=2684 HTTP/1.0" 200 10001 "-" "Mozilla/5.0 (compatible; MJ12bot/v1.4.2; http://www.majestic12.co.uk/bot.php?+)"
82.128.201.204 - - [13/Apr/2012:09:19:29 +0200] "GET /news.php?cs_go=archiv&cs_id=2685 HTTP/1.0" 200 9646 "-" "Mozilla/5.0 (compatible; MJ12bot/v1.4.2; http://www.majestic12.co.uk/bot.php?+)"
82.128.201.204 - - [13/Apr/2012:09:19:33 +0200] "GET /news.php?cs_go=archiv&cs_id=2686 HTTP/1.0" 200 10124 "-" "Mozilla/5.0 (compatible; MJ12bot/v1.4.2; http://www.majestic12.co.uk/bot.php?+)"
82.128.201.204 - - [13/Apr/2012:09:19:35 +0200] "GET /news.php?cs_go=archiv&cs_id=2687 HTTP/1.0" 200 10244 "-" "Mozilla/5.0 (compatible; MJ12bot/v1.4.2; http://www.majestic12.co.uk/bot.php?+)"
82.128.201.204 - - [13/Apr/2012:09:19:37 +0200] "GET /news.php?cs_go=archiv&cs_id=2688 HTTP/1.0" 200 13852 "-" "Mozilla/5.0 (compatible; MJ12bot/v1.4.2; http://www.majestic12.co.uk/bot.php?+)"
82.128.201.204 - - [13/Apr/2012:09:19:38 +0200] "GET /news.php?cs_go=archiv&cs_id=2689 HTTP/1.0" 200 10303 "-" "Mozilla/5.0 (compatible; MJ12bot/v1.4.2; http://www.majestic12.co.uk/bot.php?+)"
82.128.201.204 - - [13/Apr/2012:09:19:42 +0200] "GET /news.php?cs_go=archiv&cs_id=2690 HTTP/1.0" 200 10405 "-" "Mozilla/5.0 (compatible; MJ12bot/v1.4.2; http://www.majestic12.co.uk/bot.php?+)"
82.128.201.204 - - [13/Apr/2012:09:19:46 +0200] "GET /news.php?cs_go=archiv&cs_id=2691 HTTP/1.0" 200 13867 "-" "Mozilla/5.0 (compatible; MJ12bot/v1.4.2; http://www.majestic12.co.uk/bot.php?+)"
66.249.66.149 - - [13/Apr/2012:09:31:33 +0200] "GET /news.php?cs_go=archiv&cs_id=2862&cs_search= HTTP/1.1" 200 13882 "-" "Mozilla/5.0 (compatible; Googlebot/2.1; +http://www.google.com/bot.html)"
93.86.162.47 - - [13/Apr/2012:09:31:57 +0200] "GET /style.css HTTP/1.1" 200 8418 "http://www.mink-gmbh.de/" "Mozilla/4.0 (compatible; MSIE 8.0; Windows NT 5.1; Trident/4.0)"
93.86.162.47 - - [13/Apr/2012:09:31:57 +0200] "GET /js_contentserver24_greybox/gb_styles.css HTTP/1.1" 200 2302 "http://www.mink-gmbh.de/" "Mozilla/4.0 (compatible; MSIE 8.0; Windows NT 5.1; Trident/4.0)"
93.86.162.47 - - [13/Apr/2012:09:31:57 +0200] "GET /js_contentserver24_greybox/AJS_fx.js HTTP/1.1" 200 3192 "http://www.mink-gmbh.de/" "Mozilla/4.0 (compatible; MSIE 8.0; Windows NT 5.1; Trident/4.0)"
93.86.162.47 - - [13/Apr/2012:09:31:57 +0200] "GET /js_contentserver24_greybox/gb_scripts.js HTTP/1.1" 200 11913 "http://www.mink-gmbh.de/" "Mozilla/4.0 (compatible; MSIE 8.0; Windows NT 5.1; Trident/4.0)"
93.86.162.47 - - [13/Apr/2012:09:31:57 +0200] "GET /js_contentserver24_greybox/AJS.js HTTP/1.1" 200 10396 "http://www.mink-gmbh.de/" "Mozilla/4.0 (compatible; MSIE 8.0; Windows NT 5.1; Trident/4.0)"
93.86.162.47 - - [13/Apr/2012:09:31:57 +0200] "GET /modul.css HTTP/1.1" 200 35038 "http://www.mink-gmbh.de/" "Mozilla/4.0 (compatible; MSIE 8.0; Windows NT 5.1; Trident/4.0)"
93.86.162.47 - - [13/Apr/2012:09:31:57 +0200] "GET / HTTP/1.1" 200 15365 "http://www.stadtbranchenbuch.com/berlin/B/73.html" "Mozilla/4.0 (compatible; MSIE 8.0; Windows NT 5.1; Trident/4.0)"
93.86.162.47 - - [13/Apr/2012:09:31:58 +0200] "GET /images/bg.jpg HTTP/1.1" 200 345 "http://www.mink-gmbh.de/" "Mozilla/4.0 (compatible; MSIE 8.0; Windows NT 5.1; Trident/4.0)"
93.86.162.47 - - [13/Apr/2012:09:31:58 +0200] "GET /js_contentserver24_greybox/w_close.gif HTTP/1.1" 200 74 "http://www.mink-gmbh.de/" "Mozilla/4.0 (compatible; MSIE 8.0; Windows NT 5.1; Trident/4.0)"
93.86.162.47 - - [13/Apr/2012:09:31:58 +0200] "GET /images/newsletter_bg.jpg HTTP/1.1" 200 33610 "http://www.mink-gmbh.de/" "Mozilla/4.0 (compatible; MSIE 8.0; Windows NT 5.1; Trident/4.0)"
93.86.162.47 - - [13/Apr/2012:09:31:58 +0200] "GET /images/wrapperbg.jpg HTTP/1.1" 200 27465 "http://www.mink-gmbh.de/" "Mozilla/4.0 (compatible; MSIE 8.0; Windows NT 5.1; Trident/4.0)"
93.86.162.47 - - [13/Apr/2012:09:31:58 +0200] "GET /images/navibg.png HTTP/1.1" 200 2803 "http://www.mink-gmbh.de/" "Mozilla/4.0 (compatible; MSIE 8.0; Windows NT 5.1; Trident/4.0)"
93.86.162.47 - - [13/Apr/2012:09:31:58 +0200] "GET /images/kwk.gif HTTP/1.1" 200 6403 "http://www.mink-gmbh.de/" "Mozilla/4.0 (compatible; MSIE 8.0; Windows NT 5.1; Trident/4.0)"
93.86.162.47 - - [13/Apr/2012:09:31:58 +0200] "GET /images/mail.jpg HTTP/1.1" 200 11165 "http://www.mink-gmbh.de/" "Mozilla/4.0 (compatible; MSIE 8.0; Windows NT 5.1; Trident/4.0)"
93.86.162.47 - - [13/Apr/2012:09:31:58 +0200] "GET /images/close.png HTTP/1.1" 200 703 "http://www.mink-gmbh.de/" "Mozilla/4.0 (compatible; MSIE 8.0; Windows NT 5.1; Trident/4.0)"
93.86.162.47 - - [13/Apr/2012:09:31:59 +0200] "GET /images/newsletter.png HTTP/1.1" 200 14619 "http://www.mink-gmbh.de/" "Mozilla/4.0 (compatible; MSIE 8.0; Windows NT 5.1; Trident/4.0)"
93.86.162.47 - - [13/Apr/2012:09:31:58 +0200] "GET /images/tkw.jpg HTTP/1.1" 200 64031 "http://www.mink-gmbh.de/" "Mozilla/4.0 (compatible; MSIE 8.0; Windows NT 5.1; Trident/4.0)"
93.86.162.47 - - [13/Apr/2012:09:31:59 +0200] "GET /images/wunschpreis.jpg HTTP/1.1" 200 16767 "http://www.mink-gmbh.de/" "Mozilla/4.0 (compatible; MSIE 8.0; Windows NT 5.1; Trident/4.0)"
93.86.162.47 - - [13/Apr/2012:09:31:59 +0200] "GET /images/logos.jpg HTTP/1.1" 200 15002 "http://www.mink-gmbh.de/" "Mozilla/4.0 (compatible; MSIE 8.0; Windows NT 5.1; Trident/4.0)"
93.86.162.47 - - [13/Apr/2012:09:31:58 +0200] "GET /images/freecall.jpg HTTP/1.1" 200 39195 "http://www.mink-gmbh.de/" "Mozilla/4.0 (compatible; MSIE 8.0; Windows NT 5.1; Trident/4.0)"
93.86.162.47 - - [13/Apr/2012:09:31:59 +0200] "GET /images/header.jpg HTTP/1.1" 200 24413 "http://www.mink-gmbh.de/" "Mozilla/4.0 (compatible; MSIE 8.0; Windows NT 5.1; Trident/4.0)"
93.86.162.47 - - [13/Apr/2012:09:31:59 +0200] "GET /images/steigend.png HTTP/1.1" 200 688 "http://www.mink-gmbh.de/" "Mozilla/4.0 (compatible; MSIE 8.0; Windows NT 5.1; Trident/4.0)"
93.86.162.47 - - [13/Apr/2012:09:31:59 +0200] "GET /images/fallend.png HTTP/1.1" 200 713 "http://www.mink-gmbh.de/" "Mozilla/4.0 (compatible; MSIE 8.0; Windows NT 5.1; Trident/4.0)"
93.86.162.47 - - [13/Apr/2012:09:31:59 +0200] "GET /images/mobil.jpg HTTP/1.1" 200 25293 "http://www.mink-gmbh.de/" "Mozilla/4.0 (compatible; MSIE 8.0; Windows NT 5.1; Trident/4.0)"
93.86.162.47 - - [13/Apr/2012:09:31:59 +0200] "GET /images/newsletter.jpg HTTP/1.1" 200 13130 "http://www.mink-gmbh.de/" "Mozilla/4.0 (compatible; MSIE 8.0; Windows NT 5.1; Trident/4.0)"
93.86.162.47 - - [13/Apr/2012:09:31:59 +0200] "GET /js_contentserver24_greybox/header_bg.gif HTTP/1.1" 200 1188 "http://www.mink-gmbh.de/" "Mozilla/4.0 (compatible; MSIE 8.0; Windows NT 5.1; Trident/4.0)"
93.86.162.47 - - [13/Apr/2012:09:31:59 +0200] "GET /images/footerbg.jpg HTTP/1.1" 200 2184 "http://www.mink-gmbh.de/" "Mozilla/4.0 (compatible; MSIE 8.0; Windows NT 5.1; Trident/4.0)"
93.86.162.47 - - [13/Apr/2012:09:32:00 +0200] "GET /js_contentserver24_greybox/loader_frame.html?s=0 HTTP/1.1" 200 2084 "http://www.mink-gmbh.de/" "Mozilla/4.0 (compatible; MSIE 8.0; Windows NT 5.1; Trident/4.0)"
93.86.162.47 - - [13/Apr/2012:09:32:00 +0200] "GET /js_contentserver24_greybox/indicator.gif HTTP/1.1" 200 8238 "http://www.mink-gmbh.de/js_contentserver24_greybox/loader_frame.html?s=0" "Mozilla/4.0 (compatible; MSIE 8.0; Windows NT 5.1; Trident/4.0)"
93.86.162.47 - - [13/Apr/2012:09:32:01 +0200] "GET /favicon.ico HTTP/1.1" 200 3638 "-" "Mozilla/4.0 (compatible; MSIE 8.0; Windows NT 5.1; Trident/4.0)"
93.86.162.47 - - [13/Apr/2012:09:32:02 +0200] "GET /js_contentserver24_greybox/g_close.gif HTTP/1.1" 200 541 "http://www.mink-gmbh.de/" "Mozilla/4.0 (compatible; MSIE 8.0; Windows NT 5.1; Trident/4.0)"
93.86.162.47 - - [13/Apr/2012:09:32:02 +0200] "GET /impressum.php HTTP/1.1" 200 8857 "http://www.mink-gmbh.de/" "Mozilla/4.0 (compatible; MSIE 8.0; Windows NT 5.1; Trident/4.0)"
89.247.45.216 - - [13/Apr/2012:09:49:56 +0200] "GET /style.css HTTP/1.1" 200 8418 "http://www.mink-gmbh.de/index.php" "Mozilla/5.0 (Windows NT 6.1; rv:11.0) Gecko/20100101 Firefox/11.0"
89.247.45.216 - - [13/Apr/2012:09:49:56 +0200] "GET /modul.css HTTP/1.1" 200 35038 "http://www.mink-gmbh.de/index.php" "Mozilla/5.0 (Windows NT 6.1; rv:11.0) Gecko/20100101 Firefox/11.0"
89.247.45.216 - - [13/Apr/2012:09:49:56 +0200] "GET /favicon.ico HTTP/1.1" 200 3638 "-" "Mozilla/5.0 (Windows NT 6.1; rv:11.0) Gecko/20100101 Firefox/11.0"
89.247.45.216 - - [13/Apr/2012:09:49:59 +0200] "GET /images/bg.jpg HTTP/1.1" 200 345 "http://www.mink-gmbh.de/style.css" "Mozilla/5.0 (Windows NT 6.1; rv:11.0) Gecko/20100101 Firefox/11.0"
89.247.45.216 - - [13/Apr/2012:09:49:59 +0200] "GET /js_contentserver24_greybox/gb_styles.css HTTP/1.1" 200 2302 "http://www.mink-gmbh.de/index.php" "Mozilla/5.0 (Windows NT 6.1; rv:11.0) Gecko/20100101 Firefox/11.0"
89.247.45.216 - - [13/Apr/2012:09:49:59 +0200] "GET /js_contentserver24_greybox/AJS.js HTTP/1.1" 200 10396 "http://www.mink-gmbh.de/index.php" "Mozilla/5.0 (Windows NT 6.1; rv:11.0) Gecko/20100101 Firefox/11.0"
89.247.45.216 - - [13/Apr/2012:09:49:59 +0200] "GET /js_contentserver24_greybox/AJS_fx.js HTTP/1.1" 200 3192 "http://www.mink-gmbh.de/index.php" "Mozilla/5.0 (Windows NT 6.1; rv:11.0) Gecko/20100101 Firefox/11.0"
89.247.45.216 - - [13/Apr/2012:09:49:59 +0200] "GET /js_contentserver24_greybox/gb_scripts.js HTTP/1.1" 200 11913 "http://www.mink-gmbh.de/index.php" "Mozilla/5.0 (Windows NT 6.1; rv:11.0) Gecko/20100101 Firefox/11.0"
89.247.45.216 - - [13/Apr/2012:09:49:59 +0200] "GET /js_contentserver24_greybox/w_close.gif HTTP/1.1" 200 74 "http://www.mink-gmbh.de/index.php" "Mozilla/5.0 (Windows NT 6.1; rv:11.0) Gecko/20100101 Firefox/11.0"
89.247.45.216 - - [13/Apr/2012:09:49:59 +0200] "GET /images/close.png HTTP/1.1" 200 703 "http://www.mink-gmbh.de/index.php" "Mozilla/5.0 (Windows NT 6.1; rv:11.0) Gecko/20100101 Firefox/11.0"
89.247.45.216 - - [13/Apr/2012:09:49:59 +0200] "GET /images/newsletter_bg.jpg HTTP/1.1" 200 33610 "http://www.mink-gmbh.de/index.php" "Mozilla/5.0 (Windows NT 6.1; rv:11.0) Gecko/20100101 Firefox/11.0"
89.247.45.216 - - [13/Apr/2012:09:49:59 +0200] "GET /images/newsletter.png HTTP/1.1" 200 14619 "http://www.mink-gmbh.de/style.css" "Mozilla/5.0 (Windows NT 6.1; rv:11.0) Gecko/20100101 Firefox/11.0"
89.247.45.216 - - [13/Apr/2012:09:49:59 +0200] "GET /images/wrapperbg.jpg HTTP/1.1" 200 27465 "http://www.mink-gmbh.de/style.css" "Mozilla/5.0 (Windows NT 6.1; rv:11.0) Gecko/20100101 Firefox/11.0"
89.247.45.216 - - [13/Apr/2012:09:49:59 +0200] "GET /images/header.jpg HTTP/1.1" 200 24413 "http://www.mink-gmbh.de/style.css" "Mozilla/5.0 (Windows NT 6.1; rv:11.0) Gecko/20100101 Firefox/11.0"
89.247.45.216 - - [13/Apr/2012:09:49:59 +0200] "GET /images/navibg.png HTTP/1.1" 200 2803 "http://www.mink-gmbh.de/style.css" "Mozilla/5.0 (Windows NT 6.1; rv:11.0) Gecko/20100101 Firefox/11.0"
89.247.45.216 - - [13/Apr/2012:09:50:00 +0200] "GET /images/tkw.jpg HTTP/1.1" 200 64031 "http://www.mink-gmbh.de/index.php" "Mozilla/5.0 (Windows NT 6.1; rv:11.0) Gecko/20100101 Firefox/11.0"
89.247.45.216 - - [13/Apr/2012:09:49:55 +0200] "GET /index.php HTTP/1.1" 200 15365 "-" "Mozilla/5.0 (Windows NT 6.1; rv:11.0) Gecko/20100101 Firefox/11.0"
89.247.45.216 - - [13/Apr/2012:09:50:00 +0200] "GET /images/freecall.jpg HTTP/1.1" 200 39195 "http://www.mink-gmbh.de/index.php" "Mozilla/5.0 (Windows NT 6.1; rv:11.0) Gecko/20100101 Firefox/11.0"
89.247.45.216 - - [13/Apr/2012:09:50:00 +0200] "GET /images/mail.jpg HTTP/1.1" 200 11165 "http://www.mink-gmbh.de/index.php" "Mozilla/5.0 (Windows NT 6.1; rv:11.0) Gecko/20100101 Firefox/11.0"
89.247.45.216 - - [13/Apr/2012:09:50:00 +0200] "GET /images/kwk.gif HTTP/1.1" 200 6403 "http://www.mink-gmbh.de/index.php" "Mozilla/5.0 (Windows NT 6.1; rv:11.0) Gecko/20100101 Firefox/11.0"
89.247.45.216 - - [13/Apr/2012:09:50:00 +0200] "GET /images/wunschpreis.jpg HTTP/1.1" 200 16767 "http://www.mink-gmbh.de/index.php" "Mozilla/5.0 (Windows NT 6.1; rv:11.0) Gecko/20100101 Firefox/11.0"
89.247.45.216 - - [13/Apr/2012:09:50:00 +0200] "GET /images/logos.jpg HTTP/1.1" 200 15002 "http://www.mink-gmbh.de/index.php" "Mozilla/5.0 (Windows NT 6.1; rv:11.0) Gecko/20100101 Firefox/11.0"
89.247.45.216 - - [13/Apr/2012:09:50:00 +0200] "GET /images/mobil.jpg HTTP/1.1" 200 25293 "http://www.mink-gmbh.de/style.css" "Mozilla/5.0 (Windows NT 6.1; rv:11.0) Gecko/20100101 Firefox/11.0"
89.247.45.216 - - [13/Apr/2012:09:50:00 +0200] "GET /images/newsletter.jpg HTTP/1.1" 200 13130 "http://www.mink-gmbh.de/style.css" "Mozilla/5.0 (Windows NT 6.1; rv:11.0) Gecko/20100101 Firefox/11.0"
89.247.45.216 - - [13/Apr/2012:09:50:00 +0200] "GET /images/footerbg.jpg HTTP/1.1" 200 2184 "http://www.mink-gmbh.de/style.css" "Mozilla/5.0 (Windows NT 6.1; rv:11.0) Gecko/20100101 Firefox/11.0"
89.247.45.216 - - [13/Apr/2012:09:50:00 +0200] "GET /images/steigend.png HTTP/1.1" 200 688 "http://www.mink-gmbh.de/modul.css" "Mozilla/5.0 (Windows NT 6.1; rv:11.0) Gecko/20100101 Firefox/11.0"
89.247.45.216 - - [13/Apr/2012:09:50:00 +0200] "GET /images/fallend.png HTTP/1.1" 200 713 "http://www.mink-gmbh.de/modul.css" "Mozilla/5.0 (Windows NT 6.1; rv:11.0) Gecko/20100101 Firefox/11.0"
89.247.45.216 - - [13/Apr/2012:09:50:00 +0200] "GET /js_contentserver24_greybox/header_bg.gif HTTP/1.1" 200 1188 "http://www.mink-gmbh.de/index.php" "Mozilla/5.0 (Windows NT 6.1; rv:11.0) Gecko/20100101 Firefox/11.0"
89.247.45.216 - - [13/Apr/2012:09:50:00 +0200] "GET /js_contentserver24_greybox/g_close.gif HTTP/1.1" 200 541 "http://www.mink-gmbh.de/index.php" "Mozilla/5.0 (Windows NT 6.1; rv:11.0) Gecko/20100101 Firefox/11.0"
89.247.45.216 - - [13/Apr/2012:09:50:00 +0200] "GET /js_contentserver24_greybox/indicator.gif HTTP/1.1" 200 8238 "http://www.mink-gmbh.de/index.php" "Mozilla/5.0 (Windows NT 6.1; rv:11.0) Gecko/20100101 Firefox/11.0"
89.247.45.216 - - [13/Apr/2012:09:50:00 +0200] "GET /js_contentserver24_greybox/loader_frame.html?s=0 HTTP/1.1" 200 2084 "http://www.mink-gmbh.de/index.php" "Mozilla/5.0 (Windows NT 6.1; rv:11.0) Gecko/20100101 Firefox/11.0"
208.115.111.75 - - [13/Apr/2012:09:51:11 +0200] "GET /lexikon.php?cs_go=2&cs_char=d HTTP/1.1" 200 9352 "-" "Mozilla/5.0 (compatible; Ezooms/1.0; ezooms.bot@gmail.com)"
176.9.19.103 - - [13/Apr/2012:10:03:35 +0200] "GET /robots.txt HTTP/1.1" 200 177 "-" "Pixray-Seeker/1.1 (Pixray-Seeker; http://www.pixray.com/pixraybot; crawler@pixray.com)"
176.9.19.103 - - [13/Apr/2012:10:03:35 +0200] "GET /news.php?cs_go=archiv&cs_id=2895&cs_search= HTTP/1.1" 200 13569 "-" "Pixray-Seeker/1.1 (Pixray-Seeker; http://www.pixray.com/pixraybot; crawler@pixray.com)"
176.9.19.103 - - [13/Apr/2012:10:05:06 +0200] "GET /news.php?cs_go=archiv&cs_id=2906&cs_search= HTTP/1.1" 200 13505 "-" "Pixray-Seeker/1.1 (Pixray-Seeker; http://www.pixray.com/pixraybot; crawler@pixray.com)"
176.9.19.103 - - [13/Apr/2012:10:05:15 +0200] "GET /news.php?cs_go=archiv&cs_id=1739&cs_search= HTTP/1.1" 200 14040 "-" "Pixray-Seeker/1.1 (Pixray-Seeker; http://www.pixray.com/pixraybot; crawler@pixray.com)"
176.9.19.103 - - [13/Apr/2012:10:05:15 +0200] "GET /news.php?cs_go=archiv&cs_id=2897&cs_search= HTTP/1.1" 200 10502 "-" "Pixray-Seeker/1.1 (Pixray-Seeker; http://www.pixray.com/pixraybot; crawler@pixray.com)"
176.9.19.103 - - [13/Apr/2012:10:06:29 +0200] "GET /news.php?cs_go=archiv&cs_id=2908&cs_search= HTTP/1.1" 200 9721 "-" "Pixray-Seeker/1.1 (Pixray-Seeker; http://www.pixray.com/pixraybot; crawler@pixray.com)"
77.20.4.67 - - [13/Apr/2012:10:28:13 +0200] "GET /rueckrufservice.php HTTP/1.1" 200 10702 "-" "findlinks/2.0.2 (+http://wortschatz.uni-leipzig.de/findlinks/)"
77.20.4.67 - - [13/Apr/2012:10:28:13 +0200] "GET /rueckrufservice.php HTTP/1.1" 200 10615 "-" "findlinks/2.0.2 (+http://wortschatz.uni-leipzig.de/findlinks/)"
66.249.71.12 - - [13/Apr/2012:10:54:57 +0200] "GET /news.php HTTP/1.1" 200 22204 "-" "Mozilla/5.0 (iPhone; U; CPU iPhone OS 4_1 like Mac OS X; en-us) AppleWebKit/532.9 (KHTML, like Gecko) Version/4.0.5 Mobile/8B117 Safari/6531.22.7 (compatible; Googlebot-Mobile/2.1; +http://www.google.com/bot.html)"
66.249.66.149 - - [13/Apr/2012:11:10:53 +0200] "GET /news.php?cs_go=archiv&cs_id=2689 HTTP/1.1" 200 10303 "-" "Mozilla/5.0 (compatible; Googlebot/2.1; +http://www.google.com/bot.html)"
178.140.48.219 - - [13/Apr/2012:11:39:05 +0200] "GET /../standard.php HTTP/1.1" 404 - "-" "Mozilla/5.0 (compatible; 008/0.83; http://www.80legs.com/webcrawler.html) Gecko/2008032620"
121.245.210.203 - - [13/Apr/2012:11:40:42 +0200] "GET /news.php HTTP/1.1" 200 22204 "-" "Mozilla/5.0 (compatible; 008/0.83; http://www.80legs.com/webcrawler.html) Gecko/2008032620"
213.176.233.1 - - [13/Apr/2012:11:41:06 +0200] "GET /wunschpreis.php HTTP/1.1" 200 11985 "-" "Mozilla/5.0 (compatible; 008/0.83; http://www.80legs.com/webcrawler.html) Gecko/2008032620"
93.186.96.83 - - [13/Apr/2012:11:41:30 +0200] "GET /standard.php HTTP/1.1" 200 9150 "-" "Mozilla/5.0 (compatible; 008/0.83; http://www.80legs.com/webcrawler.html) Gecko/2008032620"
117.216.161.69 - - [13/Apr/2012:11:42:56 +0200] "GET /index.php HTTP/1.1" 200 15326 "-" "Mozilla/5.0 (compatible; 008/0.83; http://www.80legs.com/webcrawler.html) Gecko/2008032620"
188.186.141.184 - - [13/Apr/2012:11:43:08 +0200] "GET /newsletter.php HTTP/1.1" 200 8839 "-" "Mozilla/5.0 (compatible; 008/0.83; http://www.80legs.com/webcrawler.html) Gecko/2008032620"
64.125.222.50 - - [13/Apr/2012:11:43:38 +0200] "GET /robots.txt HTTP/1.1" 200 177 "-" "Mozilla/5.0 (compatible; 008/0.83; http://www.80legs.com/webcrawler.html;) Gecko/2008032620"
82.137.200.51 - - [13/Apr/2012:11:44:39 +0200] "GET /rueckrufservice.php HTTP/1.1" 200 10702 "-" "Mozilla/5.0 (compatible; 008/0.83; http://www.80legs.com/webcrawler.html) Gecko/2008032620"
195.131.129.185 - - [13/Apr/2012:11:49:04 +0200] "GET /optiplus.php HTTP/1.1" 200 11011 "-" "Mozilla/5.0 (compatible; 008/0.83; http://www.80legs.com/webcrawler.html) Gecko/2008032620"
