114.119.157.191 - - [01/Mar/2021:04:41:30 +0100] "GET /robots.txt HTTP/1.1" 404 - "-" "(compatible;PetalBot;+https://aspiegel.com/petalbot)"
188.34.163.207 - - [01/Mar/2021:05:01:24 +0100] "GET / HTTP/1.1" 200 4799 "-" "page-preview-tool Mozilla/5.0 (Windows NT 10.0; Win64; x64) AppleWebKit/537.36 (KHTML, like Gecko) Chrome/80.0.3987.132 Safari/537.36"
188.34.163.207 - - [01/Mar/2021:05:01:24 +0100] "GET /js/libs/modernizr-2.5.3.min.js HTTP/1.1" 200 15274 "http://www.mbingenieure.de/" "page-preview-tool Mozilla/5.0 (Windows NT 10.0; Win64; x64) AppleWebKit/537.36 (KHTML, like Gecko) Chrome/80.0.3987.132 Safari/537.36"
188.34.163.207 - - [01/Mar/2021:05:01:24 +0100] "GET /js/plugins.js HTTP/1.1" 200 898 "http://www.mbingenieure.de/" "page-preview-tool Mozilla/5.0 (Windows NT 10.0; Win64; x64) AppleWebKit/537.36 (KHTML, like Gecko) Chrome/80.0.3987.132 Safari/537.36"
194.173.174.10 - - [01/Mar/2021:06:52:54 +0100] "HEAD / HTTP/1.1" 200 - "-" "Mozilla/5.0 (Windows NT 6.3; WOW64) AppleWebKit/537.36 (KHTML, like Gecko) Chrome/43.0.2357.134 Safari/537.36"
66.249.66.138 - - [01/Mar/2021:08:20:41 +0100] "GET / HTTP/1.1" 200 4799 "-" "Mozilla/5.0 (Linux; Android 6.0.1; Nexus 5X Build/MMB29P) AppleWebKit/537.36 (KHTML, like Gecko) Chrome/88.0.4324.188 Mobile Safari/537.36 (compatible; Googlebot/2.1; +http://www.google.com/bot.html)"
66.249.66.142 - - [01/Mar/2021:08:40:59 +0100] "GET / HTTP/1.1" 200 4799 "-" "Mozilla/5.0 (compatible; Googlebot/2.1; +http://www.google.com/bot.html)"
66.249.66.138 - - [01/Mar/2021:08:41:14 +0100] "GET /css/style.css HTTP/1.1" 200 2831 "http://www.mbingenieure.de/" "Mozilla/5.0 AppleWebKit/537.36 (KHTML, like Gecko; compatible; Googlebot/2.1; +http://www.google.com/bot.html) Chrome/88.0.4324.202 Safari/537.36"
77.75.79.119 - - [01/Mar/2021:10:35:29 +0100] "GET /robots.txt HTTP/1.1" 404 - "-" "Mozilla/5.0 (compatible; SeznamBot/3.2; +http://napoveda.seznam.cz/en/seznambot-intro/)"
77.75.79.119 - - [01/Mar/2021:10:35:29 +0100] "GET /impressum.html HTTP/1.1" 200 5799 "-" "Mozilla/5.0 (compatible; SeznamBot/3.2; +http://napoveda.seznam.cz/en/seznambot-intro/)"
195.154.59.169 - - [01/Mar/2021:11:43:02 +0100] "GET /impressum.html HTTP/1.1" 200 5799 "-" "Mozilla/5.0 (Windows NT 6.1; WOW64) AppleWebKit/537.36 (KHTML, like Gecko) Chrome/34.0.1847.131 Safari/537.36"
66.249.66.142 - - [01/Mar/2021:14:33:36 +0100] "GET /robots.txt HTTP/1.1" 404 - "-" "Mozilla/5.0 (compatible; Googlebot/2.1; +http://www.google.com/bot.html)"
66.249.66.138 - - [01/Mar/2021:14:33:37 +0100] "GET /impressum.html HTTP/1.1" 200 5799 "-" "Mozilla/5.0 (Linux; Android 6.0.1; Nexus 5X Build/MMB29P) AppleWebKit/537.36 (KHTML, like Gecko) Chrome/88.0.4324.188 Mobile Safari/537.36 (compatible; Googlebot/2.1; +http://www.google.com/bot.html)"
66.249.66.138 - - [01/Mar/2021:14:33:40 +0100] "GET /js/plugins.js HTTP/1.1" 200 898 "http://www.mbingenieure.de/impressum.html" "Mozilla/5.0 (Linux; Android 6.0.1; Nexus 5X Build/MMB29P) AppleWebKit/537.36 (KHTML, like Gecko) Chrome/88.0.4324.202 Mobile Safari/537.36 (compatible; Googlebot/2.1; +http://www.google.com/bot.html)"
17.58.100.55 - - [01/Mar/2021:15:33:09 +0100] "GET /robots.txt HTTP/1.1" 404 - "-" "Mozilla/5.0 (Macintosh; Intel Mac OS X 10_15_5) AppleWebKit/605.1.15 (KHTML, like Gecko) Version/13.1.1 Safari/605.1.15 (Applebot/0.1; +http://www.apple.com/go/applebot)"
17.58.103.231 - - [01/Mar/2021:15:33:10 +0100] "GET /favicon.ico HTTP/1.1" 200 93062 "-" "Mozilla/5.0 (Macintosh; Intel Mac OS X 10_15_5) AppleWebKit/605.1.15 (KHTML, like Gecko) Version/13.1.1 Safari/605.1.15 (Applebot/0.1; +http://www.apple.com/go/applebot)"
66.249.66.142 - - [01/Mar/2021:18:04:52 +0100] "GET / HTTP/1.1" 200 4799 "-" "Mozilla/5.0 (Linux; Android 6.0.1; Nexus 5X Build/MMB29P) AppleWebKit/537.36 (KHTML, like Gecko) Chrome/88.0.4324.188 Mobile Safari/537.36 (compatible; Googlebot/2.1; +http://www.google.com/bot.html)"
66.249.66.138 - - [01/Mar/2021:18:55:32 +0100] "GET / HTTP/1.1" 200 4799 "-" "Mozilla/5.0 (compatible; Googlebot/2.1; +http://www.google.com/bot.html)"
66.249.72.78 - - [02/Mar/2021:00:22:27 +0100] "GET /impressum.html HTTP/1.1" 304 - "-" "Mozilla/5.0 (Linux; Android 6.0.1; Nexus 5X Build/MMB29P) AppleWebKit/537.36 (KHTML, like Gecko) Chrome/88.0.4324.188 Mobile Safari/537.36 (compatible; Googlebot/2.1; +http://www.google.com/bot.html)"
114.119.158.216 - - [02/Mar/2021:01:39:17 +0100] "GET /robots.txt HTTP/1.1" 404 - "-" "(compatible;PetalBot;+https://aspiegel.com/petalbot)"
95.128.200.200 - - [02/Mar/2021:02:40:35 +0100] "GET / HTTP/1.1" 200 4799 "https://www.google.de" "Mozilla/5.0 (Windows NT 6.1) AppleWebKit/537.36 (KHTML, like Gecko) Chrome/41.0.2228.0 Safari/537.36"
54.36.148.241 - - [02/Mar/2021:03:33:13 +0100] "GET /robots.txt HTTP/1.1" 404 - "-" "Mozilla/5.0 (compatible; AhrefsBot/6.1; +http://ahrefs.com/robot/)"
54.36.148.105 - - [02/Mar/2021:03:33:13 +0100] "GET / HTTP/1.1" 200 4799 "-" "Mozilla/5.0 (compatible; AhrefsBot/7.0; +http://ahrefs.com/robot/)"
195.154.123.48 - - [02/Mar/2021:03:33:27 +0100] "GET / HTTP/1.1" 200 4799 "-" "Mozilla/5.0 (compatible; AhrefsBot/7.0; +http://ahrefs.com/robot/)"
195.154.123.48 - - [02/Mar/2021:03:33:28 +0100] "GET /css/style.css HTTP/1.1" 200 2831 "http://www.mbingenieure.de/" "Mozilla/5.0 (compatible; AhrefsBot/7.0; +http://ahrefs.com/robot/)"
195.154.123.48 - - [02/Mar/2021:03:33:28 +0100] "GET /js/libs/modernizr-2.5.3.min.js HTTP/1.1" 200 15274 "http://www.mbingenieure.de/" "Mozilla/5.0 (compatible; AhrefsBot/7.0; +http://ahrefs.com/robot/)"
195.154.123.48 - - [02/Mar/2021:03:33:28 +0100] "GET /js/plugins.js HTTP/1.1" 200 898 "http://www.mbingenieure.de/" "Mozilla/5.0 (compatible; AhrefsBot/7.0; +http://ahrefs.com/robot/)"
66.249.72.82 - - [02/Mar/2021:03:53:15 +0100] "GET /robots.txt HTTP/1.1" 404 - "-" "Mozilla/5.0 (compatible; Googlebot/2.1; +http://www.google.com/bot.html)"
66.249.72.80 - - [02/Mar/2021:03:53:15 +0100] "GET / HTTP/1.1" 200 4799 "-" "Mozilla/5.0 (Linux; Android 6.0.1; Nexus 5X Build/MMB29P) AppleWebKit/537.36 (KHTML, like Gecko) Chrome/88.0.4324.188 Mobile Safari/537.36 (compatible; Googlebot/2.1; +http://www.google.com/bot.html)"
66.249.72.78 - - [02/Mar/2021:03:53:20 +0100] "GET /css/style.css HTTP/1.1" 200 2831 "http://www.mbingenieure.de/" "Mozilla/5.0 (Linux; Android 6.0.1; Nexus 5X Build/MMB29P) AppleWebKit/537.36 (KHTML, like Gecko) Chrome/88.0.4324.202 Mobile Safari/537.36 (compatible; Googlebot/2.1; +http://www.google.com/bot.html)"
66.249.72.80 - - [02/Mar/2021:03:53:20 +0100] "GET /js/plugins.js HTTP/1.1" 200 898 "http://www.mbingenieure.de/" "Mozilla/5.0 (Linux; Android 6.0.1; Nexus 5X Build/MMB29P) AppleWebKit/537.36 (KHTML, like Gecko) Chrome/88.0.4324.202 Mobile Safari/537.36 (compatible; Googlebot/2.1; +http://www.google.com/bot.html)"
66.249.72.82 - - [02/Mar/2021:05:24:17 +0100] "GET / HTTP/1.1" 200 4799 "-" "Mozilla/5.0 (compatible; Googlebot/2.1; +http://www.google.com/bot.html)"
178.12.27.6 - - [02/Mar/2021:07:52:57 +0100] "GET /impressum.html HTTP/1.1" 200 5799 "https://www.bing.com/" "Mozilla/5.0 (Windows NT 10.0; Win64; x64) AppleWebKit/537.36 (KHTML, like Gecko) Chrome/88.0.4324.182 Safari/537.36 Edg/88.0.705.81"
178.12.27.6 - - [02/Mar/2021:07:52:58 +0100] "GET /css/style.css HTTP/1.1" 200 2831 "http://www.mbingenieure.de/impressum.html" "Mozilla/5.0 (Windows NT 10.0; Win64; x64) AppleWebKit/537.36 (KHTML, like Gecko) Chrome/88.0.4324.182 Safari/537.36 Edg/88.0.705.81"
178.12.27.6 - - [02/Mar/2021:07:52:58 +0100] "GET /js/libs/modernizr-2.5.3.min.js HTTP/1.1" 200 15274 "http://www.mbingenieure.de/impressum.html" "Mozilla/5.0 (Windows NT 10.0; Win64; x64) AppleWebKit/537.36 (KHTML, like Gecko) Chrome/88.0.4324.182 Safari/537.36 Edg/88.0.705.81"
178.12.27.6 - - [02/Mar/2021:07:52:58 +0100] "GET /js/plugins.js HTTP/1.1" 200 898 "http://www.mbingenieure.de/impressum.html" "Mozilla/5.0 (Windows NT 10.0; Win64; x64) AppleWebKit/537.36 (KHTML, like Gecko) Chrome/88.0.4324.182 Safari/537.36 Edg/88.0.705.81"
178.12.27.6 - - [02/Mar/2021:07:52:58 +0100] "GET /images/footer.png HTTP/1.1" 200 1064 "http://www.mbingenieure.de/css/style.css" "Mozilla/5.0 (Windows NT 10.0; Win64; x64) AppleWebKit/537.36 (KHTML, like Gecko) Chrome/88.0.4324.182 Safari/537.36 Edg/88.0.705.81"
178.12.27.6 - - [02/Mar/2021:07:52:58 +0100] "GET /images/header.png HTTP/1.1" 200 1494 "http://www.mbingenieure.de/css/style.css" "Mozilla/5.0 (Windows NT 10.0; Win64; x64) AppleWebKit/537.36 (KHTML, like Gecko) Chrome/88.0.4324.182 Safari/537.36 Edg/88.0.705.81"
178.12.27.6 - - [02/Mar/2021:07:52:58 +0100] "GET /images/navi.png HTTP/1.1" 200 946 "http://www.mbingenieure.de/css/style.css" "Mozilla/5.0 (Windows NT 10.0; Win64; x64) AppleWebKit/537.36 (KHTML, like Gecko) Chrome/88.0.4324.182 Safari/537.36 Edg/88.0.705.81"
178.12.27.6 - - [02/Mar/2021:07:52:58 +0100] "GET /favicon.ico HTTP/1.1" 200 93062 "http://www.mbingenieure.de/impressum.html" "Mozilla/5.0 (Windows NT 10.0; Win64; x64) AppleWebKit/537.36 (KHTML, like Gecko) Chrome/88.0.4324.182 Safari/537.36 Edg/88.0.705.81"
62.152.178.194 - - [02/Mar/2021:11:43:57 +0100] "GET /impressum.html HTTP/1.1" 200 5799 "https://www.bing.com/" "Mozilla/5.0 (Windows NT 10.0; Win64; x64) AppleWebKit/537.36 (KHTML, like Gecko) Chrome/88.0.4324.182 Safari/537.36 Edg/88.0.705.81"
62.152.178.194 - - [02/Mar/2021:11:43:57 +0100] "GET /css/style.css HTTP/1.1" 200 2831 "http://www.mbingenieure.de/impressum.html" "Mozilla/5.0 (Windows NT 10.0; Win64; x64) AppleWebKit/537.36 (KHTML, like Gecko) Chrome/88.0.4324.182 Safari/537.36 Edg/88.0.705.81"
62.152.178.194 - - [02/Mar/2021:11:43:57 +0100] "GET /js/plugins.js HTTP/1.1" 200 898 "http://www.mbingenieure.de/impressum.html" "Mozilla/5.0 (Windows NT 10.0; Win64; x64) AppleWebKit/537.36 (KHTML, like Gecko) Chrome/88.0.4324.182 Safari/537.36 Edg/88.0.705.81"
62.152.178.194 - - [02/Mar/2021:11:43:57 +0100] "GET /js/libs/modernizr-2.5.3.min.js HTTP/1.1" 200 15274 "http://www.mbingenieure.de/impressum.html" "Mozilla/5.0 (Windows NT 10.0; Win64; x64) AppleWebKit/537.36 (KHTML, like Gecko) Chrome/88.0.4324.182 Safari/537.36 Edg/88.0.705.81"
62.152.178.194 - - [02/Mar/2021:11:43:57 +0100] "GET /images/footer.png HTTP/1.1" 200 1064 "http://www.mbingenieure.de/css/style.css" "Mozilla/5.0 (Windows NT 10.0; Win64; x64) AppleWebKit/537.36 (KHTML, like Gecko) Chrome/88.0.4324.182 Safari/537.36 Edg/88.0.705.81"
62.152.178.194 - - [02/Mar/2021:11:43:57 +0100] "GET /images/header.png HTTP/1.1" 200 1494 "http://www.mbingenieure.de/css/style.css" "Mozilla/5.0 (Windows NT 10.0; Win64; x64) AppleWebKit/537.36 (KHTML, like Gecko) Chrome/88.0.4324.182 Safari/537.36 Edg/88.0.705.81"
62.152.178.194 - - [02/Mar/2021:11:43:57 +0100] "GET /images/navi.png HTTP/1.1" 200 946 "http://www.mbingenieure.de/css/style.css" "Mozilla/5.0 (Windows NT 10.0; Win64; x64) AppleWebKit/537.36 (KHTML, like Gecko) Chrome/88.0.4324.182 Safari/537.36 Edg/88.0.705.81"
62.152.178.194 - - [02/Mar/2021:11:43:58 +0100] "GET /favicon.ico HTTP/1.1" 200 93062 "http://www.mbingenieure.de/impressum.html" "Mozilla/5.0 (Windows NT 10.0; Win64; x64) AppleWebKit/537.36 (KHTML, like Gecko) Chrome/88.0.4324.182 Safari/537.36 Edg/88.0.705.81"
62.152.178.194 - - [02/Mar/2021:11:44:00 +0100] "GET /spektrum.html HTTP/1.1" 200 4492 "http://www.mbingenieure.de/impressum.html" "Mozilla/5.0 (Windows NT 10.0; Win64; x64) AppleWebKit/537.36 (KHTML, like Gecko) Chrome/88.0.4324.182 Safari/537.36 Edg/88.0.705.81"
62.152.178.194 - - [02/Mar/2021:11:44:04 +0100] "GET /index.html HTTP/1.1" 200 4799 "http://www.mbingenieure.de/spektrum.html" "Mozilla/5.0 (Windows NT 10.0; Win64; x64) AppleWebKit/537.36 (KHTML, like Gecko) Chrome/88.0.4324.182 Safari/537.36 Edg/88.0.705.81"
62.152.178.194 - - [02/Mar/2021:11:44:04 +0100] "GET /images/logo.png HTTP/1.1" 200 16467 "http://www.mbingenieure.de/index.html" "Mozilla/5.0 (Windows NT 10.0; Win64; x64) AppleWebKit/537.36 (KHTML, like Gecko) Chrome/88.0.4324.182 Safari/537.36 Edg/88.0.705.81"
62.152.178.194 - - [02/Mar/2021:11:44:04 +0100] "GET /images/bild1.png HTTP/1.1" 200 16301 "http://www.mbingenieure.de/index.html" "Mozilla/5.0 (Windows NT 10.0; Win64; x64) AppleWebKit/537.36 (KHTML, like Gecko) Chrome/88.0.4324.182 Safari/537.36 Edg/88.0.705.81"
62.152.178.194 - - [02/Mar/2021:11:44:04 +0100] "GET /images/bild2.png HTTP/1.1" 200 68475 "http://www.mbingenieure.de/index.html" "Mozilla/5.0 (Windows NT 10.0; Win64; x64) AppleWebKit/537.36 (KHTML, like Gecko) Chrome/88.0.4324.182 Safari/537.36 Edg/88.0.705.81"
62.152.178.194 - - [02/Mar/2021:11:44:04 +0100] "GET /images/bild4.png HTTP/1.1" 200 65856 "http://www.mbingenieure.de/index.html" "Mozilla/5.0 (Windows NT 10.0; Win64; x64) AppleWebKit/537.36 (KHTML, like Gecko) Chrome/88.0.4324.182 Safari/537.36 Edg/88.0.705.81"
87.141.95.159 - - [02/Mar/2021:12:41:04 +0100] "GET / HTTP/1.1" 200 4799 "http://www.sxenon.de/" "Mozilla/5.0 (Windows NT 10.0; Win64; x64) AppleWebKit/537.36 (KHTML, like Gecko) Chrome/88.0.4324.182 Safari/537.36 Edg/88.0.705.81"
87.141.95.159 - - [02/Mar/2021:12:41:04 +0100] "GET /css/style.css HTTP/1.1" 200 2831 "http://www.mbingenieure.de/" "Mozilla/5.0 (Windows NT 10.0; Win64; x64) AppleWebKit/537.36 (KHTML, like Gecko) Chrome/88.0.4324.182 Safari/537.36 Edg/88.0.705.81"
87.141.95.159 - - [02/Mar/2021:12:41:04 +0100] "GET /js/libs/modernizr-2.5.3.min.js HTTP/1.1" 200 15274 "http://www.mbingenieure.de/" "Mozilla/5.0 (Windows NT 10.0; Win64; x64) AppleWebKit/537.36 (KHTML, like Gecko) Chrome/88.0.4324.182 Safari/537.36 Edg/88.0.705.81"
87.141.95.159 - - [02/Mar/2021:12:41:04 +0100] "GET /js/plugins.js HTTP/1.1" 200 898 "http://www.mbingenieure.de/" "Mozilla/5.0 (Windows NT 10.0; Win64; x64) AppleWebKit/537.36 (KHTML, like Gecko) Chrome/88.0.4324.182 Safari/537.36 Edg/88.0.705.81"
87.141.95.159 - - [02/Mar/2021:12:41:04 +0100] "GET /images/footer.png HTTP/1.1" 200 1064 "http://www.mbingenieure.de/css/style.css" "Mozilla/5.0 (Windows NT 10.0; Win64; x64) AppleWebKit/537.36 (KHTML, like Gecko) Chrome/88.0.4324.182 Safari/537.36 Edg/88.0.705.81"
87.141.95.159 - - [02/Mar/2021:12:41:04 +0100] "GET /images/header.png HTTP/1.1" 200 1494 "http://www.mbingenieure.de/css/style.css" "Mozilla/5.0 (Windows NT 10.0; Win64; x64) AppleWebKit/537.36 (KHTML, like Gecko) Chrome/88.0.4324.182 Safari/537.36 Edg/88.0.705.81"
87.141.95.159 - - [02/Mar/2021:12:41:04 +0100] "GET /images/logo.png HTTP/1.1" 200 16467 "http://www.mbingenieure.de/" "Mozilla/5.0 (Windows NT 10.0; Win64; x64) AppleWebKit/537.36 (KHTML, like Gecko) Chrome/88.0.4324.182 Safari/537.36 Edg/88.0.705.81"
87.141.95.159 - - [02/Mar/2021:12:41:04 +0100] "GET /images/bild4.png HTTP/1.1" 200 65856 "http://www.mbingenieure.de/" "Mozilla/5.0 (Windows NT 10.0; Win64; x64) AppleWebKit/537.36 (KHTML, like Gecko) Chrome/88.0.4324.182 Safari/537.36 Edg/88.0.705.81"
87.141.95.159 - - [02/Mar/2021:12:41:04 +0100] "GET /images/bild1.png HTTP/1.1" 200 16301 "http://www.mbingenieure.de/" "Mozilla/5.0 (Windows NT 10.0; Win64; x64) AppleWebKit/537.36 (KHTML, like Gecko) Chrome/88.0.4324.182 Safari/537.36 Edg/88.0.705.81"
87.141.95.159 - - [02/Mar/2021:12:41:04 +0100] "GET /images/navi.png HTTP/1.1" 200 946 "http://www.mbingenieure.de/css/style.css" "Mozilla/5.0 (Windows NT 10.0; Win64; x64) AppleWebKit/537.36 (KHTML, like Gecko) Chrome/88.0.4324.182 Safari/537.36 Edg/88.0.705.81"
87.141.95.159 - - [02/Mar/2021:12:41:04 +0100] "GET /images/bild2.png HTTP/1.1" 200 68475 "http://www.mbingenieure.de/" "Mozilla/5.0 (Windows NT 10.0; Win64; x64) AppleWebKit/537.36 (KHTML, like Gecko) Chrome/88.0.4324.182 Safari/537.36 Edg/88.0.705.81"
87.141.95.159 - - [02/Mar/2021:12:41:04 +0100] "GET /favicon.ico HTTP/1.1" 200 93062 "http://www.mbingenieure.de/" "Mozilla/5.0 (Windows NT 10.0; Win64; x64) AppleWebKit/537.36 (KHTML, like Gecko) Chrome/88.0.4324.182 Safari/537.36 Edg/88.0.705.81"
87.141.95.159 - - [02/Mar/2021:12:41:18 +0100] "GET /index.html HTTP/1.1" 200 4799 "http://www.mbingenieure.de/" "Mozilla/5.0 (Windows NT 10.0; Win64; x64) AppleWebKit/537.36 (KHTML, like Gecko) Chrome/88.0.4324.182 Safari/537.36 Edg/88.0.705.81"
87.141.95.159 - - [02/Mar/2021:12:41:19 +0100] "GET /uns.html HTTP/1.1" 200 4520 "http://www.mbingenieure.de/index.html" "Mozilla/5.0 (Windows NT 10.0; Win64; x64) AppleWebKit/537.36 (KHTML, like Gecko) Chrome/88.0.4324.182 Safari/537.36 Edg/88.0.705.81"
87.141.95.159 - - [02/Mar/2021:12:41:22 +0100] "GET /spektrum.html HTTP/1.1" 200 4492 "http://www.mbingenieure.de/uns.html" "Mozilla/5.0 (Windows NT 10.0; Win64; x64) AppleWebKit/537.36 (KHTML, like Gecko) Chrome/88.0.4324.182 Safari/537.36 Edg/88.0.705.81"
87.141.95.159 - - [02/Mar/2021:12:41:24 +0100] "GET /referenz.html HTTP/1.1" 200 11524 "http://www.mbingenieure.de/spektrum.html" "Mozilla/5.0 (Windows NT 10.0; Win64; x64) AppleWebKit/537.36 (KHTML, like Gecko) Chrome/88.0.4324.182 Safari/537.36 Edg/88.0.705.81"
87.141.95.159 - - [02/Mar/2021:12:41:27 +0100] "GET /partner.html HTTP/1.1" 200 4528 "http://www.mbingenieure.de/referenz.html" "Mozilla/5.0 (Windows NT 10.0; Win64; x64) AppleWebKit/537.36 (KHTML, like Gecko) Chrome/88.0.4324.182 Safari/537.36 Edg/88.0.705.81"
66.249.72.80 - - [02/Mar/2021:13:58:15 +0100] "GET / HTTP/1.1" 200 4799 "-" "Mozilla/5.0 (Linux; Android 6.0.1; Nexus 5X Build/MMB29P) AppleWebKit/537.36 (KHTML, like Gecko) Chrome/88.0.4324.188 Mobile Safari/537.36 (compatible; Googlebot/2.1; +http://www.google.com/bot.html)"
66.249.72.80 - - [02/Mar/2021:14:49:06 +0100] "GET / HTTP/1.1" 200 4799 "-" "Mozilla/5.0 (compatible; Googlebot/2.1; +http://www.google.com/bot.html)"
157.55.39.33 - - [02/Mar/2021:16:02:01 +0100] "GET /robots.txt HTTP/1.1" 404 - "-" "Mozilla/5.0 (compatible; bingbot/2.0; +http://www.bing.com/bingbot.htm)"
157.55.39.144 - - [02/Mar/2021:16:02:20 +0100] "GET /impressum.html HTTP/1.1" 200 5799 "-" "Mozilla/5.0 (compatible; bingbot/2.0; +http://www.bing.com/bingbot.htm)"
114.119.146.208 - - [02/Mar/2021:20:30:14 +0100] "GET /robots.txt HTTP/1.1" 404 - "-" "(compatible;PetalBot;+https://aspiegel.com/petalbot)"
95.216.6.105 - - [02/Mar/2021:21:10:13 +0100] "GET /robots.txt HTTP/1.1" 404 - "-" "ImplisenseBot 1.1"
95.216.6.105 - - [02/Mar/2021:21:10:14 +0100] "GET / HTTP/1.1" 200 4799 "-" "ImplisenseBot 1.1"
95.216.6.105 - - [02/Mar/2021:21:10:14 +0100] "GET /impressum.html HTTP/1.1" 200 5799 "-" "ImplisenseBot 1.1"
95.216.6.105 - - [02/Mar/2021:21:10:14 +0100] "GET /uns.html HTTP/1.1" 200 4520 "-" "ImplisenseBot 1.1"
95.216.6.105 - - [02/Mar/2021:21:10:15 +0100] "GET /referenz.html HTTP/1.1" 200 11524 "-" "ImplisenseBot 1.1"
95.216.6.105 - - [02/Mar/2021:21:10:16 +0100] "GET /spektrum.html HTTP/1.1" 200 4492 "-" "ImplisenseBot 1.1"
95.216.6.105 - - [02/Mar/2021:21:10:16 +0100] "GET /kontakt.html HTTP/1.1" 200 4581 "-" "ImplisenseBot 1.1"
95.216.6.105 - - [02/Mar/2021:21:10:17 +0100] "GET /projekte.html HTTP/1.1" 200 8338 "-" "ImplisenseBot 1.1"
95.216.6.105 - - [02/Mar/2021:21:10:17 +0100] "GET /index.html HTTP/1.1" 200 4799 "-" "ImplisenseBot 1.1"
95.216.6.105 - - [02/Mar/2021:21:10:18 +0100] "GET /partner.html HTTP/1.1" 200 4528 "-" "ImplisenseBot 1.1"
95.216.6.105 - - [02/Mar/2021:21:10:18 +0100] "GET /datenschutz.html HTTP/1.1" 200 12023 "-" "ImplisenseBot 1.1"
195.154.59.169 - - [02/Mar/2021:21:16:46 +0100] "GET / HTTP/1.1" 200 4799 "-" "Mozilla/5.0 (Windows NT 6.1; WOW64) AppleWebKit/537.36 (KHTML, like Gecko) Chrome/63.0.3239.26 Safari/537.36 Core/1.63.5221.400 QQBrowser/10.0.1125.400"
195.154.59.169 - - [02/Mar/2021:21:16:46 +0100] "GET /kontakt.html HTTP/1.1" 200 4581 "http://www.mbingenieure.de" "Mozilla/5.0 (Windows NT 6.1; WOW64) AppleWebKit/537.36 (KHTML, like Gecko) Chrome/63.0.3239.26 Safari/537.36 Core/1.63.5221.400 QQBrowser/10.0.1125.400"
195.154.59.169 - - [02/Mar/2021:21:16:46 +0100] "GET /impressum.html HTTP/1.1" 200 5799 "http://www.mbingenieure.de" "Mozilla/5.0 (Windows NT 6.1; WOW64) AppleWebKit/537.36 (KHTML, like Gecko) Chrome/63.0.3239.26 Safari/537.36 Core/1.63.5221.400 QQBrowser/10.0.1125.400"
188.34.165.76 - - [02/Mar/2021:22:57:52 +0100] "GET / HTTP/1.1" 200 4799 "-" "page-preview-tool Mozilla/5.0 (Windows NT 10.0; Win64; x64) AppleWebKit/537.36 (KHTML, like Gecko) Chrome/80.0.3987.132 Safari/537.36"
66.249.72.80 - - [02/Mar/2021:23:31:26 +0100] "GET /robots.txt HTTP/1.1" 404 - "-" "Mozilla/5.0 (compatible; Googlebot/2.1; +http://www.google.com/bot.html)"
66.249.72.82 - - [02/Mar/2021:23:31:26 +0100] "GET / HTTP/1.1" 200 4799 "-" "Mozilla/5.0 (Linux; Android 6.0.1; Nexus 5X Build/MMB29P) AppleWebKit/537.36 (KHTML, like Gecko) Chrome/88.0.4324.188 Mobile Safari/537.36 (compatible; Googlebot/2.1; +http://www.google.com/bot.html)"
66.249.72.80 - - [03/Mar/2021:00:01:38 +0100] "GET / HTTP/1.1" 200 4799 "-" "Mozilla/5.0 (compatible; Googlebot/2.1; +http://www.google.com/bot.html)"
37.47.104.214 - - [03/Mar/2021:08:03:40 +0100] "GET / HTTP/1.1" 200 4799 "https://www.google.pl/" "Mozilla/5.0 (Windows NT 10.0; Win64; x64; rv:86.0) Gecko/20100101 Firefox/86.0"
37.47.104.214 - - [03/Mar/2021:08:03:40 +0100] "GET /css/style.css HTTP/1.1" 200 2831 "http://www.mbingenieure.de/" "Mozilla/5.0 (Windows NT 10.0; Win64; x64; rv:86.0) Gecko/20100101 Firefox/86.0"
37.47.104.214 - - [03/Mar/2021:08:03:40 +0100] "GET /js/plugins.js HTTP/1.1" 200 898 "http://www.mbingenieure.de/" "Mozilla/5.0 (Windows NT 10.0; Win64; x64; rv:86.0) Gecko/20100101 Firefox/86.0"
37.47.104.214 - - [03/Mar/2021:08:03:40 +0100] "GET /js/libs/modernizr-2.5.3.min.js HTTP/1.1" 200 15274 "http://www.mbingenieure.de/" "Mozilla/5.0 (Windows NT 10.0; Win64; x64; rv:86.0) Gecko/20100101 Firefox/86.0"
37.47.104.214 - - [03/Mar/2021:08:03:41 +0100] "GET /images/logo.png HTTP/1.1" 200 16467 "http://www.mbingenieure.de/" "Mozilla/5.0 (Windows NT 10.0; Win64; x64; rv:86.0) Gecko/20100101 Firefox/86.0"
37.47.104.214 - - [03/Mar/2021:08:03:41 +0100] "GET /images/bild1.png HTTP/1.1" 200 16301 "http://www.mbingenieure.de/" "Mozilla/5.0 (Windows NT 10.0; Win64; x64; rv:86.0) Gecko/20100101 Firefox/86.0"
37.47.104.214 - - [03/Mar/2021:08:03:41 +0100] "GET /images/footer.png HTTP/1.1" 200 1064 "http://www.mbingenieure.de/css/style.css" "Mozilla/5.0 (Windows NT 10.0; Win64; x64; rv:86.0) Gecko/20100101 Firefox/86.0"
37.47.104.214 - - [03/Mar/2021:08:03:41 +0100] "GET /images/bild4.png HTTP/1.1" 200 65856 "http://www.mbingenieure.de/" "Mozilla/5.0 (Windows NT 10.0; Win64; x64; rv:86.0) Gecko/20100101 Firefox/86.0"
37.47.104.214 - - [03/Mar/2021:08:03:41 +0100] "GET /images/header.png HTTP/1.1" 200 1494 "http://www.mbingenieure.de/css/style.css" "Mozilla/5.0 (Windows NT 10.0; Win64; x64; rv:86.0) Gecko/20100101 Firefox/86.0"
37.47.104.214 - - [03/Mar/2021:08:03:41 +0100] "GET /images/navi.png HTTP/1.1" 200 946 "http://www.mbingenieure.de/css/style.css" "Mozilla/5.0 (Windows NT 10.0; Win64; x64; rv:86.0) Gecko/20100101 Firefox/86.0"
37.47.104.214 - - [03/Mar/2021:08:03:41 +0100] "GET /images/bild2.png HTTP/1.1" 200 68475 "http://www.mbingenieure.de/" "Mozilla/5.0 (Windows NT 10.0; Win64; x64; rv:86.0) Gecko/20100101 Firefox/86.0"
37.47.104.214 - - [03/Mar/2021:08:03:41 +0100] "GET /favicon.ico HTTP/1.1" 200 93062 "http://www.mbingenieure.de/" "Mozilla/5.0 (Windows NT 10.0; Win64; x64; rv:86.0) Gecko/20100101 Firefox/86.0"
37.47.104.214 - - [03/Mar/2021:08:04:28 +0100] "GET /kontakt.html HTTP/1.1" 200 4581 "http://www.mbingenieure.de/" "Mozilla/5.0 (Windows NT 10.0; Win64; x64; rv:86.0) Gecko/20100101 Firefox/86.0"
66.249.72.82 - - [03/Mar/2021:08:55:21 +0100] "GET / HTTP/1.1" 200 4799 "-" "Mozilla/5.0 (Linux; Android 6.0.1; Nexus 5X Build/MMB29P) AppleWebKit/537.36 (KHTML, like Gecko) Chrome/88.0.4324.188 Mobile Safari/537.36 (compatible; Googlebot/2.1; +http://www.google.com/bot.html)"
66.249.72.78 - - [03/Mar/2021:09:05:59 +0100] "GET / HTTP/1.1" 200 4799 "-" "Mozilla/5.0 (compatible; Googlebot/2.1; +http://www.google.com/bot.html)"
188.34.164.89 - - [03/Mar/2021:12:30:11 +0100] "GET / HTTP/1.1" 200 4799 "-" "page-preview-tool Mozilla/5.0 (Windows NT 10.0; Win64; x64) AppleWebKit/537.36 (KHTML, like Gecko) Chrome/80.0.3987.132 Safari/537.36"
188.34.164.89 - - [03/Mar/2021:12:30:11 +0100] "GET /js/libs/modernizr-2.5.3.min.js HTTP/1.1" 200 15274 "http://www.mbingenieure.de/" "page-preview-tool Mozilla/5.0 (Windows NT 10.0; Win64; x64) AppleWebKit/537.36 (KHTML, like Gecko) Chrome/80.0.3987.132 Safari/537.36"
188.34.164.89 - - [03/Mar/2021:12:30:11 +0100] "GET /js/plugins.js HTTP/1.1" 200 898 "http://www.mbingenieure.de/" "page-preview-tool Mozilla/5.0 (Windows NT 10.0; Win64; x64) AppleWebKit/537.36 (KHTML, like Gecko) Chrome/80.0.3987.132 Safari/537.36"
34.77.162.5 - - [03/Mar/2021:14:06:52 +0100] "GET / HTTP/1.1" 200 4799 "-" "Expanse indexes the network perimeters of our customers. If you have any questions or concerns, please reach out to: scaninfo@expanseinc.com"
114.119.159.8 - - [03/Mar/2021:15:28:54 +0100] "GET /robots.txt HTTP/1.1" 404 - "-" "(compatible;PetalBot;+https://aspiegel.com/petalbot)"
95.216.96.245 - - [03/Mar/2021:16:00:00 +0100] "GET /robots.txt HTTP/1.1" 404 - "-" "Mozilla/5.0 (compatible; SEOkicks; +https://www.seokicks.de/robot.html)"
95.216.96.245 - - [03/Mar/2021:16:00:01 +0100] "GET / HTTP/1.1" 200 4799 "-" "Mozilla/5.0 (compatible; SEOkicks; +https://www.seokicks.de/robot.html)"
20.75.128.100 - - [03/Mar/2021:16:14:46 +0100] "GET / HTTP/1.1" 200 4799 "-" "Mozilla/5.0 (Windows NT 10.0; Win64; x64) AppleWebKit/537.36 (KHTML, like Gecko) Chrome/76.0.3809.100 Safari/537.36"
217.160.240.48 - - [03/Mar/2021:17:53:55 +0100] "GET /cpanel HTTP/1.1" 404 - "-" "Mozlila/5.0 (Linux; Android 7.0; SM-G892A Bulid/NRD90M; wv) AppleWebKit/537.36 (KHTML, like Gecko) Version/4.0 Chrome/60.0.3112.107 Moblie Safari/537.36"
66.249.72.82 - - [03/Mar/2021:18:38:18 +0100] "GET /robots.txt HTTP/1.1" 404 - "-" "Mozilla/5.0 (compatible; Googlebot/2.1; +http://www.google.com/bot.html)"
66.249.72.78 - - [03/Mar/2021:18:38:18 +0100] "GET / HTTP/1.1" 200 4799 "-" "Mozilla/5.0 (Linux; Android 6.0.1; Nexus 5X Build/MMB29P) AppleWebKit/537.36 (KHTML, like Gecko) Chrome/88.0.4324.188 Mobile Safari/537.36 (compatible; Googlebot/2.1; +http://www.google.com/bot.html)"
66.249.72.82 - - [03/Mar/2021:19:08:20 +0100] "GET / HTTP/1.1" 200 4799 "-" "Mozilla/5.0 (compatible; Googlebot/2.1; +http://www.google.com/bot.html)"
54.36.149.7 - - [04/Mar/2021:01:31:25 +0100] "GET /robots.txt HTTP/1.1" 404 - "-" "Mozilla/5.0 (compatible; AhrefsBot/6.1; +http://ahrefs.com/robot/)"
66.249.64.30 - - [04/Mar/2021:04:32:30 +0100] "GET / HTTP/1.1" 200 4799 "-" "Mozilla/5.0 (Linux; Android 6.0.1; Nexus 5X Build/MMB29P) AppleWebKit/537.36 (KHTML, like Gecko) Chrome/88.0.4324.188 Mobile Safari/537.36 (compatible; Googlebot/2.1; +http://www.google.com/bot.html)"
66.249.64.28 - - [04/Mar/2021:04:52:40 +0100] "GET / HTTP/1.1" 200 4799 "-" "Mozilla/5.0 (compatible; Googlebot/2.1; +http://www.google.com/bot.html)"
54.71.98.225 - - [04/Mar/2021:06:04:22 +0100] "GET /robots.txt HTTP/1.1" 404 - "-" "Mozilla/5.0 (Windows NT 10.0; Win64; x64) AppleWebKit/537.36 (KHTML, like Gecko) Chrome/88.0.4324.96 Safari/537.36 Edg/88.0.705.56"
54.71.98.225 - - [04/Mar/2021:06:04:22 +0100] "GET / HTTP/1.1" 200 4799 "-" "Mozilla/5.0 (Windows NT 10.0; Win64; x64) AppleWebKit/537.36 (KHTML, like Gecko) Chrome/88.0.4324.96 Safari/537.36 Edg/88.0.705.56"
54.71.98.225 - - [04/Mar/2021:06:04:22 +0100] "GET /kontakt.html HTTP/1.1" 200 4581 "-" "Mozilla/5.0 (Windows NT 10.0; Win64; x64) AppleWebKit/537.36 (KHTML, like Gecko) Chrome/88.0.4324.96 Safari/537.36 Edg/88.0.705.56"
3.12.73.50 - - [04/Mar/2021:06:46:23 +0100] "GET / HTTP/1.1" 200 4799 "-" "Mozilla/5.0 (X11; Linux x86_64) AppleWebKit/537.36 (KHTML, like Gecko) Chrome/85.0.4183.102 Safari/537.36"
3.12.73.50 - - [04/Mar/2021:06:46:23 +0100] "GET / HTTP/1.1" 200 4799 "-" "Mozilla/5.0 (X11; Linux x86_64) AppleWebKit/537.36 (KHTML, like Gecko) Chrome/85.0.4183.102 Safari/537.36"
3.12.73.50 - - [04/Mar/2021:06:46:23 +0100] "GET /css/style.css HTTP/1.1" 200 2831 "http://www.mbingenieure.de/" "Mozilla/5.0 (X11; Linux x86_64) AppleWebKit/537.36 (KHTML, like Gecko) Chrome/85.0.4183.102 Safari/537.36"
3.12.73.50 - - [04/Mar/2021:06:46:23 +0100] "GET /js/libs/modernizr-2.5.3.min.js HTTP/1.1" 200 15274 "http://www.mbingenieure.de/" "Mozilla/5.0 (X11; Linux x86_64) AppleWebKit/537.36 (KHTML, like Gecko) Chrome/85.0.4183.102 Safari/537.36"
3.12.73.50 - - [04/Mar/2021:06:46:23 +0100] "GET /js/plugins.js HTTP/1.1" 200 898 "http://www.mbingenieure.de/" "Mozilla/5.0 (X11; Linux x86_64) AppleWebKit/537.36 (KHTML, like Gecko) Chrome/85.0.4183.102 Safari/537.36"
3.12.73.50 - - [04/Mar/2021:06:46:25 +0100] "GET /favicon.ico HTTP/1.1" 200 93062 "http://www.mbingenieure.de/" "Mozilla/5.0 (X11; Linux x86_64) AppleWebKit/537.36 (KHTML, like Gecko) Chrome/85.0.4183.102 Safari/537.36"
3.12.73.50 - - [04/Mar/2021:06:46:25 +0100] "GET /favicon.ico HTTP/1.1" 200 93062 "http://www.mbingenieure.de/" "Mozilla/5.0 (X11; Linux x86_64) AppleWebKit/537.36 (KHTML, like Gecko) Chrome/85.0.4183.102 Safari/537.36"
3.12.73.50 - - [04/Mar/2021:06:46:26 +0100] "GET /robots.txt HTTP/1.1" 404 - "-" "Python-urllib/3.7"
3.12.73.50 - - [04/Mar/2021:06:46:26 +0100] "GET /index.html HTTP/1.1" 200 4799 "-" "Mozilla/5.0 (X11; Linux x86_64) AppleWebKit/537.36 (KHTML, like Gecko) Chrome/85.0.4183.102 Safari/537.36"
3.12.73.50 - - [04/Mar/2021:06:46:28 +0100] "GET /kontakt.html HTTP/1.1" 200 4581 "-" "Mozilla/5.0 (X11; Linux x86_64) AppleWebKit/537.36 (KHTML, like Gecko) Chrome/85.0.4183.102 Safari/537.36"
185.191.171.15 - - [04/Mar/2021:09:21:18 +0100] "GET /robots.txt HTTP/1.1" 404 - "-" "Mozilla/5.0 (compatible; SemrushBot/7~bl; +http://www.semrush.com/bot.html)"
185.191.171.33 - - [04/Mar/2021:09:21:18 +0100] "GET / HTTP/1.1" 200 4799 "-" "Mozilla/5.0 (compatible; SemrushBot/7~bl; +http://www.semrush.com/bot.html)"
185.191.171.18 - - [04/Mar/2021:09:21:21 +0100] "GET /sitemap.xml HTTP/1.1" 404 - "-" "Mozilla/5.0 (compatible; SemrushBot/7~bl; +http://www.semrush.com/bot.html)"
78.186.161.185 - - [04/Mar/2021:09:36:37 +0100] "GET / HTTP/1.1" 200 4799 "-" "Mozilla/5.0 (Windows NT 10.0; Win64; x64) AppleWebKit/537.36 (KHTML, like Gecko) Chrome/87.0.4280.88 Safari/537.36"
78.186.161.185 - - [04/Mar/2021:09:36:37 +0100] "GET /kontakt.html HTTP/1.1" 200 4581 "-" "Mozilla/5.0 (Windows NT 10.0; Win64; x64) AppleWebKit/537.36 (KHTML, like Gecko) Chrome/87.0.4280.88 Safari/537.36"
114.119.138.205 - - [04/Mar/2021:10:23:21 +0100] "GET /robots.txt HTTP/1.1" 404 - "-" "(compatible;PetalBot;+https://aspiegel.com/petalbot)"
77.75.77.62 - - [04/Mar/2021:10:50:06 +0100] "GET /robots.txt HTTP/1.1" 404 - "-" "Mozilla/5.0 (compatible; SeznamBot/3.2; +http://napoveda.seznam.cz/en/seznambot-intro/)"
77.75.77.62 - - [04/Mar/2021:10:50:07 +0100] "GET /impressum.html HTTP/1.1" 200 5799 "-" "Mozilla/5.0 (compatible; SeznamBot/3.2; +http://napoveda.seznam.cz/en/seznambot-intro/)"
13.66.139.159 - - [04/Mar/2021:13:09:55 +0100] "GET /uns.html HTTP/1.1" 200 4520 "-" "Mozilla/5.0 (compatible; bingbot/2.0; +http://www.bing.com/bingbot.htm)"
66.249.64.28 - - [04/Mar/2021:13:25:10 +0100] "GET /robots.txt HTTP/1.1" 404 - "-" "Mozilla/5.0 (compatible; Googlebot/2.1; +http://www.google.com/bot.html)"
66.249.64.29 - - [04/Mar/2021:13:25:11 +0100] "GET / HTTP/1.1" 200 4799 "-" "Mozilla/5.0 (Linux; Android 6.0.1; Nexus 5X Build/MMB29P) AppleWebKit/537.36 (KHTML, like Gecko) Chrome/88.0.4324.188 Mobile Safari/537.36 (compatible; Googlebot/2.1; +http://www.google.com/bot.html)"
66.249.64.30 - - [04/Mar/2021:14:25:49 +0100] "GET / HTTP/1.1" 200 4799 "-" "Mozilla/5.0 (compatible; Googlebot/2.1; +http://www.google.com/bot.html)"
54.245.198.68 - - [04/Mar/2021:14:32:23 +0100] "GET /impressum.html HTTP/1.1" 200 5799 "-" "Mozilla/5.0 (Windows NT 6.1; Win64; x64) AppleWebKit/537.36 (KHTML, like Gecko) Chrome/72.0.3626.109 Safari/537.36"
95.181.172.196 - - [04/Mar/2021:16:04:08 +0100] "GET /dump.sql HTTP/1.1" 404 - "-" "Mozilla/5.0 (X11; Linux x86_64) AppleWebKit/537.11 (KHTML, like Gecko) Chrome/23.0.1271.64 Safari/537.11"
95.181.172.196 - - [04/Mar/2021:16:04:08 +0100] "GET /backup.sql HTTP/1.1" 404 - "-" "Mozilla/5.0 (X11; Linux x86_64) AppleWebKit/537.11 (KHTML, like Gecko) Chrome/23.0.1271.64 Safari/537.11"
13.53.174.31 - - [05/Mar/2021:03:16:18 +0100] "GET / HTTP/1.1" 200 4799 "-" "Mozilla/5.0 (iPhone; CPU iPhone OS 13_5_1 like Mac OS X) AppleWebKit/605.1.15 (KHTML, like Gecko) Version/13.1.1 Mobile/15E148 Safari/604.1"
188.34.153.129 - - [05/Mar/2021:04:56:16 +0100] "GET / HTTP/1.1" 200 4799 "-" "page-preview-tool Mozilla/5.0 (Windows NT 10.0; Win64; x64) AppleWebKit/537.36 (KHTML, like Gecko) Chrome/80.0.3987.132 Safari/537.36"
114.119.140.221 - - [05/Mar/2021:05:41:23 +0100] "GET /robots.txt HTTP/1.1" 404 - "-" "(compatible;PetalBot;+https://aspiegel.com/petalbot)"
54.36.148.49 - - [05/Mar/2021:12:04:25 +0100] "GET /robots.txt HTTP/1.1" 404 - "-" "Mozilla/5.0 (compatible; AhrefsBot/6.1; +http://ahrefs.com/robot/)"
54.36.148.14 - - [05/Mar/2021:12:04:26 +0100] "GET / HTTP/1.1" 200 4799 "-" "Mozilla/5.0 (compatible; AhrefsBot/7.0; +http://ahrefs.com/robot/)"
89.246.241.14 - - [05/Mar/2021:16:52:08 +0100] "GET / HTTP/1.1" 200 4799 "-" "Mozilla/5.0 (Windows; U; Windows NT 6.0; de; rv:1.9.2.3) Gecko/20100401 Firefox/3.6.3 ( .NET CLR 3.5.30729)"
188.34.157.146 - - [05/Mar/2021:19:36:16 +0100] "GET / HTTP/1.1" 200 4799 "-" "page-preview-tool Mozilla/5.0 (Windows NT 10.0; Win64; x64) AppleWebKit/537.36 (KHTML, like Gecko) Chrome/80.0.3987.132 Safari/537.36"
188.34.157.146 - - [05/Mar/2021:19:36:16 +0100] "GET /js/libs/modernizr-2.5.3.min.js HTTP/1.1" 200 15274 "http://www.mbingenieure.de/" "page-preview-tool Mozilla/5.0 (Windows NT 10.0; Win64; x64) AppleWebKit/537.36 (KHTML, like Gecko) Chrome/80.0.3987.132 Safari/537.36"
188.34.157.146 - - [05/Mar/2021:19:36:16 +0100] "GET /js/plugins.js HTTP/1.1" 200 898 "http://www.mbingenieure.de/" "page-preview-tool Mozilla/5.0 (Windows NT 10.0; Win64; x64) AppleWebKit/537.36 (KHTML, like Gecko) Chrome/80.0.3987.132 Safari/537.36"
95.216.96.245 - - [05/Mar/2021:22:32:13 +0100] "GET /robots.txt HTTP/1.1" 404 - "-" "Mozilla/5.0 (compatible; SEOkicks; +https://www.seokicks.de/robot.html)"
95.216.96.245 - - [05/Mar/2021:22:32:14 +0100] "GET / HTTP/1.1" 200 4799 "-" "Mozilla/5.0 (compatible; SEOkicks; +https://www.seokicks.de/robot.html)"
114.119.146.244 - - [06/Mar/2021:00:53:59 +0100] "GET /robots.txt HTTP/1.1" 404 - "-" "(compatible;PetalBot;+https://aspiegel.com/petalbot)"
88.243.137.210 - - [06/Mar/2021:06:54:27 +0100] "GET / HTTP/1.1" 200 4799 "-" "Mozilla/5.0 (Windows NT 10.0; WOW64) AppleWebKit/537.36 (KHTML, like Gecko) Chrome/88.0.4324.150 Safari/537.36 OPR/74.0.3911.160"
88.243.137.210 - - [06/Mar/2021:06:54:27 +0100] "GET /css/style.css HTTP/1.1" 200 2831 "http://www.mbingenieure.de/" "Mozilla/5.0 (Windows NT 10.0; WOW64) AppleWebKit/537.36 (KHTML, like Gecko) Chrome/88.0.4324.150 Safari/537.36 OPR/74.0.3911.160"
88.243.137.210 - - [06/Mar/2021:06:54:27 +0100] "GET /js/libs/modernizr-2.5.3.min.js HTTP/1.1" 200 15274 "http://www.mbingenieure.de/" "Mozilla/5.0 (Windows NT 10.0; WOW64) AppleWebKit/537.36 (KHTML, like Gecko) Chrome/88.0.4324.150 Safari/537.36 OPR/74.0.3911.160"
88.243.137.210 - - [06/Mar/2021:06:54:27 +0100] "GET /js/plugins.js HTTP/1.1" 200 898 "http://www.mbingenieure.de/" "Mozilla/5.0 (Windows NT 10.0; WOW64) AppleWebKit/537.36 (KHTML, like Gecko) Chrome/88.0.4324.150 Safari/537.36 OPR/74.0.3911.160"
88.243.137.210 - - [06/Mar/2021:06:54:27 +0100] "GET /images/logo.png HTTP/1.1" 200 16467 "http://www.mbingenieure.de/" "Mozilla/5.0 (Windows NT 10.0; WOW64) AppleWebKit/537.36 (KHTML, like Gecko) Chrome/88.0.4324.150 Safari/537.36 OPR/74.0.3911.160"
88.243.137.210 - - [06/Mar/2021:06:54:27 +0100] "GET /images/footer.png HTTP/1.1" 200 1064 "http://www.mbingenieure.de/css/style.css" "Mozilla/5.0 (Windows NT 10.0; WOW64) AppleWebKit/537.36 (KHTML, like Gecko) Chrome/88.0.4324.150 Safari/537.36 OPR/74.0.3911.160"
88.243.137.210 - - [06/Mar/2021:06:54:27 +0100] "GET /images/header.png HTTP/1.1" 200 1494 "http://www.mbingenieure.de/css/style.css" "Mozilla/5.0 (Windows NT 10.0; WOW64) AppleWebKit/537.36 (KHTML, like Gecko) Chrome/88.0.4324.150 Safari/537.36 OPR/74.0.3911.160"
88.243.137.210 - - [06/Mar/2021:06:54:27 +0100] "GET /images/navi.png HTTP/1.1" 200 946 "http://www.mbingenieure.de/css/style.css" "Mozilla/5.0 (Windows NT 10.0; WOW64) AppleWebKit/537.36 (KHTML, like Gecko) Chrome/88.0.4324.150 Safari/537.36 OPR/74.0.3911.160"
88.243.137.210 - - [06/Mar/2021:06:54:27 +0100] "GET /images/bild4.png HTTP/1.1" 200 65856 "http://www.mbingenieure.de/" "Mozilla/5.0 (Windows NT 10.0; WOW64) AppleWebKit/537.36 (KHTML, like Gecko) Chrome/88.0.4324.150 Safari/537.36 OPR/74.0.3911.160"
88.243.137.210 - - [06/Mar/2021:06:54:27 +0100] "GET /images/bild1.png HTTP/1.1" 200 16301 "http://www.mbingenieure.de/" "Mozilla/5.0 (Windows NT 10.0; WOW64) AppleWebKit/537.36 (KHTML, like Gecko) Chrome/88.0.4324.150 Safari/537.36 OPR/74.0.3911.160"
88.243.137.210 - - [06/Mar/2021:06:54:27 +0100] "GET /images/bild2.png HTTP/1.1" 200 68475 "http://www.mbingenieure.de/" "Mozilla/5.0 (Windows NT 10.0; WOW64) AppleWebKit/537.36 (KHTML, like Gecko) Chrome/88.0.4324.150 Safari/537.36 OPR/74.0.3911.160"
88.243.137.210 - - [06/Mar/2021:06:54:28 +0100] "GET /favicon.ico HTTP/1.1" 200 93062 "http://www.mbingenieure.de/" "Mozilla/5.0 (Windows NT 10.0; WOW64) AppleWebKit/537.36 (KHTML, like Gecko) Chrome/88.0.4324.150 Safari/537.36 OPR/74.0.3911.160"
88.243.137.210 - - [06/Mar/2021:06:54:30 +0100] "GET /impressum.html HTTP/1.1" 200 5799 "http://www.mbingenieure.de/" "Mozilla/5.0 (Windows NT 10.0; WOW64) AppleWebKit/537.36 (KHTML, like Gecko) Chrome/88.0.4324.150 Safari/537.36 OPR/74.0.3911.160"
88.243.137.210 - - [06/Mar/2021:06:54:55 +0100] "GET /kontakt.html HTTP/1.1" 200 4581 "http://www.mbingenieure.de/impressum.html" "Mozilla/5.0 (Windows NT 10.0; WOW64) AppleWebKit/537.36 (KHTML, like Gecko) Chrome/88.0.4324.150 Safari/537.36 OPR/74.0.3911.160"
88.198.43.207 - - [06/Mar/2021:08:07:06 +0100] "GET /impressum.html HTTP/1.1" 200 5799 "-" "Mozilla/5.0 (Windows NT 10.0; Win64; x64) AppleWebKit/537.36 (KHTML, like Gecko) Chrome/86.0.4240.75 Safari/537.36"
88.198.43.207 - - [06/Mar/2021:08:07:09 +0100] "GET /kontakt.html HTTP/1.1" 200 4581 "-" "Mozilla/5.0 (Windows NT 10.0; Win64; x64) AppleWebKit/537.36 (KHTML, like Gecko) Chrome/87.0.4280.88 Safari/537.36"
88.198.43.207 - - [06/Mar/2021:08:07:10 +0100] "GET / HTTP/1.1" 200 4799 "-" "Mozilla/5.0 (X11; Linux x86_64; rv:82.0) Gecko/20100101 Firefox/82.0"
88.198.43.207 - - [06/Mar/2021:08:07:15 +0100] "GET /partner.html HTTP/1.1" 200 4528 "-" "Mozilla/5.0 (X11; Linux x86_64) AppleWebKit/537.36 (KHTML, like Gecko) Chrome/87.0.4280.67 Safari/537.36"
88.198.43.207 - - [06/Mar/2021:08:07:15 +0100] "GET /referenz.html HTTP/1.1" 200 11524 "-" "Mozilla/5.0 (Macintosh; Intel Mac OS X 10_15_6) AppleWebKit/537.36 (KHTML, like Gecko) Chrome/87.0.4280.88 Safari/537.36"
88.198.43.207 - - [06/Mar/2021:08:07:15 +0100] "GET /uns.html HTTP/1.1" 200 4520 "-" "Mozilla/5.0 (Windows NT 6.1; Win64; x64) AppleWebKit/537.36 (KHTML, like Gecko) Chrome/86.0.4240.198 Safari/537.36 OPR/72.0.3815.400"
88.198.43.207 - - [06/Mar/2021:08:07:15 +0100] "GET /spektrum.html HTTP/1.1" 200 4492 "-" "Mozilla/5.0 (Windows NT 10.0; Win64; x64) AppleWebKit/537.36 (KHTML, like Gecko) Chrome/87.0.4280.66 Safari/537.36"
88.198.43.207 - - [06/Mar/2021:08:07:15 +0100] "GET /datenschutz.html HTTP/1.1" 200 12023 "-" "Mozilla/5.0 (X11; Linux x86_64) AppleWebKit/537.36 (KHTML, like Gecko) Chrome/87.0.4280.88 Safari/537.36"
88.198.43.207 - - [06/Mar/2021:08:07:16 +0100] "GET /index.html HTTP/1.1" 200 4799 "-" "Mozilla/5.0 (Macintosh; Intel Mac OS X 11_0_1) AppleWebKit/537.36 (KHTML, like Gecko) Chrome/87.0.4280.67 Safari/537.36"
88.198.43.207 - - [06/Mar/2021:08:07:26 +0100] "GET /projekte.html HTTP/1.1" 200 8338 "-" "Mozilla/5.0 (Macintosh; Intel Mac OS X 10_15_6) AppleWebKit/537.36 (KHTML, like Gecko) Chrome/87.0.4280.88 Safari/537.36"
13.53.174.31 - - [06/Mar/2021:13:15:09 +0100] "GET / HTTP/1.1" 200 4799 "-" "Mozilla/5.0 (iPhone; CPU iPhone OS 13_5_1 like Mac OS X) AppleWebKit/605.1.15 (KHTML, like Gecko) Version/13.1.1 Mobile/15E148 Safari/604.1"
89.246.241.14 - - [06/Mar/2021:14:53:57 +0100] "GET /datenschutz.html HTTP/1.1" 200 12023 "-" "Mozilla/5.0 (Windows; U; Windows NT 6.0; de; rv:1.9.2.3) Gecko/20100401 Firefox/3.6.3 ( .NET CLR 3.5.30729)"
66.249.64.28 - - [06/Mar/2021:16:40:30 +0100] "GET /robots.txt HTTP/1.1" 404 - "-" "Mozilla/5.0 (compatible; Googlebot/2.1; +http://www.google.com/bot.html)"
66.249.64.29 - - [06/Mar/2021:16:40:30 +0100] "GET / HTTP/1.1" 200 4799 "-" "Mozilla/5.0 (compatible; Googlebot/2.1; +http://www.google.com/bot.html)"
66.249.64.28 - - [06/Mar/2021:16:40:51 +0100] "GET /js/plugins.js HTTP/1.1" 200 898 "http://www.mbingenieure.de/" "Mozilla/5.0 AppleWebKit/537.36 (KHTML, like Gecko; compatible; Googlebot/2.1; +http://www.google.com/bot.html) Chrome/88.0.4324.208 Safari/537.36"
66.249.64.30 - - [06/Mar/2021:16:50:42 +0100] "GET / HTTP/1.1" 200 4799 "-" "Mozilla/5.0 (Linux; Android 6.0.1; Nexus 5X Build/MMB29P) AppleWebKit/537.36 (KHTML, like Gecko) Chrome/88.0.4324.188 Mobile Safari/537.36 (compatible; Googlebot/2.1; +http://www.google.com/bot.html)"
66.249.64.29 - - [06/Mar/2021:16:50:50 +0100] "GET /js/libs/modernizr-2.5.3.min.js HTTP/1.1" 200 15274 "http://www.mbingenieure.de/" "Mozilla/5.0 (Linux; Android 6.0.1; Nexus 5X Build/MMB29P) AppleWebKit/537.36 (KHTML, like Gecko) Chrome/88.0.4324.208 Mobile Safari/537.36 (compatible; Googlebot/2.1; +http://www.google.com/bot.html)"
89.246.241.14 - - [06/Mar/2021:17:23:59 +0100] "GET /referenz.html HTTP/1.1" 200 11524 "-" "Mozilla/5.0 (Windows; U; Windows NT 6.0; de; rv:1.9.2.3) Gecko/20100401 Firefox/3.6.3 ( .NET CLR 3.5.30729)"
54.36.148.144 - - [06/Mar/2021:17:25:33 +0100] "GET /robots.txt HTTP/1.1" 404 - "-" "Mozilla/5.0 (compatible; AhrefsBot/6.1; +http://ahrefs.com/robot/)"
89.246.241.14 - - [06/Mar/2021:18:20:41 +0100] "GET /impressum.html HTTP/1.1" 200 5799 "-" "Mozilla/5.0 (Windows; U; Windows NT 6.0; de; rv:1.9.2.3) Gecko/20100401 Firefox/3.6.3 ( .NET CLR 3.5.30729)"
89.246.241.14 - - [06/Mar/2021:18:23:48 +0100] "GET /spektrum.html HTTP/1.1" 200 4492 "-" "Mozilla/5.0 (Windows; U; Windows NT 6.0; de; rv:1.9.2.3) Gecko/20100401 Firefox/3.6.3 ( .NET CLR 3.5.30729)"
89.246.241.14 - - [06/Mar/2021:18:48:38 +0100] "GET /partner.html HTTP/1.1" 200 4528 "-" "Mozilla/5.0 (Windows; U; Windows NT 6.0; de; rv:1.9.2.3) Gecko/20100401 Firefox/3.6.3 ( .NET CLR 3.5.30729)"
89.246.241.14 - - [06/Mar/2021:19:10:11 +0100] "GET /uns.html HTTP/1.1" 200 4520 "-" "Mozilla/5.0 (Windows; U; Windows NT 6.0; de; rv:1.9.2.3) Gecko/20100401 Firefox/3.6.3 ( .NET CLR 3.5.30729)"
89.246.241.14 - - [06/Mar/2021:19:18:22 +0100] "GET /kontakt.html HTTP/1.1" 200 4581 "-" "Mozilla/5.0 (Windows; U; Windows NT 6.0; de; rv:1.9.2.3) Gecko/20100401 Firefox/3.6.3 ( .NET CLR 3.5.30729)"
89.246.241.14 - - [06/Mar/2021:19:27:32 +0100] "GET /index.html HTTP/1.1" 200 4799 "-" "Mozilla/5.0 (Windows; U; Windows NT 6.0; de; rv:1.9.2.3) Gecko/20100401 Firefox/3.6.3 ( .NET CLR 3.5.30729)"
114.119.145.150 - - [06/Mar/2021:20:08:58 +0100] "GET /robots.txt HTTP/1.1" 404 - "-" "(compatible;PetalBot;+https://aspiegel.com/petalbot)"
95.128.200.200 - - [07/Mar/2021:01:25:33 +0100] "GET / HTTP/1.1" 200 4799 "https://www.google.de" "Mozilla/5.0 (Windows NT 6.1) AppleWebKit/537.36 (KHTML, like Gecko) Chrome/41.0.2228.0 Safari/537.36"
116.203.18.113 - - [07/Mar/2021:02:33:20 +0100] "GET / HTTP/1.1" 200 4799 "-" "Mozilla/5.0 (Windows NT 6.2; WOW64) AppleWebKit/534.57.2 (KHTML, like Gecko) Version/5.1.7 Safari/534.57.2"
66.249.64.28 - - [07/Mar/2021:02:52:20 +0100] "GET / HTTP/1.1" 200 4799 "-" "Mozilla/5.0 (compatible; Googlebot/2.1; +http://www.google.com/bot.html)"
66.249.64.30 - - [07/Mar/2021:02:53:28 +0100] "GET /favicon.ico HTTP/1.1" 200 93062 "-" "Googlebot-Image/1.0"
66.249.64.29 - - [07/Mar/2021:03:02:41 +0100] "GET / HTTP/1.1" 200 4799 "-" "Mozilla/5.0 (Linux; Android 6.0.1; Nexus 5X Build/MMB29P) AppleWebKit/537.36 (KHTML, like Gecko) Chrome/88.0.4324.188 Mobile Safari/537.36 (compatible; Googlebot/2.1; +http://www.google.com/bot.html)"
185.191.171.8 - - [07/Mar/2021:05:29:37 +0100] "GET /robots.txt HTTP/1.1" 404 - "-" "Mozilla/5.0 (compatible; SemrushBot/7~bl; +http://www.semrush.com/bot.html)"
185.191.171.1 - - [07/Mar/2021:05:29:37 +0100] "GET / HTTP/1.1" 200 4799 "-" "Mozilla/5.0 (compatible; SemrushBot/7~bl; +http://www.semrush.com/bot.html)"
77.88.9.134 - - [07/Mar/2021:08:16:41 +0100] "GET /robots.txt HTTP/1.1" 404 - "-" "Mozilla/5.0 (compatible; YandexBot/3.0; +http://yandex.com/bots)"
77.88.9.134 - - [07/Mar/2021:08:16:45 +0100] "GET / HTTP/1.1" 200 4799 "-" "Mozilla/5.0 (compatible; YandexBot/3.0; +http://yandex.com/bots)"
213.83.37.145 - - [07/Mar/2021:11:11:47 +0100] "HEAD / HTTP/1.1" 200 - "-" "Mozilla/5.0 (Windows NT 6.1; rv:39.0) Gecko/20180101 Firefox/39.0"
213.83.37.145 - - [07/Mar/2021:11:11:47 +0100] "HEAD / HTTP/1.1" 200 - "-" "Mozilla/5.0 (Windows NT 6.1; rv:39.0) Gecko/20180101 Firefox/39.0"
213.83.37.145 - - [07/Mar/2021:11:11:47 +0100] "HEAD / HTTP/1.1" 200 - "-" "Mozilla/5.0 (Windows NT 6.1; rv:39.0) Gecko/20180101 Firefox/39.0"
213.83.37.145 - - [07/Mar/2021:11:11:47 +0100] "HEAD / HTTP/1.1" 200 - "-" "Mozilla/5.0 (Windows NT 6.1; rv:39.0) Gecko/20180101 Firefox/39.0"
17.58.100.55 - - [07/Mar/2021:11:20:27 +0100] "GET /robots.txt HTTP/1.1" 404 - "-" "Mozilla/5.0 (Macintosh; Intel Mac OS X 10_15_5) AppleWebKit/605.1.15 (KHTML, like Gecko) Version/13.1.1 Safari/605.1.15 (Applebot/0.1; +http://www.apple.com/go/applebot)"
17.58.103.231 - - [07/Mar/2021:11:20:28 +0100] "GET / HTTP/1.1" 200 4799 "-" "Mozilla/5.0 (Macintosh; Intel Mac OS X 10_15_5) AppleWebKit/605.1.15 (KHTML, like Gecko) Version/13.1.1 Safari/605.1.15 (Applebot/0.1; +http://www.apple.com/go/applebot)"
188.34.165.76 - - [07/Mar/2021:11:54:18 +0100] "GET / HTTP/1.1" 200 4799 "-" "page-preview-tool Mozilla/5.0 (Windows NT 10.0; Win64; x64) AppleWebKit/537.36 (KHTML, like Gecko) Chrome/80.0.3987.132 Safari/537.36"
194.173.174.10 - - [07/Mar/2021:11:55:30 +0100] "HEAD / HTTP/1.1" 200 - "-" "Mozilla/5.0 (Windows NT 6.3; WOW64) AppleWebKit/537.36 (KHTML, like Gecko) Chrome/43.0.2357.134 Safari/537.36"
66.249.64.30 - - [07/Mar/2021:12:13:10 +0100] "GET /robots.txt HTTP/1.1" 404 - "-" "Mozilla/5.0 (compatible; Googlebot/2.1; +http://www.google.com/bot.html)"
66.249.64.28 - - [07/Mar/2021:12:13:10 +0100] "GET / HTTP/1.1" 200 4799 "-" "Mozilla/5.0 (compatible; Googlebot/2.1; +http://www.google.com/bot.html)"
66.249.64.29 - - [07/Mar/2021:12:23:19 +0100] "GET / HTTP/1.1" 200 4799 "-" "Mozilla/5.0 (Linux; Android 6.0.1; Nexus 5X Build/MMB29P) AppleWebKit/537.36 (KHTML, like Gecko) Chrome/88.0.4324.188 Mobile Safari/537.36 (compatible; Googlebot/2.1; +http://www.google.com/bot.html)"
213.83.37.145 - - [07/Mar/2021:13:41:48 +0100] "HEAD / HTTP/1.1" 200 - "-" "Mozilla/5.0 (Windows NT 6.1; rv:39.0) Gecko/20180101 Firefox/39.0"
213.83.37.145 - - [07/Mar/2021:13:41:48 +0100] "HEAD / HTTP/1.1" 200 - "-" "Mozilla/5.0 (Windows NT 6.1; rv:39.0) Gecko/20180101 Firefox/39.0"
213.83.37.145 - - [07/Mar/2021:13:41:48 +0100] "HEAD / HTTP/1.1" 200 - "-" "Mozilla/5.0 (Windows NT 6.1; rv:39.0) Gecko/20180101 Firefox/39.0"
213.83.37.145 - - [07/Mar/2021:13:41:48 +0100] "HEAD / HTTP/1.1" 200 - "-" "Mozilla/5.0 (Windows NT 6.1; rv:39.0) Gecko/20180101 Firefox/39.0"
114.119.128.5 - - [07/Mar/2021:15:27:27 +0100] "GET /robots.txt HTTP/1.1" 404 - "-" "(compatible;PetalBot;+https://aspiegel.com/petalbot)"
54.36.148.236 - - [07/Mar/2021:18:29:27 +0100] "GET /robots.txt HTTP/1.1" 404 - "-" "Mozilla/5.0 (compatible; AhrefsBot/6.1; +http://ahrefs.com/robot/)"
194.173.174.10 - - [07/Mar/2021:20:59:39 +0100] "HEAD / HTTP/1.1" 200 - "-" "Mozilla/5.0 (Windows NT 6.3; WOW64) AppleWebKit/537.36 (KHTML, like Gecko) Chrome/43.0.2357.134 Safari/537.36"
66.249.64.30 - - [07/Mar/2021:21:14:51 +0100] "GET / HTTP/1.1" 200 4799 "-" "Mozilla/5.0 (compatible; Googlebot/2.1; +http://www.google.com/bot.html)"
66.249.64.28 - - [07/Mar/2021:21:24:50 +0100] "GET / HTTP/1.1" 200 4799 "-" "Mozilla/5.0 (Linux; Android 6.0.1; Nexus 5X Build/MMB29P) AppleWebKit/537.36 (KHTML, like Gecko) Chrome/88.0.4324.188 Mobile Safari/537.36 (compatible; Googlebot/2.1; +http://www.google.com/bot.html)"
66.249.64.30 - - [07/Mar/2021:21:25:01 +0100] "GET /css/style.css HTTP/1.1" 200 2831 "http://www.mbingenieure.de/" "Mozilla/5.0 (Linux; Android 6.0.1; Nexus 5X Build/MMB29P) AppleWebKit/537.36 (KHTML, like Gecko) Chrome/88.0.4324.208 Mobile Safari/537.36 (compatible; Googlebot/2.1; +http://www.google.com/bot.html)"
66.249.64.29 - - [07/Mar/2021:21:25:01 +0100] "GET /js/libs/modernizr-2.5.3.min.js HTTP/1.1" 200 15274 "http://www.mbingenieure.de/" "Mozilla/5.0 (Linux; Android 6.0.1; Nexus 5X Build/MMB29P) AppleWebKit/537.36 (KHTML, like Gecko) Chrome/88.0.4324.208 Mobile Safari/537.36 (compatible; Googlebot/2.1; +http://www.google.com/bot.html)"
188.34.154.242 - - [07/Mar/2021:23:52:15 +0100] "GET / HTTP/1.1" 200 4799 "-" "page-preview-tool Mozilla/5.0 (Windows NT 10.0; Win64; x64) AppleWebKit/537.36 (KHTML, like Gecko) Chrome/80.0.3987.132 Safari/537.36"
188.34.154.242 - - [07/Mar/2021:23:52:15 +0100] "GET /js/libs/modernizr-2.5.3.min.js HTTP/1.1" 200 15274 "http://www.mbingenieure.de/" "page-preview-tool Mozilla/5.0 (Windows NT 10.0; Win64; x64) AppleWebKit/537.36 (KHTML, like Gecko) Chrome/80.0.3987.132 Safari/537.36"
188.34.154.242 - - [07/Mar/2021:23:52:16 +0100] "GET /js/plugins.js HTTP/1.1" 200 898 "http://www.mbingenieure.de/" "page-preview-tool Mozilla/5.0 (Windows NT 10.0; Win64; x64) AppleWebKit/537.36 (KHTML, like Gecko) Chrome/80.0.3987.132 Safari/537.36"
176.9.16.209 - - [08/Mar/2021:00:10:05 +0100] "GET / HTTP/1.1" 200 4799 "-" "Mozilla/5.0 (compatible; MegaIndex.ru/2.0; +http://megaindex.com/crawler)"
176.9.16.209 - - [08/Mar/2021:00:10:07 +0100] "GET /robots.txt HTTP/1.1" 404 - "-" "Mozilla/5.0 (compatible; MegaIndex.ru/2.0; +http://megaindex.com/crawler)"
