217.86.246.106 - - [07/May/2014:11:43:50 +0200] "GET /images/navi.png HTTP/1.1" 200 946 "http://www.mbingenieure.de/referenz.html" "Mozilla/4.0 (compatible; MSIE 8.0; Windows NT 6.1; WOW64; Trident/4.0; SLCC2; .NET CLR 2.0.50727; .NET CLR 3.5.30729; .NET CLR 3.0.30729; Media Center PC 6.0; .NET4.0C; .NET4.0E; .NET CLR 1.1.4322)"
217.86.246.106 - - [07/May/2014:11:43:50 +0200] "GET /favicon.ico HTTP/1.1" 200 93062 "-" "Mozilla/4.0 (compatible; MSIE 8.0; Windows NT 6.1; WOW64; Trident/4.0; SLCC2; .NET CLR 2.0.50727; .NET CLR 3.5.30729; .NET CLR 3.0.30729; Media Center PC 6.0; .NET4.0C; .NET4.0E; .NET CLR 1.1.4322)"
217.253.255.233 - - [07/May/2014:12:03:06 +0200] "GET / HTTP/1.1" 200 4688 "http://www.website-unavailable.com/main?wc=EWJsGw5mBh5CGxZ1AxYBFhU%3D&url=mbingenieure.de" "Mozilla/5.0 (Windows; U; Windows NT 5.2; de; rv:1.9.2.18) Gecko/20110614 Firefox/3.6.18"
217.253.255.233 - - [07/May/2014:12:03:06 +0200] "GET /css/style.css HTTP/1.1" 200 2831 "http://www.mbingenieure.de/" "Mozilla/5.0 (Windows; U; Windows NT 5.2; de; rv:1.9.2.18) Gecko/20110614 Firefox/3.6.18"
217.253.255.233 - - [07/May/2014:12:03:07 +0200] "GET /images/logo.png HTTP/1.1" 200 16467 "http://www.mbingenieure.de/" "Mozilla/5.0 (Windows; U; Windows NT 5.2; de; rv:1.9.2.18) Gecko/20110614 Firefox/3.6.18"
217.253.255.233 - - [07/May/2014:12:03:07 +0200] "GET /images/header.png HTTP/1.1" 200 1494 "http://www.mbingenieure.de/css/style.css" "Mozilla/5.0 (Windows; U; Windows NT 5.2; de; rv:1.9.2.18) Gecko/20110614 Firefox/3.6.18"
217.253.255.233 - - [07/May/2014:12:03:07 +0200] "GET /images/bild1.png HTTP/1.1" 200 16301 "http://www.mbingenieure.de/" "Mozilla/5.0 (Windows; U; Windows NT 5.2; de; rv:1.9.2.18) Gecko/20110614 Firefox/3.6.18"
217.253.255.233 - - [07/May/2014:12:03:07 +0200] "GET /images/navi.png HTTP/1.1" 200 946 "http://www.mbingenieure.de/css/style.css" "Mozilla/5.0 (Windows; U; Windows NT 5.2; de; rv:1.9.2.18) Gecko/20110614 Firefox/3.6.18"
217.253.255.233 - - [07/May/2014:12:03:07 +0200] "GET /images/footer.png HTTP/1.1" 200 1064 "http://www.mbingenieure.de/css/style.css" "Mozilla/5.0 (Windows; U; Windows NT 5.2; de; rv:1.9.2.18) Gecko/20110614 Firefox/3.6.18"
217.253.255.233 - - [07/May/2014:12:03:07 +0200] "GET /images/bild4.png HTTP/1.1" 200 65856 "http://www.mbingenieure.de/" "Mozilla/5.0 (Windows; U; Windows NT 5.2; de; rv:1.9.2.18) Gecko/20110614 Firefox/3.6.18"
217.253.255.233 - - [07/May/2014:12:03:07 +0200] "GET /images/bild2.png HTTP/1.1" 200 68475 "http://www.mbingenieure.de/" "Mozilla/5.0 (Windows; U; Windows NT 5.2; de; rv:1.9.2.18) Gecko/20110614 Firefox/3.6.18"
217.253.255.233 - - [07/May/2014:12:03:08 +0200] "GET /favicon.ico HTTP/1.1" 200 93062 "-" "Mozilla/5.0 (Windows; U; Windows NT 5.2; de; rv:1.9.2.18) Gecko/20110614 Firefox/3.6.18"
217.91.211.229 - - [07/May/2014:12:06:00 +0200] "GET / HTTP/1.1" 200 4688 "http://www.yellowmap.de/Details/39Nbh2JZHSqzAOMkNBmleQ==.aspx" "Mozilla/5.0 (Windows NT 6.1; WOW64; Trident/7.0; rv:11.0) like Gecko"
217.91.211.229 - - [07/May/2014:12:06:00 +0200] "GET /css/style.css HTTP/1.1" 200 2831 "http://www.mbingenieure.de/" "Mozilla/5.0 (Windows NT 6.1; WOW64; Trident/7.0; rv:11.0) like Gecko"
217.91.211.229 - - [07/May/2014:12:06:00 +0200] "GET /js/libs/modernizr-2.5.3.min.js HTTP/1.1" 200 15274 "http://www.mbingenieure.de/" "Mozilla/5.0 (Windows NT 6.1; WOW64; Trident/7.0; rv:11.0) like Gecko"
217.91.211.229 - - [07/May/2014:12:06:00 +0200] "GET /images/logo.png HTTP/1.1" 200 16467 "http://www.mbingenieure.de/" "Mozilla/5.0 (Windows NT 6.1; WOW64; Trident/7.0; rv:11.0) like Gecko"
217.91.211.229 - - [07/May/2014:12:06:01 +0200] "GET /js/plugins.js HTTP/1.1" 200 898 "http://www.mbingenieure.de/" "Mozilla/5.0 (Windows NT 6.1; WOW64; Trident/7.0; rv:11.0) like Gecko"
217.91.211.229 - - [07/May/2014:12:06:01 +0200] "GET /images/bild1.png HTTP/1.1" 200 16301 "http://www.mbingenieure.de/" "Mozilla/5.0 (Windows NT 6.1; WOW64; Trident/7.0; rv:11.0) like Gecko"
217.91.211.229 - - [07/May/2014:12:06:01 +0200] "GET /images/footer.png HTTP/1.1" 200 1064 "http://www.mbingenieure.de/" "Mozilla/5.0 (Windows NT 6.1; WOW64; Trident/7.0; rv:11.0) like Gecko"
217.91.211.229 - - [07/May/2014:12:06:01 +0200] "GET /images/navi.png HTTP/1.1" 200 946 "http://www.mbingenieure.de/" "Mozilla/5.0 (Windows NT 6.1; WOW64; Trident/7.0; rv:11.0) like Gecko"
217.91.211.229 - - [07/May/2014:12:06:01 +0200] "GET /images/header.png HTTP/1.1" 200 1494 "http://www.mbingenieure.de/" "Mozilla/5.0 (Windows NT 6.1; WOW64; Trident/7.0; rv:11.0) like Gecko"
217.91.211.229 - - [07/May/2014:12:06:00 +0200] "GET /images/bild4.png HTTP/1.1" 200 65856 "http://www.mbingenieure.de/" "Mozilla/5.0 (Windows NT 6.1; WOW64; Trident/7.0; rv:11.0) like Gecko"
217.91.211.229 - - [07/May/2014:12:06:00 +0200] "GET /images/bild2.png HTTP/1.1" 200 68475 "http://www.mbingenieure.de/" "Mozilla/5.0 (Windows NT 6.1; WOW64; Trident/7.0; rv:11.0) like Gecko"
157.55.33.27 - - [07/May/2014:15:13:07 +0200] "GET /robots.txt HTTP/1.1" 404 - "-" "Mozilla/5.0 (compatible; bingbot/2.0; +http://www.bing.com/bingbot.htm)"
157.55.33.27 - - [07/May/2014:15:13:10 +0200] "GET /uns.html HTTP/1.1" 200 4398 "-" "Mozilla/5.0 (compatible; bingbot/2.0; +http://www.bing.com/bingbot.htm)"
157.55.33.95 - - [07/May/2014:15:13:51 +0200] "GET /js/libs/modernizr-2.5.3.min.js HTTP/1.1" 200 15274 "-" "Mozilla/5.0 (compatible; bingbot/2.0; +http://www.bing.com/bingbot.htm)"
157.56.93.60 - - [07/May/2014:15:14:07 +0200] "GET /css/style.css HTTP/1.1" 200 2831 "-" "Mozilla/5.0 (compatible; bingbot/2.0; +http://www.bing.com/bingbot.htm)"
157.56.93.60 - - [07/May/2014:15:14:08 +0200] "GET /js/plugins.js HTTP/1.1" 200 898 "-" "Mozilla/5.0 (compatible; bingbot/2.0; +http://www.bing.com/bingbot.htm)"
199.30.24.8 - - [07/May/2014:16:14:28 +0200] "GET /images/navi.png HTTP/1.1" 200 946 "http://www.mbingenieure.de/uns.html" "Mozilla/5.0 (Windows NT 6.1; WOW64) AppleWebKit/534+ (KHTML, like Gecko) BingPreview/1.0b"
199.30.24.8 - - [07/May/2014:16:14:28 +0200] "GET /images/footer.png HTTP/1.1" 200 1064 "http://www.mbingenieure.de/uns.html" "Mozilla/5.0 (Windows NT 6.1; WOW64) AppleWebKit/534+ (KHTML, like Gecko) BingPreview/1.0b"
199.30.24.8 - - [07/May/2014:16:14:28 +0200] "GET /images/header.png HTTP/1.1" 200 1494 "http://www.mbingenieure.de/uns.html" "Mozilla/5.0 (Windows NT 6.1; WOW64) AppleWebKit/534+ (KHTML, like Gecko) BingPreview/1.0b"
178.77.126.55 - - [07/May/2014:19:06:43 +0200] "GET /robots.txt HTTP/1.1" 404 - "-" "Mozilla/5.0 (compatible; CareerBot/1.1; +http://www.career-x.de/bot.html)"
178.77.126.55 - - [07/May/2014:19:06:43 +0200] "GET / HTTP/1.1" 200 4688 "-" "Mozilla/5.0 (compatible; CareerBot/1.1; +http://www.career-x.de/bot.html)"
178.77.126.55 - - [07/May/2014:19:06:43 +0200] "GET /uns.html HTTP/1.1" 200 4398 "-" "Mozilla/5.0 (compatible; CareerBot/1.1; +http://www.career-x.de/bot.html)"
208.115.113.93 - - [07/May/2014:22:53:02 +0200] "GET /robots.txt HTTP/1.1" 404 - "-" "Mozilla/5.0 (compatible; DotBot/1.1; http://www.opensiteexplorer.org/dotbot, help@moz.com)"
208.115.113.93 - - [08/May/2014:00:48:44 +0200] "GET /index.html HTTP/1.1" 200 4688 "-" "Mozilla/5.0 (compatible; DotBot/1.1; http://www.opensiteexplorer.org/dotbot, help@moz.com)"
208.115.113.85 - - [08/May/2014:00:53:39 +0200] "GET /robots.txt HTTP/1.1" 404 - "-" "Mozilla/5.0 (compatible; DotBot/1.1; http://www.opensiteexplorer.org/dotbot, help@moz.com)"
208.115.113.85 - - [08/May/2014:02:48:29 +0200] "GET /referenz.html HTTP/1.1" 200 10703 "-" "Mozilla/5.0 (compatible; DotBot/1.1; http://www.opensiteexplorer.org/dotbot, help@moz.com)"
199.58.86.206 - - [08/May/2014:05:42:33 +0200] "GET /robots.txt HTTP/1.0" 404 - "-" "Mozilla/5.0 (compatible; MJ12bot/v1.4.5; http://www.majestic12.co.uk/bot.php?+)"
199.58.86.206 - - [08/May/2014:05:42:35 +0200] "GET / HTTP/1.0" 200 4688 "-" "Mozilla/5.0 (compatible; MJ12bot/v1.4.5; http://www.majestic12.co.uk/bot.php?+)"
141.8.147.12 - - [08/May/2014:06:21:40 +0200] "GET /robots.txt HTTP/1.1" 404 - "-" "Mozilla/5.0 (compatible; YandexBot/3.0; +http://yandex.com/bots)"
208.115.113.93 - - [08/May/2014:06:57:33 +0200] "GET /robots.txt HTTP/1.1" 404 - "-" "Mozilla/5.0 (compatible; DotBot/1.1; http://www.opensiteexplorer.org/dotbot, help@moz.com)"
141.8.147.12 - - [08/May/2014:07:38:12 +0200] "GET / HTTP/1.1" 200 4688 "-" "Mozilla/5.0 (compatible; YandexBot/3.0; +http://yandex.com/bots)"
208.115.113.93 - - [08/May/2014:08:52:43 +0200] "GET /projekte.html HTTP/1.1" 200 7938 "-" "Mozilla/5.0 (compatible; DotBot/1.1; http://www.opensiteexplorer.org/dotbot, help@moz.com)"
78.158.11.226 - - [08/May/2014:11:51:24 +0200] "GET / HTTP/1.0" 200 4688 "http://www.google.com/url?sa=t&rct=j&q=www.mbingenieure.de&source=web&cd=5&ved=0CF0QFjAE&url=http:%2F%2Fwww.mbingenieure.de%2F&cad=rja" "Lynx/2.8.5rel.1 libwww-FM/2.15FC SSL-MM/1.4.1c OpenSSL/0.9.7e-dev"
78.158.11.226 - - [08/May/2014:11:51:24 +0200] "GET /kontakt.html HTTP/1.0" 200 4451 "http://www.mbingenieure.de/" "Lynx/2.8.5rel.1 libwww-FM/2.15FC SSL-MM/1.4.1c OpenSSL/0.9.7e-dev"
78.158.11.226 - - [08/May/2014:11:51:24 +0200] "GET /index.html HTTP/1.0" 200 4688 "http://www.mbingenieure.de/" "Lynx/2.8.5rel.1 libwww-FM/2.15FC SSL-MM/1.4.1c OpenSSL/0.9.7e-dev"
66.249.78.8 - - [08/May/2014:14:34:17 +0200] "GET /robots.txt HTTP/1.1" 404 - "-" "Mozilla/5.0 (compatible; Googlebot/2.1; +http://www.google.com/bot.html)"
66.249.76.115 - - [08/May/2014:14:34:17 +0200] "GET /impressum.html HTTP/1.1" 304 - "-" "DoCoMo/2.0 N905i(c100;TB;W24H16) (compatible; Googlebot-Mobile/2.1; +http://www.google.com/bot.html)"
176.57.141.193 - - [08/May/2014:16:31:08 +0200] "GET / HTTP/1.1" 200 4688 "-" "Mozilla/5.0 (Windows NT 6.1; WOW64; rv:21.0) Gecko/20130330 Firefox/21.0"
176.57.141.193 - - [08/May/2014:16:31:08 +0200] "GET /kontakt.html HTTP/1.1" 200 4451 "-" "Mozilla/5.0 (Macintosh; Intel Mac OS X 10_6_8) AppleWebKit/534.58.2 (KHTML, like Gecko) Version/5.1.8 Safari/534.58.2"
176.57.141.193 - - [08/May/2014:16:31:08 +0200] "GET /impressum.html HTTP/1.1" 200 5721 "-" "Mozilla/5.0 (X11; Linux i686; rv:21.0) Gecko/20100101 Firefox/21.0"
141.8.147.12 - - [08/May/2014:19:34:37 +0200] "GET /robots.txt HTTP/1.1" 404 - "-" "Mozilla/5.0 (compatible; YandexBot/3.0; +http://yandex.com/bots)"
66.249.78.8 - - [08/May/2014:19:44:17 +0200] "GET / HTTP/1.1" 200 4688 "-" "Mozilla/5.0 (compatible; Googlebot/2.1; +http://www.google.com/bot.html)"
66.249.78.8 - - [08/May/2014:19:45:56 +0200] "GET /css/style.css HTTP/1.1" 200 2831 "-" "Mozilla/5.0 (compatible; Googlebot/2.1; +http://www.google.com/bot.html)"
157.56.229.190 - - [08/May/2014:19:58:07 +0200] "GET /robots.txt HTTP/1.1" 404 - "-" "Mozilla/5.0 (compatible; bingbot/2.0; +http://www.bing.com/bingbot.htm)"
157.56.229.190 - - [08/May/2014:20:11:41 +0200] "GET / HTTP/1.1" 304 - "-" "Mozilla/5.0 (compatible; bingbot/2.0; +http://www.bing.com/bingbot.htm)"
141.8.147.12 - - [09/May/2014:01:47:31 +0200] "GET /partner.html HTTP/1.1" 200 4401 "-" "Mozilla/5.0 (compatible; YandexBot/3.0; +http://yandex.com/bots)"
217.86.196.40 - - [09/May/2014:04:06:05 +0200] "GET / HTTP/1.1" 200 4688 "http://www.google.de/" "finbot"
217.86.196.40 - - [09/May/2014:04:06:05 +0200] "GET /robots.txt HTTP/1.1" 404 - "http://www.google.de/" "finbot"
66.249.78.8 - - [09/May/2014:09:27:53 +0200] "GET /robots.txt HTTP/1.1" 404 - "-" "Mozilla/5.0 (compatible; Googlebot/2.1; +http://www.google.com/bot.html)"
66.249.78.8 - - [09/May/2014:09:27:53 +0200] "GET /impressum.html HTTP/1.1" 304 - "-" "SAMSUNG-SGH-E250/1.0 Profile/MIDP-2.0 Configuration/CLDC-1.1 UP.Browser/6.2.3.3.c.1.101 (GUI) MMP/2.0 (compatible; Googlebot-Mobile/2.1; +http://www.google.com/bot.html)"
141.8.147.12 - - [09/May/2014:15:11:48 +0200] "GET /robots.txt HTTP/1.1" 404 - "-" "Mozilla/5.0 (compatible; YandexBot/3.0; +http://yandex.com/bots)"
141.8.147.12 - - [09/May/2014:18:14:50 +0200] "GET /kontakt.html HTTP/1.1" 200 4451 "-" "Mozilla/5.0 (compatible; YandexBot/3.0; +http://yandex.com/bots)"
88.198.26.205 - - [10/May/2014:03:25:05 +0200] "GET /robots.txt HTTP/1.1" 404 - "-" "Mozilla/4.0 (compatible; MSIE 6.0; Windows NT 5.1; SV1; .NET CLR 1.1.4322)"
88.198.26.205 - - [10/May/2014:03:25:05 +0200] "GET / HTTP/1.1" 200 4688 "-" "Mozilla/4.0 (compatible; MSIE 6.0; Windows NT 5.1; SV1; .NET CLR 1.1.4322)"
88.198.26.205 - - [10/May/2014:03:25:05 +0200] "GET /index.html HTTP/1.1" 200 4688 "http://www.mbingenieure.de/" "Mozilla/4.0 (compatible; MSIE 6.0; Windows NT 5.1; SV1; .NET CLR 1.1.4322)"
88.198.26.205 - - [10/May/2014:03:25:05 +0200] "GET /impressum.html HTTP/1.1" 200 5721 "http://www.mbingenieure.de/" "Mozilla/4.0 (compatible; MSIE 6.0; Windows NT 5.1; SV1; .NET CLR 1.1.4322)"
88.198.26.205 - - [10/May/2014:03:25:05 +0200] "GET /kontakt.html HTTP/1.1" 200 4451 "http://www.mbingenieure.de/" "Mozilla/4.0 (compatible; MSIE 6.0; Windows NT 5.1; SV1; .NET CLR 1.1.4322)"
88.198.26.205 - - [10/May/2014:03:25:05 +0200] "GET /partner.html HTTP/1.1" 200 4401 "http://www.mbingenieure.de/" "Mozilla/4.0 (compatible; MSIE 6.0; Windows NT 5.1; SV1; .NET CLR 1.1.4322)"
88.198.26.205 - - [10/May/2014:03:25:05 +0200] "GET /referenz.html HTTP/1.1" 200 10703 "http://www.mbingenieure.de/" "Mozilla/4.0 (compatible; MSIE 6.0; Windows NT 5.1; SV1; .NET CLR 1.1.4322)"
88.198.26.205 - - [10/May/2014:03:25:05 +0200] "GET /spektrum.html HTTP/1.1" 200 4365 "http://www.mbingenieure.de/" "Mozilla/4.0 (compatible; MSIE 6.0; Windows NT 5.1; SV1; .NET CLR 1.1.4322)"
88.198.26.205 - - [10/May/2014:03:25:06 +0200] "GET /projekte.html HTTP/1.1" 200 7938 "http://www.mbingenieure.de/referenz.html" "Mozilla/4.0 (compatible; MSIE 6.0; Windows NT 5.1; SV1; .NET CLR 1.1.4322)"
88.198.26.205 - - [10/May/2014:03:25:06 +0200] "GET /uns.html HTTP/1.1" 200 4398 "http://www.mbingenieure.de/" "Mozilla/4.0 (compatible; MSIE 6.0; Windows NT 5.1; SV1; .NET CLR 1.1.4322)"
141.8.147.12 - - [10/May/2014:03:47:15 +0200] "GET /robots.txt HTTP/1.1" 404 - "-" "Mozilla/5.0 (compatible; YandexBot/3.0; +http://yandex.com/bots)"
141.8.147.12 - - [10/May/2014:03:55:43 +0200] "GET /partner.html HTTP/1.1" 200 4401 "-" "Mozilla/5.0 (compatible; YandexBot/3.0; +http://yandex.com/bots)"
66.249.78.8 - - [10/May/2014:07:14:11 +0200] "GET /robots.txt HTTP/1.1" 404 - "-" "Mozilla/5.0 (compatible; Googlebot/2.1; +http://www.google.com/bot.html)"
66.249.78.8 - - [10/May/2014:07:14:11 +0200] "GET /kontakt.html HTTP/1.1" 304 - "-" "SAMSUNG-SGH-E250/1.0 Profile/MIDP-2.0 Configuration/CLDC-1.1 UP.Browser/6.2.3.3.c.1.101 (GUI) MMP/2.0 (compatible; Googlebot-Mobile/2.1; +http://www.google.com/bot.html)"
88.198.1.77 - - [10/May/2014:07:36:26 +0200] "GET /robots.txt HTTP/1.1" 404 - "http://www.sitedomain.de/" "Sitedomain-Bot(Sitedomain-Bot 1.0, http://www.sitedomain.de/sitedomain-bot/)"
66.249.78.206 - - [10/May/2014:07:53:03 +0200] "GET /referenz.html HTTP/1.1" 200 10703 "-" "Mozilla/5.0 (iPhone; CPU iPhone OS 6_0 like Mac OS X) AppleWebKit/536.26 (KHTML, like Gecko) Version/6.0 Mobile/10A5376e Safari/8536.25 (compatible; Googlebot/2.1; +http://www.google.com/bot.html)"
66.249.78.8 - - [10/May/2014:10:35:27 +0200] "GET /projekte.html HTTP/1.1" 200 7938 "-" "Mozilla/5.0 (iPhone; CPU iPhone OS 6_0 like Mac OS X) AppleWebKit/536.26 (KHTML, like Gecko) Version/6.0 Mobile/10A5376e Safari/8536.25 (compatible; Googlebot/2.1; +http://www.google.com/bot.html)"
162.243.203.199 - - [10/May/2014:15:46:49 +0200] "GET /robots.txt HTTP/1.1" 404 - "-" "Mozilla/5.0 (compatible; spbot/4.1.0; +http://OpenLinkProfiler.org/bot )"
162.243.203.199 - - [10/May/2014:15:46:55 +0200] "GET / HTTP/1.1" 200 4688 "-" "Mozilla/5.0 (compatible; spbot/4.1.0; +http://OpenLinkProfiler.org/bot )"
162.243.203.199 - - [10/May/2014:15:46:56 +0200] "GET /uns.html HTTP/1.1" 200 4398 "http://www.mbingenieure.de/" "Mozilla/5.0 (compatible; spbot/4.1.0; +http://OpenLinkProfiler.org/bot )"
162.243.203.199 - - [10/May/2014:15:46:59 +0200] "GET /index.html HTTP/1.1" 200 4688 "http://www.mbingenieure.de/" "Mozilla/5.0 (compatible; spbot/4.1.0; +http://OpenLinkProfiler.org/bot )"
162.243.203.199 - - [10/May/2014:15:47:04 +0200] "GET /partner.html HTTP/1.1" 200 4401 "http://www.mbingenieure.de/" "Mozilla/5.0 (compatible; spbot/4.1.0; +http://OpenLinkProfiler.org/bot )"
162.243.203.199 - - [10/May/2014:15:47:10 +0200] "GET /kontakt.html HTTP/1.1" 200 4451 "http://www.mbingenieure.de/" "Mozilla/5.0 (compatible; spbot/4.1.0; +http://OpenLinkProfiler.org/bot )"
162.243.203.199 - - [10/May/2014:15:47:14 +0200] "GET /spektrum.html HTTP/1.1" 200 4365 "http://www.mbingenieure.de/" "Mozilla/5.0 (compatible; spbot/4.1.0; +http://OpenLinkProfiler.org/bot )"
162.243.203.199 - - [10/May/2014:15:47:19 +0200] "GET /referenz.html HTTP/1.1" 200 10703 "http://www.mbingenieure.de/" "Mozilla/5.0 (compatible; spbot/4.1.0; +http://OpenLinkProfiler.org/bot )"
162.243.203.199 - - [10/May/2014:15:47:25 +0200] "GET /projekte.html HTTP/1.1" 200 7938 "http://www.mbingenieure.de/referenz.html" "Mozilla/5.0 (compatible; spbot/4.1.0; +http://OpenLinkProfiler.org/bot )"
162.243.203.199 - - [10/May/2014:15:47:29 +0200] "GET /impressum.html HTTP/1.1" 200 5721 "http://www.mbingenieure.de/" "Mozilla/5.0 (compatible; spbot/4.1.0; +http://OpenLinkProfiler.org/bot )"
178.77.126.55 - - [10/May/2014:18:51:19 +0200] "GET /robots.txt HTTP/1.1" 404 - "-" "Mozilla/5.0 (compatible; CareerBot/1.1; +http://www.career-x.de/bot.html)"
178.77.126.55 - - [10/May/2014:18:51:19 +0200] "GET / HTTP/1.1" 200 4688 "-" "Mozilla/5.0 (compatible; CareerBot/1.1; +http://www.career-x.de/bot.html)"
178.77.126.55 - - [10/May/2014:18:51:19 +0200] "GET /uns.html HTTP/1.1" 200 4398 "-" "Mozilla/5.0 (compatible; CareerBot/1.1; +http://www.career-x.de/bot.html)"
157.56.93.95 - - [10/May/2014:23:23:06 +0200] "GET /robots.txt HTTP/1.1" 404 - "-" "Mozilla/5.0 (compatible; bingbot/2.0; +http://www.bing.com/bingbot.htm)"
157.56.93.95 - - [10/May/2014:23:23:42 +0200] "GET /spektrum.html HTTP/1.1" 200 4365 "-" "Mozilla/5.0 (compatible; bingbot/2.0; +http://www.bing.com/bingbot.htm)"
157.56.93.95 - - [10/May/2014:23:23:42 +0200] "GET /projekte.html HTTP/1.1" 200 7938 "-" "Mozilla/5.0 (compatible; bingbot/2.0; +http://www.bing.com/bingbot.htm)"
157.56.93.95 - - [10/May/2014:23:23:48 +0200] "GET /partner.html HTTP/1.1" 200 4401 "-" "Mozilla/5.0 (compatible; bingbot/2.0; +http://www.bing.com/bingbot.htm)"
157.56.93.95 - - [10/May/2014:23:23:49 +0200] "GET /kontakt.html HTTP/1.1" 200 4451 "-" "Mozilla/5.0 (compatible; bingbot/2.0; +http://www.bing.com/bingbot.htm)"
157.56.93.95 - - [10/May/2014:23:23:51 +0200] "GET / HTTP/1.1" 200 4688 "-" "Mozilla/5.0 (compatible; bingbot/2.0; +http://www.bing.com/bingbot.htm)"
157.56.93.95 - - [10/May/2014:23:24:43 +0200] "GET /spektrum.html HTTP/1.1" 200 4365 "-" "Mozilla/5.0 (compatible; bingbot/2.0; +http://www.bing.com/bingbot.htm)"
157.56.93.95 - - [10/May/2014:23:24:43 +0200] "GET /projekte.html HTTP/1.1" 200 7938 "-" "Mozilla/5.0 (compatible; bingbot/2.0; +http://www.bing.com/bingbot.htm)"
157.56.93.95 - - [10/May/2014:23:24:46 +0200] "GET /partner.html HTTP/1.1" 200 4401 "-" "Mozilla/5.0 (compatible; bingbot/2.0; +http://www.bing.com/bingbot.htm)"
157.56.93.95 - - [10/May/2014:23:24:46 +0200] "GET /kontakt.html HTTP/1.1" 200 4451 "-" "Mozilla/5.0 (compatible; bingbot/2.0; +http://www.bing.com/bingbot.htm)"
157.56.93.95 - - [10/May/2014:23:24:47 +0200] "GET / HTTP/1.1" 200 4688 "-" "Mozilla/5.0 (compatible; bingbot/2.0; +http://www.bing.com/bingbot.htm)"
157.55.35.51 - - [10/May/2014:23:27:08 +0200] "GET /uns.html HTTP/1.1" 200 4398 "-" "Mozilla/5.0 (compatible; bingbot/2.0; +http://www.bing.com/bingbot.htm)"
157.55.35.51 - - [10/May/2014:23:27:08 +0200] "GET /referenz.html HTTP/1.1" 200 10703 "-" "Mozilla/5.0 (compatible; bingbot/2.0; +http://www.bing.com/bingbot.htm)"
141.8.147.12 - - [10/May/2014:23:28:53 +0200] "GET /robots.txt HTTP/1.1" 404 - "-" "Mozilla/5.0 (compatible; YandexBot/3.0; +http://yandex.com/bots)"
157.55.35.51 - - [10/May/2014:23:30:10 +0200] "GET /impressum.html HTTP/1.1" 200 5721 "-" "Mozilla/5.0 (compatible; bingbot/2.0; +http://www.bing.com/bingbot.htm)"
157.55.35.51 - - [10/May/2014:23:30:11 +0200] "GET /uns.html HTTP/1.1" 200 4398 "-" "Mozilla/5.0 (compatible; bingbot/2.0; +http://www.bing.com/bingbot.htm)"
157.55.35.51 - - [10/May/2014:23:33:17 +0200] "GET /referenz.html HTTP/1.1" 200 10703 "-" "Mozilla/5.0 (compatible; bingbot/2.0; +http://www.bing.com/bingbot.htm)"
157.55.35.51 - - [10/May/2014:23:33:18 +0200] "GET /impressum.html HTTP/1.1" 200 5721 "-" "Mozilla/5.0 (compatible; bingbot/2.0; +http://www.bing.com/bingbot.htm)"
66.249.78.8 - - [11/May/2014:03:52:47 +0200] "GET /robots.txt HTTP/1.1" 404 - "-" "Mozilla/5.0 (compatible; Googlebot/2.1; +http://www.google.com/bot.html)"
66.249.78.8 - - [11/May/2014:03:52:47 +0200] "GET /referenz.html HTTP/1.1" 304 - "-" "Mozilla/5.0 (compatible; Googlebot/2.1; +http://www.google.com/bot.html)"
66.249.78.8 - - [11/May/2014:05:38:01 +0200] "GET / HTTP/1.1" 304 - "-" "Mozilla/5.0 (compatible; Googlebot/2.1; +http://www.google.com/bot.html)"
66.249.78.8 - - [11/May/2014:06:22:20 +0200] "GET /impressum.html HTTP/1.1" 304 - "-" "Mozilla/5.0 (compatible; Googlebot/2.1; +http://www.google.com/bot.html)"
66.249.78.8 - - [11/May/2014:06:50:02 +0200] "GET /partner.html HTTP/1.1" 304 - "-" "Mozilla/5.0 (compatible; Googlebot/2.1; +http://www.google.com/bot.html)"
208.115.111.69 - - [11/May/2014:06:57:31 +0200] "GET /robots.txt HTTP/1.1" 404 - "-" "Mozilla/5.0 (compatible; DotBot/1.1; http://www.opensiteexplorer.org/dotbot, help@moz.com)"
141.8.147.12 - - [11/May/2014:08:02:48 +0200] "GET /partner.html HTTP/1.1" 200 4401 "-" "Mozilla/5.0 (compatible; YandexBot/3.0; +http://yandex.com/bots)"
66.249.78.8 - - [11/May/2014:08:13:08 +0200] "GET /projekte.html HTTP/1.1" 304 - "-" "Mozilla/5.0 (compatible; Googlebot/2.1; +http://www.google.com/bot.html)"
208.115.111.69 - - [11/May/2014:08:40:42 +0200] "GET /spektrum.html HTTP/1.1" 200 4365 "-" "Mozilla/5.0 (compatible; DotBot/1.1; http://www.opensiteexplorer.org/dotbot, help@moz.com)"
157.55.32.185 - - [11/May/2014:08:55:29 +0200] "GET /robots.txt HTTP/1.1" 404 - "-" "Mozilla/5.0 (compatible; bingbot/2.0; +http://www.bing.com/bingbot.htm)"
157.55.32.26 - - [11/May/2014:08:56:36 +0200] "GET /spektrum.html HTTP/1.1" 200 4365 "-" "Mozilla/5.0 (compatible; bingbot/2.0; +http://www.bing.com/bingbot.htm)"
157.55.32.26 - - [11/May/2014:08:56:36 +0200] "GET /projekte.html HTTP/1.1" 200 7938 "-" "Mozilla/5.0 (compatible; bingbot/2.0; +http://www.bing.com/bingbot.htm)"
157.55.32.26 - - [11/May/2014:08:56:43 +0200] "GET /partner.html HTTP/1.1" 200 4401 "-" "Mozilla/5.0 (compatible; bingbot/2.0; +http://www.bing.com/bingbot.htm)"
157.55.32.26 - - [11/May/2014:08:56:43 +0200] "GET /kontakt.html HTTP/1.1" 200 4451 "-" "Mozilla/5.0 (compatible; bingbot/2.0; +http://www.bing.com/bingbot.htm)"
157.55.32.26 - - [11/May/2014:08:56:44 +0200] "GET / HTTP/1.1" 200 4688 "-" "Mozilla/5.0 (compatible; bingbot/2.0; +http://www.bing.com/bingbot.htm)"
157.55.32.185 - - [11/May/2014:09:02:23 +0200] "GET /uns.html HTTP/1.1" 200 4398 "-" "Mozilla/5.0 (compatible; bingbot/2.0; +http://www.bing.com/bingbot.htm)"
157.55.32.185 - - [11/May/2014:09:02:23 +0200] "GET /referenz.html HTTP/1.1" 200 10703 "-" "Mozilla/5.0 (compatible; bingbot/2.0; +http://www.bing.com/bingbot.htm)"
157.55.32.185 - - [11/May/2014:09:03:20 +0200] "GET /impressum.html HTTP/1.1" 200 5721 "-" "Mozilla/5.0 (compatible; bingbot/2.0; +http://www.bing.com/bingbot.htm)"
66.249.78.8 - - [11/May/2014:09:36:13 +0200] "GET /spektrum.html HTTP/1.1" 304 - "-" "Mozilla/5.0 (compatible; Googlebot/2.1; +http://www.google.com/bot.html)"
66.249.78.8 - - [11/May/2014:10:26:05 +0200] "GET /uns.html HTTP/1.1" 304 - "-" "Mozilla/5.0 (compatible; Googlebot/2.1; +http://www.google.com/bot.html)"
66.249.78.8 - - [11/May/2014:11:48:23 +0200] "GET / HTTP/1.1" 200 4688 "-" "Mozilla/5.0 (compatible; Googlebot/2.1; +http://www.google.com/bot.html)"
66.249.78.8 - - [11/May/2014:12:50:10 +0200] "GET / HTTP/1.1" 200 4688 "-" "SAMSUNG-SGH-E250/1.0 Profile/MIDP-2.0 Configuration/CLDC-1.1 UP.Browser/6.2.3.3.c.1.101 (GUI) MMP/2.0 (compatible; Googlebot-Mobile/2.1; +http://www.google.com/bot.html)"
157.55.32.185 - - [11/May/2014:13:14:58 +0200] "GET /referenz.html HTTP/1.1" 200 10703 "-" "Mozilla/5.0 (compatible; bingbot/2.0; +http://www.bing.com/bingbot.htm)"
157.56.93.63 - - [11/May/2014:13:15:50 +0200] "GET /js/plugins.js HTTP/1.1" 200 898 "-" "Mozilla/5.0 (compatible; bingbot/2.0; +http://www.bing.com/bingbot.htm)"
157.56.93.63 - - [11/May/2014:13:15:50 +0200] "GET /css/style.css HTTP/1.1" 200 2831 "-" "Mozilla/5.0 (compatible; bingbot/2.0; +http://www.bing.com/bingbot.htm)"
157.56.92.151 - - [11/May/2014:13:16:01 +0200] "GET /js/libs/modernizr-2.5.3.min.js HTTP/1.1" 200 15274 "-" "Mozilla/5.0 (compatible; bingbot/2.0; +http://www.bing.com/bingbot.htm)"
66.249.78.8 - - [11/May/2014:16:20:37 +0200] "GET /robots.txt HTTP/1.1" 404 - "-" "Mozilla/5.0 (compatible; Googlebot/2.1; +http://www.google.com/bot.html)"
66.249.78.8 - - [11/May/2014:16:20:37 +0200] "GET /referenz.html HTTP/1.1" 304 - "-" "Mozilla/5.0 (compatible; Googlebot/2.1; +http://www.google.com/bot.html)"
84.38.65.176 - - [11/May/2014:21:02:47 +0200] "GET / HTTP/1.1" 200 4688 "http://www.sumaja.de/" "Mozilla/5.0 (Windows; U; Windows NT 5.1; de; rv:1.9.0.12) Gecko/2009070611 Firefox/3.0.12 GTB7.1 (.NET CLR 3.5.30729)"
85.25.202.18 - - [11/May/2014:21:02:47 +0200] "GET / HTTP/1.0" 200 4688 "-" "-"
85.25.202.18 - - [11/May/2014:21:02:47 +0200] "GET / HTTP/1.0" 200 4688 "-" "-"
178.255.215.70 - - [11/May/2014:22:32:43 +0200] "GET /robots.txt HTTP/1.1" 404 - "-" "Mozilla/5.0 (compatible; Exabot/3.0; +http://www.exabot.com/go/robot)"
178.255.215.70 - - [11/May/2014:22:32:43 +0200] "GET / HTTP/1.1" 304 - "-" "Mozilla/5.0 (compatible; Exabot/3.0; +http://www.exabot.com/go/robot)"
157.55.34.93 - - [11/May/2014:22:50:04 +0200] "GET /robots.txt HTTP/1.1" 404 - "-" "Mozilla/5.0 (compatible; bingbot/2.0; +http://www.bing.com/bingbot.htm)"
157.55.34.93 - - [11/May/2014:22:55:12 +0200] "GET / HTTP/1.1" 304 - "-" "Mozilla/5.0 (compatible; bingbot/2.0; +http://www.bing.com/bingbot.htm)"
66.249.75.201 - - [12/May/2014:03:09:42 +0200] "GET / HTTP/1.1" 200 4688 "-" "DoCoMo/2.0 N905i(c100;TB;W24H16) (compatible; Googlebot-Mobile/2.1; +http://www.google.com/bot.html)"
66.249.78.8 - - [12/May/2014:03:54:10 +0200] "GET /projekte.html HTTP/1.1" 304 - "-" "Mozilla/5.0 (compatible; Googlebot/2.1; +http://www.google.com/bot.html)"
66.249.78.8 - - [12/May/2014:04:28:12 +0200] "GET /robots.txt HTTP/1.1" 404 - "-" "Mozilla/5.0 (compatible; Googlebot/2.1; +http://www.google.com/bot.html)"
66.249.78.8 - - [12/May/2014:04:28:12 +0200] "GET /partner.html HTTP/1.1" 304 - "-" "Mozilla/5.0 (compatible; Googlebot/2.1; +http://www.google.com/bot.html)"
66.249.78.8 - - [12/May/2014:05:06:10 +0200] "GET /referenz.html HTTP/1.1" 304 - "-" "Mozilla/5.0 (compatible; Googlebot/2.1; +http://www.google.com/bot.html)"
66.249.78.8 - - [12/May/2014:06:32:35 +0200] "GET / HTTP/1.1" 304 - "-" "Mozilla/5.0 (compatible; Googlebot/2.1; +http://www.google.com/bot.html)"
66.249.78.8 - - [12/May/2014:07:44:37 +0200] "GET /partner.html HTTP/1.1" 304 - "-" "Mozilla/5.0 (compatible; Googlebot/2.1; +http://www.google.com/bot.html)"
66.249.78.8 - - [12/May/2014:08:27:49 +0200] "GET /uns.html HTTP/1.1" 304 - "-" "Mozilla/5.0 (compatible; Googlebot/2.1; +http://www.google.com/bot.html)"
157.55.33.251 - - [12/May/2014:08:41:45 +0200] "GET /robots.txt HTTP/1.1" 404 - "-" "Mozilla/5.0 (compatible; bingbot/2.0; +http://www.bing.com/bingbot.htm)"
157.55.33.251 - - [12/May/2014:08:46:39 +0200] "GET / HTTP/1.1" 304 - "-" "Mozilla/5.0 (compatible; bingbot/2.0; +http://www.bing.com/bingbot.htm)"
66.249.78.8 - - [12/May/2014:09:54:14 +0200] "GET /impressum.html HTTP/1.1" 304 - "-" "Mozilla/5.0 (compatible; Googlebot/2.1; +http://www.google.com/bot.html)"
66.249.78.8 - - [12/May/2014:10:47:02 +0200] "GET /spektrum.html HTTP/1.1" 304 - "-" "Mozilla/5.0 (compatible; Googlebot/2.1; +http://www.google.com/bot.html)"
208.115.111.69 - - [12/May/2014:10:53:33 +0200] "GET /robots.txt HTTP/1.1" 404 - "-" "Mozilla/5.0 (compatible; DotBot/1.1; http://www.opensiteexplorer.org/dotbot, help@moz.com)"
208.115.111.69 - - [12/May/2014:12:13:33 +0200] "GET /kontakt.html HTTP/1.1" 200 4451 "-" "Mozilla/5.0 (compatible; DotBot/1.1; http://www.opensiteexplorer.org/dotbot, help@moz.com)"
66.249.78.8 - - [12/May/2014:12:42:16 +0200] "GET /robots.txt HTTP/1.1" 404 - "-" "Mozilla/5.0 (compatible; Googlebot/2.1; +http://www.google.com/bot.html)"
66.249.78.8 - - [12/May/2014:12:42:16 +0200] "GET / HTTP/1.1" 304 - "-" "Mozilla/5.0 (compatible; Googlebot/2.1; +http://www.google.com/bot.html)"
5.10.170.210 - - [12/May/2014:13:38:44 +0200] "GET / HTTP/1.1" 200 4688 "http://www.google.com/url?sa=t&rct=j&q=&esrc=s&source=web&cd=1&ved=0CCkQFjAA&url=http%3A%2F%2Fwww.mbingenieure.de%2F&ei=U7JwU56rGIKN7Qb6goCwDA&usg=AFQjCNEyLqXMZj9hDUfmjIo04GBdDmaXCQ&bvm=bv.66330100,d.ZGU" "Mozilla/5.0 (Windows NT 6.1; WOW64; Trident/7.0; rv:11.0) like Gecko"
5.10.170.210 - - [12/May/2014:13:38:44 +0200] "GET /css/style.css HTTP/1.1" 200 2831 "http://www.mbingenieure.de/" "Mozilla/5.0 (Windows NT 6.1; WOW64; Trident/7.0; rv:11.0) like Gecko"
5.10.170.210 - - [12/May/2014:13:38:44 +0200] "GET /js/libs/modernizr-2.5.3.min.js HTTP/1.1" 200 15274 "http://www.mbingenieure.de/" "Mozilla/5.0 (Windows NT 6.1; WOW64; Trident/7.0; rv:11.0) like Gecko"
5.10.170.210 - - [12/May/2014:13:38:44 +0200] "GET /js/plugins.js HTTP/1.1" 200 898 "http://www.mbingenieure.de/" "Mozilla/5.0 (Windows NT 6.1; WOW64; Trident/7.0; rv:11.0) like Gecko"
5.10.170.210 - - [12/May/2014:13:38:44 +0200] "GET /images/logo.png HTTP/1.1" 200 16467 "http://www.mbingenieure.de/" "Mozilla/5.0 (Windows NT 6.1; WOW64; Trident/7.0; rv:11.0) like Gecko"
5.10.170.210 - - [12/May/2014:13:38:44 +0200] "GET /images/bild1.png HTTP/1.1" 200 16301 "http://www.mbingenieure.de/" "Mozilla/5.0 (Windows NT 6.1; WOW64; Trident/7.0; rv:11.0) like Gecko"
5.10.170.210 - - [12/May/2014:13:38:44 +0200] "GET /images/footer.png HTTP/1.1" 200 1064 "http://www.mbingenieure.de/" "Mozilla/5.0 (Windows NT 6.1; WOW64; Trident/7.0; rv:11.0) like Gecko"
5.10.170.210 - - [12/May/2014:13:38:44 +0200] "GET /images/bild4.png HTTP/1.1" 200 65856 "http://www.mbingenieure.de/" "Mozilla/5.0 (Windows NT 6.1; WOW64; Trident/7.0; rv:11.0) like Gecko"
5.10.170.210 - - [12/May/2014:13:38:44 +0200] "GET /images/bild2.png HTTP/1.1" 200 68475 "http://www.mbingenieure.de/" "Mozilla/5.0 (Windows NT 6.1; WOW64; Trident/7.0; rv:11.0) like Gecko"
5.10.170.210 - - [12/May/2014:13:38:44 +0200] "GET /images/header.png HTTP/1.1" 200 1494 "http://www.mbingenieure.de/" "Mozilla/5.0 (Windows NT 6.1; WOW64; Trident/7.0; rv:11.0) like Gecko"
5.10.170.210 - - [12/May/2014:13:38:44 +0200] "GET /images/navi.png HTTP/1.1" 200 946 "http://www.mbingenieure.de/" "Mozilla/5.0 (Windows NT 6.1; WOW64; Trident/7.0; rv:11.0) like Gecko"
5.10.170.210 - - [12/May/2014:13:38:44 +0200] "GET /favicon.ico HTTP/1.1" 200 93062 "-" "Mozilla/5.0 (Windows NT 6.1; WOW64; Trident/7.0; rv:11.0) like Gecko"
5.10.170.210 - - [12/May/2014:13:38:54 +0200] "GET /referenz.html HTTP/1.1" 200 10703 "http://www.mbingenieure.de/" "Mozilla/5.0 (Windows NT 6.1; WOW64; Trident/7.0; rv:11.0) like Gecko"
5.10.170.210 - - [12/May/2014:13:38:54 +0200] "GET /css/style.css HTTP/1.1" 304 - "http://www.mbingenieure.de/referenz.html" "Mozilla/5.0 (Windows NT 6.1; WOW64; Trident/7.0; rv:11.0) like Gecko"
5.10.170.210 - - [12/May/2014:13:38:54 +0200] "GET /js/libs/modernizr-2.5.3.min.js HTTP/1.1" 304 - "http://www.mbingenieure.de/referenz.html" "Mozilla/5.0 (Windows NT 6.1; WOW64; Trident/7.0; rv:11.0) like Gecko"
5.10.170.210 - - [12/May/2014:13:38:54 +0200] "GET /images/header.png HTTP/1.1" 304 - "http://www.mbingenieure.de/referenz.html" "Mozilla/5.0 (Windows NT 6.1; WOW64; Trident/7.0; rv:11.0) like Gecko"
5.10.170.210 - - [12/May/2014:13:38:54 +0200] "GET /images/footer.png HTTP/1.1" 304 - "http://www.mbingenieure.de/referenz.html" "Mozilla/5.0 (Windows NT 6.1; WOW64; Trident/7.0; rv:11.0) like Gecko"
5.10.170.210 - - [12/May/2014:13:38:55 +0200] "GET /js/plugins.js HTTP/1.1" 304 - "http://www.mbingenieure.de/referenz.html" "Mozilla/5.0 (Windows NT 6.1; WOW64; Trident/7.0; rv:11.0) like Gecko"
5.10.170.210 - - [12/May/2014:13:38:55 +0200] "GET /images/navi.png HTTP/1.1" 304 - "http://www.mbingenieure.de/referenz.html" "Mozilla/5.0 (Windows NT 6.1; WOW64; Trident/7.0; rv:11.0) like Gecko"
5.10.170.210 - - [12/May/2014:13:39:11 +0200] "GET /uns.html HTTP/1.1" 200 4398 "http://www.mbingenieure.de/referenz.html" "Mozilla/5.0 (Windows NT 6.1; WOW64; Trident/7.0; rv:11.0) like Gecko"
5.10.170.210 - - [12/May/2014:13:39:11 +0200] "GET /css/style.css HTTP/1.1" 304 - "http://www.mbingenieure.de/uns.html" "Mozilla/5.0 (Windows NT 6.1; WOW64; Trident/7.0; rv:11.0) like Gecko"
5.10.170.210 - - [12/May/2014:13:39:11 +0200] "GET /js/libs/modernizr-2.5.3.min.js HTTP/1.1" 304 - "http://www.mbingenieure.de/uns.html" "Mozilla/5.0 (Windows NT 6.1; WOW64; Trident/7.0; rv:11.0) like Gecko"
5.10.170.210 - - [12/May/2014:13:39:11 +0200] "GET /js/plugins.js HTTP/1.1" 304 - "http://www.mbingenieure.de/uns.html" "Mozilla/5.0 (Windows NT 6.1; WOW64; Trident/7.0; rv:11.0) like Gecko"
5.10.170.210 - - [12/May/2014:13:39:11 +0200] "GET /images/header.png HTTP/1.1" 304 - "http://www.mbingenieure.de/uns.html" "Mozilla/5.0 (Windows NT 6.1; WOW64; Trident/7.0; rv:11.0) like Gecko"
5.10.170.210 - - [12/May/2014:13:39:11 +0200] "GET /images/footer.png HTTP/1.1" 304 - "http://www.mbingenieure.de/uns.html" "Mozilla/5.0 (Windows NT 6.1; WOW64; Trident/7.0; rv:11.0) like Gecko"
5.10.170.210 - - [12/May/2014:13:39:11 +0200] "GET /images/navi.png HTTP/1.1" 304 - "http://www.mbingenieure.de/uns.html" "Mozilla/5.0 (Windows NT 6.1; WOW64; Trident/7.0; rv:11.0) like Gecko"
5.10.170.210 - - [12/May/2014:13:39:25 +0200] "GET /spektrum.html HTTP/1.1" 200 4365 "http://www.mbingenieure.de/uns.html" "Mozilla/5.0 (Windows NT 6.1; WOW64; Trident/7.0; rv:11.0) like Gecko"
5.10.170.210 - - [12/May/2014:13:39:25 +0200] "GET /css/style.css HTTP/1.1" 304 - "http://www.mbingenieure.de/spektrum.html" "Mozilla/5.0 (Windows NT 6.1; WOW64; Trident/7.0; rv:11.0) like Gecko"
5.10.170.210 - - [12/May/2014:13:39:25 +0200] "GET /js/libs/modernizr-2.5.3.min.js HTTP/1.1" 304 - "http://www.mbingenieure.de/spektrum.html" "Mozilla/5.0 (Windows NT 6.1; WOW64; Trident/7.0; rv:11.0) like Gecko"
5.10.170.210 - - [12/May/2014:13:39:25 +0200] "GET /js/plugins.js HTTP/1.1" 304 - "http://www.mbingenieure.de/spektrum.html" "Mozilla/5.0 (Windows NT 6.1; WOW64; Trident/7.0; rv:11.0) like Gecko"
5.10.170.210 - - [12/May/2014:13:39:26 +0200] "GET /images/header.png HTTP/1.1" 304 - "http://www.mbingenieure.de/spektrum.html" "Mozilla/5.0 (Windows NT 6.1; WOW64; Trident/7.0; rv:11.0) like Gecko"
5.10.170.210 - - [12/May/2014:13:39:26 +0200] "GET /images/footer.png HTTP/1.1" 304 - "http://www.mbingenieure.de/spektrum.html" "Mozilla/5.0 (Windows NT 6.1; WOW64; Trident/7.0; rv:11.0) like Gecko"
5.10.170.210 - - [12/May/2014:13:39:26 +0200] "GET /images/navi.png HTTP/1.1" 304 - "http://www.mbingenieure.de/spektrum.html" "Mozilla/5.0 (Windows NT 6.1; WOW64; Trident/7.0; rv:11.0) like Gecko"
5.10.170.210 - - [12/May/2014:13:39:39 +0200] "GET /referenz.html HTTP/1.1" 304 - "http://www.mbingenieure.de/spektrum.html" "Mozilla/5.0 (Windows NT 6.1; WOW64; Trident/7.0; rv:11.0) like Gecko"
5.10.170.210 - - [12/May/2014:13:39:39 +0200] "GET /css/style.css HTTP/1.1" 304 - "http://www.mbingenieure.de/referenz.html" "Mozilla/5.0 (Windows NT 6.1; WOW64; Trident/7.0; rv:11.0) like Gecko"
5.10.170.210 - - [12/May/2014:13:39:39 +0200] "GET /js/libs/modernizr-2.5.3.min.js HTTP/1.1" 304 - "http://www.mbingenieure.de/referenz.html" "Mozilla/5.0 (Windows NT 6.1; WOW64; Trident/7.0; rv:11.0) like Gecko"
5.10.170.210 - - [12/May/2014:13:39:39 +0200] "GET /js/plugins.js HTTP/1.1" 304 - "http://www.mbingenieure.de/referenz.html" "Mozilla/5.0 (Windows NT 6.1; WOW64; Trident/7.0; rv:11.0) like Gecko"
5.10.170.210 - - [12/May/2014:13:39:39 +0200] "GET /images/footer.png HTTP/1.1" 304 - "http://www.mbingenieure.de/referenz.html" "Mozilla/5.0 (Windows NT 6.1; WOW64; Trident/7.0; rv:11.0) like Gecko"
5.10.170.210 - - [12/May/2014:13:39:39 +0200] "GET /images/header.png HTTP/1.1" 304 - "http://www.mbingenieure.de/referenz.html" "Mozilla/5.0 (Windows NT 6.1; WOW64; Trident/7.0; rv:11.0) like Gecko"
5.10.170.210 - - [12/May/2014:13:39:39 +0200] "GET /images/navi.png HTTP/1.1" 304 - "http://www.mbingenieure.de/referenz.html" "Mozilla/5.0 (Windows NT 6.1; WOW64; Trident/7.0; rv:11.0) like Gecko"
5.10.170.210 - - [12/May/2014:13:39:42 +0200] "GET /partner.html HTTP/1.1" 200 4401 "http://www.mbingenieure.de/referenz.html" "Mozilla/5.0 (Windows NT 6.1; WOW64; Trident/7.0; rv:11.0) like Gecko"
5.10.170.210 - - [12/May/2014:13:39:42 +0200] "GET /css/style.css HTTP/1.1" 304 - "http://www.mbingenieure.de/partner.html" "Mozilla/5.0 (Windows NT 6.1; WOW64; Trident/7.0; rv:11.0) like Gecko"
5.10.170.210 - - [12/May/2014:13:39:42 +0200] "GET /js/libs/modernizr-2.5.3.min.js HTTP/1.1" 304 - "http://www.mbingenieure.de/partner.html" "Mozilla/5.0 (Windows NT 6.1; WOW64; Trident/7.0; rv:11.0) like Gecko"
5.10.170.210 - - [12/May/2014:13:39:42 +0200] "GET /js/plugins.js HTTP/1.1" 304 - "http://www.mbingenieure.de/partner.html" "Mozilla/5.0 (Windows NT 6.1; WOW64; Trident/7.0; rv:11.0) like Gecko"
5.10.170.210 - - [12/May/2014:13:39:42 +0200] "GET /images/footer.png HTTP/1.1" 304 - "http://www.mbingenieure.de/partner.html" "Mozilla/5.0 (Windows NT 6.1; WOW64; Trident/7.0; rv:11.0) like Gecko"
5.10.170.210 - - [12/May/2014:13:39:42 +0200] "GET /images/header.png HTTP/1.1" 304 - "http://www.mbingenieure.de/partner.html" "Mozilla/5.0 (Windows NT 6.1; WOW64; Trident/7.0; rv:11.0) like Gecko"
5.10.170.210 - - [12/May/2014:13:39:42 +0200] "GET /images/navi.png HTTP/1.1" 304 - "http://www.mbingenieure.de/partner.html" "Mozilla/5.0 (Windows NT 6.1; WOW64; Trident/7.0; rv:11.0) like Gecko"
5.10.170.210 - - [12/May/2014:13:39:47 +0200] "GET /kontakt.html HTTP/1.1" 200 4451 "http://www.mbingenieure.de/partner.html" "Mozilla/5.0 (Windows NT 6.1; WOW64; Trident/7.0; rv:11.0) like Gecko"
5.10.170.210 - - [12/May/2014:13:39:47 +0200] "GET /css/style.css HTTP/1.1" 304 - "http://www.mbingenieure.de/kontakt.html" "Mozilla/5.0 (Windows NT 6.1; WOW64; Trident/7.0; rv:11.0) like Gecko"
5.10.170.210 - - [12/May/2014:13:39:47 +0200] "GET /js/libs/modernizr-2.5.3.min.js HTTP/1.1" 304 - "http://www.mbingenieure.de/kontakt.html" "Mozilla/5.0 (Windows NT 6.1; WOW64; Trident/7.0; rv:11.0) like Gecko"
5.10.170.210 - - [12/May/2014:13:39:47 +0200] "GET /images/footer.png HTTP/1.1" 304 - "http://www.mbingenieure.de/kontakt.html" "Mozilla/5.0 (Windows NT 6.1; WOW64; Trident/7.0; rv:11.0) like Gecko"
5.10.170.210 - - [12/May/2014:13:39:47 +0200] "GET /images/header.png HTTP/1.1" 304 - "http://www.mbingenieure.de/kontakt.html" "Mozilla/5.0 (Windows NT 6.1; WOW64; Trident/7.0; rv:11.0) like Gecko"
5.10.170.210 - - [12/May/2014:13:39:47 +0200] "GET /js/plugins.js HTTP/1.1" 304 - "http://www.mbingenieure.de/kontakt.html" "Mozilla/5.0 (Windows NT 6.1; WOW64; Trident/7.0; rv:11.0) like Gecko"
5.10.170.210 - - [12/May/2014:13:39:47 +0200] "GET /images/navi.png HTTP/1.1" 304 - "http://www.mbingenieure.de/kontakt.html" "Mozilla/5.0 (Windows NT 6.1; WOW64; Trident/7.0; rv:11.0) like Gecko"
5.10.170.210 - - [12/May/2014:13:40:06 +0200] "GET /spektrum.html HTTP/1.1" 304 - "http://www.mbingenieure.de/referenz.html" "Mozilla/5.0 (Windows NT 6.1; WOW64; Trident/7.0; rv:11.0) like Gecko"
5.10.170.210 - - [12/May/2014:13:40:06 +0200] "GET /css/style.css HTTP/1.1" 304 - "http://www.mbingenieure.de/spektrum.html" "Mozilla/5.0 (Windows NT 6.1; WOW64; Trident/7.0; rv:11.0) like Gecko"
5.10.170.210 - - [12/May/2014:13:40:06 +0200] "GET /js/plugins.js HTTP/1.1" 304 - "http://www.mbingenieure.de/spektrum.html" "Mozilla/5.0 (Windows NT 6.1; WOW64; Trident/7.0; rv:11.0) like Gecko"
5.10.170.210 - - [12/May/2014:13:40:06 +0200] "GET /js/libs/modernizr-2.5.3.min.js HTTP/1.1" 304 - "http://www.mbingenieure.de/spektrum.html" "Mozilla/5.0 (Windows NT 6.1; WOW64; Trident/7.0; rv:11.0) like Gecko"
5.10.170.210 - - [12/May/2014:13:40:06 +0200] "GET /images/footer.png HTTP/1.1" 304 - "http://www.mbingenieure.de/spektrum.html" "Mozilla/5.0 (Windows NT 6.1; WOW64; Trident/7.0; rv:11.0) like Gecko"
5.10.170.210 - - [12/May/2014:13:40:06 +0200] "GET /images/header.png HTTP/1.1" 304 - "http://www.mbingenieure.de/spektrum.html" "Mozilla/5.0 (Windows NT 6.1; WOW64; Trident/7.0; rv:11.0) like Gecko"
5.10.170.210 - - [12/May/2014:13:40:06 +0200] "GET /images/navi.png HTTP/1.1" 304 - "http://www.mbingenieure.de/spektrum.html" "Mozilla/5.0 (Windows NT 6.1; WOW64; Trident/7.0; rv:11.0) like Gecko"
5.10.170.210 - - [12/May/2014:13:40:08 +0200] "GET /referenz.html HTTP/1.1" 304 - "http://www.mbingenieure.de/spektrum.html" "Mozilla/5.0 (Windows NT 6.1; WOW64; Trident/7.0; rv:11.0) like Gecko"
5.10.170.210 - - [12/May/2014:13:40:08 +0200] "GET /js/libs/modernizr-2.5.3.min.js HTTP/1.1" 304 - "http://www.mbingenieure.de/referenz.html" "Mozilla/5.0 (Windows NT 6.1; WOW64; Trident/7.0; rv:11.0) like Gecko"
5.10.170.210 - - [12/May/2014:13:40:08 +0200] "GET /css/style.css HTTP/1.1" 304 - "http://www.mbingenieure.de/referenz.html" "Mozilla/5.0 (Windows NT 6.1; WOW64; Trident/7.0; rv:11.0) like Gecko"
5.10.170.210 - - [12/May/2014:13:40:08 +0200] "GET /js/plugins.js HTTP/1.1" 304 - "http://www.mbingenieure.de/referenz.html" "Mozilla/5.0 (Windows NT 6.1; WOW64; Trident/7.0; rv:11.0) like Gecko"
5.10.170.210 - - [12/May/2014:13:40:08 +0200] "GET /images/header.png HTTP/1.1" 304 - "http://www.mbingenieure.de/referenz.html" "Mozilla/5.0 (Windows NT 6.1; WOW64; Trident/7.0; rv:11.0) like Gecko"
5.10.170.210 - - [12/May/2014:13:40:08 +0200] "GET /images/footer.png HTTP/1.1" 304 - "http://www.mbingenieure.de/referenz.html" "Mozilla/5.0 (Windows NT 6.1; WOW64; Trident/7.0; rv:11.0) like Gecko"
5.10.170.210 - - [12/May/2014:13:40:08 +0200] "GET /images/navi.png HTTP/1.1" 304 - "http://www.mbingenieure.de/referenz.html" "Mozilla/5.0 (Windows NT 6.1; WOW64; Trident/7.0; rv:11.0) like Gecko"
5.10.170.210 - - [12/May/2014:13:40:36 +0200] "GET /kontakt.html HTTP/1.1" 304 - "http://www.mbingenieure.de/referenz.html" "Mozilla/5.0 (Windows NT 6.1; WOW64; Trident/7.0; rv:11.0) like Gecko"
5.10.170.210 - - [12/May/2014:13:40:36 +0200] "GET /js/libs/modernizr-2.5.3.min.js HTTP/1.1" 304 - "http://www.mbingenieure.de/kontakt.html" "Mozilla/5.0 (Windows NT 6.1; WOW64; Trident/7.0; rv:11.0) like Gecko"
5.10.170.210 - - [12/May/2014:13:40:36 +0200] "GET /css/style.css HTTP/1.1" 304 - "http://www.mbingenieure.de/kontakt.html" "Mozilla/5.0 (Windows NT 6.1; WOW64; Trident/7.0; rv:11.0) like Gecko"
5.10.170.210 - - [12/May/2014:13:40:36 +0200] "GET /js/plugins.js HTTP/1.1" 304 - "http://www.mbingenieure.de/kontakt.html" "Mozilla/5.0 (Windows NT 6.1; WOW64; Trident/7.0; rv:11.0) like Gecko"
5.10.170.210 - - [12/May/2014:13:40:36 +0200] "GET /images/footer.png HTTP/1.1" 304 - "http://www.mbingenieure.de/kontakt.html" "Mozilla/5.0 (Windows NT 6.1; WOW64; Trident/7.0; rv:11.0) like Gecko"
5.10.170.210 - - [12/May/2014:13:40:36 +0200] "GET /images/header.png HTTP/1.1" 304 - "http://www.mbingenieure.de/kontakt.html" "Mozilla/5.0 (Windows NT 6.1; WOW64; Trident/7.0; rv:11.0) like Gecko"
5.10.170.210 - - [12/May/2014:13:40:36 +0200] "GET /images/navi.png HTTP/1.1" 304 - "http://www.mbingenieure.de/kontakt.html" "Mozilla/5.0 (Windows NT 6.1; WOW64; Trident/7.0; rv:11.0) like Gecko"
66.249.78.8 - - [12/May/2014:13:49:29 +0200] "GET /referenz.html HTTP/1.1" 304 - "-" "Mozilla/5.0 (compatible; Googlebot/2.1; +http://www.google.com/bot.html)"
157.55.32.77 - - [12/May/2014:13:57:47 +0200] "GET /spektrum.html HTTP/1.1" 304 - "-" "Mozilla/5.0 (compatible; bingbot/2.0; +http://www.bing.com/bingbot.htm)"
66.249.78.8 - - [12/May/2014:14:42:17 +0200] "GET /projekte.html HTTP/1.1" 304 - "-" "Mozilla/5.0 (compatible; Googlebot/2.1; +http://www.google.com/bot.html)"
66.249.78.8 - - [12/May/2014:16:18:40 +0200] "GET / HTTP/1.1" 200 4688 "-" "SAMSUNG-SGH-E250/1.0 Profile/MIDP-2.0 Configuration/CLDC-1.1 UP.Browser/6.2.3.3.c.1.101 (GUI) MMP/2.0 (compatible; Googlebot-Mobile/2.1; +http://www.google.com/bot.html)"
66.249.78.8 - - [12/May/2014:20:25:57 +0200] "GET /referenz.html HTTP/1.1" 304 - "-" "SAMSUNG-SGH-E250/1.0 Profile/MIDP-2.0 Configuration/CLDC-1.1 UP.Browser/6.2.3.3.c.1.101 (GUI) MMP/2.0 (compatible; Googlebot-Mobile/2.1; +http://www.google.com/bot.html)"
176.57.141.193 - - [13/May/2014:00:21:20 +0200] "GET /referenz.html HTTP/1.1" 200 10703 "-" "Mozilla/5.0 (Macintosh; Intel Mac OS X 10_6_8) AppleWebKit/537.13+ (KHTML, like Gecko) Version/5.1.7 Safari/534.57.2"
93.186.202.253 - - [13/May/2014:00:21:20 +0200] "GET /kontakt.html HTTP/1.1" 200 4451 "-" "Mozilla/5.0 (Windows NT 6.1; rv:21.0) Gecko/20100101 Firefox/21.0"
88.198.56.239 - - [13/May/2014:00:21:20 +0200] "GET / HTTP/1.1" 200 4688 "-" "Mozilla/5.0 (X11; Linux x86_64) AppleWebKit/534.24 (KHTML, like Gecko) Chrome/11.0.696.34 Safari/534.24"
93.186.202.197 - - [13/May/2014:00:21:20 +0200] "GET /uns.html HTTP/1.1" 200 4398 "-" "Mozilla/5.0 (Windows NT 6.1; rv:12.0) Gecko/20120403211507 Firefox/12.0"
144.76.155.8 - - [13/May/2014:00:21:20 +0200] "GET /index.html HTTP/1.1" 200 4688 "-" "Mozilla/5.0 (compatible; MSIE 10.0; Windows NT 6.1; Trident/5.0)"
144.76.155.8 - - [13/May/2014:00:21:20 +0200] "GET /impressum.html HTTP/1.1" 200 5721 "-" "Mozilla/5.0 (Windows NT 5.0; rv:21.0) Gecko/20100101 Firefox/21.0"
69.58.178.57 - - [13/May/2014:01:34:29 +0200] "GET /robots.txt HTTP/1.1" 404 - "-" "Mozilla/5.0 (X11; Ubuntu; Linux i686; rv:14.0; ips-agent) Gecko/20100101 Firefox/14.0.1"
69.58.178.57 - - [13/May/2014:01:34:30 +0200] "GET / HTTP/1.1" 200 4688 "-" "BlackBerry9000/4.6.0.167 Profile/MIDP-2.0 Configuration/CLDC-1.1 VendorID/102 ips-agent"
69.58.178.57 - - [13/May/2014:01:34:32 +0200] "GET /index.html HTTP/1.1" 200 4688 "-" "Mozilla/5.0 (X11; Ubuntu; Linux i686; rv:14.0; ips-agent) Gecko/20100101 Firefox/14.0.1"
69.58.178.57 - - [13/May/2014:01:34:33 +0200] "GET /uns.html HTTP/1.1" 200 4398 "-" "Mozilla/5.0 (X11; Ubuntu; Linux i686; rv:14.0; ips-agent) Gecko/20100101 Firefox/14.0.1"
69.58.178.57 - - [13/May/2014:01:34:34 +0200] "GET /spektrum.html HTTP/1.1" 200 4365 "-" "Mozilla/5.0 (X11; Ubuntu; Linux i686; rv:14.0; ips-agent) Gecko/20100101 Firefox/14.0.1"
69.58.178.57 - - [13/May/2014:01:34:35 +0200] "GET /referenz.html HTTP/1.1" 200 10703 "-" "Mozilla/5.0 (X11; Ubuntu; Linux i686; rv:14.0; ips-agent) Gecko/20100101 Firefox/14.0.1"
69.58.178.57 - - [13/May/2014:01:34:36 +0200] "GET /partner.html HTTP/1.1" 200 4401 "-" "Mozilla/5.0 (X11; Ubuntu; Linux i686; rv:14.0; ips-agent) Gecko/20100101 Firefox/14.0.1"
69.58.178.57 - - [13/May/2014:01:34:38 +0200] "GET /kontakt.html HTTP/1.1" 200 4451 "-" "Mozilla/5.0 (X11; Ubuntu; Linux i686; rv:14.0; ips-agent) Gecko/20100101 Firefox/14.0.1"
69.58.178.57 - - [13/May/2014:01:34:39 +0200] "GET /impressum.html HTTP/1.1" 200 5721 "-" "Mozilla/5.0 (X11; Ubuntu; Linux i686; rv:14.0; ips-agent) Gecko/20100101 Firefox/14.0.1"
69.58.178.57 - - [13/May/2014:01:34:40 +0200] "GET /projekte.html HTTP/1.1" 200 7938 "-" "Mozilla/5.0 (X11; Ubuntu; Linux i686; rv:14.0; ips-agent) Gecko/20100101 Firefox/14.0.1"
80.129.230.205 - - [13/May/2014:10:37:32 +0200] "GET /referenz.html HTTP/1.1" 200 10703 "-" "Mozilla/5.0 (Windows NT 5.1; rv:20.0) Gecko/20100101 Firefox/20.0"
80.129.230.205 - - [13/May/2014:10:37:32 +0200] "GET /css/style.css HTTP/1.1" 200 2831 "http://www.mbingenieure.de/referenz.html" "Mozilla/5.0 (Windows NT 5.1; rv:20.0) Gecko/20100101 Firefox/20.0"
80.129.230.205 - - [13/May/2014:10:37:32 +0200] "GET /js/libs/modernizr-2.5.3.min.js HTTP/1.1" 200 15274 "http://www.mbingenieure.de/referenz.html" "Mozilla/5.0 (Windows NT 5.1; rv:20.0) Gecko/20100101 Firefox/20.0"
80.129.230.205 - - [13/May/2014:10:37:33 +0200] "GET /js/plugins.js HTTP/1.1" 200 898 "http://www.mbingenieure.de/referenz.html" "Mozilla/5.0 (Windows NT 5.1; rv:20.0) Gecko/20100101 Firefox/20.0"
80.129.230.205 - - [13/May/2014:10:37:33 +0200] "GET /images/footer.png HTTP/1.1" 200 1064 "http://www.mbingenieure.de/css/style.css" "Mozilla/5.0 (Windows NT 5.1; rv:20.0) Gecko/20100101 Firefox/20.0"
80.129.230.205 - - [13/May/2014:10:37:33 +0200] "GET /images/header.png HTTP/1.1" 200 1494 "http://www.mbingenieure.de/css/style.css" "Mozilla/5.0 (Windows NT 5.1; rv:20.0) Gecko/20100101 Firefox/20.0"
80.129.230.205 - - [13/May/2014:10:37:33 +0200] "GET /images/navi.png HTTP/1.1" 200 946 "http://www.mbingenieure.de/css/style.css" "Mozilla/5.0 (Windows NT 5.1; rv:20.0) Gecko/20100101 Firefox/20.0"
80.129.230.205 - - [13/May/2014:10:37:33 +0200] "GET /favicon.ico HTTP/1.1" 200 93062 "-" "Mozilla/5.0 (Windows NT 5.1; rv:20.0) Gecko/20100101 Firefox/20.0"
178.77.126.55 - - [13/May/2014:13:04:23 +0200] "GET /robots.txt HTTP/1.1" 404 - "-" "Mozilla/5.0 (compatible; CareerBot/1.1; +http://www.career-x.de/bot.html)"
178.77.126.55 - - [13/May/2014:13:04:23 +0200] "GET / HTTP/1.1" 200 4688 "-" "Mozilla/5.0 (compatible; CareerBot/1.1; +http://www.career-x.de/bot.html)"
178.77.126.55 - - [13/May/2014:13:04:23 +0200] "GET /uns.html HTTP/1.1" 200 4398 "-" "Mozilla/5.0 (compatible; CareerBot/1.1; +http://www.career-x.de/bot.html)"
157.56.92.162 - - [13/May/2014:19:34:14 +0200] "GET /robots.txt HTTP/1.1" 404 - "-" "Mozilla/5.0 (compatible; bingbot/2.0; +http://www.bing.com/bingbot.htm)"
157.56.92.162 - - [13/May/2014:19:37:38 +0200] "GET /index.html HTTP/1.1" 200 4688 "-" "Mozilla/5.0 (compatible; bingbot/2.0; +http://www.bing.com/bingbot.htm)"
157.55.32.145 - - [13/May/2014:19:38:24 +0200] "GET /js/libs/modernizr-2.5.3.min.js HTTP/1.1" 200 15274 "-" "Mozilla/5.0 (compatible; bingbot/2.0; +http://www.bing.com/bingbot.htm)"
