173.199.120.27 - - [26/Jun/2013:15:22:02 +0200] "GET /spektrum.html HTTP/1.1" 200 4365 "-" "Mozilla/5.0 (compatible; AhrefsBot/4.0; +http://ahrefs.com/robot/)"
80.136.23.211 - - [26/Jun/2013:16:25:32 +0200] "GET /uns.html HTTP/1.1" 200 4398 "http://www.bing.com/search?q=mb+ingenieure&form=CMDTDF&pc=CMDTDF&src=IE-SearchBox" "Mozilla/5.0 (compatible; MSIE 9.0; Windows NT 6.1; WOW64; Trident/5.0)"
80.136.23.211 - - [26/Jun/2013:16:25:32 +0200] "GET /css/style.css HTTP/1.1" 200 2831 "http://www.mbingenieure.de/uns.html" "Mozilla/5.0 (compatible; MSIE 9.0; Windows NT 6.1; WOW64; Trident/5.0)"
80.136.23.211 - - [26/Jun/2013:16:25:32 +0200] "GET /js/libs/modernizr-2.5.3.min.js HTTP/1.1" 200 15274 "http://www.mbingenieure.de/uns.html" "Mozilla/5.0 (compatible; MSIE 9.0; Windows NT 6.1; WOW64; Trident/5.0)"
80.136.23.211 - - [26/Jun/2013:16:25:32 +0200] "GET /js/plugins.js HTTP/1.1" 200 898 "http://www.mbingenieure.de/uns.html" "Mozilla/5.0 (compatible; MSIE 9.0; Windows NT 6.1; WOW64; Trident/5.0)"
80.136.23.211 - - [26/Jun/2013:16:25:32 +0200] "GET /images/footer.png HTTP/1.1" 200 1064 "http://www.mbingenieure.de/uns.html" "Mozilla/5.0 (compatible; MSIE 9.0; Windows NT 6.1; WOW64; Trident/5.0)"
80.136.23.211 - - [26/Jun/2013:16:25:32 +0200] "GET /images/header.png HTTP/1.1" 200 1494 "http://www.mbingenieure.de/uns.html" "Mozilla/5.0 (compatible; MSIE 9.0; Windows NT 6.1; WOW64; Trident/5.0)"
80.136.23.211 - - [26/Jun/2013:16:25:32 +0200] "GET /images/navi.png HTTP/1.1" 200 946 "http://www.mbingenieure.de/uns.html" "Mozilla/5.0 (compatible; MSIE 9.0; Windows NT 6.1; WOW64; Trident/5.0)"
80.136.23.211 - - [26/Jun/2013:16:25:32 +0200] "GET /favicon.ico HTTP/1.1" 200 93062 "-" "Mozilla/5.0 (compatible; MSIE 9.0; Windows NT 6.1; WOW64; Trident/5.0)"
80.136.23.211 - - [26/Jun/2013:16:25:41 +0200] "GET /partner.html HTTP/1.1" 200 4401 "http://www.mbingenieure.de/uns.html" "Mozilla/5.0 (compatible; MSIE 9.0; Windows NT 6.1; WOW64; Trident/5.0)"
80.136.23.211 - - [26/Jun/2013:16:25:45 +0200] "GET /impressum.html HTTP/1.1" 200 5721 "http://www.mbingenieure.de/partner.html" "Mozilla/5.0 (compatible; MSIE 9.0; Windows NT 6.1; WOW64; Trident/5.0)"
80.136.23.211 - - [26/Jun/2013:16:26:08 +0200] "GET / HTTP/1.1" 200 4688 "http://www.bing.com/search?q=mb+ingenieure&form=CMDTDF&pc=CMDTDF&src=IE-SearchBox" "Mozilla/5.0 (compatible; MSIE 9.0; Windows NT 6.1; WOW64; Trident/5.0)"
80.136.23.211 - - [26/Jun/2013:16:26:08 +0200] "GET /images/logo.png HTTP/1.1" 200 16467 "http://www.mbingenieure.de/" "Mozilla/5.0 (compatible; MSIE 9.0; Windows NT 6.1; WOW64; Trident/5.0)"
80.136.23.211 - - [26/Jun/2013:16:26:08 +0200] "GET /images/bild1.png HTTP/1.1" 200 15538 "http://www.mbingenieure.de/" "Mozilla/5.0 (compatible; MSIE 9.0; Windows NT 6.1; WOW64; Trident/5.0)"
80.136.23.211 - - [26/Jun/2013:16:26:08 +0200] "GET /images/bild2.png HTTP/1.1" 200 68475 "http://www.mbingenieure.de/" "Mozilla/5.0 (compatible; MSIE 9.0; Windows NT 6.1; WOW64; Trident/5.0)"
80.136.23.211 - - [26/Jun/2013:16:26:08 +0200] "GET /images/bild4.png HTTP/1.1" 200 65856 "http://www.mbingenieure.de/" "Mozilla/5.0 (compatible; MSIE 9.0; Windows NT 6.1; WOW64; Trident/5.0)"
157.55.34.180 - - [26/Jun/2013:17:11:16 +0200] "GET /robots.txt HTTP/1.1" 404 - "-" "Mozilla/5.0 (compatible; bingbot/2.0; +http://www.bing.com/bingbot.htm)"
157.55.34.180 - - [26/Jun/2013:17:12:01 +0200] "GET /projekte.html HTTP/1.1" 200 8297 "-" "Mozilla/5.0 (compatible; bingbot/2.0; +http://www.bing.com/bingbot.htm)"
173.199.120.27 - - [26/Jun/2013:20:00:52 +0200] "GET / HTTP/1.1" 200 4688 "-" "Mozilla/5.0 (compatible; AhrefsBot/4.0; +http://ahrefs.com/robot/)"
66.249.78.8 - - [26/Jun/2013:20:37:01 +0200] "GET /robots.txt HTTP/1.1" 404 - "-" "Mozilla/5.0 (compatible; Googlebot/2.1; +http://www.google.com/bot.html)"
66.249.78.8 - - [26/Jun/2013:20:40:34 +0200] "GET /css/style.css HTTP/1.1" 200 2831 "-" "Mozilla/5.0 (compatible; Googlebot/2.1; +http://www.google.com/bot.html)"
150.70.75.212 - - [26/Jun/2013:21:30:50 +0200] "GET / HTTP/1.1" 200 4688 "-" "Mozilla/4.0 (compatible; MSIE 8.0; Windows NT 5.1; Trident/4.0)"
178.77.126.55 - - [26/Jun/2013:22:07:52 +0200] "GET /robots.txt HTTP/1.1" 404 - "-" "Mozilla/5.0 (compatible; CareerBot/1.1; +http://www.career-x.de/bot.html)"
178.77.126.55 - - [26/Jun/2013:22:07:52 +0200] "GET / HTTP/1.1" 200 4688 "-" "Mozilla/5.0 (compatible; CareerBot/1.1; +http://www.career-x.de/bot.html)"
178.77.126.55 - - [26/Jun/2013:22:07:52 +0200] "GET /uns.html HTTP/1.1" 200 4398 "-" "Mozilla/5.0 (compatible; CareerBot/1.1; +http://www.career-x.de/bot.html)"
173.199.120.27 - - [26/Jun/2013:22:18:32 +0200] "GET /index.html HTTP/1.1" 200 4688 "-" "Mozilla/5.0 (compatible; AhrefsBot/4.0; +http://ahrefs.com/robot/)"
66.249.78.8 - - [26/Jun/2013:23:20:22 +0200] "GET /uns.html HTTP/1.1" 200 4398 "-" "Mozilla/5.0 (compatible; Googlebot/2.1; +http://www.google.com/bot.html)"
88.198.26.205 - - [26/Jun/2013:23:55:48 +0200] "GET /robots.txt HTTP/1.1" 404 - "-" "Mozilla/4.0 (compatible; MSIE 6.0; Windows NT 5.1; SV1; .NET CLR 1.1.4322)"
88.198.26.205 - - [26/Jun/2013:23:55:53 +0200] "GET / HTTP/1.1" 200 4688 "-" "Mozilla/4.0 (compatible; MSIE 6.0; Windows NT 5.1; SV1; .NET CLR 1.1.4322)"
88.198.26.205 - - [26/Jun/2013:23:55:54 +0200] "GET /index.html HTTP/1.1" 200 4688 "http://www.mbingenieure.de/" "Mozilla/4.0 (compatible; MSIE 6.0; Windows NT 5.1; SV1; .NET CLR 1.1.4322)"
88.198.26.205 - - [26/Jun/2013:23:55:54 +0200] "GET /impressum.html HTTP/1.1" 200 5721 "http://www.mbingenieure.de/" "Mozilla/4.0 (compatible; MSIE 6.0; Windows NT 5.1; SV1; .NET CLR 1.1.4322)"
88.198.26.205 - - [26/Jun/2013:23:55:54 +0200] "GET /kontakt.html HTTP/1.1" 200 4451 "http://www.mbingenieure.de/" "Mozilla/4.0 (compatible; MSIE 6.0; Windows NT 5.1; SV1; .NET CLR 1.1.4322)"
88.198.26.205 - - [26/Jun/2013:23:55:54 +0200] "GET /partner.html HTTP/1.1" 200 4401 "http://www.mbingenieure.de/" "Mozilla/4.0 (compatible; MSIE 6.0; Windows NT 5.1; SV1; .NET CLR 1.1.4322)"
88.198.26.205 - - [26/Jun/2013:23:55:54 +0200] "GET /referenz.html HTTP/1.1" 200 10703 "http://www.mbingenieure.de/" "Mozilla/4.0 (compatible; MSIE 6.0; Windows NT 5.1; SV1; .NET CLR 1.1.4322)"
88.198.26.205 - - [26/Jun/2013:23:55:54 +0200] "GET /spektrum.html HTTP/1.1" 200 4365 "http://www.mbingenieure.de/" "Mozilla/4.0 (compatible; MSIE 6.0; Windows NT 5.1; SV1; .NET CLR 1.1.4322)"
88.198.26.205 - - [26/Jun/2013:23:55:54 +0200] "GET /projekte.html HTTP/1.1" 200 8297 "http://www.mbingenieure.de/referenz.html" "Mozilla/4.0 (compatible; MSIE 6.0; Windows NT 5.1; SV1; .NET CLR 1.1.4322)"
88.198.26.205 - - [26/Jun/2013:23:55:54 +0200] "GET /uns.html HTTP/1.1" 200 4398 "http://www.mbingenieure.de/" "Mozilla/4.0 (compatible; MSIE 6.0; Windows NT 5.1; SV1; .NET CLR 1.1.4322)"
66.249.78.8 - - [27/Jun/2013:00:40:03 +0200] "GET /kontakt.html HTTP/1.1" 304 - "-" "Mozilla/5.0 (iPhone; U; CPU iPhone OS 4_1 like Mac OS X; en-us) AppleWebKit/532.9 (KHTML, like Gecko) Version/4.0.5 Mobile/8B117 Safari/6531.22.7 (compatible; Googlebot-Mobile/2.1; +http://www.google.com/bot.html)"
157.55.33.47 - - [27/Jun/2013:07:06:04 +0200] "GET /robots.txt HTTP/1.1" 404 - "-" "Mozilla/5.0 (compatible; bingbot/2.0; +http://www.bing.com/bingbot.htm)"
208.115.111.69 - - [27/Jun/2013:07:15:00 +0200] "GET /robots.txt HTTP/1.1" 404 - "-" "Mozilla/5.0 (compatible; Ezooms/1.0; ezooms.bot@gmail.com)"
157.55.33.47 - - [27/Jun/2013:07:38:16 +0200] "GET / HTTP/1.1" 200 4688 "-" "Mozilla/5.0 (compatible; bingbot/2.0; +http://www.bing.com/bingbot.htm)"
66.249.78.8 - - [27/Jun/2013:07:47:26 +0200] "GET /index.html HTTP/1.1" 200 4688 "-" "Mozilla/5.0 (compatible; Googlebot/2.1; +http://www.google.com/bot.html)"
157.55.33.47 - - [27/Jun/2013:08:01:44 +0200] "GET / HTTP/1.1" 200 4688 "-" "Mozilla/5.0 (compatible; bingbot/2.0; +http://www.bing.com/bingbot.htm)"
208.115.111.69 - - [27/Jun/2013:08:52:36 +0200] "GET /impressum.html HTTP/1.1" 200 5721 "-" "Mozilla/5.0 (compatible; Ezooms/1.0; ezooms.bot@gmail.com)"
66.249.78.8 - - [27/Jun/2013:09:17:26 +0200] "GET /robots.txt HTTP/1.1" 404 - "-" "Mozilla/5.0 (compatible; Googlebot/2.1; +http://www.google.com/bot.html)"
66.249.75.201 - - [27/Jun/2013:09:17:26 +0200] "GET /spektrum.html HTTP/1.1" 304 - "-" "SAMSUNG-SGH-E250/1.0 Profile/MIDP-2.0 Configuration/CLDC-1.1 UP.Browser/6.2.3.3.c.1.101 (GUI) MMP/2.0 (compatible; Googlebot-Mobile/2.1; +http://www.google.com/bot.html)"
157.55.33.47 - - [27/Jun/2013:09:36:13 +0200] "GET /robots.txt HTTP/1.1" 404 - "-" "Mozilla/5.0 (compatible; bingbot/2.0; +http://www.bing.com/bingbot.htm)"
157.55.33.47 - - [27/Jun/2013:09:43:02 +0200] "GET / HTTP/1.1" 304 - "-" "Mozilla/5.0 (compatible; bingbot/2.0; +http://www.bing.com/bingbot.htm)"
66.249.78.8 - - [27/Jun/2013:10:07:17 +0200] "GET /uns.html HTTP/1.1" 304 - "-" "Mozilla/5.0 (iPhone; U; CPU iPhone OS 4_1 like Mac OS X; en-us) AppleWebKit/532.9 (KHTML, like Gecko) Version/4.0.5 Mobile/8B117 Safari/6531.22.7 (compatible; Googlebot-Mobile/2.1; +http://www.google.com/bot.html)"
157.55.33.47 - - [27/Jun/2013:12:55:31 +0200] "GET /robots.txt HTTP/1.1" 404 - "-" "Mozilla/5.0 (compatible; bingbot/2.0; +http://www.bing.com/bingbot.htm)"
157.55.33.47 - - [27/Jun/2013:12:56:38 +0200] "GET /partner.html HTTP/1.1" 200 4401 "-" "Mozilla/5.0 (compatible; bingbot/2.0; +http://www.bing.com/bingbot.htm)"
157.56.92.157 - - [27/Jun/2013:13:24:25 +0200] "GET /referenz.html HTTP/1.1" 200 10703 "-" "Mozilla/5.0 (compatible; bingbot/2.0; +http://www.bing.com/bingbot.htm)"
150.70.75.212 - - [27/Jun/2013:14:18:21 +0200] "GET / HTTP/1.1" 200 4688 "-" "Mozilla/4.0 (compatible; MSIE 8.0; Windows NT 5.1; Trident/4.0)"
150.70.75.212 - - [27/Jun/2013:15:55:50 +0200] "GET / HTTP/1.1" 200 4688 "-" "Mozilla/4.0 (compatible; MSIE 8.0; Windows NT 5.1; Trident/4.0)"
66.249.78.8 - - [27/Jun/2013:16:23:04 +0200] "GET /robots.txt HTTP/1.1" 404 - "-" "Mozilla/5.0 (compatible; Googlebot/2.1; +http://www.google.com/bot.html)"
66.249.78.8 - - [27/Jun/2013:16:23:04 +0200] "GET /kontakt.html HTTP/1.1" 200 4451 "-" "Mozilla/5.0 (compatible; Googlebot/2.1; +http://www.google.com/bot.html)"
66.249.78.8 - - [27/Jun/2013:18:10:34 +0200] "GET / HTTP/1.1" 200 4688 "-" "Mozilla/5.0 (iPhone; U; CPU iPhone OS 4_1 like Mac OS X; en-us) AppleWebKit/532.9 (KHTML, like Gecko) Version/4.0.5 Mobile/8B117 Safari/6531.22.7 (compatible; Googlebot-Mobile/2.1; +http://www.google.com/bot.html)"
180.76.5.98 - - [27/Jun/2013:18:28:13 +0200] "GET /robots.txt HTTP/1.1" 404 - "-" "Mozilla/5.0 (Windows NT 5.1; rv:6.0.2) Gecko/20100101 Firefox/6.0.2"
66.249.78.8 - - [27/Jun/2013:19:43:59 +0200] "GET /kontakt.html HTTP/1.1" 304 - "-" "Mozilla/5.0 (iPhone; U; CPU iPhone OS 4_1 like Mac OS X; en-us) AppleWebKit/532.9 (KHTML, like Gecko) Version/4.0.5 Mobile/8B117 Safari/6531.22.7 (compatible; Googlebot-Mobile/2.1; +http://www.google.com/bot.html)"
150.70.75.212 - - [27/Jun/2013:22:35:47 +0200] "GET / HTTP/1.1" 200 4688 "-" "Mozilla/4.0 (compatible; MSIE 8.0; Windows NT 5.1; Trident/4.0)"
66.249.78.8 - - [27/Jun/2013:22:57:00 +0200] "GET /partner.html HTTP/1.1" 304 - "-" "Mozilla/5.0 (iPhone; U; CPU iPhone OS 4_1 like Mac OS X; en-us) AppleWebKit/532.9 (KHTML, like Gecko) Version/4.0.5 Mobile/8B117 Safari/6531.22.7 (compatible; Googlebot-Mobile/2.1; +http://www.google.com/bot.html)"
208.115.113.85 - - [28/Jun/2013:00:26:52 +0200] "GET /robots.txt HTTP/1.1" 404 - "-" "Mozilla/5.0 (compatible; Ezooms/1.0; ezooms.bot@gmail.com)"
208.115.113.85 - - [28/Jun/2013:02:13:26 +0200] "GET /referenz.html HTTP/1.1" 200 10703 "-" "Mozilla/5.0 (compatible; Ezooms/1.0; ezooms.bot@gmail.com)"
66.249.78.8 - - [28/Jun/2013:02:50:47 +0200] "GET / HTTP/1.1" 200 4688 "-" "Mozilla/5.0 (compatible; Googlebot/2.1; +http://www.google.com/bot.html)"
66.249.78.8 - - [28/Jun/2013:03:26:18 +0200] "GET /partner.html HTTP/1.1" 200 4401 "-" "Mozilla/5.0 (compatible; Googlebot/2.1; +http://www.google.com/bot.html)"
87.170.155.138 - - [28/Jun/2013:08:09:02 +0200] "GET / HTTP/1.1" 200 4688 "http://www.google.de/url?sa=t&rct=j&q=mb%20ingenieure&source=web&cd=1&ved=0CC4QFjAA&url=http%3A%2F%2Fwww.mbingenieure.de%2F&ei=TSjNUfXJLNH5sgahxICYCQ&usg=AFQjCNEyLqXMZj9hDUfmjIo04GBdDmaXCQ&bvm=bv.48572450,d.Yms" "Mozilla/4.0 (compatible; MSIE 8.0; Windows NT 5.1; Trident/4.0; .NET CLR 2.0.50727; .NET CLR 3.0.4506.2152; .NET CLR 3.5.30729; OfficeLiveConnector.1.5; OfficeLivePatch.1.3; .NET4.0C; .NET4.0E)"
87.170.155.138 - - [28/Jun/2013:08:09:02 +0200] "GET /css/style.css HTTP/1.1" 200 2831 "http://www.mbingenieure.de/" "Mozilla/4.0 (compatible; MSIE 8.0; Windows NT 5.1; Trident/4.0; .NET CLR 2.0.50727; .NET CLR 3.0.4506.2152; .NET CLR 3.5.30729; OfficeLiveConnector.1.5; OfficeLivePatch.1.3; .NET4.0C; .NET4.0E)"
87.170.155.138 - - [28/Jun/2013:08:09:02 +0200] "GET /js/libs/modernizr-2.5.3.min.js HTTP/1.1" 200 15274 "http://www.mbingenieure.de/" "Mozilla/4.0 (compatible; MSIE 8.0; Windows NT 5.1; Trident/4.0; .NET CLR 2.0.50727; .NET CLR 3.0.4506.2152; .NET CLR 3.5.30729; OfficeLiveConnector.1.5; OfficeLivePatch.1.3; .NET4.0C; .NET4.0E)"
87.170.155.138 - - [28/Jun/2013:08:09:02 +0200] "GET /images/footer.png HTTP/1.1" 200 1064 "http://www.mbingenieure.de/" "Mozilla/4.0 (compatible; MSIE 8.0; Windows NT 5.1; Trident/4.0; .NET CLR 2.0.50727; .NET CLR 3.0.4506.2152; .NET CLR 3.5.30729; OfficeLiveConnector.1.5; OfficeLivePatch.1.3; .NET4.0C; .NET4.0E)"
87.170.155.138 - - [28/Jun/2013:08:09:03 +0200] "GET /images/header.png HTTP/1.1" 200 1494 "http://www.mbingenieure.de/" "Mozilla/4.0 (compatible; MSIE 8.0; Windows NT 5.1; Trident/4.0; .NET CLR 2.0.50727; .NET CLR 3.0.4506.2152; .NET CLR 3.5.30729; OfficeLiveConnector.1.5; OfficeLivePatch.1.3; .NET4.0C; .NET4.0E)"
87.170.155.138 - - [28/Jun/2013:08:09:03 +0200] "GET /images/bild1.png HTTP/1.1" 200 15538 "http://www.mbingenieure.de/" "Mozilla/4.0 (compatible; MSIE 8.0; Windows NT 5.1; Trident/4.0; .NET CLR 2.0.50727; .NET CLR 3.0.4506.2152; .NET CLR 3.5.30729; OfficeLiveConnector.1.5; OfficeLivePatch.1.3; .NET4.0C; .NET4.0E)"
87.170.155.138 - - [28/Jun/2013:08:09:03 +0200] "GET /images/logo.png HTTP/1.1" 200 16467 "http://www.mbingenieure.de/" "Mozilla/4.0 (compatible; MSIE 8.0; Windows NT 5.1; Trident/4.0; .NET CLR 2.0.50727; .NET CLR 3.0.4506.2152; .NET CLR 3.5.30729; OfficeLiveConnector.1.5; OfficeLivePatch.1.3; .NET4.0C; .NET4.0E)"
87.170.155.138 - - [28/Jun/2013:08:09:03 +0200] "GET /images/navi.png HTTP/1.1" 200 946 "http://www.mbingenieure.de/" "Mozilla/4.0 (compatible; MSIE 8.0; Windows NT 5.1; Trident/4.0; .NET CLR 2.0.50727; .NET CLR 3.0.4506.2152; .NET CLR 3.5.30729; OfficeLiveConnector.1.5; OfficeLivePatch.1.3; .NET4.0C; .NET4.0E)"
87.170.155.138 - - [28/Jun/2013:08:09:03 +0200] "GET /images/bild4.png HTTP/1.1" 200 65856 "http://www.mbingenieure.de/" "Mozilla/4.0 (compatible; MSIE 8.0; Windows NT 5.1; Trident/4.0; .NET CLR 2.0.50727; .NET CLR 3.0.4506.2152; .NET CLR 3.5.30729; OfficeLiveConnector.1.5; OfficeLivePatch.1.3; .NET4.0C; .NET4.0E)"
87.170.155.138 - - [28/Jun/2013:08:09:03 +0200] "GET /images/bild2.png HTTP/1.1" 200 68475 "http://www.mbingenieure.de/" "Mozilla/4.0 (compatible; MSIE 8.0; Windows NT 5.1; Trident/4.0; .NET CLR 2.0.50727; .NET CLR 3.0.4506.2152; .NET CLR 3.5.30729; OfficeLiveConnector.1.5; OfficeLivePatch.1.3; .NET4.0C; .NET4.0E)"
87.170.155.138 - - [28/Jun/2013:08:09:04 +0200] "GET /js/plugins.js HTTP/1.1" 200 898 "http://www.mbingenieure.de/" "Mozilla/4.0 (compatible; MSIE 8.0; Windows NT 5.1; Trident/4.0; .NET CLR 2.0.50727; .NET CLR 3.0.4506.2152; .NET CLR 3.5.30729; OfficeLiveConnector.1.5; OfficeLivePatch.1.3; .NET4.0C; .NET4.0E)"
87.170.155.138 - - [28/Jun/2013:08:09:04 +0200] "GET /favicon.ico HTTP/1.1" 200 93062 "-" "Mozilla/4.0 (compatible; MSIE 8.0; Windows NT 5.1; Trident/4.0; .NET CLR 2.0.50727; .NET CLR 3.0.4506.2152; .NET CLR 3.5.30729; OfficeLiveConnector.1.5; OfficeLivePatch.1.3; .NET4.0C; .NET4.0E)"
87.170.155.138 - - [28/Jun/2013:08:09:19 +0200] "GET /referenz.html HTTP/1.1" 200 10703 "http://www.mbingenieure.de/" "Mozilla/4.0 (compatible; MSIE 8.0; Windows NT 5.1; Trident/4.0; .NET CLR 2.0.50727; .NET CLR 3.0.4506.2152; .NET CLR 3.5.30729; OfficeLiveConnector.1.5; OfficeLivePatch.1.3; .NET4.0C; .NET4.0E)"
150.70.75.212 - - [28/Jun/2013:09:56:46 +0200] "GET / HTTP/1.1" 200 4688 "-" "Mozilla/4.0 (compatible; MSIE 8.0; Windows NT 5.1; Trident/4.0)"
180.76.5.155 - - [28/Jun/2013:10:03:39 +0200] "GET /robots.txt HTTP/1.1" 404 - "-" "Mozilla/5.0 (Windows NT 5.1; rv:6.0.2) Gecko/20100101 Firefox/6.0.2"
66.249.78.8 - - [28/Jun/2013:10:48:05 +0200] "GET /robots.txt HTTP/1.1" 404 - "-" "Mozilla/5.0 (compatible; Googlebot/2.1; +http://www.google.com/bot.html)"
66.249.78.8 - - [28/Jun/2013:10:48:05 +0200] "GET /impressum.html HTTP/1.1" 304 - "-" "Mozilla/5.0 (iPhone; U; CPU iPhone OS 4_1 like Mac OS X; en-us) AppleWebKit/532.9 (KHTML, like Gecko) Version/4.0.5 Mobile/8B117 Safari/6531.22.7 (compatible; Googlebot-Mobile/2.1; +http://www.google.com/bot.html)"
66.249.78.8 - - [28/Jun/2013:10:51:19 +0200] "GET /spektrum.html HTTP/1.1" 200 4365 "-" "Mozilla/5.0 (compatible; Googlebot/2.1; +http://www.google.com/bot.html)"
37.75.185.216 - - [28/Jun/2013:12:13:07 +0200] "GET /robots.txt HTTP/1.1" 404 - "-" "Mozilla/5.0 (compatible; Abonti/0.91 - http://www.abonti.com)"
37.75.185.216 - - [28/Jun/2013:12:13:33 +0200] "GET / HTTP/1.1" 200 4688 "-" "Mozilla/5.0 (compatible; Abonti/0.91 - http://www.abonti.com)"
37.75.185.216 - - [28/Jun/2013:12:14:00 +0200] "GET /kontakt.html HTTP/1.1" 200 4451 "-" "Mozilla/5.0 (compatible; Abonti/0.91 - http://www.abonti.com)"
37.75.185.216 - - [28/Jun/2013:12:14:20 +0200] "GET /uns.html HTTP/1.1" 200 4398 "-" "Mozilla/5.0 (compatible; Abonti/0.91 - http://www.abonti.com)"
37.75.185.216 - - [28/Jun/2013:12:14:37 +0200] "GET /index.html HTTP/1.1" 200 4688 "-" "Mozilla/5.0 (compatible; Abonti/0.91 - http://www.abonti.com)"
150.70.75.212 - - [28/Jun/2013:12:14:54 +0200] "GET / HTTP/1.1" 200 4688 "-" "Mozilla/4.0 (compatible; MSIE 8.0; Windows NT 5.1; Trident/4.0)"
37.75.185.216 - - [28/Jun/2013:12:14:59 +0200] "GET /spektrum.html HTTP/1.1" 200 4365 "-" "Mozilla/5.0 (compatible; Abonti/0.91 - http://www.abonti.com)"
37.75.185.216 - - [28/Jun/2013:12:15:19 +0200] "GET /referenz.html HTTP/1.1" 200 10703 "-" "Mozilla/5.0 (compatible; Abonti/0.91 - http://www.abonti.com)"
37.75.185.216 - - [28/Jun/2013:12:15:42 +0200] "GET /projekte.html HTTP/1.1" 200 8297 "-" "Mozilla/5.0 (compatible; Abonti/0.91 - http://www.abonti.com)"
37.75.185.216 - - [28/Jun/2013:12:16:09 +0200] "GET /impressum.html HTTP/1.1" 200 5721 "-" "Mozilla/5.0 (compatible; Abonti/0.91 - http://www.abonti.com)"
37.75.185.216 - - [28/Jun/2013:12:16:26 +0200] "GET /partner.html HTTP/1.1" 200 4401 "-" "Mozilla/5.0 (compatible; Abonti/0.91 - http://www.abonti.com)"
141.8.147.12 - - [28/Jun/2013:12:17:16 +0200] "GET /robots.txt HTTP/1.1" 404 - "-" "Mozilla/5.0 (compatible; YandexBot/3.0; +http://yandex.com/bots)"
150.70.75.212 - - [28/Jun/2013:12:59:44 +0200] "GET / HTTP/1.1" 200 4688 "-" "Mozilla/4.0 (compatible; MSIE 8.0; Windows NT 5.1; Trident/4.0)"
141.8.147.12 - - [28/Jun/2013:16:37:33 +0200] "GET / HTTP/1.1" 200 4688 "-" "Mozilla/5.0 (compatible; YandexBot/3.0; +http://yandex.com/bots)"
84.38.65.176 - - [28/Jun/2013:23:07:36 +0200] "GET / HTTP/1.0" 200 4688 "http://www.domain-reputation.de/www.mbingenieure.de" "Mozilla/4.0 (compatible; MSIE 8.0; Windows NT 6.0; Trident/4.0; GTB0.0; SLCC1; .NET CLR 2.0.50727; Media Center PC 5.0; .NET CLR 3.5.30729; .NET CLR 3.0.30729; .NET4.0C)"
141.8.147.12 - - [29/Jun/2013:00:35:58 +0200] "GET /robots.txt HTTP/1.1" 404 - "-" "Mozilla/5.0 (compatible; YandexBot/3.0; +http://yandex.com/bots)"
85.25.120.73 - - [29/Jun/2013:01:02:44 +0200] "GET / HTTP/1.1" 200 4688 "-" "Mozilla/5.0 (X11; U; Linux i686; en-US; rv:1.9.0.1) Gecko/2008070206 Firefox/3.0.1"
85.25.120.73 - - [29/Jun/2013:01:02:44 +0200] "GET /kontakt.html HTTP/1.1" 200 4451 "-" "Mozilla/5.0 (X11; U; Linux i686; en-US; rv:1.9.0.1) Gecko/2008070206 Firefox/3.0.1"
66.249.78.8 - - [29/Jun/2013:02:48:04 +0200] "GET /robots.txt HTTP/1.1" 404 - "-" "Mozilla/5.0 (compatible; Googlebot/2.1; +http://www.google.com/bot.html)"
66.249.78.8 - - [29/Jun/2013:02:48:04 +0200] "GET / HTTP/1.1" 200 4688 "-" "Mozilla/5.0 (compatible; Googlebot/2.1; +http://www.google.com/bot.html)"
66.249.78.8 - - [29/Jun/2013:02:58:17 +0200] "GET /css/style.css HTTP/1.1" 200 2831 "-" "Mozilla/5.0 (compatible; Googlebot/2.1; +http://www.google.com/bot.html)"
180.76.6.230 - - [29/Jun/2013:03:51:07 +0200] "GET / HTTP/1.1" 200 4688 "-" "Mozilla/5.0 (compatible; Baiduspider/2.0; +http://www.baidu.com/search/spider.html)"
66.249.78.8 - - [29/Jun/2013:05:14:37 +0200] "GET / HTTP/1.1" 200 4688 "-" "Mozilla/5.0 (iPhone; U; CPU iPhone OS 4_1 like Mac OS X; en-us) AppleWebKit/532.9 (KHTML, like Gecko) Version/4.0.5 Mobile/8B117 Safari/6531.22.7 (compatible; Googlebot-Mobile/2.1; +http://www.google.com/bot.html)"
157.56.93.72 - - [29/Jun/2013:06:08:49 +0200] "GET /robots.txt HTTP/1.1" 404 - "-" "Mozilla/5.0 (compatible; bingbot/2.0; +http://www.bing.com/bingbot.htm)"
209.85.238.200 - - [29/Jun/2013:06:09:28 +0200] "GET /google96721bab6c5575fe.html HTTP/1.1" 200 53 "-" "Mozilla/5.0 (compatible; Google-Site-Verification/1.0)"
157.56.93.72 - - [29/Jun/2013:06:11:45 +0200] "GET /index.html HTTP/1.1" 304 - "-" "Mozilla/5.0 (compatible; bingbot/2.0; +http://www.bing.com/bingbot.htm)"
144.76.71.146 - - [29/Jun/2013:06:18:10 +0200] "GET /robots.txt HTTP/1.1" 404 - "-" "Mozilla/5.0 (compatible; SISTRIX Crawler; http://crawler.sistrix.net/)"
144.76.71.146 - - [29/Jun/2013:06:18:10 +0200] "GET / HTTP/1.1" 206 4688 "-" "Mozilla/5.0 (compatible; SISTRIX Crawler; http://crawler.sistrix.net/)"
66.249.78.8 - - [29/Jun/2013:06:25:39 +0200] "GET /referenz.html HTTP/1.1" 200 10703 "-" "Mozilla/5.0 (compatible; Googlebot/2.1; +http://www.google.com/bot.html)"
141.8.147.12 - - [29/Jun/2013:09:14:39 +0200] "GET /images/logo.png HTTP/1.1" 304 - "-" "Mozilla/5.0 (compatible; YandexImages/3.0; +http://yandex.com/bots)"
66.249.78.8 - - [29/Jun/2013:09:16:06 +0200] "GET /spektrum.html HTTP/1.1" 304 - "-" "Mozilla/5.0 (iPhone; U; CPU iPhone OS 4_1 like Mac OS X; en-us) AppleWebKit/532.9 (KHTML, like Gecko) Version/4.0.5 Mobile/8B117 Safari/6531.22.7 (compatible; Googlebot-Mobile/2.1; +http://www.google.com/bot.html)"
141.8.147.12 - - [29/Jun/2013:10:14:36 +0200] "GET /images/bild4.png HTTP/1.1" 304 - "-" "Mozilla/5.0 (compatible; YandexImages/3.0; +http://yandex.com/bots)"
141.8.147.12 - - [29/Jun/2013:10:18:35 +0200] "GET /images/bild2.png HTTP/1.1" 304 - "-" "Mozilla/5.0 (compatible; YandexImages/3.0; +http://yandex.com/bots)"
66.249.78.8 - - [29/Jun/2013:10:37:52 +0200] "GET /impressum.html HTTP/1.1" 200 5721 "-" "Mozilla/5.0 (compatible; Googlebot/2.1; +http://www.google.com/bot.html)"
141.8.147.12 - - [29/Jun/2013:10:58:08 +0200] "GET /images/bild1.png HTTP/1.1" 304 - "-" "Mozilla/5.0 (compatible; YandexImages/3.0; +http://yandex.com/bots)"
85.25.120.73 - - [29/Jun/2013:11:13:59 +0200] "GET / HTTP/1.1" 200 4688 "-" "Mozilla/5.0 (X11; U; Linux i686; en-US; rv:1.9.0.1) Gecko/2008070206 Firefox/3.0.1"
85.25.120.73 - - [29/Jun/2013:11:13:59 +0200] "GET /kontakt.html HTTP/1.1" 200 4451 "-" "Mozilla/5.0 (X11; U; Linux i686; en-US; rv:1.9.0.1) Gecko/2008070206 Firefox/3.0.1"
64.246.187.42 - - [29/Jun/2013:11:22:46 +0200] "GET /robots.txt HTTP/1.0" 404 - "-" "Mozilla/5.0 (Windows; U; Windows NT 5.1; en; rv:1.9.0.13) Gecko/2009073022 Firefox/3.5.2 (.NET CLR 3.5.30729) SurveyBot/2.3 (DomainTools)"
64.246.187.42 - - [29/Jun/2013:11:22:46 +0200] "GET / HTTP/1.1" 200 4688 "http://whois.domaintools.com/mbingenieure.de" "Mozilla/5.0 (Windows; U; Windows NT 5.1; en; rv:1.9.0.13) Gecko/2009073022 Firefox/3.5.2 (.NET CLR 3.5.30729) SurveyBot/2.3 (DomainTools)"
77.184.113.184 - - [29/Jun/2013:12:43:22 +0200] "GET / HTTP/1.1" 200 4688 "-" "Mozilla/5.0 (Macintosh; Intel Mac OS X 10_7_5) AppleWebKit/536.29.13 (KHTML, like Gecko) Version/6.0.4 Safari/536.29.13"
77.184.113.184 - - [29/Jun/2013:12:43:23 +0200] "GET /css/style.css HTTP/1.1" 200 2831 "http://www.mbingenieure.de/" "Mozilla/5.0 (Macintosh; Intel Mac OS X 10_7_5) AppleWebKit/536.29.13 (KHTML, like Gecko) Version/6.0.4 Safari/536.29.13"
77.184.113.184 - - [29/Jun/2013:12:43:23 +0200] "GET /js/plugins.js HTTP/1.1" 200 898 "http://www.mbingenieure.de/" "Mozilla/5.0 (Macintosh; Intel Mac OS X 10_7_5) AppleWebKit/536.29.13 (KHTML, like Gecko) Version/6.0.4 Safari/536.29.13"
77.184.113.184 - - [29/Jun/2013:12:43:23 +0200] "GET /js/libs/modernizr-2.5.3.min.js HTTP/1.1" 200 15274 "http://www.mbingenieure.de/" "Mozilla/5.0 (Macintosh; Intel Mac OS X 10_7_5) AppleWebKit/536.29.13 (KHTML, like Gecko) Version/6.0.4 Safari/536.29.13"
77.184.113.184 - - [29/Jun/2013:12:43:23 +0200] "GET /images/footer.png HTTP/1.1" 200 1064 "http://www.mbingenieure.de/" "Mozilla/5.0 (Macintosh; Intel Mac OS X 10_7_5) AppleWebKit/536.29.13 (KHTML, like Gecko) Version/6.0.4 Safari/536.29.13"
77.184.113.184 - - [29/Jun/2013:12:43:23 +0200] "GET /images/header.png HTTP/1.1" 200 1494 "http://www.mbingenieure.de/" "Mozilla/5.0 (Macintosh; Intel Mac OS X 10_7_5) AppleWebKit/536.29.13 (KHTML, like Gecko) Version/6.0.4 Safari/536.29.13"
77.184.113.184 - - [29/Jun/2013:12:43:23 +0200] "GET /images/navi.png HTTP/1.1" 200 946 "http://www.mbingenieure.de/" "Mozilla/5.0 (Macintosh; Intel Mac OS X 10_7_5) AppleWebKit/536.29.13 (KHTML, like Gecko) Version/6.0.4 Safari/536.29.13"
77.184.113.184 - - [29/Jun/2013:12:43:23 +0200] "GET /images/logo.png HTTP/1.1" 200 16467 "http://www.mbingenieure.de/" "Mozilla/5.0 (Macintosh; Intel Mac OS X 10_7_5) AppleWebKit/536.29.13 (KHTML, like Gecko) Version/6.0.4 Safari/536.29.13"
77.184.113.184 - - [29/Jun/2013:12:43:23 +0200] "GET /images/bild1.png HTTP/1.1" 200 15538 "http://www.mbingenieure.de/" "Mozilla/5.0 (Macintosh; Intel Mac OS X 10_7_5) AppleWebKit/536.29.13 (KHTML, like Gecko) Version/6.0.4 Safari/536.29.13"
77.184.113.184 - - [29/Jun/2013:12:43:23 +0200] "GET /images/bild2.png HTTP/1.1" 200 68475 "http://www.mbingenieure.de/" "Mozilla/5.0 (Macintosh; Intel Mac OS X 10_7_5) AppleWebKit/536.29.13 (KHTML, like Gecko) Version/6.0.4 Safari/536.29.13"
77.184.113.184 - - [29/Jun/2013:12:43:23 +0200] "GET /images/bild4.png HTTP/1.1" 200 65856 "http://www.mbingenieure.de/" "Mozilla/5.0 (Macintosh; Intel Mac OS X 10_7_5) AppleWebKit/536.29.13 (KHTML, like Gecko) Version/6.0.4 Safari/536.29.13"
212.130.169.180 - - [29/Jun/2013:17:01:40 +0200] "GET /projekte.html HTTP/1.1" 200 8297 "http://www.bing.com/search?q=mfi+baugesellschaft+de.&form=MSNH60&mkt=da-dk&x=0&y=0" "Mozilla/5.0 (compatible; MSIE 10.0; Windows NT 6.1; Trident/6.0)"
212.130.169.180 - - [29/Jun/2013:17:01:40 +0200] "GET /css/style.css HTTP/1.1" 200 2831 "http://www.mbingenieure.de/projekte.html" "Mozilla/5.0 (compatible; MSIE 10.0; Windows NT 6.1; Trident/6.0)"
212.130.169.180 - - [29/Jun/2013:17:01:40 +0200] "GET /js/libs/modernizr-2.5.3.min.js HTTP/1.1" 200 15274 "http://www.mbingenieure.de/projekte.html" "Mozilla/5.0 (compatible; MSIE 10.0; Windows NT 6.1; Trident/6.0)"
212.130.169.180 - - [29/Jun/2013:17:01:40 +0200] "GET /images/5a.png HTTP/1.1" 200 16540 "http://www.mbingenieure.de/projekte.html" "Mozilla/5.0 (compatible; MSIE 10.0; Windows NT 6.1; Trident/6.0)"
212.130.169.180 - - [29/Jun/2013:17:01:40 +0200] "GET /images/60a.png HTTP/1.1" 200 14729 "http://www.mbingenieure.de/projekte.html" "Mozilla/5.0 (compatible; MSIE 10.0; Windows NT 6.1; Trident/6.0)"
212.130.169.180 - - [29/Jun/2013:17:01:40 +0200] "GET /images/18a.png HTTP/1.1" 200 14908 "http://www.mbingenieure.de/projekte.html" "Mozilla/5.0 (compatible; MSIE 10.0; Windows NT 6.1; Trident/6.0)"
212.130.169.180 - - [29/Jun/2013:17:01:40 +0200] "GET /images/63a.png HTTP/1.1" 200 15042 "http://www.mbingenieure.de/projekte.html" "Mozilla/5.0 (compatible; MSIE 10.0; Windows NT 6.1; Trident/6.0)"
212.130.169.180 - - [29/Jun/2013:17:01:40 +0200] "GET /images/bruehla.png HTTP/1.1" 200 14499 "http://www.mbingenieure.de/projekte.html" "Mozilla/5.0 (compatible; MSIE 10.0; Windows NT 6.1; Trident/6.0)"
212.130.169.180 - - [29/Jun/2013:17:01:40 +0200] "GET /images/0941a.png HTTP/1.1" 200 14217 "http://www.mbingenieure.de/projekte.html" "Mozilla/5.0 (compatible; MSIE 10.0; Windows NT 6.1; Trident/6.0)"
212.130.169.180 - - [29/Jun/2013:17:01:41 +0200] "GET /js/plugins.js HTTP/1.1" 200 898 "http://www.mbingenieure.de/projekte.html" "Mozilla/5.0 (compatible; MSIE 10.0; Windows NT 6.1; Trident/6.0)"
212.130.169.180 - - [29/Jun/2013:17:01:41 +0200] "GET /images/footer.png HTTP/1.1" 200 1064 "http://www.mbingenieure.de/projekte.html" "Mozilla/5.0 (compatible; MSIE 10.0; Windows NT 6.1; Trident/6.0)"
212.130.169.180 - - [29/Jun/2013:17:01:41 +0200] "GET /images/header.png HTTP/1.1" 200 1494 "http://www.mbingenieure.de/projekte.html" "Mozilla/5.0 (compatible; MSIE 10.0; Windows NT 6.1; Trident/6.0)"
212.130.169.180 - - [29/Jun/2013:17:01:41 +0200] "GET /images/navi.png HTTP/1.1" 200 946 "http://www.mbingenieure.de/projekte.html" "Mozilla/5.0 (compatible; MSIE 10.0; Windows NT 6.1; Trident/6.0)"
212.130.169.180 - - [29/Jun/2013:17:01:41 +0200] "GET /favicon.ico HTTP/1.1" 200 93062 "-" "Mozilla/5.0 (compatible; MSIE 10.0; Windows NT 6.1; Trident/6.0)"
212.130.169.180 - - [29/Jun/2013:17:02:19 +0200] "GET /index.html HTTP/1.1" 200 4688 "http://www.mbingenieure.de/projekte.html" "Mozilla/5.0 (compatible; MSIE 10.0; Windows NT 6.1; Trident/6.0)"
212.130.169.180 - - [29/Jun/2013:17:02:20 +0200] "GET /images/logo.png HTTP/1.1" 200 16467 "http://www.mbingenieure.de/index.html" "Mozilla/5.0 (compatible; MSIE 10.0; Windows NT 6.1; Trident/6.0)"
212.130.169.180 - - [29/Jun/2013:17:02:20 +0200] "GET /images/bild1.png HTTP/1.1" 200 15538 "http://www.mbingenieure.de/index.html" "Mozilla/5.0 (compatible; MSIE 10.0; Windows NT 6.1; Trident/6.0)"
212.130.169.180 - - [29/Jun/2013:17:02:20 +0200] "GET /images/bild2.png HTTP/1.1" 200 68475 "http://www.mbingenieure.de/index.html" "Mozilla/5.0 (compatible; MSIE 10.0; Windows NT 6.1; Trident/6.0)"
212.130.169.180 - - [29/Jun/2013:17:02:20 +0200] "GET /images/bild4.png HTTP/1.1" 200 65856 "http://www.mbingenieure.de/index.html" "Mozilla/5.0 (compatible; MSIE 10.0; Windows NT 6.1; Trident/6.0)"
212.130.169.180 - - [29/Jun/2013:17:02:52 +0200] "GET /uns.html HTTP/1.1" 200 4398 "http://www.mbingenieure.de/index.html" "Mozilla/5.0 (compatible; MSIE 10.0; Windows NT 6.1; Trident/6.0)"
212.130.169.180 - - [29/Jun/2013:17:03:10 +0200] "GET /spektrum.html HTTP/1.1" 200 4365 "http://www.mbingenieure.de/uns.html" "Mozilla/5.0 (compatible; MSIE 10.0; Windows NT 6.1; Trident/6.0)"
212.130.169.180 - - [29/Jun/2013:17:03:46 +0200] "GET /referenz.html HTTP/1.1" 200 10703 "http://www.mbingenieure.de/spektrum.html" "Mozilla/5.0 (compatible; MSIE 10.0; Windows NT 6.1; Trident/6.0)"
212.130.169.180 - - [29/Jun/2013:17:06:21 +0200] "GET /partner.html HTTP/1.1" 200 4401 "http://www.mbingenieure.de/referenz.html" "Mozilla/5.0 (compatible; MSIE 10.0; Windows NT 6.1; Trident/6.0)"
65.55.52.114 - - [29/Jun/2013:18:40:11 +0200] "GET /robots.txt HTTP/1.1" 404 - "-" "Mozilla/5.0 (compatible; bingbot/2.0; +http://www.bing.com/bingbot.htm)"
65.55.52.114 - - [29/Jun/2013:18:41:44 +0200] "GET /index.html HTTP/1.1" 200 4688 "-" "Mozilla/5.0 (compatible; bingbot/2.0; +http://www.bing.com/bingbot.htm)"
150.70.75.212 - - [29/Jun/2013:18:48:38 +0200] "GET / HTTP/1.1" 200 4688 "-" "Mozilla/4.0 (compatible; MSIE 8.0; Windows NT 5.1; Trident/4.0)"
66.249.78.8 - - [29/Jun/2013:19:55:10 +0200] "GET /robots.txt HTTP/1.1" 404 - "-" "Mozilla/5.0 (compatible; Googlebot/2.1; +http://www.google.com/bot.html)"
66.249.78.8 - - [29/Jun/2013:19:55:10 +0200] "GET /referenz.html HTTP/1.1" 304 - "-" "Mozilla/5.0 (iPhone; U; CPU iPhone OS 4_1 like Mac OS X; en-us) AppleWebKit/532.9 (KHTML, like Gecko) Version/4.0.5 Mobile/8B117 Safari/6531.22.7 (compatible; Googlebot-Mobile/2.1; +http://www.google.com/bot.html)"
176.57.143.60 - - [29/Jun/2013:20:27:55 +0200] "GET / HTTP/1.1" 200 4688 "-" "Mozilla/5.0 (X11; Linux i686; rv:6.0) Gecko/20100101 Firefox/6.0"
176.57.143.60 - - [29/Jun/2013:20:27:55 +0200] "GET /index.html HTTP/1.1" 200 4688 "-" "Mozilla/5.0 (X11; Linux i686; rv:6.0) Gecko/20100101 Firefox/6.0"
46.105.114.127 - - [29/Jun/2013:20:27:55 +0200] "GET /impressum.html HTTP/1.1" 200 5721 "-" "Mozilla/5.0 (X11; Linux i686; rv:6.0) Gecko/20100101 Firefox/6.0"
178.33.122.74 - - [29/Jun/2013:20:27:56 +0200] "GET /referenz.html HTTP/1.1" 200 10703 "-" "Mozilla/5.0 (X11; Linux i686; rv:6.0) Gecko/20100101 Firefox/6.0"
178.33.122.74 - - [29/Jun/2013:20:27:57 +0200] "GET /uns.html HTTP/1.1" 200 4398 "-" "Mozilla/5.0 (X11; Linux i686; rv:6.0) Gecko/20100101 Firefox/6.0"
176.57.143.60 - - [29/Jun/2013:20:27:58 +0200] "GET /kontakt.html HTTP/1.1" 200 4451 "-" "Mozilla/5.0 (X11; Linux i686; rv:6.0) Gecko/20100101 Firefox/6.0"
150.70.75.212 - - [29/Jun/2013:20:28:08 +0200] "GET / HTTP/1.1" 200 4688 "-" "Mozilla/4.0 (compatible; MSIE 8.0; Windows NT 5.1; Trident/4.0)"
150.70.75.212 - - [29/Jun/2013:22:36:52 +0200] "GET / HTTP/1.1" 200 4688 "-" "Mozilla/4.0 (compatible; MSIE 8.0; Windows NT 5.1; Trident/4.0)"
173.208.165.90 - - [30/Jun/2013:01:30:04 +0200] "GET /robots.txt HTTP/1.0" 404 - "-" "Mozilla/5.0 (compatible; MJ12bot/v1.4.3; http://www.majestic12.co.uk/bot.php?+)"
173.208.165.90 - - [30/Jun/2013:01:30:06 +0200] "GET / HTTP/1.0" 200 4688 "-" "Mozilla/5.0 (compatible; MJ12bot/v1.4.3; http://www.majestic12.co.uk/bot.php?+)"
178.77.126.55 - - [30/Jun/2013:01:58:55 +0200] "GET /robots.txt HTTP/1.1" 404 - "-" "Mozilla/5.0 (compatible; CareerBot/1.1; +http://www.career-x.de/bot.html)"
178.77.126.55 - - [30/Jun/2013:01:58:55 +0200] "GET / HTTP/1.1" 200 4688 "-" "Mozilla/5.0 (compatible; CareerBot/1.1; +http://www.career-x.de/bot.html)"
178.77.126.55 - - [30/Jun/2013:01:58:55 +0200] "GET /uns.html HTTP/1.1" 200 4398 "-" "Mozilla/5.0 (compatible; CareerBot/1.1; +http://www.career-x.de/bot.html)"
66.249.78.8 - - [30/Jun/2013:06:43:46 +0200] "GET / HTTP/1.1" 200 4688 "-" "Mozilla/5.0 (compatible; Googlebot/2.1; +http://www.google.com/bot.html)"
66.249.78.8 - - [30/Jun/2013:07:02:14 +0200] "GET / HTTP/1.1" 200 4688 "-" "Mozilla/5.0 (iPhone; U; CPU iPhone OS 4_1 like Mac OS X; en-us) AppleWebKit/532.9 (KHTML, like Gecko) Version/4.0.5 Mobile/8B117 Safari/6531.22.7 (compatible; Googlebot-Mobile/2.1; +http://www.google.com/bot.html)"
65.55.213.51 - - [30/Jun/2013:07:27:53 +0200] "GET /partner.html HTTP/1.1" 200 4401 "-" "Mozilla/4.0 (compatible; MSIE 7.0; Windows NT 5.2; SLCC1; .NET CLR 1.1.4322; .NET CLR 2.0.50727; .NET CLR 3.0.04506.648)"
65.55.213.51 - - [30/Jun/2013:07:27:55 +0200] "GET /css/style.css HTTP/1.1" 200 2831 "http://www.mbingenieure.de/partner.html" "Mozilla/4.0 (compatible; MSIE 7.0; Windows NT 5.2; SLCC1; .NET CLR 1.1.4322; .NET CLR 2.0.50727; .NET CLR 3.0.04506.648)"
65.55.213.51 - - [30/Jun/2013:07:27:56 +0200] "GET /js/libs/modernizr-2.5.3.min.js HTTP/1.1" 200 15274 "http://www.mbingenieure.de/partner.html" "Mozilla/4.0 (compatible; MSIE 7.0; Windows NT 5.2; SLCC1; .NET CLR 1.1.4322; .NET CLR 2.0.50727; .NET CLR 3.0.04506.648)"
65.55.213.51 - - [30/Jun/2013:07:28:00 +0200] "GET /js/plugins.js HTTP/1.1" 200 898 "http://www.mbingenieure.de/partner.html" "Mozilla/4.0 (compatible; MSIE 7.0; Windows NT 5.2; SLCC1; .NET CLR 1.1.4322; .NET CLR 2.0.50727; .NET CLR 3.0.04506.648)"
173.208.165.90 - - [30/Jun/2013:09:13:09 +0200] "GET /robots.txt HTTP/1.0" 404 - "-" "Mozilla/5.0 (compatible; MJ12bot/v1.4.3; http://www.majestic12.co.uk/bot.php?+)"
173.208.165.90 - - [30/Jun/2013:09:13:11 +0200] "GET /impressum.html HTTP/1.0" 200 5721 "-" "Mozilla/5.0 (compatible; MJ12bot/v1.4.3; http://www.majestic12.co.uk/bot.php?+)"
173.208.165.90 - - [30/Jun/2013:09:13:13 +0200] "GET /index.html HTTP/1.0" 200 4688 "-" "Mozilla/5.0 (compatible; MJ12bot/v1.4.3; http://www.majestic12.co.uk/bot.php?+)"
173.208.165.90 - - [30/Jun/2013:09:13:15 +0200] "GET /kontakt.html HTTP/1.0" 200 4451 "-" "Mozilla/5.0 (compatible; MJ12bot/v1.4.3; http://www.majestic12.co.uk/bot.php?+)"
173.208.165.90 - - [30/Jun/2013:09:13:19 +0200] "GET /partner.html HTTP/1.0" 200 4401 "-" "Mozilla/5.0 (compatible; MJ12bot/v1.4.3; http://www.majestic12.co.uk/bot.php?+)"
173.208.165.90 - - [30/Jun/2013:09:13:20 +0200] "GET /referenz.html HTTP/1.0" 200 10703 "-" "Mozilla/5.0 (compatible; MJ12bot/v1.4.3; http://www.majestic12.co.uk/bot.php?+)"
173.208.165.90 - - [30/Jun/2013:09:13:23 +0200] "GET /spektrum.html HTTP/1.0" 200 4365 "-" "Mozilla/5.0 (compatible; MJ12bot/v1.4.3; http://www.majestic12.co.uk/bot.php?+)"
173.208.165.90 - - [30/Jun/2013:09:13:25 +0200] "GET /uns.html HTTP/1.0" 200 4398 "-" "Mozilla/5.0 (compatible; MJ12bot/v1.4.3; http://www.majestic12.co.uk/bot.php?+)"
150.70.75.212 - - [30/Jun/2013:09:50:07 +0200] "GET / HTTP/1.1" 200 4688 "-" "Mozilla/4.0 (compatible; MSIE 8.0; Windows NT 5.1; Trident/4.0)"
66.249.78.8 - - [30/Jun/2013:10:37:54 +0200] "GET /robots.txt HTTP/1.1" 404 - "-" "Mozilla/5.0 (compatible; Googlebot/2.1; +http://www.google.com/bot.html)"
66.249.78.8 - - [30/Jun/2013:10:37:54 +0200] "GET /kontakt.html HTTP/1.1" 304 - "-" "Mozilla/5.0 (iPhone; U; CPU iPhone OS 4_1 like Mac OS X; en-us) AppleWebKit/532.9 (KHTML, like Gecko) Version/4.0.5 Mobile/8B117 Safari/6531.22.7 (compatible; Googlebot-Mobile/2.1; +http://www.google.com/bot.html)"
65.55.52.114 - - [30/Jun/2013:12:35:08 +0200] "GET /robots.txt HTTP/1.1" 404 - "-" "Mozilla/5.0 (compatible; bingbot/2.0; +http://www.bing.com/bingbot.htm)"
65.55.52.114 - - [30/Jun/2013:12:36:20 +0200] "GET /uns.html HTTP/1.1" 200 4398 "-" "Mozilla/5.0 (compatible; bingbot/2.0; +http://www.bing.com/bingbot.htm)"
173.199.114.51 - - [30/Jun/2013:13:31:41 +0200] "GET / HTTP/1.1" 200 4688 "-" "Mozilla/5.0 (compatible; AhrefsBot/4.0; +http://ahrefs.com/robot/)"
173.199.114.51 - - [30/Jun/2013:13:58:42 +0200] "GET /uns.html HTTP/1.1" 200 4398 "-" "Mozilla/5.0 (compatible; AhrefsBot/4.0; +http://ahrefs.com/robot/)"
173.199.114.51 - - [30/Jun/2013:17:23:22 +0200] "GET /index.html HTTP/1.1" 200 4688 "-" "Mozilla/5.0 (compatible; AhrefsBot/4.0; +http://ahrefs.com/robot/)"
173.208.165.90 - - [30/Jun/2013:20:29:28 +0200] "GET /robots.txt HTTP/1.0" 404 - "-" "Mozilla/5.0 (compatible; MJ12bot/v1.4.3; http://www.majestic12.co.uk/bot.php?+)"
173.208.165.90 - - [30/Jun/2013:20:29:30 +0200] "GET /projekte.html HTTP/1.0" 200 8297 "-" "Mozilla/5.0 (compatible; MJ12bot/v1.4.3; http://www.majestic12.co.uk/bot.php?+)"
173.199.114.51 - - [30/Jun/2013:23:09:56 +0200] "GET /referenz.html HTTP/1.1" 200 10703 "-" "Mozilla/5.0 (compatible; AhrefsBot/4.0; +http://ahrefs.com/robot/)"
173.199.114.51 - - [30/Jun/2013:23:59:39 +0200] "GET /partner.html HTTP/1.1" 200 4401 "-" "Mozilla/5.0 (compatible; AhrefsBot/4.0; +http://ahrefs.com/robot/)"