66.249.73.112 - - [15/Apr/2013:14:35:50 +0200] "GET /referenz.html HTTP/1.1" 304 - "-" "DoCoMo/2.0 N905i(c100;TB;W24H16) (compatible; Googlebot-Mobile/2.1; +http://www.google.com/bot.html)"
78.54.30.109 - - [15/Apr/2013:21:29:31 +0200] "GET / HTTP/1.1" 200 4688 "-" "UserAgent: Apache-HttpClient/release (java 1.5)"
78.54.30.109 - - [15/Apr/2013:21:29:32 +0200] "GET /impressum.html HTTP/1.1" 200 5721 "-" "UserAgent: Apache-HttpClient/release (java 1.5)"
66.249.73.112 - - [16/Apr/2013:07:54:14 +0200] "GET /robots.txt HTTP/1.1" 404 - "-" "Mozilla/5.0 (compatible; Googlebot/2.1; +http://www.google.com/bot.html)"
66.249.73.112 - - [16/Apr/2013:07:54:15 +0200] "GET / HTTP/1.1" 200 4688 "-" "Mozilla/5.0 (iPhone; U; CPU iPhone OS 4_1 like Mac OS X; en-us) AppleWebKit/532.9 (KHTML, like Gecko) Version/4.0.5 Mobile/8B117 Safari/6531.22.7 (compatible; Googlebot-Mobile/2.1; +http://www.google.com/bot.html)"
66.249.75.201 - - [16/Apr/2013:14:07:09 +0200] "GET /robots.txt HTTP/1.1" 404 - "-" "Mozilla/5.0 (compatible; Googlebot/2.1; +http://www.google.com/bot.html)"
66.249.75.201 - - [16/Apr/2013:14:07:09 +0200] "GET /impressum.html HTTP/1.1" 304 - "-" "Mozilla/5.0 (iPhone; U; CPU iPhone OS 4_1 like Mac OS X; en-us) AppleWebKit/532.9 (KHTML, like Gecko) Version/4.0.5 Mobile/8B117 Safari/6531.22.7 (compatible; Googlebot-Mobile/2.1; +http://www.google.com/bot.html)"
5.9.10.179 - - [16/Apr/2013:19:50:18 +0200] "GET /robots.txt HTTP/1.1" 404 - "-" "Mozilla/5.0 (compatible; Infohelfer/1.3.3; +http://www.infohelfer.de/crawler.php)"
5.9.10.179 - - [16/Apr/2013:19:50:18 +0200] "GET / HTTP/1.1" 200 4688 "-" "Mozilla/5.0 (compatible; Infohelfer/1.3.3; +http://www.infohelfer.de/crawler.php)"
141.8.147.12 - - [16/Apr/2013:22:09:39 +0200] "GET /robots.txt HTTP/1.1" 404 - "-" "Mozilla/5.0 (compatible; YandexBot/3.0; +http://yandex.com/bots)"
141.8.147.12 - - [16/Apr/2013:23:50:48 +0200] "GET / HTTP/1.1" 200 4688 "-" "Mozilla/5.0 (compatible; YandexBot/3.0; +http://yandex.com/bots)"
65.55.52.92 - - [17/Apr/2013:04:00:21 +0200] "GET /robots.txt HTTP/1.1" 404 - "-" "Mozilla/5.0 (compatible; bingbot/2.0; +http://www.bing.com/bingbot.htm)"
65.55.52.92 - - [17/Apr/2013:04:01:57 +0200] "GET /partner.html HTTP/1.1" 304 - "-" "Mozilla/5.0 (compatible; bingbot/2.0; +http://www.bing.com/bingbot.htm)"
66.249.75.201 - - [17/Apr/2013:07:35:39 +0200] "GET /robots.txt HTTP/1.1" 404 - "-" "Mozilla/5.0 (compatible; Googlebot/2.1; +http://www.google.com/bot.html)"
66.249.75.201 - - [17/Apr/2013:07:35:39 +0200] "GET / HTTP/1.1" 200 4688 "-" "Mozilla/5.0 (compatible; Googlebot/2.1; +http://www.google.com/bot.html)"
66.249.75.201 - - [17/Apr/2013:07:37:12 +0200] "GET /js/libs/modernizr-2.5.3.min.js HTTP/1.1" 200 15274 "-" "Mozilla/5.0 (compatible; Googlebot/2.1; +http://www.google.com/bot.html)"
66.249.75.201 - - [17/Apr/2013:07:37:12 +0200] "GET /css/style.css HTTP/1.1" 200 2622 "-" "Mozilla/5.0 (compatible; Googlebot/2.1; +http://www.google.com/bot.html)"
66.249.75.201 - - [17/Apr/2013:07:37:12 +0200] "GET /js/plugins.js HTTP/1.1" 200 898 "-" "Mozilla/5.0 (compatible; Googlebot/2.1; +http://www.google.com/bot.html)"
66.249.75.201 - - [17/Apr/2013:08:05:07 +0200] "GET /partner.html HTTP/1.1" 304 - "-" "Mozilla/5.0 (iPhone; U; CPU iPhone OS 4_1 like Mac OS X; en-us) AppleWebKit/532.9 (KHTML, like Gecko) Version/4.0.5 Mobile/8B117 Safari/6531.22.7 (compatible; Googlebot-Mobile/2.1; +http://www.google.com/bot.html)"
173.199.114.195 - - [17/Apr/2013:10:57:49 +0200] "GET /index.html HTTP/1.1" 200 4688 "-" "Mozilla/5.0 (compatible; AhrefsBot/4.0; +http://ahrefs.com/robot/)"
157.55.32.60 - - [17/Apr/2013:12:28:10 +0200] "GET /robots.txt HTTP/1.1" 404 - "-" "Mozilla/5.0 (compatible; bingbot/2.0; +http://www.bing.com/bingbot.htm)"
157.55.32.60 - - [17/Apr/2013:12:29:59 +0200] "GET / HTTP/1.1" 304 - "-" "Mozilla/5.0 (compatible; bingbot/2.0; +http://www.bing.com/bingbot.htm)"
66.249.75.201 - - [17/Apr/2013:14:36:53 +0200] "GET /impressum.html HTTP/1.1" 304 - "-" "SAMSUNG-SGH-E250/1.0 Profile/MIDP-2.0 Configuration/CLDC-1.1 UP.Browser/6.2.3.3.c.1.101 (GUI) MMP/2.0 (compatible; Googlebot-Mobile/2.1; +http://www.google.com/bot.html)"
66.249.75.201 - - [17/Apr/2013:15:46:10 +0200] "GET /impressum.html HTTP/1.1" 304 - "-" "DoCoMo/2.0 N905i(c100;TB;W24H16) (compatible; Googlebot-Mobile/2.1; +http://www.google.com/bot.html)"
208.115.111.69 - - [17/Apr/2013:18:37:49 +0200] "GET /robots.txt HTTP/1.1" 404 - "-" "Mozilla/5.0 (compatible; Ezooms/1.0; ezooms.bot@gmail.com)"
178.77.126.55 - - [17/Apr/2013:19:19:19 +0200] "GET /robots.txt HTTP/1.1" 404 - "-" "Mozilla/5.0 (compatible; CareerBot/1.1; +http://www.career-x.de/bot.html)"
178.77.126.55 - - [17/Apr/2013:19:19:19 +0200] "GET / HTTP/1.1" 200 4688 "-" "Mozilla/5.0 (compatible; CareerBot/1.1; +http://www.career-x.de/bot.html)"
178.77.126.55 - - [17/Apr/2013:19:19:19 +0200] "GET /uns.html HTTP/1.1" 200 4398 "-" "Mozilla/5.0 (compatible; CareerBot/1.1; +http://www.career-x.de/bot.html)"
208.115.111.69 - - [17/Apr/2013:20:26:56 +0200] "GET /index.html HTTP/1.1" 200 4688 "-" "Mozilla/5.0 (compatible; Ezooms/1.0; ezooms.bot@gmail.com)"
5.9.95.7 - - [17/Apr/2013:23:01:05 +0200] "GET /robots.txt HTTP/1.1" 404 - "http://www.mbingenieure.de/" "Mozilla/5.0 (compatible; ltbot/1.3; bot@language-tools.com)"
5.9.95.7 - - [17/Apr/2013:23:01:05 +0200] "GET / HTTP/1.1" 200 4688 "http://www.mbingenieure.de/" "Mozilla/5.0 (compatible; ltbot/1.3; bot@language-tools.com)"
5.9.95.7 - - [17/Apr/2013:23:01:08 +0200] "GET /uns.html HTTP/1.1" 200 4398 "http://www.mbingenieure.de/" "Mozilla/5.0 (compatible; ltbot/1.3; bot@language-tools.com)"
5.9.95.7 - - [17/Apr/2013:23:01:10 +0200] "GET /index.html HTTP/1.1" 200 4688 "http://www.mbingenieure.de/" "Mozilla/5.0 (compatible; ltbot/1.3; bot@language-tools.com)"
5.9.95.7 - - [17/Apr/2013:23:01:11 +0200] "GET /kontakt.html HTTP/1.1" 200 4451 "http://www.mbingenieure.de/" "Mozilla/5.0 (compatible; ltbot/1.3; bot@language-tools.com)"
5.9.95.7 - - [17/Apr/2013:23:01:14 +0200] "GET /impressum.html HTTP/1.1" 200 5721 "http://www.mbingenieure.de/" "Mozilla/5.0 (compatible; ltbot/1.3; bot@language-tools.com)"
5.9.95.7 - - [17/Apr/2013:23:01:15 +0200] "GET /spektrum.html HTTP/1.1" 200 4365 "http://www.mbingenieure.de/" "Mozilla/5.0 (compatible; ltbot/1.3; bot@language-tools.com)"
5.9.95.7 - - [17/Apr/2013:23:01:16 +0200] "GET /partner.html HTTP/1.1" 200 4401 "http://www.mbingenieure.de/" "Mozilla/5.0 (compatible; ltbot/1.3; bot@language-tools.com)"
5.9.95.7 - - [17/Apr/2013:23:01:18 +0200] "GET /referenz.html HTTP/1.1" 200 10668 "http://www.mbingenieure.de/" "Mozilla/5.0 (compatible; ltbot/1.3; bot@language-tools.com)"
66.249.75.201 - - [18/Apr/2013:07:24:37 +0200] "GET /robots.txt HTTP/1.1" 404 - "-" "Mozilla/5.0 (compatible; Googlebot/2.1; +http://www.google.com/bot.html)"
66.249.75.201 - - [18/Apr/2013:07:24:37 +0200] "GET / HTTP/1.1" 200 4688 "-" "Mozilla/5.0 (iPhone; U; CPU iPhone OS 4_1 like Mac OS X; en-us) AppleWebKit/532.9 (KHTML, like Gecko) Version/4.0.5 Mobile/8B117 Safari/6531.22.7 (compatible; Googlebot-Mobile/2.1; +http://www.google.com/bot.html)"
66.249.75.201 - - [18/Apr/2013:07:51:37 +0200] "GET /kontakt.html HTTP/1.1" 304 - "-" "SAMSUNG-SGH-E250/1.0 Profile/MIDP-2.0 Configuration/CLDC-1.1 UP.Browser/6.2.3.3.c.1.101 (GUI) MMP/2.0 (compatible; Googlebot-Mobile/2.1; +http://www.google.com/bot.html)"
66.249.75.201 - - [18/Apr/2013:12:43:49 +0200] "GET /spektrum.html HTTP/1.1" 304 - "-" "DoCoMo/2.0 N905i(c100;TB;W24H16) (compatible; Googlebot-Mobile/2.1; +http://www.google.com/bot.html)"
66.249.75.201 - - [18/Apr/2013:13:24:20 +0200] "GET /images/bild2.png HTTP/1.1" 304 - "-" "Googlebot-Image/1.0"
66.249.76.201 - - [18/Apr/2013:17:22:04 +0200] "GET /robots.txt HTTP/1.1" 404 - "-" "Mozilla/5.0 (compatible; Googlebot/2.1; +http://www.google.com/bot.html)"
66.249.76.201 - - [18/Apr/2013:17:22:04 +0200] "GET /kontakt.html HTTP/1.1" 304 - "-" "SAMSUNG-SGH-E250/1.0 Profile/MIDP-2.0 Configuration/CLDC-1.1 UP.Browser/6.2.3.3.c.1.101 (GUI) MMP/2.0 (compatible; Googlebot-Mobile/2.1; +http://www.google.com/bot.html)"
157.56.93.206 - - [18/Apr/2013:17:57:24 +0200] "GET /robots.txt HTTP/1.1" 404 - "-" "Mozilla/5.0 (compatible; bingbot/2.0; +http://www.bing.com/bingbot.htm)"
157.56.93.206 - - [18/Apr/2013:17:59:15 +0200] "GET /spektrum.html HTTP/1.1" 304 - "-" "Mozilla/5.0 (compatible; bingbot/2.0; +http://www.bing.com/bingbot.htm)"
66.249.76.201 - - [18/Apr/2013:18:48:23 +0200] "GET /spektrum.html HTTP/1.1" 304 - "-" "Mozilla/5.0 (iPhone; U; CPU iPhone OS 4_1 like Mac OS X; en-us) AppleWebKit/532.9 (KHTML, like Gecko) Version/4.0.5 Mobile/8B117 Safari/6531.22.7 (compatible; Googlebot-Mobile/2.1; +http://www.google.com/bot.html)"
92.224.39.5 - - [18/Apr/2013:19:40:44 +0200] "GET / HTTP/1.1" 200 4688 "-" "UserAgent: Apache-HttpClient/release (java 1.5)"
92.224.39.5 - - [18/Apr/2013:19:40:44 +0200] "GET /impressum.html HTTP/1.1" 200 5721 "-" "UserAgent: Apache-HttpClient/release (java 1.5)"
157.56.93.206 - - [18/Apr/2013:20:50:31 +0200] "GET /robots.txt HTTP/1.1" 404 - "-" "Mozilla/5.0 (compatible; bingbot/2.0; +http://www.bing.com/bingbot.htm)"
217.225.163.8 - - [18/Apr/2013:20:50:43 +0200] "GET / HTTP/1.1" 200 4688 "http://www.bigfinder.de/online-11.html" "Mozilla/5.0 (Windows; U; Windows NT 6.1; de; rv:1.9.2.8) Gecko/20100722 Firefox/3.6.8 GTB7.1"
65.55.24.244 - - [18/Apr/2013:20:52:00 +0200] "GET / HTTP/1.1" 200 4688 "-" "Mozilla/5.0 (compatible; bingbot/2.0; +http://www.bing.com/bingbot.htm)"
157.56.93.206 - - [18/Apr/2013:20:53:00 +0200] "GET /uns.html HTTP/1.1" 200 4398 "-" "Mozilla/5.0 (compatible; bingbot/2.0; +http://www.bing.com/bingbot.htm)"
157.56.93.206 - - [18/Apr/2013:20:53:00 +0200] "GET /spektrum.html HTTP/1.1" 200 4365 "-" "Mozilla/5.0 (compatible; bingbot/2.0; +http://www.bing.com/bingbot.htm)"
65.55.52.92 - - [18/Apr/2013:20:53:08 +0200] "GET /kontakt.html HTTP/1.1" 200 4451 "-" "Mozilla/5.0 (compatible; bingbot/2.0; +http://www.bing.com/bingbot.htm)"
65.55.52.92 - - [18/Apr/2013:20:53:08 +0200] "GET /partner.html HTTP/1.1" 200 4401 "-" "Mozilla/5.0 (compatible; bingbot/2.0; +http://www.bing.com/bingbot.htm)"
192.114.71.13 - - [19/Apr/2013:02:37:00 +0200] "GET / HTTP/1.1" 200 4688 "-" "Mozilla/4.0 (compatible; MSIE 7.0; Windows NT 5.1)"
192.114.71.13 - - [19/Apr/2013:02:37:00 +0200] "GET /referenz.html HTTP/1.1" 200 10668 "http://www.mbingenieure.de/" "Mozilla/4.0 (compatible; MSIE 7.0; Windows NT 5.1)"
192.114.71.13 - - [19/Apr/2013:02:37:00 +0200] "GET /kontakt.html HTTP/1.1" 200 4451 "http://www.mbingenieure.de/" "Mozilla/6.0 (compatible)"
192.114.71.13 - - [19/Apr/2013:02:37:00 +0200] "GET /partner.html HTTP/1.1" 200 4401 "http://www.mbingenieure.de/" "Mozilla/4.0 (compatible; MSIE 7.0; Windows NT 5.1)"
192.114.71.13 - - [19/Apr/2013:02:37:00 +0200] "GET /css/style.css HTTP/1.1" 200 2622 "http://www.mbingenieure.de/" "Mozilla/6.0 (compatible)"
192.114.71.13 - - [19/Apr/2013:02:37:00 +0200] "GET /spektrum.html HTTP/1.1" 200 4365 "http://www.mbingenieure.de/" "Mozilla/5.0 (Windows NT 6.0; WOW64) AppleWebKit/534.30 (KHTML, like Gecko) Chrome/12.0.742.91 Safari/534.30"
192.114.71.13 - - [19/Apr/2013:02:37:00 +0200] "GET /uns.html HTTP/1.1" 200 4398 "http://www.mbingenieure.de/" "Mozilla/5.0 (compatible)"
192.114.71.13 - - [19/Apr/2013:02:37:00 +0200] "GET /index.html HTTP/1.1" 200 4688 "http://www.mbingenieure.de/" "Mozilla/5.0 (compatible)"
192.114.71.13 - - [19/Apr/2013:02:37:00 +0200] "GET /impressum.html HTTP/1.1" 200 5721 "http://www.mbingenieure.de/" "Mozilla/6.0 (compatible)"
82.80.249.134 - - [19/Apr/2013:03:16:44 +0200] "GET /images/logo.png HTTP/1.1" 200 16467 "-" "-"
192.114.71.13 - - [19/Apr/2013:03:16:44 +0200] "GET /images/navi.png HTTP/1.1" 200 946 "-" "-"
192.114.71.13 - - [19/Apr/2013:03:16:44 +0200] "GET /images/bild1.png HTTP/1.1" 200 15538 "-" "-"
192.114.71.13 - - [19/Apr/2013:03:16:44 +0200] "GET /images/header.png HTTP/1.1" 200 1494 "-" "-"
192.114.71.13 - - [19/Apr/2013:03:16:44 +0200] "GET /images/navi.png HTTP/1.1" 200 946 "-" "-"
192.114.71.13 - - [19/Apr/2013:03:16:44 +0200] "GET /images/logo.png HTTP/1.1" 200 16467 "-" "-"
192.114.71.13 - - [19/Apr/2013:03:16:44 +0200] "GET /images/bild1.png HTTP/1.1" 200 15538 "-" "-"
192.114.71.13 - - [19/Apr/2013:03:16:44 +0200] "GET /images/header.png HTTP/1.1" 200 1494 "-" "-"
82.80.249.134 - - [19/Apr/2013:03:16:44 +0200] "GET /images/bild4.png HTTP/1.1" 200 65856 "-" "-"
192.114.71.13 - - [19/Apr/2013:03:16:44 +0200] "GET /images/bild4.png HTTP/1.1" 200 65856 "-" "-"
82.80.249.134 - - [19/Apr/2013:03:16:45 +0200] "GET /images/bild2.png HTTP/1.1" 200 68475 "-" "-"
192.114.71.13 - - [19/Apr/2013:03:16:46 +0200] "GET /images/footer.png HTTP/1.1" 200 1064 "-" "-"
82.80.249.134 - - [19/Apr/2013:03:16:46 +0200] "GET /images/footer.png HTTP/1.1" 200 1064 "-" "-"
192.114.71.13 - - [19/Apr/2013:03:16:47 +0200] "GET /images/bild2.png HTTP/1.1" 200 68475 "-" "-"
66.249.76.201 - - [19/Apr/2013:05:16:29 +0200] "GET /uns.html HTTP/1.1" 304 - "-" "Mozilla/5.0 (iPhone; U; CPU iPhone OS 4_1 like Mac OS X; en-us) AppleWebKit/532.9 (KHTML, like Gecko) Version/4.0.5 Mobile/8B117 Safari/6531.22.7 (compatible; Googlebot-Mobile/2.1; +http://www.google.com/bot.html)"
157.55.33.44 - - [19/Apr/2013:09:03:10 +0200] "GET /robots.txt HTTP/1.1" 404 - "-" "Mozilla/5.0 (compatible; bingbot/2.0; +http://www.bing.com/bingbot.htm)"
157.55.33.44 - - [19/Apr/2013:09:05:32 +0200] "GET /referenz.html HTTP/1.1" 304 - "-" "Mozilla/5.0 (compatible; bingbot/2.0; +http://www.bing.com/bingbot.htm)"
141.8.147.12 - - [19/Apr/2013:10:09:43 +0200] "GET /robots.txt HTTP/1.1" 404 - "-" "Mozilla/5.0 (compatible; YandexBot/3.0; +http://yandex.com/bots)"
141.8.147.12 - - [19/Apr/2013:10:56:52 +0200] "GET / HTTP/1.1" 200 4688 "-" "Mozilla/5.0 (compatible; YandexBot/3.0; +http://yandex.com/bots)"
66.249.75.201 - - [19/Apr/2013:15:25:51 +0200] "GET /robots.txt HTTP/1.1" 404 - "-" "Mozilla/5.0 (compatible; Googlebot/2.1; +http://www.google.com/bot.html)"
66.249.75.201 - - [19/Apr/2013:15:25:51 +0200] "GET /kontakt.html HTTP/1.1" 304 - "-" "DoCoMo/2.0 N905i(c100;TB;W24H16) (compatible; Googlebot-Mobile/2.1; +http://www.google.com/bot.html)"
66.249.75.201 - - [19/Apr/2013:16:04:24 +0200] "GET /images/bild2.png HTTP/1.1" 304 - "-" "Googlebot-Image/1.0"
176.74.192.81 - - [19/Apr/2013:17:03:45 +0200] "GET / HTTP/1.1" 200 4688 "-" "Mozilla/5.0 (X11; U; Linux; en-US) AppleWebKit/532.4 (KHTML, like Gecko) Qt/4.6.3 Safari/532.4"
176.74.192.81 - - [19/Apr/2013:17:03:46 +0200] "GET /css/style.css HTTP/1.1" 200 2622 "http://www.mbingenieure.de/" "Mozilla/5.0 (X11; U; Linux; en-US) AppleWebKit/532.4 (KHTML, like Gecko) Qt/4.6.3 Safari/532.4"
176.74.192.81 - - [19/Apr/2013:17:03:46 +0200] "GET /images/footer.png HTTP/1.1" 200 1064 "http://www.mbingenieure.de/" "Mozilla/5.0 (X11; U; Linux; en-US) AppleWebKit/532.4 (KHTML, like Gecko) Qt/4.6.3 Safari/532.4"
176.74.192.81 - - [19/Apr/2013:17:03:46 +0200] "GET /js/libs/modernizr-2.5.3.min.js HTTP/1.1" 200 15274 "http://www.mbingenieure.de/" "Mozilla/5.0 (X11; U; Linux; en-US) AppleWebKit/532.4 (KHTML, like Gecko) Qt/4.6.3 Safari/532.4"
176.74.192.81 - - [19/Apr/2013:17:03:46 +0200] "GET /images/header.png HTTP/1.1" 200 1494 "http://www.mbingenieure.de/" "Mozilla/5.0 (X11; U; Linux; en-US) AppleWebKit/532.4 (KHTML, like Gecko) Qt/4.6.3 Safari/532.4"
176.74.192.81 - - [19/Apr/2013:17:03:46 +0200] "GET /images/navi.png HTTP/1.1" 200 946 "http://www.mbingenieure.de/" "Mozilla/5.0 (X11; U; Linux; en-US) AppleWebKit/532.4 (KHTML, like Gecko) Qt/4.6.3 Safari/532.4"
176.74.192.81 - - [19/Apr/2013:17:03:46 +0200] "GET /js/plugins.js HTTP/1.1" 200 898 "http://www.mbingenieure.de/" "Mozilla/5.0 (X11; U; Linux; en-US) AppleWebKit/532.4 (KHTML, like Gecko) Qt/4.6.3 Safari/532.4"
176.74.192.81 - - [19/Apr/2013:17:03:46 +0200] "GET /images/bild1.png HTTP/1.1" 200 15538 "http://www.mbingenieure.de/" "Mozilla/5.0 (X11; U; Linux; en-US) AppleWebKit/532.4 (KHTML, like Gecko) Qt/4.6.3 Safari/532.4"
176.74.192.81 - - [19/Apr/2013:17:03:46 +0200] "GET /images/logo.png HTTP/1.1" 200 16467 "http://www.mbingenieure.de/" "Mozilla/5.0 (X11; U; Linux; en-US) AppleWebKit/532.4 (KHTML, like Gecko) Qt/4.6.3 Safari/532.4"
176.74.192.81 - - [19/Apr/2013:17:03:46 +0200] "GET /images/bild2.png HTTP/1.1" 200 68475 "http://www.mbingenieure.de/" "Mozilla/5.0 (X11; U; Linux; en-US) AppleWebKit/532.4 (KHTML, like Gecko) Qt/4.6.3 Safari/532.4"
176.74.192.81 - - [19/Apr/2013:17:03:46 +0200] "GET /images/bild4.png HTTP/1.1" 200 65856 "http://www.mbingenieure.de/" "Mozilla/5.0 (X11; U; Linux; en-US) AppleWebKit/532.4 (KHTML, like Gecko) Qt/4.6.3 Safari/532.4"
66.249.75.201 - - [19/Apr/2013:17:48:03 +0200] "GET /kontakt.html HTTP/1.1" 304 - "-" "DoCoMo/2.0 N905i(c100;TB;W24H16) (compatible; Googlebot-Mobile/2.1; +http://www.google.com/bot.html)"
208.115.113.85 - - [20/Apr/2013:00:38:22 +0200] "GET /robots.txt HTTP/1.1" 404 - "-" "Mozilla/5.0 (compatible; Ezooms/1.0; ezooms.bot@gmail.com)"
208.115.113.85 - - [20/Apr/2013:02:38:38 +0200] "GET /uns.html HTTP/1.1" 200 4398 "-" "Mozilla/5.0 (compatible; Ezooms/1.0; ezooms.bot@gmail.com)"
178.77.126.55 - - [20/Apr/2013:03:06:19 +0200] "GET /robots.txt HTTP/1.1" 404 - "-" "Mozilla/5.0 (compatible; CareerBot/1.1; +http://www.career-x.de/bot.html)"
178.77.126.55 - - [20/Apr/2013:03:06:19 +0200] "GET / HTTP/1.1" 200 4688 "-" "Mozilla/5.0 (compatible; CareerBot/1.1; +http://www.career-x.de/bot.html)"
178.77.126.55 - - [20/Apr/2013:03:06:19 +0200] "GET /uns.html HTTP/1.1" 200 4398 "-" "Mozilla/5.0 (compatible; CareerBot/1.1; +http://www.career-x.de/bot.html)"
66.249.75.201 - - [20/Apr/2013:07:45:39 +0200] "GET /robots.txt HTTP/1.1" 404 - "-" "Mozilla/5.0 (compatible; Googlebot/2.1; +http://www.google.com/bot.html)"
66.249.75.201 - - [20/Apr/2013:07:45:39 +0200] "GET / HTTP/1.1" 200 4688 "-" "Mozilla/5.0 (iPhone; U; CPU iPhone OS 4_1 like Mac OS X; en-us) AppleWebKit/532.9 (KHTML, like Gecko) Version/4.0.5 Mobile/8B117 Safari/6531.22.7 (compatible; Googlebot-Mobile/2.1; +http://www.google.com/bot.html)"
66.249.75.201 - - [20/Apr/2013:09:21:23 +0200] "GET /kontakt.html HTTP/1.1" 304 - "-" "Mozilla/5.0 (iPhone; U; CPU iPhone OS 4_1 like Mac OS X; en-us) AppleWebKit/532.9 (KHTML, like Gecko) Version/4.0.5 Mobile/8B117 Safari/6531.22.7 (compatible; Googlebot-Mobile/2.1; +http://www.google.com/bot.html)"
66.249.75.201 - - [20/Apr/2013:10:06:24 +0200] "GET /kontakt.html HTTP/1.1" 304 - "-" "Mozilla/5.0 (iPhone; U; CPU iPhone OS 4_1 like Mac OS X; en-us) AppleWebKit/532.9 (KHTML, like Gecko) Version/4.0.5 Mobile/8B117 Safari/6531.22.7 (compatible; Googlebot-Mobile/2.1; +http://www.google.com/bot.html)"
66.249.75.201 - - [20/Apr/2013:14:51:05 +0200] "GET /uns.html HTTP/1.1" 304 - "-" "DoCoMo/2.0 N905i(c100;TB;W24H16) (compatible; Googlebot-Mobile/2.1; +http://www.google.com/bot.html)"
66.249.78.8 - - [20/Apr/2013:14:53:55 +0200] "GET /images/bild1.png HTTP/1.1" 304 - "-" "Googlebot-Image/1.0"
66.249.78.8 - - [20/Apr/2013:16:27:50 +0200] "GET /images/bild4.png HTTP/1.1" 304 - "-" "Googlebot-Image/1.0"
66.249.78.8 - - [20/Apr/2013:17:48:48 +0200] "GET / HTTP/1.1" 200 4688 "-" "Mozilla/5.0 (compatible; Googlebot/2.1; +http://www.google.com/bot.html)"
66.249.78.8 - - [20/Apr/2013:17:57:20 +0200] "GET /css/style.css HTTP/1.1" 200 2622 "-" "Mozilla/5.0 (compatible; Googlebot/2.1; +http://www.google.com/bot.html)"
66.249.78.8 - - [20/Apr/2013:19:04:34 +0200] "GET /partner.html HTTP/1.1" 304 - "-" "SAMSUNG-SGH-E250/1.0 Profile/MIDP-2.0 Configuration/CLDC-1.1 UP.Browser/6.2.3.3.c.1.101 (GUI) MMP/2.0 (compatible; Googlebot-Mobile/2.1; +http://www.google.com/bot.html)"
69.58.178.56 - - [20/Apr/2013:20:29:23 +0200] "GET /robots.txt HTTP/1.1" 404 - "-" "Mozilla/5.0 (X11; Ubuntu; Linux i686; rv:14.0; ips-agent) Gecko/20100101 Firefox/14.0.1"
69.58.178.56 - - [20/Apr/2013:20:29:25 +0200] "GET / HTTP/1.1" 200 4688 "-" "Mozilla/5.0 (X11; Ubuntu; Linux i686; rv:14.0; ips-agent) Gecko/20100101 Firefox/14.0.1"
69.58.178.56 - - [20/Apr/2013:20:29:26 +0200] "GET /index.html HTTP/1.1" 200 4688 "-" "Mozilla/5.0 (X11; Ubuntu; Linux i686; rv:14.0; ips-agent) Gecko/20100101 Firefox/14.0.1"
69.58.178.56 - - [20/Apr/2013:20:29:27 +0200] "GET /uns.html HTTP/1.1" 200 4398 "-" "Mozilla/5.0 (X11; Ubuntu; Linux i686; rv:14.0; ips-agent) Gecko/20100101 Firefox/14.0.1"
69.58.178.56 - - [20/Apr/2013:20:29:28 +0200] "GET /spektrum.html HTTP/1.1" 200 4365 "-" "Mozilla/5.0 (X11; Ubuntu; Linux i686; rv:14.0; ips-agent) Gecko/20100101 Firefox/14.0.1"
69.58.178.56 - - [20/Apr/2013:20:29:30 +0200] "GET /referenz.html HTTP/1.1" 200 10668 "-" "Mozilla/5.0 (X11; Ubuntu; Linux i686; rv:14.0; ips-agent) Gecko/20100101 Firefox/14.0.1"
69.58.178.56 - - [20/Apr/2013:20:29:31 +0200] "GET /partner.html HTTP/1.1" 200 4401 "-" "Mozilla/5.0 (X11; Ubuntu; Linux i686; rv:14.0; ips-agent) Gecko/20100101 Firefox/14.0.1"
69.58.178.56 - - [20/Apr/2013:20:29:32 +0200] "GET /kontakt.html HTTP/1.1" 200 4451 "-" "Mozilla/5.0 (X11; Ubuntu; Linux i686; rv:14.0; ips-agent) Gecko/20100101 Firefox/14.0.1"
69.58.178.56 - - [20/Apr/2013:20:29:34 +0200] "GET /impressum.html HTTP/1.1" 200 5721 "-" "Mozilla/5.0 (X11; Ubuntu; Linux i686; rv:14.0; ips-agent) Gecko/20100101 Firefox/14.0.1"
208.115.111.69 - - [20/Apr/2013:22:39:51 +0200] "GET /robots.txt HTTP/1.1" 404 - "-" "Mozilla/5.0 (compatible; Ezooms/1.0; ezooms.bot@gmail.com)"
208.115.111.69 - - [21/Apr/2013:00:24:53 +0200] "GET /spektrum.html HTTP/1.1" 200 4365 "-" "Mozilla/5.0 (compatible; Ezooms/1.0; ezooms.bot@gmail.com)"
66.249.78.8 - - [21/Apr/2013:05:00:12 +0200] "GET /robots.txt HTTP/1.1" 404 - "-" "Mozilla/5.0 (compatible; Googlebot/2.1; +http://www.google.com/bot.html)"
66.249.75.201 - - [21/Apr/2013:05:00:12 +0200] "GET / HTTP/1.1" 200 4688 "-" "DoCoMo/2.0 N905i(c100;TB;W24H16) (compatible; Googlebot-Mobile/2.1; +http://www.google.com/bot.html)"
66.249.78.8 - - [21/Apr/2013:09:56:04 +0200] "GET /referenz.html HTTP/1.1" 304 - "-" "Mozilla/5.0 (iPhone; U; CPU iPhone OS 4_1 like Mac OS X; en-us) AppleWebKit/532.9 (KHTML, like Gecko) Version/4.0.5 Mobile/8B117 Safari/6531.22.7 (compatible; Googlebot-Mobile/2.1; +http://www.google.com/bot.html)"
87.188.154.148 - - [21/Apr/2013:10:52:55 +0200] "GET / HTTP/1.1" 200 4688 "http://www.google.de/url?sa=t&rct=j&q=mb-ingenieure%20gmbh&source=web&cd=1&ved=0CDEQFjAA&url=http%3A%2F%2Fwww.mbingenieure.de%2F&ei=uahzUeKgBpHLsgb5u4CYBA&usg=AFQjCNEyLqXMZj9hDUfmjIo04GBdDmaXCQ&bvm=bv.45512109,d.Yms" "Mozilla/5.0 (Windows NT 5.1; rv:20.0) Gecko/20100101 Firefox/20.0"
87.188.154.148 - - [21/Apr/2013:10:52:55 +0200] "GET /css/style.css HTTP/1.1" 200 2622 "http://www.mbingenieure.de/" "Mozilla/5.0 (Windows NT 5.1; rv:20.0) Gecko/20100101 Firefox/20.0"
87.188.154.148 - - [21/Apr/2013:10:52:55 +0200] "GET /js/libs/modernizr-2.5.3.min.js HTTP/1.1" 200 15274 "http://www.mbingenieure.de/" "Mozilla/5.0 (Windows NT 5.1; rv:20.0) Gecko/20100101 Firefox/20.0"
87.188.154.148 - - [21/Apr/2013:10:52:55 +0200] "GET /images/logo.png HTTP/1.1" 200 16467 "http://www.mbingenieure.de/" "Mozilla/5.0 (Windows NT 5.1; rv:20.0) Gecko/20100101 Firefox/20.0"
87.188.154.148 - - [21/Apr/2013:10:52:56 +0200] "GET /images/bild1.png HTTP/1.1" 200 15538 "http://www.mbingenieure.de/" "Mozilla/5.0 (Windows NT 5.1; rv:20.0) Gecko/20100101 Firefox/20.0"
87.188.154.148 - - [21/Apr/2013:10:52:56 +0200] "GET /js/plugins.js HTTP/1.1" 200 898 "http://www.mbingenieure.de/" "Mozilla/5.0 (Windows NT 5.1; rv:20.0) Gecko/20100101 Firefox/20.0"
87.188.154.148 - - [21/Apr/2013:10:52:55 +0200] "GET /images/bild2.png HTTP/1.1" 200 68475 "http://www.mbingenieure.de/" "Mozilla/5.0 (Windows NT 5.1; rv:20.0) Gecko/20100101 Firefox/20.0"
87.188.154.148 - - [21/Apr/2013:10:52:56 +0200] "GET /images/bild4.png HTTP/1.1" 200 65856 "http://www.mbingenieure.de/" "Mozilla/5.0 (Windows NT 5.1; rv:20.0) Gecko/20100101 Firefox/20.0"
87.188.154.148 - - [21/Apr/2013:10:52:56 +0200] "GET /images/footer.png HTTP/1.1" 200 1064 "http://www.mbingenieure.de/css/style.css" "Mozilla/5.0 (Windows NT 5.1; rv:20.0) Gecko/20100101 Firefox/20.0"
87.188.154.148 - - [21/Apr/2013:10:52:56 +0200] "GET /images/header.png HTTP/1.1" 200 1494 "http://www.mbingenieure.de/css/style.css" "Mozilla/5.0 (Windows NT 5.1; rv:20.0) Gecko/20100101 Firefox/20.0"
87.188.154.148 - - [21/Apr/2013:10:52:56 +0200] "GET /images/navi.png HTTP/1.1" 200 946 "http://www.mbingenieure.de/css/style.css" "Mozilla/5.0 (Windows NT 5.1; rv:20.0) Gecko/20100101 Firefox/20.0"
87.188.154.148 - - [21/Apr/2013:10:52:58 +0200] "GET /favicon.ico HTTP/1.1" 200 93062 "-" "Mozilla/5.0 (Windows NT 5.1; rv:20.0) Gecko/20100101 Firefox/20.0"
87.188.154.148 - - [21/Apr/2013:10:52:58 +0200] "GET /favicon.ico HTTP/1.1" 200 93062 "-" "Mozilla/5.0 (Windows NT 5.1; rv:20.0) Gecko/20100101 Firefox/20.0"
66.249.78.8 - - [21/Apr/2013:15:00:28 +0200] "GET /robots.txt HTTP/1.1" 404 - "-" "Mozilla/5.0 (compatible; Googlebot/2.1; +http://www.google.com/bot.html)"
66.249.78.8 - - [21/Apr/2013:15:00:29 +0200] "GET /referenz.html HTTP/1.1" 304 - "-" "SAMSUNG-SGH-E250/1.0 Profile/MIDP-2.0 Configuration/CLDC-1.1 UP.Browser/6.2.3.3.c.1.101 (GUI) MMP/2.0 (compatible; Googlebot-Mobile/2.1; +http://www.google.com/bot.html)"
208.115.111.69 - - [22/Apr/2013:02:25:22 +0200] "GET /robots.txt HTTP/1.1" 404 - "-" "Mozilla/5.0 (compatible; Ezooms/1.0; ezooms.bot@gmail.com)"
208.115.111.69 - - [22/Apr/2013:04:21:12 +0200] "GET /kontakt.html HTTP/1.1" 200 4451 "-" "Mozilla/5.0 (compatible; Ezooms/1.0; ezooms.bot@gmail.com)"
66.249.78.8 - - [22/Apr/2013:06:50:44 +0200] "GET /robots.txt HTTP/1.1" 404 - "-" "Mozilla/5.0 (compatible; Googlebot/2.1; +http://www.google.com/bot.html)"
66.249.78.8 - - [22/Apr/2013:06:50:44 +0200] "GET / HTTP/1.1" 200 4688 "-" "Mozilla/5.0 (iPhone; U; CPU iPhone OS 4_1 like Mac OS X; en-us) AppleWebKit/532.9 (KHTML, like Gecko) Version/4.0.5 Mobile/8B117 Safari/6531.22.7 (compatible; Googlebot-Mobile/2.1; +http://www.google.com/bot.html)"
66.249.78.8 - - [22/Apr/2013:08:35:34 +0200] "GET /robots.txt HTTP/1.1" 404 - "-" "Mozilla/5.0 (compatible; Googlebot/2.1; +http://www.google.com/bot.html)"
66.249.78.8 - - [22/Apr/2013:08:35:34 +0200] "GET /impressum.html HTTP/1.1" 304 - "-" "Mozilla/5.0 (iPhone; U; CPU iPhone OS 4_1 like Mac OS X; en-us) AppleWebKit/532.9 (KHTML, like Gecko) Version/4.0.5 Mobile/8B117 Safari/6531.22.7 (compatible; Googlebot-Mobile/2.1; +http://www.google.com/bot.html)"
5.9.39.69 - - [22/Apr/2013:08:40:07 +0200] "GET /robots.txt HTTP/1.1" 404 - "-" "Mozilla/5.0 (compatible; Infohelfer/1.3.3; +http://www.infohelfer.de/crawler.php)"
5.9.39.69 - - [22/Apr/2013:08:40:07 +0200] "GET / HTTP/1.1" 200 4688 "-" "Mozilla/5.0 (compatible; Infohelfer/1.3.3; +http://www.infohelfer.de/crawler.php)"
141.8.147.12 - - [22/Apr/2013:12:39:54 +0200] "GET /robots.txt HTTP/1.1" 404 - "-" "Mozilla/5.0 (compatible; YandexBot/3.0; +http://yandex.com/bots)"
157.55.33.79 - - [22/Apr/2013:14:50:42 +0200] "GET /robots.txt HTTP/1.1" 404 - "-" "Mozilla/5.0 (compatible; bingbot/2.0; +http://www.bing.com/bingbot.htm)"
157.55.33.79 - - [22/Apr/2013:14:52:19 +0200] "GET / HTTP/1.1" 200 4688 "-" "Mozilla/5.0 (compatible; bingbot/2.0; +http://www.bing.com/bingbot.htm)"
157.56.93.61 - - [22/Apr/2013:14:54:57 +0200] "GET /spektrum.html HTTP/1.1" 200 4365 "-" "Mozilla/5.0 (compatible; bingbot/2.0; +http://www.bing.com/bingbot.htm)"
157.56.93.61 - - [22/Apr/2013:14:54:57 +0200] "GET /uns.html HTTP/1.1" 200 4398 "-" "Mozilla/5.0 (compatible; bingbot/2.0; +http://www.bing.com/bingbot.htm)"
65.55.24.214 - - [22/Apr/2013:15:38:44 +0200] "GET /kontakt.html HTTP/1.1" 200 4451 "-" "Mozilla/5.0 (compatible; bingbot/2.0; +http://www.bing.com/bingbot.htm)"
65.55.24.214 - - [22/Apr/2013:15:38:44 +0200] "GET /partner.html HTTP/1.1" 200 4401 "-" "Mozilla/5.0 (compatible; bingbot/2.0; +http://www.bing.com/bingbot.htm)"
178.77.126.55 - - [22/Apr/2013:16:11:31 +0200] "GET /robots.txt HTTP/1.1" 404 - "-" "Mozilla/5.0 (compatible; CareerBot/1.1; +http://www.career-x.de/bot.html)"
178.77.126.55 - - [22/Apr/2013:16:11:31 +0200] "GET / HTTP/1.1" 200 4688 "-" "Mozilla/5.0 (compatible; CareerBot/1.1; +http://www.career-x.de/bot.html)"
178.77.126.55 - - [22/Apr/2013:16:11:31 +0200] "GET /uns.html HTTP/1.1" 200 4398 "-" "Mozilla/5.0 (compatible; CareerBot/1.1; +http://www.career-x.de/bot.html)"
141.8.147.12 - - [22/Apr/2013:18:08:46 +0200] "GET / HTTP/1.1" 200 4688 "-" "Mozilla/5.0 (compatible; YandexBot/3.0; +http://yandex.com/bots)"
66.249.78.8 - - [22/Apr/2013:19:26:03 +0200] "GET /robots.txt HTTP/1.1" 404 - "-" "Mozilla/5.0 (compatible; Googlebot/2.1; +http://www.google.com/bot.html)"
66.249.78.8 - - [22/Apr/2013:19:26:03 +0200] "GET /spektrum.html HTTP/1.1" 304 - "-" "SAMSUNG-SGH-E250/1.0 Profile/MIDP-2.0 Configuration/CLDC-1.1 UP.Browser/6.2.3.3.c.1.101 (GUI) MMP/2.0 (compatible; Googlebot-Mobile/2.1; +http://www.google.com/bot.html)"
5.9.127.154 - - [22/Apr/2013:21:44:19 +0200] "GET /robots.txt HTTP/1.1" 404 - "-" "Mozilla/5.0 (compatible; SISTRIX Crawler; http://crawler.sistrix.net/)"
5.9.127.154 - - [22/Apr/2013:21:44:19 +0200] "GET / HTTP/1.1" 200 4688 "-" "Mozilla/5.0 (compatible; SISTRIX Crawler; http://crawler.sistrix.net/)"
5.9.127.154 - - [22/Apr/2013:21:44:20 +0200] "GET /kontakt.html HTTP/1.1" 200 4451 "-" "Mozilla/5.0 (compatible; SISTRIX Crawler; http://crawler.sistrix.net/)"
5.9.127.154 - - [22/Apr/2013:21:44:20 +0200] "GET /spektrum.html HTTP/1.1" 200 4365 "-" "Mozilla/5.0 (compatible; SISTRIX Crawler; http://crawler.sistrix.net/)"
5.9.127.154 - - [22/Apr/2013:21:44:20 +0200] "GET /impressum.html HTTP/1.1" 200 5721 "-" "Mozilla/5.0 (compatible; SISTRIX Crawler; http://crawler.sistrix.net/)"
5.9.127.154 - - [22/Apr/2013:21:44:20 +0200] "GET /index.html HTTP/1.1" 200 4688 "-" "Mozilla/5.0 (compatible; SISTRIX Crawler; http://crawler.sistrix.net/)"
5.9.127.154 - - [22/Apr/2013:21:44:20 +0200] "GET /partner.html HTTP/1.1" 200 4401 "-" "Mozilla/5.0 (compatible; SISTRIX Crawler; http://crawler.sistrix.net/)"
5.9.127.154 - - [22/Apr/2013:21:44:20 +0200] "GET /uns.html HTTP/1.1" 200 4398 "-" "Mozilla/5.0 (compatible; SISTRIX Crawler; http://crawler.sistrix.net/)"
5.9.127.154 - - [22/Apr/2013:21:44:20 +0200] "GET /referenz.html HTTP/1.1" 200 10668 "-" "Mozilla/5.0 (compatible; SISTRIX Crawler; http://crawler.sistrix.net/)"
65.55.215.99 - - [23/Apr/2013:01:07:21 +0200] "GET /robots.txt HTTP/1.1" 404 - "-" "msnbot-media/1.1 (+http://search.msn.com/msnbot.htm)"
65.55.215.99 - - [23/Apr/2013:01:07:22 +0200] "GET /images/bild4.png HTTP/1.1" 200 65856 "-" "msnbot-media/1.1 (+http://search.msn.com/msnbot.htm)"
65.55.215.67 - - [23/Apr/2013:05:41:45 +0200] "GET /robots.txt HTTP/1.1" 404 - "-" "msnbot-media/1.1 (+http://search.msn.com/msnbot.htm)"
65.55.215.67 - - [23/Apr/2013:05:41:46 +0200] "GET /images/bild2.png HTTP/1.1" 200 68475 "-" "msnbot-media/1.1 (+http://search.msn.com/msnbot.htm)"
157.55.33.79 - - [23/Apr/2013:09:26:59 +0200] "GET /robots.txt HTTP/1.1" 404 - "-" "Mozilla/5.0 (compatible; bingbot/2.0; +http://www.bing.com/bingbot.htm)"
157.55.33.79 - - [23/Apr/2013:09:28:42 +0200] "GET / HTTP/1.1" 200 4688 "-" "Mozilla/5.0 (compatible; bingbot/2.0; +http://www.bing.com/bingbot.htm)"
131.253.24.15 - - [23/Apr/2013:09:48:23 +0200] "GET /robots.txt HTTP/1.1" 404 - "-" "msnbot-media/1.1 (+http://search.msn.com/msnbot.htm)"
131.253.24.15 - - [23/Apr/2013:09:48:23 +0200] "GET /images/bild1.png HTTP/1.1" 200 15538 "-" "msnbot-media/1.1 (+http://search.msn.com/msnbot.htm)"
66.249.78.8 - - [23/Apr/2013:10:23:41 +0200] "GET /robots.txt HTTP/1.1" 404 - "-" "Mozilla/5.0 (compatible; Googlebot/2.1; +http://www.google.com/bot.html)"
66.249.78.8 - - [23/Apr/2013:10:23:41 +0200] "GET /partner.html HTTP/1.1" 304 - "-" "Mozilla/5.0 (iPhone; U; CPU iPhone OS 4_1 like Mac OS X; en-us) AppleWebKit/532.9 (KHTML, like Gecko) Version/4.0.5 Mobile/8B117 Safari/6531.22.7 (compatible; Googlebot-Mobile/2.1; +http://www.google.com/bot.html)"
81.30.151.221 - - [23/Apr/2013:20:16:56 +0200] "GET /robots.txt HTTP/1.1" 404 - "-" "Mozilla/5.0 (compatible; Spiderlytics/1.0; +spider@spiderlytics.com)"
81.30.151.221 - - [23/Apr/2013:20:16:56 +0200] "GET /spektrum.html HTTP/1.1" 200 4365 "-" "Mozilla/5.0 (compatible; Spiderlytics/1.0; +spider@spiderlytics.com)"
81.30.151.221 - - [23/Apr/2013:21:02:10 +0200] "GET /robots.txt HTTP/1.1" 404 - "-" "Mozilla/5.0 (compatible; Spiderlytics/1.0; +spider@spiderlytics.com)"
81.30.151.221 - - [23/Apr/2013:21:02:10 +0200] "GET /referenz.html HTTP/1.1" 200 10668 "-" "Mozilla/5.0 (compatible; Spiderlytics/1.0; +spider@spiderlytics.com)"
157.56.93.49 - - [23/Apr/2013:22:43:14 +0200] "GET /robots.txt HTTP/1.1" 404 - "-" "Mozilla/5.0 (compatible; bingbot/2.0; +http://www.bing.com/bingbot.htm)"
157.56.93.49 - - [23/Apr/2013:22:45:00 +0200] "GET / HTTP/1.1" 200 4688 "-" "Mozilla/5.0 (compatible; bingbot/2.0; +http://www.bing.com/bingbot.htm)"
66.249.78.8 - - [24/Apr/2013:05:47:00 +0200] "GET /robots.txt HTTP/1.1" 404 - "-" "Mozilla/5.0 (compatible; Googlebot/2.1; +http://www.google.com/bot.html)"
66.249.78.8 - - [24/Apr/2013:05:47:00 +0200] "GET / HTTP/1.1" 200 4688 "-" "Mozilla/5.0 (iPhone; U; CPU iPhone OS 4_1 like Mac OS X; en-us) AppleWebKit/532.9 (KHTML, like Gecko) Version/4.0.5 Mobile/8B117 Safari/6531.22.7 (compatible; Googlebot-Mobile/2.1; +http://www.google.com/bot.html)"
66.249.78.8 - - [24/Apr/2013:08:07:20 +0200] "GET / HTTP/1.1" 200 4688 "-" "SAMSUNG-SGH-E250/1.0 Profile/MIDP-2.0 Configuration/CLDC-1.1 UP.Browser/6.2.3.3.c.1.101 (GUI) MMP/2.0 (compatible; Googlebot-Mobile/2.1; +http://www.google.com/bot.html)"
66.249.75.201 - - [24/Apr/2013:08:19:11 +0200] "GET /spektrum.html HTTP/1.1" 304 - "-" "Mozilla/5.0 (iPhone; U; CPU iPhone OS 4_1 like Mac OS X; en-us) AppleWebKit/532.9 (KHTML, like Gecko) Version/4.0.5 Mobile/8B117 Safari/6531.22.7 (compatible; Googlebot-Mobile/2.1; +http://www.google.com/bot.html)"
65.55.24.214 - - [24/Apr/2013:09:49:46 +0200] "GET /robots.txt HTTP/1.1" 404 - "-" "Mozilla/5.0 (compatible; bingbot/2.0; +http://www.bing.com/bingbot.htm)"
65.55.24.214 - - [24/Apr/2013:09:54:16 +0200] "GET / HTTP/1.1" 200 4688 "-" "Mozilla/5.0 (compatible; bingbot/2.0; +http://www.bing.com/bingbot.htm)"
85.25.120.73 - - [24/Apr/2013:10:19:10 +0200] "GET / HTTP/1.1" 200 4688 "-" "Mozilla/5.0 (X11; U; Linux i686; en-US; rv:1.9.0.1) Gecko/2008070206 Firefox/3.0.1"
85.25.120.73 - - [24/Apr/2013:10:19:10 +0200] "GET /kontakt.html HTTP/1.1" 200 4451 "-" "Mozilla/5.0 (X11; U; Linux i686; en-US; rv:1.9.0.1) Gecko/2008070206 Firefox/3.0.1"
66.249.78.8 - - [24/Apr/2013:10:52:13 +0200] "GET / HTTP/1.1" 200 4688 "-" "Mozilla/5.0 (compatible; Googlebot/2.1; +http://www.google.com/bot.html)"
66.249.78.8 - - [24/Apr/2013:10:53:03 +0200] "GET /css/style.css HTTP/1.1" 200 2622 "-" "Mozilla/5.0 (compatible; Googlebot/2.1; +http://www.google.com/bot.html)"
66.249.78.8 - - [24/Apr/2013:11:09:49 +0200] "GET /referenz.html HTTP/1.1" 304 - "-" "Mozilla/5.0 (compatible; Googlebot/2.1; +http://www.google.com/bot.html)"
85.25.120.73 - - [24/Apr/2013:19:13:45 +0200] "GET / HTTP/1.1" 200 4688 "-" "Mozilla/5.0 (X11; U; Linux i686; en-US; rv:1.9.0.1) Gecko/2008070206 Firefox/3.0.1"
85.25.120.73 - - [24/Apr/2013:19:13:45 +0200] "GET /kontakt.html HTTP/1.1" 200 4451 "-" "Mozilla/5.0 (X11; U; Linux i686; en-US; rv:1.9.0.1) Gecko/2008070206 Firefox/3.0.1"
157.56.93.71 - - [24/Apr/2013:20:52:55 +0200] "GET /robots.txt HTTP/1.1" 404 - "-" "Mozilla/5.0 (compatible; bingbot/2.0; +http://www.bing.com/bingbot.htm)"
157.56.93.71 - - [24/Apr/2013:20:55:08 +0200] "GET / HTTP/1.1" 200 4688 "-" "Mozilla/5.0 (compatible; bingbot/2.0; +http://www.bing.com/bingbot.htm)"
178.77.126.55 - - [25/Apr/2013:01:30:20 +0200] "GET /robots.txt HTTP/1.1" 404 - "-" "Mozilla/5.0 (compatible; CareerBot/1.1; +http://www.career-x.de/bot.html)"
178.77.126.55 - - [25/Apr/2013:01:30:20 +0200] "GET / HTTP/1.1" 200 4688 "-" "Mozilla/5.0 (compatible; CareerBot/1.1; +http://www.career-x.de/bot.html)"
178.77.126.55 - - [25/Apr/2013:01:30:20 +0200] "GET /uns.html HTTP/1.1" 200 4398 "-" "Mozilla/5.0 (compatible; CareerBot/1.1; +http://www.career-x.de/bot.html)"
208.115.111.69 - - [25/Apr/2013:02:20:58 +0200] "GET /robots.txt HTTP/1.1" 404 - "-" "Mozilla/5.0 (compatible; Ezooms/1.0; ezooms.bot@gmail.com)"
208.115.111.69 - - [25/Apr/2013:04:19:30 +0200] "GET /impressum.html HTTP/1.1" 200 5721 "-" "Mozilla/5.0 (compatible; Ezooms/1.0; ezooms.bot@gmail.com)"
157.55.32.61 - - [25/Apr/2013:11:00:34 +0200] "GET /robots.txt HTTP/1.1" 404 - "-" "Mozilla/5.0 (compatible; bingbot/2.0; +http://www.bing.com/bingbot.htm)"
157.55.32.61 - - [25/Apr/2013:11:02:05 +0200] "GET / HTTP/1.1" 200 4688 "-" "Mozilla/5.0 (compatible; bingbot/2.0; +http://www.bing.com/bingbot.htm)"
62.246.117.219 - - [25/Apr/2013:12:09:32 +0200] "GET / HTTP/1.1" 200 4688 "http://www.google.de/url?sa=t&rct=j&q=mb%20ingenieure%20berlin&source=web&cd=2&ved=0CDoQFjAB&url=http%3A%2F%2Fwww.mbingenieure.de%2F&ei=sAB5UfWzDPOa1AXWzYCABg&usg=AFQjCNEyLqXMZj9hDUfmjIo04GBdDmaXCQ&bvm=bv.45645796,d.d2k" "Mozilla/4.0 (compatible; MSIE 8.0; Windows NT 5.1; Trident/4.0; .NET CLR 1.1.4322; .NET CLR 2.0.50727; .NET CLR 3.0.4506.2152; .NET CLR 3.5.30729)"
62.246.117.219 - - [25/Apr/2013:12:09:32 +0200] "GET /css/style.css HTTP/1.1" 200 2622 "http://www.mbingenieure.de/" "Mozilla/4.0 (compatible; MSIE 8.0; Windows NT 5.1; Trident/4.0; .NET CLR 1.1.4322; .NET CLR 2.0.50727; .NET CLR 3.0.4506.2152; .NET CLR 3.5.30729)"
62.246.117.219 - - [25/Apr/2013:12:09:33 +0200] "GET /js/libs/modernizr-2.5.3.min.js HTTP/1.1" 200 15274 "http://www.mbingenieure.de/" "Mozilla/4.0 (compatible; MSIE 8.0; Windows NT 5.1; Trident/4.0; .NET CLR 1.1.4322; .NET CLR 2.0.50727; .NET CLR 3.0.4506.2152; .NET CLR 3.5.30729)"
62.246.117.219 - - [25/Apr/2013:12:09:33 +0200] "GET /images/footer.png HTTP/1.1" 200 1064 "http://www.mbingenieure.de/" "Mozilla/4.0 (compatible; MSIE 8.0; Windows NT 5.1; Trident/4.0; .NET CLR 1.1.4322; .NET CLR 2.0.50727; .NET CLR 3.0.4506.2152; .NET CLR 3.5.30729)"
62.246.117.219 - - [25/Apr/2013:12:09:33 +0200] "GET /images/logo.png HTTP/1.1" 200 16467 "http://www.mbingenieure.de/" "Mozilla/4.0 (compatible; MSIE 8.0; Windows NT 5.1; Trident/4.0; .NET CLR 1.1.4322; .NET CLR 2.0.50727; .NET CLR 3.0.4506.2152; .NET CLR 3.5.30729)"
62.246.117.219 - - [25/Apr/2013:12:09:33 +0200] "GET /images/header.png HTTP/1.1" 200 1494 "http://www.mbingenieure.de/" "Mozilla/4.0 (compatible; MSIE 8.0; Windows NT 5.1; Trident/4.0; .NET CLR 1.1.4322; .NET CLR 2.0.50727; .NET CLR 3.0.4506.2152; .NET CLR 3.5.30729)"
62.246.117.219 - - [25/Apr/2013:12:09:33 +0200] "GET /images/bild1.png HTTP/1.1" 200 15538 "http://www.mbingenieure.de/" "Mozilla/4.0 (compatible; MSIE 8.0; Windows NT 5.1; Trident/4.0; .NET CLR 1.1.4322; .NET CLR 2.0.50727; .NET CLR 3.0.4506.2152; .NET CLR 3.5.30729)"
62.246.117.219 - - [25/Apr/2013:12:09:33 +0200] "GET /images/bild4.png HTTP/1.1" 200 65856 "http://www.mbingenieure.de/" "Mozilla/4.0 (compatible; MSIE 8.0; Windows NT 5.1; Trident/4.0; .NET CLR 1.1.4322; .NET CLR 2.0.50727; .NET CLR 3.0.4506.2152; .NET CLR 3.5.30729)"
62.246.117.219 - - [25/Apr/2013:12:09:34 +0200] "GET /images/navi.png HTTP/1.1" 200 946 "http://www.mbingenieure.de/" "Mozilla/4.0 (compatible; MSIE 8.0; Windows NT 5.1; Trident/4.0; .NET CLR 1.1.4322; .NET CLR 2.0.50727; .NET CLR 3.0.4506.2152; .NET CLR 3.5.30729)"
62.246.117.219 - - [25/Apr/2013:12:09:33 +0200] "GET /images/bild2.png HTTP/1.1" 200 68475 "http://www.mbingenieure.de/" "Mozilla/4.0 (compatible; MSIE 8.0; Windows NT 5.1; Trident/4.0; .NET CLR 1.1.4322; .NET CLR 2.0.50727; .NET CLR 3.0.4506.2152; .NET CLR 3.5.30729)"
62.246.117.219 - - [25/Apr/2013:12:09:34 +0200] "GET /js/plugins.js HTTP/1.1" 200 898 "http://www.mbingenieure.de/" "Mozilla/4.0 (compatible; MSIE 8.0; Windows NT 5.1; Trident/4.0; .NET CLR 1.1.4322; .NET CLR 2.0.50727; .NET CLR 3.0.4506.2152; .NET CLR 3.5.30729)"
62.246.117.219 - - [25/Apr/2013:12:09:34 +0200] "GET /favicon.ico HTTP/1.1" 200 93062 "-" "Mozilla/4.0 (compatible; MSIE 8.0; Windows NT 5.1; Trident/4.0; .NET CLR 1.1.4322; .NET CLR 2.0.50727; .NET CLR 3.0.4506.2152; .NET CLR 3.5.30729)"
95.211.139.1 - - [25/Apr/2013:12:10:36 +0200] "GET /robots.txt HTTP/1.0" 404 - "-" "Mozilla/5.0 (compatible; AcoonBot/4.11.1; +http://www.acoon.de/robot.asp)"
95.211.139.1 - - [25/Apr/2013:12:10:36 +0200] "GET / HTTP/1.0" 200 4688 "-" "Mozilla/5.0 (compatible; AcoonBot/4.11.1; +http://www.acoon.de/robot.asp)"
62.246.117.219 - - [25/Apr/2013:12:13:56 +0200] "GET /referenz.html HTTP/1.1" 200 10668 "http://www.google.de/url?sa=t&rct=j&q=mb%20ingenieure%20berlin&source=web&cd=1&ved=0CDUQFjAA&url=http%3A%2F%2Fwww.mbingenieure.de%2Freferenz.html&ei=sAB5UfWzDPOa1AXWzYCABg&usg=AFQjCNEjBuJQ2-M4Z4j35BAeh7XDA3bhYQ&bvm=bv.45645796,d.d2k" "Mozilla/4.0 (compatible; MSIE 8.0; Windows NT 5.1; Trident/4.0; .NET CLR 1.1.4322; .NET CLR 2.0.50727; .NET CLR 3.0.4506.2152; .NET CLR 3.5.30729)"
62.246.117.219 - - [25/Apr/2013:12:14:02 +0200] "GET /impressum.html HTTP/1.1" 200 5721 "http://www.mbingenieure.de/referenz.html" "Mozilla/4.0 (compatible; MSIE 8.0; Windows NT 5.1; Trident/4.0; .NET CLR 1.1.4322; .NET CLR 2.0.50727; .NET CLR 3.0.4506.2152; .NET CLR 3.5.30729)"
62.246.117.219 - - [25/Apr/2013:12:27:21 +0200] "GET /index.html HTTP/1.1" 200 4688 "http://www.mbingenieure.de/impressum.html" "Mozilla/4.0 (compatible; MSIE 8.0; Windows NT 5.1; Trident/4.0; .NET CLR 1.1.4322; .NET CLR 2.0.50727; .NET CLR 3.0.4506.2152; .NET CLR 3.5.30729)"
62.246.117.219 - - [25/Apr/2013:12:27:29 +0200] "GET /uns.html HTTP/1.1" 200 4398 "http://www.mbingenieure.de/index.html" "Mozilla/4.0 (compatible; MSIE 8.0; Windows NT 5.1; Trident/4.0; .NET CLR 1.1.4322; .NET CLR 2.0.50727; .NET CLR 3.0.4506.2152; .NET CLR 3.5.30729)"
62.246.117.219 - - [25/Apr/2013:12:27:50 +0200] "GET /partner.html HTTP/1.1" 200 4401 "http://www.mbingenieure.de/uns.html" "Mozilla/4.0 (compatible; MSIE 8.0; Windows NT 5.1; Trident/4.0; .NET CLR 1.1.4322; .NET CLR 2.0.50727; .NET CLR 3.0.4506.2152; .NET CLR 3.5.30729)"
62.246.117.219 - - [25/Apr/2013:12:28:11 +0200] "GET /kontakt.html HTTP/1.1" 200 4451 "http://www.mbingenieure.de/partner.html" "Mozilla/4.0 (compatible; MSIE 8.0; Windows NT 5.1; Trident/4.0; .NET CLR 1.1.4322; .NET CLR 2.0.50727; .NET CLR 3.0.4506.2152; .NET CLR 3.5.30729)"
94.23.225.68 - - [25/Apr/2013:15:23:35 +0200] "GET / HTTP/1.1" 200 4688 "-" "Mozilla/5.0 (X11; Linux i686; rv:6.0) Gecko/20100101 Firefox/6.0"
94.23.225.68 - - [25/Apr/2013:15:23:35 +0200] "GET /uns.html HTTP/1.1" 200 4398 "-" "Mozilla/5.0 (X11; Linux i686; rv:6.0) Gecko/20100101 Firefox/6.0"
94.23.225.68 - - [25/Apr/2013:15:23:36 +0200] "GET /index.html HTTP/1.1" 200 4688 "-" "Mozilla/5.0 (X11; Linux i686; rv:6.0) Gecko/20100101 Firefox/6.0"
81.7.13.161 - - [25/Apr/2013:15:23:37 +0200] "GET /impressum.html HTTP/1.1" 200 5721 "-" "Mozilla/5.0 (X11; Linux i686; rv:6.0) Gecko/20100101 Firefox/6.0"
94.23.225.68 - - [25/Apr/2013:15:23:37 +0200] "GET /referenz.html HTTP/1.1" 200 10668 "-" "Mozilla/5.0 (X11; Linux i686; rv:6.0) Gecko/20100101 Firefox/6.0"
94.23.225.68 - - [25/Apr/2013:15:23:40 +0200] "GET /kontakt.html HTTP/1.1" 200 4451 "-" "Mozilla/5.0 (X11; Linux i686; rv:6.0) Gecko/20100101 Firefox/6.0"
141.8.147.12 - - [25/Apr/2013:16:09:02 +0200] "GET /robots.txt HTTP/1.1" 404 - "-" "Mozilla/5.0 (compatible; YandexBot/3.0; +http://yandex.com/bots)"
199.30.20.2 - - [25/Apr/2013:17:04:58 +0200] "GET /robots.txt HTTP/1.1" 404 - "-" "msnbot-media/1.1 (+http://search.msn.com/msnbot.htm)"
199.30.20.2 - - [25/Apr/2013:17:04:58 +0200] "GET /images/logo.png HTTP/1.1" 200 16467 "-" "msnbot-media/1.1 (+http://search.msn.com/msnbot.htm)"
141.8.147.12 - - [25/Apr/2013:17:09:14 +0200] "GET / HTTP/1.1" 200 4688 "-" "Mozilla/5.0 (compatible; YandexBot/3.0; +http://yandex.com/bots)"
46.4.100.231 - - [25/Apr/2013:18:15:21 +0200] "GET /robots.txt HTTP/1.1" 404 - "-" "BacklinkCrawler (http://www.backlinktest.com/crawler.html)"
46.4.100.231 - - [25/Apr/2013:18:15:22 +0200] "GET /sitemap.xml HTTP/1.1" 404 - "-" "BacklinkCrawler (http://www.backlinktest.com/crawler.html)"
46.4.100.231 - - [25/Apr/2013:18:15:24 +0200] "GET / HTTP/1.1" 200 4688 "-" "BacklinkCrawler (http://www.backlinktest.com/crawler.html)"
46.4.100.231 - - [25/Apr/2013:18:15:26 +0200] "GET /spektrum.html HTTP/1.1" 200 4365 "-" "BacklinkCrawler (http://www.backlinktest.com/crawler.html)"
46.4.100.231 - - [25/Apr/2013:18:15:28 +0200] "GET /uns.html HTTP/1.1" 200 4398 "-" "BacklinkCrawler (http://www.backlinktest.com/crawler.html)"
46.4.100.231 - - [25/Apr/2013:18:15:36 +0200] "GET /index.html HTTP/1.1" 200 4688 "-" "BacklinkCrawler (http://www.backlinktest.com/crawler.html)"
46.4.100.231 - - [25/Apr/2013:18:15:36 +0200] "GET /kontakt.html HTTP/1.1" 200 4451 "-" "BacklinkCrawler (http://www.backlinktest.com/crawler.html)"
46.4.100.231 - - [25/Apr/2013:18:15:43 +0200] "GET /partner.html HTTP/1.1" 200 4401 "-" "BacklinkCrawler (http://www.backlinktest.com/crawler.html)"
46.4.100.231 - - [25/Apr/2013:18:15:43 +0200] "GET /referenz.html HTTP/1.1" 200 10668 "-" "BacklinkCrawler (http://www.backlinktest.com/crawler.html)"
46.4.100.231 - - [25/Apr/2013:18:15:45 +0200] "GET /impressum.html HTTP/1.1" 200 5721 "-" "BacklinkCrawler (http://www.backlinktest.com/crawler.html)"
92.224.38.124 - - [25/Apr/2013:18:36:29 +0200] "GET / HTTP/1.1" 200 4688 "-" "UserAgent: Apache-HttpClient/release (java 1.5)"
92.224.38.124 - - [25/Apr/2013:18:36:30 +0200] "GET /impressum.html HTTP/1.1" 200 5721 "-" "UserAgent: Apache-HttpClient/release (java 1.5)"
66.249.78.8 - - [25/Apr/2013:20:44:31 +0200] "GET /robots.txt HTTP/1.1" 404 - "-" "Mozilla/5.0 (compatible; Googlebot/2.1; +http://www.google.com/bot.html)"
66.249.78.8 - - [25/Apr/2013:20:44:31 +0200] "GET /uns.html HTTP/1.1" 304 - "-" "Mozilla/5.0 (iPhone; U; CPU iPhone OS 4_1 like Mac OS X; en-us) AppleWebKit/532.9 (KHTML, like Gecko) Version/4.0.5 Mobile/8B117 Safari/6531.22.7 (compatible; Googlebot-Mobile/2.1; +http://www.google.com/bot.html)"
157.55.32.57 - - [25/Apr/2013:22:17:03 +0200] "GET /robots.txt HTTP/1.1" 404 - "-" "Mozilla/5.0 (compatible; bingbot/2.0; +http://www.bing.com/bingbot.htm)"
157.55.32.57 - - [25/Apr/2013:22:18:48 +0200] "GET / HTTP/1.1" 200 4688 "-" "Mozilla/5.0 (compatible; bingbot/2.0; +http://www.bing.com/bingbot.htm)"
85.186.103.66 - - [26/Apr/2013:00:58:40 +0200] "GET / HTTP/1.1" 200 4688 "-" "Mozilla/5.0 (Windows; U; Windows NT 5.1; en-US; rv:1.8.1.1) Gecko/20061204 Firefox/2.0.0.1"
85.186.103.66 - - [26/Apr/2013:00:58:40 +0200] "GET /index.html HTTP/1.1" 200 4688 "-" "Mozilla/5.0 (Windows; U; Windows NT 5.1; en-US; rv:1.8.1.1) Gecko/20061204 Firefox/2.0.0.1"
85.186.103.66 - - [26/Apr/2013:00:58:40 +0200] "GET /uns.html HTTP/1.1" 200 4398 "-" "Mozilla/5.0 (Windows; U; Windows NT 5.1; en-US; rv:1.8.1.1) Gecko/20061204 Firefox/2.0.0.1"
85.186.103.66 - - [26/Apr/2013:00:58:40 +0200] "GET /spektrum.html HTTP/1.1" 200 4365 "-" "Mozilla/5.0 (Windows; U; Windows NT 5.1; en-US; rv:1.8.1.1) Gecko/20061204 Firefox/2.0.0.1"
85.186.103.66 - - [26/Apr/2013:00:58:40 +0200] "GET /referenz.html HTTP/1.1" 200 10668 "-" "Mozilla/5.0 (Windows; U; Windows NT 5.1; en-US; rv:1.8.1.1) Gecko/20061204 Firefox/2.0.0.1"
85.186.103.66 - - [26/Apr/2013:00:58:41 +0200] "GET /partner.html HTTP/1.1" 200 4401 "-" "Mozilla/5.0 (Windows; U; Windows NT 5.1; en-US; rv:1.8.1.1) Gecko/20061204 Firefox/2.0.0.1"
85.186.103.66 - - [26/Apr/2013:00:58:41 +0200] "GET /kontakt.html HTTP/1.1" 200 4451 "-" "Mozilla/5.0 (Windows; U; Windows NT 5.1; en-US; rv:1.8.1.1) Gecko/20061204 Firefox/2.0.0.1"
208.167.230.51 - - [26/Apr/2013:05:17:16 +0200] "GET /partner.html HTTP/1.1" 200 4401 "-" "Mozilla/5.0 (compatible; AhrefsBot/4.0; +http://ahrefs.com/robot/)"
66.249.78.8 - - [26/Apr/2013:05:54:13 +0200] "GET /kontakt.html HTTP/1.1" 304 - "-" "Mozilla/5.0 (iPhone; U; CPU iPhone OS 4_1 like Mac OS X; en-us) AppleWebKit/532.9 (KHTML, like Gecko) Version/4.0.5 Mobile/8B117 Safari/6531.22.7 (compatible; Googlebot-Mobile/2.1; +http://www.google.com/bot.html)"
66.249.76.201 - - [26/Apr/2013:07:02:33 +0200] "GET / HTTP/1.1" 200 4688 "-" "Mozilla/5.0 (iPhone; U; CPU iPhone OS 4_1 like Mac OS X; en-us) AppleWebKit/532.9 (KHTML, like Gecko) Version/4.0.5 Mobile/8B117 Safari/6531.22.7 (compatible; Googlebot-Mobile/2.1; +http://www.google.com/bot.html)"
66.249.78.8 - - [26/Apr/2013:08:11:08 +0200] "GET /kontakt.html HTTP/1.1" 304 - "-" "Mozilla/5.0 (iPhone; U; CPU iPhone OS 4_1 like Mac OS X; en-us) AppleWebKit/532.9 (KHTML, like Gecko) Version/4.0.5 Mobile/8B117 Safari/6531.22.7 (compatible; Googlebot-Mobile/2.1; +http://www.google.com/bot.html)"
88.74.37.138 - - [26/Apr/2013:12:30:05 +0200] "GET / HTTP/1.1" 200 4688 "http://maps.google.de/maps?hl=de&gs_rn=11&gs_ri=psy-ab&pq=holiday+inn&cp=9&gs_id=ct&xhr=t&bav=on.2,or.r_qf.&biw=1760&bih=981&um=1&ie=UTF-8&q=hotels+berlin&fb=1&gl=de&hq=hotels&hnear=0x47a84e373f035901:0x42120465b5e3b70,Berlin&sa=X&ei=OlB6UcXLBZS3hAe0x4GIBQ&sqi=2&ved=0CIoCELYD" "Mozilla/5.0 (Windows NT 6.1; WOW64; rv:20.0) Gecko/20100101 Firefox/20.0"
88.74.37.138 - - [26/Apr/2013:12:30:05 +0200] "GET /css/style.css HTTP/1.1" 200 2622 "http://www.mbingenieure.de/" "Mozilla/5.0 (Windows NT 6.1; WOW64; rv:20.0) Gecko/20100101 Firefox/20.0"
88.74.37.138 - - [26/Apr/2013:12:30:05 +0200] "GET /js/libs/modernizr-2.5.3.min.js HTTP/1.1" 200 15274 "http://www.mbingenieure.de/" "Mozilla/5.0 (Windows NT 6.1; WOW64; rv:20.0) Gecko/20100101 Firefox/20.0"
88.74.37.138 - - [26/Apr/2013:12:30:05 +0200] "GET /images/logo.png HTTP/1.1" 200 16467 "http://www.mbingenieure.de/" "Mozilla/5.0 (Windows NT 6.1; WOW64; rv:20.0) Gecko/20100101 Firefox/20.0"
88.74.37.138 - - [26/Apr/2013:12:30:05 +0200] "GET /images/bild1.png HTTP/1.1" 200 15538 "http://www.mbingenieure.de/" "Mozilla/5.0 (Windows NT 6.1; WOW64; rv:20.0) Gecko/20100101 Firefox/20.0"
88.74.37.138 - - [26/Apr/2013:12:30:05 +0200] "GET /js/plugins.js HTTP/1.1" 200 898 "http://www.mbingenieure.de/" "Mozilla/5.0 (Windows NT 6.1; WOW64; rv:20.0) Gecko/20100101 Firefox/20.0"
