65.52.108.102 - - [09/Nov/2012:20:39:52 +0100] "GET / HTTP/1.1" 200 4688 "-" "Mozilla/4.0 (compatible; MSIE 7.0; Windows NT 5.1; SV1; .NET CLR 1.1.4325; .NET CLR 2.0.50727; .NET CLR 3.0.30729; .NET CLR 3.5.30707)"
65.52.108.102 - - [09/Nov/2012:20:39:55 +0100] "GET /css/style.css HTTP/1.1" 200 2622 "http://www.mbingenieure.de/" "Mozilla/4.0 (compatible; MSIE 7.0; Windows NT 5.1; SV1; .NET CLR 1.1.4325; .NET CLR 2.0.50727; .NET CLR 3.0.30729; .NET CLR 3.5.30707)"
65.52.108.102 - - [09/Nov/2012:20:39:58 +0100] "GET /js/libs/modernizr-2.5.3.min.js HTTP/1.1" 200 15274 "http://www.mbingenieure.de/" "Mozilla/4.0 (compatible; MSIE 7.0; Windows NT 5.1; SV1; .NET CLR 1.1.4325; .NET CLR 2.0.50727; .NET CLR 3.0.30729; .NET CLR 3.5.30707)"
65.52.108.102 - - [09/Nov/2012:20:40:11 +0100] "GET /js/plugins.js HTTP/1.1" 200 898 "http://www.mbingenieure.de/" "Mozilla/4.0 (compatible; MSIE 7.0; Windows NT 5.1; SV1; .NET CLR 1.1.4325; .NET CLR 2.0.50727; .NET CLR 3.0.30729; .NET CLR 3.5.30707)"
178.154.179.250 - - [09/Nov/2012:21:15:56 +0100] "GET /robots.txt HTTP/1.1" 404 - "-" "Mozilla/5.0 (compatible; YandexBot/3.0; +http://yandex.com/bots)"
208.115.111.69 - - [09/Nov/2012:21:31:29 +0100] "GET /robots.txt HTTP/1.1" 404 - "-" "Mozilla/5.0 (compatible; Ezooms/1.0; ezooms.bot@gmail.com)"
208.115.111.69 - - [09/Nov/2012:21:49:24 +0100] "GET /partner.html HTTP/1.1" 200 4401 "-" "Mozilla/5.0 (compatible; Ezooms/1.0; ezooms.bot@gmail.com)"
173.199.118.171 - - [10/Nov/2012:01:03:53 +0100] "GET /robots.txt HTTP/1.1" 404 - "-" "Mozilla/5.0 (compatible; AhrefsBot/4.0; +http://ahrefs.com/robot/)"
178.154.179.250 - - [10/Nov/2012:01:58:11 +0100] "GET /index.html HTTP/1.1" 200 4688 "-" "Mozilla/5.0 (compatible; YandexBot/3.0; +http://yandex.com/bots)"
178.77.126.55 - - [10/Nov/2012:02:04:35 +0100] "GET /robots.txt HTTP/1.1" 404 - "-" "Mozilla/5.0 (compatible; CareerBot/1.1; +http://www.career-x.de/bot.html)"
178.77.126.55 - - [10/Nov/2012:02:04:35 +0100] "GET / HTTP/1.1" 200 4688 "-" "Mozilla/5.0 (compatible; CareerBot/1.1; +http://www.career-x.de/bot.html)"
178.77.126.55 - - [10/Nov/2012:02:04:35 +0100] "GET /uns.html HTTP/1.1" 200 4398 "-" "Mozilla/5.0 (compatible; CareerBot/1.1; +http://www.career-x.de/bot.html)"
66.249.75.8 - - [10/Nov/2012:02:06:24 +0100] "GET /robots.txt HTTP/1.1" 404 - "-" "Mozilla/5.0 (compatible; Googlebot/2.1; +http://www.google.com/bot.html)"
66.249.75.8 - - [10/Nov/2012:02:06:24 +0100] "GET / HTTP/1.1" 200 4688 "-" "DoCoMo/2.0 N905i(c100;TB;W24H16) (compatible; Googlebot-Mobile/2.1; +http://www.google.com/bot.html)"
37.140.141.34 - - [10/Nov/2012:02:56:22 +0100] "GET /robots.txt HTTP/1.1" 404 - "-" "Mozilla/5.0 (compatible; YandexImages/3.0; +http://yandex.com/bots)"
65.52.108.217 - - [10/Nov/2012:06:36:42 +0100] "GET /robots.txt HTTP/1.1" 404 - "-" "msnbot-media/1.1 (+http://search.msn.com/msnbot.htm)"
65.52.108.217 - - [10/Nov/2012:06:36:42 +0100] "GET /images/bild4.png HTTP/1.1" 200 65856 "-" "msnbot-media/1.1 (+http://search.msn.com/msnbot.htm)"
5.9.112.66 - - [10/Nov/2012:07:09:49 +0100] "GET /robots.txt HTTP/1.1" 404 - "-" "Mozilla/5.0 (compatible; SISTRIX Crawler; http://crawler.sistrix.net/)"
5.9.112.66 - - [10/Nov/2012:07:09:50 +0100] "GET / HTTP/1.1" 200 4688 "-" "Mozilla/5.0 (compatible; SISTRIX Crawler; http://crawler.sistrix.net/)"
5.9.112.66 - - [10/Nov/2012:07:09:50 +0100] "GET /kontakt.html HTTP/1.1" 200 4451 "-" "Mozilla/5.0 (compatible; SISTRIX Crawler; http://crawler.sistrix.net/)"
5.9.112.66 - - [10/Nov/2012:07:09:50 +0100] "GET /spektrum.html HTTP/1.1" 200 4365 "-" "Mozilla/5.0 (compatible; SISTRIX Crawler; http://crawler.sistrix.net/)"
5.9.112.66 - - [10/Nov/2012:07:09:50 +0100] "GET /impressum.html HTTP/1.1" 200 5721 "-" "Mozilla/5.0 (compatible; SISTRIX Crawler; http://crawler.sistrix.net/)"
5.9.112.66 - - [10/Nov/2012:07:09:50 +0100] "GET /index.html HTTP/1.1" 200 4688 "-" "Mozilla/5.0 (compatible; SISTRIX Crawler; http://crawler.sistrix.net/)"
5.9.112.66 - - [10/Nov/2012:07:09:50 +0100] "GET /partner.html HTTP/1.1" 200 4401 "-" "Mozilla/5.0 (compatible; SISTRIX Crawler; http://crawler.sistrix.net/)"
5.9.112.66 - - [10/Nov/2012:07:09:50 +0100] "GET /uns.html HTTP/1.1" 200 4398 "-" "Mozilla/5.0 (compatible; SISTRIX Crawler; http://crawler.sistrix.net/)"
5.9.112.66 - - [10/Nov/2012:07:09:50 +0100] "GET /referenz.html HTTP/1.1" 200 10668 "-" "Mozilla/5.0 (compatible; SISTRIX Crawler; http://crawler.sistrix.net/)"
37.140.141.34 - - [10/Nov/2012:08:23:24 +0100] "GET /images/bild2.jpg HTTP/1.1" 404 - "-" "Mozilla/5.0 (compatible; YandexImages/3.0; +http://yandex.com/bots)"
95.108.151.244 - - [11/Nov/2012:02:24:48 +0100] "GET /robots.txt HTTP/1.1" 404 - "-" "Mozilla/5.0 (compatible; YandexBot/3.0; +http://yandex.com/bots)"
95.108.151.244 - - [11/Nov/2012:02:24:49 +0100] "GET / HTTP/1.1" 200 4688 "-" "Mozilla/5.0 (compatible; YandexBot/3.0; +http://yandex.com/bots)"
95.108.151.244 - - [11/Nov/2012:02:24:50 +0100] "GET / HTTP/1.1" 200 4688 "-" "Mozilla/5.0 (compatible; YandexBot/3.0; +http://yandex.com/bots)"
208.115.113.85 - - [11/Nov/2012:03:31:34 +0100] "GET /robots.txt HTTP/1.1" 404 - "-" "Mozilla/5.0 (compatible; Ezooms/1.0; ezooms.bot@gmail.com)"
208.115.113.85 - - [11/Nov/2012:03:49:47 +0100] "GET /referenz.html HTTP/1.1" 200 10668 "-" "Mozilla/5.0 (compatible; Ezooms/1.0; ezooms.bot@gmail.com)"
173.199.118.171 - - [11/Nov/2012:03:58:27 +0100] "GET /robots.txt HTTP/1.1" 404 - "-" "Mozilla/5.0 (compatible; AhrefsBot/4.0; +http://ahrefs.com/robot/)"
173.199.118.171 - - [11/Nov/2012:10:29:36 +0100] "GET /robots.txt HTTP/1.1" 404 - "-" "Mozilla/5.0 (compatible; AhrefsBot/4.0; +http://ahrefs.com/robot/)"
173.199.118.171 - - [11/Nov/2012:13:30:18 +0100] "GET /robots.txt HTTP/1.1" 404 - "-" "Mozilla/5.0 (compatible; AhrefsBot/4.0; +http://ahrefs.com/robot/)"
94.23.220.161 - - [11/Nov/2012:13:39:43 +0100] "GET /index.html HTTP/1.1" 200 4688 "-" "Mozilla/5.0 (X11; Linux i686; rv:6.0) Gecko/20100101 Firefox/6.0"
94.23.220.161 - - [11/Nov/2012:13:39:43 +0100] "GET /referenz.html HTTP/1.1" 200 10668 "-" "Mozilla/5.0 (X11; Linux i686; rv:6.0) Gecko/20100101 Firefox/6.0"
173.199.118.171 - - [11/Nov/2012:14:44:53 +0100] "GET /robots.txt HTTP/1.1" 404 - "-" "Mozilla/5.0 (compatible; AhrefsBot/4.0; +http://ahrefs.com/robot/)"
178.154.179.250 - - [11/Nov/2012:15:34:14 +0100] "GET /robots.txt HTTP/1.1" 404 - "-" "Mozilla/5.0 (compatible; YandexBot/3.0; +http://yandex.com/bots)"
157.55.35.90 - - [11/Nov/2012:16:36:38 +0100] "GET /robots.txt HTTP/1.1" 404 - "-" "Mozilla/5.0 (compatible; bingbot/2.0; +http://www.bing.com/bingbot.htm)"
157.55.35.90 - - [11/Nov/2012:16:41:41 +0100] "GET / HTTP/1.1" 304 - "-" "Mozilla/5.0 (compatible; bingbot/2.0; +http://www.bing.com/bingbot.htm)"
173.199.118.171 - - [11/Nov/2012:17:56:35 +0100] "GET /robots.txt HTTP/1.1" 404 - "-" "Mozilla/5.0 (compatible; AhrefsBot/4.0; +http://ahrefs.com/robot/)"
66.249.76.8 - - [11/Nov/2012:18:01:38 +0100] "GET /robots.txt HTTP/1.1" 404 - "-" "Mozilla/5.0 (compatible; Googlebot/2.1; +http://www.google.com/bot.html)"
66.249.76.8 - - [11/Nov/2012:18:01:38 +0100] "GET /impressum.html HTTP/1.1" 304 - "-" "Mozilla/5.0 (compatible; Googlebot/2.1; +http://www.google.com/bot.html)"
173.199.118.171 - - [11/Nov/2012:20:12:11 +0100] "GET /robots.txt HTTP/1.1" 404 - "-" "Mozilla/5.0 (compatible; AhrefsBot/4.0; +http://ahrefs.com/robot/)"
66.249.76.8 - - [11/Nov/2012:21:46:00 +0100] "GET /referenz.html HTTP/1.1" 200 10668 "-" "Mozilla/5.0 (compatible; Googlebot/2.1; +http://www.google.com/bot.html)"
178.77.126.55 - - [11/Nov/2012:21:47:09 +0100] "GET /robots.txt HTTP/1.1" 404 - "-" "Mozilla/5.0 (compatible; CareerBot/1.1; +http://www.career-x.de/bot.html)"
178.77.126.55 - - [11/Nov/2012:21:47:09 +0100] "GET / HTTP/1.1" 200 4688 "-" "Mozilla/5.0 (compatible; CareerBot/1.1; +http://www.career-x.de/bot.html)"
178.77.126.55 - - [11/Nov/2012:21:47:09 +0100] "GET /uns.html HTTP/1.1" 200 4398 "-" "Mozilla/5.0 (compatible; CareerBot/1.1; +http://www.career-x.de/bot.html)"
66.249.76.8 - - [11/Nov/2012:21:55:43 +0100] "GET /css/style.css HTTP/1.1" 200 2622 "-" "Mozilla/5.0 (compatible; Googlebot/2.1; +http://www.google.com/bot.html)"
157.55.35.90 - - [11/Nov/2012:23:04:56 +0100] "GET /robots.txt HTTP/1.1" 404 - "-" "Mozilla/5.0 (compatible; bingbot/2.0; +http://www.bing.com/bingbot.htm)"
157.55.35.90 - - [11/Nov/2012:23:07:47 +0100] "GET / HTTP/1.1" 304 - "-" "Mozilla/5.0 (compatible; bingbot/2.0; +http://www.bing.com/bingbot.htm)"
173.199.118.171 - - [11/Nov/2012:23:48:25 +0100] "GET /robots.txt HTTP/1.1" 404 - "-" "Mozilla/5.0 (compatible; AhrefsBot/4.0; +http://ahrefs.com/robot/)"
178.154.179.250 - - [12/Nov/2012:01:02:56 +0100] "GET / HTTP/1.1" 200 4688 "-" "Mozilla/5.0 (compatible; YandexBot/3.0; +http://yandex.com/bots)"
83.133.125.202 - - [12/Nov/2012:04:27:14 +0100] "GET / HTTP/1.1" 200 4688 "http://www.bigfinder.de/home-11.html" "T-Online Browser (Windows NT 6.1; de)"
178.154.179.250 - - [12/Nov/2012:15:59:16 +0100] "GET /robots.txt HTTP/1.1" 404 - "-" "Mozilla/5.0 (compatible; YandexBot/3.0; +http://yandex.com/bots)"
66.249.76.8 - - [12/Nov/2012:17:10:40 +0100] "GET /robots.txt HTTP/1.1" 404 - "-" "Mozilla/5.0 (compatible; Googlebot/2.1; +http://www.google.com/bot.html)"
72.14.199.229 - - [12/Nov/2012:17:10:40 +0100] "GET /google96721bab6c5575fe.html HTTP/1.1" 200 53 "-" "Google-Site-Verification/1.0"
93.196.22.45 - - [12/Nov/2012:19:26:17 +0100] "GET / HTTP/1.1" 200 4688 "-" "Jakarta Commons-HttpClient/3.1"
93.196.22.45 - - [12/Nov/2012:19:26:18 +0100] "GET /impressum.html HTTP/1.1" 200 5721 "-" "Jakarta Commons-HttpClient/3.1"
178.154.179.250 - - [12/Nov/2012:20:23:25 +0100] "GET /spektrum.html HTTP/1.1" 200 4365 "-" "Mozilla/5.0 (compatible; YandexBot/3.0; +http://yandex.com/bots)"
208.115.111.69 - - [13/Nov/2012:01:37:21 +0100] "GET /robots.txt HTTP/1.1" 404 - "-" "Mozilla/5.0 (compatible; Ezooms/1.0; ezooms.bot@gmail.com)"
157.55.32.189 - - [13/Nov/2012:02:53:27 +0100] "GET /robots.txt HTTP/1.1" 404 - "-" "Mozilla/5.0 (compatible; bingbot/2.0; +http://www.bing.com/bingbot.htm)"
157.55.32.189 - - [13/Nov/2012:02:54:45 +0100] "GET /referenz.html HTTP/1.1" 200 10668 "-" "Mozilla/5.0 (compatible; bingbot/2.0; +http://www.bing.com/bingbot.htm)"
157.55.35.32 - - [13/Nov/2012:02:55:49 +0100] "GET /css/style.css HTTP/1.1" 200 2622 "-" "Mozilla/5.0 (compatible; bingbot/2.0; +http://www.bing.com/bingbot.htm)"
157.55.35.32 - - [13/Nov/2012:02:55:50 +0100] "GET /js/plugins.js HTTP/1.1" 200 898 "-" "Mozilla/5.0 (compatible; bingbot/2.0; +http://www.bing.com/bingbot.htm)"
157.55.35.90 - - [13/Nov/2012:02:55:56 +0100] "GET /js/libs/modernizr-2.5.3.min.js HTTP/1.1" 200 15274 "-" "Mozilla/5.0 (compatible; bingbot/2.0; +http://www.bing.com/bingbot.htm)"
208.115.111.69 - - [13/Nov/2012:03:51:25 +0100] "GET /index.html HTTP/1.1" 200 4688 "-" "Mozilla/5.0 (compatible; Ezooms/1.0; ezooms.bot@gmail.com)"
173.199.118.171 - - [13/Nov/2012:11:26:39 +0100] "GET /robots.txt HTTP/1.1" 404 - "-" "Mozilla/5.0 (compatible; AhrefsBot/4.0; +http://ahrefs.com/robot/)"
178.154.179.250 - - [13/Nov/2012:12:48:32 +0100] "GET /referenz.html HTTP/1.1" 200 10668 "-" "Mozilla/5.0 (compatible; YandexBot/3.0; +http://yandex.com/bots)"
173.199.118.171 - - [13/Nov/2012:14:19:14 +0100] "GET /robots.txt HTTP/1.1" 404 - "-" "Mozilla/5.0 (compatible; AhrefsBot/4.0; +http://ahrefs.com/robot/)"
78.55.13.69 - - [13/Nov/2012:16:15:23 +0100] "GET / HTTP/1.1" 200 4688 "http://www.tanzkapelle-krause.de/freunde.html" "Mozilla/5.0 (Windows NT 5.1; rv:16.0) Gecko/20100101 Firefox/16.0"
78.55.13.69 - - [13/Nov/2012:16:15:24 +0100] "GET /css/style.css HTTP/1.1" 200 2622 "http://www.mbingenieure.de/" "Mozilla/5.0 (Windows NT 5.1; rv:16.0) Gecko/20100101 Firefox/16.0"
78.55.13.69 - - [13/Nov/2012:16:15:24 +0100] "GET /js/libs/modernizr-2.5.3.min.js HTTP/1.1" 200 15274 "http://www.mbingenieure.de/" "Mozilla/5.0 (Windows NT 5.1; rv:16.0) Gecko/20100101 Firefox/16.0"
78.55.13.69 - - [13/Nov/2012:16:15:24 +0100] "GET /images/logo.png HTTP/1.1" 200 16467 "http://www.mbingenieure.de/" "Mozilla/5.0 (Windows NT 5.1; rv:16.0) Gecko/20100101 Firefox/16.0"
78.55.13.69 - - [13/Nov/2012:16:15:24 +0100] "GET /images/bild1.png HTTP/1.1" 200 15538 "http://www.mbingenieure.de/" "Mozilla/5.0 (Windows NT 5.1; rv:16.0) Gecko/20100101 Firefox/16.0"
78.55.13.69 - - [13/Nov/2012:16:15:24 +0100] "GET /js/plugins.js HTTP/1.1" 200 898 "http://www.mbingenieure.de/" "Mozilla/5.0 (Windows NT 5.1; rv:16.0) Gecko/20100101 Firefox/16.0"
78.55.13.69 - - [13/Nov/2012:16:15:24 +0100] "GET /images/bild4.png HTTP/1.1" 200 65856 "http://www.mbingenieure.de/" "Mozilla/5.0 (Windows NT 5.1; rv:16.0) Gecko/20100101 Firefox/16.0"
78.55.13.69 - - [13/Nov/2012:16:15:24 +0100] "GET /images/bild2.png HTTP/1.1" 200 68475 "http://www.mbingenieure.de/" "Mozilla/5.0 (Windows NT 5.1; rv:16.0) Gecko/20100101 Firefox/16.0"
78.55.13.69 - - [13/Nov/2012:16:15:24 +0100] "GET /images/footer.png HTTP/1.1" 200 1064 "http://www.mbingenieure.de/css/style.css" "Mozilla/5.0 (Windows NT 5.1; rv:16.0) Gecko/20100101 Firefox/16.0"
78.55.13.69 - - [13/Nov/2012:16:15:24 +0100] "GET /images/header.png HTTP/1.1" 200 1494 "http://www.mbingenieure.de/css/style.css" "Mozilla/5.0 (Windows NT 5.1; rv:16.0) Gecko/20100101 Firefox/16.0"
78.55.13.69 - - [13/Nov/2012:16:15:24 +0100] "GET /images/navi.png HTTP/1.1" 200 946 "http://www.mbingenieure.de/css/style.css" "Mozilla/5.0 (Windows NT 5.1; rv:16.0) Gecko/20100101 Firefox/16.0"
78.55.13.69 - - [13/Nov/2012:16:15:25 +0100] "GET /favicon.ico HTTP/1.1" 200 93062 "-" "Mozilla/5.0 (Windows NT 5.1; rv:16.0) Gecko/20100101 Firefox/16.0"
157.55.34.179 - - [13/Nov/2012:16:18:47 +0100] "GET /robots.txt HTTP/1.1" 404 - "-" "Mozilla/5.0 (compatible; bingbot/2.0; +http://www.bing.com/bingbot.htm)"
157.55.34.179 - - [13/Nov/2012:16:29:45 +0100] "GET /uns.html HTTP/1.1" 200 4398 "-" "Mozilla/5.0 (compatible; bingbot/2.0; +http://www.bing.com/bingbot.htm)"
178.154.179.250 - - [13/Nov/2012:17:14:32 +0100] "GET /robots.txt HTTP/1.1" 404 - "-" "Mozilla/5.0 (compatible; YandexBot/3.0; +http://yandex.com/bots)"
178.154.179.250 - - [13/Nov/2012:17:39:27 +0100] "GET / HTTP/1.1" 200 4688 "-" "Mozilla/5.0 (compatible; YandexBot/3.0; +http://yandex.com/bots)"
178.154.179.250 - - [13/Nov/2012:17:39:30 +0100] "GET /uns.html HTTP/1.1" 200 4398 "-" "Mozilla/5.0 (compatible; YandexBot/3.0; +http://yandex.com/bots)"
131.253.40.43 - - [13/Nov/2012:21:27:04 +0100] "GET /robots.txt HTTP/1.1" 404 - "-" "msnbot-media/1.1 (+http://search.msn.com/msnbot.htm)"
131.253.40.43 - - [13/Nov/2012:21:27:05 +0100] "GET /images/logo.png HTTP/1.1" 200 16467 "-" "msnbot-media/1.1 (+http://search.msn.com/msnbot.htm)"
178.154.179.250 - - [14/Nov/2012:01:00:21 +0100] "GET /kontakt.html HTTP/1.1" 200 4451 "-" "Mozilla/5.0 (compatible; YandexBot/3.0; +http://yandex.com/bots)"
109.73.52.73 - - [14/Nov/2012:01:20:44 +0100] "GET / HTTP/1.1" 200 4688 "http://www.sumaja.de/" "Mozilla/4.0 (compatible; MSIE 7.0; Windows NT 6.0; GTB6; SLCC1; .NET CLR 2.0.50727; Media Center PC 5.0; eSobiSubscriber 2.0.4.16; .NET CLR 3.5.30729; .NET CLR 3.0.30729; .NET4.0C)"
83.133.125.202 - - [14/Nov/2012:01:20:45 +0100] "GET / HTTP/1.0" 200 4688 "-" "-"
83.133.125.202 - - [14/Nov/2012:01:20:45 +0100] "GET / HTTP/1.0" 200 4688 "-" "-"
95.108.151.244 - - [14/Nov/2012:01:26:36 +0100] "GET /robots.txt HTTP/1.1" 404 - "-" "Mozilla/5.0 (compatible; YandexBot/3.0; +http://yandex.com/bots)"
95.108.151.244 - - [14/Nov/2012:01:26:37 +0100] "GET / HTTP/1.1" 200 4688 "-" "Mozilla/5.0 (compatible; YandexBot/3.0; +http://yandex.com/bots)"
95.108.151.244 - - [14/Nov/2012:01:26:38 +0100] "GET / HTTP/1.1" 200 4688 "-" "Mozilla/5.0 (compatible; YandexBot/3.0; +http://yandex.com/bots)"
178.77.126.55 - - [14/Nov/2012:01:38:39 +0100] "GET /robots.txt HTTP/1.1" 404 - "-" "Mozilla/5.0 (compatible; CareerBot/1.1; +http://www.career-x.de/bot.html)"
178.77.126.55 - - [14/Nov/2012:01:38:39 +0100] "GET / HTTP/1.1" 200 4688 "-" "Mozilla/5.0 (compatible; CareerBot/1.1; +http://www.career-x.de/bot.html)"
178.77.126.55 - - [14/Nov/2012:01:38:39 +0100] "GET /uns.html HTTP/1.1" 200 4398 "-" "Mozilla/5.0 (compatible; CareerBot/1.1; +http://www.career-x.de/bot.html)"
157.56.93.187 - - [14/Nov/2012:02:37:34 +0100] "GET /robots.txt HTTP/1.1" 404 - "-" "Mozilla/5.0 (compatible; bingbot/2.0; +http://www.bing.com/bingbot.htm)"
157.56.93.187 - - [14/Nov/2012:03:06:58 +0100] "GET /impressum.html HTTP/1.1" 200 5721 "-" "Mozilla/5.0 (compatible; bingbot/2.0; +http://www.bing.com/bingbot.htm)"
157.56.93.187 - - [14/Nov/2012:03:08:24 +0100] "GET /index.html HTTP/1.1" 200 4688 "-" "Mozilla/5.0 (compatible; bingbot/2.0; +http://www.bing.com/bingbot.htm)"
65.55.24.243 - - [14/Nov/2012:03:14:01 +0100] "GET /uns.html HTTP/1.1" 200 4398 "-" "Mozilla/5.0 (compatible; bingbot/2.0; +http://www.bing.com/bingbot.htm)"
66.249.76.8 - - [14/Nov/2012:06:34:31 +0100] "GET /robots.txt HTTP/1.1" 404 - "-" "Mozilla/5.0 (compatible; Googlebot/2.1; +http://www.google.com/bot.html)"
66.249.76.8 - - [14/Nov/2012:06:34:31 +0100] "GET / HTTP/1.1" 200 4688 "-" "Mozilla/5.0 (iPhone; U; CPU iPhone OS 4_1 like Mac OS X; en-us) AppleWebKit/532.9 (KHTML, like Gecko) Version/4.0.5 Mobile/8B117 Safari/6531.22.7 (compatible; Googlebot-Mobile/2.1; +http://www.google.com/bot.html)"
66.249.76.8 - - [14/Nov/2012:06:42:17 +0100] "GET /css/style.css HTTP/1.1" 200 2622 "-" "Mozilla/5.0 (compatible; Googlebot/2.1; +http://www.google.com/bot.html)"
66.249.76.8 - - [14/Nov/2012:06:42:17 +0100] "GET /images/bild4.jpg HTTP/1.1" 404 - "-" "Mozilla/5.0 (compatible; Googlebot/2.1; +http://www.google.com/bot.html)"
66.249.76.8 - - [14/Nov/2012:06:42:18 +0100] "GET /images/bild3.png HTTP/1.1" 404 - "-" "Mozilla/5.0 (compatible; Googlebot/2.1; +http://www.google.com/bot.html)"
66.249.76.8 - - [14/Nov/2012:06:42:18 +0100] "GET /images/bild2.jpg HTTP/1.1" 404 - "-" "Mozilla/5.0 (compatible; Googlebot/2.1; +http://www.google.com/bot.html)"
66.249.76.8 - - [14/Nov/2012:06:42:21 +0100] "GET /images/bild1.png HTTP/1.1" 200 15538 "http://www.mbingenieure.de/" "Mozilla/5.0 (compatible; Googlebot/2.1; +http://www.google.com/bot.html)"
66.249.76.8 - - [14/Nov/2012:06:42:21 +0100] "GET /images/bild4.png HTTP/1.1" 200 65856 "http://www.mbingenieure.de/" "Mozilla/5.0 (compatible; Googlebot/2.1; +http://www.google.com/bot.html)"
66.249.76.8 - - [14/Nov/2012:06:42:21 +0100] "GET /images/bild2.png HTTP/1.1" 200 68475 "http://www.mbingenieure.de/" "Mozilla/5.0 (compatible; Googlebot/2.1; +http://www.google.com/bot.html)"
66.249.76.8 - - [14/Nov/2012:06:42:22 +0100] "GET /images/logo.png HTTP/1.1" 200 16467 "http://www.mbingenieure.de/" "Mozilla/5.0 (compatible; Googlebot/2.1; +http://www.google.com/bot.html)"
37.140.141.34 - - [14/Nov/2012:07:00:05 +0100] "GET /robots.txt HTTP/1.1" 404 - "-" "Mozilla/5.0 (compatible; YandexImages/3.0; +http://yandex.com/bots)"
157.55.35.32 - - [14/Nov/2012:07:11:23 +0100] "GET /robots.txt HTTP/1.1" 404 - "-" "Mozilla/5.0 (compatible; bingbot/2.0; +http://www.bing.com/bingbot.htm)"
157.55.35.32 - - [14/Nov/2012:07:29:25 +0100] "GET /kontakt.html HTTP/1.1" 200 4451 "-" "Mozilla/5.0 (compatible; bingbot/2.0; +http://www.bing.com/bingbot.htm)"
66.249.76.8 - - [14/Nov/2012:09:08:53 +0100] "GET / HTTP/1.1" 200 4688 "-" "SAMSUNG-SGH-E250/1.0 Profile/MIDP-2.0 Configuration/CLDC-1.1 UP.Browser/6.2.3.3.c.1.101 (GUI) MMP/2.0 (compatible; Googlebot-Mobile/2.1; +http://www.google.com/bot.html)"
37.140.141.34 - - [14/Nov/2012:13:04:31 +0100] "GET /images/bild3.png HTTP/1.1" 404 - "-" "Mozilla/5.0 (compatible; YandexImages/3.0; +http://yandex.com/bots)"
66.249.75.8 - - [14/Nov/2012:14:57:08 +0100] "GET /robots.txt HTTP/1.1" 404 - "-" "Mozilla/5.0 (compatible; Googlebot/2.1; +http://www.google.com/bot.html)"
66.249.75.8 - - [14/Nov/2012:14:57:08 +0100] "GET / HTTP/1.1" 200 4688 "-" "Mozilla/5.0 (compatible; Googlebot/2.1; +http://www.google.com/bot.html)"
178.154.179.250 - - [14/Nov/2012:17:34:32 +0100] "GET /robots.txt HTTP/1.1" 404 - "-" "Mozilla/5.0 (compatible; YandexBot/3.0; +http://yandex.com/bots)"
178.154.179.250 - - [14/Nov/2012:18:46:01 +0100] "GET /index.html HTTP/1.1" 200 4688 "-" "Mozilla/5.0 (compatible; YandexBot/3.0; +http://yandex.com/bots)"
37.140.141.34 - - [14/Nov/2012:20:23:04 +0100] "GET /images/bild2.jpg HTTP/1.1" 404 - "-" "Mozilla/5.0 (compatible; YandexImages/3.0; +http://yandex.com/bots)"
79.247.175.71 - - [14/Nov/2012:20:30:15 +0100] "GET / HTTP/1.1" 200 4688 "http://www.tanzkapelle-krause.de/freunde.html" "Mozilla/5.0 (compatible; MSIE 9.0; Windows NT 6.1; WOW64; Trident/5.0)"
79.247.175.71 - - [14/Nov/2012:20:30:15 +0100] "GET /js/libs/modernizr-2.5.3.min.js HTTP/1.1" 200 15274 "http://www.mbingenieure.de/" "Mozilla/5.0 (compatible; MSIE 9.0; Windows NT 6.1; WOW64; Trident/5.0)"
79.247.175.71 - - [14/Nov/2012:20:30:15 +0100] "GET /css/style.css HTTP/1.1" 200 2622 "http://www.mbingenieure.de/" "Mozilla/5.0 (compatible; MSIE 9.0; Windows NT 6.1; WOW64; Trident/5.0)"
79.247.175.71 - - [14/Nov/2012:20:30:15 +0100] "GET /images/logo.png HTTP/1.1" 200 16467 "http://www.mbingenieure.de/" "Mozilla/5.0 (compatible; MSIE 9.0; Windows NT 6.1; WOW64; Trident/5.0)"
79.247.175.71 - - [14/Nov/2012:20:30:15 +0100] "GET /images/bild1.png HTTP/1.1" 200 15538 "http://www.mbingenieure.de/" "Mozilla/5.0 (compatible; MSIE 9.0; Windows NT 6.1; WOW64; Trident/5.0)"
79.247.175.71 - - [14/Nov/2012:20:30:16 +0100] "GET /js/plugins.js HTTP/1.1" 200 898 "http://www.mbingenieure.de/" "Mozilla/5.0 (compatible; MSIE 9.0; Windows NT 6.1; WOW64; Trident/5.0)"
79.247.175.71 - - [14/Nov/2012:20:30:16 +0100] "GET /images/footer.png HTTP/1.1" 200 1064 "http://www.mbingenieure.de/" "Mozilla/5.0 (compatible; MSIE 9.0; Windows NT 6.1; WOW64; Trident/5.0)"
79.247.175.71 - - [14/Nov/2012:20:30:15 +0100] "GET /images/bild4.png HTTP/1.1" 200 65856 "http://www.mbingenieure.de/" "Mozilla/5.0 (compatible; MSIE 9.0; Windows NT 6.1; WOW64; Trident/5.0)"
79.247.175.71 - - [14/Nov/2012:20:30:15 +0100] "GET /images/bild2.png HTTP/1.1" 200 68475 "http://www.mbingenieure.de/" "Mozilla/5.0 (compatible; MSIE 9.0; Windows NT 6.1; WOW64; Trident/5.0)"
79.247.175.71 - - [14/Nov/2012:20:30:16 +0100] "GET /images/header.png HTTP/1.1" 200 1494 "http://www.mbingenieure.de/" "Mozilla/5.0 (compatible; MSIE 9.0; Windows NT 6.1; WOW64; Trident/5.0)"
79.247.175.71 - - [14/Nov/2012:20:30:17 +0100] "GET /images/navi.png HTTP/1.1" 200 946 "http://www.mbingenieure.de/" "Mozilla/5.0 (compatible; MSIE 9.0; Windows NT 6.1; WOW64; Trident/5.0)"
79.247.175.71 - - [14/Nov/2012:20:30:18 +0100] "GET /favicon.ico HTTP/1.1" 200 93062 "-" "Mozilla/5.0 (compatible; MSIE 9.0; Windows NT 6.1; WOW64; Trident/5.0)"
79.247.175.71 - - [14/Nov/2012:20:30:27 +0100] "GET /uns.html HTTP/1.1" 200 4398 "http://www.mbingenieure.de/" "Mozilla/5.0 (compatible; MSIE 9.0; Windows NT 6.1; WOW64; Trident/5.0)"
79.247.175.71 - - [14/Nov/2012:20:30:30 +0100] "GET /spektrum.html HTTP/1.1" 200 4365 "http://www.mbingenieure.de/uns.html" "Mozilla/5.0 (compatible; MSIE 9.0; Windows NT 6.1; WOW64; Trident/5.0)"
79.247.175.71 - - [14/Nov/2012:20:30:32 +0100] "GET /referenz.html HTTP/1.1" 200 10668 "http://www.mbingenieure.de/spektrum.html" "Mozilla/5.0 (compatible; MSIE 9.0; Windows NT 6.1; WOW64; Trident/5.0)"
79.247.175.71 - - [14/Nov/2012:20:30:56 +0100] "GET /partner.html HTTP/1.1" 200 4401 "http://www.mbingenieure.de/referenz.html" "Mozilla/5.0 (compatible; MSIE 9.0; Windows NT 6.1; WOW64; Trident/5.0)"
37.140.141.34 - - [14/Nov/2012:21:05:33 +0100] "GET /images/bild4.jpg HTTP/1.1" 404 - "-" "Mozilla/5.0 (compatible; YandexImages/3.0; +http://yandex.com/bots)"
178.154.179.250 - - [15/Nov/2012:05:57:37 +0100] "GET / HTTP/1.1" 200 4688 "-" "Mozilla/5.0 (compatible; YandexBot/3.0; +http://yandex.com/bots)"
178.154.179.250 - - [15/Nov/2012:06:50:22 +0100] "GET /uns.html HTTP/1.1" 200 4398 "-" "Mozilla/5.0 (compatible; YandexBot/3.0; +http://yandex.com/bots)"
178.154.179.250 - - [15/Nov/2012:18:17:13 +0100] "GET /robots.txt HTTP/1.1" 404 - "-" "Mozilla/5.0 (compatible; YandexBot/3.0; +http://yandex.com/bots)"
178.77.126.55 - - [16/Nov/2012:03:03:23 +0100] "GET /robots.txt HTTP/1.1" 404 - "-" "Mozilla/5.0 (compatible; CareerBot/1.1; +http://www.career-x.de/bot.html)"
178.77.126.55 - - [16/Nov/2012:03:03:23 +0100] "GET / HTTP/1.1" 200 4688 "-" "Mozilla/5.0 (compatible; CareerBot/1.1; +http://www.career-x.de/bot.html)"
178.77.126.55 - - [16/Nov/2012:03:03:23 +0100] "GET /uns.html HTTP/1.1" 200 4398 "-" "Mozilla/5.0 (compatible; CareerBot/1.1; +http://www.career-x.de/bot.html)"
178.154.179.250 - - [16/Nov/2012:04:05:45 +0100] "GET /kontakt.html HTTP/1.1" 200 4451 "-" "Mozilla/5.0 (compatible; YandexBot/3.0; +http://yandex.com/bots)"
208.115.111.69 - - [16/Nov/2012:05:37:28 +0100] "GET /robots.txt HTTP/1.1" 404 - "-" "Mozilla/5.0 (compatible; Ezooms/1.0; ezooms.bot@gmail.com)"
208.115.111.69 - - [16/Nov/2012:07:59:32 +0100] "GET /spektrum.html HTTP/1.1" 200 4365 "-" "Mozilla/5.0 (compatible; Ezooms/1.0; ezooms.bot@gmail.com)"
66.249.75.8 - - [16/Nov/2012:15:44:28 +0100] "GET /robots.txt HTTP/1.1" 404 - "-" "Mozilla/5.0 (compatible; Googlebot/2.1; +http://www.google.com/bot.html)"
66.249.75.8 - - [16/Nov/2012:15:44:28 +0100] "GET /impressum.html HTTP/1.1" 200 5721 "-" "Mozilla/5.0 (iPhone; U; CPU iPhone OS 4_1 like Mac OS X; en-us) AppleWebKit/532.9 (KHTML, like Gecko) Version/4.0.5 Mobile/8B117 Safari/6531.22.7 (compatible; Googlebot-Mobile/2.1; +http://www.google.com/bot.html)"
92.224.37.5 - - [16/Nov/2012:16:41:16 +0100] "GET / HTTP/1.1" 200 4688 "-" "UserAgent: Apache-HttpClient/release (java 1.5)"
92.224.37.5 - - [16/Nov/2012:16:41:16 +0100] "GET /impressum.html HTTP/1.1" 200 5721 "-" "UserAgent: Apache-HttpClient/release (java 1.5)"
37.140.141.34 - - [16/Nov/2012:16:54:03 +0100] "GET /robots.txt HTTP/1.1" 404 - "-" "Mozilla/5.0 (compatible; YandexImages/3.0; +http://yandex.com/bots)"
66.249.75.8 - - [16/Nov/2012:17:49:29 +0100] "GET /css/style.css HTTP/1.1" 200 2622 "-" "Mozilla/5.0 (compatible; Googlebot/2.1; +http://www.google.com/bot.html)"
66.249.75.8 - - [16/Nov/2012:17:49:30 +0100] "GET /js/plugins.js HTTP/1.1" 200 898 "-" "Mozilla/5.0 (compatible; Googlebot/2.1; +http://www.google.com/bot.html)"
66.249.75.8 - - [16/Nov/2012:17:49:30 +0100] "GET /js/libs/modernizr-2.5.3.min.js HTTP/1.1" 200 15274 "-" "Mozilla/5.0 (compatible; Googlebot/2.1; +http://www.google.com/bot.html)"
173.199.118.171 - - [16/Nov/2012:18:15:01 +0100] "GET /robots.txt HTTP/1.1" 404 - "-" "Mozilla/5.0 (compatible; AhrefsBot/4.0; +http://ahrefs.com/robot/)"
178.154.179.250 - - [16/Nov/2012:18:59:19 +0100] "GET /robots.txt HTTP/1.1" 404 - "-" "Mozilla/5.0 (compatible; YandexBot/3.0; +http://yandex.com/bots)"
173.199.118.171 - - [16/Nov/2012:22:14:16 +0100] "GET /robots.txt HTTP/1.1" 404 - "-" "Mozilla/5.0 (compatible; AhrefsBot/4.0; +http://ahrefs.com/robot/)"
37.140.141.34 - - [16/Nov/2012:22:48:52 +0100] "GET /images/bild3.png HTTP/1.1" 404 - "-" "Mozilla/5.0 (compatible; YandexImages/3.0; +http://yandex.com/bots)"
157.56.93.191 - - [17/Nov/2012:00:37:35 +0100] "GET /robots.txt HTTP/1.1" 404 - "-" "Mozilla/5.0 (compatible; bingbot/2.0; +http://www.bing.com/bingbot.htm)"
157.56.93.191 - - [17/Nov/2012:00:51:12 +0100] "GET / HTTP/1.1" 304 - "-" "Mozilla/5.0 (compatible; bingbot/2.0; +http://www.bing.com/bingbot.htm)"
173.199.118.171 - - [17/Nov/2012:00:55:44 +0100] "GET /robots.txt HTTP/1.1" 404 - "-" "Mozilla/5.0 (compatible; AhrefsBot/4.0; +http://ahrefs.com/robot/)"
157.56.93.191 - - [17/Nov/2012:01:12:09 +0100] "GET / HTTP/1.1" 304 - "-" "Mozilla/5.0 (compatible; bingbot/2.0; +http://www.bing.com/bingbot.htm)"
178.154.179.250 - - [17/Nov/2012:02:28:55 +0100] "GET /impressum.html HTTP/1.1" 200 5721 "-" "Mozilla/5.0 (compatible; YandexBot/3.0; +http://yandex.com/bots)"
208.115.113.85 - - [17/Nov/2012:03:32:18 +0100] "GET /robots.txt HTTP/1.1" 404 - "-" "Mozilla/5.0 (compatible; Ezooms/1.0; ezooms.bot@gmail.com)"
37.140.141.34 - - [17/Nov/2012:05:10:02 +0100] "GET /images/bild4.jpg HTTP/1.1" 404 - "-" "Mozilla/5.0 (compatible; YandexImages/3.0; +http://yandex.com/bots)"
208.115.113.85 - - [17/Nov/2012:05:22:08 +0100] "GET /uns.html HTTP/1.1" 200 4398 "-" "Mozilla/5.0 (compatible; Ezooms/1.0; ezooms.bot@gmail.com)"
5.9.25.76 - - [17/Nov/2012:06:02:16 +0100] "GET /robots.txt HTTP/1.1" 404 - "-" "Pixray-Seeker/2.0 (Pixray-Seeker; +http://www.pixray.com/pixraybot; +crawler@pixray.com)"
5.9.25.76 - - [17/Nov/2012:06:02:16 +0100] "GET /referenz.html HTTP/1.1" 200 10668 "-" "Pixray-Seeker/2.0 (Pixray-Seeker; +http://www.pixray.com/pixraybot; +crawler@pixray.com)"
5.9.25.84 - - [17/Nov/2012:06:59:00 +0100] "GET /robots.txt HTTP/1.1" 404 - "-" "Pixray-Seeker/2.0 (Pixray-Seeker; +http://www.pixray.com/pixraybot; +crawler@pixray.com)"
5.9.25.84 - - [17/Nov/2012:06:59:00 +0100] "GET / HTTP/1.1" 200 4688 "-" "Pixray-Seeker/2.0 (Pixray-Seeker; +http://www.pixray.com/pixraybot; +crawler@pixray.com)"
5.9.25.81 - - [17/Nov/2012:08:08:46 +0100] "GET /robots.txt HTTP/1.1" 404 - "-" "Pixray-Seeker/2.0 (Pixray-Seeker; +http://www.pixray.com/pixraybot; +crawler@pixray.com)"
5.9.25.81 - - [17/Nov/2012:08:08:46 +0100] "GET /kontakt.html HTTP/1.1" 200 4451 "-" "Pixray-Seeker/2.0 (Pixray-Seeker; +http://www.pixray.com/pixraybot; +crawler@pixray.com)"
208.115.111.69 - - [17/Nov/2012:09:21:15 +0100] "GET /robots.txt HTTP/1.1" 404 - "-" "Mozilla/5.0 (compatible; Ezooms/1.0; ezooms.bot@gmail.com)"
5.9.112.68 - - [17/Nov/2012:11:12:37 +0100] "GET /robots.txt HTTP/1.1" 404 - "-" "Mozilla/5.0 (compatible; SISTRIX Crawler; http://crawler.sistrix.net/)"
5.9.112.68 - - [17/Nov/2012:11:12:37 +0100] "GET / HTTP/1.1" 200 4688 "-" "Mozilla/5.0 (compatible; SISTRIX Crawler; http://crawler.sistrix.net/)"
5.9.112.68 - - [17/Nov/2012:11:12:37 +0100] "GET /kontakt.html HTTP/1.1" 200 4451 "-" "Mozilla/5.0 (compatible; SISTRIX Crawler; http://crawler.sistrix.net/)"
5.9.112.68 - - [17/Nov/2012:11:12:37 +0100] "GET /spektrum.html HTTP/1.1" 200 4365 "-" "Mozilla/5.0 (compatible; SISTRIX Crawler; http://crawler.sistrix.net/)"
5.9.112.68 - - [17/Nov/2012:11:12:38 +0100] "GET /impressum.html HTTP/1.1" 200 5721 "-" "Mozilla/5.0 (compatible; SISTRIX Crawler; http://crawler.sistrix.net/)"
5.9.112.68 - - [17/Nov/2012:11:12:38 +0100] "GET /index.html HTTP/1.1" 200 4688 "-" "Mozilla/5.0 (compatible; SISTRIX Crawler; http://crawler.sistrix.net/)"
5.9.112.68 - - [17/Nov/2012:11:12:38 +0100] "GET /partner.html HTTP/1.1" 200 4401 "-" "Mozilla/5.0 (compatible; SISTRIX Crawler; http://crawler.sistrix.net/)"
5.9.112.68 - - [17/Nov/2012:11:12:38 +0100] "GET /uns.html HTTP/1.1" 200 4398 "-" "Mozilla/5.0 (compatible; SISTRIX Crawler; http://crawler.sistrix.net/)"
5.9.112.68 - - [17/Nov/2012:11:12:38 +0100] "GET /referenz.html HTTP/1.1" 200 10668 "-" "Mozilla/5.0 (compatible; SISTRIX Crawler; http://crawler.sistrix.net/)"
157.56.93.191 - - [17/Nov/2012:11:31:39 +0100] "GET /robots.txt HTTP/1.1" 404 - "-" "Mozilla/5.0 (compatible; bingbot/2.0; +http://www.bing.com/bingbot.htm)"
157.56.93.191 - - [17/Nov/2012:11:42:17 +0100] "GET / HTTP/1.1" 200 4688 "-" "Mozilla/5.0 (compatible; bingbot/2.0; +http://www.bing.com/bingbot.htm)"
208.115.111.69 - - [17/Nov/2012:12:16:29 +0100] "GET /kontakt.html HTTP/1.1" 200 4451 "-" "Mozilla/5.0 (compatible; Ezooms/1.0; ezooms.bot@gmail.com)"
95.211.139.1 - - [17/Nov/2012:12:34:55 +0100] "GET /robots.txt HTTP/1.0" 404 - "-" "Mozilla/5.0 (compatible; AcoonBot/4.11.1; +http://www.acoon.de/robot.asp)"
95.211.139.1 - - [17/Nov/2012:12:34:55 +0100] "GET / HTTP/1.0" 200 4688 "-" "Mozilla/5.0 (compatible; AcoonBot/4.11.1; +http://www.acoon.de/robot.asp)"
157.55.35.91 - - [17/Nov/2012:13:56:07 +0100] "GET /robots.txt HTTP/1.1" 404 - "-" "Mozilla/5.0 (compatible; bingbot/2.0; +http://www.bing.com/bingbot.htm)"
178.154.179.250 - - [17/Nov/2012:14:03:45 +0100] "GET / HTTP/1.1" 200 4688 "-" "Mozilla/5.0 (compatible; YandexBot/3.0; +http://yandex.com/bots)"
157.55.35.91 - - [17/Nov/2012:14:14:57 +0100] "GET /impressum.html HTTP/1.1" 200 5721 "-" "Mozilla/5.0 (compatible; bingbot/2.0; +http://www.bing.com/bingbot.htm)"
157.55.35.91 - - [17/Nov/2012:14:14:57 +0100] "GET /index.html HTTP/1.1" 200 4688 "-" "Mozilla/5.0 (compatible; bingbot/2.0; +http://www.bing.com/bingbot.htm)"
188.138.110.90 - - [17/Nov/2012:14:55:14 +0100] "GET /index.html HTTP/1.1" 200 4688 "-" "Mozilla/4.0 (compatible; MSIE 6.0; Windows 98; Win 9x4.90)"
157.55.32.57 - - [17/Nov/2012:15:54:25 +0100] "GET /uns.html HTTP/1.1" 200 4398 "-" "Mozilla/5.0 (compatible; bingbot/2.0; +http://www.bing.com/bingbot.htm)"
157.55.35.91 - - [17/Nov/2012:18:45:34 +0100] "GET /robots.txt HTTP/1.1" 404 - "-" "Mozilla/5.0 (compatible; bingbot/2.0; +http://www.bing.com/bingbot.htm)"
37.140.141.34 - - [17/Nov/2012:19:27:58 +0100] "GET /robots.txt HTTP/1.1" 404 - "-" "Mozilla/5.0 (compatible; YandexImages/3.0; +http://yandex.com/bots)"
157.55.35.91 - - [17/Nov/2012:19:35:13 +0100] "GET /impressum.html HTTP/1.1" 200 5721 "-" "Mozilla/5.0 (compatible; bingbot/2.0; +http://www.bing.com/bingbot.htm)"
157.55.35.91 - - [17/Nov/2012:19:35:13 +0100] "GET /index.html HTTP/1.1" 200 4688 "-" "Mozilla/5.0 (compatible; bingbot/2.0; +http://www.bing.com/bingbot.htm)"
178.154.179.250 - - [17/Nov/2012:20:28:03 +0100] "GET /robots.txt HTTP/1.1" 404 - "-" "Mozilla/5.0 (compatible; YandexBot/3.0; +http://yandex.com/bots)"
178.77.126.55 - - [18/Nov/2012:01:11:56 +0100] "GET /robots.txt HTTP/1.1" 404 - "-" "Mozilla/5.0 (compatible; CareerBot/1.1; +http://www.career-x.de/bot.html)"
178.77.126.55 - - [18/Nov/2012:01:11:56 +0100] "GET / HTTP/1.1" 200 4688 "-" "Mozilla/5.0 (compatible; CareerBot/1.1; +http://www.career-x.de/bot.html)"
178.77.126.55 - - [18/Nov/2012:01:11:56 +0100] "GET /uns.html HTTP/1.1" 200 4398 "-" "Mozilla/5.0 (compatible; CareerBot/1.1; +http://www.career-x.de/bot.html)"
178.154.179.250 - - [18/Nov/2012:04:15:15 +0100] "GET /spektrum.html HTTP/1.1" 200 4365 "-" "Mozilla/5.0 (compatible; YandexBot/3.0; +http://yandex.com/bots)"
178.154.179.250 - - [18/Nov/2012:07:37:59 +0100] "GET /referenz.html HTTP/1.1" 200 10668 "-" "Mozilla/5.0 (compatible; YandexBot/3.0; +http://yandex.com/bots)"
157.55.35.46 - - [18/Nov/2012:19:01:19 +0100] "GET /robots.txt HTTP/1.1" 404 - "-" "Mozilla/5.0 (compatible; bingbot/2.0; +http://www.bing.com/bingbot.htm)"
157.55.35.46 - - [18/Nov/2012:19:38:14 +0100] "GET /partner.html HTTP/1.1" 200 4401 "-" "Mozilla/5.0 (compatible; bingbot/2.0; +http://www.bing.com/bingbot.htm)"
66.249.73.183 - - [18/Nov/2012:21:29:18 +0100] "GET /robots.txt HTTP/1.1" 404 - "-" "Mozilla/5.0 (compatible; Googlebot/2.1; +http://www.google.com/bot.html)"
66.249.73.183 - - [18/Nov/2012:21:29:18 +0100] "GET / HTTP/1.1" 200 4688 "-" "DoCoMo/2.0 N905i(c100;TB;W24H16) (compatible; Googlebot-Mobile/2.1; +http://www.google.com/bot.html)"
5.9.25.80 - - [18/Nov/2012:22:34:37 +0100] "GET /robots.txt HTTP/1.1" 404 - "-" "Pixray-Seeker/2.0 (Pixray-Seeker; +http://www.pixray.com/pixraybot; +crawler@pixray.com)"
5.9.25.80 - - [18/Nov/2012:22:34:37 +0100] "GET /images/bild2.png HTTP/1.1" 200 68475 "-" "Pixray-Seeker/2.0 (Pixray-Seeker; +http://www.pixray.com/pixraybot; +crawler@pixray.com)"
5.9.25.70 - - [19/Nov/2012:00:27:31 +0100] "GET /robots.txt HTTP/1.1" 404 - "-" "Pixray-Seeker/2.0 (Pixray-Seeker; +http://www.pixray.com/pixraybot; +crawler@pixray.com)"
5.9.25.70 - - [19/Nov/2012:00:27:32 +0100] "GET /images/logo.png HTTP/1.1" 200 16467 "-" "Pixray-Seeker/2.0 (Pixray-Seeker; +http://www.pixray.com/pixraybot; +crawler@pixray.com)"
66.249.73.183 - - [19/Nov/2012:09:27:28 +0100] "GET /robots.txt HTTP/1.1" 404 - "-" "Mozilla/5.0 (compatible; Googlebot/2.1; +http://www.google.com/bot.html)"
66.249.73.183 - - [19/Nov/2012:09:27:29 +0100] "GET / HTTP/1.1" 200 4688 "-" "Mozilla/5.0 (compatible; Googlebot/2.1; +http://www.google.com/bot.html)"
213.61.83.98 - - [19/Nov/2012:11:34:00 +0100] "GET /impressum.html HTTP/1.1" 200 5721 "http://www.google.de/url?sa=t&rct=j&q=mb%20ingenieure&source=web&cd=1&ved=0CCQQFjAA&url=http%3A%2F%2Fwww.mbingenieure.de%2Fimpressum.html&ei=FAuqUNyoH4bR4QTcv4HICQ&usg=AFQjCNHELIGYYj_HQnujp4z8JvB7XA-W3w" "Mozilla/5.0 (Windows NT 5.1; rv:13.0) Gecko/20100101 Firefox/13.0.1"
213.61.83.98 - - [19/Nov/2012:11:34:01 +0100] "GET /css/style.css HTTP/1.1" 200 2622 "http://www.mbingenieure.de/impressum.html" "Mozilla/5.0 (Windows NT 5.1; rv:13.0) Gecko/20100101 Firefox/13.0.1"
213.61.83.98 - - [19/Nov/2012:11:34:01 +0100] "GET /js/libs/modernizr-2.5.3.min.js HTTP/1.1" 200 15274 "http://www.mbingenieure.de/impressum.html" "Mozilla/5.0 (Windows NT 5.1; rv:13.0) Gecko/20100101 Firefox/13.0.1"
213.61.83.98 - - [19/Nov/2012:11:34:01 +0100] "GET /js/plugins.js HTTP/1.1" 200 898 "http://www.mbingenieure.de/impressum.html" "Mozilla/5.0 (Windows NT 5.1; rv:13.0) Gecko/20100101 Firefox/13.0.1"
213.61.83.98 - - [19/Nov/2012:11:34:01 +0100] "GET /images/header.png HTTP/1.1" 200 1494 "http://www.mbingenieure.de/css/style.css" "Mozilla/5.0 (Windows NT 5.1; rv:13.0) Gecko/20100101 Firefox/13.0.1"
213.61.83.98 - - [19/Nov/2012:11:34:01 +0100] "GET /images/footer.png HTTP/1.1" 200 1064 "http://www.mbingenieure.de/css/style.css" "Mozilla/5.0 (Windows NT 5.1; rv:13.0) Gecko/20100101 Firefox/13.0.1"
213.61.83.98 - - [19/Nov/2012:11:34:01 +0100] "GET /images/navi.png HTTP/1.1" 200 946 "http://www.mbingenieure.de/css/style.css" "Mozilla/5.0 (Windows NT 5.1; rv:13.0) Gecko/20100101 Firefox/13.0.1"
213.61.83.98 - - [19/Nov/2012:11:34:04 +0100] "GET /favicon.ico HTTP/1.1" 200 93062 "-" "Mozilla/5.0 (Windows NT 5.1; rv:13.0) Gecko/20100101 Firefox/13.0.1"
81.144.138.34 - - [19/Nov/2012:12:06:34 +0100] "GET /robots.txt HTTP/1.1" 404 - "-" "Wotbox/2.01 (+http://www.wotbox.com/bot/)"
81.144.138.34 - - [19/Nov/2012:12:06:44 +0100] "GET / HTTP/1.1" 200 4688 "-" "Wotbox/2.01 (+http://www.wotbox.com/bot/)"
81.144.138.34 - - [19/Nov/2012:12:06:49 +0100] "GET /index.html HTTP/1.1" 200 4688 "-" "Wotbox/2.01 (+http://www.wotbox.com/bot/)"
81.144.138.34 - - [19/Nov/2012:12:06:54 +0100] "GET /uns.html HTTP/1.1" 200 4398 "-" "Wotbox/2.01 (+http://www.wotbox.com/bot/)"
81.144.138.34 - - [19/Nov/2012:12:07:00 +0100] "GET /spektrum.html HTTP/1.1" 200 4365 "-" "Wotbox/2.01 (+http://www.wotbox.com/bot/)"
81.144.138.34 - - [19/Nov/2012:12:07:05 +0100] "GET /referenz.html HTTP/1.1" 200 10668 "-" "Wotbox/2.01 (+http://www.wotbox.com/bot/)"
81.144.138.34 - - [19/Nov/2012:12:07:10 +0100] "GET /partner.html HTTP/1.1" 200 4401 "-" "Wotbox/2.01 (+http://www.wotbox.com/bot/)"
81.144.138.34 - - [19/Nov/2012:12:07:15 +0100] "GET /kontakt.html HTTP/1.1" 200 4451 "-" "Wotbox/2.01 (+http://www.wotbox.com/bot/)"
81.144.138.34 - - [19/Nov/2012:12:07:20 +0100] "GET /impressum.html HTTP/1.1" 200 5721 "-" "Wotbox/2.01 (+http://www.wotbox.com/bot/)"
178.154.179.250 - - [19/Nov/2012:13:30:54 +0100] "GET /robots.txt HTTP/1.1" 404 - "-" "Mozilla/5.0 (compatible; YandexBot/3.0; +http://yandex.com/bots)"
157.56.229.23 - - [19/Nov/2012:14:31:38 +0100] "GET /robots.txt HTTP/1.1" 404 - "-" "Mozilla/5.0 (compatible; bingbot/2.0; +http://www.bing.com/bingbot.htm)"
157.56.229.23 - - [19/Nov/2012:14:44:11 +0100] "GET / HTTP/1.1" 304 - "-" "Mozilla/5.0 (compatible; bingbot/2.0; +http://www.bing.com/bingbot.htm)"
178.154.179.250 - - [19/Nov/2012:17:25:37 +0100] "GET / HTTP/1.1" 200 4688 "-" "Mozilla/5.0 (compatible; YandexBot/3.0; +http://yandex.com/bots)"
178.154.179.250 - - [19/Nov/2012:22:12:11 +0100] "GET /index.html HTTP/1.1" 200 4688 "-" "Mozilla/5.0 (compatible; YandexBot/3.0; +http://yandex.com/bots)"
157.56.229.23 - - [19/Nov/2012:23:42:17 +0100] "GET /robots.txt HTTP/1.1" 404 - "-" "Mozilla/5.0 (compatible; bingbot/2.0; +http://www.bing.com/bingbot.htm)"
178.77.126.55 - - [20/Nov/2012:03:36:40 +0100] "GET /robots.txt HTTP/1.1" 404 - "-" "Mozilla/5.0 (compatible; CareerBot/1.1; +http://www.career-x.de/bot.html)"
178.77.126.55 - - [20/Nov/2012:03:36:40 +0100] "GET / HTTP/1.1" 200 4688 "-" "Mozilla/5.0 (compatible; CareerBot/1.1; +http://www.career-x.de/bot.html)"
178.77.126.55 - - [20/Nov/2012:03:36:40 +0100] "GET /uns.html HTTP/1.1" 200 4398 "-" "Mozilla/5.0 (compatible; CareerBot/1.1; +http://www.career-x.de/bot.html)"
66.249.73.183 - - [20/Nov/2012:06:20:33 +0100] "GET /robots.txt HTTP/1.1" 404 - "-" "Mozilla/5.0 (compatible; Googlebot/2.1; +http://www.google.com/bot.html)"
66.249.73.183 - - [20/Nov/2012:06:20:33 +0100] "GET /kontakt.html HTTP/1.1" 200 4451 "-" "Mozilla/5.0 (iPhone; U; CPU iPhone OS 4_1 like Mac OS X; en-us) AppleWebKit/532.9 (KHTML, like Gecko) Version/4.0.5 Mobile/8B117 Safari/6531.22.7 (compatible; Googlebot-Mobile/2.1; +http://www.google.com/bot.html)"
66.249.73.183 - - [20/Nov/2012:06:49:09 +0100] "GET /css/style.css HTTP/1.1" 200 2622 "-" "Mozilla/5.0 (compatible; Googlebot/2.1; +http://www.google.com/bot.html)"
178.154.179.250 - - [20/Nov/2012:07:29:20 +0100] "GET /uns.html HTTP/1.1" 200 4398 "-" "Mozilla/5.0 (compatible; YandexBot/3.0; +http://yandex.com/bots)"
5.9.25.69 - - [20/Nov/2012:08:43:59 +0100] "GET /robots.txt HTTP/1.1" 404 - "-" "Pixray-Seeker/2.0 (Pixray-Seeker; +http://www.pixray.com/pixraybot; +crawler@pixray.com)"
5.9.25.69 - - [20/Nov/2012:08:43:59 +0100] "GET /partner.html HTTP/1.1" 200 4401 "-" "Pixray-Seeker/2.0 (Pixray-Seeker; +http://www.pixray.com/pixraybot; +crawler@pixray.com)"
208.115.111.69 - - [20/Nov/2012:09:21:23 +0100] "GET /robots.txt HTTP/1.1" 404 - "-" "Mozilla/5.0 (compatible; Ezooms/1.0; ezooms.bot@gmail.com)"
208.115.111.69 - - [20/Nov/2012:12:15:36 +0100] "GET /impressum.html HTTP/1.1" 200 5721 "-" "Mozilla/5.0 (compatible; Ezooms/1.0; ezooms.bot@gmail.com)"
178.154.179.250 - - [20/Nov/2012:12:16:35 +0100] "GET /kontakt.html HTTP/1.1" 200 4451 "-" "Mozilla/5.0 (compatible; YandexBot/3.0; +http://yandex.com/bots)"
178.154.179.250 - - [20/Nov/2012:15:04:57 +0100] "GET /robots.txt HTTP/1.1" 404 - "-" "Mozilla/5.0 (compatible; YandexBot/3.0; +http://yandex.com/bots)"
82.100.241.251 - - [20/Nov/2012:16:19:19 +0100] "GET /impressum.html HTTP/1.1" 200 5721 "http://www.google.de/url?sa=t&rct=j&q=mb%20ingenieure&source=web&cd=1&ved=0CCEQFjAA&url=http%3A%2F%2Fwww.mbingenieure.de%2Fimpressum.html&ei=bZ-rUJLxG-Tb4QTLo4GQBw&usg=AFQjCNHELIGYYj_HQnujp4z8JvB7XA-W3w" "Mozilla/5.0 (Windows NT 6.1) AppleWebKit/537.11 (KHTML, like Gecko) Chrome/23.0.1271.64 Safari/537.11"
82.100.241.251 - - [20/Nov/2012:16:19:19 +0100] "GET /css/style.css HTTP/1.1" 200 2622 "http://www.mbingenieure.de/impressum.html" "Mozilla/5.0 (Windows NT 6.1) AppleWebKit/537.11 (KHTML, like Gecko) Chrome/23.0.1271.64 Safari/537.11"
82.100.241.251 - - [20/Nov/2012:16:19:19 +0100] "GET /js/libs/modernizr-2.5.3.min.js HTTP/1.1" 200 15274 "http://www.mbingenieure.de/impressum.html" "Mozilla/5.0 (Windows NT 6.1) AppleWebKit/537.11 (KHTML, like Gecko) Chrome/23.0.1271.64 Safari/537.11"
82.100.241.251 - - [20/Nov/2012:16:19:19 +0100] "GET /js/plugins.js HTTP/1.1" 200 898 "http://www.mbingenieure.de/impressum.html" "Mozilla/5.0 (Windows NT 6.1) AppleWebKit/537.11 (KHTML, like Gecko) Chrome/23.0.1271.64 Safari/537.11"
82.100.241.251 - - [20/Nov/2012:16:19:19 +0100] "GET /images/footer.png HTTP/1.1" 200 1064 "http://www.mbingenieure.de/impressum.html" "Mozilla/5.0 (Windows NT 6.1) AppleWebKit/537.11 (KHTML, like Gecko) Chrome/23.0.1271.64 Safari/537.11"
82.100.241.251 - - [20/Nov/2012:16:19:20 +0100] "GET /images/header.png HTTP/1.1" 200 1494 "http://www.mbingenieure.de/impressum.html" "Mozilla/5.0 (Windows NT 6.1) AppleWebKit/537.11 (KHTML, like Gecko) Chrome/23.0.1271.64 Safari/537.11"
82.100.241.251 - - [20/Nov/2012:16:19:20 +0100] "GET /images/navi.png HTTP/1.1" 200 946 "http://www.mbingenieure.de/impressum.html" "Mozilla/5.0 (Windows NT 6.1) AppleWebKit/537.11 (KHTML, like Gecko) Chrome/23.0.1271.64 Safari/537.11"
82.100.241.251 - - [20/Nov/2012:16:19:20 +0100] "GET /favicon.ico HTTP/1.1" 200 93062 "-" "Mozilla/5.0 (Windows NT 6.1) AppleWebKit/537.11 (KHTML, like Gecko) Chrome/23.0.1271.64 Safari/537.11"
157.56.229.23 - - [20/Nov/2012:17:29:44 +0100] "GET /robots.txt HTTP/1.1" 404 - "-" "Mozilla/5.0 (compatible; bingbot/2.0; +http://www.bing.com/bingbot.htm)"
157.56.229.23 - - [20/Nov/2012:18:17:45 +0100] "GET / HTTP/1.1" 200 4688 "-" "Mozilla/5.0 (compatible; bingbot/2.0; +http://www.bing.com/bingbot.htm)"
178.154.179.250 - - [20/Nov/2012:21:02:38 +0100] "GET /uns.html HTTP/1.1" 200 4398 "-" "Mozilla/5.0 (compatible; YandexBot/3.0; +http://yandex.com/bots)"
5.9.25.68 - - [20/Nov/2012:23:24:23 +0100] "GET /robots.txt HTTP/1.1" 404 - "-" "Pixray-Seeker/2.0 (Pixray-Seeker; +http://www.pixray.com/pixraybot; +crawler@pixray.com)"
5.9.25.68 - - [20/Nov/2012:23:24:23 +0100] "GET /impressum.html HTTP/1.1" 200 5721 "-" "Pixray-Seeker/2.0 (Pixray-Seeker; +http://www.pixray.com/pixraybot; +crawler@pixray.com)"
178.154.179.250 - - [21/Nov/2012:00:09:18 +0100] "GET / HTTP/1.1" 200 4688 "-" "Mozilla/5.0 (compatible; YandexBot/3.0; +http://yandex.com/bots)"
66.249.73.183 - - [21/Nov/2012:02:16:03 +0100] "GET /robots.txt HTTP/1.1" 404 - "-" "Mozilla/5.0 (compatible; Googlebot/2.1; +http://www.google.com/bot.html)"
66.249.73.183 - - [21/Nov/2012:02:16:04 +0100] "GET /www.just-malerei.de HTTP/1.1" 404 - "-" "Mozilla/5.0 (iPhone; U; CPU iPhone OS 4_1 like Mac OS X; en-us) AppleWebKit/532.9 (KHTML, like Gecko) Version/4.0.5 Mobile/8B117 Safari/6531.22.7 (compatible; Googlebot-Mobile/2.1; +http://www.google.com/bot.html)"
66.249.73.183 - - [21/Nov/2012:04:19:44 +0100] "GET / HTTP/1.1" 200 4688 "-" "SAMSUNG-SGH-E250/1.0 Profile/MIDP-2.0 Configuration/CLDC-1.1 UP.Browser/6.2.3.3.c.1.101 (GUI) MMP/2.0 (compatible; Googlebot-Mobile/2.1; +http://www.google.com/bot.html)"
173.199.118.171 - - [21/Nov/2012:04:38:26 +0100] "GET /robots.txt HTTP/1.1" 404 - "-" "Mozilla/5.0 (compatible; AhrefsBot/4.0; +http://ahrefs.com/robot/)"
37.140.141.34 - - [21/Nov/2012:05:04:07 +0100] "GET /robots.txt HTTP/1.1" 404 - "-" "Mozilla/5.0 (compatible; YandexImages/3.0; +http://yandex.com/bots)"
173.199.118.171 - - [21/Nov/2012:07:49:20 +0100] "GET /robots.txt HTTP/1.1" 404 - "-" "Mozilla/5.0 (compatible; AhrefsBot/4.0; +http://ahrefs.com/robot/)"
178.154.179.250 - - [21/Nov/2012:08:25:34 +0100] "GET /kontakt.html HTTP/1.1" 200 4451 "-" "Mozilla/5.0 (compatible; YandexBot/3.0; +http://yandex.com/bots)"
85.214.206.221 - - [21/Nov/2012:10:41:10 +0100] "GET / HTTP/1.1" 200 4688 "-" "i-market-bot"
85.214.206.221 - - [21/Nov/2012:10:41:10 +0100] "GET / HTTP/1.1" 200 4688 "-" "i-market-bot"
85.214.206.221 - - [21/Nov/2012:10:41:10 +0100] "GET / HTTP/1.1" 200 4688 "-" "i-market-bot"
85.214.206.221 - - [21/Nov/2012:10:41:10 +0100] "GET /robots.txt HTTP/1.1" 404 - "-" "i-market-bot"
85.214.206.221 - - [21/Nov/2012:10:41:11 +0100] "GET /robots.txt HTTP/1.1" 404 - "-" "i-market-bot"
85.214.206.221 - - [21/Nov/2012:10:41:11 +0100] "GET /robots.txt HTTP/1.1" 404 - "-" "i-market-bot"
85.214.206.221 - - [21/Nov/2012:10:41:11 +0100] "GET /robots.txt HTTP/1.1" 404 - "-" "i-market-bot"
85.214.206.221 - - [21/Nov/2012:10:41:11 +0100] "GET /robots.txt HTTP/1.1" 404 - "-" "i-market-bot"
85.214.206.221 - - [21/Nov/2012:10:41:11 +0100] "GET /robots.txt HTTP/1.1" 404 - "-" "i-market-bot"
85.214.206.221 - - [21/Nov/2012:10:41:11 +0100] "GET /robots.txt HTTP/1.1" 404 - "-" "i-market-bot"
85.214.206.221 - - [21/Nov/2012:10:41:11 +0100] "GET /index.html HTTP/1.1" 200 4688 "-" "i-market-bot"
85.214.206.221 - - [21/Nov/2012:10:41:11 +0100] "GET /uns.html HTTP/1.1" 200 4398 "-" "i-market-bot"
85.214.206.221 - - [21/Nov/2012:10:41:11 +0100] "GET /spektrum.html HTTP/1.1" 200 4365 "-" "i-market-bot"
85.214.206.221 - - [21/Nov/2012:10:41:11 +0100] "GET /referenz.html HTTP/1.1" 200 10668 "-" "i-market-bot"
85.214.206.221 - - [21/Nov/2012:10:41:11 +0100] "GET /partner.html HTTP/1.1" 200 4401 "-" "i-market-bot"
85.214.206.221 - - [21/Nov/2012:10:41:11 +0100] "GET /kontakt.html HTTP/1.1" 200 4451 "-" "i-market-bot"
85.214.206.221 - - [21/Nov/2012:10:41:11 +0100] "GET /impressum.html HTTP/1.1" 200 5721 "-" "i-market-bot"
173.199.118.171 - - [21/Nov/2012:13:42:34 +0100] "GET /robots.txt HTTP/1.1" 404 - "-" "Mozilla/5.0 (compatible; AhrefsBot/4.0; +http://ahrefs.com/robot/)"
37.140.141.34 - - [22/Nov/2012:01:05:28 +0100] "GET /images/bild4.jpg HTTP/1.1" 404 - "-" "Mozilla/5.0 (compatible; YandexImages/3.0; +http://yandex.com/bots)"
178.77.126.55 - - [22/Nov/2012:01:22:08 +0100] "GET /robots.txt HTTP/1.1" 404 - "-" "Mozilla/5.0 (compatible; CareerBot/1.1; +http://www.career-x.de/bot.html)"
178.77.126.55 - - [22/Nov/2012:01:22:08 +0100] "GET / HTTP/1.1" 200 4688 "-" "Mozilla/5.0 (compatible; CareerBot/1.1; +http://www.career-x.de/bot.html)"
178.77.126.55 - - [22/Nov/2012:01:22:08 +0100] "GET /uns.html HTTP/1.1" 200 4398 "-" "Mozilla/5.0 (compatible; CareerBot/1.1; +http://www.career-x.de/bot.html)"
178.154.179.250 - - [22/Nov/2012:06:58:03 +0100] "GET /robots.txt HTTP/1.1" 404 - "-" "Mozilla/5.0 (compatible; YandexBot/3.0; +http://yandex.com/bots)"
66.249.73.183 - - [22/Nov/2012:07:21:45 +0100] "GET /robots.txt HTTP/1.1" 404 - "-" "Mozilla/5.0 (compatible; Googlebot/2.1; +http://www.google.com/bot.html)"
66.249.73.183 - - [22/Nov/2012:07:21:45 +0100] "GET /impressum.html HTTP/1.1" 304 - "-" "Mozilla/5.0 (compatible; Googlebot/2.1; +http://www.google.com/bot.html)"
66.249.73.183 - - [22/Nov/2012:08:32:53 +0100] "GET /referenz.html HTTP/1.1" 304 - "-" "Mozilla/5.0 (compatible; Googlebot/2.1; +http://www.google.com/bot.html)"
198.240.128.75 - - [22/Nov/2012:11:34:27 +0100] "GET /impressum.html HTTP/1.1" 200 5721 "http://www.google.com/url?sa=t&rct=j&q=mb%20ingenieure&source=web&cd=1&ved=0CC8QFjAA&url=http%3A%2F%2Fwww.mbingenieure.de%2Fimpressum.html&ei=hv-tUPq3K8PKhAfMqICwCA&usg=AFQjCNHELIGYYj_HQnujp4z8JvB7XA-W3w" "Mozilla/4.0 (compatible; MSIE 8.0; Windows NT 6.1; WOW64; Trident/4.0; SLCC2; .NET CLR 2.0.50727; .NET CLR 3.5.30729; .NET CLR 3.0.30729; .NET4.0C; .NET4.0E)"
199.19.249.196 - - [22/Nov/2012:11:34:27 +0100] "GET /impressum.html HTTP/1.1" 200 5721 "-" "Mozilla/4.0 (compatible; MSIE 7.0; Windows NT 5.1; InfoPath.1; .NET CLR 2.0.50727; .NET CLR 1.1.4322; MS-RTC LM 8; .NET CLR 3.0.4506.2152; .NET CLR 3.5.30729)"
