94.222.211.87 - - [12/Jun/2012:18:39:19 +0200] "GET /spektrum.html HTTP/1.1" 200 4541 "http://www.mbingenieure.de/uns.html" "Mozilla/5.0 (Windows NT 6.1; WOW64; rv:12.0) Gecko/20100101 Firefox/12.0"
94.222.211.87 - - [12/Jun/2012:18:39:19 +0200] "GET /js/libs/modernizr-2.5.3.min.js HTTP/1.1" 404 - "http://www.mbingenieure.de/spektrum.html" "Mozilla/5.0 (Windows NT 6.1; WOW64; rv:12.0) Gecko/20100101 Firefox/12.0"
94.222.211.87 - - [12/Jun/2012:18:39:19 +0200] "GET /js/plugins.js HTTP/1.1" 404 - "http://www.mbingenieure.de/spektrum.html" "Mozilla/5.0 (Windows NT 6.1; WOW64; rv:12.0) Gecko/20100101 Firefox/12.0"
94.222.211.87 - - [12/Jun/2012:18:39:22 +0200] "GET /referenz.html HTTP/1.1" 200 10668 "http://www.mbingenieure.de/spektrum.html" "Mozilla/5.0 (Windows NT 6.1; WOW64; rv:12.0) Gecko/20100101 Firefox/12.0"
94.222.211.87 - - [12/Jun/2012:18:39:22 +0200] "GET /js/libs/modernizr-2.5.3.min.js HTTP/1.1" 404 - "http://www.mbingenieure.de/referenz.html" "Mozilla/5.0 (Windows NT 6.1; WOW64; rv:12.0) Gecko/20100101 Firefox/12.0"
94.222.211.87 - - [12/Jun/2012:18:39:22 +0200] "GET /js/plugins.js HTTP/1.1" 404 - "http://www.mbingenieure.de/referenz.html" "Mozilla/5.0 (Windows NT 6.1; WOW64; rv:12.0) Gecko/20100101 Firefox/12.0"
94.222.211.87 - - [12/Jun/2012:18:39:26 +0200] "GET /partner.html HTTP/1.1" 200 4485 "http://www.mbingenieure.de/referenz.html" "Mozilla/5.0 (Windows NT 6.1; WOW64; rv:12.0) Gecko/20100101 Firefox/12.0"
94.222.211.87 - - [12/Jun/2012:18:39:26 +0200] "GET /js/libs/modernizr-2.5.3.min.js HTTP/1.1" 404 - "http://www.mbingenieure.de/partner.html" "Mozilla/5.0 (Windows NT 6.1; WOW64; rv:12.0) Gecko/20100101 Firefox/12.0"
94.222.211.87 - - [12/Jun/2012:18:39:26 +0200] "GET /js/plugins.js HTTP/1.1" 404 - "http://www.mbingenieure.de/partner.html" "Mozilla/5.0 (Windows NT 6.1; WOW64; rv:12.0) Gecko/20100101 Firefox/12.0"
94.222.211.87 - - [12/Jun/2012:18:39:28 +0200] "GET /kontakt.html HTTP/1.1" 200 4451 "http://www.mbingenieure.de/partner.html" "Mozilla/5.0 (Windows NT 6.1; WOW64; rv:12.0) Gecko/20100101 Firefox/12.0"
94.222.211.87 - - [12/Jun/2012:18:39:29 +0200] "GET /js/libs/modernizr-2.5.3.min.js HTTP/1.1" 404 - "http://www.mbingenieure.de/kontakt.html" "Mozilla/5.0 (Windows NT 6.1; WOW64; rv:12.0) Gecko/20100101 Firefox/12.0"
94.222.211.87 - - [12/Jun/2012:18:39:29 +0200] "GET /js/plugins.js HTTP/1.1" 404 - "http://www.mbingenieure.de/kontakt.html" "Mozilla/5.0 (Windows NT 6.1; WOW64; rv:12.0) Gecko/20100101 Firefox/12.0"
94.222.211.87 - - [12/Jun/2012:18:39:31 +0200] "GET /impressum.html HTTP/1.1" 200 5721 "http://www.mbingenieure.de/kontakt.html" "Mozilla/5.0 (Windows NT 6.1; WOW64; rv:12.0) Gecko/20100101 Firefox/12.0"
94.222.211.87 - - [12/Jun/2012:18:39:31 +0200] "GET /js/plugins.js HTTP/1.1" 404 - "http://www.mbingenieure.de/impressum.html" "Mozilla/5.0 (Windows NT 6.1; WOW64; rv:12.0) Gecko/20100101 Firefox/12.0"
94.222.211.87 - - [12/Jun/2012:18:39:31 +0200] "GET /js/libs/modernizr-2.5.3.min.js HTTP/1.1" 404 - "http://www.mbingenieure.de/impressum.html" "Mozilla/5.0 (Windows NT 6.1; WOW64; rv:12.0) Gecko/20100101 Firefox/12.0"
94.222.211.87 - - [12/Jun/2012:18:39:31 +0200] "GET /js/plugins.js HTTP/1.1" 404 - "http://www.mbingenieure.de/impressum.html" "Mozilla/5.0 (Windows NT 6.1; WOW64; rv:12.0) Gecko/20100101 Firefox/12.0"
94.23.225.68 - - [12/Jun/2012:18:49:23 +0200] "GET / HTTP/1.1" 200 4606 "-" "Mozilla/5.0 (X11; Linux i686; rv:6.0) Gecko/20100101 Firefox/6.0"
94.23.225.68 - - [12/Jun/2012:18:49:23 +0200] "GET /referenz.html HTTP/1.1" 200 10668 "-" "Mozilla/5.0 (X11; Linux i686; rv:6.0) Gecko/20100101 Firefox/6.0"
65.52.111.9 - - [12/Jun/2012:21:16:39 +0200] "GET /robots.txt HTTP/1.1" 404 - "-" "Mozilla/5.0 (compatible; bingbot/2.0; +http://www.bing.com/bingbot.htm)"
65.52.111.9 - - [12/Jun/2012:21:47:55 +0200] "GET /referenz.html HTTP/1.1" 200 10668 "-" "Mozilla/5.0 (compatible; bingbot/2.0; +http://www.bing.com/bingbot.htm)"
65.52.104.82 - - [13/Jun/2012:04:41:11 +0200] "GET /robots.txt HTTP/1.1" 404 - "-" "Mozilla/5.0 (compatible; bingbot/2.0; +http://www.bing.com/bingbot.htm)"
65.52.104.82 - - [13/Jun/2012:04:42:09 +0200] "GET /kontakt.html HTTP/1.1" 200 4451 "-" "Mozilla/5.0 (compatible; bingbot/2.0; +http://www.bing.com/bingbot.htm)"
178.154.179.250 - - [13/Jun/2012:07:11:10 +0200] "GET / HTTP/1.1" 200 4606 "-" "Mozilla/5.0 (compatible; YandexBot/3.0; +http://yandex.com/bots)"
207.46.13.145 - - [13/Jun/2012:20:07:15 +0200] "GET /robots.txt HTTP/1.1" 404 - "-" "Mozilla/5.0 (compatible; bingbot/2.0; +http://www.bing.com/bingbot.htm)"
207.46.13.145 - - [13/Jun/2012:20:07:52 +0200] "GET / HTTP/1.1" 200 4606 "-" "Mozilla/5.0 (compatible; bingbot/2.0; +http://www.bing.com/bingbot.htm)"
65.52.104.82 - - [14/Jun/2012:00:55:21 +0200] "GET /robots.txt HTTP/1.1" 404 - "-" "Mozilla/5.0 (compatible; bingbot/2.0; +http://www.bing.com/bingbot.htm)"
65.52.104.82 - - [14/Jun/2012:00:56:17 +0200] "GET /kontakt.html HTTP/1.1" 200 4451 "-" "Mozilla/5.0 (compatible; bingbot/2.0; +http://www.bing.com/bingbot.htm)"
207.46.13.145 - - [14/Jun/2012:09:35:27 +0200] "GET /robots.txt HTTP/1.1" 404 - "-" "Mozilla/5.0 (compatible; bingbot/2.0; +http://www.bing.com/bingbot.htm)"
207.46.13.145 - - [14/Jun/2012:09:36:28 +0200] "GET / HTTP/1.1" 200 4606 "-" "Mozilla/5.0 (compatible; bingbot/2.0; +http://www.bing.com/bingbot.htm)"
66.249.72.250 - - [14/Jun/2012:16:17:08 +0200] "GET /robots.txt HTTP/1.1" 404 - "-" "Mozilla/5.0 (compatible; Googlebot/2.1; +http://www.google.com/bot.html)"
66.249.72.250 - - [14/Jun/2012:16:17:08 +0200] "GET /uns.html HTTP/1.1" 200 4398 "-" "Mozilla/5.0 (compatible; Googlebot/2.1; +http://www.google.com/bot.html)"
178.77.126.55 - - [15/Jun/2012:08:53:44 +0200] "GET /robots.txt HTTP/1.1" 404 - "-" "Mozilla/5.0 (compatible; CareerBot/1.1; +http://www.career-x.de/bot.html)"
178.77.126.55 - - [15/Jun/2012:08:53:44 +0200] "GET / HTTP/1.1" 200 4606 "-" "Mozilla/5.0 (compatible; CareerBot/1.1; +http://www.career-x.de/bot.html)"
178.77.126.55 - - [15/Jun/2012:08:53:44 +0200] "GET /uns.html HTTP/1.1" 200 4398 "-" "Mozilla/5.0 (compatible; CareerBot/1.1; +http://www.career-x.de/bot.html)"
178.77.126.55 - - [15/Jun/2012:08:53:44 +0200] "GET /edge,chrome=1 HTTP/1.1" 404 - "-" "Mozilla/5.0 (compatible; CareerBot/1.1; +http://www.career-x.de/bot.html)"
178.77.126.55 - - [15/Jun/2012:08:53:45 +0200] "GET /index.html HTTP/1.1" 200 4606 "-" "Mozilla/5.0 (compatible; CareerBot/1.1; +http://www.career-x.de/bot.html)"
178.77.126.55 - - [15/Jun/2012:08:53:47 +0200] "GET /uns.html HTTP/1.1" 200 4398 "-" "Mozilla/5.0 (compatible; CareerBot/1.1; +http://www.career-x.de/bot.html)"
178.77.126.55 - - [15/Jun/2012:08:53:48 +0200] "GET /spektrum.html HTTP/1.1" 200 4541 "-" "Mozilla/5.0 (compatible; CareerBot/1.1; +http://www.career-x.de/bot.html)"
178.77.126.55 - - [15/Jun/2012:08:53:49 +0200] "GET /referenz.html HTTP/1.1" 200 10668 "-" "Mozilla/5.0 (compatible; CareerBot/1.1; +http://www.career-x.de/bot.html)"
178.77.126.55 - - [15/Jun/2012:08:53:50 +0200] "GET /partner.html HTTP/1.1" 200 4485 "-" "Mozilla/5.0 (compatible; CareerBot/1.1; +http://www.career-x.de/bot.html)"
178.77.126.55 - - [15/Jun/2012:08:53:51 +0200] "GET /kontakt.html HTTP/1.1" 200 4451 "-" "Mozilla/5.0 (compatible; CareerBot/1.1; +http://www.career-x.de/bot.html)"
178.77.126.55 - - [15/Jun/2012:08:53:52 +0200] "GET /impressum.html HTTP/1.1" 200 5721 "-" "Mozilla/5.0 (compatible; CareerBot/1.1; +http://www.career-x.de/bot.html)"
66.249.72.250 - - [15/Jun/2012:09:59:27 +0200] "GET /robots.txt HTTP/1.1" 404 - "-" "Mozilla/5.0 (compatible; Googlebot/2.1; +http://www.google.com/bot.html)"
66.249.72.250 - - [15/Jun/2012:09:59:27 +0200] "GET / HTTP/1.1" 200 4606 "-" "Mozilla/5.0 (compatible; Googlebot/2.1; +http://www.google.com/bot.html)"
66.249.72.250 - - [15/Jun/2012:10:09:35 +0200] "GET /images/footer.jpg HTTP/1.1" 200 5903 "-" "Mozilla/5.0 (compatible; Googlebot/2.1; +http://www.google.com/bot.html)"
66.249.72.250 - - [15/Jun/2012:10:09:35 +0200] "GET /css/style.css HTTP/1.1" 200 2439 "-" "Mozilla/5.0 (compatible; Googlebot/2.1; +http://www.google.com/bot.html)"
66.249.72.250 - - [15/Jun/2012:10:09:36 +0200] "GET /images/header.jpg HTTP/1.1" 200 10807 "-" "Mozilla/5.0 (compatible; Googlebot/2.1; +http://www.google.com/bot.html)"
66.249.72.250 - - [15/Jun/2012:10:09:37 +0200] "GET /images/navi.jpg HTTP/1.1" 200 32635 "-" "Mozilla/5.0 (compatible; Googlebot/2.1; +http://www.google.com/bot.html)"
66.249.72.250 - - [15/Jun/2012:10:09:41 +0200] "GET /js/plugins.js HTTP/1.1" 404 - "http://www.mbingenieure.de/" "Mozilla/5.0 (compatible; Googlebot/2.1; +http://www.google.com/bot.html)"
66.249.72.250 - - [15/Jun/2012:10:09:41 +0200] "GET /js/libs/modernizr-2.5.3.min.js HTTP/1.1" 404 - "http://www.mbingenieure.de/" "Mozilla/5.0 (compatible; Googlebot/2.1; +http://www.google.com/bot.html)"
157.55.16.87 - - [16/Jun/2012:03:06:12 +0200] "GET /robots.txt HTTP/1.1" 404 - "-" "Mozilla/5.0 (compatible; bingbot/2.0; +http://www.bing.com/bingbot.htm)"
157.55.16.87 - - [16/Jun/2012:03:07:04 +0200] "GET /impressum.html HTTP/1.1" 200 5721 "-" "Mozilla/5.0 (compatible; bingbot/2.0; +http://www.bing.com/bingbot.htm)"
157.55.16.87 - - [16/Jun/2012:08:44:30 +0200] "GET /robots.txt HTTP/1.1" 404 - "-" "Mozilla/5.0 (compatible; bingbot/2.0; +http://www.bing.com/bingbot.htm)"
157.55.16.87 - - [16/Jun/2012:08:45:08 +0200] "GET / HTTP/1.1" 304 - "-" "Mozilla/5.0 (compatible; bingbot/2.0; +http://www.bing.com/bingbot.htm)"
141.105.120.151 - - [16/Jun/2012:09:19:56 +0200] "GET /robots.txt HTTP/1.0" 404 - "-" "Mozilla/5.0 (compatible; OpenindexDeepSpider/Nutch-1.5-dev; +http://www.openindex.io/en/webmasters/spider.html)"
141.105.120.151 - - [16/Jun/2012:09:19:56 +0200] "GET / HTTP/1.0" 200 4606 "-" "Mozilla/5.0 (compatible; OpenindexDeepSpider/Nutch-1.5-dev; +http://www.openindex.io/en/webmasters/spider.html)"
178.154.179.250 - - [16/Jun/2012:12:22:30 +0200] "GET /robots.txt HTTP/1.1" 404 - "-" "Mozilla/5.0 (compatible; YandexBot/3.0; +http://yandex.com/bots)"
178.154.179.250 - - [16/Jun/2012:15:36:30 +0200] "GET / HTTP/1.1" 200 4606 "-" "Mozilla/5.0 (compatible; YandexBot/3.0; +http://yandex.com/bots)"
157.55.16.87 - - [16/Jun/2012:15:36:49 +0200] "GET /robots.txt HTTP/1.1" 404 - "-" "Mozilla/5.0 (compatible; bingbot/2.0; +http://www.bing.com/bingbot.htm)"
157.55.16.87 - - [16/Jun/2012:15:37:43 +0200] "GET /index.html HTTP/1.1" 200 4606 "-" "Mozilla/5.0 (compatible; bingbot/2.0; +http://www.bing.com/bingbot.htm)"
176.9.50.103 - - [16/Jun/2012:20:26:58 +0200] "GET /robots.txt HTTP/1.1" 404 - "-" "Mozilla/5.0 (compatible; SISTRIX Crawler; http://crawler.sistrix.net/)"
176.9.50.103 - - [16/Jun/2012:20:26:58 +0200] "GET / HTTP/1.1" 200 4606 "-" "Mozilla/5.0 (compatible; SISTRIX Crawler; http://crawler.sistrix.net/)"
176.9.50.103 - - [16/Jun/2012:20:26:58 +0200] "GET /kontakt.html HTTP/1.1" 200 4451 "-" "Mozilla/5.0 (compatible; SISTRIX Crawler; http://crawler.sistrix.net/)"
176.9.50.103 - - [16/Jun/2012:20:26:58 +0200] "GET /spektrum.html HTTP/1.1" 200 4541 "-" "Mozilla/5.0 (compatible; SISTRIX Crawler; http://crawler.sistrix.net/)"
176.9.50.103 - - [16/Jun/2012:20:26:59 +0200] "GET /impressum.html HTTP/1.1" 200 5721 "-" "Mozilla/5.0 (compatible; SISTRIX Crawler; http://crawler.sistrix.net/)"
176.9.50.103 - - [16/Jun/2012:20:26:59 +0200] "GET /index.html HTTP/1.1" 200 4606 "-" "Mozilla/5.0 (compatible; SISTRIX Crawler; http://crawler.sistrix.net/)"
176.9.50.103 - - [16/Jun/2012:20:26:59 +0200] "GET /partner.html HTTP/1.1" 200 4485 "-" "Mozilla/5.0 (compatible; SISTRIX Crawler; http://crawler.sistrix.net/)"
176.9.50.103 - - [16/Jun/2012:20:26:59 +0200] "GET /uns.html HTTP/1.1" 200 4398 "-" "Mozilla/5.0 (compatible; SISTRIX Crawler; http://crawler.sistrix.net/)"
176.9.50.103 - - [16/Jun/2012:20:26:59 +0200] "GET /referenz.html HTTP/1.1" 200 10668 "-" "Mozilla/5.0 (compatible; SISTRIX Crawler; http://crawler.sistrix.net/)"
66.249.72.250 - - [17/Jun/2012:10:27:26 +0200] "GET /robots.txt HTTP/1.1" 404 - "-" "Mozilla/5.0 (compatible; Googlebot/2.1; +http://www.google.com/bot.html)"
66.249.72.250 - - [17/Jun/2012:10:27:26 +0200] "GET / HTTP/1.1" 200 4606 "-" "Mozilla/5.0 (iPhone; U; CPU iPhone OS 4_1 like Mac OS X; en-us) AppleWebKit/532.9 (KHTML, like Gecko) Version/4.0.5 Mobile/8B117 Safari/6531.22.7 (compatible; Googlebot-Mobile/2.1; +http://www.google.com/bot.html)"
24.180.64.22 - - [17/Jun/2012:12:01:22 +0200] "GET /administrator/index.php HTTP/1.0" 404 - "-" "Mozilla/5.0 (Windows; U; Windows NT 5.1; ru; rv:1.9.2.3) Gecko/20100401 Firefox/3.6.3"
207.46.13.163 - - [17/Jun/2012:17:03:05 +0200] "GET /robots.txt HTTP/1.1" 404 - "-" "Mozilla/5.0 (compatible; bingbot/2.0; +http://www.bing.com/bingbot.htm)"
207.46.13.163 - - [17/Jun/2012:17:04:02 +0200] "GET / HTTP/1.1" 304 - "-" "Mozilla/5.0 (compatible; bingbot/2.0; +http://www.bing.com/bingbot.htm)"
193.254.155.48 - - [18/Jun/2012:08:27:20 +0200] "GET / HTTP/1.1" 200 4606 "http://www.tanzkapelle-krause.de/freunde.html" "Mozilla/5.0 (Windows NT 5.1; rv:9.0.1) Gecko/20100101 Firefox/9.0.1"
193.254.155.48 - - [18/Jun/2012:08:27:20 +0200] "GET /js/libs/modernizr-2.5.3.min.js HTTP/1.1" 404 - "-" "Mozilla/4.0 (compatible;)"
193.254.155.48 - - [18/Jun/2012:08:27:20 +0200] "GET /css/style.css HTTP/1.1" 200 2439 "-" "Mozilla/4.0 (compatible;)"
193.254.155.48 - - [18/Jun/2012:08:27:20 +0200] "GET /js/plugins.js HTTP/1.1" 404 - "-" "Mozilla/4.0 (compatible;)"
193.254.155.48 - - [18/Jun/2012:08:27:20 +0200] "GET /images/bild2.jpg HTTP/1.1" 200 14865 "-" "Mozilla/4.0 (compatible;)"
193.254.155.48 - - [18/Jun/2012:08:27:20 +0200] "GET /images/bild4.jpg HTTP/1.1" 200 14402 "-" "Mozilla/4.0 (compatible;)"
193.254.155.48 - - [18/Jun/2012:08:27:20 +0200] "GET /js/libs/modernizr-2.5.3.min.js HTTP/1.1" 404 - "http://www.mbingenieure.de/" "Mozilla/5.0 (Windows NT 5.1; rv:9.0.1) Gecko/20100101 Firefox/9.0.1"
193.254.155.48 - - [18/Jun/2012:08:27:20 +0200] "GET /images/bild3.png HTTP/1.1" 200 48627 "-" "Mozilla/4.0 (compatible;)"
193.254.155.48 - - [18/Jun/2012:08:27:20 +0200] "GET /js/plugins.js HTTP/1.1" 404 - "http://www.mbingenieure.de/" "Mozilla/5.0 (Windows NT 5.1; rv:9.0.1) Gecko/20100101 Firefox/9.0.1"
193.254.155.48 - - [18/Jun/2012:08:27:20 +0200] "GET /images/footer.jpg HTTP/1.1" 200 5903 "http://www.mbingenieure.de/css/style.css" "Mozilla/5.0 (Windows NT 5.1; rv:9.0.1) Gecko/20100101 Firefox/9.0.1"
193.254.155.48 - - [18/Jun/2012:08:27:20 +0200] "GET /images/header.jpg HTTP/1.1" 200 10807 "http://www.mbingenieure.de/css/style.css" "Mozilla/5.0 (Windows NT 5.1; rv:9.0.1) Gecko/20100101 Firefox/9.0.1"
193.254.155.48 - - [18/Jun/2012:08:27:20 +0200] "GET /images/navi.jpg HTTP/1.1" 200 32635 "http://www.mbingenieure.de/css/style.css" "Mozilla/5.0 (Windows NT 5.1; rv:9.0.1) Gecko/20100101 Firefox/9.0.1"
193.254.155.48 - - [18/Jun/2012:08:27:20 +0200] "GET /js/plugins.js HTTP/1.1" 404 - "http://www.mbingenieure.de/" "Mozilla/5.0 (Windows NT 5.1; rv:9.0.1) Gecko/20100101 Firefox/9.0.1"
193.254.155.48 - - [18/Jun/2012:08:27:20 +0200] "GET /favicon.ico HTTP/1.1" 200 93062 "-" "Mozilla/5.0 (Windows NT 5.1; rv:9.0.1) Gecko/20100101 Firefox/9.0.1"
193.254.155.48 - - [18/Jun/2012:08:27:31 +0200] "GET /partner.html HTTP/1.1" 200 4485 "http://www.mbingenieure.de/" "Mozilla/5.0 (Windows NT 5.1; rv:9.0.1) Gecko/20100101 Firefox/9.0.1"
193.254.155.48 - - [18/Jun/2012:08:27:31 +0200] "GET /js/libs/modernizr-2.5.3.min.js HTTP/1.1" 404 - "http://www.mbingenieure.de/partner.html" "Mozilla/5.0 (Windows NT 5.1; rv:9.0.1) Gecko/20100101 Firefox/9.0.1"
193.254.155.48 - - [18/Jun/2012:08:27:31 +0200] "GET /js/plugins.js HTTP/1.1" 404 - "http://www.mbingenieure.de/partner.html" "Mozilla/5.0 (Windows NT 5.1; rv:9.0.1) Gecko/20100101 Firefox/9.0.1"
193.254.155.48 - - [18/Jun/2012:08:27:33 +0200] "GET /referenz.html HTTP/1.1" 200 10668 "http://www.mbingenieure.de/partner.html" "Mozilla/5.0 (Windows NT 5.1; rv:9.0.1) Gecko/20100101 Firefox/9.0.1"
193.254.155.48 - - [18/Jun/2012:08:27:33 +0200] "GET /js/libs/modernizr-2.5.3.min.js HTTP/1.1" 404 - "http://www.mbingenieure.de/referenz.html" "Mozilla/5.0 (Windows NT 5.1; rv:9.0.1) Gecko/20100101 Firefox/9.0.1"
193.254.155.48 - - [18/Jun/2012:08:27:33 +0200] "GET /js/plugins.js HTTP/1.1" 404 - "http://www.mbingenieure.de/referenz.html" "Mozilla/5.0 (Windows NT 5.1; rv:9.0.1) Gecko/20100101 Firefox/9.0.1"
193.254.155.48 - - [18/Jun/2012:08:27:35 +0200] "GET /spektrum.html HTTP/1.1" 200 4541 "http://www.mbingenieure.de/referenz.html" "Mozilla/5.0 (Windows NT 5.1; rv:9.0.1) Gecko/20100101 Firefox/9.0.1"
193.254.155.48 - - [18/Jun/2012:08:27:35 +0200] "GET /js/libs/modernizr-2.5.3.min.js HTTP/1.1" 404 - "http://www.mbingenieure.de/spektrum.html" "Mozilla/5.0 (Windows NT 5.1; rv:9.0.1) Gecko/20100101 Firefox/9.0.1"
193.254.155.48 - - [18/Jun/2012:08:27:35 +0200] "GET /js/plugins.js HTTP/1.1" 404 - "http://www.mbingenieure.de/spektrum.html" "Mozilla/5.0 (Windows NT 5.1; rv:9.0.1) Gecko/20100101 Firefox/9.0.1"
193.254.155.48 - - [18/Jun/2012:08:27:41 +0200] "GET /uns.html HTTP/1.1" 200 4398 "http://www.mbingenieure.de/spektrum.html" "Mozilla/5.0 (Windows NT 5.1; rv:9.0.1) Gecko/20100101 Firefox/9.0.1"
193.254.155.48 - - [18/Jun/2012:08:27:41 +0200] "GET /js/plugins.js HTTP/1.1" 404 - "http://www.mbingenieure.de/uns.html" "Mozilla/5.0 (Windows NT 5.1; rv:9.0.1) Gecko/20100101 Firefox/9.0.1"
193.254.155.48 - - [18/Jun/2012:08:27:41 +0200] "GET /js/libs/modernizr-2.5.3.min.js HTTP/1.1" 404 - "http://www.mbingenieure.de/uns.html" "Mozilla/5.0 (Windows NT 5.1; rv:9.0.1) Gecko/20100101 Firefox/9.0.1"
193.254.155.48 - - [18/Jun/2012:08:27:51 +0200] "GET /index.html HTTP/1.1" 200 4606 "http://www.mbingenieure.de/uns.html" "Mozilla/5.0 (Windows NT 5.1; rv:9.0.1) Gecko/20100101 Firefox/9.0.1"
193.254.155.48 - - [18/Jun/2012:08:27:51 +0200] "GET /js/plugins.js HTTP/1.1" 404 - "http://www.mbingenieure.de/index.html" "Mozilla/5.0 (Windows NT 5.1; rv:9.0.1) Gecko/20100101 Firefox/9.0.1"
193.254.155.48 - - [18/Jun/2012:08:27:51 +0200] "GET /js/libs/modernizr-2.5.3.min.js HTTP/1.1" 404 - "http://www.mbingenieure.de/index.html" "Mozilla/5.0 (Windows NT 5.1; rv:9.0.1) Gecko/20100101 Firefox/9.0.1"
193.254.155.48 - - [18/Jun/2012:08:27:51 +0200] "GET /js/plugins.js HTTP/1.1" 404 - "http://www.mbingenieure.de/index.html" "Mozilla/5.0 (Windows NT 5.1; rv:9.0.1) Gecko/20100101 Firefox/9.0.1"
193.254.155.48 - - [18/Jun/2012:08:27:58 +0200] "GET /impressum.html HTTP/1.1" 200 5721 "http://www.mbingenieure.de/index.html" "Mozilla/5.0 (Windows NT 5.1; rv:9.0.1) Gecko/20100101 Firefox/9.0.1"
193.254.155.48 - - [18/Jun/2012:08:27:58 +0200] "GET /js/libs/modernizr-2.5.3.min.js HTTP/1.1" 404 - "http://www.mbingenieure.de/impressum.html" "Mozilla/5.0 (Windows NT 5.1; rv:9.0.1) Gecko/20100101 Firefox/9.0.1"
193.254.155.48 - - [18/Jun/2012:08:27:58 +0200] "GET /js/plugins.js HTTP/1.1" 404 - "http://www.mbingenieure.de/impressum.html" "Mozilla/5.0 (Windows NT 5.1; rv:9.0.1) Gecko/20100101 Firefox/9.0.1"
193.254.155.48 - - [18/Jun/2012:08:27:58 +0200] "GET /js/plugins.js HTTP/1.1" 404 - "http://www.mbingenieure.de/impressum.html" "Mozilla/5.0 (Windows NT 5.1; rv:9.0.1) Gecko/20100101 Firefox/9.0.1"
193.254.155.48 - - [18/Jun/2012:08:28:24 +0200] "GET /js/libs/modernizr-2.5.3.min.js HTTP/1.1" 404 - "http://www.mbingenieure.de/spektrum.html" "Mozilla/5.0 (Windows NT 5.1; rv:9.0.1) Gecko/20100101 Firefox/9.0.1"
193.254.155.48 - - [18/Jun/2012:08:28:24 +0200] "GET /js/plugins.js HTTP/1.1" 404 - "http://www.mbingenieure.de/spektrum.html" "Mozilla/5.0 (Windows NT 5.1; rv:9.0.1) Gecko/20100101 Firefox/9.0.1"
193.254.155.48 - - [18/Jun/2012:08:28:24 +0200] "GET /js/plugins.js HTTP/1.1" 404 - "http://www.mbingenieure.de/spektrum.html" "Mozilla/5.0 (Windows NT 5.1; rv:9.0.1) Gecko/20100101 Firefox/9.0.1"
176.9.51.207 - - [18/Jun/2012:11:02:36 +0200] "GET /robots.txt HTTP/1.1" 404 - "-" "Mozilla/5.0 (compatible; SISTRIX Crawler; http://crawler.sistrix.net/)"
176.9.51.207 - - [18/Jun/2012:11:02:36 +0200] "GET / HTTP/1.1" 200 4606 "-" "Mozilla/5.0 (compatible; SISTRIX Crawler; http://crawler.sistrix.net/)"
176.9.51.207 - - [18/Jun/2012:11:02:37 +0200] "GET /index.html HTTP/1.1" 200 4606 "-" "Mozilla/5.0 (compatible; SISTRIX Crawler; http://crawler.sistrix.net/)"
176.9.51.207 - - [18/Jun/2012:11:02:37 +0200] "GET /uns.html HTTP/1.1" 200 4398 "-" "Mozilla/5.0 (compatible; SISTRIX Crawler; http://crawler.sistrix.net/)"
176.9.51.207 - - [18/Jun/2012:11:02:37 +0200] "GET /spektrum.html HTTP/1.1" 200 4541 "-" "Mozilla/5.0 (compatible; SISTRIX Crawler; http://crawler.sistrix.net/)"
176.9.51.207 - - [18/Jun/2012:11:02:38 +0200] "GET /referenz.html HTTP/1.1" 200 10668 "-" "Mozilla/5.0 (compatible; SISTRIX Crawler; http://crawler.sistrix.net/)"
176.9.51.207 - - [18/Jun/2012:11:02:38 +0200] "GET /partner.html HTTP/1.1" 200 4485 "-" "Mozilla/5.0 (compatible; SISTRIX Crawler; http://crawler.sistrix.net/)"
176.9.51.207 - - [18/Jun/2012:11:02:38 +0200] "GET /kontakt.html HTTP/1.1" 200 4451 "-" "Mozilla/5.0 (compatible; SISTRIX Crawler; http://crawler.sistrix.net/)"
176.9.51.207 - - [18/Jun/2012:11:02:39 +0200] "GET /impressum.html HTTP/1.1" 200 5721 "-" "Mozilla/5.0 (compatible; SISTRIX Crawler; http://crawler.sistrix.net/)"
83.133.125.202 - - [18/Jun/2012:13:28:11 +0200] "GET / HTTP/1.1" 200 4606 "http://www.bigfinder.de/" "Mozilla/5.0 (Windows; U; Windows NT 6.0; en-US) AppleWebKit/533.4 (KHTML, like Gecko) Chrome/5.0.375.126 Safari/533.4"
80.133.108.202 - - [18/Jun/2012:15:11:50 +0200] "GET /referenz.html HTTP/1.1" 200 10668 "http://www.google.de/url?sa=t&rct=j&q=neubau+einkaufszentrum+sachsen&source=web&cd=8&ved=0CHEQFjAH&url=http%3A%2F%2Fwww.mbingenieure.de%2Freferenz.html&ei=cSjfT_T6E8PUsgar-PHXDQ&usg=AFQjCNEjBuJQ2-M4Z4j35BAeh7XDA3bhYQ" "Mozilla/5.0 (Windows NT 6.1) AppleWebKit/536.5 (KHTML, like Gecko) Chrome/19.0.1084.56 Safari/536.5"
80.133.108.202 - - [18/Jun/2012:15:11:50 +0200] "GET /css/style.css HTTP/1.1" 200 2439 "http://www.mbingenieure.de/referenz.html" "Mozilla/5.0 (Windows NT 6.1) AppleWebKit/536.5 (KHTML, like Gecko) Chrome/19.0.1084.56 Safari/536.5"
80.133.108.202 - - [18/Jun/2012:15:11:50 +0200] "GET /js/plugins.js HTTP/1.1" 404 - "http://www.mbingenieure.de/referenz.html" "Mozilla/5.0 (Windows NT 6.1) AppleWebKit/536.5 (KHTML, like Gecko) Chrome/19.0.1084.56 Safari/536.5"
80.133.108.202 - - [18/Jun/2012:15:11:50 +0200] "GET /js/libs/modernizr-2.5.3.min.js HTTP/1.1" 404 - "http://www.mbingenieure.de/referenz.html" "Mozilla/5.0 (Windows NT 6.1) AppleWebKit/536.5 (KHTML, like Gecko) Chrome/19.0.1084.56 Safari/536.5"
80.133.108.202 - - [18/Jun/2012:15:11:50 +0200] "GET /images/footer.jpg HTTP/1.1" 200 5903 "http://www.mbingenieure.de/referenz.html" "Mozilla/5.0 (Windows NT 6.1) AppleWebKit/536.5 (KHTML, like Gecko) Chrome/19.0.1084.56 Safari/536.5"
80.133.108.202 - - [18/Jun/2012:15:11:50 +0200] "GET /images/header.jpg HTTP/1.1" 200 10807 "http://www.mbingenieure.de/referenz.html" "Mozilla/5.0 (Windows NT 6.1) AppleWebKit/536.5 (KHTML, like Gecko) Chrome/19.0.1084.56 Safari/536.5"
80.133.108.202 - - [18/Jun/2012:15:11:50 +0200] "GET /images/navi.jpg HTTP/1.1" 200 32635 "http://www.mbingenieure.de/referenz.html" "Mozilla/5.0 (Windows NT 6.1) AppleWebKit/536.5 (KHTML, like Gecko) Chrome/19.0.1084.56 Safari/536.5"
80.133.108.202 - - [18/Jun/2012:15:11:51 +0200] "GET /favicon.ico HTTP/1.1" 200 93062 "-" "Mozilla/5.0 (Windows NT 6.1) AppleWebKit/536.5 (KHTML, like Gecko) Chrome/19.0.1084.56 Safari/536.5"
66.249.72.250 - - [18/Jun/2012:18:10:52 +0200] "GET /robots.txt HTTP/1.1" 404 - "-" "Mozilla/5.0 (compatible; Googlebot/2.1; +http://www.google.com/bot.html)"
72.14.199.244 - - [18/Jun/2012:18:10:52 +0200] "GET /google96721bab6c5575fe.html HTTP/1.1" 200 53 "-" "Google-Site-Verification/1.0"
66.249.72.250 - - [19/Jun/2012:00:46:31 +0200] "GET /impressum.html HTTP/1.1" 200 5721 "-" "Mozilla/5.0 (iPhone; U; CPU iPhone OS 4_1 like Mac OS X; en-us) AppleWebKit/532.9 (KHTML, like Gecko) Version/4.0.5 Mobile/8B117 Safari/6531.22.7 (compatible; Googlebot-Mobile/2.1; +http://www.google.com/bot.html)"
188.165.201.134 - - [19/Jun/2012:03:19:18 +0200] "GET /robots.txt HTTP/1.0" 404 - "-" "Mozilla/5.0 (compatible; MJ12bot/v1.4.2; http://www.majestic12.co.uk/bot.php?+)"
188.165.201.134 - - [19/Jun/2012:03:19:19 +0200] "GET / HTTP/1.0" 200 4606 "-" "Mozilla/5.0 (compatible; MJ12bot/v1.4.2; http://www.majestic12.co.uk/bot.php?+)"
95.211.139.1 - - [19/Jun/2012:07:32:07 +0200] "GET /robots.txt HTTP/1.0" 404 - "-" "Mozilla/5.0 (compatible; AcoonBot/4.11.1; +http://www.acoon.de/robot.asp)"
95.211.139.1 - - [19/Jun/2012:07:32:07 +0200] "GET / HTTP/1.0" 200 4606 "-" "Mozilla/5.0 (compatible; AcoonBot/4.11.1; +http://www.acoon.de/robot.asp)"
65.52.104.27 - - [19/Jun/2012:07:42:42 +0200] "GET /robots.txt HTTP/1.1" 404 - "-" "Mozilla/5.0 (compatible; bingbot/2.0; +http://www.bing.com/bingbot.htm)"
65.52.104.27 - - [19/Jun/2012:07:43:32 +0200] "GET / HTTP/1.1" 200 4606 "-" "Mozilla/5.0 (compatible; bingbot/2.0; +http://www.bing.com/bingbot.htm)"
65.52.104.27 - - [19/Jun/2012:13:06:09 +0200] "GET /robots.txt HTTP/1.1" 404 - "-" "Mozilla/5.0 (compatible; bingbot/2.0; +http://www.bing.com/bingbot.htm)"
65.52.104.27 - - [19/Jun/2012:13:07:11 +0200] "GET / HTTP/1.1" 200 4606 "-" "Mozilla/5.0 (compatible; bingbot/2.0; +http://www.bing.com/bingbot.htm)"
65.52.104.27 - - [19/Jun/2012:18:36:24 +0200] "GET /robots.txt HTTP/1.1" 404 - "-" "Mozilla/5.0 (compatible; bingbot/2.0; +http://www.bing.com/bingbot.htm)"
65.52.104.27 - - [19/Jun/2012:18:37:12 +0200] "GET / HTTP/1.1" 200 4606 "-" "Mozilla/5.0 (compatible; bingbot/2.0; +http://www.bing.com/bingbot.htm)"
65.52.104.27 - - [19/Jun/2012:19:41:34 +0200] "GET /robots.txt HTTP/1.1" 404 - "-" "Mozilla/5.0 (compatible; bingbot/2.0; +http://www.bing.com/bingbot.htm)"
65.52.104.27 - - [19/Jun/2012:19:42:12 +0200] "GET / HTTP/1.1" 200 4606 "-" "Mozilla/5.0 (compatible; bingbot/2.0; +http://www.bing.com/bingbot.htm)"
65.52.104.27 - - [20/Jun/2012:00:02:53 +0200] "GET /robots.txt HTTP/1.1" 404 - "-" "Mozilla/5.0 (compatible; bingbot/2.0; +http://www.bing.com/bingbot.htm)"
65.52.104.27 - - [20/Jun/2012:00:03:59 +0200] "GET / HTTP/1.1" 200 4606 "-" "Mozilla/5.0 (compatible; bingbot/2.0; +http://www.bing.com/bingbot.htm)"
65.52.109.198 - - [20/Jun/2012:05:32:25 +0200] "GET /robots.txt HTTP/1.1" 404 - "-" "Mozilla/5.0 (compatible; bingbot/2.0; +http://www.bing.com/bingbot.htm)"
65.52.109.198 - - [20/Jun/2012:05:33:18 +0200] "GET / HTTP/1.1" 200 4606 "-" "Mozilla/5.0 (compatible; bingbot/2.0; +http://www.bing.com/bingbot.htm)"
65.52.109.198 - - [20/Jun/2012:10:59:44 +0200] "GET /robots.txt HTTP/1.1" 404 - "-" "Mozilla/5.0 (compatible; bingbot/2.0; +http://www.bing.com/bingbot.htm)"
65.52.109.198 - - [20/Jun/2012:11:00:23 +0200] "GET / HTTP/1.1" 200 4606 "-" "Mozilla/5.0 (compatible; bingbot/2.0; +http://www.bing.com/bingbot.htm)"
65.52.109.198 - - [20/Jun/2012:11:26:22 +0200] "GET / HTTP/1.1" 200 4606 "-" "Mozilla/5.0 (compatible; bingbot/2.0; +http://www.bing.com/bingbot.htm)"
65.52.109.198 - - [20/Jun/2012:13:09:42 +0200] "GET /robots.txt HTTP/1.1" 404 - "-" "Mozilla/5.0 (compatible; bingbot/2.0; +http://www.bing.com/bingbot.htm)"
65.52.109.198 - - [20/Jun/2012:13:10:24 +0200] "GET / HTTP/1.1" 200 4606 "-" "Mozilla/5.0 (compatible; bingbot/2.0; +http://www.bing.com/bingbot.htm)"
178.77.126.55 - - [20/Jun/2012:13:21:54 +0200] "GET /robots.txt HTTP/1.1" 404 - "-" "Mozilla/5.0 (compatible; CareerBot/1.1; +http://www.career-x.de/bot.html)"
178.77.126.55 - - [20/Jun/2012:13:21:54 +0200] "GET / HTTP/1.1" 200 4606 "-" "Mozilla/5.0 (compatible; CareerBot/1.1; +http://www.career-x.de/bot.html)"
178.77.126.55 - - [20/Jun/2012:13:21:54 +0200] "GET /uns.html HTTP/1.1" 200 4398 "-" "Mozilla/5.0 (compatible; CareerBot/1.1; +http://www.career-x.de/bot.html)"
178.77.126.55 - - [20/Jun/2012:13:21:54 +0200] "GET /edge,chrome=1 HTTP/1.1" 404 - "-" "Mozilla/5.0 (compatible; CareerBot/1.1; +http://www.career-x.de/bot.html)"
178.77.126.55 - - [20/Jun/2012:13:21:55 +0200] "GET /index.html HTTP/1.1" 200 4606 "-" "Mozilla/5.0 (compatible; CareerBot/1.1; +http://www.career-x.de/bot.html)"
178.77.126.55 - - [20/Jun/2012:13:21:56 +0200] "GET /uns.html HTTP/1.1" 200 4398 "-" "Mozilla/5.0 (compatible; CareerBot/1.1; +http://www.career-x.de/bot.html)"
178.77.126.55 - - [20/Jun/2012:13:21:57 +0200] "GET /spektrum.html HTTP/1.1" 200 4541 "-" "Mozilla/5.0 (compatible; CareerBot/1.1; +http://www.career-x.de/bot.html)"
178.77.126.55 - - [20/Jun/2012:13:21:58 +0200] "GET /referenz.html HTTP/1.1" 200 10668 "-" "Mozilla/5.0 (compatible; CareerBot/1.1; +http://www.career-x.de/bot.html)"
178.77.126.55 - - [20/Jun/2012:13:21:59 +0200] "GET /partner.html HTTP/1.1" 200 4485 "-" "Mozilla/5.0 (compatible; CareerBot/1.1; +http://www.career-x.de/bot.html)"
178.77.126.55 - - [20/Jun/2012:13:22:01 +0200] "GET /kontakt.html HTTP/1.1" 200 4451 "-" "Mozilla/5.0 (compatible; CareerBot/1.1; +http://www.career-x.de/bot.html)"
178.77.126.55 - - [20/Jun/2012:13:22:02 +0200] "GET /impressum.html HTTP/1.1" 200 5721 "-" "Mozilla/5.0 (compatible; CareerBot/1.1; +http://www.career-x.de/bot.html)"
178.154.179.250 - - [20/Jun/2012:13:26:04 +0200] "GET /robots.txt HTTP/1.1" 404 - "-" "Mozilla/5.0 (compatible; YandexBot/3.0; +http://yandex.com/bots)"
65.52.109.198 - - [20/Jun/2012:16:25:06 +0200] "GET /robots.txt HTTP/1.1" 404 - "-" "Mozilla/5.0 (compatible; bingbot/2.0; +http://www.bing.com/bingbot.htm)"
65.52.109.198 - - [20/Jun/2012:16:25:57 +0200] "GET / HTTP/1.1" 304 - "-" "Mozilla/5.0 (compatible; bingbot/2.0; +http://www.bing.com/bingbot.htm)"
65.52.109.198 - - [20/Jun/2012:16:43:28 +0200] "GET / HTTP/1.1" 200 4606 "-" "Mozilla/5.0 (compatible; bingbot/2.0; +http://www.bing.com/bingbot.htm)"
65.52.109.198 - - [20/Jun/2012:18:44:46 +0200] "GET /robots.txt HTTP/1.1" 404 - "-" "Mozilla/5.0 (compatible; bingbot/2.0; +http://www.bing.com/bingbot.htm)"
65.52.109.198 - - [20/Jun/2012:18:45:33 +0200] "GET / HTTP/1.1" 304 - "-" "Mozilla/5.0 (compatible; bingbot/2.0; +http://www.bing.com/bingbot.htm)"
178.154.179.250 - - [20/Jun/2012:19:01:29 +0200] "GET / HTTP/1.1" 200 4606 "-" "Mozilla/5.0 (compatible; YandexBot/3.0; +http://yandex.com/bots)"
157.55.16.222 - - [21/Jun/2012:01:16:17 +0200] "GET /robots.txt HTTP/1.1" 404 - "-" "Mozilla/5.0 (compatible; bingbot/2.0; +http://www.bing.com/bingbot.htm)"
157.55.16.222 - - [21/Jun/2012:01:17:32 +0200] "GET / HTTP/1.1" 200 4606 "-" "Mozilla/5.0 (compatible; bingbot/2.0; +http://www.bing.com/bingbot.htm)"
65.52.108.25 - - [21/Jun/2012:02:47:57 +0200] "GET /spektrum.html HTTP/1.1" 200 4541 "-" "Mozilla/5.0 (compatible; bingbot/2.0; +http://www.bing.com/bingbot.htm)"
207.46.199.52 - - [21/Jun/2012:07:12:43 +0200] "GET /robots.txt HTTP/1.1" 404 - "-" "Mozilla/5.0 (compatible; bingbot/2.0; +http://www.bing.com/bingbot.htm)"
66.249.72.250 - - [21/Jun/2012:08:59:09 +0200] "GET /robots.txt HTTP/1.1" 404 - "-" "Mozilla/5.0 (compatible; Googlebot/2.1; +http://www.google.com/bot.html)"
66.249.72.250 - - [21/Jun/2012:08:59:09 +0200] "GET /uns.html HTTP/1.1" 200 4398 "-" "Mozilla/5.0 (compatible; Googlebot/2.1; +http://www.google.com/bot.html)"
207.46.13.209 - - [21/Jun/2012:09:23:49 +0200] "GET /robots.txt HTTP/1.1" 404 - "-" "Mozilla/5.0 (compatible; bingbot/2.0; +http://www.bing.com/bingbot.htm)"
207.46.13.209 - - [21/Jun/2012:09:25:49 +0200] "GET / HTTP/1.1" 200 4606 "-" "Mozilla/5.0 (compatible; bingbot/2.0; +http://www.bing.com/bingbot.htm)"
77.12.69.60 - - [21/Jun/2012:12:06:57 +0200] "GET /impressum.html HTTP/1.1" 200 5721 "http://www.google.de/url?sa=t&rct=j&q=martin%20bieder%20panketal&source=web&cd=1&sqi=2&ved=0CFUQFjAA&url=http%3A%2F%2Fwww.mbingenieure.de%2Fimpressum.html&ei=D_LiT9T4OofHtAad2OnBBg&usg=AFQjCNHELIGYYj_HQnujp4z8JvB7XA-W3w" "Mozilla/5.0 (Windows NT 5.1; rv:13.0) Gecko/20100101 Firefox/13.0.1"
77.12.69.60 - - [21/Jun/2012:12:06:57 +0200] "GET /css/style.css HTTP/1.1" 200 2439 "http://www.mbingenieure.de/impressum.html" "Mozilla/5.0 (Windows NT 5.1; rv:13.0) Gecko/20100101 Firefox/13.0.1"
77.12.69.60 - - [21/Jun/2012:12:06:57 +0200] "GET /js/libs/modernizr-2.5.3.min.js HTTP/1.1" 404 - "http://www.mbingenieure.de/impressum.html" "Mozilla/5.0 (Windows NT 5.1; rv:13.0) Gecko/20100101 Firefox/13.0.1"
77.12.69.60 - - [21/Jun/2012:12:06:57 +0200] "GET /js/plugins.js HTTP/1.1" 404 - "http://www.mbingenieure.de/impressum.html" "Mozilla/5.0 (Windows NT 5.1; rv:13.0) Gecko/20100101 Firefox/13.0.1"
77.12.69.60 - - [21/Jun/2012:12:06:57 +0200] "GET /images/footer.jpg HTTP/1.1" 200 5903 "http://www.mbingenieure.de/css/style.css" "Mozilla/5.0 (Windows NT 5.1; rv:13.0) Gecko/20100101 Firefox/13.0.1"
77.12.69.60 - - [21/Jun/2012:12:06:57 +0200] "GET /images/header.jpg HTTP/1.1" 200 10807 "http://www.mbingenieure.de/css/style.css" "Mozilla/5.0 (Windows NT 5.1; rv:13.0) Gecko/20100101 Firefox/13.0.1"
77.12.69.60 - - [21/Jun/2012:12:06:57 +0200] "GET /images/navi.jpg HTTP/1.1" 200 32635 "http://www.mbingenieure.de/css/style.css" "Mozilla/5.0 (Windows NT 5.1; rv:13.0) Gecko/20100101 Firefox/13.0.1"
77.12.69.60 - - [21/Jun/2012:12:06:58 +0200] "GET /favicon.ico HTTP/1.1" 200 93062 "-" "Mozilla/5.0 (Windows NT 5.1; rv:13.0) Gecko/20100101 Firefox/13.0.1"
178.154.179.250 - - [21/Jun/2012:14:33:35 +0200] "GET /robots.txt HTTP/1.1" 404 - "-" "Mozilla/5.0 (compatible; YandexBot/3.0; +http://yandex.com/bots)"
178.154.179.250 - - [21/Jun/2012:18:12:10 +0200] "GET / HTTP/1.1" 200 4606 "-" "Mozilla/5.0 (compatible; YandexBot/3.0; +http://yandex.com/bots)"
207.46.13.209 - - [21/Jun/2012:20:07:41 +0200] "GET /robots.txt HTTP/1.1" 404 - "-" "Mozilla/5.0 (compatible; bingbot/2.0; +http://www.bing.com/bingbot.htm)"
207.46.13.209 - - [21/Jun/2012:20:08:19 +0200] "GET / HTTP/1.1" 304 - "-" "Mozilla/5.0 (compatible; bingbot/2.0; +http://www.bing.com/bingbot.htm)"
207.46.13.209 - - [21/Jun/2012:20:25:48 +0200] "GET / HTTP/1.1" 200 4606 "-" "Mozilla/5.0 (compatible; bingbot/2.0; +http://www.bing.com/bingbot.htm)"
65.52.108.25 - - [22/Jun/2012:00:39:10 +0200] "GET /robots.txt HTTP/1.1" 404 - "-" "Mozilla/5.0 (compatible; bingbot/2.0; +http://www.bing.com/bingbot.htm)"
66.249.68.78 - - [22/Jun/2012:05:01:14 +0200] "GET /robots.txt HTTP/1.1" 404 - "-" "Mozilla/5.0 (compatible; Googlebot/2.1; +http://www.google.com/bot.html)"
66.249.68.78 - - [22/Jun/2012:05:01:14 +0200] "GET /index.html HTTP/1.1" 200 4606 "-" "Mozilla/5.0 (compatible; Googlebot/2.1; +http://www.google.com/bot.html)"
66.249.72.250 - - [22/Jun/2012:08:56:17 +0200] "GET /robots.txt HTTP/1.1" 404 - "-" "Mozilla/5.0 (compatible; Googlebot/2.1; +http://www.google.com/bot.html)"
66.249.72.250 - - [22/Jun/2012:08:56:17 +0200] "GET /kontakt.html HTTP/1.1" 200 4451 "-" "Mozilla/5.0 (iPhone; U; CPU iPhone OS 4_1 like Mac OS X; en-us) AppleWebKit/532.9 (KHTML, like Gecko) Version/4.0.5 Mobile/8B117 Safari/6531.22.7 (compatible; Googlebot-Mobile/2.1; +http://www.google.com/bot.html)"
178.154.179.250 - - [22/Jun/2012:13:23:32 +0200] "GET /index.html HTTP/1.1" 200 4606 "-" "Mozilla/5.0 (compatible; YandexBot/3.0; +http://yandex.com/bots)"
65.52.110.198 - - [22/Jun/2012:17:48:37 +0200] "GET /robots.txt HTTP/1.1" 404 - "-" "Mozilla/5.0 (compatible; bingbot/2.0; +http://www.bing.com/bingbot.htm)"
65.52.110.198 - - [22/Jun/2012:17:49:41 +0200] "GET / HTTP/1.1" 200 4606 "-" "Mozilla/5.0 (compatible; bingbot/2.0; +http://www.bing.com/bingbot.htm)"
178.77.126.55 - - [22/Jun/2012:20:40:13 +0200] "GET /robots.txt HTTP/1.1" 404 - "-" "Mozilla/5.0 (compatible; CareerBot/1.1; +http://www.career-x.de/bot.html)"
178.77.126.55 - - [22/Jun/2012:20:40:13 +0200] "GET / HTTP/1.1" 200 4606 "-" "Mozilla/5.0 (compatible; CareerBot/1.1; +http://www.career-x.de/bot.html)"
178.77.126.55 - - [22/Jun/2012:20:40:13 +0200] "GET /uns.html HTTP/1.1" 200 4398 "-" "Mozilla/5.0 (compatible; CareerBot/1.1; +http://www.career-x.de/bot.html)"
178.77.126.55 - - [22/Jun/2012:20:40:13 +0200] "GET /edge,chrome=1 HTTP/1.1" 404 - "-" "Mozilla/5.0 (compatible; CareerBot/1.1; +http://www.career-x.de/bot.html)"
178.77.126.55 - - [22/Jun/2012:20:40:14 +0200] "GET /index.html HTTP/1.1" 200 4606 "-" "Mozilla/5.0 (compatible; CareerBot/1.1; +http://www.career-x.de/bot.html)"
178.77.126.55 - - [22/Jun/2012:20:40:15 +0200] "GET /uns.html HTTP/1.1" 200 4398 "-" "Mozilla/5.0 (compatible; CareerBot/1.1; +http://www.career-x.de/bot.html)"
178.77.126.55 - - [22/Jun/2012:20:40:16 +0200] "GET /spektrum.html HTTP/1.1" 200 4541 "-" "Mozilla/5.0 (compatible; CareerBot/1.1; +http://www.career-x.de/bot.html)"
178.77.126.55 - - [22/Jun/2012:20:40:17 +0200] "GET /referenz.html HTTP/1.1" 200 10668 "-" "Mozilla/5.0 (compatible; CareerBot/1.1; +http://www.career-x.de/bot.html)"
178.77.126.55 - - [22/Jun/2012:20:40:18 +0200] "GET /partner.html HTTP/1.1" 200 4485 "-" "Mozilla/5.0 (compatible; CareerBot/1.1; +http://www.career-x.de/bot.html)"
178.77.126.55 - - [22/Jun/2012:20:40:20 +0200] "GET /kontakt.html HTTP/1.1" 200 4451 "-" "Mozilla/5.0 (compatible; CareerBot/1.1; +http://www.career-x.de/bot.html)"
178.77.126.55 - - [22/Jun/2012:20:40:21 +0200] "GET /impressum.html HTTP/1.1" 200 5721 "-" "Mozilla/5.0 (compatible; CareerBot/1.1; +http://www.career-x.de/bot.html)"
66.249.66.203 - - [23/Jun/2012:01:08:37 +0200] "GET /robots.txt HTTP/1.1" 404 - "-" "Mozilla/5.0 (compatible; Googlebot/2.1; +http://www.google.com/bot.html)"
66.249.66.203 - - [23/Jun/2012:01:08:38 +0200] "GET /referenz.html HTTP/1.1" 200 10668 "-" "Mozilla/5.0 (iPhone; U; CPU iPhone OS 4_1 like Mac OS X; en-us) AppleWebKit/532.9 (KHTML, like Gecko) Version/4.0.5 Mobile/8B117 Safari/6531.22.7 (compatible; Googlebot-Mobile/2.1; +http://www.google.com/bot.html)"
65.52.108.25 - - [23/Jun/2012:12:21:34 +0200] "GET /robots.txt HTTP/1.1" 404 - "-" "Mozilla/5.0 (compatible; bingbot/2.0; +http://www.bing.com/bingbot.htm)"
65.52.108.25 - - [23/Jun/2012:12:35:49 +0200] "GET /referenz.html HTTP/1.1" 304 - "-" "Mozilla/5.0 (compatible; bingbot/2.0; +http://www.bing.com/bingbot.htm)"
178.154.179.250 - - [23/Jun/2012:13:44:29 +0200] "GET /robots.txt HTTP/1.1" 404 - "-" "Mozilla/5.0 (compatible; YandexBot/3.0; +http://yandex.com/bots)"
178.154.179.250 - - [23/Jun/2012:20:54:07 +0200] "GET /index.html HTTP/1.1" 200 4606 "-" "Mozilla/5.0 (compatible; YandexBot/3.0; +http://yandex.com/bots)"
66.249.66.203 - - [24/Jun/2012:00:47:27 +0200] "GET /robots.txt HTTP/1.1" 404 - "-" "Mozilla/5.0 (compatible; Googlebot/2.1; +http://www.google.com/bot.html)"
66.249.66.203 - - [24/Jun/2012:00:47:27 +0200] "GET /partner.html HTTP/1.1" 200 4485 "-" "Mozilla/5.0 (iPhone; U; CPU iPhone OS 4_1 like Mac OS X; en-us) AppleWebKit/532.9 (KHTML, like Gecko) Version/4.0.5 Mobile/8B117 Safari/6531.22.7 (compatible; Googlebot-Mobile/2.1; +http://www.google.com/bot.html)"
141.105.120.151 - - [24/Jun/2012:08:04:42 +0200] "GET /robots.txt HTTP/1.0" 404 - "-" "Mozilla/5.0 (compatible; OpenindexSpider/Nutch-1.5-dev; +http://www.openindex.io/en/webmasters/spider.html)"
141.105.120.151 - - [24/Jun/2012:08:04:42 +0200] "GET / HTTP/1.0" 200 4606 "-" "Mozilla/5.0 (compatible; OpenindexSpider/Nutch-1.5-dev; +http://www.openindex.io/en/webmasters/spider.html)"
178.154.179.250 - - [24/Jun/2012:16:25:06 +0200] "GET /robots.txt HTTP/1.1" 404 - "-" "Mozilla/5.0 (compatible; YandexBot/3.0; +http://yandex.com/bots)"
66.249.66.203 - - [24/Jun/2012:20:07:16 +0200] "GET /robots.txt HTTP/1.1" 404 - "-" "Mozilla/5.0 (compatible; Googlebot/2.1; +http://www.google.com/bot.html)"
66.249.66.203 - - [24/Jun/2012:20:07:16 +0200] "GET /spektrum.html HTTP/1.1" 200 4541 "-" "Mozilla/5.0 (iPhone; U; CPU iPhone OS 4_1 like Mac OS X; en-us) AppleWebKit/532.9 (KHTML, like Gecko) Version/4.0.5 Mobile/8B117 Safari/6531.22.7 (compatible; Googlebot-Mobile/2.1; +http://www.google.com/bot.html)"
178.154.179.250 - - [24/Jun/2012:20:41:54 +0200] "GET /index.html HTTP/1.1" 200 4606 "-" "Mozilla/5.0 (compatible; YandexBot/3.0; +http://yandex.com/bots)"
65.52.108.12 - - [25/Jun/2012:00:10:40 +0200] "GET /robots.txt HTTP/1.1" 404 - "-" "Mozilla/5.0 (compatible; bingbot/2.0; +http://www.bing.com/bingbot.htm)"
65.52.108.12 - - [25/Jun/2012:00:11:25 +0200] "GET / HTTP/1.1" 304 - "-" "Mozilla/5.0 (compatible; bingbot/2.0; +http://www.bing.com/bingbot.htm)"
93.196.16.122 - - [25/Jun/2012:00:28:40 +0200] "GET / HTTP/1.1" 200 4606 "-" "Jakarta Commons-HttpClient/3.1"
93.196.16.122 - - [25/Jun/2012:00:28:40 +0200] "GET /impressum.html HTTP/1.1" 200 5721 "-" "Jakarta Commons-HttpClient/3.1"
65.52.108.12 - - [25/Jun/2012:08:43:53 +0200] "GET /robots.txt HTTP/1.1" 404 - "-" "Mozilla/5.0 (compatible; bingbot/2.0; +http://www.bing.com/bingbot.htm)"
65.52.108.12 - - [25/Jun/2012:08:44:33 +0200] "GET / HTTP/1.1" 304 - "-" "Mozilla/5.0 (compatible; bingbot/2.0; +http://www.bing.com/bingbot.htm)"
66.249.66.203 - - [25/Jun/2012:10:21:20 +0200] "GET /robots.txt HTTP/1.1" 404 - "-" "Mozilla/5.0 (compatible; Googlebot/2.1; +http://www.google.com/bot.html)"
66.249.72.250 - - [25/Jun/2012:10:21:20 +0200] "GET / HTTP/1.1" 200 4606 "-" "Mozilla/5.0 (compatible; Googlebot/2.1; +http://www.google.com/bot.html)"
178.154.179.250 - - [25/Jun/2012:19:12:53 +0200] "GET /robots.txt HTTP/1.1" 404 - "-" "Mozilla/5.0 (compatible; YandexBot/3.0; +http://yandex.com/bots)"
178.154.179.250 - - [26/Jun/2012:00:08:46 +0200] "GET /index.html HTTP/1.1" 200 4606 "-" "Mozilla/5.0 (compatible; YandexBot/3.0; +http://yandex.com/bots)"
178.154.179.250 - - [26/Jun/2012:17:22:43 +0200] "GET /robots.txt HTTP/1.1" 404 - "-" "Mozilla/5.0 (compatible; YandexBot/3.0; +http://yandex.com/bots)"
176.9.146.19 - - [26/Jun/2012:22:47:57 +0200] "GET /robots.txt HTTP/1.1" 404 - "-" "Mozilla/5.0 (compatible; SISTRIX Crawler; http://crawler.sistrix.net/)"
176.9.146.19 - - [26/Jun/2012:22:47:57 +0200] "GET / HTTP/1.1" 200 4606 "-" "Mozilla/5.0 (compatible; SISTRIX Crawler; http://crawler.sistrix.net/)"
176.9.146.19 - - [26/Jun/2012:22:47:57 +0200] "GET /kontakt.html HTTP/1.1" 200 4451 "-" "Mozilla/5.0 (compatible; SISTRIX Crawler; http://crawler.sistrix.net/)"
176.9.146.19 - - [26/Jun/2012:22:47:58 +0200] "GET /spektrum.html HTTP/1.1" 200 4541 "-" "Mozilla/5.0 (compatible; SISTRIX Crawler; http://crawler.sistrix.net/)"
176.9.146.19 - - [26/Jun/2012:22:47:58 +0200] "GET /impressum.html HTTP/1.1" 200 5721 "-" "Mozilla/5.0 (compatible; SISTRIX Crawler; http://crawler.sistrix.net/)"
176.9.146.19 - - [26/Jun/2012:22:47:58 +0200] "GET /index.html HTTP/1.1" 200 4606 "-" "Mozilla/5.0 (compatible; SISTRIX Crawler; http://crawler.sistrix.net/)"
176.9.146.19 - - [26/Jun/2012:22:47:58 +0200] "GET /partner.html HTTP/1.1" 200 4485 "-" "Mozilla/5.0 (compatible; SISTRIX Crawler; http://crawler.sistrix.net/)"
176.9.146.19 - - [26/Jun/2012:22:47:58 +0200] "GET /uns.html HTTP/1.1" 200 4398 "-" "Mozilla/5.0 (compatible; SISTRIX Crawler; http://crawler.sistrix.net/)"
176.9.146.19 - - [26/Jun/2012:22:47:58 +0200] "GET /referenz.html HTTP/1.1" 200 10668 "-" "Mozilla/5.0 (compatible; SISTRIX Crawler; http://crawler.sistrix.net/)"
178.154.179.250 - - [26/Jun/2012:23:38:48 +0200] "GET /index.html HTTP/1.1" 200 4606 "-" "Mozilla/5.0 (compatible; YandexBot/3.0; +http://yandex.com/bots)"
65.52.108.198 - - [27/Jun/2012:03:40:07 +0200] "GET /robots.txt HTTP/1.1" 404 - "-" "Mozilla/5.0 (compatible; bingbot/2.0; +http://www.bing.com/bingbot.htm)"
65.52.108.198 - - [27/Jun/2012:03:41:00 +0200] "GET /partner.html HTTP/1.1" 200 4485 "-" "Mozilla/5.0 (compatible; bingbot/2.0; +http://www.bing.com/bingbot.htm)"
66.249.66.203 - - [27/Jun/2012:06:34:00 +0200] "GET /robots.txt HTTP/1.1" 404 - "-" "Mozilla/5.0 (compatible; Googlebot/2.1; +http://www.google.com/bot.html)"
66.249.66.203 - - [27/Jun/2012:06:34:00 +0200] "GET /impressum.html HTTP/1.1" 200 5721 "-" "Mozilla/5.0 (compatible; Googlebot/2.1; +http://www.google.com/bot.html)"
83.133.125.202 - - [27/Jun/2012:07:28:09 +0200] "GET / HTTP/1.1" 200 4606 "http://www.bigfinder.de/" "Mozilla/5.0 (Macintosh; U; Intel Mac OS X 10.6; de-DE; rv:1.9.2.8) Gecko/20100722 Firefox/3.6.8"
66.249.66.203 - - [27/Jun/2012:11:16:33 +0200] "GET / HTTP/1.1" 200 4606 "-" "Mozilla/5.0 (iPhone; U; CPU iPhone OS 4_1 like Mac OS X; en-us) AppleWebKit/532.9 (KHTML, like Gecko) Version/4.0.5 Mobile/8B117 Safari/6531.22.7 (compatible; Googlebot-Mobile/2.1; +http://www.google.com/bot.html)"
66.249.66.203 - - [27/Jun/2012:11:30:11 +0200] "GET /css/style.css HTTP/1.1" 200 2439 "-" "Mozilla/5.0 (compatible; Googlebot/2.1; +http://www.google.com/bot.html)"
178.154.179.250 - - [27/Jun/2012:18:24:01 +0200] "GET /robots.txt HTTP/1.1" 404 - "-" "Mozilla/5.0 (compatible; YandexBot/3.0; +http://yandex.com/bots)"
178.154.179.250 - - [27/Jun/2012:20:22:12 +0200] "GET / HTTP/1.1" 200 4606 "-" "Mozilla/5.0 (compatible; YandexBot/3.0; +http://yandex.com/bots)"
188.101.88.114 - - [27/Jun/2012:21:52:53 +0200] "GET / HTTP/1.1" 200 4606 "http://www.google.de/url?sa=t&rct=j&q=mb%20ingenieure&source=web&cd=3&ved=0CF8QFjAC&url=http%3A%2F%2Fwww.mbingenieure.de%2F&ei=WmTrT6_PD43tsgaC5NW7BQ&usg=AFQjCNEyLqXMZj9hDUfmjIo04GBdDmaXCQ" "Mozilla/5.0 (iPad; CPU OS 5_1_1 like Mac OS X) AppleWebKit/534.46 (KHTML, like Gecko) Version/5.1 Mobile/9B206 Safari/7534.48.3"
188.101.88.114 - - [27/Jun/2012:21:52:53 +0200] "GET /css/style.css HTTP/1.1" 200 2439 "http://www.mbingenieure.de/" "Mozilla/5.0 (iPad; CPU OS 5_1_1 like Mac OS X) AppleWebKit/534.46 (KHTML, like Gecko) Version/5.1 Mobile/9B206 Safari/7534.48.3"
188.101.88.114 - - [27/Jun/2012:21:52:53 +0200] "GET /js/libs/modernizr-2.5.3.min.js HTTP/1.1" 404 - "http://www.mbingenieure.de/" "Mozilla/5.0 (iPad; CPU OS 5_1_1 like Mac OS X) AppleWebKit/534.46 (KHTML, like Gecko) Version/5.1 Mobile/9B206 Safari/7534.48.3"
188.101.88.114 - - [27/Jun/2012:21:52:53 +0200] "GET /js/plugins.js HTTP/1.1" 404 - "http://www.mbingenieure.de/" "Mozilla/5.0 (iPad; CPU OS 5_1_1 like Mac OS X) AppleWebKit/534.46 (KHTML, like Gecko) Version/5.1 Mobile/9B206 Safari/7534.48.3"
188.101.88.114 - - [27/Jun/2012:21:52:53 +0200] "GET /images/bild2.jpg HTTP/1.1" 200 14865 "http://www.mbingenieure.de/" "Mozilla/5.0 (iPad; CPU OS 5_1_1 like Mac OS X) AppleWebKit/534.46 (KHTML, like Gecko) Version/5.1 Mobile/9B206 Safari/7534.48.3"
188.101.88.114 - - [27/Jun/2012:21:52:53 +0200] "GET /images/bild4.jpg HTTP/1.1" 200 14402 "http://www.mbingenieure.de/" "Mozilla/5.0 (iPad; CPU OS 5_1_1 like Mac OS X) AppleWebKit/534.46 (KHTML, like Gecko) Version/5.1 Mobile/9B206 Safari/7534.48.3"
188.101.88.114 - - [27/Jun/2012:21:52:53 +0200] "GET /images/navi.jpg HTTP/1.1" 200 32635 "http://www.mbingenieure.de/" "Mozilla/5.0 (iPad; CPU OS 5_1_1 like Mac OS X) AppleWebKit/534.46 (KHTML, like Gecko) Version/5.1 Mobile/9B206 Safari/7534.48.3"
188.101.88.114 - - [27/Jun/2012:21:52:53 +0200] "GET /images/bild3.png HTTP/1.1" 200 48627 "http://www.mbingenieure.de/" "Mozilla/5.0 (iPad; CPU OS 5_1_1 like Mac OS X) AppleWebKit/534.46 (KHTML, like Gecko) Version/5.1 Mobile/9B206 Safari/7534.48.3"
188.101.88.114 - - [27/Jun/2012:21:52:53 +0200] "GET /images/footer.jpg HTTP/1.1" 200 5903 "http://www.mbingenieure.de/" "Mozilla/5.0 (iPad; CPU OS 5_1_1 like Mac OS X) AppleWebKit/534.46 (KHTML, like Gecko) Version/5.1 Mobile/9B206 Safari/7534.48.3"
188.101.88.114 - - [27/Jun/2012:21:52:53 +0200] "GET /images/header.jpg HTTP/1.1" 200 10807 "http://www.mbingenieure.de/" "Mozilla/5.0 (iPad; CPU OS 5_1_1 like Mac OS X) AppleWebKit/534.46 (KHTML, like Gecko) Version/5.1 Mobile/9B206 Safari/7534.48.3"
178.154.179.250 - - [27/Jun/2012:23:52:29 +0200] "GET /index.html HTTP/1.1" 200 4606 "-" "Mozilla/5.0 (compatible; YandexBot/3.0; +http://yandex.com/bots)"
66.249.66.203 - - [28/Jun/2012:05:52:57 +0200] "GET /robots.txt HTTP/1.1" 404 - "-" "Mozilla/5.0 (compatible; Googlebot/2.1; +http://www.google.com/bot.html)"
66.249.66.203 - - [28/Jun/2012:05:52:57 +0200] "GET /referenz.html HTTP/1.1" 200 10668 "-" "Mozilla/5.0 (compatible; Googlebot/2.1; +http://www.google.com/bot.html)"
65.52.104.84 - - [28/Jun/2012:16:07:44 +0200] "GET /robots.txt HTTP/1.1" 404 - "-" "Mozilla/5.0 (compatible; bingbot/2.0; +http://www.bing.com/bingbot.htm)"
65.52.104.84 - - [28/Jun/2012:16:08:28 +0200] "GET / HTTP/1.1" 304 - "-" "Mozilla/5.0 (compatible; bingbot/2.0; +http://www.bing.com/bingbot.htm)"
66.249.66.203 - - [28/Jun/2012:17:50:30 +0200] "GET /robots.txt HTTP/1.1" 404 - "-" "Mozilla/5.0 (compatible; Googlebot/2.1; +http://www.google.com/bot.html)"
66.249.66.203 - - [28/Jun/2012:17:50:30 +0200] "GET /kontakt.html HTTP/1.1" 200 4451 "-" "Mozilla/5.0 (compatible; Googlebot/2.1; +http://www.google.com/bot.html)"
178.77.126.55 - - [28/Jun/2012:21:59:40 +0200] "GET /robots.txt HTTP/1.1" 404 - "-" "Mozilla/5.0 (compatible; CareerBot/1.1; +http://www.career-x.de/bot.html)"
178.77.126.55 - - [28/Jun/2012:21:59:40 +0200] "GET / HTTP/1.1" 200 4606 "-" "Mozilla/5.0 (compatible; CareerBot/1.1; +http://www.career-x.de/bot.html)"
178.77.126.55 - - [28/Jun/2012:21:59:40 +0200] "GET /uns.html HTTP/1.1" 200 4398 "-" "Mozilla/5.0 (compatible; CareerBot/1.1; +http://www.career-x.de/bot.html)"
178.77.126.55 - - [28/Jun/2012:21:59:40 +0200] "GET /edge,chrome=1 HTTP/1.1" 404 - "-" "Mozilla/5.0 (compatible; CareerBot/1.1; +http://www.career-x.de/bot.html)"
178.77.126.55 - - [28/Jun/2012:21:59:41 +0200] "GET /index.html HTTP/1.1" 200 4606 "-" "Mozilla/5.0 (compatible; CareerBot/1.1; +http://www.career-x.de/bot.html)"
178.77.126.55 - - [28/Jun/2012:21:59:42 +0200] "GET /uns.html HTTP/1.1" 200 4398 "-" "Mozilla/5.0 (compatible; CareerBot/1.1; +http://www.career-x.de/bot.html)"
178.77.126.55 - - [28/Jun/2012:21:59:43 +0200] "GET /spektrum.html HTTP/1.1" 200 4541 "-" "Mozilla/5.0 (compatible; CareerBot/1.1; +http://www.career-x.de/bot.html)"
178.77.126.55 - - [28/Jun/2012:21:59:44 +0200] "GET /referenz.html HTTP/1.1" 200 10668 "-" "Mozilla/5.0 (compatible; CareerBot/1.1; +http://www.career-x.de/bot.html)"
178.77.126.55 - - [28/Jun/2012:21:59:45 +0200] "GET /partner.html HTTP/1.1" 200 4485 "-" "Mozilla/5.0 (compatible; CareerBot/1.1; +http://www.career-x.de/bot.html)"
178.77.126.55 - - [28/Jun/2012:21:59:46 +0200] "GET /kontakt.html HTTP/1.1" 200 4451 "-" "Mozilla/5.0 (compatible; CareerBot/1.1; +http://www.career-x.de/bot.html)"
