157.55.16.230 - - [17/Apr/2012:09:39:37 +0200] "GET / HTTP/1.1" 304 - "-" "Mozilla/5.0 (compatible; bingbot/2.0; +http://www.bing.com/bingbot.htm)"
208.115.113.85 - - [17/Apr/2012:22:19:48 +0200] "GET /robots.txt HTTP/1.1" 404 - "-" "Mozilla/5.0 (compatible; Ezooms/1.0; ezooms.bot@gmail.com)"
208.115.113.85 - - [17/Apr/2012:23:17:06 +0200] "GET /index.html HTTP/1.1" 200 2338 "-" "Mozilla/5.0 (compatible; Ezooms/1.0; ezooms.bot@gmail.com)"
213.186.127.12 - - [18/Apr/2012:03:23:30 +0200] "GET /robots.txt HTTP/1.1" 404 - "-" "Mozilla/5.0 (compatible; AhrefsBot/2.0; +http://ahrefs.com/robot/)"
208.115.113.85 - - [18/Apr/2012:08:26:19 +0200] "GET /robots.txt HTTP/1.1" 404 - "-" "Mozilla/5.0 (compatible; Ezooms/1.0; ezooms.bot@gmail.com)"
208.115.113.85 - - [18/Apr/2012:09:23:20 +0200] "GET /partner.html HTTP/1.1" 200 2119 "-" "Mozilla/5.0 (compatible; Ezooms/1.0; ezooms.bot@gmail.com)"
95.108.151.244 - - [18/Apr/2012:16:23:30 +0200] "GET /robots.txt HTTP/1.1" 404 - "-" "Mozilla/5.0 (compatible; YandexBot/3.0; +http://yandex.com/bots)"
95.108.151.244 - - [18/Apr/2012:16:23:31 +0200] "GET / HTTP/1.1" 200 2338 "-" "Mozilla/5.0 (compatible; YandexBot/3.0; +http://yandex.com/bots)"
95.108.151.244 - - [18/Apr/2012:16:23:32 +0200] "GET / HTTP/1.1" 200 2338 "-" "Mozilla/5.0 (compatible; YandexBot/3.0; +http://yandex.com/bots)"
207.46.199.50 - - [18/Apr/2012:19:30:48 +0200] "GET /robots.txt HTTP/1.1" 404 - "-" "Mozilla/5.0 (compatible; bingbot/2.0; +http://www.bing.com/bingbot.htm)"
207.46.199.50 - - [18/Apr/2012:19:44:52 +0200] "GET /referenz.html HTTP/1.1" 304 - "-" "Mozilla/5.0 (compatible; bingbot/2.0; +http://www.bing.com/bingbot.htm)"
92.224.43.163 - - [18/Apr/2012:19:46:22 +0200] "GET / HTTP/1.1" 200 2338 "-" "Jakarta Commons-HttpClient/3.1"
92.224.43.163 - - [18/Apr/2012:19:46:22 +0200] "GET /impressum.html HTTP/1.1" 200 3453 "-" "Jakarta Commons-HttpClient/3.1"
157.55.16.230 - - [19/Apr/2012:01:12:22 +0200] "GET /robots.txt HTTP/1.1" 404 - "-" "Mozilla/5.0 (compatible; bingbot/2.0; +http://www.bing.com/bingbot.htm)"
157.55.16.230 - - [19/Apr/2012:01:13:23 +0200] "GET / HTTP/1.1" 304 - "-" "Mozilla/5.0 (compatible; bingbot/2.0; +http://www.bing.com/bingbot.htm)"
95.108.128.242 - - [19/Apr/2012:06:51:58 +0200] "GET /robots.txt HTTP/1.1" 404 - "-" "Mozilla/5.0 (compatible; YandexBot/3.0; +http://yandex.com/bots)"
207.46.199.172 - - [19/Apr/2012:09:44:37 +0200] "GET /robots.txt HTTP/1.1" 404 - "-" "msnbot-media/1.1 (+http://search.msn.com/msnbot.htm)"
207.46.199.172 - - [19/Apr/2012:09:44:38 +0200] "GET /images/bild2.jpg HTTP/1.1" 200 14865 "-" "msnbot-media/1.1 (+http://search.msn.com/msnbot.htm)"
207.46.199.172 - - [19/Apr/2012:09:44:38 +0200] "GET / HTTP/1.1" 200 2338 "-" "msnbot-media/1.1 (+http://search.msn.com/msnbot.htm)"
66.249.72.200 - - [19/Apr/2012:21:23:01 +0200] "GET /robots.txt HTTP/1.1" 404 - "-" "Mozilla/5.0 (compatible; Googlebot/2.1; +http://www.google.com/bot.html)"
66.249.66.51 - - [19/Apr/2012:21:23:01 +0200] "GET /uns.html HTTP/1.1" 200 2130 "-" "Mozilla/5.0 (compatible; Googlebot/2.1; +http://www.google.com/bot.html)"
208.115.111.69 - - [19/Apr/2012:23:03:45 +0200] "GET /robots.txt HTTP/1.1" 404 - "-" "Mozilla/5.0 (compatible; Ezooms/1.0; ezooms.bot@gmail.com)"
208.115.111.69 - - [20/Apr/2012:00:02:18 +0200] "GET /uns.html HTTP/1.1" 200 2130 "-" "Mozilla/5.0 (compatible; Ezooms/1.0; ezooms.bot@gmail.com)"
95.108.128.242 - - [20/Apr/2012:08:30:48 +0200] "GET /robots.txt HTTP/1.1" 404 - "-" "Mozilla/5.0 (compatible; YandexBot/3.0; +http://yandex.com/bots)"
66.249.66.51 - - [20/Apr/2012:16:24:42 +0200] "GET /robots.txt HTTP/1.1" 404 - "-" "Mozilla/5.0 (compatible; Googlebot/2.1; +http://www.google.com/bot.html)"
66.249.66.51 - - [20/Apr/2012:16:24:42 +0200] "GET /pfeil.png HTTP/1.1" 404 - "-" "Mozilla/5.0 (compatible; Googlebot/2.1; +http://www.google.com/bot.html)"
66.249.66.51 - - [20/Apr/2012:16:24:42 +0200] "GET /style.css HTTP/1.1" 404 - "-" "Mozilla/5.0 (compatible; Googlebot/2.1; +http://www.google.com/bot.html)"
66.249.66.51 - - [20/Apr/2012:16:24:46 +0200] "GET /css/style.css HTTP/1.1" 200 2439 "http://www.mbingenieure.de/uns.html" "Mozilla/5.0 (compatible; Googlebot/2.1; +http://www.google.com/bot.html)"
157.55.16.230 - - [20/Apr/2012:17:39:03 +0200] "GET /robots.txt HTTP/1.1" 404 - "-" "Mozilla/5.0 (compatible; bingbot/2.0; +http://www.bing.com/bingbot.htm)"
157.55.16.230 - - [20/Apr/2012:17:39:38 +0200] "GET / HTTP/1.1" 304 - "-" "Mozilla/5.0 (compatible; bingbot/2.0; +http://www.bing.com/bingbot.htm)"
95.108.151.244 - - [20/Apr/2012:19:28:41 +0200] "GET /robots.txt HTTP/1.1" 404 - "-" "Mozilla/5.0 (compatible; YandexBot/3.0; +http://yandex.com/bots)"
95.108.151.244 - - [20/Apr/2012:19:28:42 +0200] "GET / HTTP/1.1" 200 2338 "-" "Mozilla/5.0 (compatible; YandexBot/3.0; +http://yandex.com/bots)"
95.108.151.244 - - [20/Apr/2012:19:28:43 +0200] "GET / HTTP/1.1" 200 2338 "-" "Mozilla/5.0 (compatible; YandexBot/3.0; +http://yandex.com/bots)"
79.194.77.96 - - [20/Apr/2012:19:41:42 +0200] "GET / HTTP/1.1" 200 2338 "http://www.google.de/url?sa=t&rct=j&q=%20mbh%20sch%C3%B6nower%20str%2073b&source=web&cd=5&ved=0CEYQFjAE&url=http%3A%2F%2Fwww.mbingenieure.de%2F&ei=yp-RT6T4IpH2sgacsKjNBA&usg=AFQjCNEyLqXMZj9hDUfmjIo04GBdDmaXCQ" "Mozilla/4.0 (compatible; MSIE 8.0; Windows NT 5.1; Trident/4.0; .NET CLR 2.0.50727; .NET CLR 3.0.4506.2152; .NET CLR 3.5.30729; FDM; .NET CLR 1.1.4322; InfoPath.2)"
79.194.77.96 - - [20/Apr/2012:19:41:42 +0200] "GET /css/style.css HTTP/1.1" 200 2439 "http://www.mbingenieure.de/" "Mozilla/4.0 (compatible; MSIE 8.0; Windows NT 5.1; Trident/4.0; .NET CLR 2.0.50727; .NET CLR 3.0.4506.2152; .NET CLR 3.5.30729; FDM; .NET CLR 1.1.4322; InfoPath.2)"
79.194.77.96 - - [20/Apr/2012:19:41:42 +0200] "GET /css/style.css HTTP/1.1" 200 2439 "http://www.mbingenieure.de/" "Mozilla/4.0 (compatible; MSIE 8.0; Windows NT 5.1; Trident/4.0; .NET CLR 2.0.50727; .NET CLR 3.0.4506.2152; .NET CLR 3.5.30729; FDM; .NET CLR 1.1.4322; InfoPath.2)"
79.194.77.96 - - [20/Apr/2012:19:41:42 +0200] "GET /images/bild4.jpg HTTP/1.1" 200 14402 "http://www.mbingenieure.de/" "Mozilla/4.0 (compatible; MSIE 8.0; Windows NT 5.1; Trident/4.0; .NET CLR 2.0.50727; .NET CLR 3.0.4506.2152; .NET CLR 3.5.30729; FDM; .NET CLR 1.1.4322; InfoPath.2)"
79.194.77.96 - - [20/Apr/2012:19:41:42 +0200] "GET /images/bild2.jpg HTTP/1.1" 200 14865 "http://www.mbingenieure.de/" "Mozilla/4.0 (compatible; MSIE 8.0; Windows NT 5.1; Trident/4.0; .NET CLR 2.0.50727; .NET CLR 3.0.4506.2152; .NET CLR 3.5.30729; FDM; .NET CLR 1.1.4322; InfoPath.2)"
79.194.77.96 - - [20/Apr/2012:19:41:42 +0200] "GET /images/bild3.png HTTP/1.1" 200 48627 "http://www.mbingenieure.de/" "Mozilla/4.0 (compatible; MSIE 8.0; Windows NT 5.1; Trident/4.0; .NET CLR 2.0.50727; .NET CLR 3.0.4506.2152; .NET CLR 3.5.30729; FDM; .NET CLR 1.1.4322; InfoPath.2)"
79.194.77.96 - - [20/Apr/2012:19:41:42 +0200] "GET /images/footer.jpg HTTP/1.1" 200 5903 "http://www.mbingenieure.de/" "Mozilla/4.0 (compatible; MSIE 8.0; Windows NT 5.1; Trident/4.0; .NET CLR 2.0.50727; .NET CLR 3.0.4506.2152; .NET CLR 3.5.30729; FDM; .NET CLR 1.1.4322; InfoPath.2)"
79.194.77.96 - - [20/Apr/2012:19:41:42 +0200] "GET /images/header.jpg HTTP/1.1" 200 10807 "http://www.mbingenieure.de/" "Mozilla/4.0 (compatible; MSIE 8.0; Windows NT 5.1; Trident/4.0; .NET CLR 2.0.50727; .NET CLR 3.0.4506.2152; .NET CLR 3.5.30729; FDM; .NET CLR 1.1.4322; InfoPath.2)"
79.194.77.96 - - [20/Apr/2012:19:41:42 +0200] "GET /images/navi.jpg HTTP/1.1" 200 32635 "http://www.mbingenieure.de/" "Mozilla/4.0 (compatible; MSIE 8.0; Windows NT 5.1; Trident/4.0; .NET CLR 2.0.50727; .NET CLR 3.0.4506.2152; .NET CLR 3.5.30729; FDM; .NET CLR 1.1.4322; InfoPath.2)"
79.194.77.96 - - [20/Apr/2012:19:41:43 +0200] "GET /favicon.ico HTTP/1.1" 200 93062 "-" "Mozilla/4.0 (compatible; MSIE 8.0; Windows NT 5.1; Trident/4.0; .NET CLR 2.0.50727; .NET CLR 3.0.4506.2152; .NET CLR 3.5.30729; FDM; .NET CLR 1.1.4322; InfoPath.2)"
79.194.77.96 - - [20/Apr/2012:19:42:02 +0200] "GET /partner.html HTTP/1.1" 200 2119 "http://www.mbingenieure.de/" "Mozilla/4.0 (compatible; MSIE 8.0; Windows NT 5.1; Trident/4.0; .NET CLR 2.0.50727; .NET CLR 3.0.4506.2152; .NET CLR 3.5.30729; FDM; .NET CLR 1.1.4322; InfoPath.2)"
95.108.128.242 - - [20/Apr/2012:21:53:36 +0200] "GET / HTTP/1.1" 200 2338 "-" "Mozilla/5.0 (compatible; YandexBot/3.0; +http://yandex.com/bots)"
157.55.16.230 - - [20/Apr/2012:22:44:51 +0200] "GET /robots.txt HTTP/1.1" 404 - "-" "Mozilla/5.0 (compatible; bingbot/2.0; +http://www.bing.com/bingbot.htm)"
157.55.16.230 - - [20/Apr/2012:22:45:46 +0200] "GET / HTTP/1.1" 200 2338 "-" "Mozilla/5.0 (compatible; bingbot/2.0; +http://www.bing.com/bingbot.htm)"
95.108.128.242 - - [21/Apr/2012:04:52:58 +0200] "GET /robots.txt HTTP/1.1" 404 - "-" "Mozilla/5.0 (compatible; YandexBot/3.0; +http://yandex.com/bots)"
77.75.77.11 - - [21/Apr/2012:14:33:09 +0200] "GET /robots.txt HTTP/1.1" 404 - "-" "SeznamBot/3.0 (+http://fulltext.sblog.cz/)"
77.75.77.11 - - [21/Apr/2012:14:33:10 +0200] "GET /referenz.html HTTP/1.1" 200 8403 "-" "SeznamBot/3.0 (+http://fulltext.sblog.cz/)"
77.75.77.11 - - [21/Apr/2012:14:33:10 +0200] "GET /kontakt.html HTTP/1.1" 200 2183 "-" "SeznamBot/3.0 (+http://fulltext.sblog.cz/)"
77.75.77.11 - - [21/Apr/2012:14:33:27 +0200] "GET /impressum.html HTTP/1.1" 200 3453 "-" "SeznamBot/3.0 (+http://fulltext.sblog.cz/)"
77.75.77.11 - - [21/Apr/2012:14:33:28 +0200] "GET / HTTP/1.1" 200 2338 "-" "SeznamBot/3.0 (+http://fulltext.sblog.cz/)"
95.108.128.242 - - [21/Apr/2012:15:49:09 +0200] "GET / HTTP/1.1" 200 2338 "-" "Mozilla/5.0 (compatible; YandexBot/3.0; +http://yandex.com/bots)"
95.108.128.242 - - [21/Apr/2012:20:21:49 +0200] "GET /impressum.html HTTP/1.1" 304 - "-" "Mozilla/5.0 (compatible; YandexBot/3.0; +http://yandex.com/bots)"
176.9.148.196 - - [21/Apr/2012:21:11:18 +0200] "GET /robots.txt HTTP/1.1" 404 - "-" "Mozilla/5.0 (compatible; SISTRIX Crawler; http://crawler.sistrix.net/)"
176.9.148.196 - - [21/Apr/2012:21:11:18 +0200] "GET / HTTP/1.1" 200 2338 "-" "Mozilla/5.0 (compatible; SISTRIX Crawler; http://crawler.sistrix.net/)"
176.9.148.196 - - [21/Apr/2012:21:11:18 +0200] "GET /kontakt.html HTTP/1.1" 200 2183 "-" "Mozilla/5.0 (compatible; SISTRIX Crawler; http://crawler.sistrix.net/)"
176.9.148.196 - - [21/Apr/2012:21:11:18 +0200] "GET /spektrum.html HTTP/1.1" 200 2273 "-" "Mozilla/5.0 (compatible; SISTRIX Crawler; http://crawler.sistrix.net/)"
176.9.148.196 - - [21/Apr/2012:21:11:18 +0200] "GET /impressum.html HTTP/1.1" 200 3453 "-" "Mozilla/5.0 (compatible; SISTRIX Crawler; http://crawler.sistrix.net/)"
176.9.148.196 - - [21/Apr/2012:21:11:18 +0200] "GET /index.html HTTP/1.1" 200 2338 "-" "Mozilla/5.0 (compatible; SISTRIX Crawler; http://crawler.sistrix.net/)"
176.9.148.196 - - [21/Apr/2012:21:11:19 +0200] "GET /partner.html HTTP/1.1" 200 2119 "-" "Mozilla/5.0 (compatible; SISTRIX Crawler; http://crawler.sistrix.net/)"
176.9.148.196 - - [21/Apr/2012:21:11:19 +0200] "GET /uns.html HTTP/1.1" 200 2130 "-" "Mozilla/5.0 (compatible; SISTRIX Crawler; http://crawler.sistrix.net/)"
176.9.148.196 - - [21/Apr/2012:21:11:19 +0200] "GET /referenz.html HTTP/1.1" 200 8403 "-" "Mozilla/5.0 (compatible; SISTRIX Crawler; http://crawler.sistrix.net/)"
141.105.120.150 - - [22/Apr/2012:08:38:44 +0200] "GET /robots.txt HTTP/1.0" 404 - "-" "Mozilla/5.0 (compatible; OpenindexDeepSpider/Nutch-1.5-dev; +http://www.openindex.io/en/webmasters/spider.html)"
141.105.120.150 - - [22/Apr/2012:08:38:44 +0200] "GET / HTTP/1.0" 304 - "-" "Mozilla/5.0 (compatible; OpenindexDeepSpider/Nutch-1.5-dev; +http://www.openindex.io/en/webmasters/spider.html)"
87.146.216.130 - - [22/Apr/2012:11:11:45 +0200] "GET / HTTP/1.1" 200 2338 "-" "Mozilla/5.0 (iPad; CPU OS 5_1 like Mac OS X) AppleWebKit/534.46 (KHTML, like Gecko) Version/5.1 Mobile/9B176 Safari/7534.48.3"
87.146.216.130 - - [22/Apr/2012:11:11:45 +0200] "GET /css/style.css HTTP/1.1" 200 2439 "http://www.mbingenieure.de/" "Mozilla/5.0 (iPad; CPU OS 5_1 like Mac OS X) AppleWebKit/534.46 (KHTML, like Gecko) Version/5.1 Mobile/9B176 Safari/7534.48.3"
87.146.216.130 - - [22/Apr/2012:11:11:45 +0200] "GET /images/bild2.jpg HTTP/1.1" 200 14865 "http://www.mbingenieure.de/" "Mozilla/5.0 (iPad; CPU OS 5_1 like Mac OS X) AppleWebKit/534.46 (KHTML, like Gecko) Version/5.1 Mobile/9B176 Safari/7534.48.3"
87.146.216.130 - - [22/Apr/2012:11:11:45 +0200] "GET /images/bild4.jpg HTTP/1.1" 200 14402 "http://www.mbingenieure.de/" "Mozilla/5.0 (iPad; CPU OS 5_1 like Mac OS X) AppleWebKit/534.46 (KHTML, like Gecko) Version/5.1 Mobile/9B176 Safari/7534.48.3"
87.146.216.130 - - [22/Apr/2012:11:11:45 +0200] "GET /images/bild3.png HTTP/1.1" 200 48627 "http://www.mbingenieure.de/" "Mozilla/5.0 (iPad; CPU OS 5_1 like Mac OS X) AppleWebKit/534.46 (KHTML, like Gecko) Version/5.1 Mobile/9B176 Safari/7534.48.3"
87.146.216.130 - - [22/Apr/2012:11:11:45 +0200] "GET /images/footer.jpg HTTP/1.1" 200 5903 "http://www.mbingenieure.de/" "Mozilla/5.0 (iPad; CPU OS 5_1 like Mac OS X) AppleWebKit/534.46 (KHTML, like Gecko) Version/5.1 Mobile/9B176 Safari/7534.48.3"
87.146.216.130 - - [22/Apr/2012:11:11:45 +0200] "GET /images/header.jpg HTTP/1.1" 200 10807 "http://www.mbingenieure.de/" "Mozilla/5.0 (iPad; CPU OS 5_1 like Mac OS X) AppleWebKit/534.46 (KHTML, like Gecko) Version/5.1 Mobile/9B176 Safari/7534.48.3"
87.146.216.130 - - [22/Apr/2012:11:11:45 +0200] "GET /images/navi.jpg HTTP/1.1" 200 32635 "http://www.mbingenieure.de/" "Mozilla/5.0 (iPad; CPU OS 5_1 like Mac OS X) AppleWebKit/534.46 (KHTML, like Gecko) Version/5.1 Mobile/9B176 Safari/7534.48.3"
87.146.216.130 - - [22/Apr/2012:11:12:19 +0200] "GET /referenz.html HTTP/1.1" 200 8403 "http://www.mbingenieure.de/" "Mozilla/5.0 (iPad; CPU OS 5_1 like Mac OS X) AppleWebKit/534.46 (KHTML, like Gecko) Version/5.1 Mobile/9B176 Safari/7534.48.3"
87.146.216.130 - - [22/Apr/2012:11:12:39 +0200] "GET /partner.html HTTP/1.1" 200 2119 "http://www.mbingenieure.de/referenz.html" "Mozilla/5.0 (iPad; CPU OS 5_1 like Mac OS X) AppleWebKit/534.46 (KHTML, like Gecko) Version/5.1 Mobile/9B176 Safari/7534.48.3"
65.52.110.190 - - [22/Apr/2012:23:38:12 +0200] "GET /robots.txt HTTP/1.1" 404 - "-" "Mozilla/5.0 (compatible; bingbot/2.0; +http://www.bing.com/bingbot.htm)"
65.52.110.190 - - [22/Apr/2012:23:38:50 +0200] "GET /kontakt.html HTTP/1.1" 304 - "-" "Mozilla/5.0 (compatible; bingbot/2.0; +http://www.bing.com/bingbot.htm)"
208.115.113.85 - - [23/Apr/2012:05:26:32 +0200] "GET /robots.txt HTTP/1.1" 404 - "-" "Mozilla/5.0 (compatible; Ezooms/1.0; ezooms.bot@gmail.com)"
208.115.113.85 - - [23/Apr/2012:07:21:23 +0200] "GET /spektrum.html HTTP/1.1" 200 2273 "-" "Mozilla/5.0 (compatible; Ezooms/1.0; ezooms.bot@gmail.com)"
95.108.128.242 - - [23/Apr/2012:19:15:04 +0200] "GET /robots.txt HTTP/1.1" 404 - "-" "Mozilla/5.0 (compatible; YandexBot/3.0; +http://yandex.com/bots)"
188.101.69.223 - - [23/Apr/2012:21:36:00 +0200] "GET / HTTP/1.1" 200 2338 "http://www.google.de/url?sa=t&rct=j&q=mb%20ingenieure%20logo&source=web&cd=6&ved=0CDUQFjAF&url=http%3A%2F%2Fwww.mbingenieure.de%2F&ei=Aq-VT5zSHtHntQbIyOzQBA&usg=AFQjCNEyLqXMZj9hDUfmjIo04GBdDmaXCQ" "Mozilla/5.0 (iPad; CPU OS 5_1 like Mac OS X) AppleWebKit/534.46 (KHTML, like Gecko) Version/5.1 Mobile/9B176 Safari/7534.48.3"
188.101.69.223 - - [23/Apr/2012:21:36:00 +0200] "GET /css/style.css HTTP/1.1" 200 2439 "http://www.mbingenieure.de/" "Mozilla/5.0 (iPad; CPU OS 5_1 like Mac OS X) AppleWebKit/534.46 (KHTML, like Gecko) Version/5.1 Mobile/9B176 Safari/7534.48.3"
188.101.69.223 - - [23/Apr/2012:21:36:00 +0200] "GET /images/bild2.jpg HTTP/1.1" 200 14865 "http://www.mbingenieure.de/" "Mozilla/5.0 (iPad; CPU OS 5_1 like Mac OS X) AppleWebKit/534.46 (KHTML, like Gecko) Version/5.1 Mobile/9B176 Safari/7534.48.3"
188.101.69.223 - - [23/Apr/2012:21:36:00 +0200] "GET /images/bild3.png HTTP/1.1" 200 48627 "http://www.mbingenieure.de/" "Mozilla/5.0 (iPad; CPU OS 5_1 like Mac OS X) AppleWebKit/534.46 (KHTML, like Gecko) Version/5.1 Mobile/9B176 Safari/7534.48.3"
188.101.69.223 - - [23/Apr/2012:21:36:00 +0200] "GET /images/footer.jpg HTTP/1.1" 200 5903 "http://www.mbingenieure.de/" "Mozilla/5.0 (iPad; CPU OS 5_1 like Mac OS X) AppleWebKit/534.46 (KHTML, like Gecko) Version/5.1 Mobile/9B176 Safari/7534.48.3"
188.101.69.223 - - [23/Apr/2012:21:36:00 +0200] "GET /images/navi.jpg HTTP/1.1" 200 32635 "http://www.mbingenieure.de/" "Mozilla/5.0 (iPad; CPU OS 5_1 like Mac OS X) AppleWebKit/534.46 (KHTML, like Gecko) Version/5.1 Mobile/9B176 Safari/7534.48.3"
188.101.69.223 - - [23/Apr/2012:21:36:00 +0200] "GET /images/bild4.jpg HTTP/1.1" 200 14402 "http://www.mbingenieure.de/" "Mozilla/5.0 (iPad; CPU OS 5_1 like Mac OS X) AppleWebKit/534.46 (KHTML, like Gecko) Version/5.1 Mobile/9B176 Safari/7534.48.3"
188.101.69.223 - - [23/Apr/2012:21:36:00 +0200] "GET /images/header.jpg HTTP/1.1" 200 10807 "http://www.mbingenieure.de/" "Mozilla/5.0 (iPad; CPU OS 5_1 like Mac OS X) AppleWebKit/534.46 (KHTML, like Gecko) Version/5.1 Mobile/9B176 Safari/7534.48.3"
188.101.69.223 - - [23/Apr/2012:21:36:19 +0200] "GET /kontakt.html HTTP/1.1" 200 2183 "http://www.mbingenieure.de/" "Mozilla/5.0 (iPad; CPU OS 5_1 like Mac OS X) AppleWebKit/534.46 (KHTML, like Gecko) Version/5.1 Mobile/9B176 Safari/7534.48.3"
95.108.128.242 - - [23/Apr/2012:23:37:23 +0200] "GET / HTTP/1.1" 200 2338 "-" "Mozilla/5.0 (compatible; YandexBot/3.0; +http://yandex.com/bots)"
157.55.16.230 - - [24/Apr/2012:02:27:33 +0200] "GET /robots.txt HTTP/1.1" 404 - "-" "Mozilla/5.0 (compatible; bingbot/2.0; +http://www.bing.com/bingbot.htm)"
157.55.16.230 - - [24/Apr/2012:02:28:19 +0200] "GET / HTTP/1.1" 304 - "-" "Mozilla/5.0 (compatible; bingbot/2.0; +http://www.bing.com/bingbot.htm)"
95.108.128.242 - - [24/Apr/2012:03:01:28 +0200] "GET /kontakt.html HTTP/1.1" 304 - "-" "Mozilla/5.0 (compatible; YandexBot/3.0; +http://yandex.com/bots)"
157.55.16.230 - - [24/Apr/2012:03:26:20 +0200] "GET /impressum.html HTTP/1.1" 304 - "-" "Mozilla/5.0 (compatible; bingbot/2.0; +http://www.bing.com/bingbot.htm)"
79.210.247.26 - - [24/Apr/2012:10:58:03 +0200] "GET /partner.html HTTP/1.1" 200 2119 "-" "Mozilla/5.0 (compatible; MSIE 9.0; Windows NT 6.1; Trident/5.0)"
79.210.247.26 - - [24/Apr/2012:10:58:06 +0200] "GET /css/style.css HTTP/1.1" 200 2439 "http://www.mbingenieure.de/partner.html" "Mozilla/5.0 (compatible; MSIE 9.0; Windows NT 6.1; Trident/5.0)"
79.210.247.26 - - [24/Apr/2012:10:58:12 +0200] "GET /images/header.jpg HTTP/1.1" 200 10807 "http://www.mbingenieure.de/partner.html" "Mozilla/5.0 (compatible; MSIE 9.0; Windows NT 6.1; Trident/5.0)"
79.210.247.26 - - [24/Apr/2012:10:58:12 +0200] "GET /images/footer.jpg HTTP/1.1" 200 5903 "http://www.mbingenieure.de/partner.html" "Mozilla/5.0 (compatible; MSIE 9.0; Windows NT 6.1; Trident/5.0)"
79.210.247.26 - - [24/Apr/2012:10:58:12 +0200] "GET /images/navi.jpg HTTP/1.1" 200 32635 "http://www.mbingenieure.de/partner.html" "Mozilla/5.0 (compatible; MSIE 9.0; Windows NT 6.1; Trident/5.0)"
79.210.247.26 - - [24/Apr/2012:10:58:16 +0200] "GET /favicon.ico HTTP/1.1" 200 93062 "-" "Mozilla/5.0 (compatible; MSIE 9.0; Windows NT 6.1; Trident/5.0)"
95.108.128.242 - - [24/Apr/2012:11:01:45 +0200] "GET /partner.html HTTP/1.1" 304 - "-" "Mozilla/5.0 (compatible; YandexBot/3.0; +http://yandex.com/bots)"
208.115.113.85 - - [24/Apr/2012:12:27:20 +0200] "GET /robots.txt HTTP/1.1" 404 - "-" "Mozilla/5.0 (compatible; Ezooms/1.0; ezooms.bot@gmail.com)"
208.115.113.85 - - [24/Apr/2012:14:04:40 +0200] "GET /kontakt.html HTTP/1.1" 200 2183 "-" "Mozilla/5.0 (compatible; Ezooms/1.0; ezooms.bot@gmail.com)"