157.55.16.230 - - [01/Apr/2012:01:57:07 +0200] "GET /robots.txt HTTP/1.1" 404 - "-" "Mozilla/5.0 (compatible; bingbot/2.0; +http://www.bing.com/bingbot.htm)"
157.55.16.230 - - [01/Apr/2012:01:58:09 +0200] "GET / HTTP/1.1" 304 - "-" "Mozilla/5.0 (compatible; bingbot/2.0; +http://www.bing.com/bingbot.htm)"
157.55.16.230 - - [01/Apr/2012:04:01:06 +0200] "GET / HTTP/1.1" 304 - "-" "Mozilla/5.0 (compatible; bingbot/2.0; +http://www.bing.com/bingbot.htm)"
95.108.128.242 - - [01/Apr/2012:11:54:11 +0200] "GET /robots.txt HTTP/1.1" 404 - "-" "Mozilla/5.0 (compatible; YandexBot/3.0; +http://yandex.com/bots)"
157.55.16.230 - - [01/Apr/2012:14:24:31 +0200] "GET /robots.txt HTTP/1.1" 404 - "-" "Mozilla/5.0 (compatible; bingbot/2.0; +http://www.bing.com/bingbot.htm)"
157.55.16.230 - - [01/Apr/2012:14:29:45 +0200] "GET / HTTP/1.1" 304 - "-" "Mozilla/5.0 (compatible; bingbot/2.0; +http://www.bing.com/bingbot.htm)"
95.108.128.242 - - [01/Apr/2012:17:27:07 +0200] "GET /referenz.html HTTP/1.1" 304 - "-" "Mozilla/5.0 (compatible; YandexBot/3.0; +http://yandex.com/bots)"
157.55.16.230 - - [01/Apr/2012:22:56:21 +0200] "GET /robots.txt HTTP/1.1" 404 - "-" "Mozilla/5.0 (compatible; bingbot/2.0; +http://www.bing.com/bingbot.htm)"
157.55.16.230 - - [01/Apr/2012:22:59:17 +0200] "GET / HTTP/1.1" 304 - "-" "Mozilla/5.0 (compatible; bingbot/2.0; +http://www.bing.com/bingbot.htm)"
207.46.199.50 - - [01/Apr/2012:23:48:22 +0200] "GET /referenz.html HTTP/1.1" 304 - "-" "Mozilla/5.0 (compatible; bingbot/2.0; +http://www.bing.com/bingbot.htm)"
157.55.16.230 - - [02/Apr/2012:05:14:11 +0200] "GET /robots.txt HTTP/1.1" 404 - "-" "Mozilla/5.0 (compatible; bingbot/2.0; +http://www.bing.com/bingbot.htm)"
157.55.16.230 - - [02/Apr/2012:05:16:20 +0200] "GET / HTTP/1.1" 304 - "-" "Mozilla/5.0 (compatible; bingbot/2.0; +http://www.bing.com/bingbot.htm)"
84.183.241.36 - - [02/Apr/2012:09:03:27 +0200] "GET /referenz.html HTTP/1.1" 200 8403 "http://www.google.de/url?sa=t&rct=j&q=mb%20ing.%20berlin%2C%20bieder&source=web&cd=1&ved=0CDQQFjAA&url=http%3A%2F%2Fwww.mbingenieure.de%2Freferenz.html&ei=OU95T7OyBYjtsga155iOBA&usg=AFQjCNEjBuJQ2-M4Z4j35BAeh7XDA3bhYQ" "Mozilla/5.0 (Windows NT 5.1; rv:11.0) Gecko/20100101 Firefox/11.0"
84.183.241.36 - - [02/Apr/2012:09:03:27 +0200] "GET /css/style.css HTTP/1.1" 200 2439 "http://www.mbingenieure.de/referenz.html" "Mozilla/5.0 (Windows NT 5.1; rv:11.0) Gecko/20100101 Firefox/11.0"
84.183.241.36 - - [02/Apr/2012:09:03:27 +0200] "GET /images/footer.jpg HTTP/1.1" 200 5903 "http://www.mbingenieure.de/css/style.css" "Mozilla/5.0 (Windows NT 5.1; rv:11.0) Gecko/20100101 Firefox/11.0"
84.183.241.36 - - [02/Apr/2012:09:03:27 +0200] "GET /images/header.jpg HTTP/1.1" 200 10807 "http://www.mbingenieure.de/css/style.css" "Mozilla/5.0 (Windows NT 5.1; rv:11.0) Gecko/20100101 Firefox/11.0"
84.183.241.36 - - [02/Apr/2012:09:03:27 +0200] "GET /images/navi.jpg HTTP/1.1" 200 32635 "http://www.mbingenieure.de/css/style.css" "Mozilla/5.0 (Windows NT 5.1; rv:11.0) Gecko/20100101 Firefox/11.0"
84.183.241.36 - - [02/Apr/2012:09:03:28 +0200] "GET /favicon.ico HTTP/1.1" 200 93062 "-" "Mozilla/5.0 (Windows NT 5.1; rv:11.0) Gecko/20100101 Firefox/11.0"
84.183.241.36 - - [02/Apr/2012:09:03:36 +0200] "GET /impressum.html HTTP/1.1" 200 3453 "http://www.mbingenieure.de/referenz.html" "Mozilla/5.0 (Windows NT 5.1; rv:11.0) Gecko/20100101 Firefox/11.0"
95.108.128.242 - - [02/Apr/2012:09:20:21 +0200] "GET / HTTP/1.1" 200 2338 "-" "Mozilla/5.0 (compatible; YandexBot/3.0; +http://yandex.com/bots)"
50.19.74.209 - - [02/Apr/2012:14:43:06 +0200] "GET / HTTP/1.0" 200 2338 "-" "Mozilla/5.0 (compatible; NetcraftSurveyAgent/1.0; +info@netcraft.com)"
79.210.235.220 - - [02/Apr/2012:15:04:25 +0200] "GET /partner.html HTTP/1.1" 304 - "-" "Mozilla/5.0 (compatible; MSIE 9.0; Windows NT 6.1; Trident/5.0)"
79.210.235.220 - - [02/Apr/2012:15:04:27 +0200] "GET /css/style.css HTTP/1.1" 200 2439 "http://www.mbingenieure.de/partner.html" "Mozilla/5.0 (compatible; MSIE 9.0; Windows NT 6.1; Trident/5.0)"
79.210.235.220 - - [02/Apr/2012:15:04:34 +0200] "GET /images/footer.jpg HTTP/1.1" 200 5903 "http://www.mbingenieure.de/partner.html" "Mozilla/5.0 (compatible; MSIE 9.0; Windows NT 6.1; Trident/5.0)"
79.210.235.220 - - [02/Apr/2012:15:04:34 +0200] "GET /images/header.jpg HTTP/1.1" 200 10807 "http://www.mbingenieure.de/partner.html" "Mozilla/5.0 (compatible; MSIE 9.0; Windows NT 6.1; Trident/5.0)"
79.210.235.220 - - [02/Apr/2012:15:04:34 +0200] "GET /images/navi.jpg HTTP/1.1" 200 32635 "http://www.mbingenieure.de/partner.html" "Mozilla/5.0 (compatible; MSIE 9.0; Windows NT 6.1; Trident/5.0)"
79.210.235.220 - - [02/Apr/2012:15:04:36 +0200] "GET /favicon.ico HTTP/1.1" 200 93062 "-" "Mozilla/5.0 (compatible; MSIE 9.0; Windows NT 6.1; Trident/5.0)"
79.210.235.220 - - [02/Apr/2012:15:04:56 +0200] "GET /index.html HTTP/1.1" 304 - "http://www.mbingenieure.de/partner.html" "Mozilla/5.0 (compatible; MSIE 9.0; Windows NT 6.1; Trident/5.0)"
79.210.235.220 - - [02/Apr/2012:15:04:56 +0200] "GET /images/bild4.jpg HTTP/1.1" 200 14402 "http://www.mbingenieure.de/index.html" "Mozilla/5.0 (compatible; MSIE 9.0; Windows NT 6.1; Trident/5.0)"
79.210.235.220 - - [02/Apr/2012:15:04:56 +0200] "GET /images/bild2.jpg HTTP/1.1" 200 14865 "http://www.mbingenieure.de/index.html" "Mozilla/5.0 (compatible; MSIE 9.0; Windows NT 6.1; Trident/5.0)"
79.210.235.220 - - [02/Apr/2012:15:04:56 +0200] "GET /images/bild3.png HTTP/1.1" 200 48627 "http://www.mbingenieure.de/index.html" "Mozilla/5.0 (compatible; MSIE 9.0; Windows NT 6.1; Trident/5.0)"
208.115.111.69 - - [02/Apr/2012:16:24:51 +0200] "GET /robots.txt HTTP/1.1" 404 - "-" "Mozilla/5.0 (compatible; Ezooms/1.0; ezooms.bot@gmail.com)"
208.115.111.69 - - [02/Apr/2012:18:19:53 +0200] "GET /uns.html HTTP/1.1" 200 2130 "-" "Mozilla/5.0 (compatible; Ezooms/1.0; ezooms.bot@gmail.com)"
157.55.16.230 - - [02/Apr/2012:18:26:52 +0200] "GET /robots.txt HTTP/1.1" 404 - "-" "Mozilla/5.0 (compatible; bingbot/2.0; +http://www.bing.com/bingbot.htm)"
157.55.16.230 - - [02/Apr/2012:18:44:50 +0200] "GET / HTTP/1.1" 304 - "-" "Mozilla/5.0 (compatible; bingbot/2.0; +http://www.bing.com/bingbot.htm)"
217.69.173.133 - - [02/Apr/2012:19:02:06 +0200] "GET /phpmyadmin/scripts/setup.php HTTP/1.1" 404 - "-" "Plesk"
217.69.173.133 - - [02/Apr/2012:19:07:09 +0200] "GET /phpMyAdmin/scripts/setup.php HTTP/1.1" 404 - "-" "Plesk"
217.69.173.133 - - [02/Apr/2012:19:12:11 +0200] "GET /pma/scripts/setup.php HTTP/1.1" 404 - "-" "Plesk"
208.115.113.93 - - [02/Apr/2012:19:54:33 +0200] "GET /robots.txt HTTP/1.1" 404 - "-" "Mozilla/5.0 (compatible; Ezooms/1.0; ezooms.bot@gmail.com)"
208.115.113.93 - - [02/Apr/2012:21:43:45 +0200] "GET /uns.html HTTP/1.1" 200 2130 "-" "Mozilla/5.0 (compatible; Ezooms/1.0; ezooms.bot@gmail.com)"
213.186.127.12 - - [03/Apr/2012:06:34:35 +0200] "GET /robots.txt HTTP/1.1" 404 - "-" "Mozilla/5.0 (compatible; AhrefsBot/2.0; +http://ahrefs.com/robot/)"
83.133.125.202 - - [03/Apr/2012:07:19:25 +0200] "GET / HTTP/1.1" 200 2338 "http://www.bigfinder.de/" "Mozilla/5.0 (Windows; U; Windows NT 6.0; en-US) AppleWebKit/533.4 (KHTML, like Gecko) Chrome/5.0.375.126 Safari/533.4"
157.55.16.230 - - [03/Apr/2012:11:10:01 +0200] "GET /robots.txt HTTP/1.1" 404 - "-" "Mozilla/5.0 (compatible; bingbot/2.0; +http://www.bing.com/bingbot.htm)"
157.55.16.230 - - [03/Apr/2012:11:13:41 +0200] "GET / HTTP/1.1" 304 - "-" "Mozilla/5.0 (compatible; bingbot/2.0; +http://www.bing.com/bingbot.htm)"
77.75.77.17 - - [03/Apr/2012:11:51:16 +0200] "GET /robots.txt HTTP/1.1" 404 - "-" "SeznamBot/3.0 (+http://fulltext.sblog.cz/)"
77.75.77.17 - - [03/Apr/2012:11:51:16 +0200] "GET /kontakt.html HTTP/1.1" 304 - "-" "SeznamBot/3.0 (+http://fulltext.sblog.cz/)"
77.75.77.17 - - [03/Apr/2012:11:51:16 +0200] "GET /referenz.html HTTP/1.1" 304 - "-" "SeznamBot/3.0 (+http://fulltext.sblog.cz/)"
77.75.77.17 - - [03/Apr/2012:11:51:28 +0200] "GET /impressum.html HTTP/1.1" 304 - "-" "SeznamBot/3.0 (+http://fulltext.sblog.cz/)"
77.75.77.17 - - [03/Apr/2012:11:51:44 +0200] "GET /spektrum.html HTTP/1.1" 304 - "-" "SeznamBot/3.0 (+http://fulltext.sblog.cz/)"
77.75.77.17 - - [03/Apr/2012:11:51:44 +0200] "GET / HTTP/1.1" 304 - "-" "SeznamBot/3.0 (+http://fulltext.sblog.cz/)"
188.138.16.124 - - [03/Apr/2012:16:48:08 +0200] "GET /robots.txt HTTP/1.1" 404 - "-" "Mozilla/5.0 (X11; U; Linux i686; de; rv:1.9.0.1; compatible; iCjobs Stellenangebote Jobs; http://www.icjobs.de) Gecko/20100401 iCjobs/3.2.3"
188.138.16.124 - - [03/Apr/2012:16:48:08 +0200] "GET / HTTP/1.1" 200 2338 "-" "Mozilla/5.0 (X11; U; Linux i686; de; rv:1.9.0.1; compatible; iCjobs Stellenangebote Jobs; http://www.icjobs.de) Gecko/20100401 iCjobs/3.2.3"
188.138.16.124 - - [03/Apr/2012:16:48:08 +0200] "GET / HTTP/1.1" 200 2338 "-" "Mozilla/5.0 (X11; U; Linux i686; de; rv:1.9.0.1; compatible; iCjobs Stellenangebote Jobs; http://www.icjobs.de) Gecko/20100401 iCjobs/3.2.3"
188.138.16.124 - - [03/Apr/2012:16:48:09 +0200] "GET /uns.html HTTP/1.1" 200 2130 "-" "Mozilla/5.0 (X11; U; Linux i686; de; rv:1.9.0.1; compatible; iCjobs Stellenangebote Jobs; http://www.icjobs.de) Gecko/20100401 iCjobs/3.2.3"
188.138.16.124 - - [03/Apr/2012:16:48:09 +0200] "GET /kontakt.html HTTP/1.1" 200 2183 "-" "Mozilla/5.0 (X11; U; Linux i686; de; rv:1.9.0.1; compatible; iCjobs Stellenangebote Jobs; http://www.icjobs.de) Gecko/20100401 iCjobs/3.2.3"
188.138.16.124 - - [03/Apr/2012:16:48:09 +0200] "GET /index.html HTTP/1.1" 200 2338 "-" "Mozilla/5.0 (X11; U; Linux i686; de; rv:1.9.0.1; compatible; iCjobs Stellenangebote Jobs; http://www.icjobs.de) Gecko/20100401 iCjobs/3.2.3"
188.138.16.124 - - [03/Apr/2012:16:48:09 +0200] "GET /spektrum.html HTTP/1.1" 200 2273 "-" "Mozilla/5.0 (X11; U; Linux i686; de; rv:1.9.0.1; compatible; iCjobs Stellenangebote Jobs; http://www.icjobs.de) Gecko/20100401 iCjobs/3.2.3"
188.138.16.124 - - [03/Apr/2012:16:48:10 +0200] "GET /referenz.html HTTP/1.1" 200 8403 "-" "Mozilla/5.0 (X11; U; Linux i686; de; rv:1.9.0.1; compatible; iCjobs Stellenangebote Jobs; http://www.icjobs.de) Gecko/20100401 iCjobs/3.2.3"
188.138.16.124 - - [03/Apr/2012:16:48:12 +0200] "GET /partner.html HTTP/1.1" 200 2119 "-" "Mozilla/5.0 (X11; U; Linux i686; de; rv:1.9.0.1; compatible; iCjobs Stellenangebote Jobs; http://www.icjobs.de) Gecko/20100401 iCjobs/3.2.3"
157.55.16.230 - - [04/Apr/2012:01:01:38 +0200] "GET /robots.txt HTTP/1.1" 404 - "-" "Mozilla/5.0 (compatible; bingbot/2.0; +http://www.bing.com/bingbot.htm)"
157.55.16.230 - - [04/Apr/2012:01:02:16 +0200] "GET / HTTP/1.1" 304 - "-" "Mozilla/5.0 (compatible; bingbot/2.0; +http://www.bing.com/bingbot.htm)"
157.55.16.230 - - [04/Apr/2012:10:18:24 +0200] "GET /robots.txt HTTP/1.1" 404 - "-" "Mozilla/5.0 (compatible; bingbot/2.0; +http://www.bing.com/bingbot.htm)"
157.55.16.230 - - [04/Apr/2012:10:19:47 +0200] "GET / HTTP/1.1" 304 - "-" "Mozilla/5.0 (compatible; bingbot/2.0; +http://www.bing.com/bingbot.htm)"
66.249.71.52 - - [04/Apr/2012:13:08:27 +0200] "GET /robots.txt HTTP/1.1" 404 - "-" "Mozilla/5.0 (compatible; Googlebot/2.1; +http://www.google.com/bot.html)"
66.249.71.52 - - [04/Apr/2012:13:08:28 +0200] "GET /impressum.html HTTP/1.1" 304 - "-" "Mozilla/5.0 (compatible; Googlebot/2.1; +http://www.google.com/bot.html)"
157.55.16.230 - - [04/Apr/2012:14:10:40 +0200] "GET /robots.txt HTTP/1.1" 404 - "-" "Mozilla/5.0 (compatible; bingbot/2.0; +http://www.bing.com/bingbot.htm)"
157.55.16.230 - - [04/Apr/2012:14:13:25 +0200] "GET / HTTP/1.1" 304 - "-" "Mozilla/5.0 (compatible; bingbot/2.0; +http://www.bing.com/bingbot.htm)"
157.55.16.230 - - [04/Apr/2012:14:33:52 +0200] "GET /impressum.html HTTP/1.1" 200 3453 "-" "Mozilla/5.0 (compatible; bingbot/2.0; +http://www.bing.com/bingbot.htm)"
66.249.71.52 - - [04/Apr/2012:17:18:45 +0200] "GET /robots.txt HTTP/1.1" 404 - "-" "Mozilla/5.0 (compatible; Googlebot/2.1; +http://www.google.com/bot.html)"
66.249.71.52 - - [04/Apr/2012:17:18:46 +0200] "GET /kontakt.html HTTP/1.1" 304 - "-" "Mozilla/5.0 (compatible; Googlebot/2.1; +http://www.google.com/bot.html)"
77.75.77.17 - - [04/Apr/2012:21:48:46 +0200] "GET /robots.txt HTTP/1.1" 404 - "-" "SeznamBot/3.0 (+http://fulltext.sblog.cz/)"
77.75.77.17 - - [04/Apr/2012:21:48:46 +0200] "GET /kontakt.html HTTP/1.1" 304 - "-" "SeznamBot/3.0 (+http://fulltext.sblog.cz/)"
77.75.77.17 - - [04/Apr/2012:21:48:58 +0200] "GET /referenz.html HTTP/1.1" 304 - "-" "SeznamBot/3.0 (+http://fulltext.sblog.cz/)"
77.75.77.17 - - [04/Apr/2012:21:49:02 +0200] "GET /impressum.html HTTP/1.1" 304 - "-" "SeznamBot/3.0 (+http://fulltext.sblog.cz/)"
77.75.77.17 - - [04/Apr/2012:21:49:04 +0200] "GET /spektrum.html HTTP/1.1" 304 - "-" "SeznamBot/3.0 (+http://fulltext.sblog.cz/)"
77.75.77.17 - - [04/Apr/2012:21:49:04 +0200] "GET / HTTP/1.1" 304 - "-" "SeznamBot/3.0 (+http://fulltext.sblog.cz/)"
157.55.16.230 - - [05/Apr/2012:03:14:21 +0200] "GET /robots.txt HTTP/1.1" 404 - "-" "Mozilla/5.0 (compatible; bingbot/2.0; +http://www.bing.com/bingbot.htm)"
157.55.16.230 - - [05/Apr/2012:03:15:23 +0200] "GET / HTTP/1.1" 304 - "-" "Mozilla/5.0 (compatible; bingbot/2.0; +http://www.bing.com/bingbot.htm)"
66.249.72.200 - - [05/Apr/2012:10:02:34 +0200] "GET /robots.txt HTTP/1.1" 404 - "-" "Mozilla/5.0 (compatible; Googlebot/2.1; +http://www.google.com/bot.html)"
66.249.72.200 - - [05/Apr/2012:10:02:34 +0200] "GET /referenz.html HTTP/1.1" 304 - "-" "Mozilla/5.0 (compatible; Googlebot/2.1; +http://www.google.com/bot.html)"
66.249.72.200 - - [05/Apr/2012:14:18:11 +0200] "GET /google96721bab6c5575fe.html HTTP/1.1" 200 53 "-" "Mozilla/5.0 (compatible; Googlebot/2.1; +http://www.google.com/bot.html)"
95.108.151.244 - - [05/Apr/2012:16:10:53 +0200] "GET /robots.txt HTTP/1.1" 404 - "-" "Mozilla/5.0 (compatible; YandexBot/3.0; +http://yandex.com/bots)"
95.108.151.244 - - [05/Apr/2012:16:10:54 +0200] "GET / HTTP/1.1" 200 2338 "-" "Mozilla/5.0 (compatible; YandexBot/3.0; +http://yandex.com/bots)"
95.108.151.244 - - [05/Apr/2012:16:10:55 +0200] "GET / HTTP/1.1" 200 2338 "-" "Mozilla/5.0 (compatible; YandexBot/3.0; +http://yandex.com/bots)"
157.55.16.230 - - [05/Apr/2012:16:12:19 +0200] "GET /robots.txt HTTP/1.1" 404 - "-" "Mozilla/5.0 (compatible; bingbot/2.0; +http://www.bing.com/bingbot.htm)"
157.55.16.230 - - [05/Apr/2012:16:13:16 +0200] "GET / HTTP/1.1" 304 - "-" "Mozilla/5.0 (compatible; bingbot/2.0; +http://www.bing.com/bingbot.htm)"
66.249.72.200 - - [05/Apr/2012:17:19:46 +0200] "GET /partner.html HTTP/1.1" 304 - "-" "Mozilla/5.0 (compatible; Googlebot/2.1; +http://www.google.com/bot.html)"
93.196.14.50 - - [05/Apr/2012:17:39:21 +0200] "GET / HTTP/1.1" 200 2338 "-" "Jakarta Commons-HttpClient/3.1"
93.196.14.50 - - [05/Apr/2012:17:39:21 +0200] "GET /impressum.html HTTP/1.1" 200 3453 "-" "Jakarta Commons-HttpClient/3.1"
66.249.68.43 - - [05/Apr/2012:22:28:23 +0200] "GET /robots.txt HTTP/1.1" 404 - "-" "Mozilla/5.0 (compatible; Googlebot/2.1; +http://www.google.com/bot.html)"
66.249.68.43 - - [05/Apr/2012:22:28:24 +0200] "GET /uns.html HTTP/1.1" 304 - "-" "Mozilla/5.0 (compatible; Googlebot/2.1; +http://www.google.com/bot.html)"
95.108.128.242 - - [06/Apr/2012:01:04:56 +0200] "GET /robots.txt HTTP/1.1" 404 - "-" "Mozilla/5.0 (compatible; YandexBot/3.0; +http://yandex.com/bots)"
207.46.199.50 - - [06/Apr/2012:02:19:49 +0200] "GET /robots.txt HTTP/1.1" 404 - "-" "Mozilla/5.0 (compatible; bingbot/2.0; +http://www.bing.com/bingbot.htm)"
207.46.199.50 - - [06/Apr/2012:02:21:17 +0200] "GET /referenz.html HTTP/1.1" 304 - "-" "Mozilla/5.0 (compatible; bingbot/2.0; +http://www.bing.com/bingbot.htm)"
207.46.199.50 - - [06/Apr/2012:02:38:38 +0200] "GET /referenz.html HTTP/1.1" 304 - "-" "Mozilla/5.0 (compatible; bingbot/2.0; +http://www.bing.com/bingbot.htm)"
65.52.110.190 - - [06/Apr/2012:04:01:20 +0200] "GET /kontakt.html HTTP/1.1" 304 - "-" "Mozilla/5.0 (compatible; bingbot/2.0; +http://www.bing.com/bingbot.htm)"
157.55.16.230 - - [06/Apr/2012:05:04:41 +0200] "GET / HTTP/1.1" 304 - "-" "Mozilla/5.0 (compatible; bingbot/2.0; +http://www.bing.com/bingbot.htm)"
66.249.72.200 - - [06/Apr/2012:08:19:02 +0200] "GET /robots.txt HTTP/1.1" 404 - "-" "Mozilla/5.0 (compatible; Googlebot/2.1; +http://www.google.com/bot.html)"
66.249.72.200 - - [06/Apr/2012:08:19:03 +0200] "GET / HTTP/1.1" 304 - "-" "Mozilla/5.0 (compatible; Googlebot/2.1; +http://www.google.com/bot.html)"
66.249.72.200 - - [06/Apr/2012:08:34:56 +0200] "GET /spektrum.html HTTP/1.1" 304 - "-" "Mozilla/5.0 (compatible; Googlebot/2.1; +http://www.google.com/bot.html)"
95.108.128.242 - - [06/Apr/2012:10:13:29 +0200] "GET / HTTP/1.1" 200 2338 "-" "Mozilla/5.0 (compatible; YandexBot/3.0; +http://yandex.com/bots)"
157.55.16.230 - - [06/Apr/2012:14:09:12 +0200] "GET /robots.txt HTTP/1.1" 404 - "-" "Mozilla/5.0 (compatible; bingbot/2.0; +http://www.bing.com/bingbot.htm)"
157.55.16.230 - - [06/Apr/2012:14:10:09 +0200] "GET /impressum.html HTTP/1.1" 200 3453 "-" "Mozilla/5.0 (compatible; bingbot/2.0; +http://www.bing.com/bingbot.htm)"
83.133.125.202 - - [06/Apr/2012:19:27:04 +0200] "GET / HTTP/1.1" 200 2338 "http://www.sumaja.de/" "Mozilla/4.0 (compatible; MSIE 9.0; Windows NT 5.1)"
83.133.125.202 - - [06/Apr/2012:19:27:04 +0200] "GET / HTTP/1.0" 200 2338 "-" "-"
83.133.125.202 - - [06/Apr/2012:19:27:04 +0200] "GET / HTTP/1.0" 200 2338 "-" "-"
157.55.16.230 - - [07/Apr/2012:14:44:21 +0200] "GET /robots.txt HTTP/1.1" 404 - "-" "Mozilla/5.0 (compatible; bingbot/2.0; +http://www.bing.com/bingbot.htm)"
157.55.16.230 - - [07/Apr/2012:14:50:18 +0200] "GET / HTTP/1.1" 304 - "-" "Mozilla/5.0 (compatible; bingbot/2.0; +http://www.bing.com/bingbot.htm)"
77.75.77.17 - - [07/Apr/2012:15:53:51 +0200] "GET /robots.txt HTTP/1.1" 404 - "-" "SeznamBot/3.0 (+http://fulltext.sblog.cz/)"
77.75.77.17 - - [07/Apr/2012:15:53:53 +0200] "GET /referenz.html HTTP/1.1" 200 8403 "-" "SeznamBot/3.0 (+http://fulltext.sblog.cz/)"
77.75.77.17 - - [07/Apr/2012:15:53:53 +0200] "GET /kontakt.html HTTP/1.1" 200 2183 "-" "SeznamBot/3.0 (+http://fulltext.sblog.cz/)"
208.115.113.85 - - [07/Apr/2012:18:31:23 +0200] "GET /robots.txt HTTP/1.1" 404 - "-" "Mozilla/5.0 (compatible; Ezooms/1.0; ezooms.bot@gmail.com)"
208.115.113.85 - - [07/Apr/2012:20:40:41 +0200] "GET /spektrum.html HTTP/1.1" 200 2273 "-" "Mozilla/5.0 (compatible; Ezooms/1.0; ezooms.bot@gmail.com)"
94.23.225.68 - - [07/Apr/2012:21:25:46 +0200] "GET /referenz.html HTTP/1.1" 200 8403 "-" "Mozilla/5.0 (X11; Linux i686; rv:6.0) Gecko/20100101 Firefox/6.0"
176.31.244.198 - - [07/Apr/2012:21:25:48 +0200] "GET /impressum.html HTTP/1.1" 200 3453 "-" "Mozilla/5.0 (X11; Linux i686; rv:6.0) Gecko/20100101 Firefox/6.0"
176.31.246.150 - - [07/Apr/2012:21:25:50 +0200] "GET /uns.html HTTP/1.1" 200 2130 "-" "Mozilla/5.0 (X11; Linux i686; rv:6.0) Gecko/20100101 Firefox/6.0"
91.121.137.23 - - [08/Apr/2012:01:09:18 +0200] "GET /robots.txt HTTP/1.1" 404 - "-" "Mozilla/5.0 (compatible; SISTRIX Crawler; http://crawler.sistrix.net/)"
91.121.137.23 - - [08/Apr/2012:01:09:18 +0200] "GET / HTTP/1.1" 200 2338 "-" "Mozilla/5.0 (compatible; SISTRIX Crawler; http://crawler.sistrix.net/)"
91.121.137.23 - - [08/Apr/2012:01:09:18 +0200] "GET /kontakt.html HTTP/1.1" 200 2183 "-" "Mozilla/5.0 (compatible; SISTRIX Crawler; http://crawler.sistrix.net/)"
91.121.137.23 - - [08/Apr/2012:01:09:19 +0200] "GET /spektrum.html HTTP/1.1" 200 2273 "-" "Mozilla/5.0 (compatible; SISTRIX Crawler; http://crawler.sistrix.net/)"
91.121.137.23 - - [08/Apr/2012:01:09:19 +0200] "GET /impressum.html HTTP/1.1" 200 3453 "-" "Mozilla/5.0 (compatible; SISTRIX Crawler; http://crawler.sistrix.net/)"
91.121.137.23 - - [08/Apr/2012:01:09:19 +0200] "GET /index.html HTTP/1.1" 200 2338 "-" "Mozilla/5.0 (compatible; SISTRIX Crawler; http://crawler.sistrix.net/)"
91.121.137.23 - - [08/Apr/2012:01:09:22 +0200] "GET /partner.html HTTP/1.1" 200 2119 "-" "Mozilla/5.0 (compatible; SISTRIX Crawler; http://crawler.sistrix.net/)"
91.121.137.23 - - [08/Apr/2012:01:09:25 +0200] "GET /uns.html HTTP/1.1" 200 2130 "-" "Mozilla/5.0 (compatible; SISTRIX Crawler; http://crawler.sistrix.net/)"
91.121.137.23 - - [08/Apr/2012:01:09:25 +0200] "GET /referenz.html HTTP/1.1" 200 8403 "-" "Mozilla/5.0 (compatible; SISTRIX Crawler; http://crawler.sistrix.net/)"
207.46.199.50 - - [08/Apr/2012:12:24:56 +0200] "GET /robots.txt HTTP/1.1" 404 - "-" "Mozilla/5.0 (compatible; bingbot/2.0; +http://www.bing.com/bingbot.htm)"
207.46.199.50 - - [08/Apr/2012:12:26:00 +0200] "GET /referenz.html HTTP/1.1" 304 - "-" "Mozilla/5.0 (compatible; bingbot/2.0; +http://www.bing.com/bingbot.htm)"
77.75.77.11 - - [08/Apr/2012:16:42:43 +0200] "GET /robots.txt HTTP/1.1" 404 - "-" "SeznamBot/3.0 (+http://fulltext.sblog.cz/)"
77.75.77.11 - - [08/Apr/2012:16:42:43 +0200] "GET /impressum.html HTTP/1.1" 200 3453 "-" "SeznamBot/3.0 (+http://fulltext.sblog.cz/)"
77.75.77.11 - - [08/Apr/2012:16:42:44 +0200] "GET /spektrum.html HTTP/1.1" 200 2273 "-" "SeznamBot/3.0 (+http://fulltext.sblog.cz/)"
77.75.77.11 - - [08/Apr/2012:16:42:44 +0200] "GET / HTTP/1.1" 200 2338 "-" "SeznamBot/3.0 (+http://fulltext.sblog.cz/)"
157.55.16.230 - - [08/Apr/2012:17:18:51 +0200] "GET /robots.txt HTTP/1.1" 404 - "-" "Mozilla/5.0 (compatible; bingbot/2.0; +http://www.bing.com/bingbot.htm)"
157.55.16.230 - - [08/Apr/2012:17:21:45 +0200] "GET / HTTP/1.1" 304 - "-" "Mozilla/5.0 (compatible; bingbot/2.0; +http://www.bing.com/bingbot.htm)"
88.74.214.106 - - [08/Apr/2012:18:41:47 +0200] "GET / HTTP/1.1" 200 2338 "http://www.facebook.com/l.php?u=http%3A%2F%2Fwww.mbingenieure.de%2F&h=cAQFuw-Yh" "Mozilla/5.0 (compatible; MSIE 9.0; Windows NT 6.1; Win64; x64; Trident/5.0)"
88.74.214.106 - - [08/Apr/2012:18:41:47 +0200] "GET /css/style.css HTTP/1.1" 200 2439 "http://www.mbingenieure.de/" "Mozilla/5.0 (compatible; MSIE 9.0; Windows NT 6.1; Win64; x64; Trident/5.0)"
88.74.214.106 - - [08/Apr/2012:18:41:47 +0200] "GET /images/bild2.jpg HTTP/1.1" 200 14865 "http://www.mbingenieure.de/" "Mozilla/5.0 (compatible; MSIE 9.0; Windows NT 6.1; Win64; x64; Trident/5.0)"
88.74.214.106 - - [08/Apr/2012:18:41:47 +0200] "GET /images/bild4.jpg HTTP/1.1" 200 14402 "http://www.mbingenieure.de/" "Mozilla/5.0 (compatible; MSIE 9.0; Windows NT 6.1; Win64; x64; Trident/5.0)"
88.74.214.106 - - [08/Apr/2012:18:41:47 +0200] "GET /images/footer.jpg HTTP/1.1" 200 5903 "http://www.mbingenieure.de/" "Mozilla/5.0 (compatible; MSIE 9.0; Windows NT 6.1; Win64; x64; Trident/5.0)"
88.74.214.106 - - [08/Apr/2012:18:41:47 +0200] "GET /images/header.jpg HTTP/1.1" 200 10807 "http://www.mbingenieure.de/" "Mozilla/5.0 (compatible; MSIE 9.0; Windows NT 6.1; Win64; x64; Trident/5.0)"
88.74.214.106 - - [08/Apr/2012:18:41:47 +0200] "GET /images/navi.jpg HTTP/1.1" 200 32635 "http://www.mbingenieure.de/" "Mozilla/5.0 (compatible; MSIE 9.0; Windows NT 6.1; Win64; x64; Trident/5.0)"
69.171.242.248 - - [08/Apr/2012:18:41:47 +0200] "GET / HTTP/1.1" 206 2338 "-" "facebookexternalhit/1.1 (+http://www.facebook.com/externalhit_uatext.php)"
88.74.214.106 - - [08/Apr/2012:18:41:47 +0200] "GET /images/bild3.png HTTP/1.1" 200 48627 "http://www.mbingenieure.de/" "Mozilla/5.0 (compatible; MSIE 9.0; Windows NT 6.1; Win64; x64; Trident/5.0)"
88.74.214.106 - - [08/Apr/2012:18:41:48 +0200] "GET /favicon.ico HTTP/1.1" 200 93062 "-" "Mozilla/5.0 (compatible; MSIE 9.0; Windows NT 6.1; Win64; x64; Trident/5.0)"
88.74.214.106 - - [08/Apr/2012:18:42:26 +0200] "GET /referenz.html HTTP/1.1" 200 8403 "http://www.mbingenieure.de/" "Mozilla/5.0 (compatible; MSIE 9.0; Windows NT 6.1; Win64; x64; Trident/5.0)"
88.74.214.106 - - [08/Apr/2012:18:44:54 +0200] "GET /spektrum.html HTTP/1.1" 200 2273 "http://www.mbingenieure.de/" "Mozilla/5.0 (compatible; MSIE 9.0; Windows NT 6.1; Win64; x64; Trident/5.0)"
88.74.214.106 - - [08/Apr/2012:18:45:08 +0200] "GET /partner.html HTTP/1.1" 200 2119 "http://www.mbingenieure.de/spektrum.html" "Mozilla/5.0 (compatible; MSIE 9.0; Windows NT 6.1; Win64; x64; Trident/5.0)"
88.74.214.106 - - [08/Apr/2012:18:45:14 +0200] "GET /kontakt.html HTTP/1.1" 200 2183 "http://www.mbingenieure.de/partner.html" "Mozilla/5.0 (compatible; MSIE 9.0; Windows NT 6.1; Win64; x64; Trident/5.0)"
88.74.214.106 - - [08/Apr/2012:18:45:25 +0200] "GET /uns.html HTTP/1.1" 200 2130 "http://www.mbingenieure.de/kontakt.html" "Mozilla/5.0 (compatible; MSIE 9.0; Windows NT 6.1; Win64; x64; Trident/5.0)"
88.74.214.106 - - [08/Apr/2012:18:47:09 +0200] "GET /index.html HTTP/1.1" 200 2338 "http://www.mbingenieure.de/uns.html" "Mozilla/5.0 (compatible; MSIE 9.0; Windows NT 6.1; Win64; x64; Trident/5.0)"
88.74.214.106 - - [08/Apr/2012:18:47:16 +0200] "GET /impressum.html HTTP/1.1" 200 3453 "http://www.mbingenieure.de/index.html" "Mozilla/5.0 (compatible; MSIE 9.0; Windows NT 6.1; Win64; x64; Trident/5.0)"
95.108.128.242 - - [08/Apr/2012:22:17:48 +0200] "GET /robots.txt HTTP/1.1" 404 - "-" "Mozilla/5.0 (compatible; YandexBot/3.0; +http://yandex.com/bots)"
95.108.128.242 - - [09/Apr/2012:05:48:23 +0200] "GET / HTTP/1.1" 200 2338 "-" "Mozilla/5.0 (compatible; YandexBot/3.0; +http://yandex.com/bots)"
95.108.128.242 - - [09/Apr/2012:14:32:56 +0200] "GET / HTTP/1.1" 200 2338 "-" "Mozilla/5.0 (compatible; YandexBot/3.0; +http://yandex.com/bots)"
95.108.128.242 - - [09/Apr/2012:14:37:56 +0200] "GET /uns.html HTTP/1.1" 304 - "-" "Mozilla/5.0 (compatible; YandexBot/3.0; +http://yandex.com/bots)"
83.133.125.202 - - [09/Apr/2012:17:49:01 +0200] "GET / HTTP/1.1" 200 2338 "http://www.bigfinder.de/" "Mozilla/4.0 (compatible; MSIE 8.0; Windows NT 5.1; Trident/4.0; FBSMTWB; ATC/1.0; .NET CLR 1.1.4322; ATC/1.0; .NET CLR 2.0.50727; .NET CLR 3.0.4506.2152; .NET CLR 3.5.30729)"
79.210.229.2 - - [10/Apr/2012:09:31:28 +0200] "GET /css/style.css HTTP/1.1" 304 - "http://www.mbingenieure.de/partner.html" "Mozilla/5.0 (compatible; MSIE 9.0; Windows NT 6.1; Trident/5.0)"
79.210.229.2 - - [10/Apr/2012:09:31:28 +0200] "GET /images/footer.jpg HTTP/1.1" 200 5903 "http://www.mbingenieure.de/partner.html" "Mozilla/5.0 (compatible; MSIE 9.0; Windows NT 6.1; Trident/5.0)"
79.210.229.2 - - [10/Apr/2012:09:31:28 +0200] "GET /images/header.jpg HTTP/1.1" 200 10807 "http://www.mbingenieure.de/partner.html" "Mozilla/5.0 (compatible; MSIE 9.0; Windows NT 6.1; Trident/5.0)"
79.210.229.2 - - [10/Apr/2012:09:31:28 +0200] "GET /images/navi.jpg HTTP/1.1" 200 32635 "http://www.mbingenieure.de/partner.html" "Mozilla/5.0 (compatible; MSIE 9.0; Windows NT 6.1; Trident/5.0)"
87.162.4.70 - - [10/Apr/2012:10:12:46 +0200] "GET / HTTP/1.1" 200 2338 "http://www.google.de/url?sa=t&rct=j&q=mbingenieure&source=web&cd=2&ved=0CC8QFjAB&url=http%3A%2F%2Fwww.mbingenieure.de%2F&ei=eOuDT5SvF8PKsgbQ3PzdBg&usg=AFQjCNEyLqXMZj9hDUfmjIo04GBdDmaXCQ" "Mozilla/5.0 (Windows; U; Windows NT 5.1; de; rv:1.9.2.25) Gecko/20111212 Firefox/3.6.25 (.NET CLR 3.5.30729)"
87.162.4.70 - - [10/Apr/2012:10:12:47 +0200] "GET /css/style.css HTTP/1.1" 200 2439 "http://www.mbingenieure.de/" "Mozilla/5.0 (Windows; U; Windows NT 5.1; de; rv:1.9.2.25) Gecko/20111212 Firefox/3.6.25 (.NET CLR 3.5.30729)"
87.162.4.70 - - [10/Apr/2012:10:12:47 +0200] "GET /images/bild2.jpg HTTP/1.1" 200 14865 "http://www.mbingenieure.de/" "Mozilla/5.0 (Windows; U; Windows NT 5.1; de; rv:1.9.2.25) Gecko/20111212 Firefox/3.6.25 (.NET CLR 3.5.30729)"
87.162.4.70 - - [10/Apr/2012:10:12:47 +0200] "GET /images/bild4.jpg HTTP/1.1" 200 14402 "http://www.mbingenieure.de/" "Mozilla/5.0 (Windows; U; Windows NT 5.1; de; rv:1.9.2.25) Gecko/20111212 Firefox/3.6.25 (.NET CLR 3.5.30729)"
87.162.4.70 - - [10/Apr/2012:10:12:47 +0200] "GET /images/bild3.png HTTP/1.1" 200 48627 "http://www.mbingenieure.de/" "Mozilla/5.0 (Windows; U; Windows NT 5.1; de; rv:1.9.2.25) Gecko/20111212 Firefox/3.6.25 (.NET CLR 3.5.30729)"
87.162.4.70 - - [10/Apr/2012:10:12:47 +0200] "GET /images/header.jpg HTTP/1.1" 200 10807 "http://www.mbingenieure.de/css/style.css" "Mozilla/5.0 (Windows; U; Windows NT 5.1; de; rv:1.9.2.25) Gecko/20111212 Firefox/3.6.25 (.NET CLR 3.5.30729)"
87.162.4.70 - - [10/Apr/2012:10:12:47 +0200] "GET /images/navi.jpg HTTP/1.1" 200 32635 "http://www.mbingenieure.de/css/style.css" "Mozilla/5.0 (Windows; U; Windows NT 5.1; de; rv:1.9.2.25) Gecko/20111212 Firefox/3.6.25 (.NET CLR 3.5.30729)"
87.162.4.70 - - [10/Apr/2012:10:12:47 +0200] "GET /images/footer.jpg HTTP/1.1" 200 5903 "http://www.mbingenieure.de/css/style.css" "Mozilla/5.0 (Windows; U; Windows NT 5.1; de; rv:1.9.2.25) Gecko/20111212 Firefox/3.6.25 (.NET CLR 3.5.30729)"
87.162.4.70 - - [10/Apr/2012:10:12:47 +0200] "GET /favicon.ico HTTP/1.1" 200 93062 "-" "Mozilla/5.0 (Windows; U; Windows NT 5.1; de; rv:1.9.2.25) Gecko/20111212 Firefox/3.6.25 (.NET CLR 3.5.30729)"
87.162.4.70 - - [10/Apr/2012:10:14:20 +0200] "GET /uns.html HTTP/1.1" 200 2130 "http://www.mbingenieure.de/" "Mozilla/5.0 (Windows; U; Windows NT 5.1; de; rv:1.9.2.25) Gecko/20111212 Firefox/3.6.25 (.NET CLR 3.5.30729)"
77.75.77.11 - - [10/Apr/2012:16:58:50 +0200] "GET /robots.txt HTTP/1.1" 404 - "-" "SeznamBot/3.0 (+http://fulltext.sblog.cz/)"
77.75.77.11 - - [10/Apr/2012:16:58:51 +0200] "GET /referenz.html HTTP/1.1" 200 8403 "-" "SeznamBot/3.0 (+http://fulltext.sblog.cz/)"
77.75.77.11 - - [10/Apr/2012:16:58:52 +0200] "GET /kontakt.html HTTP/1.1" 200 2183 "-" "SeznamBot/3.0 (+http://fulltext.sblog.cz/)"
157.55.16.230 - - [10/Apr/2012:19:16:02 +0200] "GET /robots.txt HTTP/1.1" 404 - "-" "Mozilla/5.0 (compatible; bingbot/2.0; +http://www.bing.com/bingbot.htm)"
157.55.16.230 - - [10/Apr/2012:19:16:47 +0200] "GET / HTTP/1.1" 304 - "-" "Mozilla/5.0 (compatible; bingbot/2.0; +http://www.bing.com/bingbot.htm)"
64.125.222.50 - - [11/Apr/2012:04:25:35 +0200] "GET /robots.txt HTTP/1.1" 404 - "-" "Mozilla/5.0 (compatible; 008/0.83; http://www.80legs.com/webcrawler.html;) Gecko/2008032620"
188.134.32.11 - - [11/Apr/2012:04:31:26 +0200] "GET / HTTP/1.1" 200 2338 "-" "Mozilla/5.0 (compatible; 008/0.83; http://www.80legs.com/webcrawler.html) Gecko/2008032620"
68.42.5.158 - - [11/Apr/2012:04:31:36 +0200] "GET / HTTP/1.1" 200 2338 "-" "Mozilla/5.0 (compatible; 008/0.83; http://www.80legs.com/webcrawler.html) Gecko/2008032620"
68.42.5.158 - - [11/Apr/2012:04:31:38 +0200] "GET / HTTP/1.1" 200 2338 "-" "Mozilla/5.0 (compatible; 008/0.83; http://www.80legs.com/webcrawler.html) Gecko/2008032620"
68.42.5.158 - - [11/Apr/2012:04:31:39 +0200] "GET / HTTP/1.1" 200 2338 "-" "Mozilla/5.0 (compatible; 008/0.83; http://www.80legs.com/webcrawler.html) Gecko/2008032620"
68.42.5.158 - - [11/Apr/2012:04:31:40 +0200] "GET / HTTP/1.1" 200 2338 "-" "Mozilla/5.0 (compatible; 008/0.83; http://www.80legs.com/webcrawler.html) Gecko/2008032620"
64.125.222.50 - - [11/Apr/2012:08:05:36 +0200] "GET /robots.txt HTTP/1.1" 404 - "-" "Mozilla/5.0 (compatible; 008/0.83; http://www.80legs.com/webcrawler.html;) Gecko/2008032620"
178.76.230.9 - - [11/Apr/2012:08:08:43 +0200] "GET /impressum.html HTTP/1.1" 200 3453 "-" "Mozilla/5.0 (compatible; 008/0.83; http://www.80legs.com/webcrawler.html) Gecko/2008032620"
178.76.230.9 - - [11/Apr/2012:08:08:44 +0200] "GET /impressum.html HTTP/1.1" 200 3453 "-" "Mozilla/5.0 (compatible; 008/0.83; http://www.80legs.com/webcrawler.html) Gecko/2008032620"
178.76.230.9 - - [11/Apr/2012:08:08:45 +0200] "GET /impressum.html HTTP/1.1" 200 3453 "-" "Mozilla/5.0 (compatible; 008/0.83; http://www.80legs.com/webcrawler.html) Gecko/2008032620"
178.76.230.9 - - [11/Apr/2012:08:08:47 +0200] "GET /index.html HTTP/1.1" 200 2338 "-" "Mozilla/5.0 (compatible; 008/0.83; http://www.80legs.com/webcrawler.html) Gecko/2008032620"
178.76.230.9 - - [11/Apr/2012:08:08:48 +0200] "GET /index.html HTTP/1.1" 200 2338 "-" "Mozilla/5.0 (compatible; 008/0.83; http://www.80legs.com/webcrawler.html) Gecko/2008032620"
178.76.230.9 - - [11/Apr/2012:08:08:49 +0200] "GET /spektrum.html HTTP/1.1" 200 2273 "-" "Mozilla/5.0 (compatible; 008/0.83; http://www.80legs.com/webcrawler.html) Gecko/2008032620"
178.76.230.9 - - [11/Apr/2012:08:08:50 +0200] "GET /spektrum.html HTTP/1.1" 200 2273 "-" "Mozilla/5.0 (compatible; 008/0.83; http://www.80legs.com/webcrawler.html) Gecko/2008032620"
81.88.222.38 - - [11/Apr/2012:08:18:13 +0200] "GET /kontakt.html HTTP/1.1" 200 2183 "-" "Mozilla/5.0 (compatible; 008/0.83; http://www.80legs.com/webcrawler.html) Gecko/2008032620"
109.61.135.187 - - [11/Apr/2012:08:41:44 +0200] "GET /partner.html HTTP/1.1" 200 2119 "-" "Mozilla/5.0 (compatible; 008/0.83; http://www.80legs.com/webcrawler.html) Gecko/2008032620"
42.241.168.241 - - [11/Apr/2012:10:02:55 +0200] "GET /referenz.html HTTP/1.1" 200 8403 "-" "Mozilla/5.0 (compatible; 008/0.83; http://www.80legs.com/webcrawler.html) Gecko/2008032620"
174.5.169.84 - - [11/Apr/2012:10:30:41 +0200] "GET /uns.html HTTP/1.1" 200 2130 "-" "Mozilla/5.0 (compatible; 008/0.83; http://www.80legs.com/webcrawler.html) Gecko/2008032620"
60.240.103.117 - - [11/Apr/2012:10:30:59 +0200] "GET /uns.html HTTP/1.1" 200 2130 "-" "Mozilla/5.0 (compatible; 008/0.83; http://www.80legs.com/webcrawler.html) Gecko/2008032620"
91.16.136.83 - - [11/Apr/2012:17:15:13 +0200] "GET /partner.html HTTP/1.1" 200 2119 "-" "Mozilla/4.0 (compatible; MSIE 7.0; Windows NT 6.1; MEGAUPLOAD 4.6.23; .NET CLR 7.1.03)"
91.16.136.83 - - [11/Apr/2012:17:15:13 +0200] "GET /robots.txt HTTP/1.1" 404 - "-" "Mozilla/5.0 (compatible; MSIE 8.0; Windows NT 5.2; MyIE2; Alexa Toolbar; ZangoToolbar 1.4.92)"
91.16.136.83 - - [11/Apr/2012:17:15:14 +0200] "GET /robots.txt HTTP/1.1" 404 - "-" "Mozilla/5.0 (compatible; MSIE 8.0; Windows NT 5.2; MyIE2; Alexa Toolbar; ZangoToolbar 1.4.92)"
66.249.66.51 - - [12/Apr/2012:13:59:55 +0200] "GET /robots.txt HTTP/1.1" 404 - "-" "Mozilla/5.0 (compatible; Googlebot/2.1; +http://www.google.com/bot.html)"
66.249.66.51 - - [12/Apr/2012:13:59:55 +0200] "GET /uns.html HTTP/1.1" 304 - "-" "Mozilla/5.0 (compatible; Googlebot/2.1; +http://www.google.com/bot.html)"
87.193.195.11 - - [12/Apr/2012:15:58:39 +0200] "GET /impressum.html HTTP/1.1" 200 3453 "http://www.google.de/url?sa=t&rct=j&q=bieder%20ingenieure&source=web&cd=4&ved=0CEQQFjAD&url=http%3A%2F%2Fwww.mbingenieure.de%2Fimpressum.html&ei=i9-GT8yNCtHDtAaknqj3CQ&usg=AFQjCNHELIGYYj_HQnujp4z8JvB7XA-W3w" "Mozilla/5.0 (compatible; MSIE 9.0; Windows NT 6.1; Trident/5.0)"
87.193.195.11 - - [12/Apr/2012:15:58:39 +0200] "GET /css/style.css HTTP/1.1" 200 2439 "http://www.mbingenieure.de/impressum.html" "Mozilla/5.0 (compatible; MSIE 9.0; Windows NT 6.1; Trident/5.0)"
87.193.195.11 - - [12/Apr/2012:15:58:39 +0200] "GET /images/header.jpg HTTP/1.1" 200 10807 "http://www.mbingenieure.de/impressum.html" "Mozilla/5.0 (compatible; MSIE 9.0; Windows NT 6.1; Trident/5.0)"
87.193.195.11 - - [12/Apr/2012:15:58:39 +0200] "GET /images/footer.jpg HTTP/1.1" 200 5903 "http://www.mbingenieure.de/impressum.html" "Mozilla/5.0 (compatible; MSIE 9.0; Windows NT 6.1; Trident/5.0)"
87.193.195.11 - - [12/Apr/2012:15:58:39 +0200] "GET /images/navi.jpg HTTP/1.1" 200 32635 "http://www.mbingenieure.de/impressum.html" "Mozilla/5.0 (compatible; MSIE 9.0; Windows NT 6.1; Trident/5.0)"
87.193.195.11 - - [12/Apr/2012:15:58:40 +0200] "GET /favicon.ico HTTP/1.1" 200 93062 "-" "Mozilla/5.0 (compatible; MSIE 9.0; Windows NT 6.1; Trident/5.0)"
87.193.195.11 - - [12/Apr/2012:15:58:44 +0200] "GET /uns.html HTTP/1.1" 200 2130 "http://www.mbingenieure.de/impressum.html" "Mozilla/5.0 (compatible; MSIE 9.0; Windows NT 6.1; Trident/5.0)"
83.133.125.202 - - [12/Apr/2012:16:02:17 +0200] "GET / HTTP/1.1" 200 2338 "http://www.bigfinder.de/" "Mozilla/5.0 (Windows; U; Windows NT 6.1; de; rv:1.9.2.8) Gecko/20100722 Firefox/3.6.8 GTB7.1"
83.133.125.202 - - [12/Apr/2012:16:03:57 +0200] "GET / HTTP/1.1" 200 2338 "http://www.bigfinder.de/" "Mozilla/4.0 (compatible; MSIE 8.0; Windows NT 6.0; Trident/4.0; GTB0.0; SLCC1; .NET CLR 2.0.50727; Media Center PC 5.0; .NET CLR 3.5.30729; .NET CLR 3.0.30729; .NET4.0C)"
77.75.77.11 - - [13/Apr/2012:02:16:29 +0200] "GET /robots.txt HTTP/1.1" 404 - "-" "SeznamBot/3.0 (+http://fulltext.sblog.cz/)"
77.75.77.11 - - [13/Apr/2012:02:16:30 +0200] "GET /impressum.html HTTP/1.1" 200 3453 "-" "SeznamBot/3.0 (+http://fulltext.sblog.cz/)"
77.75.77.11 - - [13/Apr/2012:02:16:42 +0200] "GET /spektrum.html HTTP/1.1" 200 2273 "-" "SeznamBot/3.0 (+http://fulltext.sblog.cz/)"
77.75.77.11 - - [13/Apr/2012:02:16:43 +0200] "GET / HTTP/1.1" 200 2338 "-" "SeznamBot/3.0 (+http://fulltext.sblog.cz/)"
157.55.16.230 - - [13/Apr/2012:11:00:54 +0200] "GET /robots.txt HTTP/1.1" 404 - "-" "Mozilla/5.0 (compatible; bingbot/2.0; +http://www.bing.com/bingbot.htm)"
157.55.16.230 - - [13/Apr/2012:11:01:38 +0200] "GET / HTTP/1.1" 200 2338 "-" "Mozilla/5.0 (compatible; bingbot/2.0; +http://www.bing.com/bingbot.htm)"
77.75.77.17 - - [13/Apr/2012:16:31:25 +0200] "GET /robots.txt HTTP/1.1" 404 - "-" "SeznamBot/3.0 (+http://fulltext.sblog.cz/)"
77.75.77.17 - - [13/Apr/2012:16:31:26 +0200] "GET /referenz.html HTTP/1.1" 200 8403 "-" "SeznamBot/3.0 (+http://fulltext.sblog.cz/)"
77.75.77.17 - - [13/Apr/2012:16:31:35 +0200] "GET /kontakt.html HTTP/1.1" 200 2183 "-" "SeznamBot/3.0 (+http://fulltext.sblog.cz/)"
208.115.111.69 - - [13/Apr/2012:19:08:35 +0200] "GET /robots.txt HTTP/1.1" 404 - "-" "Mozilla/5.0 (compatible; Ezooms/1.0; ezooms.bot@gmail.com)"
208.115.111.69 - - [13/Apr/2012:21:13:06 +0200] "GET /referenz.html HTTP/1.1" 200 8403 "-" "Mozilla/5.0 (compatible; Ezooms/1.0; ezooms.bot@gmail.com)"
208.115.113.85 - - [13/Apr/2012:23:17:17 +0200] "GET /robots.txt HTTP/1.1" 404 - "-" "Mozilla/5.0 (compatible; Ezooms/1.0; ezooms.bot@gmail.com)"
208.115.113.85 - - [13/Apr/2012:23:38:36 +0200] "GET / HTTP/1.1" 200 2338 "-" "Mozilla/5.0 (compatible; Ezooms/1.0; ezooms.bot@gmail.com)"
94.222.26.171 - - [13/Apr/2012:23:58:31 +0200] "GET / HTTP/1.1" 200 2338 "http://www.facebook.com/l.php?u=http%3A%2F%2Fwww.mbingenieure.de%2F&h=KAQHCgCIQ" "Mozilla/5.0 (Macintosh; Intel Mac OS X 10.7; rv:11.0) Gecko/20100101 Firefox/11.0"
94.222.26.171 - - [13/Apr/2012:23:58:31 +0200] "GET /css/style.css HTTP/1.1" 200 2439 "http://www.mbingenieure.de/" "Mozilla/5.0 (Macintosh; Intel Mac OS X 10.7; rv:11.0) Gecko/20100101 Firefox/11.0"
94.222.26.171 - - [13/Apr/2012:23:58:31 +0200] "GET /images/bild4.jpg HTTP/1.1" 200 14402 "http://www.mbingenieure.de/" "Mozilla/5.0 (Macintosh; Intel Mac OS X 10.7; rv:11.0) Gecko/20100101 Firefox/11.0"
94.222.26.171 - - [13/Apr/2012:23:58:31 +0200] "GET /images/bild2.jpg HTTP/1.1" 200 14865 "http://www.mbingenieure.de/" "Mozilla/5.0 (Macintosh; Intel Mac OS X 10.7; rv:11.0) Gecko/20100101 Firefox/11.0"
94.222.26.171 - - [13/Apr/2012:23:58:31 +0200] "GET /images/footer.jpg HTTP/1.1" 200 5903 "http://www.mbingenieure.de/css/style.css" "Mozilla/5.0 (Macintosh; Intel Mac OS X 10.7; rv:11.0) Gecko/20100101 Firefox/11.0"
94.222.26.171 - - [13/Apr/2012:23:58:31 +0200] "GET /images/header.jpg HTTP/1.1" 200 10807 "http://www.mbingenieure.de/css/style.css" "Mozilla/5.0 (Macintosh; Intel Mac OS X 10.7; rv:11.0) Gecko/20100101 Firefox/11.0"
94.222.26.171 - - [13/Apr/2012:23:58:31 +0200] "GET /images/navi.jpg HTTP/1.1" 200 32635 "http://www.mbingenieure.de/css/style.css" "Mozilla/5.0 (Macintosh; Intel Mac OS X 10.7; rv:11.0) Gecko/20100101 Firefox/11.0"
94.222.26.171 - - [13/Apr/2012:23:58:31 +0200] "GET /images/bild3.png HTTP/1.1" 200 48627 "http://www.mbingenieure.de/" "Mozilla/5.0 (Macintosh; Intel Mac OS X 10.7; rv:11.0) Gecko/20100101 Firefox/11.0"
94.222.26.171 - - [13/Apr/2012:23:58:31 +0200] "GET /favicon.ico HTTP/1.1" 200 93062 "-" "Mozilla/5.0 (Macintosh; Intel Mac OS X 10.7; rv:11.0) Gecko/20100101 Firefox/11.0"
157.55.16.230 - - [14/Apr/2012:03:14:33 +0200] "GET /robots.txt HTTP/1.1" 404 - "-" "Mozilla/5.0 (compatible; bingbot/2.0; +http://www.bing.com/bingbot.htm)"
157.55.16.230 - - [14/Apr/2012:03:15:07 +0200] "GET / HTTP/1.1" 304 - "-" "Mozilla/5.0 (compatible; bingbot/2.0; +http://www.bing.com/bingbot.htm)"
93.221.155.240 - - [14/Apr/2012:08:06:39 +0200] "GET / HTTP/1.1" 200 2338 "-" "Mozilla/5.0 (Windows NT 5.1; rv:11.0) Gecko/20100101 Firefox/11.0"
93.221.155.240 - - [14/Apr/2012:08:06:39 +0200] "GET /css/style.css HTTP/1.1" 200 2439 "http://www.mbingenieure.de/" "Mozilla/5.0 (Windows NT 5.1; rv:11.0) Gecko/20100101 Firefox/11.0"
93.221.155.240 - - [14/Apr/2012:08:06:39 +0200] "GET /images/bild2.jpg HTTP/1.1" 200 14865 "http://www.mbingenieure.de/" "Mozilla/5.0 (Windows NT 5.1; rv:11.0) Gecko/20100101 Firefox/11.0"
93.221.155.240 - - [14/Apr/2012:08:06:39 +0200] "GET /images/bild4.jpg HTTP/1.1" 200 14402 "http://www.mbingenieure.de/" "Mozilla/5.0 (Windows NT 5.1; rv:11.0) Gecko/20100101 Firefox/11.0"
93.221.155.240 - - [14/Apr/2012:08:06:39 +0200] "GET /images/bild3.png HTTP/1.1" 200 48627 "http://www.mbingenieure.de/" "Mozilla/5.0 (Windows NT 5.1; rv:11.0) Gecko/20100101 Firefox/11.0"
93.221.155.240 - - [14/Apr/2012:08:06:39 +0200] "GET /images/footer.jpg HTTP/1.1" 200 5903 "http://www.mbingenieure.de/css/style.css" "Mozilla/5.0 (Windows NT 5.1; rv:11.0) Gecko/20100101 Firefox/11.0"
93.221.155.240 - - [14/Apr/2012:08:06:39 +0200] "GET /images/header.jpg HTTP/1.1" 200 10807 "http://www.mbingenieure.de/css/style.css" "Mozilla/5.0 (Windows NT 5.1; rv:11.0) Gecko/20100101 Firefox/11.0"
93.221.155.240 - - [14/Apr/2012:08:06:39 +0200] "GET /images/navi.jpg HTTP/1.1" 200 32635 "http://www.mbingenieure.de/css/style.css" "Mozilla/5.0 (Windows NT 5.1; rv:11.0) Gecko/20100101 Firefox/11.0"
93.221.155.240 - - [14/Apr/2012:08:06:40 +0200] "GET /favicon.ico HTTP/1.1" 200 93062 "-" "Mozilla/5.0 (Windows NT 5.1; rv:11.0) Gecko/20100101 Firefox/11.0"
93.221.155.240 - - [14/Apr/2012:08:06:58 +0200] "GET /kontakt.html HTTP/1.1" 200 2183 "http://www.mbingenieure.de/" "Mozilla/5.0 (Windows NT 5.1; rv:11.0) Gecko/20100101 Firefox/11.0"
93.221.155.240 - - [14/Apr/2012:08:09:22 +0200] "GET /partner.html HTTP/1.1" 200 2119 "http://www.mbingenieure.de/kontakt.html" "Mozilla/5.0 (Windows NT 5.1; rv:11.0) Gecko/20100101 Firefox/11.0"
69.30.243.122 - - [14/Apr/2012:14:37:10 +0200] "HEAD / HTTP/1.1" 200 - "-" "curl/7.21.0 (x86_64-pc-linux-gnu) libcurl/7.21.0 OpenSSL/0.9.8o zlib/1.2.3.4 libidn/1.15 libssh2/1.2.6"
209.172.35.54 - - [14/Apr/2012:15:11:14 +0200] "GET / HTTP/1.1" 200 2338 "-" "User-Agent=Mozilla/5.0 (Windows; U; Windows NT 5.1; en-US; rv:1.9.0.1) Gecko/2008070208 Firefox/3.0.1"
209.172.35.54 - - [14/Apr/2012:15:11:14 +0200] "GET /index.html HTTP/1.1" 200 2338 "-" "User-Agent=Mozilla/5.0 (Windows; U; Windows NT 5.1; en-US; rv:1.9.0.1) Gecko/2008070208 Firefox/3.0.1"
209.172.35.54 - - [14/Apr/2012:15:11:14 +0200] "GET /uns.html HTTP/1.1" 200 2130 "-" "User-Agent=Mozilla/5.0 (Windows; U; Windows NT 5.1; en-US; rv:1.9.0.1) Gecko/2008070208 Firefox/3.0.1"
209.172.35.54 - - [14/Apr/2012:15:11:14 +0200] "GET /spektrum.html HTTP/1.1" 200 2273 "-" "User-Agent=Mozilla/5.0 (Windows; U; Windows NT 5.1; en-US; rv:1.9.0.1) Gecko/2008070208 Firefox/3.0.1"
209.172.35.54 - - [14/Apr/2012:15:11:15 +0200] "GET /referenz.html HTTP/1.1" 200 8403 "-" "User-Agent=Mozilla/5.0 (Windows; U; Windows NT 5.1; en-US; rv:1.9.0.1) Gecko/2008070208 Firefox/3.0.1"
209.172.35.54 - - [14/Apr/2012:15:11:15 +0200] "GET /partner.html HTTP/1.1" 200 2119 "-" "User-Agent=Mozilla/5.0 (Windows; U; Windows NT 5.1; en-US; rv:1.9.0.1) Gecko/2008070208 Firefox/3.0.1"
209.172.35.54 - - [14/Apr/2012:15:11:15 +0200] "GET /kontakt.html HTTP/1.1" 200 2183 "-" "User-Agent=Mozilla/5.0 (Windows; U; Windows NT 5.1; en-US; rv:1.9.0.1) Gecko/2008070208 Firefox/3.0.1"
209.172.35.54 - - [14/Apr/2012:15:11:15 +0200] "GET /impressum.html HTTP/1.1" 200 3453 "-" "User-Agent=Mozilla/5.0 (Windows; U; Windows NT 5.1; en-US; rv:1.9.0.1) Gecko/2008070208 Firefox/3.0.1"
176.9.139.112 - - [14/Apr/2012:18:49:08 +0200] "GET /robots.txt HTTP/1.1" 404 - "-" "Mozilla/5.0 (compatible; SISTRIX Crawler; http://crawler.sistrix.net/)"
176.9.139.112 - - [14/Apr/2012:18:49:08 +0200] "GET / HTTP/1.1" 200 2338 "-" "Mozilla/5.0 (compatible; SISTRIX Crawler; http://crawler.sistrix.net/)"
176.9.139.112 - - [14/Apr/2012:18:49:08 +0200] "GET /kontakt.html HTTP/1.1" 200 2183 "-" "Mozilla/5.0 (compatible; SISTRIX Crawler; http://crawler.sistrix.net/)"
176.9.139.112 - - [14/Apr/2012:18:49:08 +0200] "GET /spektrum.html HTTP/1.1" 200 2273 "-" "Mozilla/5.0 (compatible; SISTRIX Crawler; http://crawler.sistrix.net/)"
176.9.139.112 - - [14/Apr/2012:18:49:08 +0200] "GET /impressum.html HTTP/1.1" 200 3453 "-" "Mozilla/5.0 (compatible; SISTRIX Crawler; http://crawler.sistrix.net/)"
176.9.139.112 - - [14/Apr/2012:18:49:08 +0200] "GET /index.html HTTP/1.1" 200 2338 "-" "Mozilla/5.0 (compatible; SISTRIX Crawler; http://crawler.sistrix.net/)"
176.9.139.112 - - [14/Apr/2012:18:49:08 +0200] "GET /partner.html HTTP/1.1" 200 2119 "-" "Mozilla/5.0 (compatible; SISTRIX Crawler; http://crawler.sistrix.net/)"
176.9.139.112 - - [14/Apr/2012:18:49:08 +0200] "GET /uns.html HTTP/1.1" 200 2130 "-" "Mozilla/5.0 (compatible; SISTRIX Crawler; http://crawler.sistrix.net/)"
176.9.139.112 - - [14/Apr/2012:18:49:08 +0200] "GET /referenz.html HTTP/1.1" 200 8403 "-" "Mozilla/5.0 (compatible; SISTRIX Crawler; http://crawler.sistrix.net/)"
207.46.199.50 - - [14/Apr/2012:22:27:51 +0200] "GET /robots.txt HTTP/1.1" 404 - "-" "Mozilla/5.0 (compatible; bingbot/2.0; +http://www.bing.com/bingbot.htm)"
207.46.199.50 - - [14/Apr/2012:22:41:20 +0200] "GET /referenz.html HTTP/1.1" 304 - "-" "Mozilla/5.0 (compatible; bingbot/2.0; +http://www.bing.com/bingbot.htm)"
207.46.199.50 - - [15/Apr/2012:06:31:54 +0200] "GET /robots.txt HTTP/1.1" 404 - "-" "Mozilla/5.0 (compatible; bingbot/2.0; +http://www.bing.com/bingbot.htm)"
207.46.199.50 - - [15/Apr/2012:06:42:41 +0200] "GET /uns.html HTTP/1.1" 304 - "-" "Mozilla/5.0 (compatible; bingbot/2.0; +http://www.bing.com/bingbot.htm)"
83.133.125.202 - - [15/Apr/2012:10:47:38 +0200] "GET / HTTP/1.1" 200 2338 "http://www.bigfinder.de/" "Mozilla/5.0 (Macintosh; U; Intel Mac OS X 10.6; de-DE; rv:1.9.2.8) Gecko/20100722 Firefox/3.6.8"
79.210.243.161 - - [15/Apr/2012:16:22:13 +0200] "GET /index.html HTTP/1.1" 304 - "-" "Mozilla/5.0 (compatible; MSIE 9.0; Windows NT 6.1; Trident/5.0)"
79.210.243.161 - - [15/Apr/2012:16:22:13 +0200] "GET /images/bild4.jpg HTTP/1.1" 200 14402 "http://www.mbingenieure.de/index.html" "Mozilla/5.0 (compatible; MSIE 9.0; Windows NT 6.1; Trident/5.0)"
79.210.243.161 - - [15/Apr/2012:16:22:13 +0200] "GET /images/bild2.jpg HTTP/1.1" 200 14865 "http://www.mbingenieure.de/index.html" "Mozilla/5.0 (compatible; MSIE 9.0; Windows NT 6.1; Trident/5.0)"
79.210.243.161 - - [15/Apr/2012:16:22:14 +0200] "GET /images/footer.jpg HTTP/1.1" 200 5903 "http://www.mbingenieure.de/index.html" "Mozilla/5.0 (compatible; MSIE 9.0; Windows NT 6.1; Trident/5.0)"
79.210.243.161 - - [15/Apr/2012:16:22:14 +0200] "GET /images/header.jpg HTTP/1.1" 200 10807 "http://www.mbingenieure.de/index.html" "Mozilla/5.0 (compatible; MSIE 9.0; Windows NT 6.1; Trident/5.0)"
79.210.243.161 - - [15/Apr/2012:16:22:14 +0200] "GET /images/navi.jpg HTTP/1.1" 200 32635 "http://www.mbingenieure.de/index.html" "Mozilla/5.0 (compatible; MSIE 9.0; Windows NT 6.1; Trident/5.0)"
79.210.243.161 - - [15/Apr/2012:16:22:13 +0200] "GET /images/bild3.png HTTP/1.1" 200 48627 "http://www.mbingenieure.de/index.html" "Mozilla/5.0 (compatible; MSIE 9.0; Windows NT 6.1; Trident/5.0)"
23.22.23.164 - - [15/Apr/2012:18:08:44 +0200] "GET / HTTP/1.1" 200 2338 "-" "Mozilla/5.0 (Windows NT 6.2; rv:9.0.1) Gecko/20100101 Firefox/9.0.1"
91.2.80.87 - - [16/Apr/2012:07:23:29 +0200] "GET /referenz.html HTTP/1.1" 200 8403 "http://search.babylon.com/?s=web&babsrc=HP_ss&rlz=0&q=neubau+umbau+einkaufszentrum+l%C3%BCbeck&start=10" "Mozilla/5.0 (Windows NT 5.1; rv:11.0) Gecko/20100101 Firefox/11.0"
91.2.80.87 - - [16/Apr/2012:07:23:30 +0200] "GET /css/style.css HTTP/1.1" 200 2439 "http://www.mbingenieure.de/referenz.html" "Mozilla/5.0 (Windows NT 5.1; rv:11.0) Gecko/20100101 Firefox/11.0"
91.2.80.87 - - [16/Apr/2012:07:23:30 +0200] "GET /images/footer.jpg HTTP/1.1" 200 5903 "http://www.mbingenieure.de/css/style.css" "Mozilla/5.0 (Windows NT 5.1; rv:11.0) Gecko/20100101 Firefox/11.0"
91.2.80.87 - - [16/Apr/2012:07:23:30 +0200] "GET /images/header.jpg HTTP/1.1" 200 10807 "http://www.mbingenieure.de/css/style.css" "Mozilla/5.0 (Windows NT 5.1; rv:11.0) Gecko/20100101 Firefox/11.0"
91.2.80.87 - - [16/Apr/2012:07:23:30 +0200] "GET /images/navi.jpg HTTP/1.1" 200 32635 "http://www.mbingenieure.de/css/style.css" "Mozilla/5.0 (Windows NT 5.1; rv:11.0) Gecko/20100101 Firefox/11.0"
91.2.80.87 - - [16/Apr/2012:07:23:30 +0200] "GET /favicon.ico HTTP/1.1" 200 93062 "-" "Mozilla/5.0 (Windows NT 5.1; rv:11.0) Gecko/20100101 Firefox/11.0"
94.23.225.68 - - [16/Apr/2012:11:33:12 +0200] "GET /kontakt.html HTTP/1.1" 200 2183 "-" "Mozilla/5.0 (X11; Linux i686; rv:6.0) Gecko/20100101 Firefox/6.0"
66.249.66.51 - - [16/Apr/2012:12:35:04 +0200] "GET /robots.txt HTTP/1.1" 404 - "-" "Mozilla/5.0 (compatible; Googlebot/2.1; +http://www.google.com/bot.html)"
66.249.66.51 - - [16/Apr/2012:12:35:04 +0200] "GET / HTTP/1.1" 304 - "-" "Mozilla/5.0 (compatible; Googlebot/2.1; +http://www.google.com/bot.html)"
65.52.110.190 - - [16/Apr/2012:16:40:10 +0200] "GET /robots.txt HTTP/1.1" 404 - "-" "Mozilla/5.0 (compatible; bingbot/2.0; +http://www.bing.com/bingbot.htm)"
65.52.110.190 - - [16/Apr/2012:16:40:51 +0200] "GET /partner.html HTTP/1.1" 304 - "-" "Mozilla/5.0 (compatible; bingbot/2.0; +http://www.bing.com/bingbot.htm)"
77.75.77.17 - - [17/Apr/2012:09:22:55 +0200] "GET /robots.txt HTTP/1.1" 404 - "-" "SeznamBot/3.0 (+http://fulltext.sblog.cz/)"
77.75.77.17 - - [17/Apr/2012:09:22:55 +0200] "GET /impressum.html HTTP/1.1" 304 - "-" "SeznamBot/3.0 (+http://fulltext.sblog.cz/)"
77.75.77.17 - - [17/Apr/2012:09:22:55 +0200] "GET /referenz.html HTTP/1.1" 304 - "-" "SeznamBot/3.0 (+http://fulltext.sblog.cz/)"
77.75.77.17 - - [17/Apr/2012:09:22:55 +0200] "GET /kontakt.html HTTP/1.1" 304 - "-" "SeznamBot/3.0 (+http://fulltext.sblog.cz/)"
77.75.77.17 - - [17/Apr/2012:09:22:56 +0200] "GET /spektrum.html HTTP/1.1" 304 - "-" "SeznamBot/3.0 (+http://fulltext.sblog.cz/)"
77.75.77.17 - - [17/Apr/2012:09:22:56 +0200] "GET / HTTP/1.1" 304 - "-" "SeznamBot/3.0 (+http://fulltext.sblog.cz/)"
157.55.16.230 - - [17/Apr/2012:09:38:47 +0200] "GET /robots.txt HTTP/1.1" 404 - "-" "Mozilla/5.0 (compatible; bingbot/2.0; +http://www.bing.com/bingbot.htm)"
