207.46.204.215 - - [01/Sep/2011:03:29:53 +0200] "GET /skin/frontend/esso/standard/js/jquery-1.3.2.min.js HTTP/1.1" 200 57254 "http://www.markenoele.de/motul-schmierstoffe/motul-4100-power-5l-15w-50.html" "Mozilla/5.0 (compatible; MSIE 9.0; Windows NT 6.1; Trident/5.0; WOW64; Trident/5.0)"
207.46.204.215 - - [01/Sep/2011:03:29:53 +0200] "GET /skin/frontend/esso/standard/js/jquery.jqzoom.js HTTP/1.1" 200 5131 "http://www.markenoele.de/motul-schmierstoffe/motul-4100-power-5l-15w-50.html" "Mozilla/5.0 (compatible; MSIE 9.0; Windows NT 6.1; Trident/5.0; WOW64; Trident/5.0)"
207.46.204.215 - - [01/Sep/2011:03:29:53 +0200] "GET /skin/frontend/esso/standard/js/effects.core.js HTTP/1.1" 200 19170 "http://www.markenoele.de/motul-schmierstoffe/motul-4100-power-5l-15w-50.html" "Mozilla/5.0 (compatible; MSIE 9.0; Windows NT 6.1; Trident/5.0; WOW64; Trident/5.0)"
207.46.204.215 - - [01/Sep/2011:03:29:53 +0200] "GET /skin/frontend/esso/standard/js/effects.scale.js HTTP/1.1" 200 7057 "http://www.markenoele.de/motul-schmierstoffe/motul-4100-power-5l-15w-50.html" "Mozilla/5.0 (compatible; MSIE 9.0; Windows NT 6.1; Trident/5.0; WOW64; Trident/5.0)"
207.46.204.215 - - [01/Sep/2011:03:29:54 +0200] "GET /skin/frontend/esso/standard/css/styles-ie.css HTTP/1.1" 200 4778 "http://www.markenoele.de/motul-schmierstoffe/motul-4100-power-5l-15w-50.html" "Mozilla/5.0 (compatible; MSIE 9.0; Windows NT 6.1; Trident/5.0; WOW64; Trident/5.0)"
174.129.237.157 - - [01/Sep/2011:03:32:17 +0200] "GET /motul-schmierstoffe/motorsport.html HTTP/1.0" 200 49863 "-" "ia_archiver (+http://www.alexa.com/site/help/webmasters; crawler@alexa.com)"
67.195.115.84 - - [01/Sep/2011:03:33:03 +0200] "GET /zahlung/ HTTP/1.0" 200 24446 "-" "Mozilla/5.0 (compatible; Yahoo! Slurp; http://help.yahoo.com/help/us/ysearch/slurp)"
66.249.66.154 - - [01/Sep/2011:03:41:39 +0200] "GET /motul-aufnaher-28-x-7-0-cm.html HTTP/1.1" 200 29219 "-" "Mozilla/5.0 (compatible; Googlebot/2.1; +http://www.google.com/bot.html)"
66.249.72.101 - - [01/Sep/2011:03:42:10 +0200] "GET /motul-fanshop-artikel/aufkleber.html HTTP/1.1" 200 46777 "-" "Mozilla/5.0 (compatible; Googlebot/2.1; +http://www.google.com/bot.html)"
66.249.66.154 - - [01/Sep/2011:03:42:15 +0200] "GET /motul-fanshop-artikel/bekleidung.html HTTP/1.1" 200 47553 "-" "Mozilla/5.0 (compatible; Googlebot/2.1; +http://www.google.com/bot.html)"
66.249.72.101 - - [01/Sep/2011:03:43:50 +0200] "GET /softshell-weste-damen.html HTTP/1.1" 200 36044 "-" "Mozilla/5.0 (compatible; Googlebot/2.1; +http://www.google.com/bot.html)"
174.129.237.157 - - [01/Sep/2011:03:50:58 +0200] "GET /motul-schmierstoffe/kart.html HTTP/1.0" 200 31289 "-" "ia_archiver (+http://www.alexa.com/site/help/webmasters; crawler@alexa.com)"
66.249.66.154 - - [01/Sep/2011:03:59:49 +0200] "GET /motul-quad-4t-63.html HTTP/1.1" 200 29647 "-" "Mozilla/5.0 (compatible; Googlebot/2.1; +http://www.google.com/bot.html)"
66.249.66.154 - - [01/Sep/2011:04:02:05 +0200] "GET /motul-dexron-iid-1l.html HTTP/1.1" 200 29940 "-" "Mozilla/5.0 (compatible; Googlebot/2.1; +http://www.google.com/bot.html)"
66.249.72.101 - - [01/Sep/2011:04:17:03 +0200] "GET /motul-3000-4t.html HTTP/1.1" 200 29985 "-" "Mozilla/5.0 (compatible; Googlebot/2.1; +http://www.google.com/bot.html)"
66.249.72.101 - - [01/Sep/2011:04:30:04 +0200] "GET /motul-8100-x-clean-c3-5l-177.html HTTP/1.1" 200 30314 "-" "Mozilla/5.0 (compatible; Googlebot/2.1; +http://www.google.com/bot.html)"
174.129.237.157 - - [01/Sep/2011:04:31:08 +0200] "GET /motul-schmierstoffe/scooter.html HTTP/1.0" 200 35505 "-" "ia_archiver (+http://www.alexa.com/site/help/webmasters; crawler@alexa.com)"
66.249.66.154 - - [01/Sep/2011:04:33:14 +0200] "GET /blechschild-pin-up-i.html HTTP/1.1" 200 29303 "-" "Mozilla/5.0 (compatible; Googlebot/2.1; +http://www.google.com/bot.html)"
66.249.66.154 - - [01/Sep/2011:04:44:50 +0200] "GET /motul-300v-4t-factory-line.html HTTP/1.1" 200 29998 "-" "Mozilla/5.0 (compatible; Googlebot/2.1; +http://www.google.com/bot.html)"
67.195.115.84 - - [01/Sep/2011:04:46:07 +0200] "GET /motul-zusatzstoffe/mocool.html HTTP/1.0" 200 30986 "-" "Mozilla/5.0 (compatible; Yahoo! Slurp; http://help.yahoo.com/help/us/ysearch/slurp)"
66.249.66.154 - - [01/Sep/2011:04:47:35 +0200] "GET /motul-5100-4t.html HTTP/1.1" 200 29804 "-" "Mozilla/5.0 (compatible; Googlebot/2.1; +http://www.google.com/bot.html)"
174.129.237.157 - - [01/Sep/2011:04:53:21 +0200] "GET /motul-8100-x-clean-c3-1l-176.html HTTP/1.0" 200 30291 "-" "ia_archiver (+http://www.alexa.com/site/help/webmasters; crawler@alexa.com)"
66.249.66.154 - - [01/Sep/2011:05:07:05 +0200] "GET /powerjet-4t.html HTTP/1.1" 200 29705 "-" "Mozilla/5.0 (compatible; Googlebot/2.1; +http://www.google.com/bot.html)"
66.249.72.101 - - [01/Sep/2011:05:11:45 +0200] "GET /motul-snowpower-2t-1l.html HTTP/1.1" 200 31908 "-" "Mozilla/5.0 (compatible; Googlebot/2.1; +http://www.google.com/bot.html)"
174.129.237.157 - - [01/Sep/2011:05:13:49 +0200] "GET /motul-pflegeprodukte/shine-go-silicone-clean.html HTTP/1.0" 200 31017 "-" "ia_archiver (+http://www.alexa.com/site/help/webmasters; crawler@alexa.com)"
217.249.143.135 - - [01/Sep/2011:05:20:09 +0200] "GET /robots.txt HTTP/1.1" 200 918 "-" "findlinks/2.0.2 (+http://wortschatz.uni-leipzig.de/findlinks/)"
66.249.66.154 - - [01/Sep/2011:05:20:56 +0200] "GET /motul-gear-300.html HTTP/1.1" 200 30085 "-" "Mozilla/5.0 (compatible; Googlebot/2.1; +http://www.google.com/bot.html)"
174.129.237.157 - - [01/Sep/2011:05:21:00 +0200] "GET /motul-schmierstoffe/motul-motorrad/motul-7100-4t.html HTTP/1.0" 200 32103 "-" "ia_archiver (+http://www.alexa.com/site/help/webmasters; crawler@alexa.com)"
66.249.72.101 - - [01/Sep/2011:05:21:32 +0200] "GET /fork-oil-light-medium.html HTTP/1.1" 200 29681 "-" "Mozilla/5.0 (compatible; Googlebot/2.1; +http://www.google.com/bot.html)"
174.129.237.157 - - [01/Sep/2011:05:25:17 +0200] "GET /motul-5100-4t-48.html HTTP/1.0" 200 30243 "-" "ia_archiver (+http://www.alexa.com/site/help/webmasters; crawler@alexa.com)"
66.249.66.154 - - [01/Sep/2011:05:29:45 +0200] "GET /inboard-tech-4t.html HTTP/1.1" 200 30732 "-" "Mozilla/5.0 (compatible; Googlebot/2.1; +http://www.google.com/bot.html)"
66.249.66.154 - - [01/Sep/2011:05:32:00 +0200] "GET /motul-snowpower-4t-4l.html HTTP/1.1" 200 30080 "-" "Mozilla/5.0 (compatible; Googlebot/2.1; +http://www.google.com/bot.html)"
66.249.66.154 - - [01/Sep/2011:05:33:33 +0200] "GET /motul-snowpower-4t-1l.html HTTP/1.1" 200 31990 "-" "Mozilla/5.0 (compatible; Googlebot/2.1; +http://www.google.com/bot.html)"
66.249.72.101 - - [01/Sep/2011:05:35:08 +0200] "GET /motul-aufkleber-15-x-4-0-cm.html HTTP/1.1" 200 29280 "-" "Mozilla/5.0 (compatible; Googlebot/2.1; +http://www.google.com/bot.html)"
66.249.66.154 - - [01/Sep/2011:05:41:34 +0200] "GET /wash-wax.html HTTP/1.1" 200 30179 "-" "Mozilla/5.0 (compatible; Googlebot/2.1; +http://www.google.com/bot.html)"
66.249.66.154 - - [01/Sep/2011:05:49:39 +0200] "GET /baseball-cap-flame.html HTTP/1.1" 200 29293 "-" "Mozilla/5.0 (compatible; Googlebot/2.1; +http://www.google.com/bot.html)"
67.195.115.84 - - [01/Sep/2011:05:55:42 +0200] "GET /motul-pflegeprodukte/motorrad/shine-go-silicone-clean.html HTTP/1.0" 200 31310 "-" "Mozilla/5.0 (compatible; Yahoo! Slurp; http://help.yahoo.com/help/us/ysearch/slurp)"
174.129.237.157 - - [01/Sep/2011:06:00:12 +0200] "GET /motul-schmierstoffe/motul-motorrad/motul-3000-4t.html HTTP/1.0" 200 32056 "-" "ia_archiver (+http://www.alexa.com/site/help/webmasters; crawler@alexa.com)"
66.249.66.154 - - [01/Sep/2011:06:12:15 +0200] "GET /motul-8100-eco-clean-c1.html HTTP/1.1" 200 30049 "-" "Mozilla/5.0 (compatible; Googlebot/2.1; +http://www.google.com/bot.html)"
66.249.72.101 - - [01/Sep/2011:06:13:43 +0200] "GET /inboard-tech-4t-87.html HTTP/1.1" 200 30160 "-" "Mozilla/5.0 (compatible; Googlebot/2.1; +http://www.google.com/bot.html)"
174.129.237.157 - - [01/Sep/2011:06:17:55 +0200] "GET /e-z-clean.html HTTP/1.0" 200 29848 "-" "ia_archiver (+http://www.alexa.com/site/help/webmasters; crawler@alexa.com)"
174.129.237.157 - - [01/Sep/2011:06:27:56 +0200] "GET /motul-7100-4t-56.html HTTP/1.0" 200 30383 "-" "ia_archiver (+http://www.alexa.com/site/help/webmasters; crawler@alexa.com)"
174.129.237.157 - - [01/Sep/2011:06:39:29 +0200] "GET /motul-pflegeprodukte/auto.html HTTP/1.0" 200 48158 "-" "ia_archiver (+http://www.alexa.com/site/help/webmasters; crawler@alexa.com)"
67.195.115.84 - - [01/Sep/2011:06:39:40 +0200] "GET /motul-pflegeprodukte/air-filter-clean.html HTTP/1.0" 200 30651 "-" "Mozilla/5.0 (compatible; Yahoo! Slurp; http://help.yahoo.com/help/us/ysearch/slurp)"
174.129.237.157 - - [01/Sep/2011:06:40:27 +0200] "GET /motul-pflegeprodukte/motorrad.html HTTP/1.0" 200 48329 "-" "ia_archiver (+http://www.alexa.com/site/help/webmasters; crawler@alexa.com)"
67.195.115.84 - - [01/Sep/2011:06:49:50 +0200] "GET /lieferung/ HTTP/1.0" 200 23905 "-" "Mozilla/5.0 (compatible; Yahoo! Slurp; http://help.yahoo.com/help/us/ysearch/slurp)"
67.195.115.84 - - [01/Sep/2011:06:58:53 +0200] "GET / HTTP/1.0" 200 33257 "-" "Mozilla/5.0 (compatible; Yahoo! Slurp; http://help.yahoo.com/help/us/ysearch/slurp)"
95.96.49.180 - - [01/Sep/2011:07:02:08 +0200] "GET / HTTP/1.1" 200 33257 "http://domainratio.com/markenoele.de" "Mozilla/5.0 (Macintosh; U; Intel Mac OS X 10_5_7;) AppleWebKit/528.16 (KHTML, like Gecko) Version/4.0 Safari/528.21"
67.195.115.84 - - [01/Sep/2011:07:10:10 +0200] "GET /motul_pflegeberater/ HTTP/1.0" 200 21816 "-" "Mozilla/5.0 (compatible; Yahoo! Slurp; http://help.yahoo.com/help/us/ysearch/slurp)"
174.129.237.157 - - [01/Sep/2011:07:11:19 +0200] "GET /motul-schmierstoffe/motul-6100-synergie-5l.html HTTP/1.0" 200 31359 "-" "ia_archiver (+http://www.alexa.com/site/help/webmasters; crawler@alexa.com)"
66.249.66.154 - - [01/Sep/2011:07:24:57 +0200] "GET /motul-4100-power-5l-15w-50.html HTTP/1.1" 200 30586 "-" "Mozilla/5.0 (compatible; Googlebot/2.1; +http://www.google.com/bot.html)"
66.249.72.101 - - [01/Sep/2011:07:34:29 +0200] "GET /softshell-weste-herren.html HTTP/1.1" 200 36116 "-" "Mozilla/5.0 (compatible; Googlebot/2.1; +http://www.google.com/bot.html)"
174.129.237.157 - - [01/Sep/2011:07:35:25 +0200] "GET /motul-pflegeprodukte/wash-wax.html HTTP/1.0" 200 30866 "-" "ia_archiver (+http://www.alexa.com/site/help/webmasters; crawler@alexa.com)"
66.249.72.101 - - [01/Sep/2011:07:43:33 +0200] "GET /lanyard.html HTTP/1.1" 200 29088 "-" "Mozilla/5.0 (compatible; Googlebot/2.1; +http://www.google.com/bot.html)"
66.249.66.154 - - [01/Sep/2011:07:45:08 +0200] "GET /e-z-lube-multi-protect.html HTTP/1.1" 200 30264 "-" "Mozilla/5.0 (compatible; Googlebot/2.1; +http://www.google.com/bot.html)"
66.249.66.154 - - [01/Sep/2011:07:53:38 +0200] "GET /motul-7100-4t-55.html HTTP/1.1" 200 29959 "-" "Mozilla/5.0 (compatible; Googlebot/2.1; +http://www.google.com/bot.html)"
77.20.40.89 - - [01/Sep/2011:07:54:22 +0200] "GET /motul-zusatzstoffe.html HTTP/1.1" 200 43981 "-" "findlinks/2.0.2 (+http://wortschatz.uni-leipzig.de/findlinks/)"
77.20.40.89 - - [01/Sep/2011:07:54:24 +0200] "GET /motul-zusatzstoffe.html HTTP/1.1" 200 43981 "-" "findlinks/2.0.2 (+http://wortschatz.uni-leipzig.de/findlinks/)"
212.91.246.65 - - [01/Sep/2011:08:06:17 +0200] "GET /skin/frontend/default/default/images/logo_email.gif HTTP/1.1" 304 - "-" "Mozilla/4.0 (compatible; MSIE 7.0; Windows NT 6.1; WOW64; Trident/5.0; SLCC2; .NET CLR 2.0.50727; .NET CLR 3.5.30729; .NET CLR 3.0.30729; Media Center PC 6.0; InfoPath.2; .NET4.0C)"
207.46.13.146 - - [01/Sep/2011:08:23:11 +0200] "GET /robots.txt HTTP/1.1" 200 918 "-" "Mozilla/5.0 (compatible; bingbot/2.0; +http://www.bing.com/bingbot.htm)"
207.46.13.146 - - [01/Sep/2011:08:23:48 +0200] "GET /motul-300v-competition.html HTTP/1.1" 200 30679 "-" "Mozilla/5.0 (compatible; bingbot/2.0; +http://www.bing.com/bingbot.htm)"
207.46.204.162 - - [01/Sep/2011:08:23:50 +0200] "GET /motul-300v-competition.html HTTP/1.1" 200 30679 "-" "Mozilla/5.0 (compatible; MSIE 9.0; Windows NT 6.1; Trident/5.0; WOW64; Trident/5.0)"
207.46.204.162 - - [01/Sep/2011:08:23:53 +0200] "GET /js/calendar/calendar-win2k-1.css HTTP/1.1" 200 5986 "http://www.markenoele.de/motul-300v-competition.html" "Mozilla/5.0 (compatible; MSIE 9.0; Windows NT 6.1; Trident/5.0; WOW64; Trident/5.0)"
207.46.204.162 - - [01/Sep/2011:08:23:54 +0200] "GET /skin/frontend/esso/standard/css/widgets.css HTTP/1.1" 200 4369 "http://www.markenoele.de/motul-300v-competition.html" "Mozilla/5.0 (compatible; MSIE 9.0; Windows NT 6.1; Trident/5.0; WOW64; Trident/5.0)"
207.46.204.162 - - [01/Sep/2011:08:23:54 +0200] "GET /skin/frontend/base/default/css/baseprice.css HTTP/1.1" 404 1256 "http://www.markenoele.de/motul-300v-competition.html" "Mozilla/5.0 (compatible; MSIE 9.0; Windows NT 6.1; Trident/5.0; WOW64; Trident/5.0)"
207.46.204.162 - - [01/Sep/2011:08:23:54 +0200] "GET /skin/frontend/esso/standard/css/styles.css HTTP/1.1" 200 79554 "http://www.markenoele.de/motul-300v-competition.html" "Mozilla/5.0 (compatible; MSIE 9.0; Windows NT 6.1; Trident/5.0; WOW64; Trident/5.0)"
207.46.204.162 - - [01/Sep/2011:08:23:55 +0200] "GET /skin/frontend/esso/standard/css/jqzoom.css HTTP/1.1" 200 1051 "http://www.markenoele.de/motul-300v-competition.html" "Mozilla/5.0 (compatible; MSIE 9.0; Windows NT 6.1; Trident/5.0; WOW64; Trident/5.0)"
207.46.204.162 - - [01/Sep/2011:08:23:55 +0200] "GET /skin/frontend/esso/standard/css/print.css HTTP/1.1" 200 1580 "http://www.markenoele.de/motul-300v-competition.html" "Mozilla/5.0 (compatible; MSIE 9.0; Windows NT 6.1; Trident/5.0; WOW64; Trident/5.0)"
207.46.204.162 - - [01/Sep/2011:08:23:55 +0200] "GET /js/prototype/validation.js HTTP/1.1" 200 34677 "http://www.markenoele.de/motul-300v-competition.html" "Mozilla/5.0 (compatible; MSIE 9.0; Windows NT 6.1; Trident/5.0; WOW64; Trident/5.0)"
207.46.204.162 - - [01/Sep/2011:08:23:56 +0200] "GET /js/scriptaculous/effects.js HTTP/1.1" 200 38745 "http://www.markenoele.de/motul-300v-competition.html" "Mozilla/5.0 (compatible; MSIE 9.0; Windows NT 6.1; Trident/5.0; WOW64; Trident/5.0)"
207.46.204.162 - - [01/Sep/2011:08:23:55 +0200] "GET /js/prototype/prototype.js HTTP/1.1" 200 129960 "http://www.markenoele.de/motul-300v-competition.html" "Mozilla/5.0 (compatible; MSIE 9.0; Windows NT 6.1; Trident/5.0; WOW64; Trident/5.0)"
207.46.204.162 - - [01/Sep/2011:08:23:56 +0200] "GET /js/scriptaculous/dragdrop.js HTTP/1.1" 200 31192 "http://www.markenoele.de/motul-300v-competition.html" "Mozilla/5.0 (compatible; MSIE 9.0; Windows NT 6.1; Trident/5.0; WOW64; Trident/5.0)"
207.46.204.162 - - [01/Sep/2011:08:23:57 +0200] "GET /js/scriptaculous/slider.js HTTP/1.1" 200 10331 "http://www.markenoele.de/motul-300v-competition.html" "Mozilla/5.0 (compatible; MSIE 9.0; Windows NT 6.1; Trident/5.0; WOW64; Trident/5.0)"
207.46.204.162 - - [01/Sep/2011:08:23:57 +0200] "GET /js/scriptaculous/controls.js HTTP/1.1" 200 34797 "http://www.markenoele.de/motul-300v-competition.html" "Mozilla/5.0 (compatible; MSIE 9.0; Windows NT 6.1; Trident/5.0; WOW64; Trident/5.0)"
207.46.204.162 - - [01/Sep/2011:08:23:57 +0200] "GET /js/varien/form.js HTTP/1.1" 200 11714 "http://www.markenoele.de/motul-300v-competition.html" "Mozilla/5.0 (compatible; MSIE 9.0; Windows NT 6.1; Trident/5.0; WOW64; Trident/5.0)"
207.46.204.162 - - [01/Sep/2011:08:23:57 +0200] "GET /js/varien/menu.js HTTP/1.1" 200 4426 "http://www.markenoele.de/motul-300v-competition.html" "Mozilla/5.0 (compatible; MSIE 9.0; Windows NT 6.1; Trident/5.0; WOW64; Trident/5.0)"
207.46.204.162 - - [01/Sep/2011:08:23:57 +0200] "GET /js/mage/cookies.js HTTP/1.1" 200 2615 "http://www.markenoele.de/motul-300v-competition.html" "Mozilla/5.0 (compatible; MSIE 9.0; Windows NT 6.1; Trident/5.0; WOW64; Trident/5.0)"
207.46.204.162 - - [01/Sep/2011:08:23:57 +0200] "GET /js/mage/translate.js HTTP/1.1" 200 1597 "http://www.markenoele.de/motul-300v-competition.html" "Mozilla/5.0 (compatible; MSIE 9.0; Windows NT 6.1; Trident/5.0; WOW64; Trident/5.0)"
207.46.204.162 - - [01/Sep/2011:08:23:57 +0200] "GET /js/calendar/calendar.js HTTP/1.1" 200 53130 "http://www.markenoele.de/motul-300v-competition.html" "Mozilla/5.0 (compatible; MSIE 9.0; Windows NT 6.1; Trident/5.0; WOW64; Trident/5.0)"
207.46.204.162 - - [01/Sep/2011:08:23:57 +0200] "GET /js/calendar/calendar-setup.js HTTP/1.1" 200 4986 "http://www.markenoele.de/motul-300v-competition.html" "Mozilla/5.0 (compatible; MSIE 9.0; Windows NT 6.1; Trident/5.0; WOW64; Trident/5.0)"
207.46.204.162 - - [01/Sep/2011:08:23:58 +0200] "GET /skin/frontend/esso/standard/js/jquery.jqzoom.js HTTP/1.1" 200 5131 "http://www.markenoele.de/motul-300v-competition.html" "Mozilla/5.0 (compatible; MSIE 9.0; Windows NT 6.1; Trident/5.0; WOW64; Trident/5.0)"
207.46.204.162 - - [01/Sep/2011:08:23:58 +0200] "GET /skin/frontend/esso/standard/js/effects.core.js HTTP/1.1" 200 19170 "http://www.markenoele.de/motul-300v-competition.html" "Mozilla/5.0 (compatible; MSIE 9.0; Windows NT 6.1; Trident/5.0; WOW64; Trident/5.0)"
207.46.204.162 - - [01/Sep/2011:08:23:58 +0200] "GET /skin/frontend/esso/standard/js/effects.scale.js HTTP/1.1" 200 7057 "http://www.markenoele.de/motul-300v-competition.html" "Mozilla/5.0 (compatible; MSIE 9.0; Windows NT 6.1; Trident/5.0; WOW64; Trident/5.0)"
207.46.204.162 - - [01/Sep/2011:08:23:58 +0200] "GET /js/scriptaculous/builder.js HTTP/1.1" 200 4744 "http://www.markenoele.de/motul-300v-competition.html" "Mozilla/5.0 (compatible; MSIE 9.0; Windows NT 6.1; Trident/5.0; WOW64; Trident/5.0)"
207.46.204.162 - - [01/Sep/2011:08:23:58 +0200] "GET /js/varien/js.js HTTP/1.1" 200 16581 "http://www.markenoele.de/motul-300v-competition.html" "Mozilla/5.0 (compatible; MSIE 9.0; Windows NT 6.1; Trident/5.0; WOW64; Trident/5.0)"
207.46.204.162 - - [01/Sep/2011:08:23:58 +0200] "GET /js/varien/product.js HTTP/1.1" 200 23531 "http://www.markenoele.de/motul-300v-competition.html" "Mozilla/5.0 (compatible; MSIE 9.0; Windows NT 6.1; Trident/5.0; WOW64; Trident/5.0)"
207.46.204.162 - - [01/Sep/2011:08:23:58 +0200] "GET /skin/frontend/esso/standard/js/jquery-1.3.2.min.js HTTP/1.1" 200 57254 "http://www.markenoele.de/motul-300v-competition.html" "Mozilla/5.0 (compatible; MSIE 9.0; Windows NT 6.1; Trident/5.0; WOW64; Trident/5.0)"
207.46.204.162 - - [01/Sep/2011:08:23:59 +0200] "GET /skin/frontend/esso/standard/css/styles-ie.css HTTP/1.1" 200 4778 "http://www.markenoele.de/motul-300v-competition.html" "Mozilla/5.0 (compatible; MSIE 9.0; Windows NT 6.1; Trident/5.0; WOW64; Trident/5.0)"
80.153.167.142 - - [01/Sep/2011:08:25:36 +0200] "GET /functions/index.php HTTP/1.1" 200 1833 "-" "Mozilla/4.0 (compatible; MSIE 8.0; Windows NT 5.1; Trident/4.0; GTB7.1; .NET CLR 1.1.4322)"
80.153.167.142 - - [01/Sep/2011:08:25:45 +0200] "POST /functions/index.php HTTP/1.1" 302 2148 "http://www.markenoele.de/functions/index.php" "Mozilla/4.0 (compatible; MSIE 8.0; Windows NT 5.1; Trident/4.0; GTB7.1; .NET CLR 1.1.4322)"
80.153.167.142 - - [01/Sep/2011:08:25:45 +0200] "GET /functions/abrechnung.php HTTP/1.1" 200 87367 "http://www.markenoele.de/functions/index.php" "Mozilla/4.0 (compatible; MSIE 8.0; Windows NT 5.1; Trident/4.0; GTB7.1; .NET CLR 1.1.4322)"
80.153.167.142 - - [01/Sep/2011:08:25:49 +0200] "GET /functions/bestandsliste.php HTTP/1.1" 200 33311 "http://www.markenoele.de/functions/abrechnung.php" "Mozilla/4.0 (compatible; MSIE 8.0; Windows NT 5.1; Trident/4.0; GTB7.1; .NET CLR 1.1.4322)"
80.153.167.142 - - [01/Sep/2011:08:25:56 +0200] "POST /functions/bestandsliste.php?sortierung=&richtung= HTTP/1.1" 200 33352 "http://www.markenoele.de/functions/bestandsliste.php" "Mozilla/4.0 (compatible; MSIE 8.0; Windows NT 5.1; Trident/4.0; GTB7.1; .NET CLR 1.1.4322)"
212.91.246.65 - - [01/Sep/2011:08:29:48 +0200] "GET /skin/frontend/default/default/images/logo_email.gif HTTP/1.1" 304 - "-" "Mozilla/4.0 (compatible; MSIE 7.0; Windows NT 6.1; WOW64; Trident/4.0; SLCC2; .NET CLR 2.0.50727; .NET CLR 3.5.30729; .NET CLR 3.0.30729; Media Center PC 6.0; .NET4.0C; InfoPath.3; AskTbFXTV5/5.12.2.16749; .NET4.0E)"
80.153.167.142 - - [01/Sep/2011:08:39:35 +0200] "GET /functions/bestandsliste.php HTTP/1.1" 302 32969 "-" "Mozilla/4.0 (compatible; MSIE 8.0; Windows NT 5.1; Trident/4.0; GTB7.1; .NET CLR 1.1.4322)"
80.153.167.142 - - [01/Sep/2011:08:39:36 +0200] "GET /functions/index.php HTTP/1.1" 200 1833 "-" "Mozilla/4.0 (compatible; MSIE 8.0; Windows NT 5.1; Trident/4.0; GTB7.1; .NET CLR 1.1.4322)"
66.249.66.154 - - [01/Sep/2011:08:44:09 +0200] "GET /motul-aufnaher-11-x-3-8-cm.html HTTP/1.1" 200 29213 "-" "Mozilla/5.0 (compatible; Googlebot/2.1; +http://www.google.com/bot.html)"
66.249.66.154 - - [01/Sep/2011:08:54:44 +0200] "GET /motul-specific-506-01-506-00-503-00.html HTTP/1.1" 200 30375 "-" "Mozilla/5.0 (compatible; Googlebot/2.1; +http://www.google.com/bot.html)"
80.153.167.142 - - [01/Sep/2011:08:55:04 +0200] "GET /functions/bestandsliste.php?sortierung=Erwartung&richtung= HTTP/1.1" 200 33342 "http://www.markenoele.de/functions/bestandsliste.php?sortierung=&richtung=" "Mozilla/4.0 (compatible; MSIE 8.0; Windows NT 5.1; Trident/4.0; GTB7.1; .NET CLR 1.1.4322)"
80.153.167.142 - - [01/Sep/2011:08:55:09 +0200] "GET /functions/bestandsliste.php?sortierung=Bestand&richtung=ASC HTTP/1.1" 200 33340 "http://www.markenoele.de/functions/bestandsliste.php?sortierung=Erwartung&richtung=" "Mozilla/4.0 (compatible; MSIE 8.0; Windows NT 5.1; Trident/4.0; GTB7.1; .NET CLR 1.1.4322)"
217.91.10.105 - - [01/Sep/2011:08:55:10 +0200] "GET / HTTP/1.1" 302 - "http://www.google.de/aclk?sa=l&ai=ClzOlSixfTqu8L8P-sgb6pO3KD63BsMMB_em97RTFgf2-RwgAEAEoAlCer6GNAWCV4vaBlAegAcfRhPgDyAEBqQJu2ZDk2hW4PqoEGE_QMXnzNBU0KiEQbXg7dq_ujXXCe5odtw&sig=AOD64_3ii1_UwAfG5wqCMIVnRuxH6kYO7g&ved=0CAgQ0Qw&adurl=http://www.motulshop.de&rct=j&q=motul%2015w50%20classic&cad=rja" "Mozilla/5.0 (Windows; U; Windows NT 5.1; de; rv:1.9.2.13) Gecko/20101203 Firefox/3.6.13 ( .NET CLR 3.5.30729; .NET4.0E)"
217.91.10.105 - - [01/Sep/2011:08:55:11 +0200] "GET / HTTP/1.1" 200 33257 "http://www.google.de/aclk?sa=l&ai=ClzOlSixfTqu8L8P-sgb6pO3KD63BsMMB_em97RTFgf2-RwgAEAEoAlCer6GNAWCV4vaBlAegAcfRhPgDyAEBqQJu2ZDk2hW4PqoEGE_QMXnzNBU0KiEQbXg7dq_ujXXCe5odtw&sig=AOD64_3ii1_UwAfG5wqCMIVnRuxH6kYO7g&ved=0CAgQ0Qw&adurl=http://www.motulshop.de&rct=j&q=motul%2015w50%20classic&cad=rja" "Mozilla/5.0 (Windows; U; Windows NT 5.1; de; rv:1.9.2.13) Gecko/20101203 Firefox/3.6.13 ( .NET CLR 3.5.30729; .NET4.0E)"
217.91.10.105 - - [01/Sep/2011:08:55:14 +0200] "GET /skin/frontend/esso/standard/css/widgets.css HTTP/1.1" 200 4369 "http://www.markenoele.de/" "Mozilla/5.0 (Windows; U; Windows NT 5.1; de; rv:1.9.2.13) Gecko/20101203 Firefox/3.6.13 ( .NET CLR 3.5.30729; .NET4.0E)"
217.91.10.105 - - [01/Sep/2011:08:55:14 +0200] "GET /skin/frontend/esso/standard/css/print.css HTTP/1.1" 200 1580 "http://www.markenoele.de/" "Mozilla/5.0 (Windows; U; Windows NT 5.1; de; rv:1.9.2.13) Gecko/20101203 Firefox/3.6.13 ( .NET CLR 3.5.30729; .NET4.0E)"
217.91.10.105 - - [01/Sep/2011:08:55:14 +0200] "GET /skin/frontend/esso/standard/favicon.ico HTTP/1.1" 200 3638 "-" "Mozilla/5.0 (Windows; U; Windows NT 5.1; de; rv:1.9.2.13) Gecko/20101203 Firefox/3.6.13 ( .NET CLR 3.5.30729; .NET4.0E)"
217.91.10.105 - - [01/Sep/2011:08:55:14 +0200] "GET /js/scriptaculous/builder.js HTTP/1.1" 200 4744 "http://www.markenoele.de/" "Mozilla/5.0 (Windows; U; Windows NT 5.1; de; rv:1.9.2.13) Gecko/20101203 Firefox/3.6.13 ( .NET CLR 3.5.30729; .NET4.0E)"
217.91.10.105 - - [01/Sep/2011:08:55:14 +0200] "GET /skin/frontend/esso/standard/css/styles.css HTTP/1.1" 200 79554 "http://www.markenoele.de/" "Mozilla/5.0 (Windows; U; Windows NT 5.1; de; rv:1.9.2.13) Gecko/20101203 Firefox/3.6.13 ( .NET CLR 3.5.30729; .NET4.0E)"
217.91.10.105 - - [01/Sep/2011:08:55:14 +0200] "GET /js/scriptaculous/dragdrop.js HTTP/1.1" 200 31192 "http://www.markenoele.de/" "Mozilla/5.0 (Windows; U; Windows NT 5.1; de; rv:1.9.2.13) Gecko/20101203 Firefox/3.6.13 ( .NET CLR 3.5.30729; .NET4.0E)"
217.91.10.105 - - [01/Sep/2011:08:55:14 +0200] "GET /js/scriptaculous/controls.js HTTP/1.1" 200 34797 "http://www.markenoele.de/" "Mozilla/5.0 (Windows; U; Windows NT 5.1; de; rv:1.9.2.13) Gecko/20101203 Firefox/3.6.13 ( .NET CLR 3.5.30729; .NET4.0E)"
217.91.10.105 - - [01/Sep/2011:08:55:14 +0200] "GET /js/prototype/prototype.js HTTP/1.1" 200 129960 "http://www.markenoele.de/" "Mozilla/5.0 (Windows; U; Windows NT 5.1; de; rv:1.9.2.13) Gecko/20101203 Firefox/3.6.13 ( .NET CLR 3.5.30729; .NET4.0E)"
217.91.10.105 - - [01/Sep/2011:08:55:14 +0200] "GET /js/prototype/validation.js HTTP/1.1" 200 34677 "http://www.markenoele.de/" "Mozilla/5.0 (Windows; U; Windows NT 5.1; de; rv:1.9.2.13) Gecko/20101203 Firefox/3.6.13 ( .NET CLR 3.5.30729; .NET4.0E)"
217.91.10.105 - - [01/Sep/2011:08:55:14 +0200] "GET /js/scriptaculous/slider.js HTTP/1.1" 200 10331 "http://www.markenoele.de/" "Mozilla/5.0 (Windows; U; Windows NT 5.1; de; rv:1.9.2.13) Gecko/20101203 Firefox/3.6.13 ( .NET CLR 3.5.30729; .NET4.0E)"
217.91.10.105 - - [01/Sep/2011:08:55:14 +0200] "GET /js/scriptaculous/effects.js HTTP/1.1" 200 38745 "http://www.markenoele.de/" "Mozilla/5.0 (Windows; U; Windows NT 5.1; de; rv:1.9.2.13) Gecko/20101203 Firefox/3.6.13 ( .NET CLR 3.5.30729; .NET4.0E)"
217.91.10.105 - - [01/Sep/2011:08:55:14 +0200] "GET /js/varien/js.js HTTP/1.1" 200 16581 "http://www.markenoele.de/" "Mozilla/5.0 (Windows; U; Windows NT 5.1; de; rv:1.9.2.13) Gecko/20101203 Firefox/3.6.13 ( .NET CLR 3.5.30729; .NET4.0E)"
217.91.10.105 - - [01/Sep/2011:08:55:14 +0200] "GET /js/varien/form.js HTTP/1.1" 200 11714 "http://www.markenoele.de/" "Mozilla/5.0 (Windows; U; Windows NT 5.1; de; rv:1.9.2.13) Gecko/20101203 Firefox/3.6.13 ( .NET CLR 3.5.30729; .NET4.0E)"
217.91.10.105 - - [01/Sep/2011:08:55:14 +0200] "GET /js/varien/menu.js HTTP/1.1" 200 4426 "http://www.markenoele.de/" "Mozilla/5.0 (Windows; U; Windows NT 5.1; de; rv:1.9.2.13) Gecko/20101203 Firefox/3.6.13 ( .NET CLR 3.5.30729; .NET4.0E)"
217.91.10.105 - - [01/Sep/2011:08:55:14 +0200] "GET /js/mage/translate.js HTTP/1.1" 200 1597 "http://www.markenoele.de/" "Mozilla/5.0 (Windows; U; Windows NT 5.1; de; rv:1.9.2.13) Gecko/20101203 Firefox/3.6.13 ( .NET CLR 3.5.30729; .NET4.0E)"
217.91.10.105 - - [01/Sep/2011:08:55:14 +0200] "GET /js/mage/cookies.js HTTP/1.1" 200 2615 "http://www.markenoele.de/" "Mozilla/5.0 (Windows; U; Windows NT 5.1; de; rv:1.9.2.13) Gecko/20101203 Firefox/3.6.13 ( .NET CLR 3.5.30729; .NET4.0E)"
217.91.10.105 - - [01/Sep/2011:08:55:15 +0200] "GET /skin/frontend/esso/standard/images/akt-art-sm.png HTTP/1.1" 200 1091 "http://www.markenoele.de/" "Mozilla/5.0 (Windows; U; Windows NT 5.1; de; rv:1.9.2.13) Gecko/20101203 Firefox/3.6.13 ( .NET CLR 3.5.30729; .NET4.0E)"
217.91.10.105 - - [01/Sep/2011:08:55:15 +0200] "GET /skin/frontend/esso/standard/images/logo.png HTTP/1.1" 200 27553 "http://www.markenoele.de/" "Mozilla/5.0 (Windows; U; Windows NT 5.1; de; rv:1.9.2.13) Gecko/20101203 Firefox/3.6.13 ( .NET CLR 3.5.30729; .NET4.0E)"
217.91.10.105 - - [01/Sep/2011:08:55:15 +0200] "GET /skin/frontend/esso/standard/images/icon_lupe_sm.png HTTP/1.1" 200 1235 "http://www.markenoele.de/" "Mozilla/5.0 (Windows; U; Windows NT 5.1; de; rv:1.9.2.13) Gecko/20101203 Firefox/3.6.13 ( .NET CLR 3.5.30729; .NET4.0E)"
217.91.10.105 - - [01/Sep/2011:08:55:15 +0200] "GET /skin/frontend/esso/standard/images/tropf-sm.png HTTP/1.1" 200 1179 "http://www.markenoele.de/" "Mozilla/5.0 (Windows; U; Windows NT 5.1; de; rv:1.9.2.13) Gecko/20101203 Firefox/3.6.13 ( .NET CLR 3.5.30729; .NET4.0E)"
217.91.10.105 - - [01/Sep/2011:08:55:15 +0200] "GET /media/catalog/product/cache/2/small_image/85x/9df78eab33525d08d6e5fb8d27136e95/p/i/pin-up_girl_no.3.jpg HTTP/1.1" 200 3421 "http://www.markenoele.de/" "Mozilla/5.0 (Windows; U; Windows NT 5.1; de; rv:1.9.2.13) Gecko/20101203 Firefox/3.6.13 ( .NET CLR 3.5.30729; .NET4.0E)"
217.91.10.105 - - [01/Sep/2011:08:55:15 +0200] "GET /media/catalog/product/cache/2/small_image/85x/9df78eab33525d08d6e5fb8d27136e95/m/u/multi_atf_1l.jpg HTTP/1.1" 200 2679 "http://www.markenoele.de/" "Mozilla/5.0 (Windows; U; Windows NT 5.1; de; rv:1.9.2.13) Gecko/20101203 Firefox/3.6.13 ( .NET CLR 3.5.30729; .NET4.0E)"
217.91.10.105 - - [01/Sep/2011:08:55:15 +0200] "GET /media/catalog/product/cache/2/small_image/85x/9df78eab33525d08d6e5fb8d27136e95/1/0/100-2t_1l_1.jpg HTTP/1.1" 200 3027 "http://www.markenoele.de/" "Mozilla/5.0 (Windows; U; Windows NT 5.1; de; rv:1.9.2.13) Gecko/20101203 Firefox/3.6.13 ( .NET CLR 3.5.30729; .NET4.0E)"
217.91.10.105 - - [01/Sep/2011:08:55:15 +0200] "GET /media/catalog/product/cache/2/small_image/85x/9df78eab33525d08d6e5fb8d27136e95/5/w/5w30xcleanl.jpg HTTP/1.1" 200 3346 "http://www.markenoele.de/" "Mozilla/5.0 (Windows; U; Windows NT 5.1; de; rv:1.9.2.13) Gecko/20101203 Firefox/3.6.13 ( .NET CLR 3.5.30729; .NET4.0E)"
217.91.10.105 - - [01/Sep/2011:08:55:15 +0200] "GET /media/catalog/product/cache/2/small_image/85x/9df78eab33525d08d6e5fb8d27136e95/5/1/5100_15w50_4l_1.jpg HTTP/1.1" 200 3237 "http://www.markenoele.de/" "Mozilla/5.0 (Windows; U; Windows NT 5.1; de; rv:1.9.2.13) Gecko/20101203 Firefox/3.6.13 ( .NET CLR 3.5.30729; .NET4.0E)"
217.91.10.105 - - [01/Sep/2011:08:55:15 +0200] "GET /skin/frontend/esso/standard/images/motul_pflege_teaser.png HTTP/1.1" 200 15151 "http://www.markenoele.de/" "Mozilla/5.0 (Windows; U; Windows NT 5.1; de; rv:1.9.2.13) Gecko/20101203 Firefox/3.6.13 ( .NET CLR 3.5.30729; .NET4.0E)"
217.91.10.105 - - [01/Sep/2011:08:55:15 +0200] "GET /skin/frontend/esso/standard/images/siegel.gif HTTP/1.1" 200 3150 "http://www.markenoele.de/" "Mozilla/5.0 (Windows; U; Windows NT 5.1; de; rv:1.9.2.13) Gecko/20101203 Firefox/3.6.13 ( .NET CLR 3.5.30729; .NET4.0E)"
217.91.10.105 - - [01/Sep/2011:08:55:15 +0200] "GET /media/catalog/product/cache/2/small_image/85x/9df78eab33525d08d6e5fb8d27136e95/3/0/300v_competition_15w50.jpg HTTP/1.1" 200 3909 "http://www.markenoele.de/" "Mozilla/5.0 (Windows; U; Windows NT 5.1; de; rv:1.9.2.13) Gecko/20101203 Firefox/3.6.13 ( .NET CLR 3.5.30729; .NET4.0E)"
217.91.10.105 - - [01/Sep/2011:08:55:15 +0200] "GET /skin/frontend/esso/standard/images/search_arrow_right.png HTTP/1.1" 200 662 "http://www.markenoele.de/" "Mozilla/5.0 (Windows; U; Windows NT 5.1; de; rv:1.9.2.13) Gecko/20101203 Firefox/3.6.13 ( .NET CLR 3.5.30729; .NET4.0E)"
217.91.10.105 - - [01/Sep/2011:08:55:15 +0200] "GET /skin/frontend/esso/standard/images/bg_yellow.jpg HTTP/1.1" 200 22020 "http://www.markenoele.de/" "Mozilla/5.0 (Windows; U; Windows NT 5.1; de; rv:1.9.2.13) Gecko/20101203 Firefox/3.6.13 ( .NET CLR 3.5.30729; .NET4.0E)"
217.91.10.105 - - [01/Sep/2011:08:55:15 +0200] "GET /skin/frontend/esso/standard/images/bkg_btn.png HTTP/1.1" 200 890 "http://www.markenoele.de/skin/frontend/esso/standard/css/styles.css" "Mozilla/5.0 (Windows; U; Windows NT 5.1; de; rv:1.9.2.13) Gecko/20101203 Firefox/3.6.13 ( .NET CLR 3.5.30729; .NET4.0E)"
217.91.10.105 - - [01/Sep/2011:08:55:15 +0200] "GET /skin/frontend/esso/standard/images/bkg_pipe1.gif HTTP/1.1" 200 44 "http://www.markenoele.de/skin/frontend/esso/standard/css/styles.css" "Mozilla/5.0 (Windows; U; Windows NT 5.1; de; rv:1.9.2.13) Gecko/20101203 Firefox/3.6.13 ( .NET CLR 3.5.30729; .NET4.0E)"
80.153.167.142 - - [01/Sep/2011:08:55:17 +0200] "GET /functions/bestandsliste.php?sortierung=Erwartung&richtung=ASC HTTP/1.1" 200 33342 "http://www.markenoele.de/functions/bestandsliste.php?sortierung=Bestand&richtung=ASC" "Mozilla/4.0 (compatible; MSIE 8.0; Windows NT 5.1; Trident/4.0; GTB7.1; .NET CLR 1.1.4322)"
80.153.167.142 - - [01/Sep/2011:08:55:19 +0200] "GET /functions/bestandsliste.php?sortierung=Erwartung&richtung=DESC HTTP/1.1" 200 33347 "http://www.markenoele.de/functions/bestandsliste.php?sortierung=Erwartung&richtung=ASC" "Mozilla/4.0 (compatible; MSIE 8.0; Windows NT 5.1; Trident/4.0; GTB7.1; .NET CLR 1.1.4322)"
217.91.10.105 - - [01/Sep/2011:08:55:22 +0200] "GET /motul-schmierstoffe.html HTTP/1.1" 200 49011 "http://www.markenoele.de/" "Mozilla/5.0 (Windows; U; Windows NT 5.1; de; rv:1.9.2.13) Gecko/20101203 Firefox/3.6.13 ( .NET CLR 3.5.30729; .NET4.0E)"
217.91.10.105 - - [01/Sep/2011:08:55:25 +0200] "GET /skin/frontend/esso/standard/images/i_pager-next.gif HTTP/1.1" 200 158 "http://www.markenoele.de/motul-schmierstoffe.html" "Mozilla/5.0 (Windows; U; Windows NT 5.1; de; rv:1.9.2.13) Gecko/20101203 Firefox/3.6.13 ( .NET CLR 3.5.30729; .NET4.0E)"
217.91.10.105 - - [01/Sep/2011:08:55:25 +0200] "GET /skin/frontend/esso/standard/images/i_asc_arrow.gif HTTP/1.1" 200 115 "http://www.markenoele.de/motul-schmierstoffe.html" "Mozilla/5.0 (Windows; U; Windows NT 5.1; de; rv:1.9.2.13) Gecko/20101203 Firefox/3.6.13 ( .NET CLR 3.5.30729; .NET4.0E)"
217.91.10.105 - - [01/Sep/2011:08:55:25 +0200] "GET /media/catalog/product/cache/2/small_image/170x/9df78eab33525d08d6e5fb8d27136e95/4/1/4100_power-15w50_5l.jpg HTTP/1.1" 200 8384 "http://www.markenoele.de/motul-schmierstoffe.html" "Mozilla/5.0 (Windows; U; Windows NT 5.1; de; rv:1.9.2.13) Gecko/20101203 Firefox/3.6.13 ( .NET CLR 3.5.30729; .NET4.0E)"
217.91.10.105 - - [01/Sep/2011:08:55:25 +0200] "GET /media/catalog/product/cache/2/small_image/170x/9df78eab33525d08d6e5fb8d27136e95/6/1/6100_synergieplus_10w40_1l.jpg HTTP/1.1" 200 7991 "http://www.markenoele.de/motul-schmierstoffe.html" "Mozilla/5.0 (Windows; U; Windows NT 5.1; de; rv:1.9.2.13) Gecko/20101203 Firefox/3.6.13 ( .NET CLR 3.5.30729; .NET4.0E)"
217.91.10.105 - - [01/Sep/2011:08:55:25 +0200] "GET /media/catalog/product/cache/2/small_image/170x/9df78eab33525d08d6e5fb8d27136e95/6/1/6100_synergieplus_10w40_5l.jpg HTTP/1.1" 200 8701 "http://www.markenoele.de/motul-schmierstoffe.html" "Mozilla/5.0 (Windows; U; Windows NT 5.1; de; rv:1.9.2.13) Gecko/20101203 Firefox/3.6.13 ( .NET CLR 3.5.30729; .NET4.0E)"
217.91.10.105 - - [01/Sep/2011:08:55:25 +0200] "GET /media/catalog/product/cache/2/small_image/170x/9df78eab33525d08d6e5fb8d27136e95/4/1/4100_power_15w50_1l.jpg HTTP/1.1" 200 7710 "http://www.markenoele.de/motul-schmierstoffe.html" "Mozilla/5.0 (Windows; U; Windows NT 5.1; de; rv:1.9.2.13) Gecko/20101203 Firefox/3.6.13 ( .NET CLR 3.5.30729; .NET4.0E)"
217.91.10.105 - - [01/Sep/2011:08:55:25 +0200] "GET /media/catalog/product/cache/2/small_image/170x/9df78eab33525d08d6e5fb8d27136e95/8/1/8100_xclean_5w40_1l.jpg HTTP/1.1" 200 7941 "http://www.markenoele.de/motul-schmierstoffe.html" "Mozilla/5.0 (Windows; U; Windows NT 5.1; de; rv:1.9.2.13) Gecko/20101203 Firefox/3.6.13 ( .NET CLR 3.5.30729; .NET4.0E)"
217.91.10.105 - - [01/Sep/2011:08:55:25 +0200] "GET /media/catalog/product/cache/2/small_image/170x/9df78eab33525d08d6e5fb8d27136e95/8/1/8100_x-cess_5w40_1l.jpg HTTP/1.1" 200 7747 "http://www.markenoele.de/motul-schmierstoffe.html" "Mozilla/5.0 (Windows; U; Windows NT 5.1; de; rv:1.9.2.13) Gecko/20101203 Firefox/3.6.13 ( .NET CLR 3.5.30729; .NET4.0E)"
217.91.10.105 - - [01/Sep/2011:08:55:25 +0200] "GET /media/catalog/product/cache/2/small_image/170x/9df78eab33525d08d6e5fb8d27136e95/8/1/8100_x-cess_5w40_5l.jpg HTTP/1.1" 200 8326 "http://www.markenoele.de/motul-schmierstoffe.html" "Mozilla/5.0 (Windows; U; Windows NT 5.1; de; rv:1.9.2.13) Gecko/20101203 Firefox/3.6.13 ( .NET CLR 3.5.30729; .NET4.0E)"
217.91.10.105 - - [01/Sep/2011:08:55:25 +0200] "GET /media/catalog/product/cache/2/small_image/170x/9df78eab33525d08d6e5fb8d27136e95/8/1/8100_xclean_5w40_5l.jpg HTTP/1.1" 200 8644 "http://www.markenoele.de/motul-schmierstoffe.html" "Mozilla/5.0 (Windows; U; Windows NT 5.1; de; rv:1.9.2.13) Gecko/20101203 Firefox/3.6.13 ( .NET CLR 3.5.30729; .NET4.0E)"
217.91.10.105 - - [01/Sep/2011:08:55:25 +0200] "GET /media/catalog/product/cache/2/small_image/170x/9df78eab33525d08d6e5fb8d27136e95/s/p/specific_cng_lpg_1l.jpg HTTP/1.1" 200 8019 "http://www.markenoele.de/motul-schmierstoffe.html" "Mozilla/5.0 (Windows; U; Windows NT 5.1; de; rv:1.9.2.13) Gecko/20101203 Firefox/3.6.13 ( .NET CLR 3.5.30729; .NET4.0E)"
217.91.10.105 - - [01/Sep/2011:08:55:25 +0200] "GET /skin/frontend/esso/standard/images/bkg_toolbar.gif HTTP/1.1" 200 154 "http://www.markenoele.de/skin/frontend/esso/standard/css/styles.css" "Mozilla/5.0 (Windows; U; Windows NT 5.1; de; rv:1.9.2.13) Gecko/20101203 Firefox/3.6.13 ( .NET CLR 3.5.30729; .NET4.0E)"
217.91.10.105 - - [01/Sep/2011:08:55:33 +0200] "GET /motul-schmierstoffe.html?dir=asc&order=name HTTP/1.1" 200 50831 "http://www.markenoele.de/motul-schmierstoffe.html" "Mozilla/5.0 (Windows; U; Windows NT 5.1; de; rv:1.9.2.13) Gecko/20101203 Firefox/3.6.13 ( .NET CLR 3.5.30729; .NET4.0E)"
217.91.10.105 - - [01/Sep/2011:08:55:36 +0200] "GET /media/catalog/product/cache/2/small_image/170x/9df78eab33525d08d6e5fb8d27136e95/3/0/300v_fl_10w40_1l_front.jpg HTTP/1.1" 200 7391 "http://www.markenoele.de/motul-schmierstoffe.html?dir=asc&order=name" "Mozilla/5.0 (Windows; U; Windows NT 5.1; de; rv:1.9.2.13) Gecko/20101203 Firefox/3.6.13 ( .NET CLR 3.5.30729; .NET4.0E)"
217.91.10.105 - - [01/Sep/2011:08:55:36 +0200] "GET /media/catalog/product/cache/2/small_image/170x/9df78eab33525d08d6e5fb8d27136e95/1/0/100-2t_1l_1.jpg HTTP/1.1" 200 7128 "http://www.markenoele.de/motul-schmierstoffe.html?dir=asc&order=name" "Mozilla/5.0 (Windows; U; Windows NT 5.1; de; rv:1.9.2.13) Gecko/20101203 Firefox/3.6.13 ( .NET CLR 3.5.30729; .NET4.0E)"
217.91.10.105 - - [01/Sep/2011:08:55:36 +0200] "GET /media/catalog/product/cache/2/small_image/170x/9df78eab33525d08d6e5fb8d27136e95/3/0/300v_fl_5w30_1l_front.jpg HTTP/1.1" 200 7304 "http://www.markenoele.de/motul-schmierstoffe.html?dir=asc&order=name" "Mozilla/5.0 (Windows; U; Windows NT 5.1; de; rv:1.9.2.13) Gecko/20101203 Firefox/3.6.13 ( .NET CLR 3.5.30729; .NET4.0E)"
217.91.10.105 - - [01/Sep/2011:08:55:36 +0200] "GET /media/catalog/product/cache/2/small_image/170x/9df78eab33525d08d6e5fb8d27136e95/3/0/300v_fl_15w50_1l_front.jpg HTTP/1.1" 200 7345 "http://www.markenoele.de/motul-schmierstoffe.html?dir=asc&order=name" "Mozilla/5.0 (Windows; U; Windows NT 5.1; de; rv:1.9.2.13) Gecko/20101203 Firefox/3.6.13 ( .NET CLR 3.5.30729; .NET4.0E)"
217.91.10.105 - - [01/Sep/2011:08:55:36 +0200] "GET /media/catalog/product/cache/2/small_image/170x/9df78eab33525d08d6e5fb8d27136e95/3/0/3000_20w50_1l.jpg HTTP/1.1" 200 7432 "http://www.markenoele.de/motul-schmierstoffe.html?dir=asc&order=name" "Mozilla/5.0 (Windows; U; Windows NT 5.1; de; rv:1.9.2.13) Gecko/20101203 Firefox/3.6.13 ( .NET CLR 3.5.30729; .NET4.0E)"
217.91.10.105 - - [01/Sep/2011:08:55:36 +0200] "GET /media/catalog/product/cache/2/small_image/170x/9df78eab33525d08d6e5fb8d27136e95/3/0/300v_fl_5w40_1l_front.jpg HTTP/1.1" 200 7594 "http://www.markenoele.de/motul-schmierstoffe.html?dir=asc&order=name" "Mozilla/5.0 (Windows; U; Windows NT 5.1; de; rv:1.9.2.13) Gecko/20101203 Firefox/3.6.13 ( .NET CLR 3.5.30729; .NET4.0E)"
217.91.10.105 - - [01/Sep/2011:08:55:36 +0200] "GET /media/catalog/product/cache/2/small_image/170x/9df78eab33525d08d6e5fb8d27136e95/3/0/300v_chrono_10w40.jpg HTTP/1.1" 200 10802 "http://www.markenoele.de/motul-schmierstoffe.html?dir=asc&order=name" "Mozilla/5.0 (Windows; U; Windows NT 5.1; de; rv:1.9.2.13) Gecko/20101203 Firefox/3.6.13 ( .NET CLR 3.5.30729; .NET4.0E)"
217.91.10.105 - - [01/Sep/2011:08:55:36 +0200] "GET /media/catalog/product/cache/2/small_image/170x/9df78eab33525d08d6e5fb8d27136e95/3/0/3000_20w50_4l.jpg HTTP/1.1" 200 8696 "http://www.markenoele.de/motul-schmierstoffe.html?dir=asc&order=name" "Mozilla/5.0 (Windows; U; Windows NT 5.1; de; rv:1.9.2.13) Gecko/20101203 Firefox/3.6.13 ( .NET CLR 3.5.30729; .NET4.0E)"
217.91.10.105 - - [01/Sep/2011:08:55:36 +0200] "GET /media/catalog/product/cache/2/small_image/170x/9df78eab33525d08d6e5fb8d27136e95/3/0/300v_competition_15w50.jpg HTTP/1.1" 200 10714 "http://www.markenoele.de/motul-schmierstoffe.html?dir=asc&order=name" "Mozilla/5.0 (Windows; U; Windows NT 5.1; de; rv:1.9.2.13) Gecko/20101203 Firefox/3.6.13 ( .NET CLR 3.5.30729; .NET4.0E)"
217.91.10.105 - - [01/Sep/2011:08:56:05 +0200] "GET /catalogsearch/ajax/suggest/?q=15w50 HTTP/1.1" 200 119 "http://www.markenoele.de/motul-schmierstoffe.html?dir=asc&order=name" "Mozilla/5.0 (Windows; U; Windows NT 5.1; de; rv:1.9.2.13) Gecko/20101203 Firefox/3.6.13 ( .NET CLR 3.5.30729; .NET4.0E)"
217.91.10.105 - - [01/Sep/2011:08:56:04 +0200] "GET /catalogsearch/ajax/suggest/?q=15 HTTP/1.1" 200 644 "http://www.markenoele.de/motul-schmierstoffe.html?dir=asc&order=name" "Mozilla/5.0 (Windows; U; Windows NT 5.1; de; rv:1.9.2.13) Gecko/20101203 Firefox/3.6.13 ( .NET CLR 3.5.30729; .NET4.0E)"
217.91.10.105 - - [01/Sep/2011:08:56:05 +0200] "GET /catalogsearch/result/?q=15w50 HTTP/1.1" 200 31219 "http://www.markenoele.de/motul-schmierstoffe.html?dir=asc&order=name" "Mozilla/5.0 (Windows; U; Windows NT 5.1; de; rv:1.9.2.13) Gecko/20101203 Firefox/3.6.13 ( .NET CLR 3.5.30729; .NET4.0E)"
217.91.10.105 - - [01/Sep/2011:08:56:09 +0200] "GET /skin/frontend/esso/standard/images/i_desc_arrow.gif HTTP/1.1" 200 114 "http://www.markenoele.de/catalogsearch/result/?q=15w50" "Mozilla/5.0 (Windows; U; Windows NT 5.1; de; rv:1.9.2.13) Gecko/20101203 Firefox/3.6.13 ( .NET CLR 3.5.30729; .NET4.0E)"
217.91.10.105 - - [01/Sep/2011:08:56:19 +0200] "GET /catalogsearch/ajax/suggest/?q=15w50 HTTP/1.1" 200 119 "http://www.markenoele.de/catalogsearch/result/?q=15w50" "Mozilla/5.0 (Windows; U; Windows NT 5.1; de; rv:1.9.2.13) Gecko/20101203 Firefox/3.6.13 ( .NET CLR 3.5.30729; .NET4.0E)"
217.91.10.105 - - [01/Sep/2011:08:56:20 +0200] "GET /catalogsearch/ajax/suggest/?q=15w-50 HTTP/1.1" 200 121 "http://www.markenoele.de/catalogsearch/result/?q=15w50" "Mozilla/5.0 (Windows; U; Windows NT 5.1; de; rv:1.9.2.13) Gecko/20101203 Firefox/3.6.13 ( .NET CLR 3.5.30729; .NET4.0E)"
217.91.10.105 - - [01/Sep/2011:08:56:20 +0200] "GET /catalogsearch/result/?q=15w-50 HTTP/1.1" 200 45886 "http://www.markenoele.de/catalogsearch/result/?q=15w50" "Mozilla/5.0 (Windows; U; Windows NT 5.1; de; rv:1.9.2.13) Gecko/20101203 Firefox/3.6.13 ( .NET CLR 3.5.30729; .NET4.0E)"
217.91.10.105 - - [01/Sep/2011:08:56:24 +0200] "GET /media/catalog/product/cache/2/small_image/170x/9df78eab33525d08d6e5fb8d27136e95/i/n/inboard-tech-4t-15w50-2l.jpg HTTP/1.1" 200 7465 "http://www.markenoele.de/catalogsearch/result/?q=15w-50" "Mozilla/5.0 (Windows; U; Windows NT 5.1; de; rv:1.9.2.13) Gecko/20101203 Firefox/3.6.13 ( .NET CLR 3.5.30729; .NET4.0E)"
217.91.10.105 - - [01/Sep/2011:08:56:24 +0200] "GET /media/catalog/product/cache/2/small_image/170x/9df78eab33525d08d6e5fb8d27136e95/5/1/5100_15w50_4l_1.jpg HTTP/1.1" 200 8378 "http://www.markenoele.de/catalogsearch/result/?q=15w-50" "Mozilla/5.0 (Windows; U; Windows NT 5.1; de; rv:1.9.2.13) Gecko/20101203 Firefox/3.6.13 ( .NET CLR 3.5.30729; .NET4.0E)"
217.91.10.105 - - [01/Sep/2011:08:56:24 +0200] "GET /media/catalog/product/cache/2/small_image/170x/9df78eab33525d08d6e5fb8d27136e95/i/n/inboard-tech-4t-15w50-5l.jpg HTTP/1.1" 200 8202 "http://www.markenoele.de/catalogsearch/result/?q=15w-50" "Mozilla/5.0 (Windows; U; Windows NT 5.1; de; rv:1.9.2.13) Gecko/20101203 Firefox/3.6.13 ( .NET CLR 3.5.30729; .NET4.0E)"
217.91.10.105 - - [01/Sep/2011:08:56:24 +0200] "GET /media/catalog/product/cache/2/small_image/170x/9df78eab33525d08d6e5fb8d27136e95/3/0/300v_competition_15w50_1.jpg HTTP/1.1" 200 10714 "http://www.markenoele.de/catalogsearch/result/?q=15w-50" "Mozilla/5.0 (Windows; U; Windows NT 5.1; de; rv:1.9.2.13) Gecko/20101203 Firefox/3.6.13 ( .NET CLR 3.5.30729; .NET4.0E)"
217.91.10.105 - - [01/Sep/2011:08:56:24 +0200] "GET /media/catalog/product/cache/2/small_image/170x/9df78eab33525d08d6e5fb8d27136e95/5/1/5100_15w50_1l.jpg HTTP/1.1" 200 7358 "http://www.markenoele.de/catalogsearch/result/?q=15w-50" "Mozilla/5.0 (Windows; U; Windows NT 5.1; de; rv:1.9.2.13) Gecko/20101203 Firefox/3.6.13 ( .NET CLR 3.5.30729; .NET4.0E)"
174.129.237.157 - - [01/Sep/2011:09:09:14 +0200] "GET /motul-schmierstoffe/garten.html HTTP/1.0" 200 45197 "-" "ia_archiver (+http://www.alexa.com/site/help/webmasters; crawler@alexa.com)"
80.153.167.142 - - [01/Sep/2011:09:11:54 +0200] "GET /functions/bestandsliste.php?sortierung=Bestand&richtung=DESC HTTP/1.1" 200 33345 "http://www.markenoele.de/functions/bestandsliste.php?sortierung=Erwartung&richtung=DESC" "Mozilla/4.0 (compatible; MSIE 8.0; Windows NT 5.1; Trident/4.0; GTB7.1; .NET CLR 1.1.4322)"
80.153.167.142 - - [01/Sep/2011:09:11:58 +0200] "GET /functions/bestandsliste.php?sortierung=Bestand&richtung=ASC HTTP/1.1" 200 33340 "http://www.markenoele.de/functions/bestandsliste.php?sortierung=Bestand&richtung=DESC" "Mozilla/4.0 (compatible; MSIE 8.0; Windows NT 5.1; Trident/4.0; GTB7.1; .NET CLR 1.1.4322)"
174.129.237.157 - - [01/Sep/2011:09:17:16 +0200] "GET /motul-pflegeprodukte/air-filter-oil.html HTTP/1.0" 200 30964 "-" "ia_archiver (+http://www.alexa.com/site/help/webmasters; crawler@alexa.com)"
174.129.237.157 - - [01/Sep/2011:09:20:20 +0200] "GET /motul-pflegeprodukte/garten.html HTTP/1.0" 200 30622 "-" "ia_archiver (+http://www.alexa.com/site/help/webmasters; crawler@alexa.com)"
174.129.237.157 - - [01/Sep/2011:09:21:16 +0200] "GET /motul-pflegeprodukte/carbu-clean.html HTTP/1.0" 200 30961 "-" "ia_archiver (+http://www.alexa.com/site/help/webmasters; crawler@alexa.com)"
84.152.244.193 - - [01/Sep/2011:09:22:39 +0200] "GET / HTTP/1.1" 302 - "http://www.google.de/search?q=zweitakt+motorenn%C3%B6l&rls=com.microsoft:de:IE-SearchBox&ie=UTF-8&oe=UTF-8&sourceid=ie7&rlz=1I7IRFA_de&redir_esc=&ei=CTFfTt-dMMSu8QOyj424Aw" "Mozilla/4.0 (compatible; MSIE 7.0; Windows NT 5.1; Trident/4.0; GTB7.1; .NET CLR 1.1.4322; .NET CLR 2.0.50727; .NET CLR 3.0.4506.2152; .NET CLR 3.5.30729; InfoPath.2)"
84.152.244.193 - - [01/Sep/2011:09:22:40 +0200] "GET / HTTP/1.1" 200 33257 "http://www.google.de/search?q=zweitakt+motorenn%C3%B6l&rls=com.microsoft:de:IE-SearchBox&ie=UTF-8&oe=UTF-8&sourceid=ie7&rlz=1I7IRFA_de&redir_esc=&ei=CTFfTt-dMMSu8QOyj424Aw" "Mozilla/4.0 (compatible; MSIE 7.0; Windows NT 5.1; Trident/4.0; GTB7.1; .NET CLR 1.1.4322; .NET CLR 2.0.50727; .NET CLR 3.0.4506.2152; .NET CLR 3.5.30729; InfoPath.2)"
84.152.244.193 - - [01/Sep/2011:09:22:42 +0200] "GET /skin/frontend/esso/standard/css/widgets.css HTTP/1.1" 200 4369 "http://www.markenoele.de/" "Mozilla/4.0 (compatible; MSIE 7.0; Windows NT 5.1; Trident/4.0; GTB7.1; .NET CLR 1.1.4322; .NET CLR 2.0.50727; .NET CLR 3.0.4506.2152; .NET CLR 3.5.30729; InfoPath.2)"
84.152.244.193 - - [01/Sep/2011:09:22:42 +0200] "GET /js/prototype/validation.js HTTP/1.1" 200 34677 "http://www.markenoele.de/" "Mozilla/4.0 (compatible; MSIE 7.0; Windows NT 5.1; Trident/4.0; GTB7.1; .NET CLR 1.1.4322; .NET CLR 2.0.50727; .NET CLR 3.0.4506.2152; .NET CLR 3.5.30729; InfoPath.2)"
84.152.244.193 - - [01/Sep/2011:09:22:42 +0200] "GET /js/scriptaculous/builder.js HTTP/1.1" 200 4744 "http://www.markenoele.de/" "Mozilla/4.0 (compatible; MSIE 7.0; Windows NT 5.1; Trident/4.0; GTB7.1; .NET CLR 1.1.4322; .NET CLR 2.0.50727; .NET CLR 3.0.4506.2152; .NET CLR 3.5.30729; InfoPath.2)"
84.152.244.193 - - [01/Sep/2011:09:22:42 +0200] "GET /skin/frontend/esso/standard/css/print.css HTTP/1.1" 200 1580 "http://www.markenoele.de/" "Mozilla/4.0 (compatible; MSIE 7.0; Windows NT 5.1; Trident/4.0; GTB7.1; .NET CLR 1.1.4322; .NET CLR 2.0.50727; .NET CLR 3.0.4506.2152; .NET CLR 3.5.30729; InfoPath.2)"
84.152.244.193 - - [01/Sep/2011:09:22:42 +0200] "GET /js/scriptaculous/effects.js HTTP/1.1" 200 38745 "http://www.markenoele.de/" "Mozilla/4.0 (compatible; MSIE 7.0; Windows NT 5.1; Trident/4.0; GTB7.1; .NET CLR 1.1.4322; .NET CLR 2.0.50727; .NET CLR 3.0.4506.2152; .NET CLR 3.5.30729; InfoPath.2)"
84.152.244.193 - - [01/Sep/2011:09:22:42 +0200] "GET /js/scriptaculous/dragdrop.js HTTP/1.1" 200 31192 "http://www.markenoele.de/" "Mozilla/4.0 (compatible; MSIE 7.0; Windows NT 5.1; Trident/4.0; GTB7.1; .NET CLR 1.1.4322; .NET CLR 2.0.50727; .NET CLR 3.0.4506.2152; .NET CLR 3.5.30729; InfoPath.2)"
84.152.244.193 - - [01/Sep/2011:09:22:42 +0200] "GET /js/scriptaculous/controls.js HTTP/1.1" 200 34797 "http://www.markenoele.de/" "Mozilla/4.0 (compatible; MSIE 7.0; Windows NT 5.1; Trident/4.0; GTB7.1; .NET CLR 1.1.4322; .NET CLR 2.0.50727; .NET CLR 3.0.4506.2152; .NET CLR 3.5.30729; InfoPath.2)"
84.152.244.193 - - [01/Sep/2011:09:22:42 +0200] "GET /js/scriptaculous/slider.js HTTP/1.1" 200 10331 "http://www.markenoele.de/" "Mozilla/4.0 (compatible; MSIE 7.0; Windows NT 5.1; Trident/4.0; GTB7.1; .NET CLR 1.1.4322; .NET CLR 2.0.50727; .NET CLR 3.0.4506.2152; .NET CLR 3.5.30729; InfoPath.2)"
84.152.244.193 - - [01/Sep/2011:09:22:42 +0200] "GET /js/varien/js.js HTTP/1.1" 200 16581 "http://www.markenoele.de/" "Mozilla/4.0 (compatible; MSIE 7.0; Windows NT 5.1; Trident/4.0; GTB7.1; .NET CLR 1.1.4322; .NET CLR 2.0.50727; .NET CLR 3.0.4506.2152; .NET CLR 3.5.30729; InfoPath.2)"
84.152.244.193 - - [01/Sep/2011:09:22:42 +0200] "GET /js/prototype/prototype.js HTTP/1.1" 200 129960 "http://www.markenoele.de/" "Mozilla/4.0 (compatible; MSIE 7.0; Windows NT 5.1; Trident/4.0; GTB7.1; .NET CLR 1.1.4322; .NET CLR 2.0.50727; .NET CLR 3.0.4506.2152; .NET CLR 3.5.30729; InfoPath.2)"
84.152.244.193 - - [01/Sep/2011:09:22:42 +0200] "GET /js/varien/form.js HTTP/1.1" 200 11714 "http://www.markenoele.de/" "Mozilla/4.0 (compatible; MSIE 7.0; Windows NT 5.1; Trident/4.0; GTB7.1; .NET CLR 1.1.4322; .NET CLR 2.0.50727; .NET CLR 3.0.4506.2152; .NET CLR 3.5.30729; InfoPath.2)"
84.152.244.193 - - [01/Sep/2011:09:22:42 +0200] "GET /skin/frontend/esso/standard/css/styles.css HTTP/1.1" 200 79554 "http://www.markenoele.de/" "Mozilla/4.0 (compatible; MSIE 7.0; Windows NT 5.1; Trident/4.0; GTB7.1; .NET CLR 1.1.4322; .NET CLR 2.0.50727; .NET CLR 3.0.4506.2152; .NET CLR 3.5.30729; InfoPath.2)"
84.152.244.193 - - [01/Sep/2011:09:22:42 +0200] "GET /js/varien/menu.js HTTP/1.1" 200 4426 "http://www.markenoele.de/" "Mozilla/4.0 (compatible; MSIE 7.0; Windows NT 5.1; Trident/4.0; GTB7.1; .NET CLR 1.1.4322; .NET CLR 2.0.50727; .NET CLR 3.0.4506.2152; .NET CLR 3.5.30729; InfoPath.2)"
84.152.244.193 - - [01/Sep/2011:09:22:42 +0200] "GET /js/mage/translate.js HTTP/1.1" 200 1597 "http://www.markenoele.de/" "Mozilla/4.0 (compatible; MSIE 7.0; Windows NT 5.1; Trident/4.0; GTB7.1; .NET CLR 1.1.4322; .NET CLR 2.0.50727; .NET CLR 3.0.4506.2152; .NET CLR 3.5.30729; InfoPath.2)"
