192.168.10.33 - - [01/Mar/2011:14:33:53 +0100] "POST /index.php/admin/catalog_product/validate/id/60/key/45d4f9829f918a25226801bcfe9dc8f9/?isAjax=true HTTP/1.1" 200 15 "http://www.markenoele.de/index.php/admin/catalog_product/edit/id/60/key/d84699a8e97201c7f2ae81fc61eb1d5d/" "Mozilla/5.0 (Windows; U; Windows NT 6.1; de; rv:1.9.2.13) Gecko/20101203 Firefox/3.6.13"
192.168.10.33 - - [01/Mar/2011:14:33:54 +0100] "POST /index.php/admin/catalog_product/save/id/60/key/b6283cee5bb53fcf978fdc4fa77082cc/ HTTP/1.1" 302 - "http://www.markenoele.de/index.php/admin/catalog_product/edit/id/60/key/d84699a8e97201c7f2ae81fc61eb1d5d/" "Mozilla/5.0 (Windows; U; Windows NT 6.1; de; rv:1.9.2.13) Gecko/20101203 Firefox/3.6.13"
192.168.10.33 - - [01/Mar/2011:14:33:57 +0100] "GET /index.php/admin/catalog_product/index/key/521fc416e33e5b8c446d7e86ff7d5a05/ HTTP/1.1" 200 70282 "http://www.markenoele.de/index.php/admin/catalog_product/edit/id/60/key/d84699a8e97201c7f2ae81fc61eb1d5d/" "Mozilla/5.0 (Windows; U; Windows NT 6.1; de; rv:1.9.2.13) Gecko/20101203 Firefox/3.6.13"
192.168.10.33 - - [01/Mar/2011:14:34:02 +0100] "POST /index.php/admin/catalog_product/grid/key/5580d629102841daa41eb95288c1167d/product_filter/c2t1PTgzNjQxMSZwcmljZSU1QmN1cnJlbmN5JTVEPUVVUg==/?ajax=true&isAjax=true HTTP/1.1" 200 15157 "http://www.markenoele.de/index.php/admin/catalog_product/index/key/521fc416e33e5b8c446d7e86ff7d5a05/" "Mozilla/5.0 (Windows; U; Windows NT 6.1; de; rv:1.9.2.13) Gecko/20101203 Firefox/3.6.13"
192.168.10.33 - - [01/Mar/2011:14:34:04 +0100] "GET /index.php/admin/catalog_product/edit/id/51/key/d84699a8e97201c7f2ae81fc61eb1d5d/ HTTP/1.1" 200 146852 "http://www.markenoele.de/index.php/admin/catalog_product/index/key/521fc416e33e5b8c446d7e86ff7d5a05/" "Mozilla/5.0 (Windows; U; Windows NT 6.1; de; rv:1.9.2.13) Gecko/20101203 Firefox/3.6.13"
192.168.10.33 - - [01/Mar/2011:14:34:12 +0100] "POST /index.php/admin/catalog_product/validate/id/51/key/45d4f9829f918a25226801bcfe9dc8f9/?isAjax=true HTTP/1.1" 200 15 "http://www.markenoele.de/index.php/admin/catalog_product/edit/id/51/key/d84699a8e97201c7f2ae81fc61eb1d5d/" "Mozilla/5.0 (Windows; U; Windows NT 6.1; de; rv:1.9.2.13) Gecko/20101203 Firefox/3.6.13"
192.168.10.33 - - [01/Mar/2011:14:34:13 +0100] "POST /index.php/admin/catalog_product/save/id/51/key/b6283cee5bb53fcf978fdc4fa77082cc/ HTTP/1.1" 302 - "http://www.markenoele.de/index.php/admin/catalog_product/edit/id/51/key/d84699a8e97201c7f2ae81fc61eb1d5d/" "Mozilla/5.0 (Windows; U; Windows NT 6.1; de; rv:1.9.2.13) Gecko/20101203 Firefox/3.6.13"
192.168.10.33 - - [01/Mar/2011:14:34:17 +0100] "GET /index.php/admin/catalog_product/index/key/521fc416e33e5b8c446d7e86ff7d5a05/ HTTP/1.1" 200 70279 "http://www.markenoele.de/index.php/admin/catalog_product/edit/id/51/key/d84699a8e97201c7f2ae81fc61eb1d5d/" "Mozilla/5.0 (Windows; U; Windows NT 6.1; de; rv:1.9.2.13) Gecko/20101203 Firefox/3.6.13"
192.168.10.33 - - [01/Mar/2011:14:34:24 +0100] "POST /index.php/admin/catalog_product/grid/key/5580d629102841daa41eb95288c1167d/product_filter/c2t1PTgzMjExMSZwcmljZSU1QmN1cnJlbmN5JTVEPUVVUg==/?ajax=true&isAjax=true HTTP/1.1" 200 15159 "http://www.markenoele.de/index.php/admin/catalog_product/index/key/521fc416e33e5b8c446d7e86ff7d5a05/" "Mozilla/5.0 (Windows; U; Windows NT 6.1; de; rv:1.9.2.13) Gecko/20101203 Firefox/3.6.13"
93.241.122.1 - - [01/Mar/2011:14:34:22 +0100] "GET /motul-pflegeprodukte.html HTTP/1.1" 200 46310 "http://www.markenoele.de/" "Mozilla/5.0 (Windows; U; Windows NT 6.1; de; rv:1.9.2.13) Gecko/20101203 Firefox/3.6.13"
93.241.122.1 - - [01/Mar/2011:14:34:25 +0100] "GET /motul-pflegeprodukte.html HTTP/1.1" 200 46310 "http://www.markenoele.de/" "Mozilla/5.0 (Windows; U; Windows NT 6.1; de; rv:1.9.2.13) Gecko/20101203 Firefox/3.6.13"
192.168.10.33 - - [01/Mar/2011:14:34:27 +0100] "GET /index.php/admin/catalog_product/edit/id/61/key/d84699a8e97201c7f2ae81fc61eb1d5d/ HTTP/1.1" 200 146793 "http://www.markenoele.de/index.php/admin/catalog_product/index/key/521fc416e33e5b8c446d7e86ff7d5a05/" "Mozilla/5.0 (Windows; U; Windows NT 6.1; de; rv:1.9.2.13) Gecko/20101203 Firefox/3.6.13"
93.241.122.1 - - [01/Mar/2011:14:34:31 +0100] "GET /skin/frontend/esso/standard/images/i_pager-next.gif HTTP/1.1" 200 158 "http://www.markenoele.de/motul-pflegeprodukte.html" "Mozilla/5.0 (Windows; U; Windows NT 6.1; de; rv:1.9.2.13) Gecko/20101203 Firefox/3.6.13"
93.241.122.1 - - [01/Mar/2011:14:34:31 +0100] "GET /media/catalog/product/cache/2/small_image/170x/9df78eab33525d08d6e5fb8d27136e95/b/r/brake_clean.jpg HTTP/1.1" 200 4918 "http://www.markenoele.de/motul-pflegeprodukte.html" "Mozilla/5.0 (Windows; U; Windows NT 6.1; de; rv:1.9.2.13) Gecko/20101203 Firefox/3.6.13"
93.241.122.1 - - [01/Mar/2011:14:34:32 +0100] "GET /skin/frontend/esso/standard/images/i_asc_arrow.gif HTTP/1.1" 200 115 "http://www.markenoele.de/motul-pflegeprodukte.html" "Mozilla/5.0 (Windows; U; Windows NT 6.1; de; rv:1.9.2.13) Gecko/20101203 Firefox/3.6.13"
93.241.122.1 - - [01/Mar/2011:14:34:32 +0100] "GET /media/catalog/product/cache/2/small_image/170x/9df78eab33525d08d6e5fb8d27136e95/c/h/chain_clean.jpg HTTP/1.1" 200 4851 "http://www.markenoele.de/motul-pflegeprodukte.html" "Mozilla/5.0 (Windows; U; Windows NT 6.1; de; rv:1.9.2.13) Gecko/20101203 Firefox/3.6.13"
93.241.122.1 - - [01/Mar/2011:14:34:32 +0100] "GET /media/catalog/product/cache/2/small_image/170x/9df78eab33525d08d6e5fb8d27136e95/a/i/air_filter_oil_spray_1.jpg HTTP/1.1" 200 4744 "http://www.markenoele.de/motul-pflegeprodukte.html" "Mozilla/5.0 (Windows; U; Windows NT 6.1; de; rv:1.9.2.13) Gecko/20101203 Firefox/3.6.13"
93.241.122.1 - - [01/Mar/2011:14:34:32 +0100] "GET /media/catalog/product/cache/2/small_image/170x/9df78eab33525d08d6e5fb8d27136e95/a/i/airfilter_clean.jpg HTTP/1.1" 200 7702 "http://www.markenoele.de/motul-pflegeprodukte.html" "Mozilla/5.0 (Windows; U; Windows NT 6.1; de; rv:1.9.2.13) Gecko/20101203 Firefox/3.6.13"
93.241.122.1 - - [01/Mar/2011:14:34:32 +0100] "GET /media/catalog/product/cache/2/small_image/170x/9df78eab33525d08d6e5fb8d27136e95/c/a/carbu_clean.jpg HTTP/1.1" 200 4761 "http://www.markenoele.de/motul-pflegeprodukte.html" "Mozilla/5.0 (Windows; U; Windows NT 6.1; de; rv:1.9.2.13) Gecko/20101203 Firefox/3.6.13"
93.241.122.1 - - [01/Mar/2011:14:34:32 +0100] "GET /media/catalog/product/cache/2/small_image/170x/9df78eab33525d08d6e5fb8d27136e95/e/z/ez_lube.jpg HTTP/1.1" 200 5048 "http://www.markenoele.de/motul-pflegeprodukte.html" "Mozilla/5.0 (Windows; U; Windows NT 6.1; de; rv:1.9.2.13) Gecko/20101203 Firefox/3.6.13"
93.241.122.1 - - [01/Mar/2011:14:34:32 +0100] "GET /media/catalog/product/cache/2/small_image/170x/9df78eab33525d08d6e5fb8d27136e95/f/i/file_3.jpg HTTP/1.1" 200 5016 "http://www.markenoele.de/motul-pflegeprodukte.html" "Mozilla/5.0 (Windows; U; Windows NT 6.1; de; rv:1.9.2.13) Gecko/20101203 Firefox/3.6.13"
93.241.122.1 - - [01/Mar/2011:14:34:33 +0100] "GET /media/catalog/product/cache/2/small_image/170x/9df78eab33525d08d6e5fb8d27136e95/f/i/file_4.jpg HTTP/1.1" 200 5070 "http://www.markenoele.de/motul-pflegeprodukte.html" "Mozilla/5.0 (Windows; U; Windows NT 6.1; de; rv:1.9.2.13) Gecko/20101203 Firefox/3.6.13"
93.241.122.1 - - [01/Mar/2011:14:34:33 +0100] "GET /media/catalog/product/cache/2/small_image/170x/9df78eab33525d08d6e5fb8d27136e95/m/o/moto_wash_1l.jpg HTTP/1.1" 200 5288 "http://www.markenoele.de/motul-pflegeprodukte.html" "Mozilla/5.0 (Windows; U; Windows NT 6.1; de; rv:1.9.2.13) Gecko/20101203 Firefox/3.6.13"
93.241.122.1 - - [01/Mar/2011:14:34:33 +0100] "GET /skin/frontend/esso/standard/images/bkg_toolbar.gif HTTP/1.1" 200 154 "http://www.markenoele.de/skin/frontend/esso/standard/css/styles.css" "Mozilla/5.0 (Windows; U; Windows NT 6.1; de; rv:1.9.2.13) Gecko/20101203 Firefox/3.6.13"
192.168.10.33 - - [01/Mar/2011:14:34:36 +0100] "POST /index.php/admin/catalog_product/validate/id/61/key/45d4f9829f918a25226801bcfe9dc8f9/?isAjax=true HTTP/1.1" 200 15 "http://www.markenoele.de/index.php/admin/catalog_product/edit/id/61/key/d84699a8e97201c7f2ae81fc61eb1d5d/" "Mozilla/5.0 (Windows; U; Windows NT 6.1; de; rv:1.9.2.13) Gecko/20101203 Firefox/3.6.13"
93.241.122.1 - - [01/Mar/2011:14:34:39 +0100] "GET /motul-pflegeprodukte/motorrad.html HTTP/1.1" 200 47336 "http://www.markenoele.de/motul-pflegeprodukte.html" "Mozilla/5.0 (Windows; U; Windows NT 6.1; de; rv:1.9.2.13) Gecko/20101203 Firefox/3.6.13"
93.241.122.1 - - [01/Mar/2011:14:34:43 +0100] "GET /media/catalog/product/cache/2/small_image/170x/9df78eab33525d08d6e5fb8d27136e95/a/i/air_filter_oil_spray.jpg HTTP/1.1" 200 4744 "http://www.markenoele.de/motul-pflegeprodukte/motorrad.html" "Mozilla/5.0 (Windows; U; Windows NT 6.1; de; rv:1.9.2.13) Gecko/20101203 Firefox/3.6.13"
192.168.10.33 - - [01/Mar/2011:14:34:37 +0100] "POST /index.php/admin/catalog_product/save/id/61/key/b6283cee5bb53fcf978fdc4fa77082cc/ HTTP/1.1" 302 - "http://www.markenoele.de/index.php/admin/catalog_product/edit/id/61/key/d84699a8e97201c7f2ae81fc61eb1d5d/" "Mozilla/5.0 (Windows; U; Windows NT 6.1; de; rv:1.9.2.13) Gecko/20101203 Firefox/3.6.13"
192.168.10.33 - - [01/Mar/2011:14:34:43 +0100] "GET /index.php/admin/catalog_product/index/key/521fc416e33e5b8c446d7e86ff7d5a05/ HTTP/1.1" 200 70281 "http://www.markenoele.de/index.php/admin/catalog_product/edit/id/61/key/d84699a8e97201c7f2ae81fc61eb1d5d/" "Mozilla/5.0 (Windows; U; Windows NT 6.1; de; rv:1.9.2.13) Gecko/20101203 Firefox/3.6.13"
93.241.122.1 - - [01/Mar/2011:14:34:45 +0100] "GET /motul-pflegeprodukte/motorrad.html HTTP/1.1" 200 47336 "http://www.markenoele.de/motul-pflegeprodukte/motorrad.html" "Mozilla/5.0 (Windows; U; Windows NT 6.1; de; rv:1.9.2.13) Gecko/20101203 Firefox/3.6.13"
93.241.122.1 - - [01/Mar/2011:14:34:51 +0100] "GET /js/calendar/calendar-win2k-1.css HTTP/1.1" 200 5986 "http://www.markenoele.de/motul-pflegeprodukte/motorrad/chain-clean.html" "Mozilla/5.0 (Windows; U; Windows NT 6.1; de; rv:1.9.2.13) Gecko/20101203 Firefox/3.6.13"
93.241.122.1 - - [01/Mar/2011:14:34:51 +0100] "GET /skin/frontend/base/default/css/baseprice.css HTTP/1.1" 404 1256 "http://www.markenoele.de/motul-pflegeprodukte/motorrad/chain-clean.html" "Mozilla/5.0 (Windows; U; Windows NT 6.1; de; rv:1.9.2.13) Gecko/20101203 Firefox/3.6.13"
192.168.10.33 - - [01/Mar/2011:14:34:48 +0100] "POST /index.php/admin/catalog_product/grid/key/5580d629102841daa41eb95288c1167d/product_filter/c2t1PTgzNjQ0MSZwcmljZSU1QmN1cnJlbmN5JTVEPUVVUg==/?ajax=true&isAjax=true HTTP/1.1" 200 15156 "http://www.markenoele.de/index.php/admin/catalog_product/index/key/521fc416e33e5b8c446d7e86ff7d5a05/" "Mozilla/5.0 (Windows; U; Windows NT 6.1; de; rv:1.9.2.13) Gecko/20101203 Firefox/3.6.13"
93.241.122.1 - - [01/Mar/2011:14:34:51 +0100] "GET /skin/frontend/esso/standard/css/jqzoom.css HTTP/1.1" 200 1051 "http://www.markenoele.de/motul-pflegeprodukte/motorrad/chain-clean.html" "Mozilla/5.0 (Windows; U; Windows NT 6.1; de; rv:1.9.2.13) Gecko/20101203 Firefox/3.6.13"
93.241.122.1 - - [01/Mar/2011:14:34:47 +0100] "GET /motul-pflegeprodukte/motorrad/chain-clean.html HTTP/1.1" 200 30322 "http://www.markenoele.de/motul-pflegeprodukte/motorrad.html" "Mozilla/5.0 (Windows; U; Windows NT 6.1; de; rv:1.9.2.13) Gecko/20101203 Firefox/3.6.13"
93.241.122.1 - - [01/Mar/2011:14:34:52 +0100] "GET /js/varien/product.js HTTP/1.1" 200 23531 "http://www.markenoele.de/motul-pflegeprodukte/motorrad/chain-clean.html" "Mozilla/5.0 (Windows; U; Windows NT 6.1; de; rv:1.9.2.13) Gecko/20101203 Firefox/3.6.13"
93.241.122.1 - - [01/Mar/2011:14:34:52 +0100] "GET /js/calendar/calendar-setup.js HTTP/1.1" 200 4986 "http://www.markenoele.de/motul-pflegeprodukte/motorrad/chain-clean.html" "Mozilla/5.0 (Windows; U; Windows NT 6.1; de; rv:1.9.2.13) Gecko/20101203 Firefox/3.6.13"
93.241.122.1 - - [01/Mar/2011:14:34:52 +0100] "GET /skin/frontend/esso/standard/js/jquery.jqzoom.js HTTP/1.1" 200 5131 "http://www.markenoele.de/motul-pflegeprodukte/motorrad/chain-clean.html" "Mozilla/5.0 (Windows; U; Windows NT 6.1; de; rv:1.9.2.13) Gecko/20101203 Firefox/3.6.13"
93.241.122.1 - - [01/Mar/2011:14:34:52 +0100] "GET /skin/frontend/esso/standard/js/effects.core.js HTTP/1.1" 200 19170 "http://www.markenoele.de/motul-pflegeprodukte/motorrad/chain-clean.html" "Mozilla/5.0 (Windows; U; Windows NT 6.1; de; rv:1.9.2.13) Gecko/20101203 Firefox/3.6.13"
93.241.122.1 - - [01/Mar/2011:14:34:52 +0100] "GET /skin/frontend/esso/standard/js/effects.scale.js HTTP/1.1" 200 7057 "http://www.markenoele.de/motul-pflegeprodukte/motorrad/chain-clean.html" "Mozilla/5.0 (Windows; U; Windows NT 6.1; de; rv:1.9.2.13) Gecko/20101203 Firefox/3.6.13"
93.241.122.1 - - [01/Mar/2011:14:34:52 +0100] "GET /js/calendar/calendar.js HTTP/1.1" 200 53130 "http://www.markenoele.de/motul-pflegeprodukte/motorrad/chain-clean.html" "Mozilla/5.0 (Windows; U; Windows NT 6.1; de; rv:1.9.2.13) Gecko/20101203 Firefox/3.6.13"
93.241.122.1 - - [01/Mar/2011:14:34:52 +0100] "GET /skin/frontend/esso/standard/js/jquery-1.3.2.min.js HTTP/1.1" 200 57254 "http://www.markenoele.de/motul-pflegeprodukte/motorrad/chain-clean.html" "Mozilla/5.0 (Windows; U; Windows NT 6.1; de; rv:1.9.2.13) Gecko/20101203 Firefox/3.6.13"
192.168.10.33 - - [01/Mar/2011:14:34:53 +0100] "GET /index.php/admin/catalog_product/edit/id/52/key/d84699a8e97201c7f2ae81fc61eb1d5d/ HTTP/1.1" 200 146850 "http://www.markenoele.de/index.php/admin/catalog_product/index/key/521fc416e33e5b8c446d7e86ff7d5a05/" "Mozilla/5.0 (Windows; U; Windows NT 6.1; de; rv:1.9.2.13) Gecko/20101203 Firefox/3.6.13"
93.241.122.1 - - [01/Mar/2011:14:34:54 +0100] "GET /motul-pflegeprodukte/motorrad.html HTTP/1.1" 200 47336 "http://www.markenoele.de/motul-pflegeprodukte/motorrad.html" "Mozilla/5.0 (Windows; U; Windows NT 6.1; de; rv:1.9.2.13) Gecko/20101203 Firefox/3.6.13"
192.168.10.33 - - [01/Mar/2011:14:35:02 +0100] "POST /index.php/admin/catalog_product/validate/id/52/key/45d4f9829f918a25226801bcfe9dc8f9/?isAjax=true HTTP/1.1" 200 15 "http://www.markenoele.de/index.php/admin/catalog_product/edit/id/52/key/d84699a8e97201c7f2ae81fc61eb1d5d/" "Mozilla/5.0 (Windows; U; Windows NT 6.1; de; rv:1.9.2.13) Gecko/20101203 Firefox/3.6.13"
192.168.10.33 - - [01/Mar/2011:14:35:03 +0100] "POST /index.php/admin/catalog_product/save/id/52/key/b6283cee5bb53fcf978fdc4fa77082cc/ HTTP/1.1" 302 - "http://www.markenoele.de/index.php/admin/catalog_product/edit/id/52/key/d84699a8e97201c7f2ae81fc61eb1d5d/" "Mozilla/5.0 (Windows; U; Windows NT 6.1; de; rv:1.9.2.13) Gecko/20101203 Firefox/3.6.13"
192.168.10.33 - - [01/Mar/2011:14:35:08 +0100] "GET /index.php/admin/catalog_product/index/key/521fc416e33e5b8c446d7e86ff7d5a05/ HTTP/1.1" 200 70278 "http://www.markenoele.de/index.php/admin/catalog_product/edit/id/52/key/d84699a8e97201c7f2ae81fc61eb1d5d/" "Mozilla/5.0 (Windows; U; Windows NT 6.1; de; rv:1.9.2.13) Gecko/20101203 Firefox/3.6.13"
93.241.122.1 - - [01/Mar/2011:14:35:09 +0100] "GET /motul-pflegeprodukte/motorrad.html?p=2 HTTP/1.1" 200 39091 "http://www.markenoele.de/motul-pflegeprodukte/motorrad.html" "Mozilla/5.0 (Windows; U; Windows NT 6.1; de; rv:1.9.2.13) Gecko/20101203 Firefox/3.6.13"
93.241.122.1 - - [01/Mar/2011:14:35:13 +0100] "GET /skin/frontend/esso/standard/images/i_pager-prev.gif HTTP/1.1" 200 158 "http://www.markenoele.de/motul-pflegeprodukte/motorrad.html?p=2" "Mozilla/5.0 (Windows; U; Windows NT 6.1; de; rv:1.9.2.13) Gecko/20101203 Firefox/3.6.13"
93.241.122.1 - - [01/Mar/2011:14:35:13 +0100] "GET /media/catalog/product/cache/2/small_image/170x/9df78eab33525d08d6e5fb8d27136e95/m/o/moto_wash_plus_1000ml.jpg HTTP/1.1" 200 4778 "http://www.markenoele.de/motul-pflegeprodukte/motorrad.html?p=2" "Mozilla/5.0 (Windows; U; Windows NT 6.1; de; rv:1.9.2.13) Gecko/20101203 Firefox/3.6.13"
93.241.122.1 - - [01/Mar/2011:14:35:14 +0100] "GET /media/catalog/product/cache/2/small_image/170x/9df78eab33525d08d6e5fb8d27136e95/f/u/fuel_system_clean.jpg HTTP/1.1" 200 6589 "http://www.markenoele.de/motul-pflegeprodukte/motorrad.html?p=2" "Mozilla/5.0 (Windows; U; Windows NT 6.1; de; rv:1.9.2.13) Gecko/20101203 Firefox/3.6.13"
93.241.122.1 - - [01/Mar/2011:14:35:14 +0100] "GET /media/catalog/product/cache/2/small_image/170x/9df78eab33525d08d6e5fb8d27136e95/t/y/tyre_repair.jpg HTTP/1.1" 200 5727 "http://www.markenoele.de/motul-pflegeprodukte/motorrad.html?p=2" "Mozilla/5.0 (Windows; U; Windows NT 6.1; de; rv:1.9.2.13) Gecko/20101203 Firefox/3.6.13"
93.241.122.1 - - [01/Mar/2011:14:35:14 +0100] "GET /media/catalog/product/cache/2/small_image/170x/9df78eab33525d08d6e5fb8d27136e95/e/z/ez_clean2.jpg HTTP/1.1" 200 9012 "http://www.markenoele.de/motul-pflegeprodukte/motorrad.html?p=2" "Mozilla/5.0 (Windows; U; Windows NT 6.1; de; rv:1.9.2.13) Gecko/20101203 Firefox/3.6.13"
192.168.10.33 - - [01/Mar/2011:14:35:13 +0100] "POST /index.php/admin/catalog_product/grid/key/5580d629102841daa41eb95288c1167d/product_filter/c2t1PTgyNzExMSZwcmljZSU1QmN1cnJlbmN5JTVEPUVVUg==/?ajax=true&isAjax=true HTTP/1.1" 200 15157 "http://www.markenoele.de/index.php/admin/catalog_product/index/key/521fc416e33e5b8c446d7e86ff7d5a05/" "Mozilla/5.0 (Windows; U; Windows NT 6.1; de; rv:1.9.2.13) Gecko/20101203 Firefox/3.6.13"
192.168.10.33 - - [01/Mar/2011:14:35:16 +0100] "GET /index.php/admin/catalog_product/edit/id/62/key/d84699a8e97201c7f2ae81fc61eb1d5d/ HTTP/1.1" 200 146611 "http://www.markenoele.de/index.php/admin/catalog_product/index/key/521fc416e33e5b8c446d7e86ff7d5a05/" "Mozilla/5.0 (Windows; U; Windows NT 6.1; de; rv:1.9.2.13) Gecko/20101203 Firefox/3.6.13"
192.168.10.33 - - [01/Mar/2011:14:35:23 +0100] "POST /index.php/admin/catalog_product/validate/id/62/key/45d4f9829f918a25226801bcfe9dc8f9/?isAjax=true HTTP/1.1" 200 15 "http://www.markenoele.de/index.php/admin/catalog_product/edit/id/62/key/d84699a8e97201c7f2ae81fc61eb1d5d/" "Mozilla/5.0 (Windows; U; Windows NT 6.1; de; rv:1.9.2.13) Gecko/20101203 Firefox/3.6.13"
93.241.122.1 - - [01/Mar/2011:14:35:22 +0100] "GET /motul-pflegeprodukte/motorrad/fuel-system-clean.html HTTP/1.1" 200 30633 "http://www.markenoele.de/motul-pflegeprodukte/motorrad.html?p=2" "Mozilla/5.0 (Windows; U; Windows NT 6.1; de; rv:1.9.2.13) Gecko/20101203 Firefox/3.6.13"
93.241.122.1 - - [01/Mar/2011:14:35:27 +0100] "GET /skin/frontend/base/default/css/baseprice.css HTTP/1.1" 404 1256 "http://www.markenoele.de/motul-pflegeprodukte/motorrad/fuel-system-clean.html" "Mozilla/5.0 (Windows; U; Windows NT 6.1; de; rv:1.9.2.13) Gecko/20101203 Firefox/3.6.13"
93.241.122.1 - - [01/Mar/2011:14:35:27 +0100] "GET /js/varien/product.js HTTP/1.1" 206 12248 "http://www.markenoele.de/motul-pflegeprodukte/motorrad/fuel-system-clean.html" "Mozilla/5.0 (Windows; U; Windows NT 6.1; de; rv:1.9.2.13) Gecko/20101203 Firefox/3.6.13"
93.241.122.1 - - [01/Mar/2011:14:35:27 +0100] "GET /skin/frontend/esso/standard/js/jquery.jqzoom.js HTTP/1.1" 200 5131 "http://www.markenoele.de/motul-pflegeprodukte/motorrad/fuel-system-clean.html" "Mozilla/5.0 (Windows; U; Windows NT 6.1; de; rv:1.9.2.13) Gecko/20101203 Firefox/3.6.13"
93.241.122.1 - - [01/Mar/2011:14:35:28 +0100] "GET /skin/frontend/esso/standard/js/effects.core.js HTTP/1.1" 200 19170 "http://www.markenoele.de/motul-pflegeprodukte/motorrad/fuel-system-clean.html" "Mozilla/5.0 (Windows; U; Windows NT 6.1; de; rv:1.9.2.13) Gecko/20101203 Firefox/3.6.13"
93.241.122.1 - - [01/Mar/2011:14:35:28 +0100] "GET /skin/frontend/esso/standard/js/effects.scale.js HTTP/1.1" 200 7057 "http://www.markenoele.de/motul-pflegeprodukte/motorrad/fuel-system-clean.html" "Mozilla/5.0 (Windows; U; Windows NT 6.1; de; rv:1.9.2.13) Gecko/20101203 Firefox/3.6.13"
93.241.122.1 - - [01/Mar/2011:14:35:27 +0100] "GET /js/calendar/calendar.js HTTP/1.1" 206 37491 "http://www.markenoele.de/motul-pflegeprodukte/motorrad/fuel-system-clean.html" "Mozilla/5.0 (Windows; U; Windows NT 6.1; de; rv:1.9.2.13) Gecko/20101203 Firefox/3.6.13"
93.241.122.1 - - [01/Mar/2011:14:35:28 +0100] "GET /media/catalog/product/cache/2/thumbnail2/250x250/9df78eab33525d08d6e5fb8d27136e95/f/u/fuel_system_clean.jpg HTTP/1.1" 200 11272 "http://www.markenoele.de/motul-pflegeprodukte/motorrad/fuel-system-clean.html" "Mozilla/5.0 (Windows; U; Windows NT 6.1; de; rv:1.9.2.13) Gecko/20101203 Firefox/3.6.13"
192.168.10.33 - - [01/Mar/2011:14:35:24 +0100] "POST /index.php/admin/catalog_product/save/id/62/key/b6283cee5bb53fcf978fdc4fa77082cc/ HTTP/1.1" 302 - "http://www.markenoele.de/index.php/admin/catalog_product/edit/id/62/key/d84699a8e97201c7f2ae81fc61eb1d5d/" "Mozilla/5.0 (Windows; U; Windows NT 6.1; de; rv:1.9.2.13) Gecko/20101203 Firefox/3.6.13"
93.241.122.1 - - [01/Mar/2011:14:35:27 +0100] "GET /skin/frontend/esso/standard/js/jquery-1.3.2.min.js HTTP/1.1" 206 54684 "http://www.markenoele.de/motul-pflegeprodukte/motorrad/fuel-system-clean.html" "Mozilla/5.0 (Windows; U; Windows NT 6.1; de; rv:1.9.2.13) Gecko/20101203 Firefox/3.6.13"
93.241.122.1 - - [01/Mar/2011:14:35:31 +0100] "GET /skin/frontend/esso/standard/images/bkg_tabs.gif HTTP/1.1" 200 151 "http://www.markenoele.de/skin/frontend/esso/standard/css/styles.css" "Mozilla/5.0 (Windows; U; Windows NT 6.1; de; rv:1.9.2.13) Gecko/20101203 Firefox/3.6.13"
192.168.10.33 - - [01/Mar/2011:14:35:29 +0100] "GET /index.php/admin/catalog_product/index/key/521fc416e33e5b8c446d7e86ff7d5a05/ HTTP/1.1" 200 70279 "http://www.markenoele.de/index.php/admin/catalog_product/edit/id/62/key/d84699a8e97201c7f2ae81fc61eb1d5d/" "Mozilla/5.0 (Windows; U; Windows NT 6.1; de; rv:1.9.2.13) Gecko/20101203 Firefox/3.6.13"
192.168.10.33 - - [01/Mar/2011:14:35:34 +0100] "GET /functions/spezialpreise.php HTTP/1.1" 200 40468 "http://www.markenoele.de/functions/spezialpreise.php?sortierung=Artikel%20neu%20bis&richtung=" "Mozilla/5.0 (Windows; U; Windows NT 6.1; de; rv:1.9.2.13) Gecko/20101203 Firefox/3.6.13"
192.168.10.34 - - [01/Mar/2011:14:35:34 +0100] "GET /functions/abrechnung.php?von_datum=&bis_datum=&von_renr=200637481&bis_renr=200637482&sortierung=RechnungsNr&richtung=DESC&where= HTTP/1.1" 200 13562 "http://www.markenoele.de/functions/abrechnung.php?von_datum=01.02.2011&bis_datum=31.03.2011&von_renr=200637481&bis_renr=200637482&sortierung=RechnungsNr&richtung=DESC&where=" "Mozilla/5.0 (Windows; U; Windows NT 6.1; de; rv:1.9.2.13) Gecko/20101203 Firefox/3.6.13"
93.241.122.1 - - [01/Mar/2011:14:35:31 +0100] "GET /media/catalog/product/f/u/fuel_system_clean.jpg HTTP/1.1" 200 319386 "http://www.markenoele.de/motul-pflegeprodukte/motorrad/fuel-system-clean.html" "Mozilla/5.0 (Windows; U; Windows NT 6.1; de; rv:1.9.2.13) Gecko/20101203 Firefox/3.6.13"
192.168.10.33 - - [01/Mar/2011:14:35:36 +0100] "GET /functions/spezialpreise.php?sortierung=Artikel%20neu%20bis&richtung= HTTP/1.1" 200 40518 "http://www.markenoele.de/functions/spezialpreise.php" "Mozilla/5.0 (Windows; U; Windows NT 6.1; de; rv:1.9.2.13) Gecko/20101203 Firefox/3.6.13"
192.168.10.34 - - [01/Mar/2011:14:35:37 +0100] "GET /functions/abrechnung.php?von_datum=&bis_datum=&von_renr=200637481&bis_renr=200637482&sortierung=RechnungsNr&richtung=DESC&where= HTTP/1.1" 200 13562 "http://www.markenoele.de/functions/abrechnung.php?von_datum=&bis_datum=&von_renr=200637481&bis_renr=200637482&sortierung=RechnungsNr&richtung=DESC&where=" "Mozilla/5.0 (Windows; U; Windows NT 6.1; de; rv:1.9.2.13) Gecko/20101203 Firefox/3.6.13"
192.168.10.34 - - [01/Mar/2011:14:35:42 +0100] "GET /functions/bestandsliste.php HTTP/1.1" 200 33079 "http://www.markenoele.de/functions/abrechnung.php?von_datum=&bis_datum=&von_renr=200637481&bis_renr=200637482&sortierung=RechnungsNr&richtung=DESC&where=" "Mozilla/5.0 (Windows; U; Windows NT 6.1; de; rv:1.9.2.13) Gecko/20101203 Firefox/3.6.13"
192.168.10.34 - - [01/Mar/2011:14:35:44 +0100] "GET /functions/abrechnung.php HTTP/1.1" 200 32876 "http://www.markenoele.de/functions/bestandsliste.php" "Mozilla/5.0 (Windows; U; Windows NT 6.1; de; rv:1.9.2.13) Gecko/20101203 Firefox/3.6.13"
192.168.10.34 - - [01/Mar/2011:14:35:49 +0100] "GET /functions/abrechnung.php?von_datum=01.03.2011&bis_datum=31.03.2011&von_renr=200637481&bis_renr=200637481&sortierung=RechnungsNr&richtung=DESC&where= HTTP/1.1" 200 13175 "http://www.markenoele.de/functions/abrechnung.php" "Mozilla/5.0 (Windows; U; Windows NT 6.1; de; rv:1.9.2.13) Gecko/20101203 Firefox/3.6.13"
192.168.10.33 - - [01/Mar/2011:14:35:49 +0100] "POST /index.php/admin/catalog_product/grid/key/5580d629102841daa41eb95288c1167d/product_filter/c2t1PTg1MTg1MSZwcmljZSU1QmN1cnJlbmN5JTVEPUVVUg==/?ajax=true&isAjax=true HTTP/1.1" 200 15153 "http://www.markenoele.de/index.php/admin/catalog_product/index/key/521fc416e33e5b8c446d7e86ff7d5a05/" "Mozilla/5.0 (Windows; U; Windows NT 6.1; de; rv:1.9.2.13) Gecko/20101203 Firefox/3.6.13"
192.168.10.33 - - [01/Mar/2011:14:35:52 +0100] "GET /index.php/admin/catalog_product/edit/id/94/key/d84699a8e97201c7f2ae81fc61eb1d5d/ HTTP/1.1" 200 146723 "http://www.markenoele.de/index.php/admin/catalog_product/index/key/521fc416e33e5b8c446d7e86ff7d5a05/" "Mozilla/5.0 (Windows; U; Windows NT 6.1; de; rv:1.9.2.13) Gecko/20101203 Firefox/3.6.13"
192.168.10.33 - - [01/Mar/2011:14:35:59 +0100] "POST /index.php/admin/catalog_product/validate/id/94/key/45d4f9829f918a25226801bcfe9dc8f9/?isAjax=true HTTP/1.1" 200 15 "http://www.markenoele.de/index.php/admin/catalog_product/edit/id/94/key/d84699a8e97201c7f2ae81fc61eb1d5d/" "Mozilla/5.0 (Windows; U; Windows NT 6.1; de; rv:1.9.2.13) Gecko/20101203 Firefox/3.6.13"
192.168.10.33 - - [01/Mar/2011:14:36:00 +0100] "POST /index.php/admin/catalog_product/save/id/94/key/b6283cee5bb53fcf978fdc4fa77082cc/ HTTP/1.1" 302 - "http://www.markenoele.de/index.php/admin/catalog_product/edit/id/94/key/d84699a8e97201c7f2ae81fc61eb1d5d/" "Mozilla/5.0 (Windows; U; Windows NT 6.1; de; rv:1.9.2.13) Gecko/20101203 Firefox/3.6.13"
192.168.10.33 - - [01/Mar/2011:14:36:04 +0100] "GET /index.php/admin/catalog_product/index/key/521fc416e33e5b8c446d7e86ff7d5a05/ HTTP/1.1" 200 70275 "http://www.markenoele.de/index.php/admin/catalog_product/edit/id/94/key/d84699a8e97201c7f2ae81fc61eb1d5d/" "Mozilla/5.0 (Windows; U; Windows NT 6.1; de; rv:1.9.2.13) Gecko/20101203 Firefox/3.6.13"
192.168.10.33 - - [01/Mar/2011:14:36:33 +0100] "GET /functions/spezialpreise.php HTTP/1.1" 200 40448 "http://www.markenoele.de/functions/spezialpreise.php?sortierung=Artikel%20neu%20bis&richtung=" "Mozilla/5.0 (Windows; U; Windows NT 6.1; de; rv:1.9.2.13) Gecko/20101203 Firefox/3.6.13"
192.168.10.33 - - [01/Mar/2011:14:36:36 +0100] "GET /functions/spezialpreise.php HTTP/1.1" 200 40448 "http://www.markenoele.de/functions/spezialpreise.php" "Mozilla/5.0 (Windows; U; Windows NT 6.1; de; rv:1.9.2.13) Gecko/20101203 Firefox/3.6.13"
192.168.10.33 - - [01/Mar/2011:14:36:41 +0100] "GET /functions/spezialpreise.php?sortierung=Artikel%20neu%20bis&richtung= HTTP/1.1" 200 40498 "http://www.markenoele.de/functions/spezialpreise.php" "Mozilla/5.0 (Windows; U; Windows NT 6.1; de; rv:1.9.2.13) Gecko/20101203 Firefox/3.6.13"
192.168.10.34 - - [01/Mar/2011:14:37:23 +0100] "GET /functions/abrechnung.php?von_datum=01.03.2011&bis_datum=31.03.2011&von_renr=200637481&bis_renr=200637481&sortierung=RechnungsNr&richtung=DESC&where= HTTP/1.1" 200 12197 "http://www.markenoele.de/functions/abrechnung.php" "Mozilla/5.0 (Windows; U; Windows NT 6.1; de; rv:1.9.2.13) Gecko/20101203 Firefox/3.6.13"
192.168.10.34 - - [01/Mar/2011:14:37:33 +0100] "GET /functions/abrechnung.php?von_datum=&bis_datum=&von_renr=200637481&bis_renr=200637481&sortierung=RechnungsNr&richtung=DESC&where= HTTP/1.1" 200 12451 "http://www.markenoele.de/functions/abrechnung.php?von_datum=01.03.2011&bis_datum=31.03.2011&von_renr=200637481&bis_renr=200637481&sortierung=RechnungsNr&richtung=DESC&where=" "Mozilla/5.0 (Windows; U; Windows NT 6.1; de; rv:1.9.2.13) Gecko/20101203 Firefox/3.6.13"
192.168.10.34 - - [01/Mar/2011:14:37:44 +0100] "GET /functions/abrechnung.php?von_datum=01.02.2011&bis_datum=31.02.2011&von_renr=200637481&bis_renr=200637481&sortierung=RechnungsNr&richtung=DESC&where= HTTP/1.1" 200 12197 "http://www.markenoele.de/functions/abrechnung.php?von_datum=&bis_datum=&von_renr=200637481&bis_renr=200637481&sortierung=RechnungsNr&richtung=DESC&where=" "Mozilla/5.0 (Windows; U; Windows NT 6.1; de; rv:1.9.2.13) Gecko/20101203 Firefox/3.6.13"
192.168.10.34 - - [01/Mar/2011:14:37:51 +0100] "GET /functions/abrechnung.php?von_datum=01.02.2011&bis_datum=31.02.2011&von_renr=200637481&bis_renr=200637481&sortierung=RechnungsNr&richtung=DESC&where=Status_complete HTTP/1.1" 200 5945 "http://www.markenoele.de/functions/abrechnung.php?von_datum=01.02.2011&bis_datum=31.02.2011&von_renr=200637481&bis_renr=200637481&sortierung=RechnungsNr&richtung=DESC&where=" "Mozilla/5.0 (Windows; U; Windows NT 6.1; de; rv:1.9.2.13) Gecko/20101203 Firefox/3.6.13"
192.168.10.34 - - [01/Mar/2011:14:37:58 +0100] "GET /functions/spezialpreise.php HTTP/1.1" 200 40448 "http://www.markenoele.de/functions/abrechnung.php?von_datum=01.02.2011&bis_datum=31.02.2011&von_renr=200637481&bis_renr=200637481&sortierung=RechnungsNr&richtung=DESC&where=Status_complete" "Mozilla/5.0 (Windows; U; Windows NT 6.1; de; rv:1.9.2.13) Gecko/20101203 Firefox/3.6.13"
192.168.10.34 - - [01/Mar/2011:14:38:56 +0100] "GET /functions/spezialpreise.php HTTP/1.1" 200 44050 "http://www.markenoele.de/functions/spezialpreise.php" "Mozilla/5.0 (Windows; U; Windows NT 6.1; de; rv:1.9.2.13) Gecko/20101203 Firefox/3.6.13"
192.168.10.34 - - [01/Mar/2011:14:39:10 +0100] "GET /functions/spezialpreise.php?sortierung=Aktion%20von&richtung= HTTP/1.1" 200 44099 "http://www.markenoele.de/functions/spezialpreise.php" "Mozilla/5.0 (Windows; U; Windows NT 6.1; de; rv:1.9.2.13) Gecko/20101203 Firefox/3.6.13"
192.168.10.34 - - [01/Mar/2011:14:39:19 +0100] "GET /functions/spezialpreise.php?sortierung=Aktion%20bis&richtung=DESC HTTP/1.1" 200 44099 "http://www.markenoele.de/functions/spezialpreise.php?sortierung=Aktion%20von&richtung=" "Mozilla/5.0 (Windows; U; Windows NT 6.1; de; rv:1.9.2.13) Gecko/20101203 Firefox/3.6.13"
192.168.10.33 - - [01/Mar/2011:14:51:50 +0100] "GET /functions/spezialpreise.php HTTP/1.1" 200 44050 "http://www.markenoele.de/functions/spezialpreise.php?sortierung=Artikel%20neu%20bis&richtung=" "Mozilla/5.0 (Windows; U; Windows NT 6.1; de; rv:1.9.2.13) Gecko/20101203 Firefox/3.6.13"
192.168.10.33 - - [01/Mar/2011:14:51:54 +0100] "GET /functions/spezialpreise.php?sortierung=Bestand&richtung= HTTP/1.1" 200 44096 "http://www.markenoele.de/functions/spezialpreise.php" "Mozilla/5.0 (Windows; U; Windows NT 6.1; de; rv:1.9.2.13) Gecko/20101203 Firefox/3.6.13"
212.91.246.65 - - [01/Mar/2011:14:52:14 +0100] "GET /skin/frontend/default/default/images/logo_email.gif HTTP/1.1" 304 - "-" "Mozilla/4.0 (compatible; MSIE 7.0; Windows NT 6.1; WOW64; Trident/4.0; SLCC2; .NET CLR 2.0.50727; .NET CLR 3.5.30729; .NET CLR 3.0.30729; Media Center PC 6.0; InfoPath.2; .NET4.0C)"
80.153.167.142 - - [01/Mar/2011:14:53:30 +0100] "GET /functions/bestandsliste.php HTTP/1.1" 302 32737 "-" "Mozilla/4.0 (compatible; MSIE 8.0; Windows NT 5.1; Trident/4.0; GTB6.6; .NET CLR 1.1.4322)"
80.153.167.142 - - [01/Mar/2011:14:53:31 +0100] "GET /functions/index.php HTTP/1.1" 200 1833 "-" "Mozilla/4.0 (compatible; MSIE 8.0; Windows NT 5.1; Trident/4.0; GTB6.6; .NET CLR 1.1.4322)"
80.153.167.142 - - [01/Mar/2011:14:54:16 +0100] "POST /functions/index.php HTTP/1.1" 302 2148 "http://www.markenoele.de/functions/index.php" "Mozilla/4.0 (compatible; MSIE 8.0; Windows NT 5.1; Trident/4.0; GTB6.6; .NET CLR 1.1.4322)"
80.153.167.142 - - [01/Mar/2011:14:54:16 +0100] "GET /functions/abrechnung.php HTTP/1.1" 200 32234 "http://www.markenoele.de/functions/index.php" "Mozilla/4.0 (compatible; MSIE 8.0; Windows NT 5.1; Trident/4.0; GTB6.6; .NET CLR 1.1.4322)"
212.91.246.65 - - [01/Mar/2011:14:54:29 +0100] "GET /skin/frontend/default/default/images/logo_email.gif HTTP/1.1" 304 - "-" "Mozilla/4.0 (compatible; MSIE 7.0; Windows NT 6.1; WOW64; Trident/4.0; SLCC2; .NET CLR 2.0.50727; .NET CLR 3.5.30729; .NET CLR 3.0.30729; Media Center PC 6.0; InfoPath.2; .NET4.0C)"
80.153.167.142 - - [01/Mar/2011:14:54:42 +0100] "GET /functions/spezialpreise.php HTTP/1.1" 200 44050 "http://www.markenoele.de/functions/abrechnung.php" "Mozilla/4.0 (compatible; MSIE 8.0; Windows NT 5.1; Trident/4.0; GTB6.6; .NET CLR 1.1.4322)"
192.168.10.33 - - [01/Mar/2011:14:54:45 +0100] "GET /functions/bestandsliste.php HTTP/1.1" 302 32737 "http://www.markenoele.de/functions/spezialpreise.php?sortierung=Bestand&richtung=" "Mozilla/5.0 (Windows; U; Windows NT 6.1; de; rv:1.9.2.13) Gecko/20101203 Firefox/3.6.13"
192.168.10.33 - - [01/Mar/2011:14:54:45 +0100] "GET /functions/index.php HTTP/1.1" 200 1833 "http://www.markenoele.de/functions/spezialpreise.php?sortierung=Bestand&richtung=" "Mozilla/5.0 (Windows; U; Windows NT 6.1; de; rv:1.9.2.13) Gecko/20101203 Firefox/3.6.13"
192.168.10.33 - - [01/Mar/2011:14:54:46 +0100] "POST /functions/index.php HTTP/1.1" 302 2148 "http://www.markenoele.de/functions/index.php" "Mozilla/5.0 (Windows; U; Windows NT 6.1; de; rv:1.9.2.13) Gecko/20101203 Firefox/3.6.13"
192.168.10.33 - - [01/Mar/2011:14:54:46 +0100] "GET /functions/abrechnung.php HTTP/1.1" 200 32234 "http://www.markenoele.de/functions/index.php" "Mozilla/5.0 (Windows; U; Windows NT 6.1; de; rv:1.9.2.13) Gecko/20101203 Firefox/3.6.13"
80.153.167.142 - - [01/Mar/2011:14:54:49 +0100] "GET /functions/bestandsliste.php HTTP/1.1" 200 33079 "http://www.markenoele.de/functions/spezialpreise.php" "Mozilla/4.0 (compatible; MSIE 8.0; Windows NT 5.1; Trident/4.0; GTB6.6; .NET CLR 1.1.4322)"
192.168.10.33 - - [01/Mar/2011:14:54:51 +0100] "GET /functions/bestandsliste.php HTTP/1.1" 200 33079 "http://www.markenoele.de/functions/abrechnung.php" "Mozilla/5.0 (Windows; U; Windows NT 6.1; de; rv:1.9.2.13) Gecko/20101203 Firefox/3.6.13"
80.153.167.142 - - [01/Mar/2011:14:55:00 +0100] "GET /functions/bestandsliste.php?sortierung=Erwartung&richtung= HTTP/1.1" 200 33110 "http://www.markenoele.de/functions/bestandsliste.php" "Mozilla/4.0 (compatible; MSIE 8.0; Windows NT 5.1; Trident/4.0; GTB6.6; .NET CLR 1.1.4322)"
80.153.167.142 - - [01/Mar/2011:14:55:02 +0100] "GET /functions/bestandsliste.php?sortierung=Erwartung&richtung=DESC HTTP/1.1" 200 33115 "http://www.markenoele.de/functions/bestandsliste.php?sortierung=Erwartung&richtung=" "Mozilla/4.0 (compatible; MSIE 8.0; Windows NT 5.1; Trident/4.0; GTB6.6; .NET CLR 1.1.4322)"
192.168.10.33 - - [01/Mar/2011:14:55:07 +0100] "GET /functions/spezialpreise.php HTTP/1.1" 200 44050 "http://www.markenoele.de/functions/bestandsliste.php" "Mozilla/5.0 (Windows; U; Windows NT 6.1; de; rv:1.9.2.13) Gecko/20101203 Firefox/3.6.13"
80.153.167.142 - - [01/Mar/2011:14:55:14 +0100] "GET /functions/spezialpreise.php HTTP/1.1" 200 44050 "http://www.markenoele.de/functions/bestandsliste.php?sortierung=Erwartung&richtung=DESC" "Mozilla/4.0 (compatible; MSIE 8.0; Windows NT 5.1; Trident/4.0; GTB6.6; .NET CLR 1.1.4322)"
192.168.10.33 - - [01/Mar/2011:14:55:17 +0100] "GET /functions/spezialpreise.php?sortierung=SpezialPreis&richtung= HTTP/1.1" 200 44101 "http://www.markenoele.de/functions/spezialpreise.php" "Mozilla/5.0 (Windows; U; Windows NT 6.1; de; rv:1.9.2.13) Gecko/20101203 Firefox/3.6.13"
80.153.167.142 - - [01/Mar/2011:14:55:21 +0100] "GET /functions/spezialpreise.php?sortierung=Preis&richtung= HTTP/1.1" 200 44094 "http://www.markenoele.de/functions/spezialpreise.php" "Mozilla/4.0 (compatible; MSIE 8.0; Windows NT 5.1; Trident/4.0; GTB6.6; .NET CLR 1.1.4322)"
80.153.167.142 - - [01/Mar/2011:14:55:40 +0100] "GET /functions/spezialpreise.php?sortierung=Aktion%20bis&richtung=DESC HTTP/1.1" 200 44099 "http://www.markenoele.de/functions/spezialpreise.php?sortierung=Preis&richtung=" "Mozilla/4.0 (compatible; MSIE 8.0; Windows NT 5.1; Trident/4.0; GTB6.6; .NET CLR 1.1.4322)"
192.168.10.33 - - [01/Mar/2011:14:56:09 +0100] "GET /functions/spezialpreise.php?sortierung=Artikel%20neu%20bis&richtung=DESC HTTP/1.1" 200 44104 "http://www.markenoele.de/functions/spezialpreise.php?sortierung=SpezialPreis&richtung=" "Mozilla/5.0 (Windows; U; Windows NT 6.1; de; rv:1.9.2.13) Gecko/20101203 Firefox/3.6.13"
80.153.167.142 - - [01/Mar/2011:14:56:11 +0100] "GET /functions/spezialpreise.php?sortierung=Artikel%20neu%20bis&richtung=DESC HTTP/1.1" 200 44104 "http://www.markenoele.de/functions/spezialpreise.php?sortierung=Aktion bis&richtung=DESC" "Mozilla/4.0 (compatible; MSIE 8.0; Windows NT 5.1; Trident/4.0; GTB6.6; .NET CLR 1.1.4322)"
192.168.10.33 - - [01/Mar/2011:14:56:51 +0100] "GET /functions/spezialpreise.php?sortierung=Bestand&richtung=DESC HTTP/1.1" 200 44096 "http://www.markenoele.de/functions/spezialpreise.php?sortierung=Artikel%20neu%20bis&richtung=DESC" "Mozilla/5.0 (Windows; U; Windows NT 6.1; de; rv:1.9.2.13) Gecko/20101203 Firefox/3.6.13"
80.153.167.142 - - [01/Mar/2011:14:56:55 +0100] "GET /functions/spezialpreise.php?sortierung=Bestand&richtung=DESC HTTP/1.1" 200 44096 "http://www.markenoele.de/functions/spezialpreise.php?sortierung=Artikel neu bis&richtung=DESC" "Mozilla/4.0 (compatible; MSIE 8.0; Windows NT 5.1; Trident/4.0; GTB6.6; .NET CLR 1.1.4322)"
188.101.15.175 - - [01/Mar/2011:14:57:08 +0100] "GET / HTTP/1.1" 302 - "http://www.google.de/aclk?sa=l&ai=CS412MftsTZ2EGsn9sga07qFcrcGwwwH96b3tFL3s-75HCAAQAVCer6GNAWCVgqaCsAegAcfRhPgDyAEBqQKBG8Ll8zm3PqoEE0_Q-HCxBalprubNAQZjPOAX7Q4&sig=AGiWqtxKsH3UPIqmHbDDJ4rcUgvN91WBVg&adurl=http://www.motulshop.de&rct=j&q=motul%20%C3%B6l" "Mozilla/4.0 (compatible; MSIE 8.0; Windows NT 5.1; Trident/4.0; GTB6.6)"
188.101.15.175 - - [01/Mar/2011:14:57:09 +0100] "GET / HTTP/1.1" 200 28654 "http://www.google.de/aclk?sa=l&ai=CS412MftsTZ2EGsn9sga07qFcrcGwwwH96b3tFL3s-75HCAAQAVCer6GNAWCVgqaCsAegAcfRhPgDyAEBqQKBG8Ll8zm3PqoEE0_Q-HCxBalprubNAQZjPOAX7Q4&sig=AGiWqtxKsH3UPIqmHbDDJ4rcUgvN91WBVg&adurl=http://www.motulshop.de&rct=j&q=motul%20%C3%B6l" "Mozilla/4.0 (compatible; MSIE 8.0; Windows NT 5.1; Trident/4.0; GTB6.6)"
188.101.15.175 - - [01/Mar/2011:14:57:11 +0100] "GET /skin/frontend/esso/standard/css/widgets.css HTTP/1.1" 304 - "http://www.markenoele.de/" "Mozilla/4.0 (compatible; MSIE 8.0; Windows NT 5.1; Trident/4.0; GTB6.6)"
188.101.15.175 - - [01/Mar/2011:14:57:11 +0100] "GET /skin/frontend/esso/standard/css/styles.css HTTP/1.1" 304 - "http://www.markenoele.de/" "Mozilla/4.0 (compatible; MSIE 8.0; Windows NT 5.1; Trident/4.0; GTB6.6)"
188.101.15.175 - - [01/Mar/2011:14:57:11 +0100] "GET /skin/frontend/esso/standard/css/print.css HTTP/1.1" 304 - "http://www.markenoele.de/" "Mozilla/4.0 (compatible; MSIE 8.0; Windows NT 5.1; Trident/4.0; GTB6.6)"
188.101.15.175 - - [01/Mar/2011:14:57:11 +0100] "GET /js/prototype/prototype.js HTTP/1.1" 304 - "http://www.markenoele.de/" "Mozilla/4.0 (compatible; MSIE 8.0; Windows NT 5.1; Trident/4.0; GTB6.6)"
188.101.15.175 - - [01/Mar/2011:14:57:11 +0100] "GET /js/prototype/validation.js HTTP/1.1" 304 - "http://www.markenoele.de/" "Mozilla/4.0 (compatible; MSIE 8.0; Windows NT 5.1; Trident/4.0; GTB6.6)"
188.101.15.175 - - [01/Mar/2011:14:57:11 +0100] "GET /js/scriptaculous/builder.js HTTP/1.1" 304 - "http://www.markenoele.de/" "Mozilla/4.0 (compatible; MSIE 8.0; Windows NT 5.1; Trident/4.0; GTB6.6)"
188.101.15.175 - - [01/Mar/2011:14:57:11 +0100] "GET /js/scriptaculous/effects.js HTTP/1.1" 304 - "http://www.markenoele.de/" "Mozilla/4.0 (compatible; MSIE 8.0; Windows NT 5.1; Trident/4.0; GTB6.6)"
188.101.15.175 - - [01/Mar/2011:14:57:11 +0100] "GET /js/scriptaculous/dragdrop.js HTTP/1.1" 304 - "http://www.markenoele.de/" "Mozilla/4.0 (compatible; MSIE 8.0; Windows NT 5.1; Trident/4.0; GTB6.6)"
188.101.15.175 - - [01/Mar/2011:14:57:11 +0100] "GET /js/scriptaculous/controls.js HTTP/1.1" 304 - "http://www.markenoele.de/" "Mozilla/4.0 (compatible; MSIE 8.0; Windows NT 5.1; Trident/4.0; GTB6.6)"
188.101.15.175 - - [01/Mar/2011:14:57:11 +0100] "GET /js/scriptaculous/slider.js HTTP/1.1" 304 - "http://www.markenoele.de/" "Mozilla/4.0 (compatible; MSIE 8.0; Windows NT 5.1; Trident/4.0; GTB6.6)"
188.101.15.175 - - [01/Mar/2011:14:57:11 +0100] "GET /js/varien/js.js HTTP/1.1" 304 - "http://www.markenoele.de/" "Mozilla/4.0 (compatible; MSIE 8.0; Windows NT 5.1; Trident/4.0; GTB6.6)"
188.101.15.175 - - [01/Mar/2011:14:57:11 +0100] "GET /js/varien/menu.js HTTP/1.1" 304 - "http://www.markenoele.de/" "Mozilla/4.0 (compatible; MSIE 8.0; Windows NT 5.1; Trident/4.0; GTB6.6)"
188.101.15.175 - - [01/Mar/2011:14:57:12 +0100] "GET /js/varien/form.js HTTP/1.1" 304 - "http://www.markenoele.de/" "Mozilla/4.0 (compatible; MSIE 8.0; Windows NT 5.1; Trident/4.0; GTB6.6)"
188.101.15.175 - - [01/Mar/2011:14:57:12 +0100] "GET /js/mage/translate.js HTTP/1.1" 304 - "http://www.markenoele.de/" "Mozilla/4.0 (compatible; MSIE 8.0; Windows NT 5.1; Trident/4.0; GTB6.6)"
188.101.15.175 - - [01/Mar/2011:14:57:12 +0100] "GET /js/mage/cookies.js HTTP/1.1" 304 - "http://www.markenoele.de/" "Mozilla/4.0 (compatible; MSIE 8.0; Windows NT 5.1; Trident/4.0; GTB6.6)"
188.101.15.175 - - [01/Mar/2011:14:57:12 +0100] "GET /skin/frontend/esso/standard/images/logo.png HTTP/1.1" 304 - "http://www.markenoele.de/" "Mozilla/4.0 (compatible; MSIE 8.0; Windows NT 5.1; Trident/4.0; GTB6.6)"
188.101.15.175 - - [01/Mar/2011:14:57:12 +0100] "GET /skin/frontend/esso/standard/images/icon_lupe_sm.png HTTP/1.1" 304 - "http://www.markenoele.de/" "Mozilla/4.0 (compatible; MSIE 8.0; Windows NT 5.1; Trident/4.0; GTB6.6)"
188.101.15.175 - - [01/Mar/2011:14:57:12 +0100] "GET /skin/frontend/esso/standard/images/search_arrow_right.png HTTP/1.1" 304 - "http://www.markenoele.de/" "Mozilla/4.0 (compatible; MSIE 8.0; Windows NT 5.1; Trident/4.0; GTB6.6)"
188.101.15.175 - - [01/Mar/2011:14:57:12 +0100] "GET /skin/frontend/esso/standard/images/tropf-sm.png HTTP/1.1" 304 - "http://www.markenoele.de/" "Mozilla/4.0 (compatible; MSIE 8.0; Windows NT 5.1; Trident/4.0; GTB6.6)"
188.101.15.175 - - [01/Mar/2011:14:57:12 +0100] "GET /skin/frontend/esso/standard/images/akt-art-sm.png HTTP/1.1" 304 - "http://www.markenoele.de/" "Mozilla/4.0 (compatible; MSIE 8.0; Windows NT 5.1; Trident/4.0; GTB6.6)"
188.101.15.175 - - [01/Mar/2011:14:57:12 +0100] "GET /media/catalog/product/cache/2/small_image/85x/9df78eab33525d08d6e5fb8d27136e95/d/i/diesel_syst_clean_auto.jpg HTTP/1.1" 200 2360 "http://www.markenoele.de/" "Mozilla/4.0 (compatible; MSIE 8.0; Windows NT 5.1; Trident/4.0; GTB6.6)"
188.101.15.175 - - [01/Mar/2011:14:57:12 +0100] "GET /media/catalog/product/cache/2/small_image/85x/9df78eab33525d08d6e5fb8d27136e95/q/u/quad_4l_bd.jpg HTTP/1.1" 200 3431 "http://www.markenoele.de/" "Mozilla/4.0 (compatible; MSIE 8.0; Windows NT 5.1; Trident/4.0; GTB6.6)"
188.101.15.175 - - [01/Mar/2011:14:57:12 +0100] "GET /media/catalog/product/cache/2/small_image/85x/9df78eab33525d08d6e5fb8d27136e95/p/i/pin-up_girl_no.1.jpg HTTP/1.1" 200 3456 "http://www.markenoele.de/" "Mozilla/4.0 (compatible; MSIE 8.0; Windows NT 5.1; Trident/4.0; GTB6.6)"
188.101.15.175 - - [01/Mar/2011:14:57:12 +0100] "GET /media/catalog/product/cache/2/small_image/85x/9df78eab33525d08d6e5fb8d27136e95/h/a/handschuhe.jpg HTTP/1.1" 200 4026 "http://www.markenoele.de/" "Mozilla/4.0 (compatible; MSIE 8.0; Windows NT 5.1; Trident/4.0; GTB6.6)"
188.101.15.175 - - [01/Mar/2011:14:57:12 +0100] "GET /skin/frontend/esso/standard/images/motul_pflege_teaser.png HTTP/1.1" 304 - "http://www.markenoele.de/" "Mozilla/4.0 (compatible; MSIE 8.0; Windows NT 5.1; Trident/4.0; GTB6.6)"
188.101.15.175 - - [01/Mar/2011:14:57:12 +0100] "GET /skin/frontend/esso/standard/images/siegel.gif HTTP/1.1" 304 - "http://www.markenoele.de/" "Mozilla/4.0 (compatible; MSIE 8.0; Windows NT 5.1; Trident/4.0; GTB6.6)"
188.101.15.175 - - [01/Mar/2011:14:57:12 +0100] "GET /skin/frontend/esso/standard/images/bkg_btn.png HTTP/1.1" 304 - "http://www.markenoele.de/" "Mozilla/4.0 (compatible; MSIE 8.0; Windows NT 5.1; Trident/4.0; GTB6.6)"
188.101.15.175 - - [01/Mar/2011:14:57:12 +0100] "GET /skin/frontend/esso/standard/images/bg_yellow.jpg HTTP/1.1" 304 - "http://www.markenoele.de/" "Mozilla/4.0 (compatible; MSIE 8.0; Windows NT 5.1; Trident/4.0; GTB6.6)"
188.101.15.175 - - [01/Mar/2011:14:57:12 +0100] "GET /skin/frontend/esso/standard/images/bkg_pipe1.gif HTTP/1.1" 304 - "http://www.markenoele.de/" "Mozilla/4.0 (compatible; MSIE 8.0; Windows NT 5.1; Trident/4.0; GTB6.6)"
188.101.15.175 - - [01/Mar/2011:14:57:12 +0100] "GET /skin/frontend/esso/standard/favicon.ico HTTP/1.1" 200 3638 "-" "Mozilla/4.0 (compatible; MSIE 8.0; Windows NT 5.1; Trident/4.0; GTB6.6)"
188.101.15.175 - - [01/Mar/2011:14:57:21 +0100] "GET /motul-schmierstoffe.html HTTP/1.1" 200 47961 "http://www.markenoele.de/" "Mozilla/4.0 (compatible; MSIE 8.0; Windows NT 5.1; Trident/4.0; GTB6.6)"
188.101.15.175 - - [01/Mar/2011:14:57:23 +0100] "GET /skin/frontend/esso/standard/images/i_pager-next.gif HTTP/1.1" 200 158 "http://www.markenoele.de/motul-schmierstoffe.html" "Mozilla/4.0 (compatible; MSIE 8.0; Windows NT 5.1; Trident/4.0; GTB6.6)"
188.101.15.175 - - [01/Mar/2011:14:57:23 +0100] "GET /skin/frontend/esso/standard/images/i_asc_arrow.gif HTTP/1.1" 200 115 "http://www.markenoele.de/motul-schmierstoffe.html" "Mozilla/4.0 (compatible; MSIE 8.0; Windows NT 5.1; Trident/4.0; GTB6.6)"
188.101.15.175 - - [01/Mar/2011:14:57:23 +0100] "GET /skin/frontend/esso/standard/images/bkg_toolbar.gif HTTP/1.1" 304 - "http://www.markenoele.de/motul-schmierstoffe.html" "Mozilla/4.0 (compatible; MSIE 8.0; Windows NT 5.1; Trident/4.0; GTB6.6)"
188.101.15.175 - - [01/Mar/2011:14:57:23 +0100] "GET /media/catalog/product/cache/2/small_image/170x/9df78eab33525d08d6e5fb8d27136e95/4/1/4100_power-15w50_5l.jpg HTTP/1.1" 200 8384 "http://www.markenoele.de/motul-schmierstoffe.html" "Mozilla/4.0 (compatible; MSIE 8.0; Windows NT 5.1; Trident/4.0; GTB6.6)"
188.101.15.175 - - [01/Mar/2011:14:57:23 +0100] "GET /media/catalog/product/cache/2/small_image/170x/9df78eab33525d08d6e5fb8d27136e95/4/1/4100_power_15w50_1l.jpg HTTP/1.1" 200 7710 "http://www.markenoele.de/motul-schmierstoffe.html" "Mozilla/4.0 (compatible; MSIE 8.0; Windows NT 5.1; Trident/4.0; GTB6.6)"
188.101.15.175 - - [01/Mar/2011:14:57:23 +0100] "GET /media/catalog/product/cache/2/small_image/170x/9df78eab33525d08d6e5fb8d27136e95/8/1/8100_x-cess_5w40_1l.jpg HTTP/1.1" 200 7747 "http://www.markenoele.de/motul-schmierstoffe.html" "Mozilla/4.0 (compatible; MSIE 8.0; Windows NT 5.1; Trident/4.0; GTB6.6)"
188.101.15.175 - - [01/Mar/2011:14:57:23 +0100] "GET /media/catalog/product/cache/2/small_image/170x/9df78eab33525d08d6e5fb8d27136e95/6/1/6100_synergieplus_10w40_1l.jpg HTTP/1.1" 200 7991 "http://www.markenoele.de/motul-schmierstoffe.html" "Mozilla/4.0 (compatible; MSIE 8.0; Windows NT 5.1; Trident/4.0; GTB6.6)"
188.101.15.175 - - [01/Mar/2011:14:57:23 +0100] "GET /media/catalog/product/cache/2/small_image/170x/9df78eab33525d08d6e5fb8d27136e95/6/1/6100_synergieplus_10w40_5l.jpg HTTP/1.1" 200 8701 "http://www.markenoele.de/motul-schmierstoffe.html" "Mozilla/4.0 (compatible; MSIE 8.0; Windows NT 5.1; Trident/4.0; GTB6.6)"
188.101.15.175 - - [01/Mar/2011:14:57:23 +0100] "GET /media/catalog/product/cache/2/small_image/170x/9df78eab33525d08d6e5fb8d27136e95/8/1/8100_x-cess_5w40_5l.jpg HTTP/1.1" 200 8326 "http://www.markenoele.de/motul-schmierstoffe.html" "Mozilla/4.0 (compatible; MSIE 8.0; Windows NT 5.1; Trident/4.0; GTB6.6)"
188.101.15.175 - - [01/Mar/2011:14:57:23 +0100] "GET /media/catalog/product/cache/2/small_image/170x/9df78eab33525d08d6e5fb8d27136e95/8/1/8100_xclean_5w40_1l.jpg HTTP/1.1" 200 7941 "http://www.markenoele.de/motul-schmierstoffe.html" "Mozilla/4.0 (compatible; MSIE 8.0; Windows NT 5.1; Trident/4.0; GTB6.6)"
188.101.15.175 - - [01/Mar/2011:14:57:23 +0100] "GET /media/catalog/product/cache/2/small_image/170x/9df78eab33525d08d6e5fb8d27136e95/8/1/8100_xclean_5w40_5l.jpg HTTP/1.1" 200 8644 "http://www.markenoele.de/motul-schmierstoffe.html" "Mozilla/4.0 (compatible; MSIE 8.0; Windows NT 5.1; Trident/4.0; GTB6.6)"
188.101.15.175 - - [01/Mar/2011:14:57:24 +0100] "GET /media/catalog/product/cache/2/small_image/170x/9df78eab33525d08d6e5fb8d27136e95/s/p/specific_cng_lpg_1l.jpg HTTP/1.1" 200 8019 "http://www.markenoele.de/motul-schmierstoffe.html" "Mozilla/4.0 (compatible; MSIE 8.0; Windows NT 5.1; Trident/4.0; GTB6.6)"
188.101.15.175 - - [01/Mar/2011:14:57:33 +0100] "GET /motul-schmierstoffe.html?p=2 HTTP/1.1" 200 48804 "http://www.markenoele.de/motul-schmierstoffe.html" "Mozilla/4.0 (compatible; MSIE 8.0; Windows NT 5.1; Trident/4.0; GTB6.6)"
188.101.15.175 - - [01/Mar/2011:14:57:35 +0100] "GET /skin/frontend/esso/standard/images/i_pager-prev.gif HTTP/1.1" 200 158 "http://www.markenoele.de/motul-schmierstoffe.html?p=2" "Mozilla/4.0 (compatible; MSIE 8.0; Windows NT 5.1; Trident/4.0; GTB6.6)"
188.101.15.175 - - [01/Mar/2011:14:57:35 +0100] "GET /media/catalog/product/cache/2/small_image/170x/9df78eab33525d08d6e5fb8d27136e95/s/p/specific_cng_lpl_5l.jpg HTTP/1.1" 200 9255 "http://www.markenoele.de/motul-schmierstoffe.html?p=2" "Mozilla/4.0 (compatible; MSIE 8.0; Windows NT 5.1; Trident/4.0; GTB6.6)"
188.101.15.175 - - [01/Mar/2011:14:57:35 +0100] "GET /media/catalog/product/cache/2/small_image/170x/9df78eab33525d08d6e5fb8d27136e95/f/i/file.jpg HTTP/1.1" 200 8178 "http://www.markenoele.de/motul-schmierstoffe.html?p=2" "Mozilla/4.0 (compatible; MSIE 8.0; Windows NT 5.1; Trident/4.0; GTB6.6)"
188.101.15.175 - - [01/Mar/2011:14:57:35 +0100] "GET /media/catalog/product/cache/2/small_image/170x/9df78eab33525d08d6e5fb8d27136e95/f/i/file_2.jpg HTTP/1.1" 200 8679 "http://www.markenoele.de/motul-schmierstoffe.html?p=2" "Mozilla/4.0 (compatible; MSIE 8.0; Windows NT 5.1; Trident/4.0; GTB6.6)"
188.101.15.175 - - [01/Mar/2011:14:57:35 +0100] "GET /media/catalog/product/cache/2/small_image/170x/9df78eab33525d08d6e5fb8d27136e95/g/e/gear_300_1l.jpg HTTP/1.1" 200 5981 "http://www.markenoele.de/motul-schmierstoffe.html?p=2" "Mozilla/4.0 (compatible; MSIE 8.0; Windows NT 5.1; Trident/4.0; GTB6.6)"
188.101.15.175 - - [01/Mar/2011:14:57:35 +0100] "GET /media/catalog/product/cache/2/small_image/170x/9df78eab33525d08d6e5fb8d27136e95/8/1/8100_ecoclean_5w30_1l.jpg HTTP/1.1" 200 8026 "http://www.markenoele.de/motul-schmierstoffe.html?p=2" "Mozilla/4.0 (compatible; MSIE 8.0; Windows NT 5.1; Trident/4.0; GTB6.6)"
