91.38.28.172 - - [01/Mar/2011:13:46:27 +0100] "GET /motul-8100-x-clean-c3-1l.html HTTP/1.1" 200 29632 "http://www.google.de/search?hl=de&client=firefox-a&hs=SNk&rls=com.ubuntu%3Aen-US%3Aofficial&tbs=shop%3A1&q=MOTUL+8100+X-clean++5W-40&aq=f&aqi=&aql=&oq=" "Mozilla/5.0 (X11; U; Linux i686; en-US; rv:1.9.1.3) Gecko/20091020 Ubuntu/9.10 (karmic) Firefox/3.5.3"
91.38.28.172 - - [01/Mar/2011:13:46:27 +0100] "GET /motul-8100-x-clean-c3-1l.html HTTP/1.1" 200 29632 "http://www.google.de/search?hl=de&client=firefox-a&hs=SNk&rls=com.ubuntu%3Aen-US%3Aofficial&tbs=shop%3A1&q=MOTUL+8100+X-clean++5W-40&aq=f&aqi=&aql=&oq=" "Mozilla/5.0 (X11; U; Linux i686; en-US; rv:1.9.1.3) Gecko/20091020 Ubuntu/9.10 (karmic) Firefox/3.5.3"
91.38.28.172 - - [01/Mar/2011:13:46:27 +0100] "GET /motul-8100-x-clean-c3-1l.html HTTP/1.1" 200 29632 "http://www.google.de/search?hl=de&client=firefox-a&hs=SNk&rls=com.ubuntu%3Aen-US%3Aofficial&tbs=shop%3A1&q=MOTUL+8100+X-clean++5W-40&aq=f&aqi=&aql=&oq=" "Mozilla/5.0 (X11; U; Linux i686; en-US; rv:1.9.1.3) Gecko/20091020 Ubuntu/9.10 (karmic) Firefox/3.5.3"
91.38.28.172 - - [01/Mar/2011:13:47:21 +0100] "GET /motul-8100-x-clean-c3-5l.html HTTP/1.1" 200 29683 "http://www.google.de/search?q=MOTUL+8100+X-clean+SAE+5W-40&hl=de&client=firefox-a&hs=iTk&rls=com.ubuntu:en-US:official&tbs=shop:1&prmd=ivns&ei=qupsTeuvBMzYsgaB18zVBQ&start=10&sa=N" "Mozilla/5.0 (X11; U; Linux i686; en-US; rv:1.9.1.3) Gecko/20091020 Ubuntu/9.10 (karmic) Firefox/3.5.3"
91.38.28.172 - - [01/Mar/2011:13:47:23 +0100] "GET /skin/frontend/base/default/css/baseprice.css HTTP/1.1" 404 1256 "http://www.markenoele.de/motul-8100-x-clean-c3-5l.html" "Mozilla/5.0 (X11; U; Linux i686; en-US; rv:1.9.1.3) Gecko/20091020 Ubuntu/9.10 (karmic) Firefox/3.5.3"
91.38.28.172 - - [01/Mar/2011:13:47:24 +0100] "GET /media/catalog/product/cache/2/thumbnail2/250x250/9df78eab33525d08d6e5fb8d27136e95/8/1/8100_xclean_5w40_5l.jpg HTTP/1.1" 200 15339 "http://www.markenoele.de/motul-8100-x-clean-c3-5l.html" "Mozilla/5.0 (X11; U; Linux i686; en-US; rv:1.9.1.3) Gecko/20091020 Ubuntu/9.10 (karmic) Firefox/3.5.3"
91.38.28.172 - - [01/Mar/2011:13:47:25 +0100] "GET /skin/frontend/esso/standard/images/jqzoon_lens.png HTTP/1.1" 404 1256 "http://www.markenoele.de/skin/frontend/esso/standard/css/jqzoom.css" "Mozilla/5.0 (X11; U; Linux i686; en-US; rv:1.9.1.3) Gecko/20091020 Ubuntu/9.10 (karmic) Firefox/3.5.3"
91.38.28.172 - - [01/Mar/2011:13:47:25 +0100] "GET /media/catalog/product/8/1/8100_xclean_5w40_5l.jpg HTTP/1.1" 200 3099642 "http://www.markenoele.de/motul-8100-x-clean-c3-5l.html" "Mozilla/5.0 (X11; U; Linux i686; en-US; rv:1.9.1.3) Gecko/20091020 Ubuntu/9.10 (karmic) Firefox/3.5.3"
91.38.28.172 - - [01/Mar/2011:13:48:11 +0100] "GET /motul-8100-x-clean-c3-5l.html HTTP/1.1" 200 29683 "http://www.google.de/search?q=MOTUL+8100+X-clean+SAE+5W-40&hl=de&client=firefox-a&hs=iTk&rls=com.ubuntu:en-US:official&tbs=shop:1&prmd=ivns&ei=qupsTeuvBMzYsgaB18zVBQ&start=10&sa=N" "Mozilla/5.0 (X11; U; Linux i686; en-US; rv:1.9.1.3) Gecko/20091020 Ubuntu/9.10 (karmic) Firefox/3.5.3"
91.38.28.172 - - [01/Mar/2011:13:48:13 +0100] "GET /skin/frontend/base/default/css/baseprice.css HTTP/1.1" 404 1256 "http://www.markenoele.de/motul-8100-x-clean-c3-5l.html" "Mozilla/5.0 (X11; U; Linux i686; en-US; rv:1.9.1.3) Gecko/20091020 Ubuntu/9.10 (karmic) Firefox/3.5.3"
91.38.28.172 - - [01/Mar/2011:13:48:17 +0100] "GET /skin/frontend/esso/standard/images/jqzoon_lens.png HTTP/1.1" 404 1256 "http://www.markenoele.de/skin/frontend/esso/standard/css/jqzoom.css" "Mozilla/5.0 (X11; U; Linux i686; en-US; rv:1.9.1.3) Gecko/20091020 Ubuntu/9.10 (karmic) Firefox/3.5.3"
192.168.10.34 - - [01/Mar/2011:13:51:26 +0100] "GET /functions/abrechnung.php HTTP/1.1" 302 31479 "http://www.markenoele.de/functions/abrechnung.php" "Mozilla/5.0 (Windows; U; Windows NT 6.1; de; rv:1.9.2.13) Gecko/20101203 Firefox/3.6.13"
192.168.10.34 - - [01/Mar/2011:13:51:26 +0100] "GET /functions/index.php HTTP/1.1" 200 1833 "http://www.markenoele.de/functions/abrechnung.php" "Mozilla/5.0 (Windows; U; Windows NT 6.1; de; rv:1.9.2.13) Gecko/20101203 Firefox/3.6.13"
192.168.10.34 - - [01/Mar/2011:13:51:26 +0100] "GET /favicon.ico HTTP/1.1" 200 3638 "-" "Mozilla/5.0 (Windows; U; Windows NT 6.1; de; rv:1.9.2.13) Gecko/20101203 Firefox/3.6.13"
192.168.10.34 - - [01/Mar/2011:13:51:28 +0100] "POST /functions/index.php HTTP/1.1" 302 2148 "http://www.markenoele.de/functions/index.php" "Mozilla/5.0 (Windows; U; Windows NT 6.1; de; rv:1.9.2.13) Gecko/20101203 Firefox/3.6.13"
192.168.10.34 - - [01/Mar/2011:13:51:29 +0100] "GET /functions/abrechnung.php HTTP/1.1" 200 31821 "http://www.markenoele.de/functions/index.php" "Mozilla/5.0 (Windows; U; Windows NT 6.1; de; rv:1.9.2.13) Gecko/20101203 Firefox/3.6.13"
192.168.10.33 - - [01/Mar/2011:13:52:21 +0100] "GET /index.php/admin/sales_invoice/index/key/2895dba75fa0b8798db6f76a20b30332/ HTTP/1.1" 200 107093 "http://www.markenoele.de/index.php/admin/catalog_product/index/key/521fc416e33e5b8c446d7e86ff7d5a05/" "Mozilla/5.0 (Windows; U; Windows NT 6.1; de; rv:1.9.2.13) Gecko/20101203 Firefox/3.6.13"
192.168.10.33 - - [01/Mar/2011:13:52:30 +0100] "POST /index.php/admin/sales_invoice/pdfinvoices/key/1548784df314662ecd2332bf82ee3645/ HTTP/1.1" 200 31512 "http://www.markenoele.de/index.php/admin/sales_invoice/index/key/2895dba75fa0b8798db6f76a20b30332/" "Mozilla/5.0 (Windows; U; Windows NT 6.1; de; rv:1.9.2.13) Gecko/20101203 Firefox/3.6.13"
192.168.10.34 - - [01/Mar/2011:13:54:26 +0100] "GET /functions/abrechnung.php?von_datum=01.03.2011&bis_datum=31.03.2011&sortierung=RechnungsNr&richtung=DESC&where= HTTP/1.1" 200 18427 "http://www.markenoele.de/functions/abrechnung.php" "Mozilla/5.0 (Windows; U; Windows NT 6.1; de; rv:1.9.2.13) Gecko/20101203 Firefox/3.6.13"
192.168.10.33 - - [01/Mar/2011:13:56:10 +0100] "GET /functions/spezialpreise.php HTTP/1.1" 200 42128 "http://www.markenoele.de/functions/spezialpreise.php?sortierung=Aktion%20bis&richtung=" "Mozilla/5.0 (Windows; U; Windows NT 6.1; de; rv:1.9.2.13) Gecko/20101203 Firefox/3.6.13"
192.168.10.33 - - [01/Mar/2011:13:56:13 +0100] "GET /functions/spezialpreise.php?sortierung=Artikel%20neu%20bis&richtung= HTTP/1.1" 200 42178 "http://www.markenoele.de/functions/spezialpreise.php" "Mozilla/5.0 (Windows; U; Windows NT 6.1; de; rv:1.9.2.13) Gecko/20101203 Firefox/3.6.13"
216.104.15.138 - - [01/Mar/2011:13:56:17 +0100] "GET /motul-schmierstoffe/snowmobile/motul-snowpower-2t-1l.html HTTP/1.0" 200 32889 "-" "Mozilla/4.0 (compatible; MSIE 6.0; Windows NT 5.1)"
192.168.10.34 - - [01/Mar/2011:13:56:22 +0100] "GET /functions/abrechnung.php?von_datum=01.03.2011&bis_datum=31.03.2011&sortierung=RechnungsNr&richtung=DESC&where= HTTP/1.1" 200 18828 "http://www.markenoele.de/functions/abrechnung.php" "Mozilla/5.0 (Windows; U; Windows NT 6.1; de; rv:1.9.2.13) Gecko/20101203 Firefox/3.6.13"
192.168.10.33 - - [01/Mar/2011:13:56:27 +0100] "GET /index.php/admin/catalog_product/index/key/521fc416e33e5b8c446d7e86ff7d5a05/ HTTP/1.1" 200 70058 "http://www.markenoele.de/index.php/admin/sales_invoice/index/key/2895dba75fa0b8798db6f76a20b30332/" "Mozilla/5.0 (Windows; U; Windows NT 6.1; de; rv:1.9.2.13) Gecko/20101203 Firefox/3.6.13"
192.168.10.33 - - [01/Mar/2011:13:56:36 +0100] "POST /index.php/admin/catalog_product/grid/key/5580d629102841daa41eb95288c1167d/product_filter/c2t1PTg0MzkwMiZwcmljZSU1QmN1cnJlbmN5JTVEPUVVUg==/?ajax=true&isAjax=true HTTP/1.1" 200 15159 "http://www.markenoele.de/index.php/admin/catalog_product/index/key/521fc416e33e5b8c446d7e86ff7d5a05/" "Mozilla/5.0 (Windows; U; Windows NT 6.1; de; rv:1.9.2.13) Gecko/20101203 Firefox/3.6.13"
192.168.10.33 - - [01/Mar/2011:13:56:40 +0100] "GET /index.php/admin/catalog_product/edit/id/118/key/d84699a8e97201c7f2ae81fc61eb1d5d/ HTTP/1.1" 200 146751 "http://www.markenoele.de/index.php/admin/catalog_product/index/key/521fc416e33e5b8c446d7e86ff7d5a05/" "Mozilla/5.0 (Windows; U; Windows NT 6.1; de; rv:1.9.2.13) Gecko/20101203 Firefox/3.6.13"
192.168.10.34 - - [01/Mar/2011:13:56:46 +0100] "GET /functions/abrechnung.php?von_datum=01.03.2011&bis_datum=31.03.2011&sortierung=RechnungsNr&richtung=DESC&where= HTTP/1.1" 200 18840 "http://www.markenoele.de/functions/abrechnung.php" "Mozilla/5.0 (Windows; U; Windows NT 6.1; de; rv:1.9.2.13) Gecko/20101203 Firefox/3.6.13"
192.168.10.33 - - [01/Mar/2011:13:56:48 +0100] "POST /index.php/admin/catalog_product/validate/id/118/key/45d4f9829f918a25226801bcfe9dc8f9/?isAjax=true HTTP/1.1" 200 15 "http://www.markenoele.de/index.php/admin/catalog_product/edit/id/118/key/d84699a8e97201c7f2ae81fc61eb1d5d/" "Mozilla/5.0 (Windows; U; Windows NT 6.1; de; rv:1.9.2.13) Gecko/20101203 Firefox/3.6.13"
192.168.10.33 - - [01/Mar/2011:13:56:49 +0100] "POST /index.php/admin/catalog_product/save/id/118/key/b6283cee5bb53fcf978fdc4fa77082cc/ HTTP/1.1" 302 - "http://www.markenoele.de/index.php/admin/catalog_product/edit/id/118/key/d84699a8e97201c7f2ae81fc61eb1d5d/" "Mozilla/5.0 (Windows; U; Windows NT 6.1; de; rv:1.9.2.13) Gecko/20101203 Firefox/3.6.13"
192.168.10.33 - - [01/Mar/2011:13:56:54 +0100] "GET /index.php/admin/catalog_product/index/key/521fc416e33e5b8c446d7e86ff7d5a05/ HTTP/1.1" 200 70281 "http://www.markenoele.de/index.php/admin/catalog_product/edit/id/118/key/d84699a8e97201c7f2ae81fc61eb1d5d/" "Mozilla/5.0 (Windows; U; Windows NT 6.1; de; rv:1.9.2.13) Gecko/20101203 Firefox/3.6.13"
192.168.10.33 - - [01/Mar/2011:13:56:59 +0100] "POST /index.php/admin/catalog_product/grid/key/5580d629102841daa41eb95288c1167d/product_filter/c2t1PTgyNjkwNyZwcmljZSU1QmN1cnJlbmN5JTVEPUVVUg==/?ajax=true&isAjax=true HTTP/1.1" 200 15165 "http://www.markenoele.de/index.php/admin/catalog_product/index/key/521fc416e33e5b8c446d7e86ff7d5a05/" "Mozilla/5.0 (Windows; U; Windows NT 6.1; de; rv:1.9.2.13) Gecko/20101203 Firefox/3.6.13"
192.168.10.33 - - [01/Mar/2011:13:57:02 +0100] "GET /index.php/admin/catalog_product/edit/id/169/key/d84699a8e97201c7f2ae81fc61eb1d5d/ HTTP/1.1" 200 146893 "http://www.markenoele.de/index.php/admin/catalog_product/index/key/521fc416e33e5b8c446d7e86ff7d5a05/" "Mozilla/5.0 (Windows; U; Windows NT 6.1; de; rv:1.9.2.13) Gecko/20101203 Firefox/3.6.13"
192.168.10.33 - - [01/Mar/2011:13:57:10 +0100] "POST /index.php/admin/catalog_product/validate/id/169/key/45d4f9829f918a25226801bcfe9dc8f9/?isAjax=true HTTP/1.1" 200 15 "http://www.markenoele.de/index.php/admin/catalog_product/edit/id/169/key/d84699a8e97201c7f2ae81fc61eb1d5d/" "Mozilla/5.0 (Windows; U; Windows NT 6.1; de; rv:1.9.2.13) Gecko/20101203 Firefox/3.6.13"
192.168.10.33 - - [01/Mar/2011:13:57:12 +0100] "POST /index.php/admin/catalog_product/save/id/169/key/b6283cee5bb53fcf978fdc4fa77082cc/ HTTP/1.1" 302 - "http://www.markenoele.de/index.php/admin/catalog_product/edit/id/169/key/d84699a8e97201c7f2ae81fc61eb1d5d/" "Mozilla/5.0 (Windows; U; Windows NT 6.1; de; rv:1.9.2.13) Gecko/20101203 Firefox/3.6.13"
192.168.10.33 - - [01/Mar/2011:13:57:15 +0100] "GET /index.php/admin/catalog_product/index/key/521fc416e33e5b8c446d7e86ff7d5a05/ HTTP/1.1" 200 70287 "http://www.markenoele.de/index.php/admin/catalog_product/edit/id/169/key/d84699a8e97201c7f2ae81fc61eb1d5d/" "Mozilla/5.0 (Windows; U; Windows NT 6.1; de; rv:1.9.2.13) Gecko/20101203 Firefox/3.6.13"
192.168.10.33 - - [01/Mar/2011:13:57:20 +0100] "POST /index.php/admin/catalog_product/grid/key/5580d629102841daa41eb95288c1167d/product_filter/c2t1PTgzNjExMSZwcmljZSU1QmN1cnJlbmN5JTVEPUVVUg==/?ajax=true&isAjax=true HTTP/1.1" 200 15169 "http://www.markenoele.de/index.php/admin/catalog_product/index/key/521fc416e33e5b8c446d7e86ff7d5a05/" "Mozilla/5.0 (Windows; U; Windows NT 6.1; de; rv:1.9.2.13) Gecko/20101203 Firefox/3.6.13"
192.168.10.33 - - [01/Mar/2011:13:57:23 +0100] "GET /index.php/admin/catalog_product/edit/id/75/key/d84699a8e97201c7f2ae81fc61eb1d5d/ HTTP/1.1" 200 146913 "http://www.markenoele.de/index.php/admin/catalog_product/index/key/521fc416e33e5b8c446d7e86ff7d5a05/" "Mozilla/5.0 (Windows; U; Windows NT 6.1; de; rv:1.9.2.13) Gecko/20101203 Firefox/3.6.13"
192.168.10.33 - - [01/Mar/2011:13:57:33 +0100] "POST /index.php/admin/catalog_product/validate/id/75/key/45d4f9829f918a25226801bcfe9dc8f9/?isAjax=true HTTP/1.1" 200 15 "http://www.markenoele.de/index.php/admin/catalog_product/edit/id/75/key/d84699a8e97201c7f2ae81fc61eb1d5d/" "Mozilla/5.0 (Windows; U; Windows NT 6.1; de; rv:1.9.2.13) Gecko/20101203 Firefox/3.6.13"
192.168.10.33 - - [01/Mar/2011:13:57:34 +0100] "POST /index.php/admin/catalog_product/save/id/75/key/b6283cee5bb53fcf978fdc4fa77082cc/ HTTP/1.1" 302 - "http://www.markenoele.de/index.php/admin/catalog_product/edit/id/75/key/d84699a8e97201c7f2ae81fc61eb1d5d/" "Mozilla/5.0 (Windows; U; Windows NT 6.1; de; rv:1.9.2.13) Gecko/20101203 Firefox/3.6.13"
192.168.10.33 - - [01/Mar/2011:13:57:39 +0100] "GET /index.php/admin/catalog_product/index/key/521fc416e33e5b8c446d7e86ff7d5a05/ HTTP/1.1" 200 70291 "http://www.markenoele.de/index.php/admin/catalog_product/edit/id/75/key/d84699a8e97201c7f2ae81fc61eb1d5d/" "Mozilla/5.0 (Windows; U; Windows NT 6.1; de; rv:1.9.2.13) Gecko/20101203 Firefox/3.6.13"
192.168.10.33 - - [01/Mar/2011:13:57:47 +0100] "POST /index.php/admin/catalog_product/grid/key/5580d629102841daa41eb95288c1167d/product_filter/c2t1PTgyNTkwMiZwcmljZSU1QmN1cnJlbmN5JTVEPUVVUg==/?ajax=true&isAjax=true HTTP/1.1" 200 15161 "http://www.markenoele.de/index.php/admin/catalog_product/index/key/521fc416e33e5b8c446d7e86ff7d5a05/" "Mozilla/5.0 (Windows; U; Windows NT 6.1; de; rv:1.9.2.13) Gecko/20101203 Firefox/3.6.13"
192.168.10.33 - - [01/Mar/2011:13:58:03 +0100] "GET /index.php/admin/catalog_product/edit/id/66/key/d84699a8e97201c7f2ae81fc61eb1d5d/ HTTP/1.1" 200 146947 "http://www.markenoele.de/index.php/admin/catalog_product/index/key/521fc416e33e5b8c446d7e86ff7d5a05/" "Mozilla/5.0 (Windows; U; Windows NT 6.1; de; rv:1.9.2.13) Gecko/20101203 Firefox/3.6.13"
192.168.10.33 - - [01/Mar/2011:13:58:11 +0100] "POST /index.php/admin/catalog_product/validate/id/66/key/45d4f9829f918a25226801bcfe9dc8f9/?isAjax=true HTTP/1.1" 200 15 "http://www.markenoele.de/index.php/admin/catalog_product/edit/id/66/key/d84699a8e97201c7f2ae81fc61eb1d5d/" "Mozilla/5.0 (Windows; U; Windows NT 6.1; de; rv:1.9.2.13) Gecko/20101203 Firefox/3.6.13"
192.168.10.33 - - [01/Mar/2011:13:58:12 +0100] "POST /index.php/admin/catalog_product/save/id/66/key/b6283cee5bb53fcf978fdc4fa77082cc/ HTTP/1.1" 302 - "http://www.markenoele.de/index.php/admin/catalog_product/edit/id/66/key/d84699a8e97201c7f2ae81fc61eb1d5d/" "Mozilla/5.0 (Windows; U; Windows NT 6.1; de; rv:1.9.2.13) Gecko/20101203 Firefox/3.6.13"
192.168.10.33 - - [01/Mar/2011:13:58:16 +0100] "GET /index.php/admin/catalog_product/index/key/521fc416e33e5b8c446d7e86ff7d5a05/ HTTP/1.1" 200 70283 "http://www.markenoele.de/index.php/admin/catalog_product/edit/id/66/key/d84699a8e97201c7f2ae81fc61eb1d5d/" "Mozilla/5.0 (Windows; U; Windows NT 6.1; de; rv:1.9.2.13) Gecko/20101203 Firefox/3.6.13"
192.168.10.33 - - [01/Mar/2011:13:58:22 +0100] "GET /functions/spezialpreise.php?sortierung=Artikel%20neu%20bis&richtung=ASC HTTP/1.1" 200 42098 "http://www.markenoele.de/functions/spezialpreise.php?sortierung=Artikel%20neu%20bis&richtung=" "Mozilla/5.0 (Windows; U; Windows NT 6.1; de; rv:1.9.2.13) Gecko/20101203 Firefox/3.6.13"
192.168.10.34 - - [01/Mar/2011:13:58:34 +0100] "GET /functions/abrechnung.php HTTP/1.1" 200 32234 "http://www.markenoele.de/functions/abrechnung.php?von_datum=01.03.2011&bis_datum=31.03.2011&sortierung=RechnungsNr&richtung=DESC&where=" "Mozilla/5.0 (Windows; U; Windows NT 6.1; de; rv:1.9.2.13) Gecko/20101203 Firefox/3.6.13"
192.168.10.33 - - [01/Mar/2011:13:58:36 +0100] "POST /index.php/admin/catalog_product/grid/key/5580d629102841daa41eb95288c1167d/product_filter/c2t1PTgzNjU0MSZwcmljZSU1QmN1cnJlbmN5JTVEPUVVUg==/?ajax=true&isAjax=true HTTP/1.1" 200 15156 "http://www.markenoele.de/index.php/admin/catalog_product/index/key/521fc416e33e5b8c446d7e86ff7d5a05/" "Mozilla/5.0 (Windows; U; Windows NT 6.1; de; rv:1.9.2.13) Gecko/20101203 Firefox/3.6.13"
192.168.10.34 - - [01/Mar/2011:13:58:39 +0100] "GET /functions/abrechnung.php?von_datum=01.03.2011&bis_datum=31.03.2011&von_renr=200637481+&bis_renr=200637481+&sortierung=RechnungsNr&richtung=DESC&where= HTTP/1.1" 200 18860 "http://www.markenoele.de/functions/abrechnung.php" "Mozilla/5.0 (Windows; U; Windows NT 6.1; de; rv:1.9.2.13) Gecko/20101203 Firefox/3.6.13"
192.168.10.33 - - [01/Mar/2011:13:58:39 +0100] "GET /index.php/admin/catalog_product/edit/id/50/key/d84699a8e97201c7f2ae81fc61eb1d5d/ HTTP/1.1" 200 147057 "http://www.markenoele.de/index.php/admin/catalog_product/index/key/521fc416e33e5b8c446d7e86ff7d5a05/" "Mozilla/5.0 (Windows; U; Windows NT 6.1; de; rv:1.9.2.13) Gecko/20101203 Firefox/3.6.13"
192.168.10.34 - - [01/Mar/2011:13:58:46 +0100] "GET /functions/abrechnung.php?von_datum=01.03.2011&bis_datum=31.03.2011&von_renr=200637481+&bis_renr=&sortierung=RechnungsNr&richtung=DESC&where= HTTP/1.1" 200 18850 "http://www.markenoele.de/functions/abrechnung.php?von_datum=01.03.2011&bis_datum=31.03.2011&von_renr=200637481+&bis_renr=200637481+&sortierung=RechnungsNr&richtung=DESC&where=" "Mozilla/5.0 (Windows; U; Windows NT 6.1; de; rv:1.9.2.13) Gecko/20101203 Firefox/3.6.13"
192.168.10.33 - - [01/Mar/2011:13:58:47 +0100] "POST /index.php/admin/catalog_product/validate/id/50/key/45d4f9829f918a25226801bcfe9dc8f9/?isAjax=true HTTP/1.1" 200 15 "http://www.markenoele.de/index.php/admin/catalog_product/edit/id/50/key/d84699a8e97201c7f2ae81fc61eb1d5d/" "Mozilla/5.0 (Windows; U; Windows NT 6.1; de; rv:1.9.2.13) Gecko/20101203 Firefox/3.6.13"
192.168.10.34 - - [01/Mar/2011:13:58:52 +0100] "GET /functions/abrechnung.php?von_datum=01.03.2011&bis_datum=31.03.2011&von_renr=200637481+&bis_renr=200637482&sortierung=RechnungsNr&richtung=DESC&where= HTTP/1.1" 200 18859 "http://www.markenoele.de/functions/abrechnung.php?von_datum=01.03.2011&bis_datum=31.03.2011&von_renr=200637481+&bis_renr=&sortierung=RechnungsNr&richtung=DESC&where=" "Mozilla/5.0 (Windows; U; Windows NT 6.1; de; rv:1.9.2.13) Gecko/20101203 Firefox/3.6.13"
192.168.10.33 - - [01/Mar/2011:13:58:48 +0100] "POST /index.php/admin/catalog_product/save/id/50/key/b6283cee5bb53fcf978fdc4fa77082cc/ HTTP/1.1" 302 - "http://www.markenoele.de/index.php/admin/catalog_product/edit/id/50/key/d84699a8e97201c7f2ae81fc61eb1d5d/" "Mozilla/5.0 (Windows; U; Windows NT 6.1; de; rv:1.9.2.13) Gecko/20101203 Firefox/3.6.13"
192.168.10.34 - - [01/Mar/2011:13:58:55 +0100] "GET /functions/abrechnung.php?von_datum=01.03.2011&bis_datum=31.03.2011&von_renr=200637481+&bis_renr=200637482&sortierung=RechnungsNr&richtung=DESC&where= HTTP/1.1" 200 18859 "http://www.markenoele.de/functions/abrechnung.php?von_datum=01.03.2011&bis_datum=31.03.2011&von_renr=200637481+&bis_renr=200637482&sortierung=RechnungsNr&richtung=DESC&where=" "Mozilla/5.0 (Windows; U; Windows NT 6.1; de; rv:1.9.2.13) Gecko/20101203 Firefox/3.6.13"
192.168.10.33 - - [01/Mar/2011:13:58:54 +0100] "GET /index.php/admin/catalog_product/index/key/521fc416e33e5b8c446d7e86ff7d5a05/ HTTP/1.1" 200 70278 "http://www.markenoele.de/index.php/admin/catalog_product/edit/id/50/key/d84699a8e97201c7f2ae81fc61eb1d5d/" "Mozilla/5.0 (Windows; U; Windows NT 6.1; de; rv:1.9.2.13) Gecko/20101203 Firefox/3.6.13"
192.168.10.34 - - [01/Mar/2011:13:58:58 +0100] "GET /functions/abrechnung.php?von_datum=01.03.2011&bis_datum=31.03.2011&von_renr=200637481+&bis_renr=200637482&sortierung=RechnungsNr&richtung=DESC&where= HTTP/1.1" 200 18859 "http://www.markenoele.de/functions/abrechnung.php?von_datum=01.03.2011&bis_datum=31.03.2011&von_renr=200637481+&bis_renr=200637482&sortierung=RechnungsNr&richtung=DESC&where=" "Mozilla/5.0 (Windows; U; Windows NT 6.1; de; rv:1.9.2.13) Gecko/20101203 Firefox/3.6.13"
192.168.10.34 - - [01/Mar/2011:13:59:02 +0100] "GET /functions/abrechnung.php?von_datum=01.03.2011&bis_datum=31.03.2011&von_renr=200637481+&bis_renr=200637482&sortierung=RechnungsNr&richtung=DESC&where=Status_complete HTTP/1.1" 200 6221 "http://www.markenoele.de/functions/abrechnung.php?von_datum=01.03.2011&bis_datum=31.03.2011&von_renr=200637481+&bis_renr=200637482&sortierung=RechnungsNr&richtung=DESC&where=" "Mozilla/5.0 (Windows; U; Windows NT 6.1; de; rv:1.9.2.13) Gecko/20101203 Firefox/3.6.13"
192.168.10.34 - - [01/Mar/2011:13:59:08 +0100] "GET /functions/abrechnung.php?von_datum=01.03.2011&bis_datum=31.03.2011&von_renr=200637481+&bis_renr=200637481+&sortierung=RechnungsNr&richtung=DESC&where=Status_complete HTTP/1.1" 200 6222 "http://www.markenoele.de/functions/abrechnung.php?von_datum=01.03.2011&bis_datum=31.03.2011&von_renr=200637481+&bis_renr=200637482&sortierung=RechnungsNr&richtung=DESC&where=Status_complete" "Mozilla/5.0 (Windows; U; Windows NT 6.1; de; rv:1.9.2.13) Gecko/20101203 Firefox/3.6.13"
192.168.10.33 - - [01/Mar/2011:13:59:08 +0100] "POST /index.php/admin/catalog_product/grid/key/5580d629102841daa41eb95288c1167d/product_filter/c2t1PTgxODkxNiZwcmljZSU1QmN1cnJlbmN5JTVEPUVVUg==/?ajax=true&isAjax=true HTTP/1.1" 200 15164 "http://www.markenoele.de/index.php/admin/catalog_product/index/key/521fc416e33e5b8c446d7e86ff7d5a05/" "Mozilla/5.0 (Windows; U; Windows NT 6.1; de; rv:1.9.2.13) Gecko/20101203 Firefox/3.6.13"
192.168.10.33 - - [01/Mar/2011:13:59:12 +0100] "GET /index.php/admin/catalog_product/edit/id/112/key/d84699a8e97201c7f2ae81fc61eb1d5d/ HTTP/1.1" 200 146916 "http://www.markenoele.de/index.php/admin/catalog_product/index/key/521fc416e33e5b8c446d7e86ff7d5a05/" "Mozilla/5.0 (Windows; U; Windows NT 6.1; de; rv:1.9.2.13) Gecko/20101203 Firefox/3.6.13"
192.168.10.33 - - [01/Mar/2011:13:59:19 +0100] "POST /index.php/admin/catalog_product/validate/id/112/key/45d4f9829f918a25226801bcfe9dc8f9/?isAjax=true HTTP/1.1" 200 15 "http://www.markenoele.de/index.php/admin/catalog_product/edit/id/112/key/d84699a8e97201c7f2ae81fc61eb1d5d/" "Mozilla/5.0 (Windows; U; Windows NT 6.1; de; rv:1.9.2.13) Gecko/20101203 Firefox/3.6.13"
192.168.10.33 - - [01/Mar/2011:13:59:20 +0100] "POST /index.php/admin/catalog_product/save/id/112/key/b6283cee5bb53fcf978fdc4fa77082cc/ HTTP/1.1" 302 - "http://www.markenoele.de/index.php/admin/catalog_product/edit/id/112/key/d84699a8e97201c7f2ae81fc61eb1d5d/" "Mozilla/5.0 (Windows; U; Windows NT 6.1; de; rv:1.9.2.13) Gecko/20101203 Firefox/3.6.13"
192.168.10.33 - - [01/Mar/2011:13:59:25 +0100] "GET /functions/spezialpreise.php?sortierung=Artikel%20neu%20bis&richtung=ASC HTTP/1.1" 200 42058 "http://www.markenoele.de/functions/spezialpreise.php?sortierung=Artikel%20neu%20bis&richtung=ASC" "Mozilla/5.0 (Windows; U; Windows NT 6.1; de; rv:1.9.2.13) Gecko/20101203 Firefox/3.6.13"
192.168.10.33 - - [01/Mar/2011:13:59:23 +0100] "GET /index.php/admin/catalog_product/index/key/521fc416e33e5b8c446d7e86ff7d5a05/ HTTP/1.1" 200 70286 "http://www.markenoele.de/index.php/admin/catalog_product/edit/id/112/key/d84699a8e97201c7f2ae81fc61eb1d5d/" "Mozilla/5.0 (Windows; U; Windows NT 6.1; de; rv:1.9.2.13) Gecko/20101203 Firefox/3.6.13"
192.168.10.33 - - [01/Mar/2011:13:59:39 +0100] "POST /index.php/admin/catalog_product/grid/key/5580d629102841daa41eb95288c1167d/product_filter/c2t1PTgzNzUxMSZwcmljZSU1QmN1cnJlbmN5JTVEPUVVUg==/?ajax=true&isAjax=true HTTP/1.1" 200 15157 "http://www.markenoele.de/index.php/admin/catalog_product/index/key/521fc416e33e5b8c446d7e86ff7d5a05/" "Mozilla/5.0 (Windows; U; Windows NT 6.1; de; rv:1.9.2.13) Gecko/20101203 Firefox/3.6.13"
192.168.10.33 - - [01/Mar/2011:13:59:41 +0100] "GET /index.php/admin/catalog_product/edit/id/57/key/d84699a8e97201c7f2ae81fc61eb1d5d/ HTTP/1.1" 200 146621 "http://www.markenoele.de/index.php/admin/catalog_product/index/key/521fc416e33e5b8c446d7e86ff7d5a05/" "Mozilla/5.0 (Windows; U; Windows NT 6.1; de; rv:1.9.2.13) Gecko/20101203 Firefox/3.6.13"
192.168.10.33 - - [01/Mar/2011:13:59:48 +0100] "POST /index.php/admin/catalog_product/validate/id/57/key/45d4f9829f918a25226801bcfe9dc8f9/?isAjax=true HTTP/1.1" 200 15 "http://www.markenoele.de/index.php/admin/catalog_product/edit/id/57/key/d84699a8e97201c7f2ae81fc61eb1d5d/" "Mozilla/5.0 (Windows; U; Windows NT 6.1; de; rv:1.9.2.13) Gecko/20101203 Firefox/3.6.13"
192.168.10.33 - - [01/Mar/2011:13:59:49 +0100] "POST /index.php/admin/catalog_product/save/id/57/key/b6283cee5bb53fcf978fdc4fa77082cc/ HTTP/1.1" 302 - "http://www.markenoele.de/index.php/admin/catalog_product/edit/id/57/key/d84699a8e97201c7f2ae81fc61eb1d5d/" "Mozilla/5.0 (Windows; U; Windows NT 6.1; de; rv:1.9.2.13) Gecko/20101203 Firefox/3.6.13"
192.168.10.33 - - [01/Mar/2011:13:59:53 +0100] "GET /index.php/admin/catalog_product/index/key/521fc416e33e5b8c446d7e86ff7d5a05/ HTTP/1.1" 200 70279 "http://www.markenoele.de/index.php/admin/catalog_product/edit/id/57/key/d84699a8e97201c7f2ae81fc61eb1d5d/" "Mozilla/5.0 (Windows; U; Windows NT 6.1; de; rv:1.9.2.13) Gecko/20101203 Firefox/3.6.13"
192.168.10.33 - - [01/Mar/2011:13:59:58 +0100] "POST /index.php/admin/catalog_product/grid/key/5580d629102841daa41eb95288c1167d/product_filter/c2t1PTgzNzMxMSUyMCZwcmljZSU1QmN1cnJlbmN5JTVEPUVVUg==/?ajax=true&isAjax=true HTTP/1.1" 200 12498 "http://www.markenoele.de/index.php/admin/catalog_product/index/key/521fc416e33e5b8c446d7e86ff7d5a05/" "Mozilla/5.0 (Windows; U; Windows NT 6.1; de; rv:1.9.2.13) Gecko/20101203 Firefox/3.6.13"
192.168.10.33 - - [01/Mar/2011:14:00:01 +0100] "POST /index.php/admin/catalog_product/grid/key/5580d629102841daa41eb95288c1167d/product_filter/c2t1PTgzNzMxMSZwcmljZSU1QmN1cnJlbmN5JTVEPUVVUg==/?ajax=true&isAjax=true HTTP/1.1" 200 15149 "http://www.markenoele.de/index.php/admin/catalog_product/index/key/521fc416e33e5b8c446d7e86ff7d5a05/" "Mozilla/5.0 (Windows; U; Windows NT 6.1; de; rv:1.9.2.13) Gecko/20101203 Firefox/3.6.13"
192.168.10.34 - - [01/Mar/2011:14:00:03 +0100] "GET /functions/abrechnung.php?von_datum=01.03.2011&bis_datum=31.03.2011&von_renr=200637481+&bis_renr=200637481+&sortierung=RechnungsNr&richtung=DESC&where=Status_complete HTTP/1.1" 200 6222 "http://www.markenoele.de/functions/abrechnung.php?von_datum=01.03.2011&bis_datum=31.03.2011&von_renr=200637481+&bis_renr=200637482&sortierung=RechnungsNr&richtung=DESC&where=Status_complete" "Mozilla/5.0 (Windows; U; Windows NT 6.1; de; rv:1.9.2.13) Gecko/20101203 Firefox/3.6.13"
192.168.10.34 - - [01/Mar/2011:14:00:05 +0100] "GET /functions/abrechnung.php?von_datum=01.03.2011&bis_datum=31.03.2011&von_renr=200637481+&bis_renr=200637481+&sortierung=RechnungsNr&richtung=DESC&where=Status_complete HTTP/1.1" 200 6222 "http://www.markenoele.de/functions/abrechnung.php?von_datum=01.03.2011&bis_datum=31.03.2011&von_renr=200637481+&bis_renr=200637481+&sortierung=RechnungsNr&richtung=DESC&where=Status_complete" "Mozilla/5.0 (Windows; U; Windows NT 6.1; de; rv:1.9.2.13) Gecko/20101203 Firefox/3.6.13"
192.168.10.33 - - [01/Mar/2011:14:00:05 +0100] "GET /index.php/admin/catalog_product/edit/id/59/key/d84699a8e97201c7f2ae81fc61eb1d5d/ HTTP/1.1" 200 146794 "http://www.markenoele.de/index.php/admin/catalog_product/index/key/521fc416e33e5b8c446d7e86ff7d5a05/" "Mozilla/5.0 (Windows; U; Windows NT 6.1; de; rv:1.9.2.13) Gecko/20101203 Firefox/3.6.13"
192.168.10.33 - - [01/Mar/2011:14:00:13 +0100] "POST /index.php/admin/catalog_product/validate/id/59/key/45d4f9829f918a25226801bcfe9dc8f9/?isAjax=true HTTP/1.1" 200 15 "http://www.markenoele.de/index.php/admin/catalog_product/edit/id/59/key/d84699a8e97201c7f2ae81fc61eb1d5d/" "Mozilla/5.0 (Windows; U; Windows NT 6.1; de; rv:1.9.2.13) Gecko/20101203 Firefox/3.6.13"
192.168.10.33 - - [01/Mar/2011:14:00:14 +0100] "POST /index.php/admin/catalog_product/save/id/59/key/b6283cee5bb53fcf978fdc4fa77082cc/ HTTP/1.1" 302 - "http://www.markenoele.de/index.php/admin/catalog_product/edit/id/59/key/d84699a8e97201c7f2ae81fc61eb1d5d/" "Mozilla/5.0 (Windows; U; Windows NT 6.1; de; rv:1.9.2.13) Gecko/20101203 Firefox/3.6.13"
192.168.10.33 - - [01/Mar/2011:14:00:18 +0100] "GET /index.php/admin/catalog_product/index/key/521fc416e33e5b8c446d7e86ff7d5a05/ HTTP/1.1" 200 70271 "http://www.markenoele.de/index.php/admin/catalog_product/edit/id/59/key/d84699a8e97201c7f2ae81fc61eb1d5d/" "Mozilla/5.0 (Windows; U; Windows NT 6.1; de; rv:1.9.2.13) Gecko/20101203 Firefox/3.6.13"
192.168.10.33 - - [01/Mar/2011:14:00:24 +0100] "GET /functions/spezialpreise.php?sortierung=Artikel%20neu%20bis&richtung=ASC HTTP/1.1" 200 42018 "http://www.markenoele.de/functions/spezialpreise.php?sortierung=Artikel%20neu%20bis&richtung=ASC" "Mozilla/5.0 (Windows; U; Windows NT 6.1; de; rv:1.9.2.13) Gecko/20101203 Firefox/3.6.13"
192.168.10.33 - - [01/Mar/2011:14:00:46 +0100] "POST /index.php/admin/catalog_product/grid/key/5580d629102841daa41eb95288c1167d/product_filter/c2t1PTgyMjEwMSZwcmljZSU1QmN1cnJlbmN5JTVEPUVVUg==/?ajax=true&isAjax=true HTTP/1.1" 200 15179 "http://www.markenoele.de/index.php/admin/catalog_product/index/key/521fc416e33e5b8c446d7e86ff7d5a05/" "Mozilla/5.0 (Windows; U; Windows NT 6.1; de; rv:1.9.2.13) Gecko/20101203 Firefox/3.6.13"
192.168.10.33 - - [01/Mar/2011:14:00:49 +0100] "GET /index.php/admin/catalog_product/edit/id/126/key/d84699a8e97201c7f2ae81fc61eb1d5d/ HTTP/1.1" 200 146789 "http://www.markenoele.de/index.php/admin/catalog_product/index/key/521fc416e33e5b8c446d7e86ff7d5a05/" "Mozilla/5.0 (Windows; U; Windows NT 6.1; de; rv:1.9.2.13) Gecko/20101203 Firefox/3.6.13"
192.168.10.33 - - [01/Mar/2011:14:00:56 +0100] "POST /index.php/admin/catalog_product/validate/id/126/key/45d4f9829f918a25226801bcfe9dc8f9/?isAjax=true HTTP/1.1" 200 15 "http://www.markenoele.de/index.php/admin/catalog_product/edit/id/126/key/d84699a8e97201c7f2ae81fc61eb1d5d/" "Mozilla/5.0 (Windows; U; Windows NT 6.1; de; rv:1.9.2.13) Gecko/20101203 Firefox/3.6.13"
192.168.10.33 - - [01/Mar/2011:14:00:58 +0100] "POST /index.php/admin/catalog_product/save/id/126/key/b6283cee5bb53fcf978fdc4fa77082cc/ HTTP/1.1" 302 - "http://www.markenoele.de/index.php/admin/catalog_product/edit/id/126/key/d84699a8e97201c7f2ae81fc61eb1d5d/" "Mozilla/5.0 (Windows; U; Windows NT 6.1; de; rv:1.9.2.13) Gecko/20101203 Firefox/3.6.13"
192.168.10.33 - - [01/Mar/2011:14:01:01 +0100] "GET /index.php/admin/catalog_product/index/key/521fc416e33e5b8c446d7e86ff7d5a05/ HTTP/1.1" 200 70301 "http://www.markenoele.de/index.php/admin/catalog_product/edit/id/126/key/d84699a8e97201c7f2ae81fc61eb1d5d/" "Mozilla/5.0 (Windows; U; Windows NT 6.1; de; rv:1.9.2.13) Gecko/20101203 Firefox/3.6.13"
192.168.10.33 - - [01/Mar/2011:14:01:05 +0100] "POST /index.php/admin/catalog_product/grid/key/5580d629102841daa41eb95288c1167d/product_filter/c2t1PTgxNzYxNiZwcmljZSU1QmN1cnJlbmN5JTVEPUVVUg==/?ajax=true&isAjax=true HTTP/1.1" 200 15161 "http://www.markenoele.de/index.php/admin/catalog_product/index/key/521fc416e33e5b8c446d7e86ff7d5a05/" "Mozilla/5.0 (Windows; U; Windows NT 6.1; de; rv:1.9.2.13) Gecko/20101203 Firefox/3.6.13"
192.168.10.33 - - [01/Mar/2011:14:01:08 +0100] "GET /index.php/admin/catalog_product/edit/id/108/key/d84699a8e97201c7f2ae81fc61eb1d5d/ HTTP/1.1" 200 146945 "http://www.markenoele.de/index.php/admin/catalog_product/index/key/521fc416e33e5b8c446d7e86ff7d5a05/" "Mozilla/5.0 (Windows; U; Windows NT 6.1; de; rv:1.9.2.13) Gecko/20101203 Firefox/3.6.13"
192.168.10.33 - - [01/Mar/2011:14:01:16 +0100] "POST /index.php/admin/catalog_product/validate/id/108/key/45d4f9829f918a25226801bcfe9dc8f9/?isAjax=true HTTP/1.1" 200 15 "http://www.markenoele.de/index.php/admin/catalog_product/edit/id/108/key/d84699a8e97201c7f2ae81fc61eb1d5d/" "Mozilla/5.0 (Windows; U; Windows NT 6.1; de; rv:1.9.2.13) Gecko/20101203 Firefox/3.6.13"
192.168.10.33 - - [01/Mar/2011:14:01:17 +0100] "POST /index.php/admin/catalog_product/save/id/108/key/b6283cee5bb53fcf978fdc4fa77082cc/ HTTP/1.1" 302 - "http://www.markenoele.de/index.php/admin/catalog_product/edit/id/108/key/d84699a8e97201c7f2ae81fc61eb1d5d/" "Mozilla/5.0 (Windows; U; Windows NT 6.1; de; rv:1.9.2.13) Gecko/20101203 Firefox/3.6.13"
192.168.10.33 - - [01/Mar/2011:14:01:20 +0100] "GET /index.php/admin/catalog_product/index/key/521fc416e33e5b8c446d7e86ff7d5a05/ HTTP/1.1" 200 70283 "http://www.markenoele.de/index.php/admin/catalog_product/edit/id/108/key/d84699a8e97201c7f2ae81fc61eb1d5d/" "Mozilla/5.0 (Windows; U; Windows NT 6.1; de; rv:1.9.2.13) Gecko/20101203 Firefox/3.6.13"
192.168.10.33 - - [01/Mar/2011:14:01:30 +0100] "POST /index.php/admin/catalog_product/grid/key/5580d629102841daa41eb95288c1167d/product_filter/c2t1PTgyMjAwMSZwcmljZSU1QmN1cnJlbmN5JTVEPUVVUg==/?ajax=true&isAjax=true HTTP/1.1" 200 15172 "http://www.markenoele.de/index.php/admin/catalog_product/index/key/521fc416e33e5b8c446d7e86ff7d5a05/" "Mozilla/5.0 (Windows; U; Windows NT 6.1; de; rv:1.9.2.13) Gecko/20101203 Firefox/3.6.13"
192.168.10.33 - - [01/Mar/2011:14:01:32 +0100] "GET /index.php/admin/catalog_product/edit/id/127/key/d84699a8e97201c7f2ae81fc61eb1d5d/ HTTP/1.1" 200 146781 "http://www.markenoele.de/index.php/admin/catalog_product/index/key/521fc416e33e5b8c446d7e86ff7d5a05/" "Mozilla/5.0 (Windows; U; Windows NT 6.1; de; rv:1.9.2.13) Gecko/20101203 Firefox/3.6.13"
192.168.10.33 - - [01/Mar/2011:14:01:39 +0100] "POST /index.php/admin/catalog_product/validate/id/127/key/45d4f9829f918a25226801bcfe9dc8f9/?isAjax=true HTTP/1.1" 200 15 "http://www.markenoele.de/index.php/admin/catalog_product/edit/id/127/key/d84699a8e97201c7f2ae81fc61eb1d5d/" "Mozilla/5.0 (Windows; U; Windows NT 6.1; de; rv:1.9.2.13) Gecko/20101203 Firefox/3.6.13"
192.168.10.33 - - [01/Mar/2011:14:01:41 +0100] "POST /index.php/admin/catalog_product/save/id/127/key/b6283cee5bb53fcf978fdc4fa77082cc/ HTTP/1.1" 302 - "http://www.markenoele.de/index.php/admin/catalog_product/edit/id/127/key/d84699a8e97201c7f2ae81fc61eb1d5d/" "Mozilla/5.0 (Windows; U; Windows NT 6.1; de; rv:1.9.2.13) Gecko/20101203 Firefox/3.6.13"
192.168.10.33 - - [01/Mar/2011:14:01:44 +0100] "GET /index.php/admin/catalog_product/index/key/521fc416e33e5b8c446d7e86ff7d5a05/ HTTP/1.1" 200 70294 "http://www.markenoele.de/index.php/admin/catalog_product/edit/id/127/key/d84699a8e97201c7f2ae81fc61eb1d5d/" "Mozilla/5.0 (Windows; U; Windows NT 6.1; de; rv:1.9.2.13) Gecko/20101203 Firefox/3.6.13"
192.168.10.33 - - [01/Mar/2011:14:01:49 +0100] "POST /index.php/admin/catalog_product/grid/key/5580d629102841daa41eb95288c1167d/product_filter/c2t1PTgxNzkxNiZwcmljZSU1QmN1cnJlbmN5JTVEPUVVUg==/?ajax=true&isAjax=true HTTP/1.1" 200 15161 "http://www.markenoele.de/index.php/admin/catalog_product/index/key/521fc416e33e5b8c446d7e86ff7d5a05/" "Mozilla/5.0 (Windows; U; Windows NT 6.1; de; rv:1.9.2.13) Gecko/20101203 Firefox/3.6.13"
192.168.10.33 - - [01/Mar/2011:14:01:52 +0100] "GET /index.php/admin/catalog_product/edit/id/109/key/d84699a8e97201c7f2ae81fc61eb1d5d/ HTTP/1.1" 200 146861 "http://www.markenoele.de/index.php/admin/catalog_product/index/key/521fc416e33e5b8c446d7e86ff7d5a05/" "Mozilla/5.0 (Windows; U; Windows NT 6.1; de; rv:1.9.2.13) Gecko/20101203 Firefox/3.6.13"
192.168.10.33 - - [01/Mar/2011:14:02:00 +0100] "POST /index.php/admin/catalog_product/validate/id/109/key/45d4f9829f918a25226801bcfe9dc8f9/?isAjax=true HTTP/1.1" 200 15 "http://www.markenoele.de/index.php/admin/catalog_product/edit/id/109/key/d84699a8e97201c7f2ae81fc61eb1d5d/" "Mozilla/5.0 (Windows; U; Windows NT 6.1; de; rv:1.9.2.13) Gecko/20101203 Firefox/3.6.13"
192.168.10.33 - - [01/Mar/2011:14:02:01 +0100] "POST /index.php/admin/catalog_product/save/id/109/key/b6283cee5bb53fcf978fdc4fa77082cc/ HTTP/1.1" 302 - "http://www.markenoele.de/index.php/admin/catalog_product/edit/id/109/key/d84699a8e97201c7f2ae81fc61eb1d5d/" "Mozilla/5.0 (Windows; U; Windows NT 6.1; de; rv:1.9.2.13) Gecko/20101203 Firefox/3.6.13"
192.168.10.33 - - [01/Mar/2011:14:02:05 +0100] "GET /index.php/admin/catalog_product/index/key/521fc416e33e5b8c446d7e86ff7d5a05/ HTTP/1.1" 200 70283 "http://www.markenoele.de/index.php/admin/catalog_product/edit/id/109/key/d84699a8e97201c7f2ae81fc61eb1d5d/" "Mozilla/5.0 (Windows; U; Windows NT 6.1; de; rv:1.9.2.13) Gecko/20101203 Firefox/3.6.13"
192.168.10.33 - - [01/Mar/2011:14:02:15 +0100] "POST /index.php/admin/catalog_product/grid/key/5580d629102841daa41eb95288c1167d/product_filter/c2t1PTgxNTYxNiZwcmljZSU1QmN1cnJlbmN5JTVEPUVVUg==/?ajax=true&isAjax=true HTTP/1.1" 200 15173 "http://www.markenoele.de/index.php/admin/catalog_product/index/key/521fc416e33e5b8c446d7e86ff7d5a05/" "Mozilla/5.0 (Windows; U; Windows NT 6.1; de; rv:1.9.2.13) Gecko/20101203 Firefox/3.6.13"
192.168.10.34 - - [01/Mar/2011:14:02:19 +0100] "GET /functions/abrechnung.php?von_datum=01.03.2011&bis_datum=31.03.2011&von_renr=200637481+&bis_renr=200637481+&sortierung=RechnungsNr&richtung=DESC&where=Status_complete HTTP/1.1" 200 6222 "http://www.markenoele.de/functions/abrechnung.php?von_datum=01.03.2011&bis_datum=31.03.2011&von_renr=200637481+&bis_renr=200637481+&sortierung=RechnungsNr&richtung=DESC&where=Status_complete" "Mozilla/5.0 (Windows; U; Windows NT 6.1; de; rv:1.9.2.13) Gecko/20101203 Firefox/3.6.13"
192.168.10.33 - - [01/Mar/2011:14:02:18 +0100] "GET /index.php/admin/catalog_product/edit/id/100/key/d84699a8e97201c7f2ae81fc61eb1d5d/ HTTP/1.1" 200 146673 "http://www.markenoele.de/index.php/admin/catalog_product/index/key/521fc416e33e5b8c446d7e86ff7d5a05/" "Mozilla/5.0 (Windows; U; Windows NT 6.1; de; rv:1.9.2.13) Gecko/20101203 Firefox/3.6.13"
192.168.10.34 - - [01/Mar/2011:14:02:23 +0100] "GET /functions/abrechnung.php?von_datum=01.03.2011&bis_datum=31.03.2011&von_renr=200637481+&bis_renr=200637482&sortierung=RechnungsNr&richtung=DESC&where=Status_complete HTTP/1.1" 200 6221 "http://www.markenoele.de/functions/abrechnung.php?von_datum=01.03.2011&bis_datum=31.03.2011&von_renr=200637481+&bis_renr=200637481+&sortierung=RechnungsNr&richtung=DESC&where=Status_complete" "Mozilla/5.0 (Windows; U; Windows NT 6.1; de; rv:1.9.2.13) Gecko/20101203 Firefox/3.6.13"
192.168.10.33 - - [01/Mar/2011:14:02:25 +0100] "POST /index.php/admin/catalog_product/validate/id/100/key/45d4f9829f918a25226801bcfe9dc8f9/?isAjax=true HTTP/1.1" 200 15 "http://www.markenoele.de/index.php/admin/catalog_product/edit/id/100/key/d84699a8e97201c7f2ae81fc61eb1d5d/" "Mozilla/5.0 (Windows; U; Windows NT 6.1; de; rv:1.9.2.13) Gecko/20101203 Firefox/3.6.13"
192.168.10.33 - - [01/Mar/2011:14:02:27 +0100] "POST /index.php/admin/catalog_product/save/id/100/key/b6283cee5bb53fcf978fdc4fa77082cc/ HTTP/1.1" 302 - "http://www.markenoele.de/index.php/admin/catalog_product/edit/id/100/key/d84699a8e97201c7f2ae81fc61eb1d5d/" "Mozilla/5.0 (Windows; U; Windows NT 6.1; de; rv:1.9.2.13) Gecko/20101203 Firefox/3.6.13"
192.168.10.33 - - [01/Mar/2011:14:02:31 +0100] "GET /index.php/admin/catalog_product/index/key/521fc416e33e5b8c446d7e86ff7d5a05/ HTTP/1.1" 200 70295 "http://www.markenoele.de/index.php/admin/catalog_product/edit/id/100/key/d84699a8e97201c7f2ae81fc61eb1d5d/" "Mozilla/5.0 (Windows; U; Windows NT 6.1; de; rv:1.9.2.13) Gecko/20101203 Firefox/3.6.13"
192.168.10.33 - - [01/Mar/2011:14:02:42 +0100] "POST /index.php/admin/catalog_product/grid/key/5580d629102841daa41eb95288c1167d/product_filter/c2t1PTgyMTkwMSZwcmljZSU1QmN1cnJlbmN5JTVEPUVVUg==/?ajax=true&isAjax=true HTTP/1.1" 200 15171 "http://www.markenoele.de/index.php/admin/catalog_product/index/key/521fc416e33e5b8c446d7e86ff7d5a05/" "Mozilla/5.0 (Windows; U; Windows NT 6.1; de; rv:1.9.2.13) Gecko/20101203 Firefox/3.6.13"
192.168.10.33 - - [01/Mar/2011:14:02:48 +0100] "GET /index.php/admin/catalog_product/edit/id/128/key/d84699a8e97201c7f2ae81fc61eb1d5d/ HTTP/1.1" 200 146742 "http://www.markenoele.de/index.php/admin/catalog_product/index/key/521fc416e33e5b8c446d7e86ff7d5a05/" "Mozilla/5.0 (Windows; U; Windows NT 6.1; de; rv:1.9.2.13) Gecko/20101203 Firefox/3.6.13"
192.168.10.33 - - [01/Mar/2011:14:02:56 +0100] "POST /index.php/admin/catalog_product/validate/id/128/key/45d4f9829f918a25226801bcfe9dc8f9/?isAjax=true HTTP/1.1" 200 15 "http://www.markenoele.de/index.php/admin/catalog_product/edit/id/128/key/d84699a8e97201c7f2ae81fc61eb1d5d/" "Mozilla/5.0 (Windows; U; Windows NT 6.1; de; rv:1.9.2.13) Gecko/20101203 Firefox/3.6.13"
192.168.10.33 - - [01/Mar/2011:14:02:57 +0100] "POST /index.php/admin/catalog_product/save/id/128/key/b6283cee5bb53fcf978fdc4fa77082cc/ HTTP/1.1" 302 - "http://www.markenoele.de/index.php/admin/catalog_product/edit/id/128/key/d84699a8e97201c7f2ae81fc61eb1d5d/" "Mozilla/5.0 (Windows; U; Windows NT 6.1; de; rv:1.9.2.13) Gecko/20101203 Firefox/3.6.13"
192.168.10.33 - - [01/Mar/2011:14:03:00 +0100] "GET /index.php/admin/catalog_product/index/key/521fc416e33e5b8c446d7e86ff7d5a05/ HTTP/1.1" 200 70163 "http://www.markenoele.de/index.php/admin/catalog_product/edit/id/128/key/d84699a8e97201c7f2ae81fc61eb1d5d/" "Mozilla/5.0 (Windows; U; Windows NT 6.1; de; rv:1.9.2.13) Gecko/20101203 Firefox/3.6.13"
192.168.10.33 - - [01/Mar/2011:14:03:06 +0100] "POST /index.php/admin/catalog_product/grid/key/5580d629102841daa41eb95288c1167d/product_filter/c2t1PTgxNzg1MSZwcmljZSU1QmN1cnJlbmN5JTVEPUVVUg==/?ajax=true&isAjax=true HTTP/1.1" 200 15173 "http://www.markenoele.de/index.php/admin/catalog_product/index/key/521fc416e33e5b8c446d7e86ff7d5a05/" "Mozilla/5.0 (Windows; U; Windows NT 6.1; de; rv:1.9.2.13) Gecko/20101203 Firefox/3.6.13"
192.168.10.33 - - [01/Mar/2011:14:03:09 +0100] "GET /index.php/admin/catalog_product/edit/id/110/key/d84699a8e97201c7f2ae81fc61eb1d5d/ HTTP/1.1" 200 146959 "http://www.markenoele.de/index.php/admin/catalog_product/index/key/521fc416e33e5b8c446d7e86ff7d5a05/" "Mozilla/5.0 (Windows; U; Windows NT 6.1; de; rv:1.9.2.13) Gecko/20101203 Firefox/3.6.13"
192.168.10.33 - - [01/Mar/2011:14:03:16 +0100] "POST /index.php/admin/catalog_product/validate/id/110/key/45d4f9829f918a25226801bcfe9dc8f9/?isAjax=true HTTP/1.1" 200 15 "http://www.markenoele.de/index.php/admin/catalog_product/edit/id/110/key/d84699a8e97201c7f2ae81fc61eb1d5d/" "Mozilla/5.0 (Windows; U; Windows NT 6.1; de; rv:1.9.2.13) Gecko/20101203 Firefox/3.6.13"
192.168.10.33 - - [01/Mar/2011:14:03:17 +0100] "POST /index.php/admin/catalog_product/save/id/110/key/b6283cee5bb53fcf978fdc4fa77082cc/ HTTP/1.1" 302 - "http://www.markenoele.de/index.php/admin/catalog_product/edit/id/110/key/d84699a8e97201c7f2ae81fc61eb1d5d/" "Mozilla/5.0 (Windows; U; Windows NT 6.1; de; rv:1.9.2.13) Gecko/20101203 Firefox/3.6.13"
192.168.10.33 - - [01/Mar/2011:14:03:21 +0100] "GET /index.php/admin/catalog_product/index/key/521fc416e33e5b8c446d7e86ff7d5a05/ HTTP/1.1" 200 70295 "http://www.markenoele.de/index.php/admin/catalog_product/edit/id/110/key/d84699a8e97201c7f2ae81fc61eb1d5d/" "Mozilla/5.0 (Windows; U; Windows NT 6.1; de; rv:1.9.2.13) Gecko/20101203 Firefox/3.6.13"
192.168.10.33 - - [01/Mar/2011:14:03:30 +0100] "POST /index.php/admin/catalog_product/grid/key/5580d629102841daa41eb95288c1167d/product_filter/c2t1PTg1NDAxMSZwcmljZSU1QmN1cnJlbmN5JTVEPUVVUg==/?ajax=true&isAjax=true HTTP/1.1" 200 15160 "http://www.markenoele.de/index.php/admin/catalog_product/index/key/521fc416e33e5b8c446d7e86ff7d5a05/" "Mozilla/5.0 (Windows; U; Windows NT 6.1; de; rv:1.9.2.13) Gecko/20101203 Firefox/3.6.13"
192.168.10.33 - - [01/Mar/2011:14:03:32 +0100] "GET /index.php/admin/catalog_product/edit/id/9/key/d84699a8e97201c7f2ae81fc61eb1d5d/ HTTP/1.1" 200 146939 "http://www.markenoele.de/index.php/admin/catalog_product/index/key/521fc416e33e5b8c446d7e86ff7d5a05/" "Mozilla/5.0 (Windows; U; Windows NT 6.1; de; rv:1.9.2.13) Gecko/20101203 Firefox/3.6.13"
192.168.10.33 - - [01/Mar/2011:14:03:39 +0100] "POST /index.php/admin/catalog_product/validate/id/9/key/45d4f9829f918a25226801bcfe9dc8f9/?isAjax=true HTTP/1.1" 200 15 "http://www.markenoele.de/index.php/admin/catalog_product/edit/id/9/key/d84699a8e97201c7f2ae81fc61eb1d5d/" "Mozilla/5.0 (Windows; U; Windows NT 6.1; de; rv:1.9.2.13) Gecko/20101203 Firefox/3.6.13"
192.168.10.33 - - [01/Mar/2011:14:03:41 +0100] "POST /index.php/admin/catalog_product/save/id/9/key/b6283cee5bb53fcf978fdc4fa77082cc/ HTTP/1.1" 302 - "http://www.markenoele.de/index.php/admin/catalog_product/edit/id/9/key/d84699a8e97201c7f2ae81fc61eb1d5d/" "Mozilla/5.0 (Windows; U; Windows NT 6.1; de; rv:1.9.2.13) Gecko/20101203 Firefox/3.6.13"
192.168.10.33 - - [01/Mar/2011:14:03:45 +0100] "GET /index.php/admin/catalog_product/index/key/521fc416e33e5b8c446d7e86ff7d5a05/ HTTP/1.1" 200 70282 "http://www.markenoele.de/index.php/admin/catalog_product/edit/id/9/key/d84699a8e97201c7f2ae81fc61eb1d5d/" "Mozilla/5.0 (Windows; U; Windows NT 6.1; de; rv:1.9.2.13) Gecko/20101203 Firefox/3.6.13"
192.168.10.33 - - [01/Mar/2011:14:03:50 +0100] "POST /index.php/admin/catalog_product/grid/key/5580d629102841daa41eb95288c1167d/product_filter/c2t1PTgzNTgxMSZwcmljZSU1QmN1cnJlbmN5JTVEPUVVUg==/?ajax=true&isAjax=true HTTP/1.1" 200 15167 "http://www.markenoele.de/index.php/admin/catalog_product/index/key/521fc416e33e5b8c446d7e86ff7d5a05/" "Mozilla/5.0 (Windows; U; Windows NT 6.1; de; rv:1.9.2.13) Gecko/20101203 Firefox/3.6.13"
192.168.10.33 - - [01/Mar/2011:14:03:52 +0100] "GET /index.php/admin/catalog_product/edit/id/20/key/d84699a8e97201c7f2ae81fc61eb1d5d/ HTTP/1.1" 200 146958 "http://www.markenoele.de/index.php/admin/catalog_product/index/key/521fc416e33e5b8c446d7e86ff7d5a05/" "Mozilla/5.0 (Windows; U; Windows NT 6.1; de; rv:1.9.2.13) Gecko/20101203 Firefox/3.6.13"
192.168.10.33 - - [01/Mar/2011:14:04:00 +0100] "POST /index.php/admin/catalog_product/validate/id/20/key/45d4f9829f918a25226801bcfe9dc8f9/?isAjax=true HTTP/1.1" 200 15 "http://www.markenoele.de/index.php/admin/catalog_product/edit/id/20/key/d84699a8e97201c7f2ae81fc61eb1d5d/" "Mozilla/5.0 (Windows; U; Windows NT 6.1; de; rv:1.9.2.13) Gecko/20101203 Firefox/3.6.13"
192.168.10.34 - - [01/Mar/2011:14:04:11 +0100] "GET /functions/abrechnung.php?von_datum=01.03.2011&bis_datum=31.03.2011&von_renr=200637481+&bis_renr=200637482&sortierung=RechnungsNr&richtung=DESC&where=Status_complete HTTP/1.1" 200 6221 "http://www.markenoele.de/functions/abrechnung.php?von_datum=01.03.2011&bis_datum=31.03.2011&von_renr=200637481+&bis_renr=200637482&sortierung=RechnungsNr&richtung=DESC&where=Status_complete" "Mozilla/5.0 (Windows; U; Windows NT 6.1; de; rv:1.9.2.13) Gecko/20101203 Firefox/3.6.13"
192.168.10.33 - - [01/Mar/2011:14:04:01 +0100] "POST /index.php/admin/catalog_product/save/id/20/key/b6283cee5bb53fcf978fdc4fa77082cc/ HTTP/1.1" 302 - "http://www.markenoele.de/index.php/admin/catalog_product/edit/id/20/key/d84699a8e97201c7f2ae81fc61eb1d5d/" "Mozilla/5.0 (Windows; U; Windows NT 6.1; de; rv:1.9.2.13) Gecko/20101203 Firefox/3.6.13"
192.168.10.34 - - [01/Mar/2011:14:04:15 +0100] "GET /functions/abrechnung.php?von_datum=01.03.2011&bis_datum=31.03.2011&von_renr=200637481+&bis_renr=200637482&sortierung=RechnungsNr&richtung=DESC&where=Status_complete HTTP/1.1" 200 6221 "http://www.markenoele.de/functions/abrechnung.php?von_datum=01.03.2011&bis_datum=31.03.2011&von_renr=200637481+&bis_renr=200637482&sortierung=RechnungsNr&richtung=DESC&where=Status_complete" "Mozilla/5.0 (Windows; U; Windows NT 6.1; de; rv:1.9.2.13) Gecko/20101203 Firefox/3.6.13"
192.168.10.33 - - [01/Mar/2011:14:04:14 +0100] "GET /index.php/admin/catalog_product/index/key/521fc416e33e5b8c446d7e86ff7d5a05/ HTTP/1.1" 200 70289 "http://www.markenoele.de/index.php/admin/catalog_product/edit/id/20/key/d84699a8e97201c7f2ae81fc61eb1d5d/" "Mozilla/5.0 (Windows; U; Windows NT 6.1; de; rv:1.9.2.13) Gecko/20101203 Firefox/3.6.13"
192.168.10.34 - - [01/Mar/2011:14:04:19 +0100] "GET /functions/abrechnung.php?von_datum=01.03.2011&bis_datum=31.03.2011&von_renr=200637481&bis_renr=200637482&sortierung=RechnungsNr&richtung=DESC&where=Status_complete HTTP/1.1" 200 6220 "http://www.markenoele.de/functions/abrechnung.php?von_datum=01.03.2011&bis_datum=31.03.2011&von_renr=200637481+&bis_renr=200637482&sortierung=RechnungsNr&richtung=DESC&where=Status_complete" "Mozilla/5.0 (Windows; U; Windows NT 6.1; de; rv:1.9.2.13) Gecko/20101203 Firefox/3.6.13"
192.168.10.33 - - [01/Mar/2011:14:04:18 +0100] "POST /index.php/admin/catalog_product/grid/key/5580d629102841daa41eb95288c1167d/product_filter/c2t1PTg0MTM1MSZwcmljZSU1QmN1cnJlbmN5JTVEPUVVUg==/?ajax=true&isAjax=true HTTP/1.1" 200 15159 "http://www.markenoele.de/index.php/admin/catalog_product/index/key/521fc416e33e5b8c446d7e86ff7d5a05/" "Mozilla/5.0 (Windows; U; Windows NT 6.1; de; rv:1.9.2.13) Gecko/20101203 Firefox/3.6.13"
192.168.10.33 - - [01/Mar/2011:14:04:21 +0100] "GET /index.php/admin/catalog_product/edit/id/28/key/d84699a8e97201c7f2ae81fc61eb1d5d/ HTTP/1.1" 200 146706 "http://www.markenoele.de/index.php/admin/catalog_product/index/key/521fc416e33e5b8c446d7e86ff7d5a05/" "Mozilla/5.0 (Windows; U; Windows NT 6.1; de; rv:1.9.2.13) Gecko/20101203 Firefox/3.6.13"
192.168.10.34 - - [01/Mar/2011:14:04:25 +0100] "GET /functions/abrechnung.php?von_datum=01.03.2011&bis_datum=31.03.2011&von_renr=200637481+&bis_renr=200637482&sortierung=RechnungsNr&richtung=DESC&where=Status_complete HTTP/1.1" 200 6221 "http://www.markenoele.de/functions/abrechnung.php?von_datum=01.03.2011&bis_datum=31.03.2011&von_renr=200637481&bis_renr=200637482&sortierung=RechnungsNr&richtung=DESC&where=Status_complete" "Mozilla/5.0 (Windows; U; Windows NT 6.1; de; rv:1.9.2.13) Gecko/20101203 Firefox/3.6.13"
217.236.201.53 - - [01/Mar/2011:14:04:24 +0100] "GET /motul-7100-4t.html HTTP/1.1" 200 29044 "http://www.google.de/url?url=http://www.markenoele.de/motul-7100-4t.html&rct=j&sa=X&ei=gO5sTbSjGIPGtAaSmdnRBQ&ved=0CGcQ9gIwCQ&q=motul+7100&usg=AFQjCNHLCqzVyJqlGfZLICjQSN9SKomFCA" "Mozilla/5.0 (Windows; U; Windows NT 5.1; de; rv:1.9.0.15) Gecko/2009101601 Firefox/3.0.15"
217.236.201.53 - - [01/Mar/2011:14:04:27 +0100] "GET /skin/frontend/base/default/css/baseprice.css HTTP/1.1" 404 1256 "http://www.markenoele.de/motul-7100-4t.html" "Mozilla/5.0 (Windows; U; Windows NT 5.1; de; rv:1.9.0.15) Gecko/2009101601 Firefox/3.0.15"
217.236.201.53 - - [01/Mar/2011:14:04:27 +0100] "GET /js/calendar/calendar-win2k-1.css HTTP/1.1" 200 5986 "http://www.markenoele.de/motul-7100-4t.html" "Mozilla/5.0 (Windows; U; Windows NT 5.1; de; rv:1.9.0.15) Gecko/2009101601 Firefox/3.0.15"
217.236.201.53 - - [01/Mar/2011:14:04:27 +0100] "GET /skin/frontend/esso/standard/favicon.ico HTTP/1.1" 200 3638 "-" "Mozilla/5.0 (Windows; U; Windows NT 5.1; de; rv:1.9.0.15) Gecko/2009101601 Firefox/3.0.15"
