192.168.10.33 - - [01/Mar/2011:16:42:28 +0100] "GET /index.php/admin/catalog_product/index/key/521fc416e33e5b8c446d7e86ff7d5a05/ HTTP/1.1" 200 70281 "http://www.markenoele.de/index.php/admin/catalog_product/edit/id/118/key/d84699a8e97201c7f2ae81fc61eb1d5d/" "Mozilla/5.0 (Windows; U; Windows NT 6.1; de; rv:1.9.2.13) Gecko/20101203 Firefox/3.6.13"
192.168.10.33 - - [01/Mar/2011:16:42:34 +0100] "POST /index.php/admin/catalog_product/grid/key/5580d629102841daa41eb95288c1167d/product_filter/c2t1PTgxMjIwNyZwcmljZSU1QmN1cnJlbmN5JTVEPUVVUg==/?ajax=true&isAjax=true HTTP/1.1" 200 15159 "http://www.markenoele.de/index.php/admin/catalog_product/index/key/521fc416e33e5b8c446d7e86ff7d5a05/" "Mozilla/5.0 (Windows; U; Windows NT 6.1; de; rv:1.9.2.13) Gecko/20101203 Firefox/3.6.13"
192.168.10.33 - - [01/Mar/2011:16:42:37 +0100] "GET /index.php/admin/catalog_product/edit/id/170/key/d84699a8e97201c7f2ae81fc61eb1d5d/ HTTP/1.1" 200 146857 "http://www.markenoele.de/index.php/admin/catalog_product/index/key/521fc416e33e5b8c446d7e86ff7d5a05/" "Mozilla/5.0 (Windows; U; Windows NT 6.1; de; rv:1.9.2.13) Gecko/20101203 Firefox/3.6.13"
192.168.10.33 - - [01/Mar/2011:16:42:48 +0100] "POST /index.php/admin/catalog_product/validate/id/170/key/45d4f9829f918a25226801bcfe9dc8f9/?isAjax=true HTTP/1.1" 200 15 "http://www.markenoele.de/index.php/admin/catalog_product/edit/id/170/key/d84699a8e97201c7f2ae81fc61eb1d5d/" "Mozilla/5.0 (Windows; U; Windows NT 6.1; de; rv:1.9.2.13) Gecko/20101203 Firefox/3.6.13"
192.168.10.33 - - [01/Mar/2011:16:42:50 +0100] "POST /index.php/admin/catalog_product/save/id/170/key/b6283cee5bb53fcf978fdc4fa77082cc/ HTTP/1.1" 302 - "http://www.markenoele.de/index.php/admin/catalog_product/edit/id/170/key/d84699a8e97201c7f2ae81fc61eb1d5d/" "Mozilla/5.0 (Windows; U; Windows NT 6.1; de; rv:1.9.2.13) Gecko/20101203 Firefox/3.6.13"
192.168.10.33 - - [01/Mar/2011:16:42:53 +0100] "GET /index.php/admin/catalog_product/index/key/521fc416e33e5b8c446d7e86ff7d5a05/ HTTP/1.1" 200 70281 "http://www.markenoele.de/index.php/admin/catalog_product/edit/id/170/key/d84699a8e97201c7f2ae81fc61eb1d5d/" "Mozilla/5.0 (Windows; U; Windows NT 6.1; de; rv:1.9.2.13) Gecko/20101203 Firefox/3.6.13"
192.168.10.33 - - [01/Mar/2011:16:42:58 +0100] "POST /index.php/admin/catalog_product/grid/key/5580d629102841daa41eb95288c1167d/product_filter/c2t1PTg0MTU1MSZwcmljZSU1QmN1cnJlbmN5JTVEPUVVUg==/?ajax=true&isAjax=true HTTP/1.1" 200 15165 "http://www.markenoele.de/index.php/admin/catalog_product/index/key/521fc416e33e5b8c446d7e86ff7d5a05/" "Mozilla/5.0 (Windows; U; Windows NT 6.1; de; rv:1.9.2.13) Gecko/20101203 Firefox/3.6.13"
192.168.10.33 - - [01/Mar/2011:16:43:01 +0100] "GET /index.php/admin/catalog_product/edit/id/15/key/d84699a8e97201c7f2ae81fc61eb1d5d/ HTTP/1.1" 200 147042 "http://www.markenoele.de/index.php/admin/catalog_product/index/key/521fc416e33e5b8c446d7e86ff7d5a05/" "Mozilla/5.0 (Windows; U; Windows NT 6.1; de; rv:1.9.2.13) Gecko/20101203 Firefox/3.6.13"
192.168.10.33 - - [01/Mar/2011:16:43:12 +0100] "POST /index.php/admin/catalog_product/validate/id/15/key/45d4f9829f918a25226801bcfe9dc8f9/?isAjax=true HTTP/1.1" 200 15 "http://www.markenoele.de/index.php/admin/catalog_product/edit/id/15/key/d84699a8e97201c7f2ae81fc61eb1d5d/" "Mozilla/5.0 (Windows; U; Windows NT 6.1; de; rv:1.9.2.13) Gecko/20101203 Firefox/3.6.13"
192.168.10.33 - - [01/Mar/2011:16:43:13 +0100] "POST /index.php/admin/catalog_product/save/id/15/key/b6283cee5bb53fcf978fdc4fa77082cc/ HTTP/1.1" 302 - "http://www.markenoele.de/index.php/admin/catalog_product/edit/id/15/key/d84699a8e97201c7f2ae81fc61eb1d5d/" "Mozilla/5.0 (Windows; U; Windows NT 6.1; de; rv:1.9.2.13) Gecko/20101203 Firefox/3.6.13"
192.168.10.33 - - [01/Mar/2011:16:43:17 +0100] "GET /index.php/admin/catalog_product/index/key/521fc416e33e5b8c446d7e86ff7d5a05/ HTTP/1.1" 200 70287 "http://www.markenoele.de/index.php/admin/catalog_product/edit/id/15/key/d84699a8e97201c7f2ae81fc61eb1d5d/" "Mozilla/5.0 (Windows; U; Windows NT 6.1; de; rv:1.9.2.13) Gecko/20101203 Firefox/3.6.13"
192.168.10.33 - - [01/Mar/2011:16:43:34 +0100] "POST /index.php/admin/catalog_product/grid/key/5580d629102841daa41eb95288c1167d/product_filter/c2t1PTg1NDE1MSZwcmljZSU1QmN1cnJlbmN5JTVEPUVVUg==/?ajax=true&isAjax=true HTTP/1.1" 200 15158 "http://www.markenoele.de/index.php/admin/catalog_product/index/key/521fc416e33e5b8c446d7e86ff7d5a05/" "Mozilla/5.0 (Windows; U; Windows NT 6.1; de; rv:1.9.2.13) Gecko/20101203 Firefox/3.6.13"
192.168.10.33 - - [01/Mar/2011:16:43:37 +0100] "GET /index.php/admin/catalog_product/edit/id/8/key/d84699a8e97201c7f2ae81fc61eb1d5d/ HTTP/1.1" 200 147158 "http://www.markenoele.de/index.php/admin/catalog_product/index/key/521fc416e33e5b8c446d7e86ff7d5a05/" "Mozilla/5.0 (Windows; U; Windows NT 6.1; de; rv:1.9.2.13) Gecko/20101203 Firefox/3.6.13"
192.168.10.33 - - [01/Mar/2011:16:44:00 +0100] "POST /index.php/admin/catalog_product/validate/id/8/key/45d4f9829f918a25226801bcfe9dc8f9/?isAjax=true HTTP/1.1" 200 15 "http://www.markenoele.de/index.php/admin/catalog_product/edit/id/8/key/d84699a8e97201c7f2ae81fc61eb1d5d/" "Mozilla/5.0 (Windows; U; Windows NT 6.1; de; rv:1.9.2.13) Gecko/20101203 Firefox/3.6.13"
192.168.10.33 - - [01/Mar/2011:16:44:02 +0100] "POST /index.php/admin/catalog_product/save/id/8/key/b6283cee5bb53fcf978fdc4fa77082cc/ HTTP/1.1" 302 - "http://www.markenoele.de/index.php/admin/catalog_product/edit/id/8/key/d84699a8e97201c7f2ae81fc61eb1d5d/" "Mozilla/5.0 (Windows; U; Windows NT 6.1; de; rv:1.9.2.13) Gecko/20101203 Firefox/3.6.13"
192.168.10.33 - - [01/Mar/2011:16:44:05 +0100] "GET /index.php/admin/catalog_product/index/key/521fc416e33e5b8c446d7e86ff7d5a05/ HTTP/1.1" 200 70280 "http://www.markenoele.de/index.php/admin/catalog_product/edit/id/8/key/d84699a8e97201c7f2ae81fc61eb1d5d/" "Mozilla/5.0 (Windows; U; Windows NT 6.1; de; rv:1.9.2.13) Gecko/20101203 Firefox/3.6.13"
192.168.10.33 - - [01/Mar/2011:16:44:10 +0100] "POST /index.php/admin/catalog_product/grid/key/5580d629102841daa41eb95288c1167d/product_filter/c2t1PTg0MjU1MSZwcmljZSU1QmN1cnJlbmN5JTVEPUVVUg==/?ajax=true&isAjax=true HTTP/1.1" 200 15166 "http://www.markenoele.de/index.php/admin/catalog_product/index/key/521fc416e33e5b8c446d7e86ff7d5a05/" "Mozilla/5.0 (Windows; U; Windows NT 6.1; de; rv:1.9.2.13) Gecko/20101203 Firefox/3.6.13"
192.168.10.33 - - [01/Mar/2011:16:44:12 +0100] "GET /index.php/admin/catalog_product/edit/id/17/key/d84699a8e97201c7f2ae81fc61eb1d5d/ HTTP/1.1" 200 146925 "http://www.markenoele.de/index.php/admin/catalog_product/index/key/521fc416e33e5b8c446d7e86ff7d5a05/" "Mozilla/5.0 (Windows; U; Windows NT 6.1; de; rv:1.9.2.13) Gecko/20101203 Firefox/3.6.13"
192.168.10.33 - - [01/Mar/2011:16:44:22 +0100] "POST /index.php/admin/catalog_product/validate/id/17/key/45d4f9829f918a25226801bcfe9dc8f9/?isAjax=true HTTP/1.1" 200 15 "http://www.markenoele.de/index.php/admin/catalog_product/edit/id/17/key/d84699a8e97201c7f2ae81fc61eb1d5d/" "Mozilla/5.0 (Windows; U; Windows NT 6.1; de; rv:1.9.2.13) Gecko/20101203 Firefox/3.6.13"
192.168.10.33 - - [01/Mar/2011:16:44:24 +0100] "POST /index.php/admin/catalog_product/save/id/17/key/b6283cee5bb53fcf978fdc4fa77082cc/ HTTP/1.1" 302 - "http://www.markenoele.de/index.php/admin/catalog_product/edit/id/17/key/d84699a8e97201c7f2ae81fc61eb1d5d/" "Mozilla/5.0 (Windows; U; Windows NT 6.1; de; rv:1.9.2.13) Gecko/20101203 Firefox/3.6.13"
192.168.10.33 - - [01/Mar/2011:16:44:27 +0100] "GET /index.php/admin/catalog_product/index/key/521fc416e33e5b8c446d7e86ff7d5a05/ HTTP/1.1" 200 70288 "http://www.markenoele.de/index.php/admin/catalog_product/edit/id/17/key/d84699a8e97201c7f2ae81fc61eb1d5d/" "Mozilla/5.0 (Windows; U; Windows NT 6.1; de; rv:1.9.2.13) Gecko/20101203 Firefox/3.6.13"
79.237.242.156 - - [01/Mar/2011:16:44:31 +0100] "GET / HTTP/1.1" 302 - "http://www.google.de/search?q=motul+motor%C3%B6l&hl=de&rlz=1B2DVFA_de___DE229&prmd=ivns&ei=QBRtTcXMO83NswaY_uzHBQ&start=10&sa=N" "Mozilla/5.0 (Windows; U; Windows NT 5.1; de; rv:1.9.2.13) Gecko/20101203 Firefox/3.6.13 GTB7.1 ( .NET CLR 3.5.30729)"
79.237.242.156 - - [01/Mar/2011:16:44:32 +0100] "GET / HTTP/1.1" 200 28654 "http://www.google.de/search?q=motul+motor%C3%B6l&hl=de&rlz=1B2DVFA_de___DE229&prmd=ivns&ei=QBRtTcXMO83NswaY_uzHBQ&start=10&sa=N" "Mozilla/5.0 (Windows; U; Windows NT 5.1; de; rv:1.9.2.13) Gecko/20101203 Firefox/3.6.13 GTB7.1 ( .NET CLR 3.5.30729)"
79.237.242.156 - - [01/Mar/2011:16:44:35 +0100] "GET /skin/frontend/esso/standard/css/print.css HTTP/1.1" 200 1580 "http://www.markenoele.de/" "Mozilla/5.0 (Windows; U; Windows NT 5.1; de; rv:1.9.2.13) Gecko/20101203 Firefox/3.6.13 GTB7.1 ( .NET CLR 3.5.30729)"
79.237.242.156 - - [01/Mar/2011:16:44:35 +0100] "GET /skin/frontend/esso/standard/css/widgets.css HTTP/1.1" 200 4369 "http://www.markenoele.de/" "Mozilla/5.0 (Windows; U; Windows NT 5.1; de; rv:1.9.2.13) Gecko/20101203 Firefox/3.6.13 GTB7.1 ( .NET CLR 3.5.30729)"
79.237.242.156 - - [01/Mar/2011:16:44:35 +0100] "GET /js/prototype/validation.js HTTP/1.1" 200 34677 "http://www.markenoele.de/" "Mozilla/5.0 (Windows; U; Windows NT 5.1; de; rv:1.9.2.13) Gecko/20101203 Firefox/3.6.13 GTB7.1 ( .NET CLR 3.5.30729)"
79.237.242.156 - - [01/Mar/2011:16:44:35 +0100] "GET /js/prototype/prototype.js HTTP/1.1" 200 129960 "http://www.markenoele.de/" "Mozilla/5.0 (Windows; U; Windows NT 5.1; de; rv:1.9.2.13) Gecko/20101203 Firefox/3.6.13 GTB7.1 ( .NET CLR 3.5.30729)"
79.237.242.156 - - [01/Mar/2011:16:44:35 +0100] "GET /js/scriptaculous/builder.js HTTP/1.1" 200 4744 "http://www.markenoele.de/" "Mozilla/5.0 (Windows; U; Windows NT 5.1; de; rv:1.9.2.13) Gecko/20101203 Firefox/3.6.13 GTB7.1 ( .NET CLR 3.5.30729)"
79.237.242.156 - - [01/Mar/2011:16:44:35 +0100] "GET /js/scriptaculous/effects.js HTTP/1.1" 200 38745 "http://www.markenoele.de/" "Mozilla/5.0 (Windows; U; Windows NT 5.1; de; rv:1.9.2.13) Gecko/20101203 Firefox/3.6.13 GTB7.1 ( .NET CLR 3.5.30729)"
79.237.242.156 - - [01/Mar/2011:16:44:35 +0100] "GET /js/scriptaculous/dragdrop.js HTTP/1.1" 200 31192 "http://www.markenoele.de/" "Mozilla/5.0 (Windows; U; Windows NT 5.1; de; rv:1.9.2.13) Gecko/20101203 Firefox/3.6.13 GTB7.1 ( .NET CLR 3.5.30729)"
79.237.242.156 - - [01/Mar/2011:16:44:35 +0100] "GET /js/scriptaculous/controls.js HTTP/1.1" 200 34797 "http://www.markenoele.de/" "Mozilla/5.0 (Windows; U; Windows NT 5.1; de; rv:1.9.2.13) Gecko/20101203 Firefox/3.6.13 GTB7.1 ( .NET CLR 3.5.30729)"
79.237.242.156 - - [01/Mar/2011:16:44:35 +0100] "GET /js/scriptaculous/slider.js HTTP/1.1" 200 10331 "http://www.markenoele.de/" "Mozilla/5.0 (Windows; U; Windows NT 5.1; de; rv:1.9.2.13) Gecko/20101203 Firefox/3.6.13 GTB7.1 ( .NET CLR 3.5.30729)"
79.237.242.156 - - [01/Mar/2011:16:44:35 +0100] "GET /skin/frontend/esso/standard/css/styles.css HTTP/1.1" 200 79554 "http://www.markenoele.de/" "Mozilla/5.0 (Windows; U; Windows NT 5.1; de; rv:1.9.2.13) Gecko/20101203 Firefox/3.6.13 GTB7.1 ( .NET CLR 3.5.30729)"
79.237.242.156 - - [01/Mar/2011:16:44:35 +0100] "GET /js/varien/js.js HTTP/1.1" 200 16581 "http://www.markenoele.de/" "Mozilla/5.0 (Windows; U; Windows NT 5.1; de; rv:1.9.2.13) Gecko/20101203 Firefox/3.6.13 GTB7.1 ( .NET CLR 3.5.30729)"
79.237.242.156 - - [01/Mar/2011:16:44:35 +0100] "GET /js/varien/form.js HTTP/1.1" 200 11714 "http://www.markenoele.de/" "Mozilla/5.0 (Windows; U; Windows NT 5.1; de; rv:1.9.2.13) Gecko/20101203 Firefox/3.6.13 GTB7.1 ( .NET CLR 3.5.30729)"
79.237.242.156 - - [01/Mar/2011:16:44:35 +0100] "GET /js/varien/menu.js HTTP/1.1" 200 4426 "http://www.markenoele.de/" "Mozilla/5.0 (Windows; U; Windows NT 5.1; de; rv:1.9.2.13) Gecko/20101203 Firefox/3.6.13 GTB7.1 ( .NET CLR 3.5.30729)"
79.237.242.156 - - [01/Mar/2011:16:44:35 +0100] "GET /js/mage/translate.js HTTP/1.1" 200 1597 "http://www.markenoele.de/" "Mozilla/5.0 (Windows; U; Windows NT 5.1; de; rv:1.9.2.13) Gecko/20101203 Firefox/3.6.13 GTB7.1 ( .NET CLR 3.5.30729)"
79.237.242.156 - - [01/Mar/2011:16:44:35 +0100] "GET /js/mage/cookies.js HTTP/1.1" 200 2615 "http://www.markenoele.de/" "Mozilla/5.0 (Windows; U; Windows NT 5.1; de; rv:1.9.2.13) Gecko/20101203 Firefox/3.6.13 GTB7.1 ( .NET CLR 3.5.30729)"
79.237.242.156 - - [01/Mar/2011:16:44:35 +0100] "GET /skin/frontend/esso/standard/images/logo.png HTTP/1.1" 200 27553 "http://www.markenoele.de/" "Mozilla/5.0 (Windows; U; Windows NT 5.1; de; rv:1.9.2.13) Gecko/20101203 Firefox/3.6.13 GTB7.1 ( .NET CLR 3.5.30729)"
79.237.242.156 - - [01/Mar/2011:16:44:35 +0100] "GET /skin/frontend/esso/standard/images/icon_lupe_sm.png HTTP/1.1" 200 1235 "http://www.markenoele.de/" "Mozilla/5.0 (Windows; U; Windows NT 5.1; de; rv:1.9.2.13) Gecko/20101203 Firefox/3.6.13 GTB7.1 ( .NET CLR 3.5.30729)"
79.237.242.156 - - [01/Mar/2011:16:44:35 +0100] "GET /skin/frontend/esso/standard/images/search_arrow_right.png HTTP/1.1" 200 662 "http://www.markenoele.de/" "Mozilla/5.0 (Windows; U; Windows NT 5.1; de; rv:1.9.2.13) Gecko/20101203 Firefox/3.6.13 GTB7.1 ( .NET CLR 3.5.30729)"
79.237.242.156 - - [01/Mar/2011:16:44:35 +0100] "GET /skin/frontend/esso/standard/images/tropf-sm.png HTTP/1.1" 200 1179 "http://www.markenoele.de/" "Mozilla/5.0 (Windows; U; Windows NT 5.1; de; rv:1.9.2.13) Gecko/20101203 Firefox/3.6.13 GTB7.1 ( .NET CLR 3.5.30729)"
79.237.242.156 - - [01/Mar/2011:16:44:35 +0100] "GET /skin/frontend/esso/standard/images/akt-art-sm.png HTTP/1.1" 200 1091 "http://www.markenoele.de/" "Mozilla/5.0 (Windows; U; Windows NT 5.1; de; rv:1.9.2.13) Gecko/20101203 Firefox/3.6.13 GTB7.1 ( .NET CLR 3.5.30729)"
79.237.242.156 - - [01/Mar/2011:16:44:35 +0100] "GET /media/catalog/product/cache/2/small_image/85x/9df78eab33525d08d6e5fb8d27136e95/d/i/diesel_syst_clean_auto.jpg HTTP/1.1" 200 2360 "http://www.markenoele.de/" "Mozilla/5.0 (Windows; U; Windows NT 5.1; de; rv:1.9.2.13) Gecko/20101203 Firefox/3.6.13 GTB7.1 ( .NET CLR 3.5.30729)"
79.237.242.156 - - [01/Mar/2011:16:44:35 +0100] "GET /media/catalog/product/cache/2/small_image/85x/9df78eab33525d08d6e5fb8d27136e95/q/u/quad_4l_bd.jpg HTTP/1.1" 200 3431 "http://www.markenoele.de/" "Mozilla/5.0 (Windows; U; Windows NT 5.1; de; rv:1.9.2.13) Gecko/20101203 Firefox/3.6.13 GTB7.1 ( .NET CLR 3.5.30729)"
79.237.242.156 - - [01/Mar/2011:16:44:35 +0100] "GET /media/catalog/product/cache/2/small_image/85x/9df78eab33525d08d6e5fb8d27136e95/p/i/pin-up_girl_no.1.jpg HTTP/1.1" 200 3456 "http://www.markenoele.de/" "Mozilla/5.0 (Windows; U; Windows NT 5.1; de; rv:1.9.2.13) Gecko/20101203 Firefox/3.6.13 GTB7.1 ( .NET CLR 3.5.30729)"
79.237.242.156 - - [01/Mar/2011:16:44:35 +0100] "GET /media/catalog/product/cache/2/small_image/85x/9df78eab33525d08d6e5fb8d27136e95/h/a/handschuhe.jpg HTTP/1.1" 200 4026 "http://www.markenoele.de/" "Mozilla/5.0 (Windows; U; Windows NT 5.1; de; rv:1.9.2.13) Gecko/20101203 Firefox/3.6.13 GTB7.1 ( .NET CLR 3.5.30729)"
192.168.10.33 - - [01/Mar/2011:16:44:33 +0100] "POST /index.php/admin/catalog_product/grid/key/5580d629102841daa41eb95288c1167d/product_filter/c2t1PTgzNzUxMSZwcmljZSU1QmN1cnJlbmN5JTVEPUVVUg==/?ajax=true&isAjax=true HTTP/1.1" 200 15157 "http://www.markenoele.de/index.php/admin/catalog_product/index/key/521fc416e33e5b8c446d7e86ff7d5a05/" "Mozilla/5.0 (Windows; U; Windows NT 6.1; de; rv:1.9.2.13) Gecko/20101203 Firefox/3.6.13"
79.237.242.156 - - [01/Mar/2011:16:44:36 +0100] "GET /skin/frontend/esso/standard/images/bkg_btn.png HTTP/1.1" 200 890 "http://www.markenoele.de/skin/frontend/esso/standard/css/styles.css" "Mozilla/5.0 (Windows; U; Windows NT 5.1; de; rv:1.9.2.13) Gecko/20101203 Firefox/3.6.13 GTB7.1 ( .NET CLR 3.5.30729)"
79.237.242.156 - - [01/Mar/2011:16:44:36 +0100] "GET /skin/frontend/esso/standard/images/motul_pflege_teaser.png HTTP/1.1" 200 15151 "http://www.markenoele.de/" "Mozilla/5.0 (Windows; U; Windows NT 5.1; de; rv:1.9.2.13) Gecko/20101203 Firefox/3.6.13 GTB7.1 ( .NET CLR 3.5.30729)"
79.237.242.156 - - [01/Mar/2011:16:44:36 +0100] "GET /skin/frontend/esso/standard/images/siegel.gif HTTP/1.1" 200 3150 "http://www.markenoele.de/" "Mozilla/5.0 (Windows; U; Windows NT 5.1; de; rv:1.9.2.13) Gecko/20101203 Firefox/3.6.13 GTB7.1 ( .NET CLR 3.5.30729)"
79.237.242.156 - - [01/Mar/2011:16:44:36 +0100] "GET /skin/frontend/esso/standard/images/bg_yellow.jpg HTTP/1.1" 200 22020 "http://www.markenoele.de/" "Mozilla/5.0 (Windows; U; Windows NT 5.1; de; rv:1.9.2.13) Gecko/20101203 Firefox/3.6.13 GTB7.1 ( .NET CLR 3.5.30729)"
79.237.242.156 - - [01/Mar/2011:16:44:36 +0100] "GET /skin/frontend/esso/standard/images/bkg_pipe1.gif HTTP/1.1" 200 44 "http://www.markenoele.de/skin/frontend/esso/standard/css/styles.css" "Mozilla/5.0 (Windows; U; Windows NT 5.1; de; rv:1.9.2.13) Gecko/20101203 Firefox/3.6.13 GTB7.1 ( .NET CLR 3.5.30729)"
79.237.242.156 - - [01/Mar/2011:16:44:36 +0100] "GET /skin/frontend/esso/standard/favicon.ico HTTP/1.1" 200 3638 "-" "Mozilla/5.0 (Windows; U; Windows NT 5.1; de; rv:1.9.2.13) Gecko/20101203 Firefox/3.6.13 GTB7.1 ( .NET CLR 3.5.30729)"
192.168.10.33 - - [01/Mar/2011:16:44:37 +0100] "GET /index.php/admin/catalog_product/edit/id/57/key/d84699a8e97201c7f2ae81fc61eb1d5d/ HTTP/1.1" 200 146605 "http://www.markenoele.de/index.php/admin/catalog_product/index/key/521fc416e33e5b8c446d7e86ff7d5a05/" "Mozilla/5.0 (Windows; U; Windows NT 6.1; de; rv:1.9.2.13) Gecko/20101203 Firefox/3.6.13"
192.168.10.33 - - [01/Mar/2011:16:44:48 +0100] "POST /index.php/admin/catalog_product/validate/id/57/key/45d4f9829f918a25226801bcfe9dc8f9/?isAjax=true HTTP/1.1" 200 15 "http://www.markenoele.de/index.php/admin/catalog_product/edit/id/57/key/d84699a8e97201c7f2ae81fc61eb1d5d/" "Mozilla/5.0 (Windows; U; Windows NT 6.1; de; rv:1.9.2.13) Gecko/20101203 Firefox/3.6.13"
192.168.10.33 - - [01/Mar/2011:16:44:49 +0100] "POST /index.php/admin/catalog_product/save/id/57/key/b6283cee5bb53fcf978fdc4fa77082cc/ HTTP/1.1" 302 - "http://www.markenoele.de/index.php/admin/catalog_product/edit/id/57/key/d84699a8e97201c7f2ae81fc61eb1d5d/" "Mozilla/5.0 (Windows; U; Windows NT 6.1; de; rv:1.9.2.13) Gecko/20101203 Firefox/3.6.13"
192.168.10.33 - - [01/Mar/2011:16:44:53 +0100] "GET /index.php/admin/catalog_product/index/key/521fc416e33e5b8c446d7e86ff7d5a05/ HTTP/1.1" 200 70279 "http://www.markenoele.de/index.php/admin/catalog_product/edit/id/57/key/d84699a8e97201c7f2ae81fc61eb1d5d/" "Mozilla/5.0 (Windows; U; Windows NT 6.1; de; rv:1.9.2.13) Gecko/20101203 Firefox/3.6.13"
192.168.10.33 - - [01/Mar/2011:16:44:57 +0100] "POST /index.php/admin/catalog_product/grid/key/5580d629102841daa41eb95288c1167d/product_filter/c2t1PTgzNjU0MSZwcmljZSU1QmN1cnJlbmN5JTVEPUVVUg==/?ajax=true&isAjax=true HTTP/1.1" 200 15156 "http://www.markenoele.de/index.php/admin/catalog_product/index/key/521fc416e33e5b8c446d7e86ff7d5a05/" "Mozilla/5.0 (Windows; U; Windows NT 6.1; de; rv:1.9.2.13) Gecko/20101203 Firefox/3.6.13"
192.168.10.33 - - [01/Mar/2011:16:45:00 +0100] "GET /index.php/admin/catalog_product/edit/id/50/key/d84699a8e97201c7f2ae81fc61eb1d5d/ HTTP/1.1" 200 147041 "http://www.markenoele.de/index.php/admin/catalog_product/index/key/521fc416e33e5b8c446d7e86ff7d5a05/" "Mozilla/5.0 (Windows; U; Windows NT 6.1; de; rv:1.9.2.13) Gecko/20101203 Firefox/3.6.13"
192.168.10.33 - - [01/Mar/2011:16:45:09 +0100] "POST /index.php/admin/catalog_product/validate/id/50/key/45d4f9829f918a25226801bcfe9dc8f9/?isAjax=true HTTP/1.1" 200 15 "http://www.markenoele.de/index.php/admin/catalog_product/edit/id/50/key/d84699a8e97201c7f2ae81fc61eb1d5d/" "Mozilla/5.0 (Windows; U; Windows NT 6.1; de; rv:1.9.2.13) Gecko/20101203 Firefox/3.6.13"
192.168.10.33 - - [01/Mar/2011:16:45:11 +0100] "POST /index.php/admin/catalog_product/save/id/50/key/b6283cee5bb53fcf978fdc4fa77082cc/ HTTP/1.1" 302 - "http://www.markenoele.de/index.php/admin/catalog_product/edit/id/50/key/d84699a8e97201c7f2ae81fc61eb1d5d/" "Mozilla/5.0 (Windows; U; Windows NT 6.1; de; rv:1.9.2.13) Gecko/20101203 Firefox/3.6.13"
79.237.242.156 - - [01/Mar/2011:16:45:15 +0100] "GET /motul-schmierstoffe.html HTTP/1.1" 200 48279 "http://www.markenoele.de/" "Mozilla/5.0 (Windows; U; Windows NT 5.1; de; rv:1.9.2.13) Gecko/20101203 Firefox/3.6.13 GTB7.1 ( .NET CLR 3.5.30729)"
192.168.10.33 - - [01/Mar/2011:16:45:14 +0100] "GET /index.php/admin/catalog_product/index/key/521fc416e33e5b8c446d7e86ff7d5a05/ HTTP/1.1" 200 70278 "http://www.markenoele.de/index.php/admin/catalog_product/edit/id/50/key/d84699a8e97201c7f2ae81fc61eb1d5d/" "Mozilla/5.0 (Windows; U; Windows NT 6.1; de; rv:1.9.2.13) Gecko/20101203 Firefox/3.6.13"
79.237.242.156 - - [01/Mar/2011:16:45:19 +0100] "GET /skin/frontend/esso/standard/images/i_pager-next.gif HTTP/1.1" 200 158 "http://www.markenoele.de/motul-schmierstoffe.html" "Mozilla/5.0 (Windows; U; Windows NT 5.1; de; rv:1.9.2.13) Gecko/20101203 Firefox/3.6.13 GTB7.1 ( .NET CLR 3.5.30729)"
79.237.242.156 - - [01/Mar/2011:16:45:19 +0100] "GET /media/catalog/product/cache/2/small_image/170x/9df78eab33525d08d6e5fb8d27136e95/6/1/6100_synergieplus_10w40_1l.jpg HTTP/1.1" 200 7991 "http://www.markenoele.de/motul-schmierstoffe.html" "Mozilla/5.0 (Windows; U; Windows NT 5.1; de; rv:1.9.2.13) Gecko/20101203 Firefox/3.6.13 GTB7.1 ( .NET CLR 3.5.30729)"
79.237.242.156 - - [01/Mar/2011:16:45:19 +0100] "GET /skin/frontend/esso/standard/images/i_asc_arrow.gif HTTP/1.1" 200 115 "http://www.markenoele.de/motul-schmierstoffe.html" "Mozilla/5.0 (Windows; U; Windows NT 5.1; de; rv:1.9.2.13) Gecko/20101203 Firefox/3.6.13 GTB7.1 ( .NET CLR 3.5.30729)"
79.237.242.156 - - [01/Mar/2011:16:45:19 +0100] "GET /media/catalog/product/cache/2/small_image/170x/9df78eab33525d08d6e5fb8d27136e95/4/1/4100_power_15w50_1l.jpg HTTP/1.1" 200 7710 "http://www.markenoele.de/motul-schmierstoffe.html" "Mozilla/5.0 (Windows; U; Windows NT 5.1; de; rv:1.9.2.13) Gecko/20101203 Firefox/3.6.13 GTB7.1 ( .NET CLR 3.5.30729)"
79.237.242.156 - - [01/Mar/2011:16:45:19 +0100] "GET /media/catalog/product/cache/2/small_image/170x/9df78eab33525d08d6e5fb8d27136e95/4/1/4100_power-15w50_5l.jpg HTTP/1.1" 200 8384 "http://www.markenoele.de/motul-schmierstoffe.html" "Mozilla/5.0 (Windows; U; Windows NT 5.1; de; rv:1.9.2.13) Gecko/20101203 Firefox/3.6.13 GTB7.1 ( .NET CLR 3.5.30729)"
79.237.242.156 - - [01/Mar/2011:16:45:19 +0100] "GET /media/catalog/product/cache/2/small_image/170x/9df78eab33525d08d6e5fb8d27136e95/6/1/6100_synergieplus_10w40_5l.jpg HTTP/1.1" 200 8701 "http://www.markenoele.de/motul-schmierstoffe.html" "Mozilla/5.0 (Windows; U; Windows NT 5.1; de; rv:1.9.2.13) Gecko/20101203 Firefox/3.6.13 GTB7.1 ( .NET CLR 3.5.30729)"
79.237.242.156 - - [01/Mar/2011:16:45:19 +0100] "GET /media/catalog/product/cache/2/small_image/170x/9df78eab33525d08d6e5fb8d27136e95/8/1/8100_x-cess_5w40_1l.jpg HTTP/1.1" 200 7747 "http://www.markenoele.de/motul-schmierstoffe.html" "Mozilla/5.0 (Windows; U; Windows NT 5.1; de; rv:1.9.2.13) Gecko/20101203 Firefox/3.6.13 GTB7.1 ( .NET CLR 3.5.30729)"
79.237.242.156 - - [01/Mar/2011:16:45:19 +0100] "GET /media/catalog/product/cache/2/small_image/170x/9df78eab33525d08d6e5fb8d27136e95/8/1/8100_x-cess_5w40_5l.jpg HTTP/1.1" 200 8326 "http://www.markenoele.de/motul-schmierstoffe.html" "Mozilla/5.0 (Windows; U; Windows NT 5.1; de; rv:1.9.2.13) Gecko/20101203 Firefox/3.6.13 GTB7.1 ( .NET CLR 3.5.30729)"
79.237.242.156 - - [01/Mar/2011:16:45:19 +0100] "GET /media/catalog/product/cache/2/small_image/170x/9df78eab33525d08d6e5fb8d27136e95/8/1/8100_xclean_5w40_1l.jpg HTTP/1.1" 200 7941 "http://www.markenoele.de/motul-schmierstoffe.html" "Mozilla/5.0 (Windows; U; Windows NT 5.1; de; rv:1.9.2.13) Gecko/20101203 Firefox/3.6.13 GTB7.1 ( .NET CLR 3.5.30729)"
79.237.242.156 - - [01/Mar/2011:16:45:19 +0100] "GET /media/catalog/product/cache/2/small_image/170x/9df78eab33525d08d6e5fb8d27136e95/8/1/8100_xclean_5w40_5l.jpg HTTP/1.1" 200 8644 "http://www.markenoele.de/motul-schmierstoffe.html" "Mozilla/5.0 (Windows; U; Windows NT 5.1; de; rv:1.9.2.13) Gecko/20101203 Firefox/3.6.13 GTB7.1 ( .NET CLR 3.5.30729)"
79.237.242.156 - - [01/Mar/2011:16:45:19 +0100] "GET /media/catalog/product/cache/2/small_image/170x/9df78eab33525d08d6e5fb8d27136e95/s/p/specific_cng_lpg_1l.jpg HTTP/1.1" 200 8019 "http://www.markenoele.de/motul-schmierstoffe.html" "Mozilla/5.0 (Windows; U; Windows NT 5.1; de; rv:1.9.2.13) Gecko/20101203 Firefox/3.6.13 GTB7.1 ( .NET CLR 3.5.30729)"
79.237.242.156 - - [01/Mar/2011:16:45:19 +0100] "GET /skin/frontend/esso/standard/images/bkg_toolbar.gif HTTP/1.1" 200 154 "http://www.markenoele.de/skin/frontend/esso/standard/css/styles.css" "Mozilla/5.0 (Windows; U; Windows NT 5.1; de; rv:1.9.2.13) Gecko/20101203 Firefox/3.6.13 GTB7.1 ( .NET CLR 3.5.30729)"
80.153.167.142 - - [01/Mar/2011:16:45:20 +0100] "GET /functions/abrechnung_artikel.php HTTP/1.1" 302 38067 "http://www.markenoele.de/functions/bestandsliste.php?sortierung=Bestand&richtung=DESC" "Mozilla/4.0 (compatible; MSIE 8.0; Windows NT 5.1; Trident/4.0; GTB6.6; .NET CLR 1.1.4322)"
80.153.167.142 - - [01/Mar/2011:16:45:20 +0100] "GET /functions/index.php HTTP/1.1" 200 1833 "http://www.markenoele.de/functions/bestandsliste.php?sortierung=Bestand&richtung=DESC" "Mozilla/4.0 (compatible; MSIE 8.0; Windows NT 5.1; Trident/4.0; GTB6.6; .NET CLR 1.1.4322)"
192.168.10.33 - - [01/Mar/2011:16:45:21 +0100] "POST /index.php/admin/catalog_product/grid/key/5580d629102841daa41eb95288c1167d/product_filter/c2t1PTgyNTkwMiZwcmljZSU1QmN1cnJlbmN5JTVEPUVVUg==/?ajax=true&isAjax=true HTTP/1.1" 200 15161 "http://www.markenoele.de/index.php/admin/catalog_product/index/key/521fc416e33e5b8c446d7e86ff7d5a05/" "Mozilla/5.0 (Windows; U; Windows NT 6.1; de; rv:1.9.2.13) Gecko/20101203 Firefox/3.6.13"
80.153.167.142 - - [01/Mar/2011:16:45:25 +0100] "POST /functions/index.php HTTP/1.1" 200 1833 "http://www.markenoele.de/functions/index.php" "Mozilla/4.0 (compatible; MSIE 8.0; Windows NT 5.1; Trident/4.0; GTB6.6; .NET CLR 1.1.4322)"
192.168.10.33 - - [01/Mar/2011:16:45:24 +0100] "GET /index.php/admin/catalog_product/edit/id/66/key/d84699a8e97201c7f2ae81fc61eb1d5d/ HTTP/1.1" 200 146931 "http://www.markenoele.de/index.php/admin/catalog_product/index/key/521fc416e33e5b8c446d7e86ff7d5a05/" "Mozilla/5.0 (Windows; U; Windows NT 6.1; de; rv:1.9.2.13) Gecko/20101203 Firefox/3.6.13"
80.153.167.142 - - [01/Mar/2011:16:45:32 +0100] "POST /functions/index.php HTTP/1.1" 302 2148 "http://www.markenoele.de/functions/index.php" "Mozilla/4.0 (compatible; MSIE 8.0; Windows NT 5.1; Trident/4.0; GTB6.6; .NET CLR 1.1.4322)"
80.153.167.142 - - [01/Mar/2011:16:45:32 +0100] "GET /functions/abrechnung.php HTTP/1.1" 200 32234 "http://www.markenoele.de/functions/index.php" "Mozilla/4.0 (compatible; MSIE 8.0; Windows NT 5.1; Trident/4.0; GTB6.6; .NET CLR 1.1.4322)"
80.153.167.142 - - [01/Mar/2011:16:45:34 +0100] "GET /functions/abrechnung_artikel.php HTTP/1.1" 200 38409 "http://www.markenoele.de/functions/abrechnung.php" "Mozilla/4.0 (compatible; MSIE 8.0; Windows NT 5.1; Trident/4.0; GTB6.6; .NET CLR 1.1.4322)"
192.168.10.33 - - [01/Mar/2011:16:45:35 +0100] "POST /index.php/admin/catalog_product/validate/id/66/key/45d4f9829f918a25226801bcfe9dc8f9/?isAjax=true HTTP/1.1" 200 15 "http://www.markenoele.de/index.php/admin/catalog_product/edit/id/66/key/d84699a8e97201c7f2ae81fc61eb1d5d/" "Mozilla/5.0 (Windows; U; Windows NT 6.1; de; rv:1.9.2.13) Gecko/20101203 Firefox/3.6.13"
192.168.10.33 - - [01/Mar/2011:16:45:36 +0100] "POST /index.php/admin/catalog_product/save/id/66/key/b6283cee5bb53fcf978fdc4fa77082cc/ HTTP/1.1" 302 - "http://www.markenoele.de/index.php/admin/catalog_product/edit/id/66/key/d84699a8e97201c7f2ae81fc61eb1d5d/" "Mozilla/5.0 (Windows; U; Windows NT 6.1; de; rv:1.9.2.13) Gecko/20101203 Firefox/3.6.13"
79.237.242.156 - - [01/Mar/2011:16:45:40 +0100] "GET /motul-schmierstoffe/motul-autoschmierstoffe.html HTTP/1.1" 200 50404 "http://www.markenoele.de/motul-schmierstoffe.html" "Mozilla/5.0 (Windows; U; Windows NT 5.1; de; rv:1.9.2.13) Gecko/20101203 Firefox/3.6.13 GTB7.1 ( .NET CLR 3.5.30729)"
192.168.10.33 - - [01/Mar/2011:16:45:41 +0100] "GET /index.php/admin/catalog_product/index/key/521fc416e33e5b8c446d7e86ff7d5a05/ HTTP/1.1" 200 70283 "http://www.markenoele.de/index.php/admin/catalog_product/edit/id/66/key/d84699a8e97201c7f2ae81fc61eb1d5d/" "Mozilla/5.0 (Windows; U; Windows NT 6.1; de; rv:1.9.2.13) Gecko/20101203 Firefox/3.6.13"
79.237.242.156 - - [01/Mar/2011:16:45:44 +0100] "GET /motul-schmierstoffe/motul-autoschmierstoffe.html HTTP/1.1" 200 50404 "http://www.markenoele.de/motul-schmierstoffe.html" "Mozilla/5.0 (Windows; U; Windows NT 5.1; de; rv:1.9.2.13) Gecko/20101203 Firefox/3.6.13 GTB7.1 ( .NET CLR 3.5.30729)"
192.168.10.33 - - [01/Mar/2011:16:45:50 +0100] "POST /index.php/admin/catalog_product/grid/key/5580d629102841daa41eb95288c1167d/product_filter/c2t1PTgzNzMxMSZwcmljZSU1QmN1cnJlbmN5JTVEPUVVUg==/?ajax=true&isAjax=true HTTP/1.1" 200 15149 "http://www.markenoele.de/index.php/admin/catalog_product/index/key/521fc416e33e5b8c446d7e86ff7d5a05/" "Mozilla/5.0 (Windows; U; Windows NT 6.1; de; rv:1.9.2.13) Gecko/20101203 Firefox/3.6.13"
192.168.10.33 - - [01/Mar/2011:16:45:52 +0100] "GET /index.php/admin/catalog_product/edit/id/59/key/d84699a8e97201c7f2ae81fc61eb1d5d/ HTTP/1.1" 200 146778 "http://www.markenoele.de/index.php/admin/catalog_product/index/key/521fc416e33e5b8c446d7e86ff7d5a05/" "Mozilla/5.0 (Windows; U; Windows NT 6.1; de; rv:1.9.2.13) Gecko/20101203 Firefox/3.6.13"
192.168.10.33 - - [01/Mar/2011:16:46:01 +0100] "POST /index.php/admin/catalog_product/validate/id/59/key/45d4f9829f918a25226801bcfe9dc8f9/?isAjax=true HTTP/1.1" 200 15 "http://www.markenoele.de/index.php/admin/catalog_product/edit/id/59/key/d84699a8e97201c7f2ae81fc61eb1d5d/" "Mozilla/5.0 (Windows; U; Windows NT 6.1; de; rv:1.9.2.13) Gecko/20101203 Firefox/3.6.13"
79.237.242.156 - - [01/Mar/2011:16:45:59 +0100] "GET /motul-schmierstoffe/motul-motorrad.html HTTP/1.1" 200 49189 "http://www.markenoele.de/motul-schmierstoffe/motul-autoschmierstoffe.html" "Mozilla/5.0 (Windows; U; Windows NT 5.1; de; rv:1.9.2.13) Gecko/20101203 Firefox/3.6.13 GTB7.1 ( .NET CLR 3.5.30729)"
79.237.242.156 - - [01/Mar/2011:16:46:01 +0100] "GET /motul-schmierstoffe/motul-autoschmierstoffe/motul-auto-motorenoel.html HTTP/1.1" 200 52234 "http://www.markenoele.de/motul-schmierstoffe/motul-autoschmierstoffe.html" "Mozilla/5.0 (Windows; U; Windows NT 5.1; de; rv:1.9.2.13) Gecko/20101203 Firefox/3.6.13 GTB7.1 ( .NET CLR 3.5.30729)"
79.237.242.156 - - [01/Mar/2011:16:46:02 +0100] "GET /motul-schmierstoffe/motul-autoschmierstoffe/motul-auto-motorenoel.html HTTP/1.1" 200 52234 "http://www.markenoele.de/motul-schmierstoffe/motul-autoschmierstoffe.html" "Mozilla/5.0 (Windows; U; Windows NT 5.1; de; rv:1.9.2.13) Gecko/20101203 Firefox/3.6.13 GTB7.1 ( .NET CLR 3.5.30729)"
192.168.10.33 - - [01/Mar/2011:16:46:04 +0100] "POST /index.php/admin/catalog_product/save/id/59/key/b6283cee5bb53fcf978fdc4fa77082cc/ HTTP/1.1" 302 - "http://www.markenoele.de/index.php/admin/catalog_product/edit/id/59/key/d84699a8e97201c7f2ae81fc61eb1d5d/" "Mozilla/5.0 (Windows; U; Windows NT 6.1; de; rv:1.9.2.13) Gecko/20101203 Firefox/3.6.13"
192.168.10.33 - - [01/Mar/2011:16:46:11 +0100] "GET /index.php/admin/catalog_product/index/key/521fc416e33e5b8c446d7e86ff7d5a05/ HTTP/1.1" 200 70271 "http://www.markenoele.de/index.php/admin/catalog_product/edit/id/59/key/d84699a8e97201c7f2ae81fc61eb1d5d/" "Mozilla/5.0 (Windows; U; Windows NT 6.1; de; rv:1.9.2.13) Gecko/20101203 Firefox/3.6.13"
79.237.242.156 - - [01/Mar/2011:16:46:16 +0100] "GET /catalogsearch/ajax/suggest/?q=v300 HTTP/1.1" 200 - "http://www.markenoele.de/motul-schmierstoffe/motul-autoschmierstoffe/motul-auto-motorenoel.html" "Mozilla/5.0 (Windows; U; Windows NT 5.1; de; rv:1.9.2.13) Gecko/20101203 Firefox/3.6.13 GTB7.1 ( .NET CLR 3.5.30729)"
79.237.242.156 - - [01/Mar/2011:16:46:16 +0100] "GET /catalogsearch/result/?q=v300 HTTP/1.1" 200 20942 "http://www.markenoele.de/motul-schmierstoffe/motul-autoschmierstoffe/motul-auto-motorenoel.html" "Mozilla/5.0 (Windows; U; Windows NT 5.1; de; rv:1.9.2.13) Gecko/20101203 Firefox/3.6.13 GTB7.1 ( .NET CLR 3.5.30729)"
192.168.10.33 - - [01/Mar/2011:16:46:17 +0100] "POST /index.php/admin/catalog_product/grid/key/5580d629102841daa41eb95288c1167d/product_filter/c2t1PTgzNjExMSZwcmljZSU1QmN1cnJlbmN5JTVEPUVVUg==/?ajax=true&isAjax=true HTTP/1.1" 200 15169 "http://www.markenoele.de/index.php/admin/catalog_product/index/key/521fc416e33e5b8c446d7e86ff7d5a05/" "Mozilla/5.0 (Windows; U; Windows NT 6.1; de; rv:1.9.2.13) Gecko/20101203 Firefox/3.6.13"
192.168.10.33 - - [01/Mar/2011:16:46:21 +0100] "GET /index.php/admin/catalog_product/edit/id/75/key/d84699a8e97201c7f2ae81fc61eb1d5d/ HTTP/1.1" 200 146897 "http://www.markenoele.de/index.php/admin/catalog_product/index/key/521fc416e33e5b8c446d7e86ff7d5a05/" "Mozilla/5.0 (Windows; U; Windows NT 6.1; de; rv:1.9.2.13) Gecko/20101203 Firefox/3.6.13"
79.237.242.156 - - [01/Mar/2011:16:46:24 +0100] "GET /motul-schmierstoffe.html HTTP/1.1" 200 48279 "http://www.markenoele.de/catalogsearch/result/?q=v300" "Mozilla/5.0 (Windows; U; Windows NT 5.1; de; rv:1.9.2.13) Gecko/20101203 Firefox/3.6.13 GTB7.1 ( .NET CLR 3.5.30729)"
192.168.10.33 - - [01/Mar/2011:16:46:30 +0100] "POST /index.php/admin/catalog_product/validate/id/75/key/45d4f9829f918a25226801bcfe9dc8f9/?isAjax=true HTTP/1.1" 200 15 "http://www.markenoele.de/index.php/admin/catalog_product/edit/id/75/key/d84699a8e97201c7f2ae81fc61eb1d5d/" "Mozilla/5.0 (Windows; U; Windows NT 6.1; de; rv:1.9.2.13) Gecko/20101203 Firefox/3.6.13"
79.237.242.156 - - [01/Mar/2011:16:46:29 +0100] "GET /motul-schmierstoffe/motul-motorrad.html HTTP/1.1" 200 49189 "http://www.markenoele.de/motul-schmierstoffe.html" "Mozilla/5.0 (Windows; U; Windows NT 5.1; de; rv:1.9.2.13) Gecko/20101203 Firefox/3.6.13 GTB7.1 ( .NET CLR 3.5.30729)"
79.237.242.156 - - [01/Mar/2011:16:46:34 +0100] "GET /media/catalog/product/cache/2/small_image/170x/9df78eab33525d08d6e5fb8d27136e95/3/0/3000_20w50_1l.jpg HTTP/1.1" 200 7432 "http://www.markenoele.de/motul-schmierstoffe/motul-motorrad.html" "Mozilla/5.0 (Windows; U; Windows NT 5.1; de; rv:1.9.2.13) Gecko/20101203 Firefox/3.6.13 GTB7.1 ( .NET CLR 3.5.30729)"
79.237.242.156 - - [01/Mar/2011:16:46:34 +0100] "GET /media/catalog/product/cache/2/small_image/170x/9df78eab33525d08d6e5fb8d27136e95/3/0/3000_20w50_4l.jpg HTTP/1.1" 200 8696 "http://www.markenoele.de/motul-schmierstoffe/motul-motorrad.html" "Mozilla/5.0 (Windows; U; Windows NT 5.1; de; rv:1.9.2.13) Gecko/20101203 Firefox/3.6.13 GTB7.1 ( .NET CLR 3.5.30729)"
79.237.242.156 - - [01/Mar/2011:16:46:34 +0100] "GET /media/catalog/product/cache/2/small_image/170x/9df78eab33525d08d6e5fb8d27136e95/5/1/5100_10w40_1l_2.jpg HTTP/1.1" 200 7274 "http://www.markenoele.de/motul-schmierstoffe/motul-motorrad.html" "Mozilla/5.0 (Windows; U; Windows NT 5.1; de; rv:1.9.2.13) Gecko/20101203 Firefox/3.6.13 GTB7.1 ( .NET CLR 3.5.30729)"
79.237.242.156 - - [01/Mar/2011:16:46:34 +0100] "GET /media/catalog/product/cache/2/small_image/170x/9df78eab33525d08d6e5fb8d27136e95/5/1/5100_10w40_4l_1.jpg HTTP/1.1" 200 8381 "http://www.markenoele.de/motul-schmierstoffe/motul-motorrad.html" "Mozilla/5.0 (Windows; U; Windows NT 5.1; de; rv:1.9.2.13) Gecko/20101203 Firefox/3.6.13 GTB7.1 ( .NET CLR 3.5.30729)"
79.237.242.156 - - [01/Mar/2011:16:46:34 +0100] "GET /media/catalog/product/cache/2/small_image/170x/9df78eab33525d08d6e5fb8d27136e95/5/1/5100_15w50_1l.jpg HTTP/1.1" 200 7358 "http://www.markenoele.de/motul-schmierstoffe/motul-motorrad.html" "Mozilla/5.0 (Windows; U; Windows NT 5.1; de; rv:1.9.2.13) Gecko/20101203 Firefox/3.6.13 GTB7.1 ( .NET CLR 3.5.30729)"
79.237.242.156 - - [01/Mar/2011:16:46:34 +0100] "GET /media/catalog/product/cache/2/small_image/170x/9df78eab33525d08d6e5fb8d27136e95/7/1/7100_20w50_1l_1.jpg HTTP/1.1" 200 7819 "http://www.markenoele.de/motul-schmierstoffe/motul-motorrad.html" "Mozilla/5.0 (Windows; U; Windows NT 5.1; de; rv:1.9.2.13) Gecko/20101203 Firefox/3.6.13 GTB7.1 ( .NET CLR 3.5.30729)"
79.237.242.156 - - [01/Mar/2011:16:46:34 +0100] "GET /media/catalog/product/cache/2/small_image/170x/9df78eab33525d08d6e5fb8d27136e95/7/1/7100_20w50_4l_1.jpg HTTP/1.1" 200 8866 "http://www.markenoele.de/motul-schmierstoffe/motul-motorrad.html" "Mozilla/5.0 (Windows; U; Windows NT 5.1; de; rv:1.9.2.13) Gecko/20101203 Firefox/3.6.13 GTB7.1 ( .NET CLR 3.5.30729)"
79.237.242.156 - - [01/Mar/2011:16:46:34 +0100] "GET /media/catalog/product/cache/2/small_image/170x/9df78eab33525d08d6e5fb8d27136e95/7/1/7100_10w60_1l_1.jpg HTTP/1.1" 200 7955 "http://www.markenoele.de/motul-schmierstoffe/motul-motorrad.html" "Mozilla/5.0 (Windows; U; Windows NT 5.1; de; rv:1.9.2.13) Gecko/20101203 Firefox/3.6.13 GTB7.1 ( .NET CLR 3.5.30729)"
79.237.242.156 - - [01/Mar/2011:16:46:34 +0100] "GET /media/catalog/product/cache/2/small_image/170x/9df78eab33525d08d6e5fb8d27136e95/5/1/5100_15w50_4l_1.jpg HTTP/1.1" 200 8378 "http://www.markenoele.de/motul-schmierstoffe/motul-motorrad.html" "Mozilla/5.0 (Windows; U; Windows NT 5.1; de; rv:1.9.2.13) Gecko/20101203 Firefox/3.6.13 GTB7.1 ( .NET CLR 3.5.30729)"
192.168.10.33 - - [01/Mar/2011:16:46:32 +0100] "POST /index.php/admin/catalog_product/save/id/75/key/b6283cee5bb53fcf978fdc4fa77082cc/ HTTP/1.1" 302 - "http://www.markenoele.de/index.php/admin/catalog_product/edit/id/75/key/d84699a8e97201c7f2ae81fc61eb1d5d/" "Mozilla/5.0 (Windows; U; Windows NT 6.1; de; rv:1.9.2.13) Gecko/20101203 Firefox/3.6.13"
192.168.10.33 - - [01/Mar/2011:16:46:36 +0100] "GET /index.php/admin/catalog_product/index/key/521fc416e33e5b8c446d7e86ff7d5a05/ HTTP/1.1" 200 70291 "http://www.markenoele.de/index.php/admin/catalog_product/edit/id/75/key/d84699a8e97201c7f2ae81fc61eb1d5d/" "Mozilla/5.0 (Windows; U; Windows NT 6.1; de; rv:1.9.2.13) Gecko/20101203 Firefox/3.6.13"
79.237.242.156 - - [01/Mar/2011:16:46:39 +0100] "GET /motul-schmierstoffe/motul-motorrad.html?p=2 HTTP/1.1" 200 50084 "http://www.markenoele.de/motul-schmierstoffe/motul-motorrad.html" "Mozilla/5.0 (Windows; U; Windows NT 5.1; de; rv:1.9.2.13) Gecko/20101203 Firefox/3.6.13 GTB7.1 ( .NET CLR 3.5.30729)"
79.237.242.156 - - [01/Mar/2011:16:46:41 +0100] "GET /skin/frontend/esso/standard/images/i_pager-prev.gif HTTP/1.1" 200 158 "http://www.markenoele.de/motul-schmierstoffe/motul-motorrad.html?p=2" "Mozilla/5.0 (Windows; U; Windows NT 5.1; de; rv:1.9.2.13) Gecko/20101203 Firefox/3.6.13 GTB7.1 ( .NET CLR 3.5.30729)"
79.237.242.156 - - [01/Mar/2011:16:46:41 +0100] "GET /media/catalog/product/cache/2/small_image/170x/9df78eab33525d08d6e5fb8d27136e95/7/1/7100_10w60_4l_1.jpg HTTP/1.1" 200 8976 "http://www.markenoele.de/motul-schmierstoffe/motul-motorrad.html?p=2" "Mozilla/5.0 (Windows; U; Windows NT 5.1; de; rv:1.9.2.13) Gecko/20101203 Firefox/3.6.13 GTB7.1 ( .NET CLR 3.5.30729)"
79.237.242.156 - - [01/Mar/2011:16:46:41 +0100] "GET /media/catalog/product/cache/2/small_image/170x/9df78eab33525d08d6e5fb8d27136e95/7/1/7100_10w40_1l_2.jpg HTTP/1.1" 200 7852 "http://www.markenoele.de/motul-schmierstoffe/motul-motorrad.html?p=2" "Mozilla/5.0 (Windows; U; Windows NT 5.1; de; rv:1.9.2.13) Gecko/20101203 Firefox/3.6.13 GTB7.1 ( .NET CLR 3.5.30729)"
79.237.242.156 - - [01/Mar/2011:16:46:41 +0100] "GET /media/catalog/product/cache/2/small_image/170x/9df78eab33525d08d6e5fb8d27136e95/7/1/7100_10w40_4l.jpg HTTP/1.1" 200 8917 "http://www.markenoele.de/motul-schmierstoffe/motul-motorrad.html?p=2" "Mozilla/5.0 (Windows; U; Windows NT 5.1; de; rv:1.9.2.13) Gecko/20101203 Firefox/3.6.13 GTB7.1 ( .NET CLR 3.5.30729)"
79.237.242.156 - - [01/Mar/2011:16:46:41 +0100] "GET /media/catalog/product/cache/2/small_image/170x/9df78eab33525d08d6e5fb8d27136e95/1/0/100-2t_1l_1.jpg HTTP/1.1" 200 7128 "http://www.markenoele.de/motul-schmierstoffe/motul-motorrad.html?p=2" "Mozilla/5.0 (Windows; U; Windows NT 5.1; de; rv:1.9.2.13) Gecko/20101203 Firefox/3.6.13 GTB7.1 ( .NET CLR 3.5.30729)"
79.237.242.156 - - [01/Mar/2011:16:46:41 +0100] "GET /media/catalog/product/cache/2/small_image/170x/9df78eab33525d08d6e5fb8d27136e95/5/1/510-2t_1l_1.jpg HTTP/1.1" 200 6903 "http://www.markenoele.de/motul-schmierstoffe/motul-motorrad.html?p=2" "Mozilla/5.0 (Windows; U; Windows NT 5.1; de; rv:1.9.2.13) Gecko/20101203 Firefox/3.6.13 GTB7.1 ( .NET CLR 3.5.30729)"
79.237.242.156 - - [01/Mar/2011:16:46:41 +0100] "GET /media/catalog/product/cache/2/small_image/170x/9df78eab33525d08d6e5fb8d27136e95/7/1/710-2t_1l_1.jpg HTTP/1.1" 200 7545 "http://www.markenoele.de/motul-schmierstoffe/motul-motorrad.html?p=2" "Mozilla/5.0 (Windows; U; Windows NT 5.1; de; rv:1.9.2.13) Gecko/20101203 Firefox/3.6.13 GTB7.1 ( .NET CLR 3.5.30729)"
79.237.242.156 - - [01/Mar/2011:16:46:41 +0100] "GET /media/catalog/product/cache/2/small_image/170x/9df78eab33525d08d6e5fb8d27136e95/f/o/forkoil_expert_light_1l_front.jpg HTTP/1.1" 200 9472 "http://www.markenoele.de/motul-schmierstoffe/motul-motorrad.html?p=2" "Mozilla/5.0 (Windows; U; Windows NT 5.1; de; rv:1.9.2.13) Gecko/20101203 Firefox/3.6.13 GTB7.1 ( .NET CLR 3.5.30729)"
79.237.242.156 - - [01/Mar/2011:16:46:41 +0100] "GET /media/catalog/product/cache/2/small_image/170x/9df78eab33525d08d6e5fb8d27136e95/f/o/forkoil_medium_1l_front.jpg HTTP/1.1" 200 9443 "http://www.markenoele.de/motul-schmierstoffe/motul-motorrad.html?p=2" "Mozilla/5.0 (Windows; U; Windows NT 5.1; de; rv:1.9.2.13) Gecko/20101203 Firefox/3.6.13 GTB7.1 ( .NET CLR 3.5.30729)"
79.237.242.156 - - [01/Mar/2011:16:46:41 +0100] "GET /media/catalog/product/cache/2/small_image/170x/9df78eab33525d08d6e5fb8d27136e95/f/o/forkoil_mediumheavy_1l_front.jpg HTTP/1.1" 200 9509 "http://www.markenoele.de/motul-schmierstoffe/motul-motorrad.html?p=2" "Mozilla/5.0 (Windows; U; Windows NT 5.1; de; rv:1.9.2.13) Gecko/20101203 Firefox/3.6.13 GTB7.1 ( .NET CLR 3.5.30729)"
192.168.10.33 - - [01/Mar/2011:16:46:41 +0100] "POST /index.php/admin/catalog_product/grid/key/5580d629102841daa41eb95288c1167d/product_filter/c2t1PTg1NDc1MSZwcmljZSU1QmN1cnJlbmN5JTVEPUVVUg==/?ajax=true&isAjax=true HTTP/1.1" 200 15162 "http://www.markenoele.de/index.php/admin/catalog_product/index/key/521fc416e33e5b8c446d7e86ff7d5a05/" "Mozilla/5.0 (Windows; U; Windows NT 6.1; de; rv:1.9.2.13) Gecko/20101203 Firefox/3.6.13"
192.168.10.33 - - [01/Mar/2011:16:46:43 +0100] "GET /index.php/admin/catalog_product/edit/id/12/key/d84699a8e97201c7f2ae81fc61eb1d5d/ HTTP/1.1" 200 146973 "http://www.markenoele.de/index.php/admin/catalog_product/index/key/521fc416e33e5b8c446d7e86ff7d5a05/" "Mozilla/5.0 (Windows; U; Windows NT 6.1; de; rv:1.9.2.13) Gecko/20101203 Firefox/3.6.13"
79.237.242.156 - - [01/Mar/2011:16:46:46 +0100] "GET /motul-schmierstoffe/motul-motorrad.html?p=3 HTTP/1.1" 200 42765 "http://www.markenoele.de/motul-schmierstoffe/motul-motorrad.html?p=2" "Mozilla/5.0 (Windows; U; Windows NT 5.1; de; rv:1.9.2.13) Gecko/20101203 Firefox/3.6.13 GTB7.1 ( .NET CLR 3.5.30729)"
79.237.242.156 - - [01/Mar/2011:16:46:49 +0100] "GET /media/catalog/product/cache/2/small_image/170x/9df78eab33525d08d6e5fb8d27136e95/f/o/forkoil_expert_heavy_1l_front.jpg HTTP/1.1" 200 9394 "http://www.markenoele.de/motul-schmierstoffe/motul-motorrad.html?p=3" "Mozilla/5.0 (Windows; U; Windows NT 5.1; de; rv:1.9.2.13) Gecko/20101203 Firefox/3.6.13 GTB7.1 ( .NET CLR 3.5.30729)"
79.237.242.156 - - [01/Mar/2011:16:46:49 +0100] "GET /media/catalog/product/cache/2/small_image/170x/9df78eab33525d08d6e5fb8d27136e95/f/o/forkoil_fl_verylight_1l_front.jpg HTTP/1.1" 200 8434 "http://www.markenoele.de/motul-schmierstoffe/motul-motorrad.html?p=3" "Mozilla/5.0 (Windows; U; Windows NT 5.1; de; rv:1.9.2.13) Gecko/20101203 Firefox/3.6.13 GTB7.1 ( .NET CLR 3.5.30729)"
79.237.242.156 - - [01/Mar/2011:16:46:49 +0100] "GET /media/catalog/product/cache/2/small_image/170x/9df78eab33525d08d6e5fb8d27136e95/f/o/forkoil_fl_light_1l_front.jpg HTTP/1.1" 200 8546 "http://www.markenoele.de/motul-schmierstoffe/motul-motorrad.html?p=3" "Mozilla/5.0 (Windows; U; Windows NT 5.1; de; rv:1.9.2.13) Gecko/20101203 Firefox/3.6.13 GTB7.1 ( .NET CLR 3.5.30729)"
79.237.242.156 - - [01/Mar/2011:16:46:49 +0100] "GET /media/catalog/product/cache/2/small_image/170x/9df78eab33525d08d6e5fb8d27136e95/f/o/forkoil_fl_lightmedium_1l_front.jpg HTTP/1.1" 200 8448 "http://www.markenoele.de/motul-schmierstoffe/motul-motorrad.html?p=3" "Mozilla/5.0 (Windows; U; Windows NT 5.1; de; rv:1.9.2.13) Gecko/20101203 Firefox/3.6.13 GTB7.1 ( .NET CLR 3.5.30729)"
79.237.242.156 - - [01/Mar/2011:16:46:49 +0100] "GET /media/catalog/product/cache/2/small_image/170x/9df78eab33525d08d6e5fb8d27136e95/s/h/shockoil_fl_1l_front.jpg HTTP/1.1" 200 8533 "http://www.markenoele.de/motul-schmierstoffe/motul-motorrad.html?p=3" "Mozilla/5.0 (Windows; U; Windows NT 5.1; de; rv:1.9.2.13) Gecko/20101203 Firefox/3.6.13 GTB7.1 ( .NET CLR 3.5.30729)"
79.237.242.156 - - [01/Mar/2011:16:46:49 +0100] "GET /media/catalog/product/cache/2/small_image/170x/9df78eab33525d08d6e5fb8d27136e95/f/o/forkoil_fl_medium_1l_front.jpg HTTP/1.1" 200 8286 "http://www.markenoele.de/motul-schmierstoffe/motul-motorrad.html?p=3" "Mozilla/5.0 (Windows; U; Windows NT 5.1; de; rv:1.9.2.13) Gecko/20101203 Firefox/3.6.13 GTB7.1 ( .NET CLR 3.5.30729)"
192.168.10.33 - - [01/Mar/2011:16:46:53 +0100] "POST /index.php/admin/catalog_product/validate/id/12/key/45d4f9829f918a25226801bcfe9dc8f9/?isAjax=true HTTP/1.1" 200 15 "http://www.markenoele.de/index.php/admin/catalog_product/edit/id/12/key/d84699a8e97201c7f2ae81fc61eb1d5d/" "Mozilla/5.0 (Windows; U; Windows NT 6.1; de; rv:1.9.2.13) Gecko/20101203 Firefox/3.6.13"
192.168.10.33 - - [01/Mar/2011:16:46:54 +0100] "POST /index.php/admin/catalog_product/save/id/12/key/b6283cee5bb53fcf978fdc4fa77082cc/ HTTP/1.1" 302 - "http://www.markenoele.de/index.php/admin/catalog_product/edit/id/12/key/d84699a8e97201c7f2ae81fc61eb1d5d/" "Mozilla/5.0 (Windows; U; Windows NT 6.1; de; rv:1.9.2.13) Gecko/20101203 Firefox/3.6.13"
192.168.10.33 - - [01/Mar/2011:16:46:57 +0100] "GET /index.php/admin/catalog_product/index/key/521fc416e33e5b8c446d7e86ff7d5a05/ HTTP/1.1" 200 70284 "http://www.markenoele.de/index.php/admin/catalog_product/edit/id/12/key/d84699a8e97201c7f2ae81fc61eb1d5d/" "Mozilla/5.0 (Windows; U; Windows NT 6.1; de; rv:1.9.2.13) Gecko/20101203 Firefox/3.6.13"
192.168.10.33 - - [01/Mar/2011:16:47:02 +0100] "POST /index.php/admin/catalog_product/grid/key/5580d629102841daa41eb95288c1167d/product_filter/c2t1PTgxODkxNiZwcmljZSU1QmN1cnJlbmN5JTVEPUVVUg==/?ajax=true&isAjax=true HTTP/1.1" 200 15164 "http://www.markenoele.de/index.php/admin/catalog_product/index/key/521fc416e33e5b8c446d7e86ff7d5a05/" "Mozilla/5.0 (Windows; U; Windows NT 6.1; de; rv:1.9.2.13) Gecko/20101203 Firefox/3.6.13"
192.168.10.33 - - [01/Mar/2011:16:47:06 +0100] "GET /index.php/admin/catalog_product/edit/id/112/key/d84699a8e97201c7f2ae81fc61eb1d5d/ HTTP/1.1" 200 146900 "http://www.markenoele.de/index.php/admin/catalog_product/index/key/521fc416e33e5b8c446d7e86ff7d5a05/" "Mozilla/5.0 (Windows; U; Windows NT 6.1; de; rv:1.9.2.13) Gecko/20101203 Firefox/3.6.13"
192.168.10.33 - - [01/Mar/2011:16:47:19 +0100] "POST /index.php/admin/catalog_product/validate/id/112/key/45d4f9829f918a25226801bcfe9dc8f9/?isAjax=true HTTP/1.1" 200 15 "http://www.markenoele.de/index.php/admin/catalog_product/edit/id/112/key/d84699a8e97201c7f2ae81fc61eb1d5d/" "Mozilla/5.0 (Windows; U; Windows NT 6.1; de; rv:1.9.2.13) Gecko/20101203 Firefox/3.6.13"
192.168.10.33 - - [01/Mar/2011:16:47:20 +0100] "POST /index.php/admin/catalog_product/save/id/112/key/b6283cee5bb53fcf978fdc4fa77082cc/ HTTP/1.1" 302 - "http://www.markenoele.de/index.php/admin/catalog_product/edit/id/112/key/d84699a8e97201c7f2ae81fc61eb1d5d/" "Mozilla/5.0 (Windows; U; Windows NT 6.1; de; rv:1.9.2.13) Gecko/20101203 Firefox/3.6.13"
192.168.10.33 - - [01/Mar/2011:16:47:29 +0100] "GET /index.php/admin/catalog_product/index/key/521fc416e33e5b8c446d7e86ff7d5a05/ HTTP/1.1" 200 70286 "http://www.markenoele.de/index.php/admin/catalog_product/edit/id/112/key/d84699a8e97201c7f2ae81fc61eb1d5d/" "Mozilla/5.0 (Windows; U; Windows NT 6.1; de; rv:1.9.2.13) Gecko/20101203 Firefox/3.6.13"
192.168.10.33 - - [01/Mar/2011:16:47:38 +0100] "GET /functions/spezialpreise.php HTTP/1.1" 200 44050 "http://www.markenoele.de/functions/spezialpreise.php?sortierung=Aktion%20bis&richtung=" "Mozilla/5.0 (Windows; U; Windows NT 6.1; de; rv:1.9.2.13) Gecko/20101203 Firefox/3.6.13"
192.168.10.33 - - [01/Mar/2011:16:47:40 +0100] "GET /functions/spezialpreise.php?sortierung=Aktion%20bis&richtung= HTTP/1.1" 200 44099 "http://www.markenoele.de/functions/spezialpreise.php" "Mozilla/5.0 (Windows; U; Windows NT 6.1; de; rv:1.9.2.13) Gecko/20101203 Firefox/3.6.13"
192.168.10.33 - - [01/Mar/2011:16:47:48 +0100] "GET /index.php/admin/index/logout/key/3fbb7424b3ec632512b8a9cb5e2c72a4/ HTTP/1.1" 302 - "http://www.markenoele.de/index.php/admin/catalog_product/index/key/521fc416e33e5b8c446d7e86ff7d5a05/" "Mozilla/5.0 (Windows; U; Windows NT 6.1; de; rv:1.9.2.13) Gecko/20101203 Firefox/3.6.13"
192.168.10.33 - - [01/Mar/2011:16:47:49 +0100] "GET /index.php/admin/index/index/key/bdc2f007548761c33f815cef1f8be613/ HTTP/1.1" 200 3420 "http://www.markenoele.de/index.php/admin/catalog_product/index/key/521fc416e33e5b8c446d7e86ff7d5a05/" "Mozilla/5.0 (Windows; U; Windows NT 6.1; de; rv:1.9.2.13) Gecko/20101203 Firefox/3.6.13"
192.168.10.33 - - [01/Mar/2011:16:47:53 +0100] "GET / HTTP/1.1" 200 28654 "-" "Mozilla/5.0 (Windows; U; Windows NT 6.1; de; rv:1.9.2.13) Gecko/20101203 Firefox/3.6.13"
192.168.10.33 - - [01/Mar/2011:16:47:55 +0100] "GET /media/catalog/product/cache/2/small_image/85x/9df78eab33525d08d6e5fb8d27136e95/d/i/diesel_syst_clean_auto.jpg HTTP/1.1" 304 - "http://www.markenoele.de/" "Mozilla/5.0 (Windows; U; Windows NT 6.1; de; rv:1.9.2.13) Gecko/20101203 Firefox/3.6.13"
192.168.10.33 - - [01/Mar/2011:16:47:55 +0100] "GET /media/catalog/product/cache/2/small_image/85x/9df78eab33525d08d6e5fb8d27136e95/q/u/quad_4l_bd.jpg HTTP/1.1" 304 - "http://www.markenoele.de/" "Mozilla/5.0 (Windows; U; Windows NT 6.1; de; rv:1.9.2.13) Gecko/20101203 Firefox/3.6.13"
192.168.10.33 - - [01/Mar/2011:16:47:59 +0100] "GET /angebote-des-monats/ HTTP/1.1" 200 20460 "http://www.markenoele.de/" "Mozilla/5.0 (Windows; U; Windows NT 6.1; de; rv:1.9.2.13) Gecko/20101203 Firefox/3.6.13"
