88.66.225.138 - - [05/Apr/2011:18:12:52 +0200] "GET /images/plvt.gif HTTP/1.1" 200 53 "http://www.ksbb.de/" "Mozilla/4.0 (compatible; MSIE 8.0; Windows NT 6.0; Trident/4.0; SLCC1; .NET CLR 2.0.50727; Media Center PC 5.0; .NET CLR 3.5.30729; .NET CLR 3.0.30729; BRI/2)"
88.66.225.138 - - [05/Apr/2011:18:12:52 +0200] "GET /images/mev23003_72.jpg HTTP/1.1" 200 2106 "http://www.ksbb.de/" "Mozilla/4.0 (compatible; MSIE 8.0; Windows NT 6.0; Trident/4.0; SLCC1; .NET CLR 2.0.50727; Media Center PC 5.0; .NET CLR 3.5.30729; .NET CLR 3.0.30729; BRI/2)"
88.66.225.138 - - [05/Apr/2011:18:12:52 +0200] "GET /images/mev14046_72.jpg HTTP/1.1" 200 1662 "http://www.ksbb.de/" "Mozilla/4.0 (compatible; MSIE 8.0; Windows NT 6.0; Trident/4.0; SLCC1; .NET CLR 2.0.50727; Media Center PC 5.0; .NET CLR 3.5.30729; .NET CLR 3.0.30729; BRI/2)"
88.66.225.138 - - [05/Apr/2011:18:12:52 +0200] "GET /images/55275_72.jpg HTTP/1.1" 200 2381 "http://www.ksbb.de/" "Mozilla/4.0 (compatible; MSIE 8.0; Windows NT 6.0; Trident/4.0; SLCC1; .NET CLR 2.0.50727; Media Center PC 5.0; .NET CLR 3.5.30729; .NET CLR 3.0.30729; BRI/2)"
88.66.225.138 - - [05/Apr/2011:18:12:52 +0200] "GET /images/plmc.gif HTTP/1.1" 200 166 "http://www.ksbb.de/" "Mozilla/4.0 (compatible; MSIE 8.0; Windows NT 6.0; Trident/4.0; SLCC1; .NET CLR 2.0.50727; Media Center PC 5.0; .NET CLR 3.5.30729; .NET CLR 3.0.30729; BRI/2)"
88.66.225.138 - - [05/Apr/2011:18:12:52 +0200] "GET /images/plbt.gif HTTP/1.1" 200 161 "http://www.ksbb.de/" "Mozilla/4.0 (compatible; MSIE 8.0; Windows NT 6.0; Trident/4.0; SLCC1; .NET CLR 2.0.50727; Media Center PC 5.0; .NET CLR 3.5.30729; .NET CLR 3.0.30729; BRI/2)"
88.66.225.138 - - [05/Apr/2011:18:12:52 +0200] "GET /images/ksbb1_sbp.jpg HTTP/1.1" 200 3871 "http://www.ksbb.de/" "Mozilla/4.0 (compatible; MSIE 8.0; Windows NT 6.0; Trident/4.0; SLCC1; .NET CLR 2.0.50727; Media Center PC 5.0; .NET CLR 3.5.30729; .NET CLR 3.0.30729; BRI/2)"
88.66.225.138 - - [05/Apr/2011:18:12:52 +0200] "GET /images/ulslogosbp_sbp.jpg HTTP/1.1" 200 1896 "http://www.ksbb.de/" "Mozilla/4.0 (compatible; MSIE 8.0; Windows NT 6.0; Trident/4.0; SLCC1; .NET CLR 2.0.50727; Media Center PC 5.0; .NET CLR 3.5.30729; .NET CLR 3.0.30729; BRI/2)"
88.66.225.138 - - [05/Apr/2011:18:12:52 +0200] "GET /images/iso9001_sbp.jpg HTTP/1.1" 200 4462 "http://www.ksbb.de/" "Mozilla/4.0 (compatible; MSIE 8.0; Windows NT 6.0; Trident/4.0; SLCC1; .NET CLR 2.0.50727; Media Center PC 5.0; .NET CLR 3.5.30729; .NET CLR 3.0.30729; BRI/2)"
88.66.225.138 - - [05/Apr/2011:18:12:52 +0200] "GET /images/logoprofex_sbp.gif HTTP/1.1" 200 3524 "http://www.ksbb.de/" "Mozilla/4.0 (compatible; MSIE 8.0; Windows NT 6.0; Trident/4.0; SLCC1; .NET CLR 2.0.50727; Media Center PC 5.0; .NET CLR 3.5.30729; .NET CLR 3.0.30729; BRI/2)"
88.66.225.138 - - [05/Apr/2011:18:12:52 +0200] "GET /favicon.ico HTTP/1.1" 404 - "-" "Mozilla/4.0 (compatible; MSIE 8.0; Windows NT 6.0; Trident/4.0; SLCC1; .NET CLR 2.0.50727; Media Center PC 5.0; .NET CLR 3.5.30729; .NET CLR 3.0.30729; BRI/2)"
95.108.158.244 - - [05/Apr/2011:19:27:43 +0200] "GET /images/pmtm4.gif HTTP/1.1" 304 - "-" "Mozilla/5.0 (compatible; YandexImages/3.0; +http://yandex.com/bots)"
123.125.71.116 - - [05/Apr/2011:21:28:34 +0200] "GET /000001985b0d93482/index.php HTTP/1.1" 200 15579 "-" "Baiduspider+(+http://www.baidu.com/search/spider.htm)"
123.125.71.106 - - [05/Apr/2011:21:28:36 +0200] "GET /000001985b0d93482/ HTTP/1.1" 200 15579 "-" "Baiduspider+(+http://www.baidu.com/search/spider.htm)"
95.108.158.244 - - [05/Apr/2011:21:37:00 +0200] "GET /robots.txt HTTP/1.1" 404 - "-" "Mozilla/5.0 (compatible; YandexImages/3.0; +http://yandex.com/bots)"
95.108.158.134 - - [05/Apr/2011:22:28:52 +0200] "GET /robots.txt HTTP/1.1" 404 - "-" "Mozilla/5.0 (compatible; YandexBot/3.0; +http://yandex.com/bots)"
95.108.158.244 - - [05/Apr/2011:22:58:40 +0200] "GET /images/plogo.gif HTTP/1.1" 304 - "-" "Mozilla/5.0 (compatible; YandexImages/3.0; +http://yandex.com/bots)"
67.195.114.220 - - [05/Apr/2011:23:57:28 +0200] "GET /robots.txt HTTP/1.0" 404 - "-" "Mozilla/5.0 (compatible; Yahoo! Slurp; http://help.yahoo.com/help/us/ysearch/slurp)"
67.195.114.220 - - [05/Apr/2011:23:57:29 +0200] "GET /000001985b0d93482/000001985b0fc8f0b/index.php HTTP/1.0" 200 15377 "-" "Mozilla/5.0 (compatible; Yahoo! Slurp; http://help.yahoo.com/help/us/ysearch/slurp)"
67.195.114.220 - - [05/Apr/2011:23:57:30 +0200] "GET /assets/s.css HTTP/1.0" 200 3386 "http://www.ksbb.de/000001985b0d93482/000001985b0fc8f0b/index.php" "Mozilla/5.0 (compatible; Yahoo! Slurp; http://help.yahoo.com/help/us/ysearch/slurp)"
67.195.114.220 - - [05/Apr/2011:23:57:30 +0200] "GET /assets/ssb.css HTTP/1.0" 200 657 "http://www.ksbb.de/000001985b0d93482/000001985b0fc8f0b/index.php" "Mozilla/5.0 (compatible; Yahoo! Slurp; http://help.yahoo.com/help/us/ysearch/slurp)"
95.108.158.244 - - [06/Apr/2011:00:40:06 +0200] "GET /images/55275_72.jpg HTTP/1.1" 304 - "-" "Mozilla/5.0 (compatible; YandexImages/3.0; +http://yandex.com/bots)"
95.108.158.244 - - [06/Apr/2011:02:49:35 +0200] "GET /images/phomesm0.gif HTTP/1.1" 304 - "-" "Mozilla/5.0 (compatible; YandexImages/3.0; +http://yandex.com/bots)"
95.108.158.244 - - [06/Apr/2011:04:58:49 +0200] "GET /images/pl160.gif HTTP/1.1" 304 - "-" "Mozilla/5.0 (compatible; YandexImages/3.0; +http://yandex.com/bots)"
95.108.158.244 - - [06/Apr/2011:07:08:01 +0200] "GET /images/pmtm6.gif HTTP/1.1" 304 - "-" "Mozilla/5.0 (compatible; YandexImages/3.0; +http://yandex.com/bots)"
123.125.71.95 - - [06/Apr/2011:07:46:18 +0200] "GET / HTTP/1.1" 200 24292 "-" "Baiduspider+(+http://www.baidu.com/search/spider.htm)"
123.125.71.106 - - [06/Apr/2011:07:46:48 +0200] "GET /000001985b0ce1e49/index.php HTTP/1.1" 200 14920 "-" "Baiduspider+(+http://www.baidu.com/search/spider.htm)"
123.125.71.107 - - [06/Apr/2011:07:46:52 +0200] "GET /000001985b0ce1e49/ HTTP/1.1" 200 14920 "-" "Baiduspider+(+http://www.baidu.com/search/spider.htm)"
95.108.158.244 - - [06/Apr/2011:09:17:17 +0200] "GET /images/iso9001_sbp.jpg HTTP/1.1" 304 - "-" "Mozilla/5.0 (compatible; YandexImages/3.0; +http://yandex.com/bots)"
66.249.72.39 - - [06/Apr/2011:09:57:01 +0200] "GET /robots.txt HTTP/1.1" 404 - "-" "Googlebot-Image/1.0"
66.249.72.39 - - [06/Apr/2011:09:57:01 +0200] "GET /00000198660b9a703/00000198660bb6a0a/s2dplugintabiup.gif HTTP/1.1" 200 75 "-" "Googlebot-Image/1.0"
89.247.113.213 - - [06/Apr/2011:10:30:08 +0200] "GET / HTTP/1.1" 200 24292 "-" "Mozilla/5.0 (Windows; U; Windows NT 6.1; de; rv:1.9.2.16) Gecko/20110319 Firefox/3.6.16"
89.247.113.213 - - [06/Apr/2011:10:30:09 +0200] "GET /assets/s.css HTTP/1.1" 200 3386 "http://www.ksbb.de/" "Mozilla/5.0 (Windows; U; Windows NT 6.1; de; rv:1.9.2.16) Gecko/20110319 Firefox/3.6.16"
89.247.113.213 - - [06/Apr/2011:10:30:09 +0200] "GET /assets/ssb.css HTTP/1.1" 200 657 "http://www.ksbb.de/" "Mozilla/5.0 (Windows; U; Windows NT 6.1; de; rv:1.9.2.16) Gecko/20110319 Firefox/3.6.16"
89.247.113.213 - - [06/Apr/2011:10:30:09 +0200] "GET /images/pcp.gif HTTP/1.1" 200 43 "http://www.ksbb.de/" "Mozilla/5.0 (Windows; U; Windows NT 6.1; de; rv:1.9.2.16) Gecko/20110319 Firefox/3.6.16"
89.247.113.213 - - [06/Apr/2011:10:30:09 +0200] "GET /images/pltp.gif HTTP/1.1" 200 160 "http://www.ksbb.de/" "Mozilla/5.0 (Windows; U; Windows NT 6.1; de; rv:1.9.2.16) Gecko/20110319 Firefox/3.6.16"
89.247.113.213 - - [06/Apr/2011:10:30:09 +0200] "GET /images/phomesm0.gif HTTP/1.1" 200 2239 "http://www.ksbb.de/" "Mozilla/5.0 (Windows; U; Windows NT 6.1; de; rv:1.9.2.16) Gecko/20110319 Firefox/3.6.16"
89.247.113.213 - - [06/Apr/2011:10:30:09 +0200] "GET /images/plms.gif HTTP/1.1" 200 68 "http://www.ksbb.de/" "Mozilla/5.0 (Windows; U; Windows NT 6.1; de; rv:1.9.2.16) Gecko/20110319 Firefox/3.6.16"
89.247.113.213 - - [06/Apr/2011:10:30:09 +0200] "GET /images/pmtm1.gif HTTP/1.1" 200 1155 "http://www.ksbb.de/" "Mozilla/5.0 (Windows; U; Windows NT 6.1; de; rv:1.9.2.16) Gecko/20110319 Firefox/3.6.16"
89.247.113.213 - - [06/Apr/2011:10:30:09 +0200] "GET /images/pmtm3.gif HTTP/1.1" 200 2032 "http://www.ksbb.de/" "Mozilla/5.0 (Windows; U; Windows NT 6.1; de; rv:1.9.2.16) Gecko/20110319 Firefox/3.6.16"
89.247.113.213 - - [06/Apr/2011:10:30:09 +0200] "GET /images/pmtm2.gif HTTP/1.1" 200 628 "http://www.ksbb.de/" "Mozilla/5.0 (Windows; U; Windows NT 6.1; de; rv:1.9.2.16) Gecko/20110319 Firefox/3.6.16"
89.247.113.213 - - [06/Apr/2011:10:30:09 +0200] "GET /images/pmtm4.gif HTTP/1.1" 200 2316 "http://www.ksbb.de/" "Mozilla/5.0 (Windows; U; Windows NT 6.1; de; rv:1.9.2.16) Gecko/20110319 Firefox/3.6.16"
89.247.113.213 - - [06/Apr/2011:10:30:09 +0200] "GET /images/pmtm7.gif HTTP/1.1" 200 1174 "http://www.ksbb.de/" "Mozilla/5.0 (Windows; U; Windows NT 6.1; de; rv:1.9.2.16) Gecko/20110319 Firefox/3.6.16"
89.247.113.213 - - [06/Apr/2011:10:30:09 +0200] "GET /images/pmtm6.gif HTTP/1.1" 200 628 "http://www.ksbb.de/" "Mozilla/5.0 (Windows; U; Windows NT 6.1; de; rv:1.9.2.16) Gecko/20110319 Firefox/3.6.16"
89.247.113.213 - - [06/Apr/2011:10:30:09 +0200] "GET /images/plma.gif HTTP/1.1" 200 164 "http://www.ksbb.de/" "Mozilla/5.0 (Windows; U; Windows NT 6.1; de; rv:1.9.2.16) Gecko/20110319 Firefox/3.6.16"
89.247.113.213 - - [06/Apr/2011:10:30:09 +0200] "GET /images/pbx.gif HTTP/1.1" 200 99 "http://www.ksbb.de/" "Mozilla/5.0 (Windows; U; Windows NT 6.1; de; rv:1.9.2.16) Gecko/20110319 Firefox/3.6.16"
89.247.113.213 - - [06/Apr/2011:10:30:09 +0200] "GET /images/plmb.gif HTTP/1.1" 200 166 "http://www.ksbb.de/" "Mozilla/5.0 (Windows; U; Windows NT 6.1; de; rv:1.9.2.16) Gecko/20110319 Firefox/3.6.16"
89.247.113.213 - - [06/Apr/2011:10:30:09 +0200] "GET /images/plnkn.gif HTTP/1.1" 200 95 "http://www.ksbb.de/" "Mozilla/5.0 (Windows; U; Windows NT 6.1; de; rv:1.9.2.16) Gecko/20110319 Firefox/3.6.16"
89.247.113.213 - - [06/Apr/2011:10:30:09 +0200] "GET /images/pmtm5.gif HTTP/1.1" 200 2185 "http://www.ksbb.de/" "Mozilla/5.0 (Windows; U; Windows NT 6.1; de; rv:1.9.2.16) Gecko/20110319 Firefox/3.6.16"
89.247.113.213 - - [06/Apr/2011:10:30:09 +0200] "GET /images/mev23003_72.jpg HTTP/1.1" 200 2106 "http://www.ksbb.de/" "Mozilla/5.0 (Windows; U; Windows NT 6.1; de; rv:1.9.2.16) Gecko/20110319 Firefox/3.6.16"
89.247.113.213 - - [06/Apr/2011:10:30:09 +0200] "GET /images/plmc.gif HTTP/1.1" 200 166 "http://www.ksbb.de/" "Mozilla/5.0 (Windows; U; Windows NT 6.1; de; rv:1.9.2.16) Gecko/20110319 Firefox/3.6.16"
89.247.113.213 - - [06/Apr/2011:10:30:09 +0200] "GET /images/mev14046_72.jpg HTTP/1.1" 200 1662 "http://www.ksbb.de/" "Mozilla/5.0 (Windows; U; Windows NT 6.1; de; rv:1.9.2.16) Gecko/20110319 Firefox/3.6.16"
89.247.113.213 - - [06/Apr/2011:10:30:09 +0200] "GET /images/55275_72.jpg HTTP/1.1" 200 2381 "http://www.ksbb.de/" "Mozilla/5.0 (Windows; U; Windows NT 6.1; de; rv:1.9.2.16) Gecko/20110319 Firefox/3.6.16"
89.247.113.213 - - [06/Apr/2011:10:30:09 +0200] "GET /images/plogo.gif HTTP/1.1" 200 18153 "http://www.ksbb.de/" "Mozilla/5.0 (Windows; U; Windows NT 6.1; de; rv:1.9.2.16) Gecko/20110319 Firefox/3.6.16"
89.247.113.213 - - [06/Apr/2011:10:30:09 +0200] "GET /images/ksbb1_sbp.jpg HTTP/1.1" 200 3871 "http://www.ksbb.de/" "Mozilla/5.0 (Windows; U; Windows NT 6.1; de; rv:1.9.2.16) Gecko/20110319 Firefox/3.6.16"
89.247.113.213 - - [06/Apr/2011:10:30:09 +0200] "GET /images/ulslogosbp_sbp.jpg HTTP/1.1" 200 1896 "http://www.ksbb.de/" "Mozilla/5.0 (Windows; U; Windows NT 6.1; de; rv:1.9.2.16) Gecko/20110319 Firefox/3.6.16"
89.247.113.213 - - [06/Apr/2011:10:30:09 +0200] "GET /images/plbt.gif HTTP/1.1" 200 161 "http://www.ksbb.de/" "Mozilla/5.0 (Windows; U; Windows NT 6.1; de; rv:1.9.2.16) Gecko/20110319 Firefox/3.6.16"
89.247.113.213 - - [06/Apr/2011:10:30:09 +0200] "GET /images/pl160.gif HTTP/1.1" 200 70 "http://www.ksbb.de/" "Mozilla/5.0 (Windows; U; Windows NT 6.1; de; rv:1.9.2.16) Gecko/20110319 Firefox/3.6.16"
89.247.113.213 - - [06/Apr/2011:10:30:09 +0200] "GET /images/iso9001_sbp.jpg HTTP/1.1" 200 4462 "http://www.ksbb.de/" "Mozilla/5.0 (Windows; U; Windows NT 6.1; de; rv:1.9.2.16) Gecko/20110319 Firefox/3.6.16"
89.247.113.213 - - [06/Apr/2011:10:30:09 +0200] "GET /images/logoprofex_sbp.gif HTTP/1.1" 200 3524 "http://www.ksbb.de/" "Mozilla/5.0 (Windows; U; Windows NT 6.1; de; rv:1.9.2.16) Gecko/20110319 Firefox/3.6.16"
89.247.113.213 - - [06/Apr/2011:10:30:09 +0200] "GET /images/pcmpc1.gif HTTP/1.1" 200 1155 "http://www.ksbb.de/" "Mozilla/5.0 (Windows; U; Windows NT 6.1; de; rv:1.9.2.16) Gecko/20110319 Firefox/3.6.16"
89.247.113.213 - - [06/Apr/2011:10:30:09 +0200] "GET /images/pcmpc2.gif HTTP/1.1" 200 1240 "http://www.ksbb.de/" "Mozilla/5.0 (Windows; U; Windows NT 6.1; de; rv:1.9.2.16) Gecko/20110319 Firefox/3.6.16"
89.247.113.213 - - [06/Apr/2011:10:30:09 +0200] "GET /images/phnvmtt1.gif HTTP/1.1" 200 2551 "http://www.ksbb.de/" "Mozilla/5.0 (Windows; U; Windows NT 6.1; de; rv:1.9.2.16) Gecko/20110319 Firefox/3.6.16"
89.247.113.213 - - [06/Apr/2011:10:30:09 +0200] "GET /images/pcmphc1.gif HTTP/1.1" 200 2164 "http://www.ksbb.de/" "Mozilla/5.0 (Windows; U; Windows NT 6.1; de; rv:1.9.2.16) Gecko/20110319 Firefox/3.6.16"
89.247.113.213 - - [06/Apr/2011:10:30:09 +0200] "GET /images/phnvmtht1.gif HTTP/1.1" 200 2613 "http://www.ksbb.de/" "Mozilla/5.0 (Windows; U; Windows NT 6.1; de; rv:1.9.2.16) Gecko/20110319 Firefox/3.6.16"
89.247.113.213 - - [06/Apr/2011:10:30:09 +0200] "GET /images/phnvmtt3.gif HTTP/1.1" 200 2611 "http://www.ksbb.de/" "Mozilla/5.0 (Windows; U; Windows NT 6.1; de; rv:1.9.2.16) Gecko/20110319 Firefox/3.6.16"
89.247.113.213 - - [06/Apr/2011:10:30:09 +0200] "GET /images/pcmphc2.gif HTTP/1.1" 200 2299 "http://www.ksbb.de/" "Mozilla/5.0 (Windows; U; Windows NT 6.1; de; rv:1.9.2.16) Gecko/20110319 Firefox/3.6.16"
89.247.113.213 - - [06/Apr/2011:10:30:09 +0200] "GET /images/phnvmtht3.gif HTTP/1.1" 200 2679 "http://www.ksbb.de/" "Mozilla/5.0 (Windows; U; Windows NT 6.1; de; rv:1.9.2.16) Gecko/20110319 Firefox/3.6.16"
89.247.113.213 - - [06/Apr/2011:10:30:09 +0200] "GET /images/phnvmtt4.gif HTTP/1.1" 200 2685 "http://www.ksbb.de/" "Mozilla/5.0 (Windows; U; Windows NT 6.1; de; rv:1.9.2.16) Gecko/20110319 Firefox/3.6.16"
89.247.113.213 - - [06/Apr/2011:10:30:09 +0200] "GET /images/phnvmtht2.gif HTTP/1.1" 200 1696 "http://www.ksbb.de/" "Mozilla/5.0 (Windows; U; Windows NT 6.1; de; rv:1.9.2.16) Gecko/20110319 Firefox/3.6.16"
89.247.113.213 - - [06/Apr/2011:10:30:09 +0200] "GET /images/phnvmtt5.gif HTTP/1.1" 200 2563 "http://www.ksbb.de/" "Mozilla/5.0 (Windows; U; Windows NT 6.1; de; rv:1.9.2.16) Gecko/20110319 Firefox/3.6.16"
89.247.113.213 - - [06/Apr/2011:10:30:09 +0200] "GET /images/phnvmtht4.gif HTTP/1.1" 200 2627 "http://www.ksbb.de/" "Mozilla/5.0 (Windows; U; Windows NT 6.1; de; rv:1.9.2.16) Gecko/20110319 Firefox/3.6.16"
89.247.113.213 - - [06/Apr/2011:10:30:09 +0200] "GET /images/phnvmtht5.gif HTTP/1.1" 200 2500 "http://www.ksbb.de/" "Mozilla/5.0 (Windows; U; Windows NT 6.1; de; rv:1.9.2.16) Gecko/20110319 Firefox/3.6.16"
89.247.113.213 - - [06/Apr/2011:10:30:09 +0200] "GET /images/phnvmtt2.gif HTTP/1.1" 200 1637 "http://www.ksbb.de/" "Mozilla/5.0 (Windows; U; Windows NT 6.1; de; rv:1.9.2.16) Gecko/20110319 Firefox/3.6.16"
89.247.113.213 - - [06/Apr/2011:10:30:09 +0200] "GET /images/phnvmtt6.gif HTTP/1.1" 200 1637 "http://www.ksbb.de/" "Mozilla/5.0 (Windows; U; Windows NT 6.1; de; rv:1.9.2.16) Gecko/20110319 Firefox/3.6.16"
89.247.113.213 - - [06/Apr/2011:10:30:09 +0200] "GET /images/phnvmtht6.gif HTTP/1.1" 200 1696 "http://www.ksbb.de/" "Mozilla/5.0 (Windows; U; Windows NT 6.1; de; rv:1.9.2.16) Gecko/20110319 Firefox/3.6.16"
89.247.113.213 - - [06/Apr/2011:10:30:09 +0200] "GET /images/phnvmtt7.gif HTTP/1.1" 200 2552 "http://www.ksbb.de/" "Mozilla/5.0 (Windows; U; Windows NT 6.1; de; rv:1.9.2.16) Gecko/20110319 Firefox/3.6.16"
89.247.113.213 - - [06/Apr/2011:10:30:09 +0200] "GET /images/phnvmtht7.gif HTTP/1.1" 200 2615 "http://www.ksbb.de/" "Mozilla/5.0 (Windows; U; Windows NT 6.1; de; rv:1.9.2.16) Gecko/20110319 Firefox/3.6.16"
89.247.113.213 - - [06/Apr/2011:10:30:09 +0200] "GET /images/pmthm1.gif HTTP/1.1" 200 2169 "http://www.ksbb.de/" "Mozilla/5.0 (Windows; U; Windows NT 6.1; de; rv:1.9.2.16) Gecko/20110319 Firefox/3.6.16"
89.247.113.213 - - [06/Apr/2011:10:30:09 +0200] "GET /images/pmthm3.gif HTTP/1.1" 200 2275 "http://www.ksbb.de/" "Mozilla/5.0 (Windows; U; Windows NT 6.1; de; rv:1.9.2.16) Gecko/20110319 Firefox/3.6.16"
89.247.113.213 - - [06/Apr/2011:10:30:09 +0200] "GET /images/pmthm2.gif HTTP/1.1" 200 1209 "http://www.ksbb.de/" "Mozilla/5.0 (Windows; U; Windows NT 6.1; de; rv:1.9.2.16) Gecko/20110319 Firefox/3.6.16"
89.247.113.213 - - [06/Apr/2011:10:30:09 +0200] "GET /images/pmthm4.gif HTTP/1.1" 200 2518 "http://www.ksbb.de/" "Mozilla/5.0 (Windows; U; Windows NT 6.1; de; rv:1.9.2.16) Gecko/20110319 Firefox/3.6.16"
89.247.113.213 - - [06/Apr/2011:10:30:09 +0200] "GET /images/pmthm5.gif HTTP/1.1" 200 2381 "http://www.ksbb.de/" "Mozilla/5.0 (Windows; U; Windows NT 6.1; de; rv:1.9.2.16) Gecko/20110319 Firefox/3.6.16"
89.247.113.213 - - [06/Apr/2011:10:30:09 +0200] "GET /images/pmthm6.gif HTTP/1.1" 200 1209 "http://www.ksbb.de/" "Mozilla/5.0 (Windows; U; Windows NT 6.1; de; rv:1.9.2.16) Gecko/20110319 Firefox/3.6.16"
89.247.113.213 - - [06/Apr/2011:10:30:09 +0200] "GET /images/pmthm7.gif HTTP/1.1" 200 2195 "http://www.ksbb.de/" "Mozilla/5.0 (Windows; U; Windows NT 6.1; de; rv:1.9.2.16) Gecko/20110319 Firefox/3.6.16"
89.247.113.213 - - [06/Apr/2011:10:30:09 +0200] "GET /images/pd.gif HTTP/1.1" 200 111 "http://www.ksbb.de/" "Mozilla/5.0 (Windows; U; Windows NT 6.1; de; rv:1.9.2.16) Gecko/20110319 Firefox/3.6.16"
89.247.113.213 - - [06/Apr/2011:10:30:09 +0200] "GET /images/plvt.gif HTTP/1.1" 200 53 "http://www.ksbb.de/" "Mozilla/5.0 (Windows; U; Windows NT 6.1; de; rv:1.9.2.16) Gecko/20110319 Firefox/3.6.16"
89.247.113.213 - - [06/Apr/2011:10:30:09 +0200] "GET /images/psd.gif HTTP/1.1" 200 111 "http://www.ksbb.de/" "Mozilla/5.0 (Windows; U; Windows NT 6.1; de; rv:1.9.2.16) Gecko/20110319 Firefox/3.6.16"
89.247.113.213 - - [06/Apr/2011:10:30:09 +0200] "GET /images/pbg.gif HTTP/1.1" 200 52 "http://www.ksbb.de/" "Mozilla/5.0 (Windows; U; Windows NT 6.1; de; rv:1.9.2.16) Gecko/20110319 Firefox/3.6.16"
89.247.113.213 - - [06/Apr/2011:10:30:09 +0200] "GET /favicon.ico HTTP/1.1" 404 - "-" "Mozilla/5.0 (Windows; U; Windows NT 6.1; de; rv:1.9.2.16) Gecko/20110319 Firefox/3.6.16"
89.247.113.213 - - [06/Apr/2011:10:30:09 +0200] "GET /favicon.ico HTTP/1.1" 404 - "-" "Mozilla/5.0 (Windows; U; Windows NT 6.1; de; rv:1.9.2.16) Gecko/20110319 Firefox/3.6.16"
89.247.113.213 - - [06/Apr/2011:10:30:12 +0200] "GET /favicon.ico HTTP/1.1" 404 - "-" "Mozilla/5.0 (Windows; U; Windows NT 6.1; de; rv:1.9.2.16) Gecko/20110319 Firefox/3.6.16"
95.108.158.134 - - [06/Apr/2011:11:02:20 +0200] "GET / HTTP/1.1" 200 24292 "-" "Mozilla/5.0 (compatible; YandexBot/3.0; +http://yandex.com/bots)"
95.108.158.244 - - [06/Apr/2011:12:09:05 +0200] "GET /images/plma.gif HTTP/1.1" 304 - "-" "Mozilla/5.0 (compatible; YandexImages/3.0; +http://yandex.com/bots)"
220.181.108.96 - - [06/Apr/2011:12:19:01 +0200] "GET / HTTP/1.1" 200 24292 "-" "Baiduspider+(+http://www.baidu.com/search/spider.htm)"
123.125.71.23 - - [06/Apr/2011:12:19:01 +0200] "GET / HTTP/1.1" 200 15277 "-" "Baiduspider+(+http://www.baidu.com/search/spider.htm)"
95.108.158.244 - - [06/Apr/2011:12:52:06 +0200] "GET /images/pcp.gif HTTP/1.1" 304 - "-" "Mozilla/5.0 (compatible; YandexImages/3.0; +http://yandex.com/bots)"
123.125.71.22 - - [06/Apr/2011:13:20:23 +0200] "GET / HTTP/1.1" 200 15277 "-" "Baiduspider+(+http://www.baidu.com/search/spider.htm)"
220.181.108.85 - - [06/Apr/2011:13:20:27 +0200] "GET / HTTP/1.1" 200 15277 "-" "Baiduspider+(+http://www.baidu.com/search/spider.htm)"
95.108.158.244 - - [06/Apr/2011:13:44:40 +0200] "GET /images/phnvmtt4.gif HTTP/1.1" 304 - "-" "Mozilla/5.0 (compatible; YandexImages/3.0; +http://yandex.com/bots)"
65.52.110.52 - - [06/Apr/2011:14:26:03 +0200] "GET /robots.txt HTTP/1.1" 404 - "-" "Mozilla/5.0 (compatible; bingbot/2.0; +http://www.bing.com/bingbot.htm)"
65.52.110.52 - - [06/Apr/2011:14:28:12 +0200] "GET / HTTP/1.1" 200 24292 "-" "Mozilla/5.0 (compatible; bingbot/2.0; +http://www.bing.com/bingbot.htm)"
67.195.114.220 - - [06/Apr/2011:14:33:36 +0200] "GET /robots.txt HTTP/1.0" 404 - "-" "Mozilla/5.0 (compatible; Yahoo! Slurp; http://help.yahoo.com/help/us/ysearch/slurp)"
67.195.114.220 - - [06/Apr/2011:14:33:37 +0200] "GET / HTTP/1.0" 200 24292 "-" "Mozilla/5.0 (compatible; Yahoo! Slurp; http://help.yahoo.com/help/us/ysearch/slurp)"
67.195.114.220 - - [06/Apr/2011:14:33:38 +0200] "GET /assets/s.css HTTP/1.0" 200 3386 "http://www.ksbb.de/" "Mozilla/5.0 (compatible; Yahoo! Slurp; http://help.yahoo.com/help/us/ysearch/slurp)"
67.195.114.220 - - [06/Apr/2011:14:33:38 +0200] "GET /assets/ssb.css HTTP/1.0" 200 657 "http://www.ksbb.de/" "Mozilla/5.0 (compatible; Yahoo! Slurp; http://help.yahoo.com/help/us/ysearch/slurp)"
95.108.158.244 - - [06/Apr/2011:14:44:07 +0200] "GET /images/plmc.gif HTTP/1.1" 304 - "-" "Mozilla/5.0 (compatible; YandexImages/3.0; +http://yandex.com/bots)"
95.108.158.244 - - [06/Apr/2011:15:32:32 +0200] "GET /images/plnkn.gif HTTP/1.1" 304 - "-" "Mozilla/5.0 (compatible; YandexImages/3.0; +http://yandex.com/bots)"
95.108.158.244 - - [06/Apr/2011:16:04:47 +0200] "GET /images/pmtm1.gif HTTP/1.1" 304 - "-" "Mozilla/5.0 (compatible; YandexImages/3.0; +http://yandex.com/bots)"
66.249.72.39 - - [06/Apr/2011:16:32:53 +0200] "GET /00000198660b9a703/00000198660bb6a0a/s2dplugintabidown.gif HTTP/1.1" 200 73 "-" "Googlebot-Image/1.0"
95.108.158.134 - - [06/Apr/2011:16:49:02 +0200] "GET / HTTP/1.1" 200 24292 "-" "Mozilla/5.0 (compatible; YandexBot/3.0; +http://yandex.com/bots)"
95.108.158.244 - - [06/Apr/2011:17:16:57 +0200] "GET /images/phnvmtt3.gif HTTP/1.1" 304 - "-" "Mozilla/5.0 (compatible; YandexImages/3.0; +http://yandex.com/bots)"
95.108.158.244 - - [06/Apr/2011:17:56:51 +0200] "GET /images/pmtm7.gif HTTP/1.1" 304 - "-" "Mozilla/5.0 (compatible; YandexImages/3.0; +http://yandex.com/bots)"
95.108.158.244 - - [06/Apr/2011:18:56:40 +0200] "GET /images/pd.gif HTTP/1.1" 304 - "-" "Mozilla/5.0 (compatible; YandexImages/3.0; +http://yandex.com/bots)"
174.129.117.216 - - [06/Apr/2011:19:19:28 +0200] "GET / HTTP/1.1" 200 24292 "-" "Mozilla/5.0 (X11; U; Linux i686; pl-PL; rv:1.9.0.2) Gecko/20121223 Ubuntu/9.25 (jaunty) Firefox/3.8"
95.108.158.244 - - [06/Apr/2011:20:04:37 +0200] "GET /images/mev23003_72.jpg HTTP/1.1" 304 - "-" "Mozilla/5.0 (compatible; YandexImages/3.0; +http://yandex.com/bots)"
93.132.60.51 - - [06/Apr/2011:20:07:34 +0200] "GET /chiptan HTTP/1.1" 404 - "-" "Mozilla/5.0 (Windows NT 6.1; WOW64; rv:2.0) Gecko/20100101 Firefox/4.0"
93.132.60.51 - - [06/Apr/2011:20:07:35 +0200] "GET /favicon.ico HTTP/1.1" 404 - "-" "Mozilla/5.0 (Windows NT 6.1; WOW64; rv:2.0) Gecko/20100101 Firefox/4.0"
93.132.60.51 - - [06/Apr/2011:20:07:35 +0200] "GET /favicon.ico HTTP/1.1" 404 - "-" "Mozilla/5.0 (Windows NT 6.1; WOW64; rv:2.0) Gecko/20100101 Firefox/4.0"
93.132.60.51 - - [06/Apr/2011:20:07:35 +0200] "GET /favicon.ico HTTP/1.1" 404 - "-" "Mozilla/5.0 (Windows NT 6.1; WOW64; rv:2.0) Gecko/20100101 Firefox/4.0"
123.125.71.17 - - [06/Apr/2011:21:19:35 +0200] "GET / HTTP/1.1" 200 15277 "-" "Baiduspider+(+http://www.baidu.com/search/spider.htm)"
220.181.108.80 - - [06/Apr/2011:21:19:37 +0200] "GET / HTTP/1.1" 200 24292 "-" "Baiduspider+(+http://www.baidu.com/search/spider.htm)"
95.108.158.244 - - [06/Apr/2011:21:38:04 +0200] "GET /robots.txt HTTP/1.1" 404 - "-" "Mozilla/5.0 (compatible; YandexImages/3.0; +http://yandex.com/bots)"
95.108.158.244 - - [06/Apr/2011:21:59:11 +0200] "GET /images/phnvmtt6.gif HTTP/1.1" 304 - "-" "Mozilla/5.0 (compatible; YandexImages/3.0; +http://yandex.com/bots)"
66.249.72.39 - - [06/Apr/2011:23:12:55 +0200] "GET /robots.txt HTTP/1.1" 404 - "-" "Googlebot-Image/1.0"
66.249.72.39 - - [06/Apr/2011:23:12:55 +0200] "GET /00000198660b9a703/00000198660bb6a0a/s2dplugintabaup.gif HTTP/1.1" 200 75 "-" "Googlebot-Image/1.0"
95.108.158.244 - - [06/Apr/2011:23:26:51 +0200] "GET /images/plms.gif HTTP/1.1" 304 - "-" "Mozilla/5.0 (compatible; YandexImages/3.0; +http://yandex.com/bots)"
66.249.72.39 - - [06/Apr/2011:23:44:02 +0200] "GET /00000198660c9d618/00000198610cada01/00000198610ccef0b.php HTTP/1.1" 200 15796 "-" "Mozilla/5.0 (compatible; Googlebot/2.1; +http://www.google.com/bot.html)"
123.125.71.34 - - [07/Apr/2011:00:19:53 +0200] "GET / HTTP/1.1" 200 15277 "-" "Baiduspider+(+http://www.baidu.com/search/spider.htm)"
220.181.108.95 - - [07/Apr/2011:00:19:56 +0200] "GET / HTTP/1.1" 200 15277 "-" "Baiduspider+(+http://www.baidu.com/search/spider.htm)"
95.108.158.244 - - [07/Apr/2011:00:29:44 +0200] "GET /images/pltp.gif HTTP/1.1" 304 - "-" "Mozilla/5.0 (compatible; YandexImages/3.0; +http://yandex.com/bots)"
66.249.72.39 - - [07/Apr/2011:01:20:50 +0200] "GET / HTTP/1.1" 200 24292 "-" "Mozilla/5.0 (compatible; Googlebot/2.1; +http://www.google.com/bot.html)"
95.108.158.244 - - [07/Apr/2011:01:30:39 +0200] "GET /images/phnvmtt7.gif HTTP/1.1" 304 - "-" "Mozilla/5.0 (compatible; YandexImages/3.0; +http://yandex.com/bots)"
123.125.71.20 - - [07/Apr/2011:02:20:13 +0200] "GET / HTTP/1.1" 200 24284 "-" "Baiduspider+(+http://www.baidu.com/search/spider.htm)"
220.181.108.89 - - [07/Apr/2011:02:20:17 +0200] "GET / HTTP/1.1" 200 15277 "-" "Baiduspider+(+http://www.baidu.com/search/spider.htm)"
95.108.158.244 - - [07/Apr/2011:02:31:23 +0200] "GET /images/pcmpc2.gif HTTP/1.1" 304 - "-" "Mozilla/5.0 (compatible; YandexImages/3.0; +http://yandex.com/bots)"
207.46.13.135 - - [07/Apr/2011:03:07:17 +0200] "GET /robots.txt HTTP/1.1" 404 - "-" "Mozilla/5.0 (compatible; bingbot/2.0; +http://www.bing.com/bingbot.htm)"
207.46.13.135 - - [07/Apr/2011:03:08:05 +0200] "GET /index.php HTTP/1.1" 200 24284 "-" "Mozilla/5.0 (compatible; bingbot/2.0; +http://www.bing.com/bingbot.htm)"
207.46.13.146 - - [07/Apr/2011:03:26:49 +0200] "GET /000001985b0e5e29a/000001985f0d8f113/index.php HTTP/1.1" 200 20340 "-" "Mozilla/5.0 (compatible; bingbot/2.0; +http://www.bing.com/bingbot.htm)"
95.108.158.244 - - [07/Apr/2011:03:32:55 +0200] "GET /images/plbt.gif HTTP/1.1" 304 - "-" "Mozilla/5.0 (compatible; YandexImages/3.0; +http://yandex.com/bots)"
95.108.158.244 - - [07/Apr/2011:04:13:00 +0200] "GET /images/phnvmtt2.gif HTTP/1.1" 304 - "-" "Mozilla/5.0 (compatible; YandexImages/3.0; +http://yandex.com/bots)"
123.125.71.108 - - [07/Apr/2011:04:47:25 +0200] "GET / HTTP/1.1" 200 24284 "-" "Baiduspider+(+http://www.baidu.com/search/spider.htm)"
123.125.71.106 - - [07/Apr/2011:04:48:05 +0200] "GET /000001985b0d93482/000001985c0868401/index.php HTTP/1.1" 200 20292 "-" "Baiduspider+(+http://www.baidu.com/search/spider.htm)"
123.125.71.114 - - [07/Apr/2011:04:48:07 +0200] "GET /000001985b0d93482/000001985b0da2285/index.php HTTP/1.1" 200 16408 "-" "Baiduspider+(+http://www.baidu.com/search/spider.htm)"
123.125.71.108 - - [07/Apr/2011:04:48:08 +0200] "GET /000001985b0d93482/000001985c0868401/ HTTP/1.1" 200 20292 "-" "Baiduspider+(+http://www.baidu.com/search/spider.htm)"
123.125.71.113 - - [07/Apr/2011:04:48:11 +0200] "GET /000001985b0d93482/000001985b0da2285/ HTTP/1.1" 200 16408 "-" "Baiduspider+(+http://www.baidu.com/search/spider.htm)"
123.125.71.117 - - [07/Apr/2011:04:48:13 +0200] "GET /000001985b0ce1e49/00000198610d8af28/index.php HTTP/1.1" 200 15780 "-" "Baiduspider+(+http://www.baidu.com/search/spider.htm)"
123.125.71.108 - - [07/Apr/2011:04:48:16 +0200] "GET /00000198660c9d618/00000198660cdce24/index.php HTTP/1.1" 200 17962 "-" "Baiduspider+(+http://www.baidu.com/search/spider.htm)"
123.125.71.98 - - [07/Apr/2011:04:48:18 +0200] "GET /000001985b0ce1e49/00000198610d8af28/ HTTP/1.1" 200 15780 "-" "Baiduspider+(+http://www.baidu.com/search/spider.htm)"
123.125.71.108 - - [07/Apr/2011:04:48:21 +0200] "GET /00000198660c9d618/00000198660cdce24/ HTTP/1.1" 200 17962 "-" "Baiduspider+(+http://www.baidu.com/search/spider.htm)"
123.125.71.107 - - [07/Apr/2011:04:48:22 +0200] "GET /00000198660c9d618/index.php HTTP/1.1" 200 15359 "-" "Baiduspider+(+http://www.baidu.com/search/spider.htm)"
123.125.71.114 - - [07/Apr/2011:04:48:25 +0200] "GET /00000398730fcd910.php HTTP/1.1" 200 22413 "-" "Baiduspider+(+http://www.baidu.com/search/spider.htm)"
123.125.71.108 - - [07/Apr/2011:04:48:27 +0200] "GET /00000198660c9d618/ HTTP/1.1" 200 15359 "-" "Baiduspider+(+http://www.baidu.com/search/spider.htm)"
123.125.71.111 - - [07/Apr/2011:04:48:31 +0200] "GET /000001985b0d93482/00000198660ae2e07/index.php HTTP/1.1" 200 17564 "-" "Baiduspider+(+http://www.baidu.com/search/spider.htm)"
123.125.71.108 - - [07/Apr/2011:04:48:33 +0200] "GET /000001985b0d93482/00000198660ae2e07/ HTTP/1.1" 200 17564 "-" "Baiduspider+(+http://www.baidu.com/search/spider.htm)"
123.125.71.106 - - [07/Apr/2011:04:48:33 +0200] "GET /000001985b0ce1e49/00000198610d6501c/index.php HTTP/1.1" 200 15944 "-" "Baiduspider+(+http://www.baidu.com/search/spider.htm)"
123.125.71.117 - - [07/Apr/2011:04:48:37 +0200] "GET /00000198660b9a703/index.php HTTP/1.1" 200 19288 "-" "Baiduspider+(+http://www.baidu.com/search/spider.htm)"
123.125.71.101 - - [07/Apr/2011:04:48:38 +0200] "GET /000001985b0ce1e49/00000198610d6501c/ HTTP/1.1" 200 15944 "-" "Baiduspider+(+http://www.baidu.com/search/spider.htm)"
123.125.71.117 - - [07/Apr/2011:04:48:39 +0200] "GET /00000198660b9a703/ HTTP/1.1" 200 19288 "-" "Baiduspider+(+http://www.baidu.com/search/spider.htm)"
123.125.71.111 - - [07/Apr/2011:04:48:42 +0200] "GET /index.php HTTP/1.1" 200 24284 "-" "Baiduspider+(+http://www.baidu.com/search/spider.htm)"
123.125.71.106 - - [07/Apr/2011:04:48:44 +0200] "GET /000001985b0e5e29a/index.php HTTP/1.1" 200 16906 "-" "Baiduspider+(+http://www.baidu.com/search/spider.htm)"
123.125.71.107 - - [07/Apr/2011:04:48:44 +0200] "GET / HTTP/1.1" 200 24284 "-" "Baiduspider+(+http://www.baidu.com/search/spider.htm)"
123.125.71.97 - - [07/Apr/2011:04:48:47 +0200] "GET /000001985b0e5e29a/ HTTP/1.1" 200 16906 "-" "Baiduspider+(+http://www.baidu.com/search/spider.htm)"
123.125.71.102 - - [07/Apr/2011:04:48:48 +0200] "GET /00000198660b9a703/00000198660bb6a0a/index.php HTTP/1.1" 200 16353 "-" "Baiduspider+(+http://www.baidu.com/search/spider.htm)"
123.125.71.114 - - [07/Apr/2011:04:48:51 +0200] "GET /00000198660c9d618/00000198610cada01/index.php HTTP/1.1" 200 18163 "-" "Baiduspider+(+http://www.baidu.com/search/spider.htm)"
123.125.71.103 - - [07/Apr/2011:04:48:52 +0200] "GET /00000198660b9a703/00000198660bb6a0a/ HTTP/1.1" 200 16353 "-" "Baiduspider+(+http://www.baidu.com/search/spider.htm)"
123.125.71.108 - - [07/Apr/2011:04:48:54 +0200] "GET /00000198660c9d618/00000198610cada01/ HTTP/1.1" 200 18163 "-" "Baiduspider+(+http://www.baidu.com/search/spider.htm)"
123.125.71.113 - - [07/Apr/2011:04:48:58 +0200] "GET /assets/s.css HTTP/1.1" 200 3386 "-" "Baiduspider+(+http://www.baidu.com/search/spider.htm)"
123.125.71.99 - - [07/Apr/2011:04:48:57 +0200] "GET /000001985b0d93482/index.php HTTP/1.1" 200 15590 "-" "Baiduspider+(+http://www.baidu.com/search/spider.htm)"
123.125.71.107 - - [07/Apr/2011:04:49:01 +0200] "GET /000001985b0e5e29a/000001985f0d1bf04/index.php HTTP/1.1" 200 17301 "-" "Baiduspider+(+http://www.baidu.com/search/spider.htm)"
123.125.71.102 - - [07/Apr/2011:04:49:01 +0200] "GET /000001985b0d93482/ HTTP/1.1" 200 15590 "-" "Baiduspider+(+http://www.baidu.com/search/spider.htm)"
123.125.71.107 - - [07/Apr/2011:04:49:05 +0200] "GET /000001985b0e5e29a/000001985f0d1bf04/ HTTP/1.1" 200 17301 "-" "Baiduspider+(+http://www.baidu.com/search/spider.htm)"
123.125.71.108 - - [07/Apr/2011:04:49:09 +0200] "GET /00000198660a80203/index.php HTTP/1.1" 200 12651 "-" "Baiduspider+(+http://www.baidu.com/search/spider.htm)"
123.125.71.114 - - [07/Apr/2011:04:49:12 +0200] "GET /00000198660a80203/ HTTP/1.1" 200 12651 "-" "Baiduspider+(+http://www.baidu.com/search/spider.htm)"
123.125.71.108 - - [07/Apr/2011:04:49:13 +0200] "GET /000001985b0e5e29a/000001985f0d8f113/index.php HTTP/1.1" 200 20340 "-" "Baiduspider+(+http://www.baidu.com/search/spider.htm)"
123.125.71.103 - - [07/Apr/2011:04:49:17 +0200] "GET /000001985b0e5e29a/000001985f0d8f113/ HTTP/1.1" 200 20340 "-" "Baiduspider+(+http://www.baidu.com/search/spider.htm)"
67.195.114.220 - - [07/Apr/2011:04:54:08 +0200] "GET /robots.txt HTTP/1.0" 404 - "-" "Mozilla/5.0 (compatible; Yahoo! Slurp; http://help.yahoo.com/help/us/ysearch/slurp)"
67.195.114.220 - - [07/Apr/2011:04:54:08 +0200] "GET /000001985b0d93482/00000198660ae2e07/index.php HTTP/1.0" 200 17564 "-" "Mozilla/5.0 (compatible; Yahoo! Slurp; http://help.yahoo.com/help/us/ysearch/slurp)"
67.195.114.220 - - [07/Apr/2011:04:54:09 +0200] "GET /assets/s.css HTTP/1.0" 200 3386 "http://www.ksbb.de/000001985b0d93482/00000198660ae2e07/index.php" "Mozilla/5.0 (compatible; Yahoo! Slurp; http://help.yahoo.com/help/us/ysearch/slurp)"
67.195.114.220 - - [07/Apr/2011:04:54:10 +0200] "GET /assets/ssb.css HTTP/1.0" 200 657 "http://www.ksbb.de/000001985b0d93482/00000198660ae2e07/index.php" "Mozilla/5.0 (compatible; Yahoo! Slurp; http://help.yahoo.com/help/us/ysearch/slurp)"
95.108.158.244 - - [07/Apr/2011:05:13:34 +0200] "GET /images/pcmpc1.gif HTTP/1.1" 304 - "-" "Mozilla/5.0 (compatible; YandexImages/3.0; +http://yandex.com/bots)"
67.195.114.220 - - [07/Apr/2011:05:26:56 +0200] "GET /00000198660c9d618/00000198610cada01/index.php HTTP/1.0" 200 18163 "-" "Mozilla/5.0 (compatible; Yahoo! Slurp; http://help.yahoo.com/help/us/ysearch/slurp)"
67.195.114.220 - - [07/Apr/2011:06:02:11 +0200] "GET /00000198660c9d618/00000198610cada01/00000198660cbdd1e.php HTTP/1.0" 200 15926 "-" "Mozilla/5.0 (compatible; Yahoo! Slurp; http://help.yahoo.com/help/us/ysearch/slurp)"
95.108.158.244 - - [07/Apr/2011:06:49:14 +0200] "GET /images/pmtm5.gif HTTP/1.1" 304 - "-" "Mozilla/5.0 (compatible; YandexImages/3.0; +http://yandex.com/bots)"
79.224.249.74 - - [07/Apr/2011:07:13:53 +0200] "GET / HTTP/1.1" 200 24284 "-" "Mozilla/5.0 (Windows NT 6.1; rv:2.0) Gecko/20100101 Firefox/4.0"
79.224.249.74 - - [07/Apr/2011:07:13:54 +0200] "GET /assets/s.css HTTP/1.1" 200 3386 "http://www.ksbb.de/" "Mozilla/5.0 (Windows NT 6.1; rv:2.0) Gecko/20100101 Firefox/4.0"
79.224.249.74 - - [07/Apr/2011:07:13:54 +0200] "GET /assets/ssb.css HTTP/1.1" 200 657 "http://www.ksbb.de/" "Mozilla/5.0 (Windows NT 6.1; rv:2.0) Gecko/20100101 Firefox/4.0"
79.224.249.74 - - [07/Apr/2011:07:13:54 +0200] "GET /images/pcp.gif HTTP/1.1" 200 43 "http://www.ksbb.de/" "Mozilla/5.0 (Windows NT 6.1; rv:2.0) Gecko/20100101 Firefox/4.0"
79.224.249.74 - - [07/Apr/2011:07:13:54 +0200] "GET /images/pltp.gif HTTP/1.1" 200 160 "http://www.ksbb.de/" "Mozilla/5.0 (Windows NT 6.1; rv:2.0) Gecko/20100101 Firefox/4.0"
79.224.249.74 - - [07/Apr/2011:07:13:54 +0200] "GET /images/pmtm2.gif HTTP/1.1" 200 628 "http://www.ksbb.de/" "Mozilla/5.0 (Windows NT 6.1; rv:2.0) Gecko/20100101 Firefox/4.0"
79.224.249.74 - - [07/Apr/2011:07:13:54 +0200] "GET /images/pmtm1.gif HTTP/1.1" 200 1155 "http://www.ksbb.de/" "Mozilla/5.0 (Windows NT 6.1; rv:2.0) Gecko/20100101 Firefox/4.0"
79.224.249.74 - - [07/Apr/2011:07:13:54 +0200] "GET /images/plms.gif HTTP/1.1" 200 68 "http://www.ksbb.de/" "Mozilla/5.0 (Windows NT 6.1; rv:2.0) Gecko/20100101 Firefox/4.0"
79.224.249.74 - - [07/Apr/2011:07:13:54 +0200] "GET /images/pmtm3.gif HTTP/1.1" 200 2032 "http://www.ksbb.de/" "Mozilla/5.0 (Windows NT 6.1; rv:2.0) Gecko/20100101 Firefox/4.0"
79.224.249.74 - - [07/Apr/2011:07:13:54 +0200] "GET /images/pmtm4.gif HTTP/1.1" 200 2316 "http://www.ksbb.de/" "Mozilla/5.0 (Windows NT 6.1; rv:2.0) Gecko/20100101 Firefox/4.0"
79.224.249.74 - - [07/Apr/2011:07:13:54 +0200] "GET /images/pmtm5.gif HTTP/1.1" 200 2185 "http://www.ksbb.de/" "Mozilla/5.0 (Windows NT 6.1; rv:2.0) Gecko/20100101 Firefox/4.0"
79.224.249.74 - - [07/Apr/2011:07:13:54 +0200] "GET /images/pmtm6.gif HTTP/1.1" 200 628 "http://www.ksbb.de/" "Mozilla/5.0 (Windows NT 6.1; rv:2.0) Gecko/20100101 Firefox/4.0"
79.224.249.74 - - [07/Apr/2011:07:13:54 +0200] "GET /images/pmtm7.gif HTTP/1.1" 200 1174 "http://www.ksbb.de/" "Mozilla/5.0 (Windows NT 6.1; rv:2.0) Gecko/20100101 Firefox/4.0"
79.224.249.74 - - [07/Apr/2011:07:13:54 +0200] "GET /images/plma.gif HTTP/1.1" 200 164 "http://www.ksbb.de/" "Mozilla/5.0 (Windows NT 6.1; rv:2.0) Gecko/20100101 Firefox/4.0"
79.224.249.74 - - [07/Apr/2011:07:13:54 +0200] "GET /images/plogo.gif HTTP/1.1" 200 18153 "http://www.ksbb.de/" "Mozilla/5.0 (Windows NT 6.1; rv:2.0) Gecko/20100101 Firefox/4.0"
79.224.249.74 - - [07/Apr/2011:07:13:54 +0200] "GET /images/plmb.gif HTTP/1.1" 200 166 "http://www.ksbb.de/" "Mozilla/5.0 (Windows NT 6.1; rv:2.0) Gecko/20100101 Firefox/4.0"
79.224.249.74 - - [07/Apr/2011:07:13:54 +0200] "GET /images/pl160.gif HTTP/1.1" 200 70 "http://www.ksbb.de/" "Mozilla/5.0 (Windows NT 6.1; rv:2.0) Gecko/20100101 Firefox/4.0"
79.224.249.74 - - [07/Apr/2011:07:13:54 +0200] "GET /images/phnvmtt1.gif HTTP/1.1" 200 2551 "http://www.ksbb.de/" "Mozilla/5.0 (Windows NT 6.1; rv:2.0) Gecko/20100101 Firefox/4.0"
79.224.249.74 - - [07/Apr/2011:07:13:54 +0200] "GET /images/pd.gif HTTP/1.1" 200 111 "http://www.ksbb.de/" "Mozilla/5.0 (Windows NT 6.1; rv:2.0) Gecko/20100101 Firefox/4.0"
79.224.249.74 - - [07/Apr/2011:07:13:54 +0200] "GET /images/phnvmtt2.gif HTTP/1.1" 200 1637 "http://www.ksbb.de/" "Mozilla/5.0 (Windows NT 6.1; rv:2.0) Gecko/20100101 Firefox/4.0"
79.224.249.74 - - [07/Apr/2011:07:13:54 +0200] "GET /images/phnvmtt3.gif HTTP/1.1" 200 2611 "http://www.ksbb.de/" "Mozilla/5.0 (Windows NT 6.1; rv:2.0) Gecko/20100101 Firefox/4.0"
79.224.249.74 - - [07/Apr/2011:07:13:54 +0200] "GET /images/phnvmtt4.gif HTTP/1.1" 200 2685 "http://www.ksbb.de/" "Mozilla/5.0 (Windows NT 6.1; rv:2.0) Gecko/20100101 Firefox/4.0"
79.224.249.74 - - [07/Apr/2011:07:13:54 +0200] "GET /images/phnvmtt5.gif HTTP/1.1" 200 2563 "http://www.ksbb.de/" "Mozilla/5.0 (Windows NT 6.1; rv:2.0) Gecko/20100101 Firefox/4.0"
79.224.249.74 - - [07/Apr/2011:07:13:54 +0200] "GET /images/phnvmtt6.gif HTTP/1.1" 200 1637 "http://www.ksbb.de/" "Mozilla/5.0 (Windows NT 6.1; rv:2.0) Gecko/20100101 Firefox/4.0"
79.224.249.74 - - [07/Apr/2011:07:13:54 +0200] "GET /images/phnvmtt7.gif HTTP/1.1" 200 2552 "http://www.ksbb.de/" "Mozilla/5.0 (Windows NT 6.1; rv:2.0) Gecko/20100101 Firefox/4.0"
79.224.249.74 - - [07/Apr/2011:07:13:54 +0200] "GET /images/pbx.gif HTTP/1.1" 200 99 "http://www.ksbb.de/" "Mozilla/5.0 (Windows NT 6.1; rv:2.0) Gecko/20100101 Firefox/4.0"
79.224.249.74 - - [07/Apr/2011:07:13:54 +0200] "GET /images/plnkn.gif HTTP/1.1" 200 95 "http://www.ksbb.de/" "Mozilla/5.0 (Windows NT 6.1; rv:2.0) Gecko/20100101 Firefox/4.0"
79.224.249.74 - - [07/Apr/2011:07:13:54 +0200] "GET /images/mev23003_72.jpg HTTP/1.1" 200 2106 "http://www.ksbb.de/" "Mozilla/5.0 (Windows NT 6.1; rv:2.0) Gecko/20100101 Firefox/4.0"
79.224.249.74 - - [07/Apr/2011:07:13:54 +0200] "GET /images/mev14046_72.jpg HTTP/1.1" 200 1662 "http://www.ksbb.de/" "Mozilla/5.0 (Windows NT 6.1; rv:2.0) Gecko/20100101 Firefox/4.0"
79.224.249.74 - - [07/Apr/2011:07:13:54 +0200] "GET /images/55275_72.jpg HTTP/1.1" 200 2381 "http://www.ksbb.de/" "Mozilla/5.0 (Windows NT 6.1; rv:2.0) Gecko/20100101 Firefox/4.0"
79.224.249.74 - - [07/Apr/2011:07:13:54 +0200] "GET /images/plmc.gif HTTP/1.1" 200 166 "http://www.ksbb.de/" "Mozilla/5.0 (Windows NT 6.1; rv:2.0) Gecko/20100101 Firefox/4.0"
79.224.249.74 - - [07/Apr/2011:07:13:54 +0200] "GET /images/pcmpc1.gif HTTP/1.1" 200 1155 "http://www.ksbb.de/" "Mozilla/5.0 (Windows NT 6.1; rv:2.0) Gecko/20100101 Firefox/4.0"
79.224.249.74 - - [07/Apr/2011:07:13:54 +0200] "GET /images/pcmpc2.gif HTTP/1.1" 200 1240 "http://www.ksbb.de/" "Mozilla/5.0 (Windows NT 6.1; rv:2.0) Gecko/20100101 Firefox/4.0"
79.224.249.74 - - [07/Apr/2011:07:13:54 +0200] "GET /images/plbt.gif HTTP/1.1" 200 161 "http://www.ksbb.de/" "Mozilla/5.0 (Windows NT 6.1; rv:2.0) Gecko/20100101 Firefox/4.0"
79.224.249.74 - - [07/Apr/2011:07:13:54 +0200] "GET /images/phomesm0.gif HTTP/1.1" 200 2239 "http://www.ksbb.de/" "Mozilla/5.0 (Windows NT 6.1; rv:2.0) Gecko/20100101 Firefox/4.0"
79.224.249.74 - - [07/Apr/2011:07:13:54 +0200] "GET /images/pcmphc1.gif HTTP/1.1" 200 2164 "http://www.ksbb.de/" "Mozilla/5.0 (Windows NT 6.1; rv:2.0) Gecko/20100101 Firefox/4.0"
79.224.249.74 - - [07/Apr/2011:07:13:54 +0200] "GET /images/ksbb1_sbp.jpg HTTP/1.1" 200 3871 "http://www.ksbb.de/" "Mozilla/5.0 (Windows NT 6.1; rv:2.0) Gecko/20100101 Firefox/4.0"
79.224.249.74 - - [07/Apr/2011:07:13:54 +0200] "GET /images/iso9001_sbp.jpg HTTP/1.1" 200 4462 "http://www.ksbb.de/" "Mozilla/5.0 (Windows NT 6.1; rv:2.0) Gecko/20100101 Firefox/4.0"
79.224.249.74 - - [07/Apr/2011:07:13:54 +0200] "GET /images/logoprofex_sbp.gif HTTP/1.1" 200 3524 "http://www.ksbb.de/" "Mozilla/5.0 (Windows NT 6.1; rv:2.0) Gecko/20100101 Firefox/4.0"
79.224.249.74 - - [07/Apr/2011:07:13:54 +0200] "GET /images/pcmphc2.gif HTTP/1.1" 200 2299 "http://www.ksbb.de/" "Mozilla/5.0 (Windows NT 6.1; rv:2.0) Gecko/20100101 Firefox/4.0"
79.224.249.74 - - [07/Apr/2011:07:13:54 +0200] "GET /images/ulslogosbp_sbp.jpg HTTP/1.1" 200 1896 "http://www.ksbb.de/" "Mozilla/5.0 (Windows NT 6.1; rv:2.0) Gecko/20100101 Firefox/4.0"
79.224.249.74 - - [07/Apr/2011:07:13:54 +0200] "GET /images/phnvmtht1.gif HTTP/1.1" 200 2613 "http://www.ksbb.de/" "Mozilla/5.0 (Windows NT 6.1; rv:2.0) Gecko/20100101 Firefox/4.0"
79.224.249.74 - - [07/Apr/2011:07:13:54 +0200] "GET /images/phnvmtht2.gif HTTP/1.1" 200 1696 "http://www.ksbb.de/" "Mozilla/5.0 (Windows NT 6.1; rv:2.0) Gecko/20100101 Firefox/4.0"
79.224.249.74 - - [07/Apr/2011:07:13:54 +0200] "GET /images/phnvmtht3.gif HTTP/1.1" 200 2679 "http://www.ksbb.de/" "Mozilla/5.0 (Windows NT 6.1; rv:2.0) Gecko/20100101 Firefox/4.0"
79.224.249.74 - - [07/Apr/2011:07:13:54 +0200] "GET /images/phnvmtht4.gif HTTP/1.1" 200 2627 "http://www.ksbb.de/" "Mozilla/5.0 (Windows NT 6.1; rv:2.0) Gecko/20100101 Firefox/4.0"
79.224.249.74 - - [07/Apr/2011:07:13:54 +0200] "GET /images/phnvmtht5.gif HTTP/1.1" 200 2500 "http://www.ksbb.de/" "Mozilla/5.0 (Windows NT 6.1; rv:2.0) Gecko/20100101 Firefox/4.0"
79.224.249.74 - - [07/Apr/2011:07:13:54 +0200] "GET /images/phnvmtht6.gif HTTP/1.1" 200 1696 "http://www.ksbb.de/" "Mozilla/5.0 (Windows NT 6.1; rv:2.0) Gecko/20100101 Firefox/4.0"
79.224.249.74 - - [07/Apr/2011:07:13:54 +0200] "GET /images/phnvmtht7.gif HTTP/1.1" 200 2615 "http://www.ksbb.de/" "Mozilla/5.0 (Windows NT 6.1; rv:2.0) Gecko/20100101 Firefox/4.0"
79.224.249.74 - - [07/Apr/2011:07:13:54 +0200] "GET /images/pmthm1.gif HTTP/1.1" 200 2169 "http://www.ksbb.de/" "Mozilla/5.0 (Windows NT 6.1; rv:2.0) Gecko/20100101 Firefox/4.0"
79.224.249.74 - - [07/Apr/2011:07:13:54 +0200] "GET /images/pmthm2.gif HTTP/1.1" 200 1209 "http://www.ksbb.de/" "Mozilla/5.0 (Windows NT 6.1; rv:2.0) Gecko/20100101 Firefox/4.0"
79.224.249.74 - - [07/Apr/2011:07:13:54 +0200] "GET /images/pmthm3.gif HTTP/1.1" 200 2275 "http://www.ksbb.de/" "Mozilla/5.0 (Windows NT 6.1; rv:2.0) Gecko/20100101 Firefox/4.0"
79.224.249.74 - - [07/Apr/2011:07:13:54 +0200] "GET /images/pmthm4.gif HTTP/1.1" 200 2518 "http://www.ksbb.de/" "Mozilla/5.0 (Windows NT 6.1; rv:2.0) Gecko/20100101 Firefox/4.0"
79.224.249.74 - - [07/Apr/2011:07:13:54 +0200] "GET /images/pmthm5.gif HTTP/1.1" 200 2381 "http://www.ksbb.de/" "Mozilla/5.0 (Windows NT 6.1; rv:2.0) Gecko/20100101 Firefox/4.0"
79.224.249.74 - - [07/Apr/2011:07:13:54 +0200] "GET /images/pmthm6.gif HTTP/1.1" 200 1209 "http://www.ksbb.de/" "Mozilla/5.0 (Windows NT 6.1; rv:2.0) Gecko/20100101 Firefox/4.0"
79.224.249.74 - - [07/Apr/2011:07:13:54 +0200] "GET /images/pmthm7.gif HTTP/1.1" 200 2195 "http://www.ksbb.de/" "Mozilla/5.0 (Windows NT 6.1; rv:2.0) Gecko/20100101 Firefox/4.0"
79.224.249.74 - - [07/Apr/2011:07:13:54 +0200] "GET /images/psd.gif HTTP/1.1" 200 111 "http://www.ksbb.de/" "Mozilla/5.0 (Windows NT 6.1; rv:2.0) Gecko/20100101 Firefox/4.0"
79.224.249.74 - - [07/Apr/2011:07:13:54 +0200] "GET /images/plvt.gif HTTP/1.1" 200 53 "http://www.ksbb.de/" "Mozilla/5.0 (Windows NT 6.1; rv:2.0) Gecko/20100101 Firefox/4.0"
79.224.249.74 - - [07/Apr/2011:07:13:54 +0200] "GET /images/pbg.gif HTTP/1.1" 200 52 "http://www.ksbb.de/" "Mozilla/5.0 (Windows NT 6.1; rv:2.0) Gecko/20100101 Firefox/4.0"
79.224.249.74 - - [07/Apr/2011:07:13:54 +0200] "GET /favicon.ico HTTP/1.1" 404 - "-" "Mozilla/5.0 (Windows NT 6.1; rv:2.0) Gecko/20100101 Firefox/4.0"
79.224.249.74 - - [07/Apr/2011:07:13:54 +0200] "GET /favicon.ico HTTP/1.1" 404 - "-" "Mozilla/5.0 (Windows NT 6.1; rv:2.0) Gecko/20100101 Firefox/4.0"
79.224.249.74 - - [07/Apr/2011:07:13:54 +0200] "GET /favicon.ico HTTP/1.1" 404 - "-" "Mozilla/5.0 (Windows NT 6.1; rv:2.0) Gecko/20100101 Firefox/4.0"
88.65.239.117 - - [07/Apr/2011:07:18:23 +0200] "GET / HTTP/1.1" 200 24284 "-" "Mozilla/5.0 (Macintosh; U; Intel Mac OS X 10_5_8; de-de) AppleWebKit/533.19.4 (KHTML, like Gecko) Version/5.0.3 Safari/533.19.4"
88.65.239.117 - - [07/Apr/2011:07:18:23 +0200] "GET /assets/s.css HTTP/1.1" 200 3386 "http://www.ksbb.de/" "Mozilla/5.0 (Macintosh; U; Intel Mac OS X 10_5_8; de-de) AppleWebKit/533.19.4 (KHTML, like Gecko) Version/5.0.3 Safari/533.19.4"
88.65.239.117 - - [07/Apr/2011:07:18:23 +0200] "GET /assets/ssb.css HTTP/1.1" 200 657 "http://www.ksbb.de/" "Mozilla/5.0 (Macintosh; U; Intel Mac OS X 10_5_8; de-de) AppleWebKit/533.19.4 (KHTML, like Gecko) Version/5.0.3 Safari/533.19.4"
88.65.239.117 - - [07/Apr/2011:07:18:23 +0200] "GET /images/pcmphc1.gif HTTP/1.1" 200 2164 "http://www.ksbb.de/" "Mozilla/5.0 (Macintosh; U; Intel Mac OS X 10_5_8; de-de) AppleWebKit/533.19.4 (KHTML, like Gecko) Version/5.0.3 Safari/533.19.4"
88.65.239.117 - - [07/Apr/2011:07:18:23 +0200] "GET /images/pcmpc1.gif HTTP/1.1" 200 1155 "http://www.ksbb.de/" "Mozilla/5.0 (Macintosh; U; Intel Mac OS X 10_5_8; de-de) AppleWebKit/533.19.4 (KHTML, like Gecko) Version/5.0.3 Safari/533.19.4"
88.65.239.117 - - [07/Apr/2011:07:18:23 +0200] "GET /images/pcmpc2.gif HTTP/1.1" 200 1240 "http://www.ksbb.de/" "Mozilla/5.0 (Macintosh; U; Intel Mac OS X 10_5_8; de-de) AppleWebKit/533.19.4 (KHTML, like Gecko) Version/5.0.3 Safari/533.19.4"
88.65.239.117 - - [07/Apr/2011:07:18:23 +0200] "GET /images/pcmphc2.gif HTTP/1.1" 200 2299 "http://www.ksbb.de/" "Mozilla/5.0 (Macintosh; U; Intel Mac OS X 10_5_8; de-de) AppleWebKit/533.19.4 (KHTML, like Gecko) Version/5.0.3 Safari/533.19.4"
88.65.239.117 - - [07/Apr/2011:07:18:23 +0200] "GET /images/phnvmtt2.gif HTTP/1.1" 200 1637 "http://www.ksbb.de/" "Mozilla/5.0 (Macintosh; U; Intel Mac OS X 10_5_8; de-de) AppleWebKit/533.19.4 (KHTML, like Gecko) Version/5.0.3 Safari/533.19.4"
88.65.239.117 - - [07/Apr/2011:07:18:23 +0200] "GET /images/phnvmtht1.gif HTTP/1.1" 200 2613 "http://www.ksbb.de/" "Mozilla/5.0 (Macintosh; U; Intel Mac OS X 10_5_8; de-de) AppleWebKit/533.19.4 (KHTML, like Gecko) Version/5.0.3 Safari/533.19.4"
88.65.239.117 - - [07/Apr/2011:07:18:23 +0200] "GET /images/phnvmtht2.gif HTTP/1.1" 200 1696 "http://www.ksbb.de/" "Mozilla/5.0 (Macintosh; U; Intel Mac OS X 10_5_8; de-de) AppleWebKit/533.19.4 (KHTML, like Gecko) Version/5.0.3 Safari/533.19.4"
88.65.239.117 - - [07/Apr/2011:07:18:23 +0200] "GET /images/phnvmtt1.gif HTTP/1.1" 200 2551 "http://www.ksbb.de/" "Mozilla/5.0 (Macintosh; U; Intel Mac OS X 10_5_8; de-de) AppleWebKit/533.19.4 (KHTML, like Gecko) Version/5.0.3 Safari/533.19.4"
88.65.239.117 - - [07/Apr/2011:07:18:23 +0200] "GET /images/phnvmtt3.gif HTTP/1.1" 200 2611 "http://www.ksbb.de/" "Mozilla/5.0 (Macintosh; U; Intel Mac OS X 10_5_8; de-de) AppleWebKit/533.19.4 (KHTML, like Gecko) Version/5.0.3 Safari/533.19.4"
88.65.239.117 - - [07/Apr/2011:07:18:23 +0200] "GET /images/phnvmtht4.gif HTTP/1.1" 200 2627 "http://www.ksbb.de/" "Mozilla/5.0 (Macintosh; U; Intel Mac OS X 10_5_8; de-de) AppleWebKit/533.19.4 (KHTML, like Gecko) Version/5.0.3 Safari/533.19.4"
88.65.239.117 - - [07/Apr/2011:07:18:23 +0200] "GET /images/phnvmtht3.gif HTTP/1.1" 200 2679 "http://www.ksbb.de/" "Mozilla/5.0 (Macintosh; U; Intel Mac OS X 10_5_8; de-de) AppleWebKit/533.19.4 (KHTML, like Gecko) Version/5.0.3 Safari/533.19.4"
88.65.239.117 - - [07/Apr/2011:07:18:23 +0200] "GET /images/phnvmtt4.gif HTTP/1.1" 200 2685 "http://www.ksbb.de/" "Mozilla/5.0 (Macintosh; U; Intel Mac OS X 10_5_8; de-de) AppleWebKit/533.19.4 (KHTML, like Gecko) Version/5.0.3 Safari/533.19.4"
88.65.239.117 - - [07/Apr/2011:07:18:23 +0200] "GET /images/phnvmtt5.gif HTTP/1.1" 200 2563 "http://www.ksbb.de/" "Mozilla/5.0 (Macintosh; U; Intel Mac OS X 10_5_8; de-de) AppleWebKit/533.19.4 (KHTML, like Gecko) Version/5.0.3 Safari/533.19.4"
88.65.239.117 - - [07/Apr/2011:07:18:23 +0200] "GET /images/phnvmtht5.gif HTTP/1.1" 200 2500 "http://www.ksbb.de/" "Mozilla/5.0 (Macintosh; U; Intel Mac OS X 10_5_8; de-de) AppleWebKit/533.19.4 (KHTML, like Gecko) Version/5.0.3 Safari/533.19.4"
88.65.239.117 - - [07/Apr/2011:07:18:23 +0200] "GET /images/phnvmtt6.gif HTTP/1.1" 200 1637 "http://www.ksbb.de/" "Mozilla/5.0 (Macintosh; U; Intel Mac OS X 10_5_8; de-de) AppleWebKit/533.19.4 (KHTML, like Gecko) Version/5.0.3 Safari/533.19.4"
88.65.239.117 - - [07/Apr/2011:07:18:23 +0200] "GET /images/phnvmtht6.gif HTTP/1.1" 200 1696 "http://www.ksbb.de/" "Mozilla/5.0 (Macintosh; U; Intel Mac OS X 10_5_8; de-de) AppleWebKit/533.19.4 (KHTML, like Gecko) Version/5.0.3 Safari/533.19.4"
88.65.239.117 - - [07/Apr/2011:07:18:23 +0200] "GET /images/phnvmtt7.gif HTTP/1.1" 200 2552 "http://www.ksbb.de/" "Mozilla/5.0 (Macintosh; U; Intel Mac OS X 10_5_8; de-de) AppleWebKit/533.19.4 (KHTML, like Gecko) Version/5.0.3 Safari/533.19.4"
88.65.239.117 - - [07/Apr/2011:07:18:23 +0200] "GET /images/phomesm0.gif HTTP/1.1" 200 2239 "http://www.ksbb.de/" "Mozilla/5.0 (Macintosh; U; Intel Mac OS X 10_5_8; de-de) AppleWebKit/533.19.4 (KHTML, like Gecko) Version/5.0.3 Safari/533.19.4"
88.65.239.117 - - [07/Apr/2011:07:18:23 +0200] "GET /images/phnvmtht7.gif HTTP/1.1" 200 2615 "http://www.ksbb.de/" "Mozilla/5.0 (Macintosh; U; Intel Mac OS X 10_5_8; de-de) AppleWebKit/533.19.4 (KHTML, like Gecko) Version/5.0.3 Safari/533.19.4"
88.65.239.117 - - [07/Apr/2011:07:18:23 +0200] "GET /images/pmtm1.gif HTTP/1.1" 200 1155 "http://www.ksbb.de/" "Mozilla/5.0 (Macintosh; U; Intel Mac OS X 10_5_8; de-de) AppleWebKit/533.19.4 (KHTML, like Gecko) Version/5.0.3 Safari/533.19.4"
