66.249.72.39 - - [20/Apr/2011:17:26:54 +0200] "GET /000001985b0ce1e49/00000198610d8af28/00000198610d9412d.php HTTP/1.1" 200 14303 "-" "Mozilla/5.0 (compatible; Googlebot/2.1; +http://www.google.com/bot.html)"
95.108.158.244 - - [20/Apr/2011:18:07:05 +0200] "GET /images/pbx.gif HTTP/1.1" 304 - "-" "Mozilla/5.0 (compatible; YandexImages/3.0; +http://yandex.com/bots)"
77.187.48.55 - - [20/Apr/2011:18:54:15 +0200] "GET / HTTP/1.1" 200 24280 "-" "Mozilla/5.0 (Windows; U; Windows NT 5.1; en-US; rv:1.8.1.13) Gecko/20080311 Firefox/2.0.0.13"
95.108.158.244 - - [20/Apr/2011:19:30:30 +0200] "GET /images/pmtm7.gif HTTP/1.1" 304 - "-" "Mozilla/5.0 (compatible; YandexImages/3.0; +http://yandex.com/bots)"
66.249.72.39 - - [20/Apr/2011:19:36:22 +0200] "GET /00000398730fcd910.php HTTP/1.1" 200 22409 "-" "Mozilla/5.0 (compatible; Googlebot/2.1; +http://www.google.com/bot.html)"
85.180.0.175 - - [20/Apr/2011:20:33:06 +0200] "GET / HTTP/1.1" 200 24280 "-" "Mozilla/4.0 (compatible; MSIE 7.0; Windows NT 5.1; Hewlett-Packard; .NET CLR 1.0.3705; .NET CLR 1.1.4322; .NET CLR 2.0.50727; .NET CLR 3.0.4506.2152; .NET CLR 3.5.30729)"
85.180.0.175 - - [20/Apr/2011:20:33:07 +0200] "GET /assets/s.css HTTP/1.1" 200 3386 "http://www.ksbb.de/" "Mozilla/4.0 (compatible; MSIE 7.0; Windows NT 5.1; Hewlett-Packard; .NET CLR 1.0.3705; .NET CLR 1.1.4322; .NET CLR 2.0.50727; .NET CLR 3.0.4506.2152; .NET CLR 3.5.30729)"
85.180.0.175 - - [20/Apr/2011:20:33:07 +0200] "GET /assets/ssb.css HTTP/1.1" 200 657 "http://www.ksbb.de/" "Mozilla/4.0 (compatible; MSIE 7.0; Windows NT 5.1; Hewlett-Packard; .NET CLR 1.0.3705; .NET CLR 1.1.4322; .NET CLR 2.0.50727; .NET CLR 3.0.4506.2152; .NET CLR 3.5.30729)"
85.180.0.175 - - [20/Apr/2011:20:33:07 +0200] "GET /images/pcmpc1.gif HTTP/1.1" 200 1155 "http://www.ksbb.de/" "Mozilla/4.0 (compatible; MSIE 7.0; Windows NT 5.1; Hewlett-Packard; .NET CLR 1.0.3705; .NET CLR 1.1.4322; .NET CLR 2.0.50727; .NET CLR 3.0.4506.2152; .NET CLR 3.5.30729)"
85.180.0.175 - - [20/Apr/2011:20:33:07 +0200] "GET /images/pcmphc1.gif HTTP/1.1" 200 2164 "http://www.ksbb.de/" "Mozilla/4.0 (compatible; MSIE 7.0; Windows NT 5.1; Hewlett-Packard; .NET CLR 1.0.3705; .NET CLR 1.1.4322; .NET CLR 2.0.50727; .NET CLR 3.0.4506.2152; .NET CLR 3.5.30729)"
85.180.0.175 - - [20/Apr/2011:20:33:07 +0200] "GET /images/pcmpc2.gif HTTP/1.1" 200 1240 "http://www.ksbb.de/" "Mozilla/4.0 (compatible; MSIE 7.0; Windows NT 5.1; Hewlett-Packard; .NET CLR 1.0.3705; .NET CLR 1.1.4322; .NET CLR 2.0.50727; .NET CLR 3.0.4506.2152; .NET CLR 3.5.30729)"
85.180.0.175 - - [20/Apr/2011:20:33:07 +0200] "GET /images/pcmphc2.gif HTTP/1.1" 200 2299 "http://www.ksbb.de/" "Mozilla/4.0 (compatible; MSIE 7.0; Windows NT 5.1; Hewlett-Packard; .NET CLR 1.0.3705; .NET CLR 1.1.4322; .NET CLR 2.0.50727; .NET CLR 3.0.4506.2152; .NET CLR 3.5.30729)"
85.180.0.175 - - [20/Apr/2011:20:33:07 +0200] "GET /images/phnvmtt1.gif HTTP/1.1" 200 2551 "http://www.ksbb.de/" "Mozilla/4.0 (compatible; MSIE 7.0; Windows NT 5.1; Hewlett-Packard; .NET CLR 1.0.3705; .NET CLR 1.1.4322; .NET CLR 2.0.50727; .NET CLR 3.0.4506.2152; .NET CLR 3.5.30729)"
85.180.0.175 - - [20/Apr/2011:20:33:07 +0200] "GET /images/phnvmtht1.gif HTTP/1.1" 200 2613 "http://www.ksbb.de/" "Mozilla/4.0 (compatible; MSIE 7.0; Windows NT 5.1; Hewlett-Packard; .NET CLR 1.0.3705; .NET CLR 1.1.4322; .NET CLR 2.0.50727; .NET CLR 3.0.4506.2152; .NET CLR 3.5.30729)"
85.180.0.175 - - [20/Apr/2011:20:33:07 +0200] "GET /images/phnvmtt2.gif HTTP/1.1" 200 1637 "http://www.ksbb.de/" "Mozilla/4.0 (compatible; MSIE 7.0; Windows NT 5.1; Hewlett-Packard; .NET CLR 1.0.3705; .NET CLR 1.1.4322; .NET CLR 2.0.50727; .NET CLR 3.0.4506.2152; .NET CLR 3.5.30729)"
85.180.0.175 - - [20/Apr/2011:20:33:07 +0200] "GET /images/phnvmtht2.gif HTTP/1.1" 200 1696 "http://www.ksbb.de/" "Mozilla/4.0 (compatible; MSIE 7.0; Windows NT 5.1; Hewlett-Packard; .NET CLR 1.0.3705; .NET CLR 1.1.4322; .NET CLR 2.0.50727; .NET CLR 3.0.4506.2152; .NET CLR 3.5.30729)"
85.180.0.175 - - [20/Apr/2011:20:33:07 +0200] "GET /images/phnvmtt3.gif HTTP/1.1" 200 2611 "http://www.ksbb.de/" "Mozilla/4.0 (compatible; MSIE 7.0; Windows NT 5.1; Hewlett-Packard; .NET CLR 1.0.3705; .NET CLR 1.1.4322; .NET CLR 2.0.50727; .NET CLR 3.0.4506.2152; .NET CLR 3.5.30729)"
85.180.0.175 - - [20/Apr/2011:20:33:07 +0200] "GET /images/phnvmtht3.gif HTTP/1.1" 200 2679 "http://www.ksbb.de/" "Mozilla/4.0 (compatible; MSIE 7.0; Windows NT 5.1; Hewlett-Packard; .NET CLR 1.0.3705; .NET CLR 1.1.4322; .NET CLR 2.0.50727; .NET CLR 3.0.4506.2152; .NET CLR 3.5.30729)"
85.180.0.175 - - [20/Apr/2011:20:33:07 +0200] "GET /images/phnvmtt4.gif HTTP/1.1" 200 2685 "http://www.ksbb.de/" "Mozilla/4.0 (compatible; MSIE 7.0; Windows NT 5.1; Hewlett-Packard; .NET CLR 1.0.3705; .NET CLR 1.1.4322; .NET CLR 2.0.50727; .NET CLR 3.0.4506.2152; .NET CLR 3.5.30729)"
85.180.0.175 - - [20/Apr/2011:20:33:07 +0200] "GET /images/phnvmtht4.gif HTTP/1.1" 200 2627 "http://www.ksbb.de/" "Mozilla/4.0 (compatible; MSIE 7.0; Windows NT 5.1; Hewlett-Packard; .NET CLR 1.0.3705; .NET CLR 1.1.4322; .NET CLR 2.0.50727; .NET CLR 3.0.4506.2152; .NET CLR 3.5.30729)"
85.180.0.175 - - [20/Apr/2011:20:33:07 +0200] "GET /images/phnvmtt5.gif HTTP/1.1" 200 2563 "http://www.ksbb.de/" "Mozilla/4.0 (compatible; MSIE 7.0; Windows NT 5.1; Hewlett-Packard; .NET CLR 1.0.3705; .NET CLR 1.1.4322; .NET CLR 2.0.50727; .NET CLR 3.0.4506.2152; .NET CLR 3.5.30729)"
85.180.0.175 - - [20/Apr/2011:20:33:07 +0200] "GET /images/phnvmtht5.gif HTTP/1.1" 200 2500 "http://www.ksbb.de/" "Mozilla/4.0 (compatible; MSIE 7.0; Windows NT 5.1; Hewlett-Packard; .NET CLR 1.0.3705; .NET CLR 1.1.4322; .NET CLR 2.0.50727; .NET CLR 3.0.4506.2152; .NET CLR 3.5.30729)"
85.180.0.175 - - [20/Apr/2011:20:33:08 +0200] "GET /images/phnvmtt6.gif HTTP/1.1" 200 1637 "http://www.ksbb.de/" "Mozilla/4.0 (compatible; MSIE 7.0; Windows NT 5.1; Hewlett-Packard; .NET CLR 1.0.3705; .NET CLR 1.1.4322; .NET CLR 2.0.50727; .NET CLR 3.0.4506.2152; .NET CLR 3.5.30729)"
85.180.0.175 - - [20/Apr/2011:20:33:08 +0200] "GET /images/phnvmtht6.gif HTTP/1.1" 200 1696 "http://www.ksbb.de/" "Mozilla/4.0 (compatible; MSIE 7.0; Windows NT 5.1; Hewlett-Packard; .NET CLR 1.0.3705; .NET CLR 1.1.4322; .NET CLR 2.0.50727; .NET CLR 3.0.4506.2152; .NET CLR 3.5.30729)"
85.180.0.175 - - [20/Apr/2011:20:33:08 +0200] "GET /images/phnvmtt7.gif HTTP/1.1" 200 2552 "http://www.ksbb.de/" "Mozilla/4.0 (compatible; MSIE 7.0; Windows NT 5.1; Hewlett-Packard; .NET CLR 1.0.3705; .NET CLR 1.1.4322; .NET CLR 2.0.50727; .NET CLR 3.0.4506.2152; .NET CLR 3.5.30729)"
85.180.0.175 - - [20/Apr/2011:20:33:08 +0200] "GET /images/phnvmtht7.gif HTTP/1.1" 200 2615 "http://www.ksbb.de/" "Mozilla/4.0 (compatible; MSIE 7.0; Windows NT 5.1; Hewlett-Packard; .NET CLR 1.0.3705; .NET CLR 1.1.4322; .NET CLR 2.0.50727; .NET CLR 3.0.4506.2152; .NET CLR 3.5.30729)"
85.180.0.175 - - [20/Apr/2011:20:33:08 +0200] "GET /images/phomesm0.gif HTTP/1.1" 200 2239 "http://www.ksbb.de/" "Mozilla/4.0 (compatible; MSIE 7.0; Windows NT 5.1; Hewlett-Packard; .NET CLR 1.0.3705; .NET CLR 1.1.4322; .NET CLR 2.0.50727; .NET CLR 3.0.4506.2152; .NET CLR 3.5.30729)"
85.180.0.175 - - [20/Apr/2011:20:33:08 +0200] "GET /images/pmtm1.gif HTTP/1.1" 200 1155 "http://www.ksbb.de/" "Mozilla/4.0 (compatible; MSIE 7.0; Windows NT 5.1; Hewlett-Packard; .NET CLR 1.0.3705; .NET CLR 1.1.4322; .NET CLR 2.0.50727; .NET CLR 3.0.4506.2152; .NET CLR 3.5.30729)"
85.180.0.175 - - [20/Apr/2011:20:33:08 +0200] "GET /images/pmthm1.gif HTTP/1.1" 200 2169 "http://www.ksbb.de/" "Mozilla/4.0 (compatible; MSIE 7.0; Windows NT 5.1; Hewlett-Packard; .NET CLR 1.0.3705; .NET CLR 1.1.4322; .NET CLR 2.0.50727; .NET CLR 3.0.4506.2152; .NET CLR 3.5.30729)"
85.180.0.175 - - [20/Apr/2011:20:33:08 +0200] "GET /images/pmtm2.gif HTTP/1.1" 200 628 "http://www.ksbb.de/" "Mozilla/4.0 (compatible; MSIE 7.0; Windows NT 5.1; Hewlett-Packard; .NET CLR 1.0.3705; .NET CLR 1.1.4322; .NET CLR 2.0.50727; .NET CLR 3.0.4506.2152; .NET CLR 3.5.30729)"
85.180.0.175 - - [20/Apr/2011:20:33:08 +0200] "GET /images/pmthm2.gif HTTP/1.1" 200 1209 "http://www.ksbb.de/" "Mozilla/4.0 (compatible; MSIE 7.0; Windows NT 5.1; Hewlett-Packard; .NET CLR 1.0.3705; .NET CLR 1.1.4322; .NET CLR 2.0.50727; .NET CLR 3.0.4506.2152; .NET CLR 3.5.30729)"
85.180.0.175 - - [20/Apr/2011:20:33:08 +0200] "GET /images/pmtm3.gif HTTP/1.1" 200 2032 "http://www.ksbb.de/" "Mozilla/4.0 (compatible; MSIE 7.0; Windows NT 5.1; Hewlett-Packard; .NET CLR 1.0.3705; .NET CLR 1.1.4322; .NET CLR 2.0.50727; .NET CLR 3.0.4506.2152; .NET CLR 3.5.30729)"
85.180.0.175 - - [20/Apr/2011:20:33:08 +0200] "GET /images/pmthm3.gif HTTP/1.1" 200 2275 "http://www.ksbb.de/" "Mozilla/4.0 (compatible; MSIE 7.0; Windows NT 5.1; Hewlett-Packard; .NET CLR 1.0.3705; .NET CLR 1.1.4322; .NET CLR 2.0.50727; .NET CLR 3.0.4506.2152; .NET CLR 3.5.30729)"
85.180.0.175 - - [20/Apr/2011:20:33:08 +0200] "GET /images/pmtm4.gif HTTP/1.1" 200 2316 "http://www.ksbb.de/" "Mozilla/4.0 (compatible; MSIE 7.0; Windows NT 5.1; Hewlett-Packard; .NET CLR 1.0.3705; .NET CLR 1.1.4322; .NET CLR 2.0.50727; .NET CLR 3.0.4506.2152; .NET CLR 3.5.30729)"
85.180.0.175 - - [20/Apr/2011:20:33:08 +0200] "GET /images/pmthm4.gif HTTP/1.1" 200 2518 "http://www.ksbb.de/" "Mozilla/4.0 (compatible; MSIE 7.0; Windows NT 5.1; Hewlett-Packard; .NET CLR 1.0.3705; .NET CLR 1.1.4322; .NET CLR 2.0.50727; .NET CLR 3.0.4506.2152; .NET CLR 3.5.30729)"
85.180.0.175 - - [20/Apr/2011:20:33:08 +0200] "GET /images/pmtm5.gif HTTP/1.1" 200 2185 "http://www.ksbb.de/" "Mozilla/4.0 (compatible; MSIE 7.0; Windows NT 5.1; Hewlett-Packard; .NET CLR 1.0.3705; .NET CLR 1.1.4322; .NET CLR 2.0.50727; .NET CLR 3.0.4506.2152; .NET CLR 3.5.30729)"
85.180.0.175 - - [20/Apr/2011:20:33:08 +0200] "GET /images/pmthm5.gif HTTP/1.1" 200 2381 "http://www.ksbb.de/" "Mozilla/4.0 (compatible; MSIE 7.0; Windows NT 5.1; Hewlett-Packard; .NET CLR 1.0.3705; .NET CLR 1.1.4322; .NET CLR 2.0.50727; .NET CLR 3.0.4506.2152; .NET CLR 3.5.30729)"
85.180.0.175 - - [20/Apr/2011:20:33:08 +0200] "GET /images/pmtm6.gif HTTP/1.1" 200 628 "http://www.ksbb.de/" "Mozilla/4.0 (compatible; MSIE 7.0; Windows NT 5.1; Hewlett-Packard; .NET CLR 1.0.3705; .NET CLR 1.1.4322; .NET CLR 2.0.50727; .NET CLR 3.0.4506.2152; .NET CLR 3.5.30729)"
85.180.0.175 - - [20/Apr/2011:20:33:08 +0200] "GET /images/pmthm6.gif HTTP/1.1" 200 1209 "http://www.ksbb.de/" "Mozilla/4.0 (compatible; MSIE 7.0; Windows NT 5.1; Hewlett-Packard; .NET CLR 1.0.3705; .NET CLR 1.1.4322; .NET CLR 2.0.50727; .NET CLR 3.0.4506.2152; .NET CLR 3.5.30729)"
85.180.0.175 - - [20/Apr/2011:20:33:08 +0200] "GET /images/pmtm7.gif HTTP/1.1" 200 1174 "http://www.ksbb.de/" "Mozilla/4.0 (compatible; MSIE 7.0; Windows NT 5.1; Hewlett-Packard; .NET CLR 1.0.3705; .NET CLR 1.1.4322; .NET CLR 2.0.50727; .NET CLR 3.0.4506.2152; .NET CLR 3.5.30729)"
85.180.0.175 - - [20/Apr/2011:20:33:08 +0200] "GET /images/pmthm7.gif HTTP/1.1" 200 2195 "http://www.ksbb.de/" "Mozilla/4.0 (compatible; MSIE 7.0; Windows NT 5.1; Hewlett-Packard; .NET CLR 1.0.3705; .NET CLR 1.1.4322; .NET CLR 2.0.50727; .NET CLR 3.0.4506.2152; .NET CLR 3.5.30729)"
85.180.0.175 - - [20/Apr/2011:20:33:08 +0200] "GET /images/pd.gif HTTP/1.1" 200 111 "http://www.ksbb.de/" "Mozilla/4.0 (compatible; MSIE 7.0; Windows NT 5.1; Hewlett-Packard; .NET CLR 1.0.3705; .NET CLR 1.1.4322; .NET CLR 2.0.50727; .NET CLR 3.0.4506.2152; .NET CLR 3.5.30729)"
85.180.0.175 - - [20/Apr/2011:20:33:08 +0200] "GET /images/psd.gif HTTP/1.1" 200 111 "http://www.ksbb.de/" "Mozilla/4.0 (compatible; MSIE 7.0; Windows NT 5.1; Hewlett-Packard; .NET CLR 1.0.3705; .NET CLR 1.1.4322; .NET CLR 2.0.50727; .NET CLR 3.0.4506.2152; .NET CLR 3.5.30729)"
85.180.0.175 - - [20/Apr/2011:20:33:08 +0200] "GET /images/pbg.gif HTTP/1.1" 200 52 "http://www.ksbb.de/" "Mozilla/4.0 (compatible; MSIE 7.0; Windows NT 5.1; Hewlett-Packard; .NET CLR 1.0.3705; .NET CLR 1.1.4322; .NET CLR 2.0.50727; .NET CLR 3.0.4506.2152; .NET CLR 3.5.30729)"
85.180.0.175 - - [20/Apr/2011:20:33:08 +0200] "GET /images/pcp.gif HTTP/1.1" 200 43 "http://www.ksbb.de/" "Mozilla/4.0 (compatible; MSIE 7.0; Windows NT 5.1; Hewlett-Packard; .NET CLR 1.0.3705; .NET CLR 1.1.4322; .NET CLR 2.0.50727; .NET CLR 3.0.4506.2152; .NET CLR 3.5.30729)"
85.180.0.175 - - [20/Apr/2011:20:33:08 +0200] "GET /images/pltp.gif HTTP/1.1" 200 160 "http://www.ksbb.de/" "Mozilla/4.0 (compatible; MSIE 7.0; Windows NT 5.1; Hewlett-Packard; .NET CLR 1.0.3705; .NET CLR 1.1.4322; .NET CLR 2.0.50727; .NET CLR 3.0.4506.2152; .NET CLR 3.5.30729)"
85.180.0.175 - - [20/Apr/2011:20:33:08 +0200] "GET /images/plms.gif HTTP/1.1" 200 68 "http://www.ksbb.de/" "Mozilla/4.0 (compatible; MSIE 7.0; Windows NT 5.1; Hewlett-Packard; .NET CLR 1.0.3705; .NET CLR 1.1.4322; .NET CLR 2.0.50727; .NET CLR 3.0.4506.2152; .NET CLR 3.5.30729)"
85.180.0.175 - - [20/Apr/2011:20:33:08 +0200] "GET /images/plma.gif HTTP/1.1" 200 164 "http://www.ksbb.de/" "Mozilla/4.0 (compatible; MSIE 7.0; Windows NT 5.1; Hewlett-Packard; .NET CLR 1.0.3705; .NET CLR 1.1.4322; .NET CLR 2.0.50727; .NET CLR 3.0.4506.2152; .NET CLR 3.5.30729)"
85.180.0.175 - - [20/Apr/2011:20:33:08 +0200] "GET /images/plogo.gif HTTP/1.1" 200 18153 "http://www.ksbb.de/" "Mozilla/4.0 (compatible; MSIE 7.0; Windows NT 5.1; Hewlett-Packard; .NET CLR 1.0.3705; .NET CLR 1.1.4322; .NET CLR 2.0.50727; .NET CLR 3.0.4506.2152; .NET CLR 3.5.30729)"
85.180.0.175 - - [20/Apr/2011:20:33:08 +0200] "GET /images/plmb.gif HTTP/1.1" 200 166 "http://www.ksbb.de/" "Mozilla/4.0 (compatible; MSIE 7.0; Windows NT 5.1; Hewlett-Packard; .NET CLR 1.0.3705; .NET CLR 1.1.4322; .NET CLR 2.0.50727; .NET CLR 3.0.4506.2152; .NET CLR 3.5.30729)"
85.180.0.175 - - [20/Apr/2011:20:33:08 +0200] "GET /images/pl160.gif HTTP/1.1" 200 70 "http://www.ksbb.de/" "Mozilla/4.0 (compatible; MSIE 7.0; Windows NT 5.1; Hewlett-Packard; .NET CLR 1.0.3705; .NET CLR 1.1.4322; .NET CLR 2.0.50727; .NET CLR 3.0.4506.2152; .NET CLR 3.5.30729)"
85.180.0.175 - - [20/Apr/2011:20:33:08 +0200] "GET /images/plvt.gif HTTP/1.1" 200 53 "http://www.ksbb.de/" "Mozilla/4.0 (compatible; MSIE 7.0; Windows NT 5.1; Hewlett-Packard; .NET CLR 1.0.3705; .NET CLR 1.1.4322; .NET CLR 2.0.50727; .NET CLR 3.0.4506.2152; .NET CLR 3.5.30729)"
85.180.0.175 - - [20/Apr/2011:20:33:09 +0200] "GET /images/pbx.gif HTTP/1.1" 200 99 "http://www.ksbb.de/" "Mozilla/4.0 (compatible; MSIE 7.0; Windows NT 5.1; Hewlett-Packard; .NET CLR 1.0.3705; .NET CLR 1.1.4322; .NET CLR 2.0.50727; .NET CLR 3.0.4506.2152; .NET CLR 3.5.30729)"
85.180.0.175 - - [20/Apr/2011:20:33:09 +0200] "GET /images/plnkn.gif HTTP/1.1" 200 95 "http://www.ksbb.de/" "Mozilla/4.0 (compatible; MSIE 7.0; Windows NT 5.1; Hewlett-Packard; .NET CLR 1.0.3705; .NET CLR 1.1.4322; .NET CLR 2.0.50727; .NET CLR 3.0.4506.2152; .NET CLR 3.5.30729)"
85.180.0.175 - - [20/Apr/2011:20:33:09 +0200] "GET /images/mev23003_72.jpg HTTP/1.1" 200 2106 "http://www.ksbb.de/" "Mozilla/4.0 (compatible; MSIE 7.0; Windows NT 5.1; Hewlett-Packard; .NET CLR 1.0.3705; .NET CLR 1.1.4322; .NET CLR 2.0.50727; .NET CLR 3.0.4506.2152; .NET CLR 3.5.30729)"
85.180.0.175 - - [20/Apr/2011:20:33:09 +0200] "GET /images/mev14046_72.jpg HTTP/1.1" 200 1662 "http://www.ksbb.de/" "Mozilla/4.0 (compatible; MSIE 7.0; Windows NT 5.1; Hewlett-Packard; .NET CLR 1.0.3705; .NET CLR 1.1.4322; .NET CLR 2.0.50727; .NET CLR 3.0.4506.2152; .NET CLR 3.5.30729)"
85.180.0.175 - - [20/Apr/2011:20:33:09 +0200] "GET /images/55275_72.jpg HTTP/1.1" 200 2381 "http://www.ksbb.de/" "Mozilla/4.0 (compatible; MSIE 7.0; Windows NT 5.1; Hewlett-Packard; .NET CLR 1.0.3705; .NET CLR 1.1.4322; .NET CLR 2.0.50727; .NET CLR 3.0.4506.2152; .NET CLR 3.5.30729)"
85.180.0.175 - - [20/Apr/2011:20:33:09 +0200] "GET /images/plmc.gif HTTP/1.1" 200 166 "http://www.ksbb.de/" "Mozilla/4.0 (compatible; MSIE 7.0; Windows NT 5.1; Hewlett-Packard; .NET CLR 1.0.3705; .NET CLR 1.1.4322; .NET CLR 2.0.50727; .NET CLR 3.0.4506.2152; .NET CLR 3.5.30729)"
85.180.0.175 - - [20/Apr/2011:20:33:09 +0200] "GET /images/plbt.gif HTTP/1.1" 200 161 "http://www.ksbb.de/" "Mozilla/4.0 (compatible; MSIE 7.0; Windows NT 5.1; Hewlett-Packard; .NET CLR 1.0.3705; .NET CLR 1.1.4322; .NET CLR 2.0.50727; .NET CLR 3.0.4506.2152; .NET CLR 3.5.30729)"
85.180.0.175 - - [20/Apr/2011:20:33:09 +0200] "GET /images/ksbb1_sbp.jpg HTTP/1.1" 200 3871 "http://www.ksbb.de/" "Mozilla/4.0 (compatible; MSIE 7.0; Windows NT 5.1; Hewlett-Packard; .NET CLR 1.0.3705; .NET CLR 1.1.4322; .NET CLR 2.0.50727; .NET CLR 3.0.4506.2152; .NET CLR 3.5.30729)"
85.180.0.175 - - [20/Apr/2011:20:33:09 +0200] "GET /images/ulslogosbp_sbp.jpg HTTP/1.1" 200 1896 "http://www.ksbb.de/" "Mozilla/4.0 (compatible; MSIE 7.0; Windows NT 5.1; Hewlett-Packard; .NET CLR 1.0.3705; .NET CLR 1.1.4322; .NET CLR 2.0.50727; .NET CLR 3.0.4506.2152; .NET CLR 3.5.30729)"
85.180.0.175 - - [20/Apr/2011:20:33:09 +0200] "GET /images/iso9001_sbp.jpg HTTP/1.1" 200 4462 "http://www.ksbb.de/" "Mozilla/4.0 (compatible; MSIE 7.0; Windows NT 5.1; Hewlett-Packard; .NET CLR 1.0.3705; .NET CLR 1.1.4322; .NET CLR 2.0.50727; .NET CLR 3.0.4506.2152; .NET CLR 3.5.30729)"
85.180.0.175 - - [20/Apr/2011:20:33:09 +0200] "GET /images/logoprofex_sbp.gif HTTP/1.1" 200 3524 "http://www.ksbb.de/" "Mozilla/4.0 (compatible; MSIE 7.0; Windows NT 5.1; Hewlett-Packard; .NET CLR 1.0.3705; .NET CLR 1.1.4322; .NET CLR 2.0.50727; .NET CLR 3.0.4506.2152; .NET CLR 3.5.30729)"
95.108.158.244 - - [20/Apr/2011:20:44:15 +0200] "GET /images/plbt.gif HTTP/1.1" 304 - "-" "Mozilla/5.0 (compatible; YandexImages/3.0; +http://yandex.com/bots)"
123.125.71.23 - - [20/Apr/2011:21:20:07 +0200] "GET / HTTP/1.1" 200 15277 "-" "Baiduspider+(+http://www.baidu.com/search/spider.htm)"
220.181.108.96 - - [20/Apr/2011:21:20:13 +0200] "GET / HTTP/1.1" 200 24280 "-" "Baiduspider+(+http://www.baidu.com/search/spider.htm)"
95.108.158.244 - - [20/Apr/2011:21:56:32 +0200] "GET /images/pltp.gif HTTP/1.1" 304 - "-" "Mozilla/5.0 (compatible; YandexImages/3.0; +http://yandex.com/bots)"
95.108.158.244 - - [20/Apr/2011:23:20:06 +0200] "GET /images/pl160.gif HTTP/1.1" 304 - "-" "Mozilla/5.0 (compatible; YandexImages/3.0; +http://yandex.com/bots)"
95.108.158.244 - - [21/Apr/2011:00:35:32 +0200] "GET /images/phomesm0.gif HTTP/1.1" 304 - "-" "Mozilla/5.0 (compatible; YandexImages/3.0; +http://yandex.com/bots)"
66.249.72.39 - - [21/Apr/2011:01:13:06 +0200] "GET /00000198660c9d618/00000198610cada01/00000198610ccef0b.php HTTP/1.1" 200 15784 "-" "Mozilla/5.0 (compatible; Googlebot/2.1; +http://www.google.com/bot.html)"
85.25.71.15 - - [21/Apr/2011:01:15:35 +0200] "GET / HTTP/1.1" 200 24280 "-" "Mozilla/5.0 (X11; U; Linux i686; en-US; rv:1.9.0.1) Gecko/2008070206 Firefox/3.0.1"
85.25.71.15 - - [21/Apr/2011:01:15:35 +0200] "GET /00000398730fce012.php HTTP/1.1" 200 22666 "-" "Mozilla/5.0 (X11; U; Linux i686; en-US; rv:1.9.0.1) Gecko/2008070206 Firefox/3.0.1"
95.108.158.244 - - [21/Apr/2011:01:52:29 +0200] "GET /images/pmtm6.gif HTTP/1.1" 304 - "-" "Mozilla/5.0 (compatible; YandexImages/3.0; +http://yandex.com/bots)"
123.125.71.29 - - [21/Apr/2011:02:19:26 +0200] "GET / HTTP/1.1" 200 24273 "-" "Baiduspider+(+http://www.baidu.com/search/spider.htm)"
220.181.108.95 - - [21/Apr/2011:02:19:29 +0200] "GET / HTTP/1.1" 200 15277 "-" "Baiduspider+(+http://www.baidu.com/search/spider.htm)"
69.28.58.9 - - [21/Apr/2011:02:19:37 +0200] "GET / HTTP/1.1" 200 24273 "-" "Wget/1.9+cvs-stable (Red Hat modified)"
123.125.71.116 - - [21/Apr/2011:02:43:02 +0200] "GET /031d669bf5054cf01/index.php HTTP/1.1" 200 13903 "-" "Baiduspider+(+http://www.baidu.com/search/spider.htm)"
123.125.71.96 - - [21/Apr/2011:02:43:05 +0200] "GET /031d669bf5054cf01/ HTTP/1.1" 200 13903 "-" "Baiduspider+(+http://www.baidu.com/search/spider.htm)"
95.108.158.244 - - [21/Apr/2011:02:58:46 +0200] "GET /images/pmtm5.gif HTTP/1.1" 304 - "-" "Mozilla/5.0 (compatible; YandexImages/3.0; +http://yandex.com/bots)"
123.125.71.114 - - [21/Apr/2011:03:29:03 +0200] "GET / HTTP/1.1" 200 24273 "-" "Baiduspider+(+http://www.baidu.com/search/spider.htm)"
95.108.158.244 - - [21/Apr/2011:04:16:48 +0200] "GET /robots.txt HTTP/1.1" 404 - "-" "Mozilla/5.0 (compatible; YandexImages/3.0; +http://yandex.com/bots)"
95.108.158.244 - - [21/Apr/2011:05:11:58 +0200] "GET /images/phnvmtt1.gif HTTP/1.1" 304 - "-" "Mozilla/5.0 (compatible; YandexImages/3.0; +http://yandex.com/bots)"
95.108.158.244 - - [21/Apr/2011:06:00:04 +0200] "GET /images/phnvmtt5.gif HTTP/1.1" 304 - "-" "Mozilla/5.0 (compatible; YandexImages/3.0; +http://yandex.com/bots)"
95.108.158.244 - - [21/Apr/2011:06:46:53 +0200] "GET /images/pmtm4.gif HTTP/1.1" 304 - "-" "Mozilla/5.0 (compatible; YandexImages/3.0; +http://yandex.com/bots)"
123.125.71.32 - - [21/Apr/2011:07:19:56 +0200] "GET / HTTP/1.1" 200 15277 "-" "Baiduspider+(+http://www.baidu.com/search/spider.htm)"
220.181.108.77 - - [21/Apr/2011:07:19:58 +0200] "GET / HTTP/1.1" 200 15277 "-" "Baiduspider+(+http://www.baidu.com/search/spider.htm)"
95.108.158.244 - - [21/Apr/2011:07:32:30 +0200] "GET /images/phnvmtt6.gif HTTP/1.1" 304 - "-" "Mozilla/5.0 (compatible; YandexImages/3.0; +http://yandex.com/bots)"
88.79.104.194 - - [21/Apr/2011:07:41:58 +0200] "GET / HTTP/1.0" 200 24273 "-" "Mozilla/5.0 (Windows; U; Windows NT 6.1; de; rv:1.9.2.16) Gecko/20110319 Firefox/3.6.16"
88.79.104.194 - - [21/Apr/2011:07:41:58 +0200] "GET /assets/s.css HTTP/1.0" 200 3386 "http://www.ksbb.de/" "Mozilla/5.0 (Windows; U; Windows NT 6.1; de; rv:1.9.2.16) Gecko/20110319 Firefox/3.6.16"
88.79.104.194 - - [21/Apr/2011:07:41:58 +0200] "GET /assets/ssb.css HTTP/1.0" 200 657 "http://www.ksbb.de/" "Mozilla/5.0 (Windows; U; Windows NT 6.1; de; rv:1.9.2.16) Gecko/20110319 Firefox/3.6.16"
88.79.104.194 - - [21/Apr/2011:07:41:58 +0200] "GET /images/pcp.gif HTTP/1.0" 200 43 "http://www.ksbb.de/" "Mozilla/5.0 (Windows; U; Windows NT 6.1; de; rv:1.9.2.16) Gecko/20110319 Firefox/3.6.16"
88.79.104.194 - - [21/Apr/2011:07:41:59 +0200] "GET /images/pcmpc1.gif HTTP/1.0" 200 1155 "http://www.ksbb.de/" "Mozilla/5.0 (Windows; U; Windows NT 6.1; de; rv:1.9.2.16) Gecko/20110319 Firefox/3.6.16"
88.79.104.194 - - [21/Apr/2011:07:41:59 +0200] "GET /images/pcmphc1.gif HTTP/1.0" 200 2164 "http://www.ksbb.de/" "Mozilla/5.0 (Windows; U; Windows NT 6.1; de; rv:1.9.2.16) Gecko/20110319 Firefox/3.6.16"
88.79.104.194 - - [21/Apr/2011:07:41:59 +0200] "GET /images/pcmpc2.gif HTTP/1.0" 200 1240 "http://www.ksbb.de/" "Mozilla/5.0 (Windows; U; Windows NT 6.1; de; rv:1.9.2.16) Gecko/20110319 Firefox/3.6.16"
88.79.104.194 - - [21/Apr/2011:07:41:59 +0200] "GET /images/phnvmtht1.gif HTTP/1.0" 200 2613 "http://www.ksbb.de/" "Mozilla/5.0 (Windows; U; Windows NT 6.1; de; rv:1.9.2.16) Gecko/20110319 Firefox/3.6.16"
88.79.104.194 - - [21/Apr/2011:07:41:59 +0200] "GET /images/pcmphc2.gif HTTP/1.0" 200 2299 "http://www.ksbb.de/" "Mozilla/5.0 (Windows; U; Windows NT 6.1; de; rv:1.9.2.16) Gecko/20110319 Firefox/3.6.16"
88.79.104.194 - - [21/Apr/2011:07:41:59 +0200] "GET /images/phnvmtt1.gif HTTP/1.0" 200 2551 "http://www.ksbb.de/" "Mozilla/5.0 (Windows; U; Windows NT 6.1; de; rv:1.9.2.16) Gecko/20110319 Firefox/3.6.16"
88.79.104.194 - - [21/Apr/2011:07:41:59 +0200] "GET /images/pltp.gif HTTP/1.0" 200 160 "http://www.ksbb.de/" "Mozilla/5.0 (Windows; U; Windows NT 6.1; de; rv:1.9.2.16) Gecko/20110319 Firefox/3.6.16"
88.79.104.194 - - [21/Apr/2011:07:41:59 +0200] "GET /images/plms.gif HTTP/1.0" 200 68 "http://www.ksbb.de/" "Mozilla/5.0 (Windows; U; Windows NT 6.1; de; rv:1.9.2.16) Gecko/20110319 Firefox/3.6.16"
88.79.104.194 - - [21/Apr/2011:07:41:59 +0200] "GET /images/plma.gif HTTP/1.0" 200 164 "http://www.ksbb.de/" "Mozilla/5.0 (Windows; U; Windows NT 6.1; de; rv:1.9.2.16) Gecko/20110319 Firefox/3.6.16"
88.79.104.194 - - [21/Apr/2011:07:41:59 +0200] "GET /images/plmb.gif HTTP/1.0" 200 166 "http://www.ksbb.de/" "Mozilla/5.0 (Windows; U; Windows NT 6.1; de; rv:1.9.2.16) Gecko/20110319 Firefox/3.6.16"
88.79.104.194 - - [21/Apr/2011:07:41:59 +0200] "GET /images/pl160.gif HTTP/1.0" 200 70 "http://www.ksbb.de/" "Mozilla/5.0 (Windows; U; Windows NT 6.1; de; rv:1.9.2.16) Gecko/20110319 Firefox/3.6.16"
88.79.104.194 - - [21/Apr/2011:07:41:59 +0200] "GET /images/pbx.gif HTTP/1.0" 200 99 "http://www.ksbb.de/" "Mozilla/5.0 (Windows; U; Windows NT 6.1; de; rv:1.9.2.16) Gecko/20110319 Firefox/3.6.16"
88.79.104.194 - - [21/Apr/2011:07:41:59 +0200] "GET /images/plnkn.gif HTTP/1.0" 200 95 "http://www.ksbb.de/" "Mozilla/5.0 (Windows; U; Windows NT 6.1; de; rv:1.9.2.16) Gecko/20110319 Firefox/3.6.16"
88.79.104.194 - - [21/Apr/2011:07:41:59 +0200] "GET /images/mev23003_72.jpg HTTP/1.0" 200 2106 "http://www.ksbb.de/" "Mozilla/5.0 (Windows; U; Windows NT 6.1; de; rv:1.9.2.16) Gecko/20110319 Firefox/3.6.16"
88.79.104.194 - - [21/Apr/2011:07:41:59 +0200] "GET /images/plogo.gif HTTP/1.0" 200 18153 "http://www.ksbb.de/" "Mozilla/5.0 (Windows; U; Windows NT 6.1; de; rv:1.9.2.16) Gecko/20110319 Firefox/3.6.16"
88.79.104.194 - - [21/Apr/2011:07:41:59 +0200] "GET /images/mev14046_72.jpg HTTP/1.0" 200 1662 "http://www.ksbb.de/" "Mozilla/5.0 (Windows; U; Windows NT 6.1; de; rv:1.9.2.16) Gecko/20110319 Firefox/3.6.16"
88.79.104.194 - - [21/Apr/2011:07:41:59 +0200] "GET /images/plmc.gif HTTP/1.0" 200 166 "http://www.ksbb.de/" "Mozilla/5.0 (Windows; U; Windows NT 6.1; de; rv:1.9.2.16) Gecko/20110319 Firefox/3.6.16"
88.79.104.194 - - [21/Apr/2011:07:41:59 +0200] "GET /images/55275_72.jpg HTTP/1.0" 200 2381 "http://www.ksbb.de/" "Mozilla/5.0 (Windows; U; Windows NT 6.1; de; rv:1.9.2.16) Gecko/20110319 Firefox/3.6.16"
88.79.104.194 - - [21/Apr/2011:07:41:59 +0200] "GET /images/plbt.gif HTTP/1.0" 200 161 "http://www.ksbb.de/" "Mozilla/5.0 (Windows; U; Windows NT 6.1; de; rv:1.9.2.16) Gecko/20110319 Firefox/3.6.16"
88.79.104.194 - - [21/Apr/2011:07:41:59 +0200] "GET /images/ksbb1_sbp.jpg HTTP/1.0" 200 3871 "http://www.ksbb.de/" "Mozilla/5.0 (Windows; U; Windows NT 6.1; de; rv:1.9.2.16) Gecko/20110319 Firefox/3.6.16"
88.79.104.194 - - [21/Apr/2011:07:41:59 +0200] "GET /images/ulslogosbp_sbp.jpg HTTP/1.0" 200 1896 "http://www.ksbb.de/" "Mozilla/5.0 (Windows; U; Windows NT 6.1; de; rv:1.9.2.16) Gecko/20110319 Firefox/3.6.16"
88.79.104.194 - - [21/Apr/2011:07:41:59 +0200] "GET /images/iso9001_sbp.jpg HTTP/1.0" 200 4462 "http://www.ksbb.de/" "Mozilla/5.0 (Windows; U; Windows NT 6.1; de; rv:1.9.2.16) Gecko/20110319 Firefox/3.6.16"
88.79.104.194 - - [21/Apr/2011:07:41:59 +0200] "GET /images/logoprofex_sbp.gif HTTP/1.0" 200 3524 "http://www.ksbb.de/" "Mozilla/5.0 (Windows; U; Windows NT 6.1; de; rv:1.9.2.16) Gecko/20110319 Firefox/3.6.16"
88.79.104.194 - - [21/Apr/2011:07:41:59 +0200] "GET /images/phnvmtt2.gif HTTP/1.0" 200 1637 "http://www.ksbb.de/" "Mozilla/5.0 (Windows; U; Windows NT 6.1; de; rv:1.9.2.16) Gecko/20110319 Firefox/3.6.16"
88.79.104.194 - - [21/Apr/2011:07:41:59 +0200] "GET /images/phnvmtht2.gif HTTP/1.0" 200 1696 "http://www.ksbb.de/" "Mozilla/5.0 (Windows; U; Windows NT 6.1; de; rv:1.9.2.16) Gecko/20110319 Firefox/3.6.16"
88.79.104.194 - - [21/Apr/2011:07:41:59 +0200] "GET /images/phnvmtt3.gif HTTP/1.0" 200 2611 "http://www.ksbb.de/" "Mozilla/5.0 (Windows; U; Windows NT 6.1; de; rv:1.9.2.16) Gecko/20110319 Firefox/3.6.16"
88.79.104.194 - - [21/Apr/2011:07:41:59 +0200] "GET /images/phnvmtht3.gif HTTP/1.0" 200 2679 "http://www.ksbb.de/" "Mozilla/5.0 (Windows; U; Windows NT 6.1; de; rv:1.9.2.16) Gecko/20110319 Firefox/3.6.16"
88.79.104.194 - - [21/Apr/2011:07:41:59 +0200] "GET /images/phnvmtt4.gif HTTP/1.0" 200 2685 "http://www.ksbb.de/" "Mozilla/5.0 (Windows; U; Windows NT 6.1; de; rv:1.9.2.16) Gecko/20110319 Firefox/3.6.16"
88.79.104.194 - - [21/Apr/2011:07:41:59 +0200] "GET /images/phnvmtht4.gif HTTP/1.0" 200 2627 "http://www.ksbb.de/" "Mozilla/5.0 (Windows; U; Windows NT 6.1; de; rv:1.9.2.16) Gecko/20110319 Firefox/3.6.16"
88.79.104.194 - - [21/Apr/2011:07:41:59 +0200] "GET /images/phnvmtt5.gif HTTP/1.0" 200 2563 "http://www.ksbb.de/" "Mozilla/5.0 (Windows; U; Windows NT 6.1; de; rv:1.9.2.16) Gecko/20110319 Firefox/3.6.16"
88.79.104.194 - - [21/Apr/2011:07:41:59 +0200] "GET /images/phnvmtht5.gif HTTP/1.0" 200 2500 "http://www.ksbb.de/" "Mozilla/5.0 (Windows; U; Windows NT 6.1; de; rv:1.9.2.16) Gecko/20110319 Firefox/3.6.16"
88.79.104.194 - - [21/Apr/2011:07:41:59 +0200] "GET /images/phnvmtt6.gif HTTP/1.0" 200 1637 "http://www.ksbb.de/" "Mozilla/5.0 (Windows; U; Windows NT 6.1; de; rv:1.9.2.16) Gecko/20110319 Firefox/3.6.16"
88.79.104.194 - - [21/Apr/2011:07:41:59 +0200] "GET /images/phnvmtht6.gif HTTP/1.0" 200 1696 "http://www.ksbb.de/" "Mozilla/5.0 (Windows; U; Windows NT 6.1; de; rv:1.9.2.16) Gecko/20110319 Firefox/3.6.16"
88.79.104.194 - - [21/Apr/2011:07:41:59 +0200] "GET /images/phnvmtt7.gif HTTP/1.0" 200 2552 "http://www.ksbb.de/" "Mozilla/5.0 (Windows; U; Windows NT 6.1; de; rv:1.9.2.16) Gecko/20110319 Firefox/3.6.16"
88.79.104.194 - - [21/Apr/2011:07:41:59 +0200] "GET /images/phnvmtht7.gif HTTP/1.0" 200 2615 "http://www.ksbb.de/" "Mozilla/5.0 (Windows; U; Windows NT 6.1; de; rv:1.9.2.16) Gecko/20110319 Firefox/3.6.16"
88.79.104.194 - - [21/Apr/2011:07:41:59 +0200] "GET /images/phomesm0.gif HTTP/1.0" 200 2239 "http://www.ksbb.de/" "Mozilla/5.0 (Windows; U; Windows NT 6.1; de; rv:1.9.2.16) Gecko/20110319 Firefox/3.6.16"
88.79.104.194 - - [21/Apr/2011:07:41:59 +0200] "GET /images/pmtm1.gif HTTP/1.0" 200 1155 "http://www.ksbb.de/" "Mozilla/5.0 (Windows; U; Windows NT 6.1; de; rv:1.9.2.16) Gecko/20110319 Firefox/3.6.16"
88.79.104.194 - - [21/Apr/2011:07:41:59 +0200] "GET /images/pmthm1.gif HTTP/1.0" 200 2169 "http://www.ksbb.de/" "Mozilla/5.0 (Windows; U; Windows NT 6.1; de; rv:1.9.2.16) Gecko/20110319 Firefox/3.6.16"
88.79.104.194 - - [21/Apr/2011:07:41:59 +0200] "GET /images/pmtm2.gif HTTP/1.0" 200 628 "http://www.ksbb.de/" "Mozilla/5.0 (Windows; U; Windows NT 6.1; de; rv:1.9.2.16) Gecko/20110319 Firefox/3.6.16"
88.79.104.194 - - [21/Apr/2011:07:41:59 +0200] "GET /images/pmthm2.gif HTTP/1.0" 200 1209 "http://www.ksbb.de/" "Mozilla/5.0 (Windows; U; Windows NT 6.1; de; rv:1.9.2.16) Gecko/20110319 Firefox/3.6.16"
88.79.104.194 - - [21/Apr/2011:07:41:59 +0200] "GET /images/pmtm3.gif HTTP/1.0" 200 2032 "http://www.ksbb.de/" "Mozilla/5.0 (Windows; U; Windows NT 6.1; de; rv:1.9.2.16) Gecko/20110319 Firefox/3.6.16"
88.79.104.194 - - [21/Apr/2011:07:41:59 +0200] "GET /images/pmthm3.gif HTTP/1.0" 200 2275 "http://www.ksbb.de/" "Mozilla/5.0 (Windows; U; Windows NT 6.1; de; rv:1.9.2.16) Gecko/20110319 Firefox/3.6.16"
88.79.104.194 - - [21/Apr/2011:07:41:59 +0200] "GET /images/pmtm4.gif HTTP/1.0" 200 2316 "http://www.ksbb.de/" "Mozilla/5.0 (Windows; U; Windows NT 6.1; de; rv:1.9.2.16) Gecko/20110319 Firefox/3.6.16"
88.79.104.194 - - [21/Apr/2011:07:41:59 +0200] "GET /images/pmthm4.gif HTTP/1.0" 200 2518 "http://www.ksbb.de/" "Mozilla/5.0 (Windows; U; Windows NT 6.1; de; rv:1.9.2.16) Gecko/20110319 Firefox/3.6.16"
88.79.104.194 - - [21/Apr/2011:07:41:59 +0200] "GET /images/pmtm5.gif HTTP/1.0" 200 2185 "http://www.ksbb.de/" "Mozilla/5.0 (Windows; U; Windows NT 6.1; de; rv:1.9.2.16) Gecko/20110319 Firefox/3.6.16"
88.79.104.194 - - [21/Apr/2011:07:41:59 +0200] "GET /images/pmthm5.gif HTTP/1.0" 200 2381 "http://www.ksbb.de/" "Mozilla/5.0 (Windows; U; Windows NT 6.1; de; rv:1.9.2.16) Gecko/20110319 Firefox/3.6.16"
88.79.104.194 - - [21/Apr/2011:07:41:59 +0200] "GET /images/pmtm6.gif HTTP/1.0" 200 628 "http://www.ksbb.de/" "Mozilla/5.0 (Windows; U; Windows NT 6.1; de; rv:1.9.2.16) Gecko/20110319 Firefox/3.6.16"
88.79.104.194 - - [21/Apr/2011:07:41:59 +0200] "GET /images/pmthm6.gif HTTP/1.0" 200 1209 "http://www.ksbb.de/" "Mozilla/5.0 (Windows; U; Windows NT 6.1; de; rv:1.9.2.16) Gecko/20110319 Firefox/3.6.16"
88.79.104.194 - - [21/Apr/2011:07:41:59 +0200] "GET /images/pmtm7.gif HTTP/1.0" 200 1174 "http://www.ksbb.de/" "Mozilla/5.0 (Windows; U; Windows NT 6.1; de; rv:1.9.2.16) Gecko/20110319 Firefox/3.6.16"
88.79.104.194 - - [21/Apr/2011:07:41:59 +0200] "GET /images/pmthm7.gif HTTP/1.0" 200 2195 "http://www.ksbb.de/" "Mozilla/5.0 (Windows; U; Windows NT 6.1; de; rv:1.9.2.16) Gecko/20110319 Firefox/3.6.16"
88.79.104.194 - - [21/Apr/2011:07:41:59 +0200] "GET /images/pd.gif HTTP/1.0" 200 111 "http://www.ksbb.de/" "Mozilla/5.0 (Windows; U; Windows NT 6.1; de; rv:1.9.2.16) Gecko/20110319 Firefox/3.6.16"
88.79.104.194 - - [21/Apr/2011:07:41:59 +0200] "GET /images/psd.gif HTTP/1.0" 200 111 "http://www.ksbb.de/" "Mozilla/5.0 (Windows; U; Windows NT 6.1; de; rv:1.9.2.16) Gecko/20110319 Firefox/3.6.16"
88.79.104.194 - - [21/Apr/2011:07:41:59 +0200] "GET /images/pbg.gif HTTP/1.0" 200 52 "http://www.ksbb.de/" "Mozilla/5.0 (Windows; U; Windows NT 6.1; de; rv:1.9.2.16) Gecko/20110319 Firefox/3.6.16"
88.79.104.194 - - [21/Apr/2011:07:41:59 +0200] "GET /images/plvt.gif HTTP/1.0" 200 53 "http://www.ksbb.de/" "Mozilla/5.0 (Windows; U; Windows NT 6.1; de; rv:1.9.2.16) Gecko/20110319 Firefox/3.6.16"
88.79.104.194 - - [21/Apr/2011:07:42:00 +0200] "GET /favicon.ico HTTP/1.0" 404 - "-" "Mozilla/5.0 (Windows; U; Windows NT 6.1; de; rv:1.9.2.16) Gecko/20110319 Firefox/3.6.16"
95.108.158.244 - - [21/Apr/2011:08:19:18 +0200] "GET /images/plbt.gif HTTP/1.1" 304 - "-" "Mozilla/5.0 (compatible; YandexImages/3.0; +http://yandex.com/bots)"
123.125.71.21 - - [21/Apr/2011:08:20:48 +0200] "GET / HTTP/1.1" 200 15277 "-" "Baiduspider+(+http://www.baidu.com/search/spider.htm)"
220.181.108.76 - - [21/Apr/2011:08:20:51 +0200] "GET / HTTP/1.1" 200 15277 "-" "Baiduspider+(+http://www.baidu.com/search/spider.htm)"
95.108.158.244 - - [21/Apr/2011:09:08:22 +0200] "GET /images/pltp.gif HTTP/1.1" 304 - "-" "Mozilla/5.0 (compatible; YandexImages/3.0; +http://yandex.com/bots)"
123.125.71.111 - - [21/Apr/2011:09:29:31 +0200] "GET /000001985b0e5e29a/000001985f0d8f113/index.php HTTP/1.1" 200 20329 "-" "Baiduspider+(+http://www.baidu.com/search/spider.htm)"
123.125.71.112 - - [21/Apr/2011:09:29:34 +0200] "GET /000001985b0e5e29a/000001985f0d8f113/ HTTP/1.1" 200 20329 "-" "Baiduspider+(+http://www.baidu.com/search/spider.htm)"
95.108.158.244 - - [21/Apr/2011:09:52:17 +0200] "GET /images/pcmpc2.gif HTTP/1.1" 304 - "-" "Mozilla/5.0 (compatible; YandexImages/3.0; +http://yandex.com/bots)"
95.108.158.244 - - [21/Apr/2011:10:35:37 +0200] "GET /images/pcmpc1.gif HTTP/1.1" 304 - "-" "Mozilla/5.0 (compatible; YandexImages/3.0; +http://yandex.com/bots)"
95.108.158.244 - - [21/Apr/2011:11:21:21 +0200] "GET /images/plmb.gif HTTP/1.1" 304 - "-" "Mozilla/5.0 (compatible; YandexImages/3.0; +http://yandex.com/bots)"
95.108.158.244 - - [21/Apr/2011:12:02:41 +0200] "GET /images/pmtm3.gif HTTP/1.1" 304 - "-" "Mozilla/5.0 (compatible; YandexImages/3.0; +http://yandex.com/bots)"
95.108.158.244 - - [21/Apr/2011:12:44:30 +0200] "GET /images/pbx.gif HTTP/1.1" 304 - "-" "Mozilla/5.0 (compatible; YandexImages/3.0; +http://yandex.com/bots)"
207.46.13.138 - - [21/Apr/2011:13:04:23 +0200] "GET /robots.txt HTTP/1.1" 404 - "-" "Mozilla/5.0 (compatible; bingbot/2.0; +http://www.bing.com/bingbot.htm)"
207.46.13.138 - - [21/Apr/2011:13:05:23 +0200] "GET / HTTP/1.1" 200 24273 "-" "Mozilla/5.0 (compatible; bingbot/2.0; +http://www.bing.com/bingbot.htm)"
95.108.158.244 - - [21/Apr/2011:13:21:50 +0200] "GET /images/plmc.gif HTTP/1.1" 304 - "-" "Mozilla/5.0 (compatible; YandexImages/3.0; +http://yandex.com/bots)"
95.108.158.244 - - [21/Apr/2011:13:59:40 +0200] "GET /images/ksbb1_sbp.jpg HTTP/1.1" 304 - "-" "Mozilla/5.0 (compatible; YandexImages/3.0; +http://yandex.com/bots)"
95.108.158.244 - - [21/Apr/2011:14:33:52 +0200] "GET /images/phnvmtt2.gif HTTP/1.1" 304 - "-" "Mozilla/5.0 (compatible; YandexImages/3.0; +http://yandex.com/bots)"
95.108.158.244 - - [21/Apr/2011:15:14:02 +0200] "GET /images/plma.gif HTTP/1.1" 304 - "-" "Mozilla/5.0 (compatible; YandexImages/3.0; +http://yandex.com/bots)"
88.131.106.5 - - [21/Apr/2011:15:55:15 +0200] "GET /robots.txt HTTP/1.0" 404 - "-" "Mozilla/5.0 (Windows; U; Windows NT 5.1; en-US) Speedy Spider (http://www.entireweb.com/about/search_tech/speedy_spider/)"
88.131.106.3 - - [21/Apr/2011:15:55:20 +0200] "GET / HTTP/1.0" 200 24273 "-" "Mozilla/5.0 (Windows; U; Windows NT 5.1; en-US) Speedy Spider (http://www.entireweb.com/about/search_tech/speedy_spider/)"
95.108.158.244 - - [21/Apr/2011:16:07:50 +0200] "GET /images/pmtm1.gif HTTP/1.1" 304 - "-" "Mozilla/5.0 (compatible; YandexImages/3.0; +http://yandex.com/bots)"
207.46.194.44 - - [21/Apr/2011:17:09:22 +0200] "GET /robots.txt HTTP/1.1" 404 - "-" "msnbot-media/1.1 (+http://search.msn.com/msnbot.htm)"
207.46.194.44 - - [21/Apr/2011:17:09:22 +0200] "GET /images/ss38095.jpg HTTP/1.1" 200 83298 "-" "msnbot-media/1.1 (+http://search.msn.com/msnbot.htm)"
207.46.194.44 - - [21/Apr/2011:17:09:23 +0200] "GET /00000398730fcd910.php HTTP/1.1" 200 22402 "-" "msnbot-media/1.1 (+http://search.msn.com/msnbot.htm)"
95.108.158.244 - - [21/Apr/2011:17:26:06 +0200] "GET /images/plnkn.gif HTTP/1.1" 304 - "-" "Mozilla/5.0 (compatible; YandexImages/3.0; +http://yandex.com/bots)"
95.108.158.244 - - [21/Apr/2011:18:53:43 +0200] "GET /images/phnvmtt7.gif HTTP/1.1" 304 - "-" "Mozilla/5.0 (compatible; YandexImages/3.0; +http://yandex.com/bots)"
220.181.108.97 - - [21/Apr/2011:19:21:15 +0200] "GET / HTTP/1.1" 200 24273 "-" "Baiduspider+(+http://www.baidu.com/search/spider.htm)"
95.108.158.244 - - [21/Apr/2011:20:05:38 +0200] "GET /images/phnvmtt3.gif HTTP/1.1" 304 - "-" "Mozilla/5.0 (compatible; YandexImages/3.0; +http://yandex.com/bots)"
207.46.194.83 - - [21/Apr/2011:20:47:23 +0200] "GET /robots.txt HTTP/1.1" 404 - "-" "msnbot-media/1.1 (+http://search.msn.com/msnbot.htm)"
207.46.194.83 - - [21/Apr/2011:20:47:23 +0200] "GET /images/52298cols2.jpg HTTP/1.1" 200 8351 "-" "msnbot-media/1.1 (+http://search.msn.com/msnbot.htm)"
207.46.194.83 - - [21/Apr/2011:20:47:24 +0200] "GET /00000398730fcd910.php HTTP/1.1" 200 22402 "-" "msnbot-media/1.1 (+http://search.msn.com/msnbot.htm)"
95.108.158.134 - - [21/Apr/2011:21:21:17 +0200] "GET /robots.txt HTTP/1.1" 404 - "-" "Mozilla/5.0 (compatible; YandexBot/3.0; +http://yandex.com/bots)"
95.108.158.244 - - [21/Apr/2011:21:22:47 +0200] "GET /images/pmtm5.gif HTTP/1.1" 304 - "-" "Mozilla/5.0 (compatible; YandexImages/3.0; +http://yandex.com/bots)"
95.108.158.244 - - [21/Apr/2011:22:46:36 +0200] "GET /images/phnvmtt1.gif HTTP/1.1" 304 - "-" "Mozilla/5.0 (compatible; YandexImages/3.0; +http://yandex.com/bots)"
95.108.158.134 - - [21/Apr/2011:23:40:13 +0200] "GET / HTTP/1.1" 200 24273 "-" "Mozilla/5.0 (compatible; YandexBot/3.0; +http://yandex.com/bots)"
67.195.112.224 - - [22/Apr/2011:00:07:29 +0200] "GET /robots.txt HTTP/1.0" 404 - "-" "Mozilla/5.0 (compatible; Yahoo! Slurp; http://help.yahoo.com/help/us/ysearch/slurp)"
67.195.112.224 - - [22/Apr/2011:00:07:30 +0200] "GET / HTTP/1.0" 200 24273 "-" "Mozilla/5.0 (compatible; Yahoo! Slurp; http://help.yahoo.com/help/us/ysearch/slurp)"
67.195.112.224 - - [22/Apr/2011:00:07:31 +0200] "GET /assets/s.css HTTP/1.0" 200 3386 "http://www.ksbb.de/" "Mozilla/5.0 (compatible; Yahoo! Slurp; http://help.yahoo.com/help/us/ysearch/slurp)"
67.195.112.224 - - [22/Apr/2011:00:07:32 +0200] "GET /assets/ssb.css HTTP/1.0" 200 657 "http://www.ksbb.de/" "Mozilla/5.0 (compatible; Yahoo! Slurp; http://help.yahoo.com/help/us/ysearch/slurp)"
95.108.158.244 - - [22/Apr/2011:00:09:14 +0200] "GET /images/pmtm6.gif HTTP/1.1" 304 - "-" "Mozilla/5.0 (compatible; YandexImages/3.0; +http://yandex.com/bots)"
95.108.158.134 - - [22/Apr/2011:00:20:38 +0200] "GET /031d669bf5054cf01/index.php HTTP/1.1" 200 13903 "-" "Mozilla/5.0 (compatible; YandexBot/3.0; +http://yandex.com/bots)"
95.108.158.244 - - [22/Apr/2011:01:22:46 +0200] "GET /images/pl160.gif HTTP/1.1" 304 - "-" "Mozilla/5.0 (compatible; YandexImages/3.0; +http://yandex.com/bots)"
95.108.158.244 - - [22/Apr/2011:02:33:08 +0200] "GET /images/pmtm4.gif HTTP/1.1" 304 - "-" "Mozilla/5.0 (compatible; YandexImages/3.0; +http://yandex.com/bots)"
123.125.71.33 - - [22/Apr/2011:03:20:49 +0200] "GET / HTTP/1.1" 200 15277 "-" "Baiduspider+(+http://www.baidu.com/search/spider.htm)"
220.181.108.76 - - [22/Apr/2011:03:20:52 +0200] "GET / HTTP/1.1" 200 24292 "-" "Baiduspider+(+http://www.baidu.com/search/spider.htm)"
95.108.158.244 - - [22/Apr/2011:03:38:08 +0200] "GET /images/phomesm0.gif HTTP/1.1" 304 - "-" "Mozilla/5.0 (compatible; YandexImages/3.0; +http://yandex.com/bots)"
123.125.71.98 - - [22/Apr/2011:04:04:56 +0200] "GET / HTTP/1.1" 200 24292 "-" "Baiduspider+(+http://www.baidu.com/search/spider.htm)"
95.108.158.244 - - [22/Apr/2011:04:53:11 +0200] "GET /robots.txt HTTP/1.1" 404 - "-" "Mozilla/5.0 (compatible; YandexImages/3.0; +http://yandex.com/bots)"
95.108.158.244 - - [22/Apr/2011:05:14:39 +0200] "GET /images/phnvmtt5.gif HTTP/1.1" 304 - "-" "Mozilla/5.0 (compatible; YandexImages/3.0; +http://yandex.com/bots)"
66.249.72.39 - - [22/Apr/2011:07:07:40 +0200] "GET /robots.txt HTTP/1.1" 404 - "-" "Mozilla/5.0 (compatible; Googlebot/2.1; +http://www.google.com/bot.html)"
66.249.72.39 - - [22/Apr/2011:07:07:40 +0200] "GET /00000198660a80203/index.php HTTP/1.1" 200 12659 "-" "Mozilla/5.0 (compatible; Googlebot/2.1; +http://www.google.com/bot.html)"
123.125.71.17 - - [22/Apr/2011:08:20:28 +0200] "GET / HTTP/1.1" 200 15277 "-" "Baiduspider+(+http://www.baidu.com/search/spider.htm)"
220.181.108.87 - - [22/Apr/2011:08:20:31 +0200] "GET / HTTP/1.1" 200 15277 "-" "Baiduspider+(+http://www.baidu.com/search/spider.htm)"
123.125.71.114 - - [22/Apr/2011:10:04:36 +0200] "GET /00000398730fce012.php HTTP/1.1" 200 22678 "-" "Baiduspider+(+http://www.baidu.com/search/spider.htm)"
46.5.134.241 - - [22/Apr/2011:11:32:30 +0200] "GET /chiptan HTTP/1.1" 404 - "-" "Mozilla/5.0 (Windows; U; Windows NT 5.1; de; rv:1.9.2.16) Gecko/20110319 Firefox/3.6.16"
46.5.134.241 - - [22/Apr/2011:11:32:30 +0200] "GET /favicon.ico HTTP/1.1" 404 - "-" "Mozilla/5.0 (Windows; U; Windows NT 5.1; de; rv:1.9.2.16) Gecko/20110319 Firefox/3.6.16"
46.5.134.241 - - [22/Apr/2011:11:32:33 +0200] "GET /favicon.ico HTTP/1.1" 404 - "-" "Mozilla/5.0 (Windows; U; Windows NT 5.1; de; rv:1.9.2.16) Gecko/20110319 Firefox/3.6.16"
95.108.158.244 - - [22/Apr/2011:11:40:53 +0200] "GET /images/phnvmtt2.gif HTTP/1.1" 304 - "-" "Mozilla/5.0 (compatible; YandexImages/3.0; +http://yandex.com/bots)"
123.125.71.26 - - [22/Apr/2011:12:19:46 +0200] "GET / HTTP/1.1" 200 15277 "-" "Baiduspider+(+http://www.baidu.com/search/spider.htm)"
69.28.58.33 - - [22/Apr/2011:12:19:56 +0200] "GET / HTTP/1.1" 200 24292 "-" "Wget/1.9+cvs-stable (Red Hat modified)"
220.181.108.97 - - [22/Apr/2011:12:19:52 +0200] "GET / HTTP/1.1" 200 15277 "-" "Baiduspider+(+http://www.baidu.com/search/spider.htm)"
95.108.158.244 - - [22/Apr/2011:12:43:13 +0200] "GET /images/pd.gif HTTP/1.1" 304 - "-" "Mozilla/5.0 (compatible; YandexImages/3.0; +http://yandex.com/bots)"
123.125.71.13 - - [22/Apr/2011:13:20:30 +0200] "GET / HTTP/1.1" 200 15277 "-" "Baiduspider+(+http://www.baidu.com/search/spider.htm)"
220.181.108.90 - - [22/Apr/2011:13:20:37 +0200] "GET / HTTP/1.1" 200 15277 "-" "Baiduspider+(+http://www.baidu.com/search/spider.htm)"
95.108.158.244 - - [22/Apr/2011:13:43:30 +0200] "GET /images/pltp.gif HTTP/1.1" 304 - "-" "Mozilla/5.0 (compatible; YandexImages/3.0; +http://yandex.com/bots)"
95.108.158.244 - - [22/Apr/2011:14:44:02 +0200] "GET /images/plmc.gif HTTP/1.1" 304 - "-" "Mozilla/5.0 (compatible; YandexImages/3.0; +http://yandex.com/bots)"
95.108.158.244 - - [22/Apr/2011:15:39:48 +0200] "GET /images/phnvmtt6.gif HTTP/1.1" 304 - "-" "Mozilla/5.0 (compatible; YandexImages/3.0; +http://yandex.com/bots)"
95.108.158.244 - - [22/Apr/2011:16:35:46 +0200] "GET /images/pmtm3.gif HTTP/1.1" 304 - "-" "Mozilla/5.0 (compatible; YandexImages/3.0; +http://yandex.com/bots)"
95.108.158.244 - - [22/Apr/2011:17:26:54 +0200] "GET /images/phnvmtt3.gif HTTP/1.1" 304 - "-" "Mozilla/5.0 (compatible; YandexImages/3.0; +http://yandex.com/bots)"
207.46.194.62 - - [22/Apr/2011:17:37:35 +0200] "GET /robots.txt HTTP/1.1" 404 - "-" "msnbot-media/1.1 (+http://search.msn.com/msnbot.htm)"
207.46.194.62 - - [22/Apr/2011:17:37:36 +0200] "GET /images/ss04035_158.jpg HTTP/1.1" 200 5837 "-" "msnbot-media/1.1 (+http://search.msn.com/msnbot.htm)"
207.46.194.62 - - [22/Apr/2011:17:37:36 +0200] "GET /000001985b0e5e29a/000001985e0778004/index.php HTTP/1.1" 200 17374 "-" "msnbot-media/1.1 (+http://search.msn.com/msnbot.htm)"
95.108.158.244 - - [22/Apr/2011:18:18:18 +0200] "GET /images/pmtm1.gif HTTP/1.1" 304 - "-" "Mozilla/5.0 (compatible; YandexImages/3.0; +http://yandex.com/bots)"
207.46.194.69 - - [22/Apr/2011:18:47:31 +0200] "GET /robots.txt HTTP/1.1" 404 - "-" "msnbot-media/1.1 (+http://search.msn.com/msnbot.htm)"
207.46.194.69 - - [22/Apr/2011:18:47:31 +0200] "GET /images/mev23003_579.jpg HTTP/1.1" 200 36971 "-" "msnbot-media/1.1 (+http://search.msn.com/msnbot.htm)"
207.46.194.69 - - [22/Apr/2011:18:47:32 +0200] "GET /000001985b0d93482/000001985b0da2285/index.php HTTP/1.1" 200 16416 "-" "msnbot-media/1.1 (+http://search.msn.com/msnbot.htm)"
65.52.110.78 - - [22/Apr/2011:19:15:35 +0200] "GET /robots.txt HTTP/1.1" 404 - "-" "Mozilla/5.0 (compatible; bingbot/2.0; +http://www.bing.com/bingbot.htm)"
65.52.110.78 - - [22/Apr/2011:19:17:21 +0200] "GET / HTTP/1.1" 200 24292 "-" "Mozilla/5.0 (compatible; bingbot/2.0; +http://www.bing.com/bingbot.htm)"
95.108.158.244 - - [22/Apr/2011:19:22:02 +0200] "GET /images/pcmpc2.gif HTTP/1.1" 304 - "-" "Mozilla/5.0 (compatible; YandexImages/3.0; +http://yandex.com/bots)"
95.108.158.244 - - [22/Apr/2011:20:04:33 +0200] "GET /images/plmb.gif HTTP/1.1" 304 - "-" "Mozilla/5.0 (compatible; YandexImages/3.0; +http://yandex.com/bots)"
65.52.110.71 - - [22/Apr/2011:20:26:24 +0200] "GET /robots.txt HTTP/1.1" 404 - "-" "Mozilla/5.0 (compatible; bingbot/2.0; +http://www.bing.com/bingbot.htm)"
65.52.110.71 - - [22/Apr/2011:20:27:53 +0200] "GET /000001985b0ce1e49/00000198610d6501c/index.php HTTP/1.1" 200 15952 "-" "Mozilla/5.0 (compatible; bingbot/2.0; +http://www.bing.com/bingbot.htm)"
95.108.158.244 - - [22/Apr/2011:20:47:07 +0200] "GET /images/plnkn.gif HTTP/1.1" 304 - "-" "Mozilla/5.0 (compatible; YandexImages/3.0; +http://yandex.com/bots)"
123.125.71.23 - - [22/Apr/2011:21:19:52 +0200] "GET / HTTP/1.1" 200 15277 "-" "Baiduspider+(+http://www.baidu.com/search/spider.htm)"
220.181.108.75 - - [22/Apr/2011:21:19:54 +0200] "GET / HTTP/1.1" 200 15277 "-" "Baiduspider+(+http://www.baidu.com/search/spider.htm)"
95.108.158.244 - - [22/Apr/2011:21:32:17 +0200] "GET /images/phnvmtt7.gif HTTP/1.1" 304 - "-" "Mozilla/5.0 (compatible; YandexImages/3.0; +http://yandex.com/bots)"
123.125.71.107 - - [22/Apr/2011:22:02:41 +0200] "GET /000001985b0e5e29a/index.php HTTP/1.1" 200 16914 "-" "Baiduspider+(+http://www.baidu.com/search/spider.htm)"
123.125.71.99 - - [22/Apr/2011:22:02:43 +0200] "GET /000001985b0e5e29a/ HTTP/1.1" 200 16914 "-" "Baiduspider+(+http://www.baidu.com/search/spider.htm)"
95.108.158.244 - - [22/Apr/2011:22:11:45 +0200] "GET /images/pcmpc1.gif HTTP/1.1" 304 - "-" "Mozilla/5.0 (compatible; YandexImages/3.0; +http://yandex.com/bots)"
123.125.71.26 - - [22/Apr/2011:22:20:01 +0200] "GET / HTTP/1.1" 200 15277 "-" "Baiduspider+(+http://www.baidu.com/search/spider.htm)"
220.181.108.82 - - [22/Apr/2011:22:20:04 +0200] "GET / HTTP/1.1" 200 15277 "-" "Baiduspider+(+http://www.baidu.com/search/spider.htm)"
78.129.201.71 - - [22/Apr/2011:22:44:48 +0200] "GET /robots.txt HTTP/1.0" 404 - "-" "Mozilla/5.0 (compatible; MJ12bot/v1.3.3; http://www.majestic12.co.uk/bot.php?+)"
78.129.201.71 - - [22/Apr/2011:22:44:49 +0200] "GET /000001985b0ce1e49/00000198610d6501c/index.php HTTP/1.0" 200 15952 "-" "Mozilla/5.0 (compatible; MJ12bot/v1.3.3; http://www.majestic12.co.uk/bot.php?+)"
78.129.201.71 - - [22/Apr/2011:22:44:50 +0200] "GET /000001985b0ce1e49/00000198610d8af28/index.php HTTP/1.0" 200 15788 "-" "Mozilla/5.0 (compatible; MJ12bot/v1.3.3; http://www.majestic12.co.uk/bot.php?+)"
78.129.201.71 - - [22/Apr/2011:22:44:52 +0200] "GET /000001985b0ce1e49/index.php HTTP/1.0" 200 14920 "-" "Mozilla/5.0 (compatible; MJ12bot/v1.3.3; http://www.majestic12.co.uk/bot.php?+)"
78.129.201.71 - - [22/Apr/2011:22:44:53 +0200] "GET /000001985b0d93482/000001985b0da2285/index.php HTTP/1.0" 200 16416 "-" "Mozilla/5.0 (compatible; MJ12bot/v1.3.3; http://www.majestic12.co.uk/bot.php?+)"
78.129.201.71 - - [22/Apr/2011:22:44:55 +0200] "GET /000001985b0d93482/000001985b0fc8f0b/index.php HTTP/1.0" 200 15396 "-" "Mozilla/5.0 (compatible; MJ12bot/v1.3.3; http://www.majestic12.co.uk/bot.php?+)"
78.129.201.71 - - [22/Apr/2011:22:44:57 +0200] "GET /000001985b0d93482/000001985c0868401/index.php HTTP/1.0" 200 20300 "-" "Mozilla/5.0 (compatible; MJ12bot/v1.3.3; http://www.majestic12.co.uk/bot.php?+)"
78.129.201.71 - - [22/Apr/2011:22:44:58 +0200] "GET /000001985b0d93482/00000198660ae2e07/index.php HTTP/1.0" 200 17572 "-" "Mozilla/5.0 (compatible; MJ12bot/v1.3.3; http://www.majestic12.co.uk/bot.php?+)"
78.129.201.71 - - [22/Apr/2011:22:45:00 +0200] "GET /000001985b0d93482/index.php HTTP/1.0" 200 15598 "-" "Mozilla/5.0 (compatible; MJ12bot/v1.3.3; http://www.majestic12.co.uk/bot.php?+)"
78.129.201.71 - - [22/Apr/2011:22:45:01 +0200] "GET /000001985b0e5e29a/000001985e0778004/index.php HTTP/1.0" 200 17374 "-" "Mozilla/5.0 (compatible; MJ12bot/v1.3.3; http://www.majestic12.co.uk/bot.php?+)"
78.129.201.71 - - [22/Apr/2011:22:45:03 +0200] "GET /000001985b0e5e29a/000001985f0d1bf04/index.php HTTP/1.0" 200 17309 "-" "Mozilla/5.0 (compatible; MJ12bot/v1.3.3; http://www.majestic12.co.uk/bot.php?+)"
78.129.201.71 - - [22/Apr/2011:22:45:05 +0200] "GET /000001985b0e5e29a/000001985f0d7940e/index.php HTTP/1.0" 200 17540 "-" "Mozilla/5.0 (compatible; MJ12bot/v1.3.3; http://www.majestic12.co.uk/bot.php?+)"
78.129.201.71 - - [22/Apr/2011:22:45:06 +0200] "GET /000001985b0e5e29a/000001985f0d8f113/index.php HTTP/1.0" 200 20348 "-" "Mozilla/5.0 (compatible; MJ12bot/v1.3.3; http://www.majestic12.co.uk/bot.php?+)"
78.129.201.71 - - [22/Apr/2011:22:45:08 +0200] "GET /000001985b0e5e29a/index.php HTTP/1.0" 200 16914 "-" "Mozilla/5.0 (compatible; MJ12bot/v1.3.3; http://www.majestic12.co.uk/bot.php?+)"
78.129.201.71 - - [22/Apr/2011:22:45:09 +0200] "GET /00000198660a80203/index.php HTTP/1.0" 200 12659 "-" "Mozilla/5.0 (compatible; MJ12bot/v1.3.3; http://www.majestic12.co.uk/bot.php?+)"
