91.55.70.102 - - [14/May/2018:18:14:44 +0200] "GET /picture/back.gif HTTP/1.1" 404 1256 "http://www.frisoer-guergen.de/" "Mozilla/5.0 (Windows NT 6.1; Win64; x64) AppleWebKit/537.36 (KHTML, like Gecko) Chrome/65.0.3325.181 Safari/537.36 OPR/52.0.2871.99"
91.55.70.102 - - [14/May/2018:18:14:44 +0200] "GET /picture/frisoer-logo.jpg HTTP/1.1" 200 108839 "http://www.frisoer-guergen.de/" "Mozilla/5.0 (Windows NT 6.1; Win64; x64) AppleWebKit/537.36 (KHTML, like Gecko) Chrome/65.0.3325.181 Safari/537.36 OPR/52.0.2871.99"
91.55.70.102 - - [14/May/2018:18:14:45 +0200] "GET /favicon.ico HTTP/1.1" 404 1256 "http://www.frisoer-guergen.de/" "Mozilla/5.0 (Windows NT 6.1; Win64; x64) AppleWebKit/537.36 (KHTML, like Gecko) Chrome/65.0.3325.181 Safari/537.36 OPR/52.0.2871.99"
157.55.39.51 - - [14/May/2018:20:37:16 +0200] "GET /robots.txt HTTP/1.1" 404 1256 "-" "Mozilla/5.0 (compatible; bingbot/2.0; +http://www.bing.com/bingbot.htm)"
157.55.39.172 - - [14/May/2018:20:37:25 +0200] "GET / HTTP/1.1" 200 1225 "-" "Mozilla/5.0 (iPhone; CPU iPhone OS 7_0 like Mac OS X) AppleWebKit/537.51.1 (KHTML, like Gecko) Version/7.0 Mobile/11A465 Safari/9537.53 (compatible; bingbot/2.0; +http://www.bing.com/bingbot.htm)"
131.253.25.212 - - [14/May/2018:20:37:26 +0200] "GET /picture/frisoer-logo.jpg HTTP/1.1" 200 108839 "-" "Mozilla/5.0 (iPhone; CPU iPhone OS 7_0 like Mac OS X) AppleWebKit/537.51.1 (KHTML, like Gecko) Version/7.0 Mobile/11A465 Safari/9537.53 BingPreview/1.0b"
131.253.27.133 - - [14/May/2018:20:37:27 +0200] "GET /picture/back.gif HTTP/1.1" 404 1256 "-" "Mozilla/5.0 (iPhone; CPU iPhone OS 7_0 like Mac OS X) AppleWebKit/537.51.1 (KHTML, like Gecko) Version/7.0 Mobile/11A465 Safari/9537.53 BingPreview/1.0b"
157.55.39.135 - - [14/May/2018:20:37:30 +0200] "GET /robots.txt HTTP/1.1" 404 1256 "-" "Mozilla/5.0 (compatible; bingbot/2.0; +http://www.bing.com/bingbot.htm)"
157.55.39.135 - - [14/May/2018:20:37:30 +0200] "GET /robots.txt HTTP/1.1" 404 1256 "-" "Mozilla/5.0 (compatible; bingbot/2.0; +http://www.bing.com/bingbot.htm)"
66.249.66.82 - - [15/May/2018:08:37:33 +0200] "GET /robots.txt HTTP/1.1" 404 1256 "-" "Mozilla/5.0 (compatible; Googlebot/2.1; +http://www.google.com/bot.html)"
66.249.66.82 - - [15/May/2018:08:37:33 +0200] "GET / HTTP/1.1" 200 1225 "-" "Mozilla/5.0 (compatible; Googlebot/2.1; +http://www.google.com/bot.html)"
91.64.162.104 - - [15/May/2018:10:14:36 +0200] "GET / HTTP/1.1" 200 1225 "https://www.google.com/" "Mozilla/5.0 (Windows NT 6.1; Win64; x64; rv:59.0) Gecko/20100101 Firefox/59.0"
91.64.162.104 - - [15/May/2018:10:14:37 +0200] "GET /picture/back.gif HTTP/1.1" 404 1256 "http://www.frisoer-guergen.de/" "Mozilla/5.0 (Windows NT 6.1; Win64; x64; rv:59.0) Gecko/20100101 Firefox/59.0"
91.64.162.104 - - [15/May/2018:10:14:36 +0200] "GET /picture/frisoer-logo.jpg HTTP/1.1" 200 108839 "http://www.frisoer-guergen.de/" "Mozilla/5.0 (Windows NT 6.1; Win64; x64; rv:59.0) Gecko/20100101 Firefox/59.0"
91.64.162.104 - - [15/May/2018:10:14:37 +0200] "GET /favicon.ico HTTP/1.1" 404 1256 "-" "Mozilla/5.0 (Windows NT 6.1; Win64; x64; rv:59.0) Gecko/20100101 Firefox/59.0"
109.41.1.210 - - [15/May/2018:12:03:51 +0200] "GET / HTTP/1.1" 200 1225 "-" "Mozilla/5.0 (Linux; Android 8.0.0; SAMSUNG SM-G950F Build/R16NW) AppleWebKit/537.36 (KHTML, like Gecko) SamsungBrowser/7.0 Chrome/59.0.3071.125 Mobile Safari/537.36"
109.41.1.210 - - [15/May/2018:12:03:51 +0200] "GET /picture/back.gif HTTP/1.1" 404 1256 "http://www.frisoer-guergen.de/" "Mozilla/5.0 (Linux; Android 8.0.0; SAMSUNG SM-G950F Build/R16NW) AppleWebKit/537.36 (KHTML, like Gecko) SamsungBrowser/7.0 Chrome/59.0.3071.125 Mobile Safari/537.36"
109.41.1.210 - - [15/May/2018:12:03:51 +0200] "GET /picture/frisoer-logo.jpg HTTP/1.1" 200 108839 "http://www.frisoer-guergen.de/" "Mozilla/5.0 (Linux; Android 8.0.0; SAMSUNG SM-G950F Build/R16NW) AppleWebKit/537.36 (KHTML, like Gecko) SamsungBrowser/7.0 Chrome/59.0.3071.125 Mobile Safari/537.36"
109.41.1.210 - - [15/May/2018:12:03:51 +0200] "GET /picture/back.gif HTTP/1.1" 404 1256 "http://www.frisoer-guergen.de/" "Mozilla/5.0 (Linux; Android 8.0.0; SAMSUNG SM-G950F Build/R16NW) AppleWebKit/537.36 (KHTML, like Gecko) SamsungBrowser/7.0 Chrome/59.0.3071.125 Mobile Safari/537.36"
109.41.1.210 - - [15/May/2018:12:03:51 +0200] "GET /favicon.ico HTTP/1.1" 404 1256 "http://www.frisoer-guergen.de/" "Mozilla/5.0 (Linux; Android 8.0.0; SAMSUNG SM-G950F Build/R16NW) AppleWebKit/537.36 (KHTML, like Gecko) SamsungBrowser/7.0 Chrome/59.0.3071.125 Mobile Safari/537.36"
94.134.53.183 - - [15/May/2018:12:04:40 +0200] "GET / HTTP/1.1" 200 1225 "https://www.bing.com/" "Mozilla/5.0 (Windows NT 6.1; WOW64; Trident/7.0; rv:11.0) like Gecko"
94.134.53.183 - - [15/May/2018:12:04:40 +0200] "GET /picture/back.gif HTTP/1.1" 404 1256 "http://www.frisoer-guergen.de/" "Mozilla/5.0 (Windows NT 6.1; WOW64; Trident/7.0; rv:11.0) like Gecko"
94.134.53.183 - - [15/May/2018:12:04:40 +0200] "GET /picture/frisoer-logo.jpg HTTP/1.1" 200 108839 "http://www.frisoer-guergen.de/" "Mozilla/5.0 (Windows NT 6.1; WOW64; Trident/7.0; rv:11.0) like Gecko"
94.134.53.183 - - [15/May/2018:12:04:40 +0200] "GET /picture/back.gif HTTP/1.1" 404 1256 "http://www.frisoer-guergen.de/" "Mozilla/5.0 (Windows NT 6.1; WOW64; Trident/7.0; rv:11.0) like Gecko"
94.134.53.183 - - [15/May/2018:12:04:41 +0200] "GET /favicon.ico HTTP/1.1" 404 1256 "-" "Mozilla/5.0 (Windows NT 6.1; WOW64; Trident/7.0; rv:11.0) like Gecko"
87.191.163.4 - - [15/May/2018:13:00:06 +0200] "GET / HTTP/1.1" 200 1225 "http://www.google.de/url?sa=t&rct=j&q=&esrc=s&source=web&cd=2&ved=2ahUKEwiL2f3hxYfbAhWJhqYKHeHICiAQ_UUwAXoECAEQAw&url=http%3A%2F%2Fwww.frisoer-guergen.de%2F&usg=AOvVaw0adbS4thYfX-HJRenxeDrL" "Mozilla/5.0 (Windows NT 6.1; WOW64; Trident/7.0; rv:11.0) like Gecko"
87.191.163.4 - - [15/May/2018:13:00:06 +0200] "GET /picture/back.gif HTTP/1.1" 404 1256 "http://www.frisoer-guergen.de/" "Mozilla/5.0 (Windows NT 6.1; WOW64; Trident/7.0; rv:11.0) like Gecko"
87.191.163.4 - - [15/May/2018:13:00:06 +0200] "GET /picture/back.gif HTTP/1.1" 404 1256 "http://www.frisoer-guergen.de/" "Mozilla/5.0 (Windows NT 6.1; WOW64; Trident/7.0; rv:11.0) like Gecko"
87.191.163.4 - - [15/May/2018:13:00:06 +0200] "GET /picture/frisoer-logo.jpg HTTP/1.1" 200 108839 "http://www.frisoer-guergen.de/" "Mozilla/5.0 (Windows NT 6.1; WOW64; Trident/7.0; rv:11.0) like Gecko"
87.191.163.4 - - [15/May/2018:13:00:07 +0200] "GET /favicon.ico HTTP/1.1" 404 1256 "-" "Mozilla/5.0 (Windows NT 6.1; Win64; x64; Trident/7.0; rv:11.0) like Gecko"
87.191.163.4 - - [15/May/2018:13:00:54 +0200] "GET /picture/back.gif HTTP/1.1" 404 1256 "http://www.frisoer-guergen.de/" "Mozilla/5.0 (Windows NT 6.1; WOW64; Trident/7.0; rv:11.0) like Gecko"
87.191.163.4 - - [15/May/2018:13:00:54 +0200] "GET /picture/back.gif HTTP/1.1" 404 1256 "http://www.frisoer-guergen.de/" "Mozilla/5.0 (Windows NT 6.1; WOW64; Trident/7.0; rv:11.0) like Gecko"
87.191.163.4 - - [15/May/2018:13:00:54 +0200] "GET /favicon.ico HTTP/1.1" 404 1256 "-" "Mozilla/5.0 (Windows NT 6.1; Win64; x64; Trident/7.0; rv:11.0) like Gecko"
87.191.163.4 - - [15/May/2018:13:01:10 +0200] "GET /picture/back.gif HTTP/1.1" 404 1256 "http://www.frisoer-guergen.de/" "Mozilla/5.0 (Windows NT 6.1; WOW64; Trident/7.0; rv:11.0) like Gecko"
87.191.163.4 - - [15/May/2018:13:01:10 +0200] "GET /picture/back.gif HTTP/1.1" 404 1256 "http://www.frisoer-guergen.de/" "Mozilla/5.0 (Windows NT 6.1; WOW64; Trident/7.0; rv:11.0) like Gecko"
87.191.163.4 - - [15/May/2018:14:08:09 +0200] "GET /picture/back.gif HTTP/1.1" 404 1256 "http://www.frisoer-guergen.de/" "Mozilla/5.0 (Windows NT 6.1; WOW64; Trident/7.0; rv:11.0) like Gecko"
87.191.163.4 - - [15/May/2018:14:08:09 +0200] "GET /picture/back.gif HTTP/1.1" 404 1256 "http://www.frisoer-guergen.de/" "Mozilla/5.0 (Windows NT 6.1; WOW64; Trident/7.0; rv:11.0) like Gecko"
66.249.66.84 - - [15/May/2018:14:32:52 +0200] "GET / HTTP/1.1" 200 1225 "-" "Mozilla/5.0 (Linux; Android 6.0.1; Nexus 5X Build/MMB29P) AppleWebKit/537.36 (KHTML, like Gecko) Chrome/41.0.2272.96 Mobile Safari/537.36 (compatible; Googlebot/2.1; +http://www.google.com/bot.html)"
62.226.165.134 - - [15/May/2018:14:41:52 +0200] "GET / HTTP/1.1" 200 1225 "http://www.google.com/" "Mozilla/5.0 (Linux; Android 7.0; SM-T815 Build/NRD90M) AppleWebKit/537.36 (KHTML, like Gecko) Chrome/66.0.3359.158 Safari/537.36"
62.226.165.134 - - [15/May/2018:14:41:52 +0200] "GET /picture/back.gif HTTP/1.1" 404 1256 "http://www.frisoer-guergen.de/" "Mozilla/5.0 (Linux; Android 7.0; SM-T815 Build/NRD90M) AppleWebKit/537.36 (KHTML, like Gecko) Chrome/66.0.3359.158 Safari/537.36"
62.226.165.134 - - [15/May/2018:14:41:52 +0200] "GET /picture/frisoer-logo.jpg HTTP/1.1" 200 108839 "http://www.frisoer-guergen.de/" "Mozilla/5.0 (Linux; Android 7.0; SM-T815 Build/NRD90M) AppleWebKit/537.36 (KHTML, like Gecko) Chrome/66.0.3359.158 Safari/537.36"
62.226.165.134 - - [15/May/2018:14:41:52 +0200] "GET /favicon.ico HTTP/1.1" 404 1256 "http://www.frisoer-guergen.de/" "Mozilla/5.0 (Linux; Android 7.0; SM-T815 Build/NRD90M) AppleWebKit/537.36 (KHTML, like Gecko) Chrome/66.0.3359.158 Safari/537.36"
13.56.232.243 - - [15/May/2018:19:01:32 +0200] "GET / HTTP/1.1" 200 1225 "-" "Mozilla/5.0 (Macintosh; Intel Mac OS X 10_12_6) AppleWebKit/537.36 (KHTML, like Gecko) Chrome/61.0.3163.100 Safari/537.36"
178.0.0.223 - - [15/May/2018:21:55:00 +0200] "GET / HTTP/1.1" 200 1225 "http://www.google.com/" "Mozilla/5.0 (Linux; Android 4.4.2; A-ONEX Build/KOT49H) AppleWebKit/537.36 (KHTML, like Gecko) Version/4.0 Chrome/30.0.0.0 Safari/537.36"
178.0.0.223 - - [15/May/2018:21:55:00 +0200] "GET /picture/back.gif HTTP/1.1" 404 1256 "http://www.frisoer-guergen.de/" "Mozilla/5.0 (Linux; Android 4.4.2; A-ONEX Build/KOT49H) AppleWebKit/537.36 (KHTML, like Gecko) Version/4.0 Chrome/30.0.0.0 Safari/537.36"
178.0.0.223 - - [15/May/2018:21:55:00 +0200] "GET /picture/frisoer-logo.jpg HTTP/1.1" 200 108839 "http://www.frisoer-guergen.de/" "Mozilla/5.0 (Linux; Android 4.4.2; A-ONEX Build/KOT49H) AppleWebKit/537.36 (KHTML, like Gecko) Version/4.0 Chrome/30.0.0.0 Safari/537.36"
178.0.0.223 - - [15/May/2018:21:55:03 +0200] "GET /favicon.ico HTTP/1.1" 404 1256 "-" "Mozilla/5.0 (Linux; Android 4.4.2; A-ONEX Build/KOT49H) AppleWebKit/537.36 (KHTML, like Gecko) Version/4.0 Chrome/30.0.0.0 Safari/537.36"
94.134.129.64 - - [15/May/2018:22:01:22 +0200] "GET / HTTP/1.1" 200 1225 "-" "Mozilla/5.0 (iPhone; CPU iPhone OS 11_3 like Mac OS X) AppleWebKit/605.1.15 (KHTML, like Gecko) Version/11.0 Mobile/15E148 Safari/604.1"
94.134.129.64 - - [15/May/2018:22:01:22 +0200] "GET /picture/back.gif HTTP/1.1" 404 1256 "http://www.frisoer-guergen.de/" "Mozilla/5.0 (iPhone; CPU iPhone OS 11_3 like Mac OS X) AppleWebKit/605.1.15 (KHTML, like Gecko) Version/11.0 Mobile/15E148 Safari/604.1"
94.134.129.64 - - [15/May/2018:22:01:22 +0200] "GET /picture/frisoer-logo.jpg HTTP/1.1" 200 108839 "http://www.frisoer-guergen.de/" "Mozilla/5.0 (iPhone; CPU iPhone OS 11_3 like Mac OS X) AppleWebKit/605.1.15 (KHTML, like Gecko) Version/11.0 Mobile/15E148 Safari/604.1"
66.249.66.82 - - [16/May/2018:04:36:46 +0200] "GET /robots.txt HTTP/1.1" 404 1256 "-" "Mozilla/5.0 (compatible; Googlebot/2.1; +http://www.google.com/bot.html)"
66.249.66.82 - - [16/May/2018:04:36:46 +0200] "GET / HTTP/1.1" 200 1225 "-" "Mozilla/5.0 (compatible; Googlebot/2.1; +http://www.google.com/bot.html)"
66.249.66.82 - - [16/May/2018:05:08:38 +0200] "GET /favicon.ico HTTP/1.1" 404 1256 "-" "Googlebot-Image/1.0"
66.249.66.84 - - [16/May/2018:06:59:56 +0200] "GET /favicon.ico HTTP/1.1" 404 1256 "-" "Googlebot-Image/1.0"
212.75.100.58 - - [16/May/2018:09:13:55 +0200] "GET / HTTP/1.1" 200 1225 "-" "Mozilla/4.0 (compatible; MSIE 5.5; Windows NT 5.0; H010818)"
212.75.100.58 - - [16/May/2018:09:13:55 +0200] "GET / HTTP/1.1" 200 1225 "-" "Mozilla/4.0 (compatible; MSIE 5.5; Windows NT 5.0; H010818)"
180.76.15.26 - - [16/May/2018:10:47:14 +0200] "GET / HTTP/1.1" 200 1225 "-" "Mozilla/5.0 (compatible; Baiduspider/2.0; +http://www.baidu.com/search/spider.html)"
141.80.105.30 - - [16/May/2018:11:28:34 +0200] "GET /favicon.ico HTTP/1.1" 404 1256 "-" "Mozilla/5.0 (Windows NT 6.1; Win64; x64; rv:59.0) Gecko/20100101 Firefox/59.0"
89.204.139.210 - - [16/May/2018:13:52:49 +0200] "GET / HTTP/1.1" 200 1225 "https://www.google.de/" "Mozilla/5.0 (Macintosh; Intel Mac OS X 10_13_4) AppleWebKit/605.1.15 (KHTML, like Gecko) Version/11.1 Safari/605.1.15"
89.204.139.210 - - [16/May/2018:13:52:49 +0200] "GET /picture/back.gif HTTP/1.1" 404 1256 "http://www.frisoer-guergen.de/" "Mozilla/5.0 (Macintosh; Intel Mac OS X 10_13_4) AppleWebKit/605.1.15 (KHTML, like Gecko) Version/11.1 Safari/605.1.15"
89.204.139.210 - - [16/May/2018:13:52:49 +0200] "GET /picture/frisoer-logo.jpg HTTP/1.1" 200 108839 "http://www.frisoer-guergen.de/" "Mozilla/5.0 (Macintosh; Intel Mac OS X 10_13_4) AppleWebKit/605.1.15 (KHTML, like Gecko) Version/11.1 Safari/605.1.15"
89.204.139.210 - - [16/May/2018:13:52:50 +0200] "GET /favicon.ico HTTP/1.1" 404 1256 "http://www.frisoer-guergen.de/" "Mozilla/5.0 (Macintosh; Intel Mac OS X 10_13_4) AppleWebKit/605.1.15 (KHTML, like Gecko) Version/11.1 Safari/605.1.15"
95.90.243.83 - - [16/May/2018:15:24:53 +0200] "GET / HTTP/1.1" 200 1225 "https://www.google.com/" "Mozilla/5.0 (Windows NT 6.1; Win64; x64; rv:60.0) Gecko/20100101 Firefox/60.0"
95.90.243.83 - - [16/May/2018:15:24:53 +0200] "GET /picture/back.gif HTTP/1.1" 404 1256 "http://www.frisoer-guergen.de/" "Mozilla/5.0 (Windows NT 6.1; Win64; x64; rv:60.0) Gecko/20100101 Firefox/60.0"
95.90.243.83 - - [16/May/2018:15:24:53 +0200] "GET /picture/frisoer-logo.jpg HTTP/1.1" 200 108839 "http://www.frisoer-guergen.de/" "Mozilla/5.0 (Windows NT 6.1; Win64; x64; rv:60.0) Gecko/20100101 Firefox/60.0"
95.90.243.83 - - [16/May/2018:15:24:53 +0200] "GET /picture/back.gif HTTP/1.1" 404 1256 "http://www.frisoer-guergen.de/" "Mozilla/5.0 (Windows NT 6.1; Win64; x64; rv:60.0) Gecko/20100101 Firefox/60.0"
95.90.243.83 - - [16/May/2018:15:24:53 +0200] "GET /favicon.ico HTTP/1.1" 404 1256 "-" "Mozilla/5.0 (Windows NT 6.1; Win64; x64; rv:60.0) Gecko/20100101 Firefox/60.0"
95.90.243.83 - - [16/May/2018:15:24:53 +0200] "GET /favicon.ico HTTP/1.1" 404 1256 "-" "Mozilla/5.0 (Windows NT 6.1; Win64; x64; rv:60.0) Gecko/20100101 Firefox/60.0"
157.55.39.102 - - [16/May/2018:18:48:30 +0200] "GET / HTTP/1.1" 200 1225 "-" "Mozilla/5.0 (compatible; bingbot/2.0; +http://www.bing.com/bingbot.htm)"
40.77.177.236 - - [16/May/2018:18:48:30 +0200] "GET /picture/frisoer-logo.jpg HTTP/1.1" 200 108839 "-" "Mozilla/5.0 (Windows NT 6.1; WOW64) AppleWebKit/534+ (KHTML, like Gecko) BingPreview/1.0b"
40.77.177.165 - - [16/May/2018:18:48:31 +0200] "GET /picture/back.gif HTTP/1.1" 404 1256 "-" "Mozilla/5.0 (Windows NT 6.1; WOW64) AppleWebKit/534+ (KHTML, like Gecko) BingPreview/1.0b"
157.55.39.145 - - [16/May/2018:18:48:41 +0200] "GET /robots.txt HTTP/1.1" 404 1256 "-" "Mozilla/5.0 (compatible; bingbot/2.0; +http://www.bing.com/bingbot.htm)"
157.55.39.145 - - [16/May/2018:18:48:41 +0200] "GET /robots.txt HTTP/1.1" 404 1256 "-" "Mozilla/5.0 (compatible; bingbot/2.0; +http://www.bing.com/bingbot.htm)"
157.55.39.145 - - [16/May/2018:18:48:41 +0200] "GET /robots.txt HTTP/1.1" 404 1256 "-" "Mozilla/5.0 (compatible; bingbot/2.0; +http://www.bing.com/bingbot.htm)"
157.55.39.27 - - [17/May/2018:00:36:19 +0200] "GET /robots.txt HTTP/1.1" 404 1256 "-" "Mozilla/5.0 (compatible; bingbot/2.0; +http://www.bing.com/bingbot.htm)"
157.55.39.102 - - [17/May/2018:00:36:30 +0200] "GET / HTTP/1.1" 200 1225 "-" "Mozilla/5.0 (iPhone; CPU iPhone OS 7_0 like Mac OS X) AppleWebKit/537.51.1 (KHTML, like Gecko) Version/7.0 Mobile/11A465 Safari/9537.53 (compatible; bingbot/2.0; +http://www.bing.com/bingbot.htm)"
40.77.188.197 - - [17/May/2018:00:36:31 +0200] "GET /picture/frisoer-logo.jpg HTTP/1.1" 200 108839 "-" "Mozilla/5.0 (iPhone; CPU iPhone OS 7_0 like Mac OS X) AppleWebKit/537.51.1 (KHTML, like Gecko) Version/7.0 Mobile/11A465 Safari/9537.53 BingPreview/1.0b"
40.77.189.121 - - [17/May/2018:00:36:32 +0200] "GET /picture/back.gif HTTP/1.1" 404 1256 "-" "Mozilla/5.0 (iPhone; CPU iPhone OS 7_0 like Mac OS X) AppleWebKit/537.51.1 (KHTML, like Gecko) Version/7.0 Mobile/11A465 Safari/9537.53 BingPreview/1.0b"
120.78.143.200 - - [17/May/2018:00:51:56 +0200] "GET /roots.php HTTP/1.1" 404 1256 "-" "-"
66.249.66.84 - - [17/May/2018:08:46:11 +0200] "GET /robots.txt HTTP/1.1" 404 1256 "-" "Mozilla/5.0 (compatible; Googlebot/2.1; +http://www.google.com/bot.html)"
66.249.66.84 - - [17/May/2018:08:46:11 +0200] "GET / HTTP/1.1" 200 1225 "-" "Mozilla/5.0 (Linux; Android 6.0.1; Nexus 5X Build/MMB29P) AppleWebKit/537.36 (KHTML, like Gecko) Chrome/41.0.2272.96 Mobile Safari/537.36 (compatible; Googlebot/2.1; +http://www.google.com/bot.html)"
62.214.248.174 - - [17/May/2018:09:47:36 +0200] "GET / HTTP/1.1" 200 1225 "https://www.bing.com/" "Mozilla/5.0 (Windows NT 6.1; WOW64; Trident/7.0; rv:11.0) like Gecko"
62.214.248.174 - - [17/May/2018:09:47:36 +0200] "GET /picture/back.gif HTTP/1.1" 404 1256 "http://www.frisoer-guergen.de/" "Mozilla/5.0 (Windows NT 6.1; WOW64; Trident/7.0; rv:11.0) like Gecko"
62.214.248.174 - - [17/May/2018:09:47:36 +0200] "GET /picture/frisoer-logo.jpg HTTP/1.1" 200 108839 "http://www.frisoer-guergen.de/" "Mozilla/5.0 (Windows NT 6.1; WOW64; Trident/7.0; rv:11.0) like Gecko"
62.214.248.174 - - [17/May/2018:09:47:36 +0200] "GET /picture/back.gif HTTP/1.1" 404 1256 "http://www.frisoer-guergen.de/" "Mozilla/5.0 (Windows NT 6.1; WOW64; Trident/7.0; rv:11.0) like Gecko"
62.214.248.174 - - [17/May/2018:09:47:36 +0200] "GET /favicon.ico HTTP/1.1" 404 1256 "-" "Mozilla/5.0 (Windows NT 6.1; Win64; x64; Trident/7.0; rv:11.0) like Gecko"
84.160.88.253 - - [17/May/2018:11:14:38 +0200] "GET / HTTP/1.1" 200 1225 "https://www.bing.com/" "Mozilla/5.0 (Windows NT 6.1; Trident/7.0; rv:11.0) like Gecko"
84.160.88.253 - - [17/May/2018:11:14:38 +0200] "GET /picture/back.gif HTTP/1.1" 404 1256 "http://www.frisoer-guergen.de/" "Mozilla/5.0 (Windows NT 6.1; Trident/7.0; rv:11.0) like Gecko"
84.160.88.253 - - [17/May/2018:11:14:38 +0200] "GET /picture/frisoer-logo.jpg HTTP/1.1" 200 108839 "http://www.frisoer-guergen.de/" "Mozilla/5.0 (Windows NT 6.1; Trident/7.0; rv:11.0) like Gecko"
84.160.88.253 - - [17/May/2018:11:14:38 +0200] "GET /picture/back.gif HTTP/1.1" 404 1256 "http://www.frisoer-guergen.de/" "Mozilla/5.0 (Windows NT 6.1; Trident/7.0; rv:11.0) like Gecko"
84.160.88.253 - - [17/May/2018:11:14:38 +0200] "GET /favicon.ico HTTP/1.1" 404 1256 "-" "Mozilla/5.0 (Windows NT 6.1; Trident/7.0; rv:11.0) like Gecko"
178.0.0.223 - - [17/May/2018:11:42:46 +0200] "GET / HTTP/1.1" 200 1225 "http://www.google.com/" "Mozilla/5.0 (Linux; Android 4.4.2; A-ONEX Build/KOT49H) AppleWebKit/537.36 (KHTML, like Gecko) Version/4.0 Chrome/30.0.0.0 Safari/537.36"
178.0.0.223 - - [17/May/2018:11:42:47 +0200] "GET /picture/back.gif HTTP/1.1" 404 1256 "http://www.frisoer-guergen.de/" "Mozilla/5.0 (Linux; Android 4.4.2; A-ONEX Build/KOT49H) AppleWebKit/537.36 (KHTML, like Gecko) Version/4.0 Chrome/30.0.0.0 Safari/537.36"
178.0.0.223 - - [17/May/2018:11:42:47 +0200] "GET /picture/frisoer-logo.jpg HTTP/1.1" 200 108839 "http://www.frisoer-guergen.de/" "Mozilla/5.0 (Linux; Android 4.4.2; A-ONEX Build/KOT49H) AppleWebKit/537.36 (KHTML, like Gecko) Version/4.0 Chrome/30.0.0.0 Safari/537.36"
178.0.0.223 - - [17/May/2018:11:42:57 +0200] "GET /favicon.ico HTTP/1.1" 404 1256 "-" "Mozilla/5.0 (Linux; Android 4.4.2; A-ONEX Build/KOT49H) AppleWebKit/537.36 (KHTML, like Gecko) Version/4.0 Chrome/30.0.0.0 Safari/537.36"
193.175.73.216 - - [17/May/2018:13:07:10 +0200] "GET / HTTP/1.1" 200 1225 "https://www.google.com/" "Mozilla/5.0 (Windows NT 6.1; WOW64; rv:59.0) Gecko/20100101 Firefox/59.0"
193.175.73.216 - - [17/May/2018:13:07:10 +0200] "GET /picture/back.gif HTTP/1.1" 404 1256 "http://www.frisoer-guergen.de/" "Mozilla/5.0 (Windows NT 6.1; WOW64; rv:59.0) Gecko/20100101 Firefox/59.0"
193.175.73.216 - - [17/May/2018:13:07:10 +0200] "GET /picture/frisoer-logo.jpg HTTP/1.1" 200 108839 "http://www.frisoer-guergen.de/" "Mozilla/5.0 (Windows NT 6.1; WOW64; rv:59.0) Gecko/20100101 Firefox/59.0"
193.175.73.216 - - [17/May/2018:13:07:10 +0200] "GET /favicon.ico HTTP/1.1" 404 1256 "-" "Mozilla/5.0 (Windows NT 6.1; WOW64; rv:59.0) Gecko/20100101 Firefox/59.0"
87.138.108.221 - - [17/May/2018:16:16:57 +0200] "GET / HTTP/1.1" 200 1225 "http://www.google.de/url?sa=t&rct=j&q=&esrc=s&source=web&cd=2&ved=2ahUKEwjX1t6j94zbAhVDa8AKHdGaDhMQgU8wAXoECAEQbw&url=http%3A%2F%2Fwww.frisoer-guergen.de%2F&usg=AOvVaw0adbS4thYfX-HJRenxeDrL" "Mozilla/5.0 (Windows NT 6.1; WOW64; Trident/7.0; rv:11.0) like Gecko"
87.138.108.221 - - [17/May/2018:16:16:57 +0200] "GET /picture/back.gif HTTP/1.1" 404 1256 "http://www.frisoer-guergen.de/" "Mozilla/5.0 (Windows NT 6.1; WOW64; Trident/7.0; rv:11.0) like Gecko"
87.138.108.221 - - [17/May/2018:16:16:58 +0200] "GET /picture/back.gif HTTP/1.1" 404 1256 "http://www.frisoer-guergen.de/" "Mozilla/5.0 (Windows NT 6.1; WOW64; Trident/7.0; rv:11.0) like Gecko"
87.138.108.221 - - [17/May/2018:16:16:58 +0200] "GET /picture/frisoer-logo.jpg HTTP/1.1" 200 108839 "http://www.frisoer-guergen.de/" "Mozilla/5.0 (Windows NT 6.1; WOW64; Trident/7.0; rv:11.0) like Gecko"
91.65.115.22 - - [17/May/2018:18:16:59 +0200] "GET / HTTP/1.1" 200 1225 "android-app://com.google.android.googlequicksearchbox" "Mozilla/5.0 (Linux; Android 6.0.1; SM-G903F Build/MMB29K) AppleWebKit/537.36 (KHTML, like Gecko) Chrome/66.0.3359.158 Mobile Safari/537.36"
91.65.115.22 - - [17/May/2018:18:16:59 +0200] "GET /picture/back.gif HTTP/1.1" 404 1256 "http://www.frisoer-guergen.de/" "Mozilla/5.0 (Linux; Android 6.0.1; SM-G903F Build/MMB29K) AppleWebKit/537.36 (KHTML, like Gecko) Chrome/66.0.3359.158 Mobile Safari/537.36"
91.65.115.22 - - [17/May/2018:18:16:59 +0200] "GET /picture/frisoer-logo.jpg HTTP/1.1" 200 108839 "http://www.frisoer-guergen.de/" "Mozilla/5.0 (Linux; Android 6.0.1; SM-G903F Build/MMB29K) AppleWebKit/537.36 (KHTML, like Gecko) Chrome/66.0.3359.158 Mobile Safari/537.36"
91.65.115.22 - - [17/May/2018:18:17:00 +0200] "GET /favicon.ico HTTP/1.1" 404 1256 "http://www.frisoer-guergen.de/" "Mozilla/5.0 (Linux; Android 6.0.1; SM-G903F Build/MMB29K) AppleWebKit/537.36 (KHTML, like Gecko) Chrome/66.0.3359.158 Mobile Safari/537.36"
91.65.115.22 - - [17/May/2018:18:18:38 +0200] "GET /picture/back.gif HTTP/1.1" 404 1256 "http://www.frisoer-guergen.de/" "Mozilla/5.0 (Linux; Android 6.0.1; SM-G903F Build/MMB29K) AppleWebKit/537.36 (KHTML, like Gecko) Chrome/66.0.3359.158 Mobile Safari/537.36"
144.217.66.151 - - [17/May/2018:20:59:10 +0200] "GET / HTTP/1.1" 200 1225 "-" "Mozilla/5.0 (compatible; Dataprovider.com;)"
144.217.66.151 - - [17/May/2018:20:59:12 +0200] "GET /robots.txt HTTP/1.1" 404 1256 "-" "Mozilla/5.0 (compatible; Dataprovider.com;)"
144.217.66.151 - - [17/May/2018:20:59:12 +0200] "GET /sitemap.xml HTTP/1.1" 404 1256 "-" "Mozilla/5.0 (compatible; Dataprovider.com;)"
144.217.66.151 - - [17/May/2018:20:59:12 +0200] "GET / HTTP/1.1" 200 1225 "-" "Mozilla/5.0 (compatible; Dataprovider.com;)"
144.217.66.151 - - [17/May/2018:20:59:13 +0200] "GET /main.html HTTP/1.1" 404 1256 "-" "Mozilla/5.0 (compatible; Dataprovider.com;)"
144.217.66.151 - - [17/May/2018:20:59:14 +0200] "GET /ads.txt HTTP/1.1" 404 1256 "-" "Mozilla/5.0 (compatible; Dataprovider.com;)"
144.217.66.151 - - [17/May/2018:20:59:15 +0200] "GET / HTTP/1.1" 200 1225 "-" "Mozilla/5.0 (Linux; Android 5.1.1; SM-G925F Build/LMY47X) AppleWebKit/537.36 (KHTML, like Gecko) Chrome/45.0.2454.94 Mobile Safari/537.36"
66.249.64.192 - - [18/May/2018:04:42:04 +0200] "GET /robots.txt HTTP/1.1" 404 1256 "-" "Mozilla/5.0 (compatible; Googlebot/2.1; +http://www.google.com/bot.html)"
66.249.64.220 - - [18/May/2018:04:42:04 +0200] "GET / HTTP/1.1" 200 1225 "-" "Mozilla/5.0 (compatible; Googlebot/2.1; +http://www.google.com/bot.html)"
204.79.180.17 - - [18/May/2018:06:52:03 +0200] "GET / HTTP/1.1" 200 1225 "-" "Mozilla/5.0 (compatible; MSIE 9.0; Windows NT 6.0; Trident/5.0; Trident/5.0)"
157.55.39.46 - - [18/May/2018:08:19:00 +0200] "GET /picture/frisoer-logo.jpg HTTP/1.1" 200 108839 "-" "Mozilla/5.0 (compatible; bingbot/2.0; +http://www.bing.com/bingbot.htm)"
79.213.103.121 - - [18/May/2018:09:31:35 +0200] "GET / HTTP/1.1" 200 1225 "https://www.google.de/" "Mozilla/5.0 (Windows NT 6.3; Win64; x64; rv:60.0) Gecko/20100101 Firefox/60.0"
79.213.103.121 - - [18/May/2018:09:31:35 +0200] "GET /picture/back.gif HTTP/1.1" 404 1256 "http://www.frisoer-guergen.de/" "Mozilla/5.0 (Windows NT 6.3; Win64; x64; rv:60.0) Gecko/20100101 Firefox/60.0"
79.213.103.121 - - [18/May/2018:09:31:35 +0200] "GET /picture/frisoer-logo.jpg HTTP/1.1" 200 108839 "http://www.frisoer-guergen.de/" "Mozilla/5.0 (Windows NT 6.3; Win64; x64; rv:60.0) Gecko/20100101 Firefox/60.0"
79.213.103.121 - - [18/May/2018:09:31:36 +0200] "GET /favicon.ico HTTP/1.1" 404 1256 "-" "Mozilla/5.0 (Windows NT 6.3; Win64; x64; rv:60.0) Gecko/20100101 Firefox/60.0"
79.213.103.121 - - [18/May/2018:09:31:36 +0200] "GET /favicon.ico HTTP/1.1" 404 1256 "-" "Mozilla/5.0 (Windows NT 6.3; Win64; x64; rv:60.0) Gecko/20100101 Firefox/60.0"
13.56.232.243 - - [18/May/2018:12:12:58 +0200] "GET / HTTP/1.1" 200 1225 "-" "Mozilla/5.0 (Macintosh; Intel Mac OS X 10_12_6) AppleWebKit/537.36 (KHTML, like Gecko) Chrome/61.0.3163.100 Safari/537.36"
85.180.53.141 - - [18/May/2018:12:36:36 +0200] "GET / HTTP/1.1" 200 1225 "https://www.google.de/" "Mozilla/5.0 (Linux; Android 8.1.0; Pixel 2 Build/OPM2.171019.029.B1) AppleWebKit/537.36 (KHTML, like Gecko) Chrome/66.0.3359.158 Mobile Safari/537.36"
85.180.53.141 - - [18/May/2018:12:36:36 +0200] "GET /picture/back.gif HTTP/1.1" 404 1256 "http://www.frisoer-guergen.de/" "Mozilla/5.0 (Linux; Android 8.1.0; Pixel 2 Build/OPM2.171019.029.B1) AppleWebKit/537.36 (KHTML, like Gecko) Chrome/66.0.3359.158 Mobile Safari/537.36"
85.180.53.141 - - [18/May/2018:12:36:36 +0200] "GET /picture/frisoer-logo.jpg HTTP/1.1" 200 108839 "http://www.frisoer-guergen.de/" "Mozilla/5.0 (Linux; Android 8.1.0; Pixel 2 Build/OPM2.171019.029.B1) AppleWebKit/537.36 (KHTML, like Gecko) Chrome/66.0.3359.158 Mobile Safari/537.36"
85.180.53.141 - - [18/May/2018:12:36:36 +0200] "GET /favicon.ico HTTP/1.1" 404 1256 "http://www.frisoer-guergen.de/" "Mozilla/5.0 (Linux; Android 8.1.0; Pixel 2 Build/OPM2.171019.029.B1) AppleWebKit/537.36 (KHTML, like Gecko) Chrome/66.0.3359.158 Mobile Safari/537.36"
176.74.57.162 - - [18/May/2018:13:43:55 +0200] "GET /favicon.ico HTTP/1.1" 404 1256 "-" "Mozilla/5.0 (Windows NT 6.1; WOW64; Trident/7.0; rv:11.0) like Gecko"
176.74.57.162 - - [18/May/2018:13:43:55 +0200] "GET / HTTP/1.1" 200 1225 "http://www.google.com/url?sa=t&rct=j&q=&esrc=s&source=web&cd=1&ved=2ahUKEwig19m6l4_bAhXKcRQKHXikDFQQ_BcwAHoECAEQCA&url=http%3A%2F%2Fwww.frisoer-guergen.de%2F&usg=AOvVaw0adbS4thYfX-HJRenxeDrL" "Mozilla/5.0 (Windows NT 6.1; WOW64; Trident/7.0; rv:11.0) like Gecko"
176.74.57.162 - - [18/May/2018:13:43:55 +0200] "GET /picture/back.gif HTTP/1.1" 404 1256 "http://www.frisoer-guergen.de/" "Mozilla/5.0 (Windows NT 6.1; WOW64; Trident/7.0; rv:11.0) like Gecko"
176.74.57.162 - - [18/May/2018:13:43:55 +0200] "GET /picture/back.gif HTTP/1.1" 404 1256 "http://www.frisoer-guergen.de/" "Mozilla/5.0 (Windows NT 6.1; WOW64; Trident/7.0; rv:11.0) like Gecko"
176.74.57.162 - - [18/May/2018:13:43:55 +0200] "GET /picture/frisoer-logo.jpg HTTP/1.1" 200 108839 "http://www.frisoer-guergen.de/" "Mozilla/5.0 (Windows NT 6.1; WOW64; Trident/7.0; rv:11.0) like Gecko"
66.249.64.220 - - [18/May/2018:14:14:47 +0200] "GET / HTTP/1.1" 200 1225 "-" "Mozilla/5.0 (Linux; Android 6.0.1; Nexus 5X Build/MMB29P) AppleWebKit/537.36 (KHTML, like Gecko) Chrome/41.0.2272.96 Mobile Safari/537.36 (compatible; Googlebot/2.1; +http://www.google.com/bot.html)"
66.249.64.222 - - [18/May/2018:16:25:41 +0200] "GET / HTTP/1.1" 200 1225 "-" "Mozilla/5.0 (Linux; Android 6.0.1; Nexus 5X Build/MMB29P) AppleWebKit/537.36 (KHTML, like Gecko) Chrome/41.0.2272.96 Mobile Safari/537.36 (compatible; Googlebot/2.1; +http://www.google.com/bot.html)"
95.90.247.94 - - [18/May/2018:21:57:38 +0200] "GET / HTTP/1.1" 200 1225 "-" "Mozilla/5.0 (Linux; Android 8.0.0; SAMSUNG SM-G950F Build/R16NW) AppleWebKit/537.36 (KHTML, like Gecko) SamsungBrowser/7.0 Chrome/59.0.3071.125 Mobile Safari/537.36"
95.90.247.94 - - [18/May/2018:21:57:38 +0200] "GET /picture/back.gif HTTP/1.1" 404 1256 "http://www.frisoer-guergen.de/" "Mozilla/5.0 (Linux; Android 8.0.0; SAMSUNG SM-G950F Build/R16NW) AppleWebKit/537.36 (KHTML, like Gecko) SamsungBrowser/7.0 Chrome/59.0.3071.125 Mobile Safari/537.36"
95.90.247.94 - - [18/May/2018:21:57:38 +0200] "GET /picture/frisoer-logo.jpg HTTP/1.1" 200 108839 "http://www.frisoer-guergen.de/" "Mozilla/5.0 (Linux; Android 8.0.0; SAMSUNG SM-G950F Build/R16NW) AppleWebKit/537.36 (KHTML, like Gecko) SamsungBrowser/7.0 Chrome/59.0.3071.125 Mobile Safari/537.36"
95.90.247.94 - - [18/May/2018:21:57:39 +0200] "GET /favicon.ico HTTP/1.1" 404 1256 "http://www.frisoer-guergen.de/" "Mozilla/5.0 (Linux; Android 8.0.0; SAMSUNG SM-G950F Build/R16NW) AppleWebKit/537.36 (KHTML, like Gecko) SamsungBrowser/7.0 Chrome/59.0.3071.125 Mobile Safari/537.36"
95.90.247.94 - - [18/May/2018:21:59:04 +0200] "GET /picture/back.gif HTTP/1.1" 404 1256 "http://www.frisoer-guergen.de/" "Mozilla/5.0 (Linux; Android 8.0.0; SAMSUNG SM-G950F Build/R16NW) AppleWebKit/537.36 (KHTML, like Gecko) SamsungBrowser/7.0 Chrome/59.0.3071.125 Mobile Safari/537.36"
66.249.64.220 - - [18/May/2018:22:32:28 +0200] "GET /robots.txt HTTP/1.1" 404 1256 "-" "Mozilla/5.0 (compatible; Googlebot/2.1; +http://www.google.com/bot.html)"
66.249.64.192 - - [18/May/2018:22:32:28 +0200] "GET /picture/frisoer-logo.jpg HTTP/1.1" 200 108839 "-" "Googlebot-Image/1.0"
141.8.141.131 - - [19/May/2018:02:36:18 +0200] "GET /robots.txt HTTP/1.1" 404 1256 "-" "Mozilla/5.0 (compatible; YandexBot/3.0; +http://yandex.com/bots)"
141.8.141.131 - - [19/May/2018:02:36:22 +0200] "GET /favicon.ico HTTP/1.1" 404 1256 "-" "Mozilla/5.0 (compatible; YandexBot/3.0; +http://yandex.com/bots)"
207.46.13.153 - - [19/May/2018:03:17:09 +0200] "GET /robots.txt HTTP/1.1" 404 1256 "-" "Mozilla/5.0 (compatible; bingbot/2.0; +http://www.bing.com/bingbot.htm)"
157.55.39.113 - - [19/May/2018:03:17:37 +0200] "GET / HTTP/1.1" 200 1225 "-" "Mozilla/5.0 (iPhone; CPU iPhone OS 7_0 like Mac OS X) AppleWebKit/537.51.1 (KHTML, like Gecko) Version/7.0 Mobile/11A465 Safari/9537.53 (compatible; bingbot/2.0; +http://www.bing.com/bingbot.htm)"
40.77.188.102 - - [19/May/2018:03:17:38 +0200] "GET /picture/back.gif HTTP/1.1" 404 1256 "http://www.frisoer-guergen.de/" "Mozilla/5.0 (iPhone; CPU iPhone OS 7_0 like Mac OS X) AppleWebKit/537.51.1 (KHTML, like Gecko) Version/7.0 Mobile/11A465 Safari/9537.53 BingPreview/1.0b"
40.77.188.102 - - [19/May/2018:03:17:38 +0200] "GET /picture/frisoer-logo.jpg HTTP/1.1" 200 108839 "http://www.frisoer-guergen.de/" "Mozilla/5.0 (iPhone; CPU iPhone OS 7_0 like Mac OS X) AppleWebKit/537.51.1 (KHTML, like Gecko) Version/7.0 Mobile/11A465 Safari/9537.53 BingPreview/1.0b"
157.55.39.5 - - [19/May/2018:03:17:44 +0200] "GET /robots.txt HTTP/1.1" 404 1256 "-" "Mozilla/5.0 (compatible; bingbot/2.0; +http://www.bing.com/bingbot.htm)"
204.79.180.23 - - [19/May/2018:09:22:33 +0200] "GET / HTTP/1.1" 200 1225 "-" "Mozilla/5.0 (compatible; MSIE 9.0; Windows NT 6.0; Trident/5.0; Trident/5.0)"
84.139.126.158 - - [19/May/2018:11:38:34 +0200] "GET / HTTP/1.1" 200 1225 "https://www.google.com/" "Mozilla/5.0 (Macintosh; Intel Mac OS X 10_11_6) AppleWebKit/605.1.15 (KHTML, like Gecko) Version/11.1 Safari/605.1.15"
84.139.126.158 - - [19/May/2018:11:38:34 +0200] "GET /picture/back.gif HTTP/1.1" 404 1256 "http://www.frisoer-guergen.de/" "Mozilla/5.0 (Macintosh; Intel Mac OS X 10_11_6) AppleWebKit/605.1.15 (KHTML, like Gecko) Version/11.1 Safari/605.1.15"
84.139.126.158 - - [19/May/2018:11:38:34 +0200] "GET /picture/frisoer-logo.jpg HTTP/1.1" 200 108839 "http://www.frisoer-guergen.de/" "Mozilla/5.0 (Macintosh; Intel Mac OS X 10_11_6) AppleWebKit/605.1.15 (KHTML, like Gecko) Version/11.1 Safari/605.1.15"
84.139.126.158 - - [19/May/2018:11:38:34 +0200] "GET /favicon.ico HTTP/1.1" 404 1256 "http://www.frisoer-guergen.de/" "Mozilla/5.0 (Macintosh; Intel Mac OS X 10_11_6) AppleWebKit/605.1.15 (KHTML, like Gecko) Version/11.1 Safari/605.1.15"
178.0.0.223 - - [19/May/2018:12:33:33 +0200] "GET / HTTP/1.1" 200 1225 "http://www.google.com/" "Mozilla/5.0 (Linux; Android 4.4.2; A-ONEX Build/KOT49H) AppleWebKit/537.36 (KHTML, like Gecko) Version/4.0 Chrome/30.0.0.0 Safari/537.36"
178.0.0.223 - - [19/May/2018:12:33:34 +0200] "GET /picture/back.gif HTTP/1.1" 404 1256 "http://www.frisoer-guergen.de/" "Mozilla/5.0 (Linux; Android 4.4.2; A-ONEX Build/KOT49H) AppleWebKit/537.36 (KHTML, like Gecko) Version/4.0 Chrome/30.0.0.0 Safari/537.36"
178.0.0.223 - - [19/May/2018:12:33:34 +0200] "GET /picture/frisoer-logo.jpg HTTP/1.1" 200 108839 "http://www.frisoer-guergen.de/" "Mozilla/5.0 (Linux; Android 4.4.2; A-ONEX Build/KOT49H) AppleWebKit/537.36 (KHTML, like Gecko) Version/4.0 Chrome/30.0.0.0 Safari/537.36"
178.0.0.223 - - [19/May/2018:12:33:35 +0200] "GET /favicon.ico HTTP/1.1" 404 1256 "-" "Mozilla/5.0 (Linux; Android 4.4.2; A-ONEX Build/KOT49H) AppleWebKit/537.36 (KHTML, like Gecko) Version/4.0 Chrome/30.0.0.0 Safari/537.36"
209.90.225.244 - - [19/May/2018:13:26:04 +0200] "GET /?gf_page=upload HTTP/1.1" 200 1225 "http://www.frisoer-guergen.de/?gf_page=upload" "Mozilla/5.0 (Windows NT 6.1; WOW64) AppleWebKit/537.36 (KHTML, like Gecko) Chrome/42.0.2311.152 Safari/537.36"
178.0.0.223 - - [19/May/2018:14:09:34 +0200] "GET / HTTP/1.1" 200 1225 "http://www.google.com/" "Mozilla/5.0 (Linux; Android 4.4.2; A-ONEX Build/KOT49H) AppleWebKit/537.36 (KHTML, like Gecko) Version/4.0 Chrome/30.0.0.0 Safari/537.36"
178.0.0.223 - - [19/May/2018:14:09:34 +0200] "GET /picture/back.gif HTTP/1.1" 404 1256 "http://www.frisoer-guergen.de/" "Mozilla/5.0 (Linux; Android 4.4.2; A-ONEX Build/KOT49H) AppleWebKit/537.36 (KHTML, like Gecko) Version/4.0 Chrome/30.0.0.0 Safari/537.36"
178.0.0.223 - - [19/May/2018:14:09:34 +0200] "GET /picture/frisoer-logo.jpg HTTP/1.1" 200 108839 "http://www.frisoer-guergen.de/" "Mozilla/5.0 (Linux; Android 4.4.2; A-ONEX Build/KOT49H) AppleWebKit/537.36 (KHTML, like Gecko) Version/4.0 Chrome/30.0.0.0 Safari/537.36"
178.0.0.223 - - [19/May/2018:14:09:41 +0200] "GET /favicon.ico HTTP/1.1" 404 1256 "-" "Mozilla/5.0 (Linux; Android 4.4.2; A-ONEX Build/KOT49H) AppleWebKit/537.36 (KHTML, like Gecko) Version/4.0 Chrome/30.0.0.0 Safari/537.36"
47.106.157.151 - - [19/May/2018:17:02:56 +0200] "GET /web-cache.php HTTP/1.1" 404 1256 "-" "-"
180.76.15.27 - - [19/May/2018:18:21:18 +0200] "GET / HTTP/1.1" 200 1225 "-" "Mozilla/5.0 (compatible; Baiduspider/2.0; +http://www.baidu.com/search/spider.html)"
180.76.15.146 - - [19/May/2018:21:21:48 +0200] "GET /robots.txt HTTP/1.1" 404 1256 "-" "Mozilla/5.0 (Windows NT 5.1; rv:6.0.2) Gecko/20100101 Firefox/6.0.2"
180.76.15.151 - - [19/May/2018:21:21:48 +0200] "GET /robots.txt HTTP/1.1" 404 1256 "-" "Mozilla/5.0 (Windows NT 5.1; rv:6.0.2) Gecko/20100101 Firefox/6.0.2"
180.76.15.16 - - [19/May/2018:21:23:45 +0200] "GET / HTTP/1.1" 200 1225 "-" "Mozilla/5.0 (compatible; Baiduspider/2.0; +http://www.baidu.com/search/spider.html)"
66.249.64.192 - - [20/May/2018:08:36:10 +0200] "GET /robots.txt HTTP/1.1" 404 1256 "-" "Mozilla/5.0 (compatible; Googlebot/2.1; +http://www.google.com/bot.html)"
66.249.64.192 - - [20/May/2018:08:36:10 +0200] "GET / HTTP/1.1" 200 1225 "-" "Mozilla/5.0 (compatible; Googlebot/2.1; +http://www.google.com/bot.html)"
66.249.64.220 - - [20/May/2018:09:06:37 +0200] "GET / HTTP/1.1" 200 1225 "-" "Mozilla/5.0 (Linux; Android 6.0.1; Nexus 5X Build/MMB29P) AppleWebKit/537.36 (KHTML, like Gecko) Chrome/41.0.2272.96 Mobile Safari/537.36 (compatible; Googlebot/2.1; +http://www.google.com/bot.html)"
66.249.64.220 - - [20/May/2018:10:46:19 +0200] "GET / HTTP/1.1" 200 1225 "-" "Mozilla/5.0 (Linux; Android 6.0.1; Nexus 5X Build/MMB29P) AppleWebKit/537.36 (KHTML, like Gecko) Chrome/41.0.2272.96 Mobile Safari/537.36 (compatible; Googlebot/2.1; +http://www.google.com/bot.html)"
66.249.64.222 - - [20/May/2018:11:41:42 +0200] "GET / HTTP/1.1" 200 1225 "-" "Mozilla/5.0 (compatible; Googlebot/2.1; +http://www.google.com/bot.html)"
66.249.64.192 - - [20/May/2018:13:13:05 +0200] "GET / HTTP/1.1" 200 1225 "-" "Mozilla/5.0 (Linux; Android 6.0.1; Nexus 5X Build/MMB29P) AppleWebKit/537.36 (KHTML, like Gecko) Chrome/41.0.2272.96 Mobile Safari/537.36 (compatible; Googlebot/2.1; +http://www.google.com/bot.html)"
178.0.0.223 - - [20/May/2018:13:34:24 +0200] "GET / HTTP/1.1" 200 1225 "http://www.google.com/" "Mozilla/5.0 (Linux; Android 4.4.2; A-ONEX Build/KOT49H) AppleWebKit/537.36 (KHTML, like Gecko) Version/4.0 Chrome/30.0.0.0 Safari/537.36"
178.0.0.223 - - [20/May/2018:13:34:24 +0200] "GET /picture/back.gif HTTP/1.1" 404 1256 "http://www.frisoer-guergen.de/" "Mozilla/5.0 (Linux; Android 4.4.2; A-ONEX Build/KOT49H) AppleWebKit/537.36 (KHTML, like Gecko) Version/4.0 Chrome/30.0.0.0 Safari/537.36"
178.0.0.223 - - [20/May/2018:13:34:24 +0200] "GET /picture/frisoer-logo.jpg HTTP/1.1" 200 108839 "http://www.frisoer-guergen.de/" "Mozilla/5.0 (Linux; Android 4.4.2; A-ONEX Build/KOT49H) AppleWebKit/537.36 (KHTML, like Gecko) Version/4.0 Chrome/30.0.0.0 Safari/537.36"
178.0.0.223 - - [20/May/2018:13:34:29 +0200] "GET /favicon.ico HTTP/1.1" 404 1256 "-" "Mozilla/5.0 (Linux; Android 4.4.2; A-ONEX Build/KOT49H) AppleWebKit/537.36 (KHTML, like Gecko) Version/4.0 Chrome/30.0.0.0 Safari/537.36"
66.249.64.222 - - [20/May/2018:14:19:33 +0200] "GET / HTTP/1.1" 200 1225 "-" "Mozilla/5.0 (compatible; Googlebot/2.1; +http://www.google.com/bot.html)"
13.56.232.243 - - [20/May/2018:14:35:02 +0200] "GET / HTTP/1.1" 200 1225 "-" "Mozilla/5.0 (Macintosh; Intel Mac OS X 10_12_6) AppleWebKit/537.36 (KHTML, like Gecko) Chrome/61.0.3163.100 Safari/537.36"
66.249.64.222 - - [20/May/2018:14:36:09 +0200] "GET / HTTP/1.1" 200 1225 "-" "Mozilla/5.0 (Linux; Android 6.0.1; Nexus 5X Build/MMB29P) AppleWebKit/537.36 (KHTML, like Gecko) Chrome/41.0.2272.96 Mobile Safari/537.36 (compatible; Googlebot/2.1; +http://www.google.com/bot.html)"
17.58.96.189 - - [20/May/2018:15:49:55 +0200] "GET / HTTP/1.1" 200 1225 "-" "Mozilla/5.0 (Macintosh; Intel Mac OS X 10_10_1) AppleWebKit/600.2.5 (KHTML, like Gecko) Version/8.0.2 Safari/600.2.5 (Applebot/0.1; +http://www.apple.com/go/applebot)"
66.249.64.220 - - [20/May/2018:16:07:32 +0200] "GET / HTTP/1.1" 200 1225 "-" "Mozilla/5.0 (Linux; Android 6.0.1; Nexus 5X Build/MMB29P) AppleWebKit/537.36 (KHTML, like Gecko) Chrome/41.0.2272.96 Mobile Safari/537.36 (compatible; Googlebot/2.1; +http://www.google.com/bot.html)"
66.249.64.222 - - [20/May/2018:16:19:46 +0200] "GET / HTTP/1.1" 200 1225 "-" "Mozilla/5.0 (compatible; Googlebot/2.1; +http://www.google.com/bot.html)"
66.249.64.220 - - [20/May/2018:17:41:42 +0200] "GET / HTTP/1.1" 200 1225 "-" "Mozilla/5.0 (Linux; Android 6.0.1; Nexus 5X Build/MMB29P) AppleWebKit/537.36 (KHTML, like Gecko) Chrome/41.0.2272.96 Mobile Safari/537.36 (compatible; Googlebot/2.1; +http://www.google.com/bot.html)"
178.0.0.223 - - [20/May/2018:18:41:16 +0200] "GET / HTTP/1.1" 200 1225 "http://www.google.com/" "Mozilla/5.0 (Linux; Android 4.4.2; A-ONEX Build/KOT49H) AppleWebKit/537.36 (KHTML, like Gecko) Version/4.0 Chrome/30.0.0.0 Safari/537.36"
178.0.0.223 - - [20/May/2018:18:41:16 +0200] "GET /picture/back.gif HTTP/1.1" 404 1256 "http://www.frisoer-guergen.de/" "Mozilla/5.0 (Linux; Android 4.4.2; A-ONEX Build/KOT49H) AppleWebKit/537.36 (KHTML, like Gecko) Version/4.0 Chrome/30.0.0.0 Safari/537.36"
178.0.0.223 - - [20/May/2018:18:41:16 +0200] "GET /picture/frisoer-logo.jpg HTTP/1.1" 200 108839 "http://www.frisoer-guergen.de/" "Mozilla/5.0 (Linux; Android 4.4.2; A-ONEX Build/KOT49H) AppleWebKit/537.36 (KHTML, like Gecko) Version/4.0 Chrome/30.0.0.0 Safari/537.36"
178.0.0.223 - - [20/May/2018:18:41:26 +0200] "GET /favicon.ico HTTP/1.1" 404 1256 "-" "Mozilla/5.0 (Linux; Android 4.4.2; A-ONEX Build/KOT49H) AppleWebKit/537.36 (KHTML, like Gecko) Version/4.0 Chrome/30.0.0.0 Safari/537.36"
66.249.64.192 - - [20/May/2018:19:07:33 +0200] "GET / HTTP/1.1" 200 1225 "-" "Mozilla/5.0 (Linux; Android 6.0.1; Nexus 5X Build/MMB29P) AppleWebKit/537.36 (KHTML, like Gecko) Chrome/41.0.2272.96 Mobile Safari/537.36 (compatible; Googlebot/2.1; +http://www.google.com/bot.html)"
66.249.64.192 - - [20/May/2018:21:34:19 +0200] "GET /robots.txt HTTP/1.1" 404 1256 "-" "Mozilla/5.0 (compatible; Googlebot/2.1; +http://www.google.com/bot.html)"
66.249.64.192 - - [20/May/2018:21:34:19 +0200] "GET / HTTP/1.1" 200 1225 "-" "Mozilla/5.0 (Linux; Android 6.0.1; Nexus 5X Build/MMB29P) AppleWebKit/537.36 (KHTML, like Gecko) Chrome/41.0.2272.96 Mobile Safari/537.36 (compatible; Googlebot/2.1; +http://www.google.com/bot.html)"
66.249.64.220 - - [20/May/2018:23:00:09 +0200] "GET / HTTP/1.1" 200 1225 "-" "Mozilla/5.0 (Linux; Android 6.0.1; Nexus 5X Build/MMB29P) AppleWebKit/537.36 (KHTML, like Gecko) Chrome/41.0.2272.96 Mobile Safari/537.36 (compatible; Googlebot/2.1; +http://www.google.com/bot.html)"
198.100.146.18 - - [20/May/2018:23:11:59 +0200] "GET /misc/drupal.js HTTP/1.1" 404 1256 "-" "curl/7.29.0"
66.249.64.222 - - [21/May/2018:00:34:19 +0200] "GET / HTTP/1.1" 200 1225 "-" "Mozilla/5.0 (Linux; Android 6.0.1; Nexus 5X Build/MMB29P) AppleWebKit/537.36 (KHTML, like Gecko) Chrome/41.0.2272.96 Mobile Safari/537.36 (compatible; Googlebot/2.1; +http://www.google.com/bot.html)"
62.214.6.98 - - [21/May/2018:02:28:03 +0200] "GET /robots.txt HTTP/1.1" 404 1256 "-" "Mozilla/5.0 (X11; Ubuntu; Linux x86_64; rv:57.0) Gecko/20100101 Firefox/57.0"
62.214.6.98 - - [21/May/2018:02:28:04 +0200] "GET / HTTP/1.1" 200 1225 "-" "Mozilla/5.0 (X11; Ubuntu; Linux x86_64; rv:57.0) Gecko/20100101 Firefox/57.0"
66.249.64.192 - - [21/May/2018:04:35:36 +0200] "GET / HTTP/1.1" 200 1225 "-" "Mozilla/5.0 (Linux; Android 6.0.1; Nexus 5X Build/MMB29P) AppleWebKit/537.36 (KHTML, like Gecko) Chrome/41.0.2272.96 Mobile Safari/537.36 (compatible; Googlebot/2.1; +http://www.google.com/bot.html)"
47.96.234.85 - - [21/May/2018:06:28:53 +0200] "GET /lieats.php HTTP/1.1" 404 1256 "-" "-"
178.0.0.223 - - [21/May/2018:09:01:48 +0200] "GET / HTTP/1.1" 200 1225 "http://www.google.com/" "Mozilla/5.0 (Linux; Android 4.4.2; A-ONEX Build/KOT49H) AppleWebKit/537.36 (KHTML, like Gecko) Version/4.0 Chrome/30.0.0.0 Safari/537.36"
178.0.0.223 - - [21/May/2018:09:01:49 +0200] "GET /picture/back.gif HTTP/1.1" 404 1256 "http://www.frisoer-guergen.de/" "Mozilla/5.0 (Linux; Android 4.4.2; A-ONEX Build/KOT49H) AppleWebKit/537.36 (KHTML, like Gecko) Version/4.0 Chrome/30.0.0.0 Safari/537.36"
178.0.0.223 - - [21/May/2018:09:01:50 +0200] "GET /favicon.ico HTTP/1.1" 404 1256 "-" "Mozilla/5.0 (Linux; Android 4.4.2; A-ONEX Build/KOT49H) AppleWebKit/537.36 (KHTML, like Gecko) Version/4.0 Chrome/30.0.0.0 Safari/537.36"
66.249.64.220 - - [21/May/2018:12:03:18 +0200] "GET /robots.txt HTTP/1.1" 404 1256 "-" "Mozilla/5.0 (compatible; Googlebot/2.1; +http://www.google.com/bot.html)"
66.249.64.192 - - [21/May/2018:12:03:18 +0200] "GET / HTTP/1.1" 200 1225 "-" "Mozilla/5.0 (Linux; Android 6.0.1; Nexus 5X Build/MMB29P) AppleWebKit/537.36 (KHTML, like Gecko) Chrome/41.0.2272.96 Mobile Safari/537.36 (compatible; Googlebot/2.1; +http://www.google.com/bot.html)"
213.61.128.170 - - [21/May/2018:12:03:58 +0200] "GET / HTTP/1.1" 200 1225 "http://www.google.de/url?sa=t&rct=j&q=&esrc=s&source=web&cd=1&ved=0ahUKEwi47rnaxpbbAhXPjqQKHVO2A_MQFggsMAA&url=http%3A%2F%2Fwww.frisoer-guergen.de%2F&usg=AOvVaw0adbS4thYfX-HJRenxeDrL" "Mozilla/5.0 (Windows NT 6.1; WOW64; Trident/7.0; rv:11.0) like Gecko"
213.61.128.170 - - [21/May/2018:12:03:58 +0200] "GET /picture/back.gif HTTP/1.1" 404 1256 "http://www.frisoer-guergen.de/" "Mozilla/5.0 (Windows NT 6.1; WOW64; Trident/7.0; rv:11.0) like Gecko"
213.61.128.170 - - [21/May/2018:12:03:58 +0200] "GET /picture/back.gif HTTP/1.1" 404 1256 "http://www.frisoer-guergen.de/" "Mozilla/5.0 (Windows NT 6.1; WOW64; Trident/7.0; rv:11.0) like Gecko"
213.61.128.170 - - [21/May/2018:12:03:58 +0200] "GET /picture/frisoer-logo.jpg HTTP/1.1" 200 108839 "http://www.frisoer-guergen.de/" "Mozilla/5.0 (Windows NT 6.1; WOW64; Trident/7.0; rv:11.0) like Gecko"
213.61.128.170 - - [21/May/2018:12:03:58 +0200] "GET /favicon.ico HTTP/1.1" 404 1256 "-" "Mozilla/5.0 (Windows NT 6.1; WOW64; Trident/7.0; rv:11.0) like Gecko"
213.61.128.170 - - [21/May/2018:12:04:15 +0200] "GET /picture/back.gif HTTP/1.1" 404 1256 "http://www.frisoer-guergen.de/" "Mozilla/5.0 (Windows NT 6.1; WOW64; Trident/7.0; rv:11.0) like Gecko"
213.61.128.170 - - [21/May/2018:12:04:15 +0200] "GET /picture/back.gif HTTP/1.1" 404 1256 "http://www.frisoer-guergen.de/" "Mozilla/5.0 (Windows NT 6.1; WOW64; Trident/7.0; rv:11.0) like Gecko"
213.61.128.170 - - [21/May/2018:12:04:15 +0200] "GET /favicon.ico HTTP/1.1" 404 1256 "-" "Mozilla/5.0 (Windows NT 6.1; WOW64; Trident/7.0; rv:11.0) like Gecko"
157.55.39.12 - - [21/May/2018:15:51:21 +0200] "GET /robots.txt HTTP/1.1" 404 1256 "-" "Mozilla/5.0 (compatible; bingbot/2.0; +http://www.bing.com/bingbot.htm)"
40.77.167.168 - - [21/May/2018:15:51:29 +0200] "GET / HTTP/1.1" 200 1225 "-" "Mozilla/5.0 (iPhone; CPU iPhone OS 7_0 like Mac OS X) AppleWebKit/537.51.1 (KHTML, like Gecko) Version/7.0 Mobile/11A465 Safari/9537.53 (compatible; bingbot/2.0; +http://www.bing.com/bingbot.htm)"
40.77.188.191 - - [21/May/2018:15:51:33 +0200] "GET /picture/frisoer-logo.jpg HTTP/1.1" 200 108839 "-" "Mozilla/5.0 (iPhone; CPU iPhone OS 7_0 like Mac OS X) AppleWebKit/537.51.1 (KHTML, like Gecko) Version/7.0 Mobile/11A465 Safari/9537.53 BingPreview/1.0b"
40.77.188.80 - - [21/May/2018:15:51:34 +0200] "GET /picture/back.gif HTTP/1.1" 404 1256 "-" "Mozilla/5.0 (iPhone; CPU iPhone OS 7_0 like Mac OS X) AppleWebKit/537.51.1 (KHTML, like Gecko) Version/7.0 Mobile/11A465 Safari/9537.53 BingPreview/1.0b"
157.55.39.125 - - [21/May/2018:15:51:35 +0200] "GET /robots.txt HTTP/1.1" 404 1256 "-" "Mozilla/5.0 (compatible; bingbot/2.0; +http://www.bing.com/bingbot.htm)"
157.55.39.125 - - [21/May/2018:15:51:36 +0200] "GET /robots.txt HTTP/1.1" 404 1256 "-" "Mozilla/5.0 (compatible; bingbot/2.0; +http://www.bing.com/bingbot.htm)"
66.249.64.192 - - [21/May/2018:16:26:22 +0200] "GET / HTTP/1.1" 200 1225 "-" "Mozilla/5.0 (Linux; Android 6.0.1; Nexus 5X Build/MMB29P) AppleWebKit/537.36 (KHTML, like Gecko) Chrome/41.0.2272.96 Mobile Safari/537.36 (compatible; Googlebot/2.1; +http://www.google.com/bot.html)"
86.110.117.10 - - [21/May/2018:19:10:21 +0200] "GET /modules/%C2%ADsimpleslideshow/%C2%ADuploadimage.php HTTP/1.1" 404 1256 "http://www.frisoer-guergen.de/modules/\xadsimpleslideshow/\xaduploadimage.php" "Mozilla/5.0 (Windows NT 6.1; WOW64) AppleWebKit/537.36 (KHTML, like Gecko) Chrome/42.0.2311.152 Safari/537.36"
66.249.64.222 - - [21/May/2018:19:14:50 +0200] "GET / HTTP/1.1" 200 1225 "-" "Mozilla/5.0 (Linux; Android 6.0.1; Nexus 5X Build/MMB29P) AppleWebKit/537.36 (KHTML, like Gecko) Chrome/41.0.2272.96 Mobile Safari/537.36 (compatible; Googlebot/2.1; +http://www.google.com/bot.html)"
77.180.183.214 - - [21/May/2018:19:24:30 +0200] "GET / HTTP/1.1" 200 1225 "https://www.google.de/" "Mozilla/5.0 (iPhone; CPU iPhone OS 11_3 like Mac OS X) AppleWebKit/605.1.15 (KHTML, like Gecko) Version/11.0 Mobile/15E148 Safari/604.1"
77.180.183.214 - - [21/May/2018:19:24:30 +0200] "GET /picture/back.gif HTTP/1.1" 404 1256 "http://www.frisoer-guergen.de/" "Mozilla/5.0 (iPhone; CPU iPhone OS 11_3 like Mac OS X) AppleWebKit/605.1.15 (KHTML, like Gecko) Version/11.0 Mobile/15E148 Safari/604.1"
77.180.183.214 - - [21/May/2018:19:24:30 +0200] "GET /picture/frisoer-logo.jpg HTTP/1.1" 200 108839 "http://www.frisoer-guergen.de/" "Mozilla/5.0 (iPhone; CPU iPhone OS 11_3 like Mac OS X) AppleWebKit/605.1.15 (KHTML, like Gecko) Version/11.0 Mobile/15E148 Safari/604.1"
66.249.64.220 - - [21/May/2018:21:44:50 +0200] "GET / HTTP/1.1" 200 1225 "-" "Mozilla/5.0 (compatible; Googlebot/2.1; +http://www.google.com/bot.html)"
66.249.64.192 - - [21/May/2018:22:18:40 +0200] "GET /favicon.ico HTTP/1.1" 404 1256 "-" "Googlebot-Image/1.0"
47.96.231.74 - - [21/May/2018:23:01:56 +0200] "GET /index.php HTTP/1.1" 404 1256 "-" "-"
66.249.64.222 - - [22/May/2018:00:14:50 +0200] "GET /robots.txt HTTP/1.1" 404 1256 "-" "Mozilla/5.0 (compatible; Googlebot/2.1; +http://www.google.com/bot.html)"
66.249.64.220 - - [22/May/2018:00:20:46 +0200] "GET /favicon.ico HTTP/1.1" 404 1256 "-" "Googlebot-Image/1.0"
180.76.15.148 - - [22/May/2018:03:46:52 +0200] "GET / HTTP/1.1" 200 1225 "-" "Mozilla/5.0 (compatible; Baiduspider/2.0; +http://www.baidu.com/search/spider.html)"
95.90.245.135 - - [22/May/2018:04:04:53 +0200] "GET / HTTP/1.1" 200 1225 "https://www.google.de/" "Mozilla/5.0 (Linux; Android 5.1.1; SM-J500FN Build/LMY48B) AppleWebKit/537.36 (KHTML, like Gecko) Chrome/55.0.2883.91 Mobile Safari/537.36"
95.90.245.135 - - [22/May/2018:04:04:53 +0200] "GET /picture/back.gif HTTP/1.1" 404 1256 "http://www.frisoer-guergen.de/" "Mozilla/5.0 (Linux; Android 5.1.1; SM-J500FN Build/LMY48B) AppleWebKit/537.36 (KHTML, like Gecko) Chrome/55.0.2883.91 Mobile Safari/537.36"
95.90.245.135 - - [22/May/2018:04:04:53 +0200] "GET /picture/frisoer-logo.jpg HTTP/1.1" 200 108839 "http://www.frisoer-guergen.de/" "Mozilla/5.0 (Linux; Android 5.1.1; SM-J500FN Build/LMY48B) AppleWebKit/537.36 (KHTML, like Gecko) Chrome/55.0.2883.91 Mobile Safari/537.36"
95.90.245.135 - - [22/May/2018:04:04:54 +0200] "GET /favicon.ico HTTP/1.1" 404 1256 "http://www.frisoer-guergen.de/" "Mozilla/5.0 (Linux; Android 5.1.1; SM-J500FN Build/LMY48B) AppleWebKit/537.36 (KHTML, like Gecko) Chrome/55.0.2883.91 Mobile Safari/537.36"
79.228.228.232 - - [22/May/2018:08:15:46 +0200] "GET / HTTP/1.1" 200 1225 "-" "Mozilla/5.0 (Linux; Android 7.0; WAS-LX1A Build/HUAWEIWAS-LX1A) AppleWebKit/537.36 (KHTML, like Gecko) Chrome/66.0.3359.158 Mobile Safari/537.36"
