78.46.141.21 - - [13/Jul/2015:13:32:29 +0200] "GET / HTTP/1.1" 200 16125 "-" "Mozilla/5.0 (Macintosh; Intel Mac OS X 10.6; rv:22.0) Gecko/20100101 Firefox/22.0"
66.249.65.20 - - [13/Jul/2015:13:51:38 +0200] "GET /news.php HTTP/1.1" 200 11477 "-" "Mozilla/5.0 (compatible; Googlebot/2.1; +http://www.google.com/bot.html)"
66.249.65.12 - - [13/Jul/2015:13:58:12 +0200] "GET /news.php HTTP/1.1" 200 11477 "-" "Mozilla/5.0 (compatible; Googlebot/2.1; +http://www.google.com/bot.html)"
66.249.65.135 - - [13/Jul/2015:14:02:49 +0200] "GET /news.php?cs_go=archiv&cs_id=249&cs_search= HTTP/1.1" 200 11477 "-" "Mozilla/5.0 (compatible; Googlebot/2.1; +http://www.google.com/bot.html)"
66.249.65.20 - - [13/Jul/2015:14:05:49 +0200] "GET /news.php HTTP/1.1" 200 11477 "-" "Mozilla/5.0 (compatible; Googlebot/2.1; +http://www.google.com/bot.html)"
66.249.65.247 - - [13/Jul/2015:14:08:57 +0200] "GET /news.php?cs_go=archiv&cs_id=249&cs_search= HTTP/1.1" 200 11477 "-" "Mozilla/5.0 (compatible; Googlebot/2.1; +http://www.google.com/bot.html)"
66.249.65.254 - - [13/Jul/2015:14:15:40 +0200] "GET /news.php?cs_go=archiv&cs_id=249&cs_search= HTTP/1.1" 200 11477 "-" "Mozilla/5.0 (compatible; Googlebot/2.1; +http://www.google.com/bot.html)"
66.249.65.220 - - [13/Jul/2015:14:19:42 +0200] "GET /news.php?cs_go=archiv&cs_id=2284 HTTP/1.1" 200 11477 "-" "Mozilla/5.0 (compatible; Googlebot/2.1; +http://www.google.com/bot.html)"
66.249.65.234 - - [13/Jul/2015:14:26:19 +0200] "GET /news.php?cs_go=archiv&cs_id=2284 HTTP/1.1" 200 11477 "-" "Mozilla/5.0 (compatible; Googlebot/2.1; +http://www.google.com/bot.html)"
188.165.15.234 - - [13/Jul/2015:14:28:05 +0200] "GET /kwk.php HTTP/1.1" 200 11474 "-" "Mozilla/5.0 (compatible; AhrefsBot/5.0; +http://ahrefs.com/robot/)"
66.249.65.227 - - [13/Jul/2015:14:32:47 +0200] "GET /news.php?cs_go=archiv&cs_id=2284 HTTP/1.1" 200 11477 "-" "Mozilla/5.0 (compatible; Googlebot/2.1; +http://www.google.com/bot.html)"
157.55.39.137 - - [13/Jul/2015:14:38:30 +0200] "GET / HTTP/1.1" 200 9656 "-" "Mozilla/5.0 (compatible; bingbot/2.0; +http://www.bing.com/bingbot.htm)"
66.249.65.254 - - [13/Jul/2015:14:39:09 +0200] "GET /news.php?cs_go=archiv&cs_startpos=90 HTTP/1.1" 200 11477 "-" "Mozilla/5.0 (compatible; Googlebot/2.1; +http://www.google.com/bot.html)"
66.249.65.234 - - [13/Jul/2015:14:42:09 +0200] "GET / HTTP/1.1" 200 15920 "-" "Mozilla/5.0 (iPhone; CPU iPhone OS 6_0 like Mac OS X) AppleWebKit/536.26 (KHTML, like Gecko) Version/6.0 Mobile/10A5376e Safari/8536.25 (compatible; Googlebot/2.1; +http://www.google.com/bot.html)"
66.249.65.247 - - [13/Jul/2015:14:45:37 +0200] "GET /news.php?cs_go=archiv&cs_startpos=90 HTTP/1.1" 200 11477 "-" "Mozilla/5.0 (compatible; Googlebot/2.1; +http://www.google.com/bot.html)"
66.249.65.234 - - [13/Jul/2015:14:48:48 +0200] "GET / HTTP/1.1" 200 15920 "-" "Mozilla/5.0 (iPhone; CPU iPhone OS 6_0 like Mac OS X) AppleWebKit/536.26 (KHTML, like Gecko) Version/6.0 Mobile/10A5376e Safari/8536.25 (compatible; Googlebot/2.1; +http://www.google.com/bot.html)"
66.249.65.135 - - [13/Jul/2015:14:52:21 +0200] "GET /news.php?cs_go=archiv&cs_startpos=90 HTTP/1.1" 200 11477 "-" "Mozilla/5.0 (compatible; Googlebot/2.1; +http://www.google.com/bot.html)"
66.249.65.227 - - [13/Jul/2015:14:55:21 +0200] "GET / HTTP/1.1" 200 15920 "-" "Mozilla/5.0 (iPhone; CPU iPhone OS 6_0 like Mac OS X) AppleWebKit/536.26 (KHTML, like Gecko) Version/6.0 Mobile/10A5376e Safari/8536.25 (compatible; Googlebot/2.1; +http://www.google.com/bot.html)"
66.249.65.20 - - [13/Jul/2015:15:00:26 +0200] "GET /news.php?cs_go=archiv&cs_id=2085&cs_search= HTTP/1.1" 200 11477 "-" "Mozilla/5.0 (compatible; Googlebot/2.1; +http://www.google.com/bot.html)"
66.249.65.16 - - [13/Jul/2015:15:06:41 +0200] "GET /news.php?cs_go=archiv&cs_id=2085&cs_search= HTTP/1.1" 200 11477 "-" "Mozilla/5.0 (compatible; Googlebot/2.1; +http://www.google.com/bot.html)"
66.249.65.20 - - [13/Jul/2015:15:13:00 +0200] "GET /news.php?cs_go=archiv&cs_id=2085&cs_search= HTTP/1.1" 200 11477 "-" "Mozilla/5.0 (compatible; Googlebot/2.1; +http://www.google.com/bot.html)"
192.109.222.42 - - [13/Jul/2015:15:25:59 +0200] "GET /img/praemiensystem/trolly_kl.jpg HTTP/1.1" 404 1256 "http://www.gutefrage.net/frage/von-welcher-marke-ist-dieser-koffer-trolley" "Mozilla/5.0 (Windows NT 6.1; WOW64; rv:39.0) Gecko/20100101 Firefox/39.0"
192.109.222.42 - - [13/Jul/2015:15:26:00 +0200] "GET /favicon.ico HTTP/1.1" 404 1256 "-" "Mozilla/5.0 (Windows NT 6.1; WOW64; rv:39.0) Gecko/20100101 Firefox/39.0"
192.109.222.42 - - [13/Jul/2015:15:26:00 +0200] "GET /favicon.ico HTTP/1.1" 404 1256 "-" "Mozilla/5.0 (Windows NT 6.1; WOW64; rv:39.0) Gecko/20100101 Firefox/39.0"
46.165.197.142 - - [13/Jul/2015:15:29:39 +0200] "GET /robots.txt HTTP/1.0" 404 1256 "-" "Mozilla/5.0 (compatible; MJ12bot/v1.4.5; http://www.majestic12.co.uk/bot.php?+)"
46.165.197.142 - - [13/Jul/2015:15:30:25 +0200] "GET /robots.txt HTTP/1.0" 404 1256 "-" "Mozilla/5.0 (compatible; MJ12bot/v1.4.5; http://www.majestic12.co.uk/bot.php?+)"
78.46.174.197 - - [13/Jul/2015:15:32:03 +0200] "GET /robots.txt HTTP/1.0" 404 1256 "-" "Mozilla/5.0 (compatible; MJ12bot/v1.4.5; http://www.majestic12.co.uk/bot.php?+)"
46.4.116.197 - - [13/Jul/2015:15:33:03 +0200] "GET /robots.txt HTTP/1.0" 404 1256 "-" "Mozilla/5.0 (compatible; MJ12bot/v1.4.5; http://www.majestic12.co.uk/bot.php?+)"
46.165.197.142 - - [13/Jul/2015:15:29:41 +0200] "GET /waermekonto.php HTTP/1.0" 200 12036 "-" "Mozilla/5.0 (compatible; MJ12bot/v1.4.5; http://www.majestic12.co.uk/bot.php?+)"
66.249.65.227 - - [13/Jul/2015:15:31:41 +0200] "GET /news.php?cs_go=archiv&cs_id=989&cs_search= HTTP/1.1" 200 11477 "-" "Mozilla/5.0 (compatible; Googlebot/2.1; +http://www.google.com/bot.html)"
78.46.174.197 - - [13/Jul/2015:15:32:04 +0200] "GET /adblue.php HTTP/1.0" 200 15843 "-" "Mozilla/5.0 (compatible; MJ12bot/v1.4.5; http://www.majestic12.co.uk/bot.php?+)"
78.46.174.197 - - [13/Jul/2015:15:32:46 +0200] "GET /schmierstoffe.php HTTP/1.0" 200 14431 "-" "Mozilla/5.0 (compatible; MJ12bot/v1.4.5; http://www.majestic12.co.uk/bot.php?+)"
46.4.116.197 - - [13/Jul/2015:15:33:06 +0200] "GET /news.php HTTP/1.0" 200 11477 "-" "Mozilla/5.0 (compatible; MJ12bot/v1.4.5; http://www.majestic12.co.uk/bot.php?+)"
78.46.174.197 - - [13/Jul/2015:15:33:28 +0200] "GET /tankanlagen.php HTTP/1.0" 200 11688 "-" "Mozilla/5.0 (compatible; MJ12bot/v1.4.5; http://www.majestic12.co.uk/bot.php?+)"
46.165.197.142 - - [13/Jul/2015:15:30:26 +0200] "GET /wunschpreis.php HTTP/1.0" 200 11851 "-" "Mozilla/5.0 (compatible; MJ12bot/v1.4.5; http://www.majestic12.co.uk/bot.php?+)"
46.4.116.197 - - [13/Jul/2015:15:33:48 +0200] "GET /notdienst.php HTTP/1.0" 200 12433 "-" "Mozilla/5.0 (compatible; MJ12bot/v1.4.5; http://www.majestic12.co.uk/bot.php?+)"
78.46.174.197 - - [13/Jul/2015:15:34:10 +0200] "GET /tankreinigung.php HTTP/1.0" 200 11757 "-" "Mozilla/5.0 (compatible; MJ12bot/v1.4.5; http://www.majestic12.co.uk/bot.php?+)"
46.4.116.197 - - [13/Jul/2015:15:34:32 +0200] "GET /ofenbau.php HTTP/1.0" 200 11696 "-" "Mozilla/5.0 (compatible; MJ12bot/v1.4.5; http://www.majestic12.co.uk/bot.php?+)"
66.249.65.227 - - [13/Jul/2015:15:38:16 +0200] "GET /news.php?cs_go=archiv&cs_id=989&cs_search= HTTP/1.1" 200 11477 "-" "Mozilla/5.0 (compatible; Googlebot/2.1; +http://www.google.com/bot.html)"
157.55.39.144 - - [13/Jul/2015:15:45:07 +0200] "GET /robots.txt HTTP/1.1" 404 1256 "-" "Mozilla/5.0 (compatible; bingbot/2.0; +http://www.bing.com/bingbot.htm)"
87.159.220.148 - - [13/Jul/2015:15:45:45 +0200] "GET / HTTP/1.1" 200 9656 "http://www.bigfinder.de/?c=ws&q=online&v=1" "Mozilla/5.0 (Windows NT 6.1; WOW64; rv:19.0) Gecko/20100101 Firefox/19.0"
66.249.65.227 - - [13/Jul/2015:15:44:19 +0200] "GET /news.php?cs_go=archiv&cs_id=989&cs_search= HTTP/1.1" 200 11477 "-" "Mozilla/5.0 (compatible; Googlebot/2.1; +http://www.google.com/bot.html)"
66.249.65.135 - - [13/Jul/2015:15:50:40 +0200] "GET /energiesparcheck.php HTTP/1.1" 200 11549 "-" "Mozilla/5.0 (compatible; Googlebot/2.1; +http://www.google.com/bot.html)"
66.249.65.254 - - [13/Jul/2015:15:57:15 +0200] "GET /energiesparcheck.php HTTP/1.1" 200 11549 "-" "Mozilla/5.0 (compatible; Googlebot/2.1; +http://www.google.com/bot.html)"
66.249.65.254 - - [13/Jul/2015:16:04:00 +0200] "GET /energiesparcheck.php HTTP/1.1" 200 11549 "-" "Mozilla/5.0 (compatible; Googlebot/2.1; +http://www.google.com/bot.html)"
66.249.65.16 - - [13/Jul/2015:16:19:18 +0200] "GET /news.php?cs_go=archiv&cs_startpos=1961 HTTP/1.1" 200 11477 "-" "Mozilla/5.0 (compatible; Googlebot/2.1; +http://www.google.com/bot.html)"
208.115.111.72 - - [13/Jul/2015:16:31:30 +0200] "GET /robots.txt HTTP/1.1" 404 1256 "-" "Mozilla/5.0 (compatible; DotBot/1.1; http://www.opensiteexplorer.org/dotbot, help@moz.com)"
66.249.65.12 - - [13/Jul/2015:16:25:55 +0200] "GET /news.php?cs_go=archiv&cs_startpos=1961 HTTP/1.1" 200 11477 "-" "Mozilla/5.0 (compatible; Googlebot/2.1; +http://www.google.com/bot.html)"
66.249.65.12 - - [13/Jul/2015:16:32:30 +0200] "GET /news.php?cs_go=archiv&cs_startpos=1961 HTTP/1.1" 200 11477 "-" "Mozilla/5.0 (compatible; Googlebot/2.1; +http://www.google.com/bot.html)"
66.249.65.214 - - [13/Jul/2015:16:35:30 +0200] "GET / HTTP/1.1" 200 15920 "-" "Mozilla/5.0 (compatible; Googlebot/2.1; +http://www.google.com/bot.html)"
66.249.65.207 - - [13/Jul/2015:16:41:46 +0200] "GET / HTTP/1.1" 200 15920 "-" "Mozilla/5.0 (compatible; Googlebot/2.1; +http://www.google.com/bot.html)"
66.249.65.214 - - [13/Jul/2015:16:51:22 +0200] "GET /js/jquery.min.js HTTP/1.1" 200 57254 "-" "Mozilla/5.0 (compatible; Googlebot/2.1; +http://www.google.com/bot.html)"
66.249.65.207 - - [13/Jul/2015:16:51:43 +0200] "GET /js/slider.js HTTP/1.1" 200 773 "-" "Mozilla/5.0 (compatible; Googlebot/2.1; +http://www.google.com/bot.html)"
66.249.65.207 - - [13/Jul/2015:16:52:13 +0200] "GET /modul.css HTTP/1.1" 200 36485 "http://www.essoschmierstoffe.de/" "Mozilla/5.0 (compatible; Googlebot/2.1; +http://www.google.com/bot.html)"
66.249.65.214 - - [13/Jul/2015:16:52:41 +0200] "GET /style.css HTTP/1.1" 200 8056 "http://www.essoschmierstoffe.de/" "Mozilla/5.0 (compatible; Googlebot/2.1; +http://www.google.com/bot.html)"
66.249.65.207 - - [13/Jul/2015:16:53:10 +0200] "GET /js/ddaccordion.js HTTP/1.1" 200 12534 "-" "Mozilla/5.0 (compatible; Googlebot/2.1; +http://www.google.com/bot.html)"
66.249.65.207 - - [13/Jul/2015:16:48:13 +0200] "GET / HTTP/1.1" 200 15920 "-" "Mozilla/5.0 (compatible; Googlebot/2.1; +http://www.google.com/bot.html)"
66.249.65.207 - - [13/Jul/2015:17:38:43 +0200] "GET /news.php?cs_go=archiv&cs_id=780&cs_search= HTTP/1.1" 200 11477 "-" "Mozilla/5.0 (compatible; Googlebot/2.1; +http://www.google.com/bot.html)"
66.249.65.207 - - [13/Jul/2015:17:44:44 +0200] "GET /news.php?cs_go=archiv&cs_id=780&cs_search= HTTP/1.1" 200 11477 "-" "Mozilla/5.0 (compatible; Googlebot/2.1; +http://www.google.com/bot.html)"
66.249.65.214 - - [13/Jul/2015:17:51:13 +0200] "GET /news.php?cs_go=archiv&cs_id=780&cs_search= HTTP/1.1" 200 11477 "-" "Mozilla/5.0 (compatible; Googlebot/2.1; +http://www.google.com/bot.html)"
208.115.111.72 - - [13/Jul/2015:18:26:10 +0200] "GET /news.php?cs_go=archiv&cs_id=5275 HTTP/1.1" 200 11477 "-" "Mozilla/5.0 (compatible; DotBot/1.1; http://www.opensiteexplorer.org/dotbot, help@moz.com)"
123.125.71.31 - - [13/Jul/2015:18:43:43 +0200] "GET / HTTP/1.1" 200 9656 "-" "Mozilla/5.0 (Windows NT 5.1; rv:6.0.2) Gecko/20100101 Firefox/6.0.2"
220.181.108.84 - - [13/Jul/2015:18:46:32 +0200] "GET / HTTP/1.1" 200 9656 "-" "Mozilla/5.0 (Windows NT 5.1; rv:6.0.2) Gecko/20100101 Firefox/6.0.2"
66.249.65.220 - - [13/Jul/2015:19:02:46 +0200] "GET /robots.txt HTTP/1.1" 404 1256 "-" "Mozilla/5.0 (compatible; Googlebot/2.1; +http://www.google.com/bot.html)"
66.249.65.220 - - [13/Jul/2015:19:02:46 +0200] "GET /news.php?cs_go=archiv&cs_id=2513 HTTP/1.1" 200 11477 "-" "Mozilla/5.0 (compatible; Googlebot/2.1; +http://www.google.com/bot.html)"
66.249.65.234 - - [13/Jul/2015:19:08:53 +0200] "GET /news.php?cs_go=archiv&cs_id=2513 HTTP/1.1" 200 11477 "-" "Mozilla/5.0 (compatible; Googlebot/2.1; +http://www.google.com/bot.html)"
66.249.65.227 - - [13/Jul/2015:19:15:16 +0200] "GET /news.php?cs_go=archiv&cs_id=2513 HTTP/1.1" 200 11477 "-" "Mozilla/5.0 (compatible; Googlebot/2.1; +http://www.google.com/bot.html)"
66.249.65.205 - - [13/Jul/2015:19:51:44 +0200] "GET /robots.txt HTTP/1.1" 404 1256 "-" "Mozilla/5.0 (compatible; Googlebot/2.1; +http://www.google.com/bot.html)"
66.249.65.191 - - [13/Jul/2015:19:51:44 +0200] "GET /style.css HTTP/1.1" 200 8056 "http://www.mobilschmierstoffe.de/news.php?cs_go=archiv&cs_id=5253&cs_search=" "Mozilla/5.0 (compatible; Googlebot/2.1; +http://www.google.com/bot.html)"
66.249.65.198 - - [13/Jul/2015:19:52:12 +0200] "GET /js/jquery.min.js HTTP/1.1" 200 57254 "http://www.mobilschmierstoffe.de/news.php?cs_go=archiv&cs_id=5253&cs_search=" "Mozilla/5.0 (compatible; Googlebot/2.1; +http://www.google.com/bot.html)"
66.249.65.198 - - [13/Jul/2015:19:52:13 +0200] "GET /js/ddaccordion.js HTTP/1.1" 200 12534 "http://www.mobilschmierstoffe.de/news.php?cs_go=archiv&cs_id=5253&cs_search=" "Mozilla/5.0 (compatible; Googlebot/2.1; +http://www.google.com/bot.html)"
66.249.65.205 - - [13/Jul/2015:19:52:13 +0200] "GET /js/slider.js HTTP/1.1" 200 773 "http://www.mobilschmierstoffe.de/news.php?cs_go=archiv&cs_id=5253&cs_search=" "Mozilla/5.0 (compatible; Googlebot/2.1; +http://www.google.com/bot.html)"
66.249.73.184 - - [13/Jul/2015:19:58:19 +0200] "GET /robots.txt HTTP/1.1" 404 1256 "-" "Mozilla/5.0 (compatible; Googlebot/2.1; +http://www.google.com/bot.html)"
66.249.73.176 - - [13/Jul/2015:19:58:20 +0200] "GET /js/jquery.min.js HTTP/1.1" 200 57254 "http://www.optiplusberlin.de/news.php?cs_go=archiv&cs_id=4582&cs_search=" "Mozilla/5.0 (compatible; Googlebot/2.1; +http://www.google.com/bot.html)"
66.249.73.184 - - [13/Jul/2015:19:58:20 +0200] "GET /js/ddaccordion.js HTTP/1.1" 200 12534 "http://www.optiplusberlin.de/news.php?cs_go=archiv&cs_id=4582&cs_search=" "Mozilla/5.0 (compatible; Googlebot/2.1; +http://www.google.com/bot.html)"
66.249.73.168 - - [13/Jul/2015:19:58:21 +0200] "GET /style.css HTTP/1.1" 200 8056 "http://www.optiplusberlin.de/news.php?cs_go=archiv&cs_id=4582&cs_search=" "Mozilla/5.0 (compatible; Googlebot/2.1; +http://www.google.com/bot.html)"
66.249.73.168 - - [13/Jul/2015:19:58:22 +0200] "GET /modul.css HTTP/1.1" 200 36485 "http://www.optiplusberlin.de/news.php?cs_go=archiv&cs_id=4582&cs_search=" "Mozilla/5.0 (compatible; Googlebot/2.1; +http://www.google.com/bot.html)"
66.249.73.184 - - [13/Jul/2015:19:58:23 +0200] "GET /js/slider.js HTTP/1.1" 200 773 "http://www.optiplusberlin.de/news.php?cs_go=archiv&cs_id=4582&cs_search=" "Mozilla/5.0 (compatible; Googlebot/2.1; +http://www.google.com/bot.html)"
88.198.210.14 - - [13/Jul/2015:19:51:35 +0200] "GET / HTTP/1.1" 200 16125 "-" "Mozilla/5.0 (Macintosh; Intel Mac OS X 10.6; rv:22.0) Gecko/20100101 Firefox/22.0"
66.249.65.16 - - [13/Jul/2015:20:50:26 +0200] "GET /robots.txt HTTP/1.1" 404 1256 "-" "Mozilla/5.0 (compatible; Googlebot/2.1; +http://www.google.com/bot.html)"
66.249.65.20 - - [13/Jul/2015:20:50:26 +0200] "GET /news.php?cs_go=archiv&cs_id=979&cs_search= HTTP/1.1" 200 11477 "-" "Mozilla/5.0 (compatible; Googlebot/2.1; +http://www.google.com/bot.html)"
66.249.65.12 - - [13/Jul/2015:20:56:55 +0200] "GET /news.php?cs_go=archiv&cs_id=979&cs_search= HTTP/1.1" 200 11477 "-" "Mozilla/5.0 (compatible; Googlebot/2.1; +http://www.google.com/bot.html)"
66.249.65.12 - - [13/Jul/2015:21:03:08 +0200] "GET /news.php?cs_go=archiv&cs_id=979&cs_search= HTTP/1.1" 200 11477 "-" "Mozilla/5.0 (compatible; Googlebot/2.1; +http://www.google.com/bot.html)"
157.55.39.182 - - [13/Jul/2015:21:13:13 +0200] "GET /robots.txt HTTP/1.1" 404 1256 "-" "Mozilla/5.0 (compatible; bingbot/2.0; +http://www.bing.com/bingbot.htm)"
157.55.39.181 - - [13/Jul/2015:21:13:19 +0200] "GET /newsletter.php HTTP/1.1" 200 9058 "-" "Mozilla/5.0 (compatible; bingbot/2.0; +http://www.bing.com/bingbot.htm)"
66.249.65.234 - - [13/Jul/2015:21:33:06 +0200] "GET /js/ddaccordion.js HTTP/1.1" 200 12534 "http://www.esso-berlin.de/news.php?cs_go=archiv&cs_id=4904&cs_search=" "Mozilla/5.0 (compatible; Googlebot/2.1; +http://www.google.com/bot.html)"
66.249.65.220 - - [13/Jul/2015:21:33:07 +0200] "GET /js/slider.js HTTP/1.1" 200 773 "http://www.esso-berlin.de/news.php?cs_go=archiv&cs_id=4904&cs_search=" "Mozilla/5.0 (compatible; Googlebot/2.1; +http://www.google.com/bot.html)"
66.249.65.220 - - [13/Jul/2015:21:33:07 +0200] "GET /js/jquery.min.js HTTP/1.1" 200 57254 "http://www.esso-berlin.de/news.php?cs_go=archiv&cs_id=4904&cs_search=" "Mozilla/5.0 (compatible; Googlebot/2.1; +http://www.google.com/bot.html)"
66.249.65.220 - - [13/Jul/2015:22:23:00 +0200] "GET / HTTP/1.1" 200 15920 "-" "Mozilla/5.0 (compatible; Googlebot/2.1; +http://www.google.com/bot.html)"
66.249.65.234 - - [13/Jul/2015:22:26:34 +0200] "GET / HTTP/1.1" 200 15920 "-" "Mozilla/5.0 (iPhone; CPU iPhone OS 6_0 like Mac OS X) AppleWebKit/536.26 (KHTML, like Gecko) Version/6.0 Mobile/10A5376e Safari/8536.25 (compatible; Googlebot/2.1; +http://www.google.com/bot.html)"
157.55.39.182 - - [13/Jul/2015:22:32:01 +0200] "GET /faq.php HTTP/1.1" 200 9054 "-" "Mozilla/5.0 (compatible; bingbot/2.0; +http://www.bing.com/bingbot.htm)"
66.249.65.227 - - [13/Jul/2015:22:29:41 +0200] "GET / HTTP/1.1" 200 15920 "-" "Mozilla/5.0 (compatible; Googlebot/2.1; +http://www.google.com/bot.html)"
66.249.65.234 - - [13/Jul/2015:22:32:51 +0200] "GET / HTTP/1.1" 200 15920 "-" "Mozilla/5.0 (iPhone; CPU iPhone OS 6_0 like Mac OS X) AppleWebKit/536.26 (KHTML, like Gecko) Version/6.0 Mobile/10A5376e Safari/8536.25 (compatible; Googlebot/2.1; +http://www.google.com/bot.html)"
66.249.65.234 - - [13/Jul/2015:22:35:51 +0200] "GET / HTTP/1.1" 200 15920 "-" "Mozilla/5.0 (compatible; Googlebot/2.1; +http://www.google.com/bot.html)"
66.249.65.234 - - [13/Jul/2015:22:39:22 +0200] "GET / HTTP/1.1" 200 15920 "-" "Mozilla/5.0 (iPhone; CPU iPhone OS 6_0 like Mac OS X) AppleWebKit/536.26 (KHTML, like Gecko) Version/6.0 Mobile/10A5376e Safari/8536.25 (compatible; Googlebot/2.1; +http://www.google.com/bot.html)"
87.230.17.72 - - [13/Jul/2015:23:35:59 +0200] "GET / HTTP/1.1" 200 16125 "-" "ImplisenseBot 1.0"
87.230.17.72 - - [13/Jul/2015:23:45:26 +0200] "GET /impressum.php HTTP/1.1" 200 12936 "-" "ImplisenseBot 1.0"
188.165.15.234 - - [14/Jul/2015:01:19:15 +0200] "GET /ofenbau.php HTTP/1.1" 200 11696 "-" "Mozilla/5.0 (compatible; AhrefsBot/5.0; +http://ahrefs.com/robot/)"
123.125.71.97 - - [14/Jul/2015:01:30:48 +0200] "GET /robots.txt HTTP/1.1" 404 1256 "-" "Mozilla/5.0 (Windows NT 5.1; rv:6.0.2) Gecko/20100101 Firefox/6.0.2"
66.249.65.198 - - [14/Jul/2015:01:51:02 +0200] "GET /news.php?cs_go=archiv&cs_id=1955&cs_search= HTTP/1.1" 200 11477 "-" "Mozilla/5.0 (compatible; Googlebot/2.1; +http://www.google.com/bot.html)"
66.249.79.8 - - [14/Jul/2015:01:57:21 +0200] "GET /news.php?cs_go=archiv&cs_id=1955&cs_search= HTTP/1.1" 200 11477 "-" "Mozilla/5.0 (compatible; Googlebot/2.1; +http://www.google.com/bot.html)"
66.249.65.205 - - [14/Jul/2015:02:03:44 +0200] "GET /news.php?cs_go=archiv&cs_id=1955&cs_search= HTTP/1.1" 200 11477 "-" "Mozilla/5.0 (compatible; Googlebot/2.1; +http://www.google.com/bot.html)"
157.55.39.54 - - [14/Jul/2015:02:36:13 +0200] "GET /robots.txt HTTP/1.1" 404 1256 "-" "Mozilla/5.0 (compatible; bingbot/2.0; +http://www.bing.com/bingbot.htm)"
157.55.39.54 - - [14/Jul/2015:02:39:23 +0200] "GET / HTTP/1.1" 200 9656 "-" "Mozilla/5.0 (compatible; bingbot/2.0; +http://www.bing.com/bingbot.htm)"
66.249.65.234 - - [14/Jul/2015:03:45:57 +0200] "GET / HTTP/1.1" 200 15920 "-" "Mozilla/5.0 (compatible; Googlebot/2.1; +http://www.google.com/bot.html)"
66.249.65.234 - - [14/Jul/2015:03:48:57 +0200] "GET / HTTP/1.1" 200 15920 "-" "Mozilla/5.0 (iPhone; CPU iPhone OS 6_0 like Mac OS X) AppleWebKit/536.26 (KHTML, like Gecko) Version/6.0 Mobile/10A5376e Safari/8536.25 (compatible; Googlebot/2.1; +http://www.google.com/bot.html)"
66.249.65.234 - - [14/Jul/2015:03:52:15 +0200] "GET / HTTP/1.1" 200 15920 "-" "Mozilla/5.0 (compatible; Googlebot/2.1; +http://www.google.com/bot.html)"
66.249.65.227 - - [14/Jul/2015:03:55:35 +0200] "GET / HTTP/1.1" 200 15920 "-" "Mozilla/5.0 (iPhone; CPU iPhone OS 6_0 like Mac OS X) AppleWebKit/536.26 (KHTML, like Gecko) Version/6.0 Mobile/10A5376e Safari/8536.25 (compatible; Googlebot/2.1; +http://www.google.com/bot.html)"
123.125.71.22 - - [14/Jul/2015:04:45:48 +0200] "GET / HTTP/1.1" 200 9656 "-" "Mozilla/5.0 (Windows NT 5.1; rv:6.0.2) Gecko/20100101 Firefox/6.0.2"
144.76.185.173 - - [14/Jul/2015:04:52:26 +0200] "GET /news.php?cs_go=archiv&cs_id=4511&cs_search= HTTP/1.1" 200 11682 "-" "Mozilla/5.0 (Windows NT 6.1; rv:6.0) Gecko/20100101 Firefox/19.0"
136.243.17.161 - - [14/Jul/2015:04:52:26 +0200] "GET /news.php?cs_go=archiv&cs_id=4514 HTTP/1.1" 200 11682 "-" "Mozilla/5.0 (Macintosh; Intel Mac OS X 107) AppleWebKit/534.48.3 (KHTML like Gecko) Version/5.1 Safari/534.48.3"
148.251.54.44 - - [14/Jul/2015:04:52:26 +0200] "GET /news.php?cs_go=archiv&cs_id=3906&cs_search= HTTP/1.1" 200 11682 "-" "Mozilla/5.0 (compatible; MSIE 10.0; Windows NT 6.1; Trident/6.0)"
148.251.54.44 - - [14/Jul/2015:04:52:26 +0200] "GET /news.php?cs_go=archiv&cs_id=4444 HTTP/1.1" 200 11682 "-" "Mozilla/5.0 (compatible; MSIE 10.0; Windows NT 6.1; Trident/6.0)"
136.243.17.161 - - [14/Jul/2015:04:52:35 +0200] "GET /news.php?cs_go=archiv&cs_id=4514 HTTP/1.1" 200 11682 "-" "Mozilla/5.0 (compatible; MSIE 10.0; Windows NT 6.1; WOW64; Trident/6.0)"
148.251.54.44 - - [14/Jul/2015:04:52:35 +0200] "GET /news.php?cs_go=archiv&cs_id=3906&cs_search= HTTP/1.1" 200 11682 "-" "Mozilla/5.0 (Windows NT 6.1; rv:12.0) Gecko/ 20120405 Firefox/14.0.1"
148.251.54.44 - - [14/Jul/2015:04:52:35 +0200] "GET /news.php?cs_go=archiv&cs_id=4444 HTTP/1.1" 200 11682 "-" "Mozilla/5.0 (Windows NT 5.0; rv:21.0) Gecko/20100101 Firefox/21.0"
144.76.185.173 - - [14/Jul/2015:04:52:35 +0200] "GET /news.php?cs_go=archiv&cs_id=4511&cs_search= HTTP/1.1" 200 11682 "-" "Mozilla/5.0 (compatible; MSIE 10.0; Windows NT 6.1; Trident/5.0)"
144.76.201.69 - - [14/Jul/2015:04:52:40 +0200] "GET /news.php?cs_go=archiv&cs_id=4511&cs_search= HTTP/1.1" 200 11682 "-" "Mozilla/5.0 (Windows NT 6.1) AppleWebKit/537.22 (KHTML, like Gecko) Chrome/25.0.1364.169 Safari/537.22"
93.186.202.241 - - [14/Jul/2015:04:52:40 +0200] "GET /news.php?cs_go=archiv&cs_id=4514 HTTP/1.1" 200 11682 "-" "Mozilla/5.0 (Macintosh; Intel Mac OS X 10_8) AppleWebKit/536.25 (KHTML, like Gecko) Version/6.0 Safari/536.25"
148.251.124.42 - - [14/Jul/2015:04:52:41 +0200] "GET /news.php?cs_go=archiv&cs_id=3906&cs_search= HTTP/1.1" 200 11682 "-" "Mozilla/5.0 (compatible; MSIE 10.0; Windows NT 6.1; Trident/6.0)"
148.251.124.42 - - [14/Jul/2015:04:52:41 +0200] "GET /news.php?cs_go=archiv&cs_id=4444 HTTP/1.1" 200 11682 "-" "Mozilla/5.0 (Windows NT 5.1; rv:21.0) Gecko/20130401 Firefox/21.0"
93.186.202.241 - - [14/Jul/2015:04:52:48 +0200] "GET /news.php?cs_go=archiv&cs_id=4514 HTTP/1.1" 200 11682 "-" "Mozilla/5.0 (X11; Ubuntu; Linux x86_64; rv:14.0) Gecko/20100101 Firefox/14.0.1"
144.76.201.69 - - [14/Jul/2015:04:52:49 +0200] "GET /news.php?cs_go=archiv&cs_id=4511&cs_search= HTTP/1.1" 200 11682 "-" "Mozilla/5.0 (X11; Ubuntu; Linux i686; rv:14.0) Gecko/20100101 Firefox/14.0.1"
148.251.124.42 - - [14/Jul/2015:04:52:49 +0200] "GET /news.php?cs_go=archiv&cs_id=3906&cs_search= HTTP/1.1" 200 11682 "-" "Mozilla/5.0 (Macintosh; Intel Mac OS X 10_6_8) AppleWebKit/535.19 (KHTML, like Gecko) Chrome/18.0.1025.166 Safari/535.19"
148.251.124.42 - - [14/Jul/2015:04:52:49 +0200] "GET /news.php?cs_go=archiv&cs_id=4444 HTTP/1.1" 200 11682 "-" "Mozilla/5.0 (X11; U; Linux i686; en-US; rv:1.9.1.16) Gecko/20120421 Gecko Firefox/11.0"
144.76.71.83 - - [14/Jul/2015:04:52:55 +0200] "GET /news.php?cs_go=archiv&cs_id=4511&cs_search= HTTP/1.1" 200 11682 "-" "Mozilla/5.0 (Windows NT 6.1; de;rv:12.0) Gecko/20120403211507 Firefox/12.0"
5.9.112.6 - - [14/Jul/2015:04:52:55 +0200] "GET /news.php?cs_go=archiv&cs_id=4444 HTTP/1.1" 200 11682 "-" "Mozilla/5.0 (Windows NT 6.1; rv:12.0) Gecko/20120403211507 Firefox/12.0"
5.9.112.6 - - [14/Jul/2015:04:52:55 +0200] "GET /news.php?cs_go=archiv&cs_id=3906&cs_search= HTTP/1.1" 200 11682 "-" "Mozilla/5.0 (Windows NT 6.0; rv:14.0) Gecko/20100101 Firefox/14.0.1"
148.251.75.46 - - [14/Jul/2015:04:52:55 +0200] "GET /news.php?cs_go=archiv&cs_id=4514 HTTP/1.1" 200 11682 "-" "Mozilla/5.0 (X11; Ubuntu; Linux i686; rv:15.0) Gecko/20100101 Firefox/15.0.1"
144.76.71.83 - - [14/Jul/2015:04:53:03 +0200] "GET /news.php?cs_go=archiv&cs_id=4511&cs_search= HTTP/1.1" 200 11682 "-" "Mozilla/5.0 (Windows NT 6.1; de;rv:12.0) Gecko/20120403211507 Firefox/12.0"
148.251.75.46 - - [14/Jul/2015:04:53:03 +0200] "GET /news.php?cs_go=archiv&cs_id=4514 HTTP/1.1" 200 11682 "-" "Mozilla/5.0 (Windows NT 5.0; rv:21.0) Gecko/20100101 Firefox/21.0"
5.9.112.6 - - [14/Jul/2015:04:53:04 +0200] "GET /news.php?cs_go=archiv&cs_id=4444 HTTP/1.1" 200 11682 "-" "Mozilla/5.0 (Windows NT 6.1) AppleWebKit/537.36 (KHTML, like Gecko) Chrome/27.0.1453.90 Safari/537.36"
5.9.112.6 - - [14/Jul/2015:04:53:04 +0200] "GET /news.php?cs_go=archiv&cs_id=3906&cs_search= HTTP/1.1" 200 11682 "-" "Mozilla/5.0 (X11; Linux x86_64) AppleWebKit/534.24 (KHTML, like Gecko) Chrome/11.0.696.34 Safari/534.24"
208.115.113.93 - - [14/Jul/2015:05:38:59 +0200] "GET /robots.txt HTTP/1.1" 404 1256 "-" "Mozilla/5.0 (compatible; DotBot/1.1; http://www.opensiteexplorer.org/dotbot, help@moz.com)"
157.55.39.78 - - [14/Jul/2015:05:36:00 +0200] "GET /heizoel.php HTTP/1.1" 200 9577 "-" "Mozilla/5.0 (compatible; bingbot/2.0; +http://www.bing.com/bingbot.htm)"
208.115.113.89 - - [14/Jul/2015:05:46:48 +0200] "GET /robots.txt HTTP/1.1" 404 1256 "-" "Mozilla/5.0 (compatible; DotBot/1.1; http://www.opensiteexplorer.org/dotbot, help@moz.com)"
157.55.39.187 - - [14/Jul/2015:06:24:32 +0200] "GET /edl.php HTTP/1.1" 200 9109 "-" "Mozilla/5.0 (compatible; bingbot/2.0; +http://www.bing.com/bingbot.htm)"
208.115.113.93 - - [14/Jul/2015:06:32:38 +0200] "GET /news.php?cs_go=archiv&cs_id=5328 HTTP/1.1" 200 11477 "-" "Mozilla/5.0 (compatible; DotBot/1.1; http://www.opensiteexplorer.org/dotbot, help@moz.com)"
208.115.113.89 - - [14/Jul/2015:06:47:10 +0200] "GET /news.php?cs_go=archiv&cs_id=5328 HTTP/1.1" 200 11477 "-" "Mozilla/5.0 (compatible; DotBot/1.1; http://www.opensiteexplorer.org/dotbot, help@moz.com)"
106.120.160.119 - - [14/Jul/2015:07:15:58 +0200] "GET / HTTP/1.1" 200 16125 "http://www.esso-berlin.de/" "Mozilla/4.0 (compatible; MSIE 8.0; Windows NT 6.1; Trident/4.0; SLCC2; .NET CLR 2.0.50727; .NET CLR 3.5.30729; .NET CLR 3.0.30729; Media Center PC 6.0; Tablet PC 2.0)"
193.252.118.167 - - [14/Jul/2015:07:44:49 +0200] "GET /robots.txt HTTP/1.1" 404 1256 "-" "Mozilla/5.0 (compatible; OrangeBot/2.0; support.orangebot@orange.com)"
193.252.118.167 - - [14/Jul/2015:07:44:58 +0200] "GET / HTTP/1.1" 200 16125 "-" "Mozilla/5.0 (compatible; OrangeBot/2.0; support.orangebot@orange.com)"
198.100.144.83 - - [14/Jul/2015:08:41:37 +0200] "GET /robots.txt HTTP/1.0" 404 1256 "-" "Mozilla/5.0 (compatible; MJ12bot/v1.4.5; http://www.majestic12.co.uk/bot.php?+)"
198.100.144.83 - - [14/Jul/2015:08:41:39 +0200] "GET /news.php?cs_go=archiv&cs_id=5207 HTTP/1.0" 200 11477 "-" "Mozilla/5.0 (compatible; MJ12bot/v1.4.5; http://www.majestic12.co.uk/bot.php?+)"
198.100.144.83 - - [14/Jul/2015:08:42:24 +0200] "GET /news.php?cs_go=archiv&cs_id=5208 HTTP/1.0" 200 11477 "-" "Mozilla/5.0 (compatible; MJ12bot/v1.4.5; http://www.majestic12.co.uk/bot.php?+)"
198.100.144.83 - - [14/Jul/2015:08:43:14 +0200] "GET /news.php?cs_go=archiv&cs_startpos=61 HTTP/1.0" 200 11477 "-" "Mozilla/5.0 (compatible; MJ12bot/v1.4.5; http://www.majestic12.co.uk/bot.php?+)"
178.63.13.15 - - [14/Jul/2015:09:10:50 +0200] "GET /robots.txt HTTP/1.0" 404 1256 "-" "Mozilla/5.0 (compatible; MJ12bot/v1.4.5; http://www.majestic12.co.uk/bot.php?+)"
178.63.13.15 - - [14/Jul/2015:09:10:53 +0200] "GET /index.php HTTP/1.0" 200 15920 "-" "Mozilla/5.0 (compatible; MJ12bot/v1.4.5; http://www.majestic12.co.uk/bot.php?+)"
178.63.13.15 - - [14/Jul/2015:09:11:35 +0200] "GET /kontakt.php HTTP/1.0" 200 11467 "-" "Mozilla/5.0 (compatible; MJ12bot/v1.4.5; http://www.majestic12.co.uk/bot.php?+)"
178.63.13.15 - - [14/Jul/2015:09:25:27 +0200] "GET /robots.txt HTTP/1.0" 404 1256 "-" "Mozilla/5.0 (compatible; MJ12bot/v1.4.5; http://www.majestic12.co.uk/bot.php?+)"
46.4.123.172 - - [14/Jul/2015:09:26:38 +0200] "GET /robots.txt HTTP/1.0" 404 1256 "-" "Mozilla/5.0 (compatible; MJ12bot/v1.4.5; http://www.majestic12.co.uk/bot.php?+)"
178.63.13.15 - - [14/Jul/2015:09:25:29 +0200] "GET /news.php?cs_go=archiv&cs_id=5248&cs_search= HTTP/1.0" 200 11477 "-" "Mozilla/5.0 (compatible; MJ12bot/v1.4.5; http://www.majestic12.co.uk/bot.php?+)"
178.63.13.15 - - [14/Jul/2015:09:26:15 +0200] "GET /news.php?cs_go=archiv&cs_id=5361 HTTP/1.0" 200 11477 "-" "Mozilla/5.0 (compatible; MJ12bot/v1.4.5; http://www.majestic12.co.uk/bot.php?+)"
46.4.123.172 - - [14/Jul/2015:09:26:40 +0200] "GET /news.php?cs_go=archiv&cs_id=5197 HTTP/1.0" 200 11477 "-" "Mozilla/5.0 (compatible; MJ12bot/v1.4.5; http://www.majestic12.co.uk/bot.php?+)"
46.4.123.172 - - [14/Jul/2015:09:27:22 +0200] "GET /news.php?cs_go=archiv&cs_id=5198 HTTP/1.0" 200 11477 "-" "Mozilla/5.0 (compatible; MJ12bot/v1.4.5; http://www.majestic12.co.uk/bot.php?+)"
178.63.13.15 - - [14/Jul/2015:09:34:45 +0200] "GET /robots.txt HTTP/1.0" 404 1256 "-" "Mozilla/5.0 (compatible; MJ12bot/v1.4.5; http://www.majestic12.co.uk/bot.php?+)"
178.63.13.15 - - [14/Jul/2015:09:34:47 +0200] "GET /news.php?cs_go=archiv&cs_id=4121&cs_search= HTTP/1.0" 200 11477 "-" "Mozilla/5.0 (compatible; MJ12bot/v1.4.5; http://www.majestic12.co.uk/bot.php?+)"
178.63.13.15 - - [14/Jul/2015:09:35:37 +0200] "GET /news.php?cs_go=archiv&cs_id=4123&cs_search= HTTP/1.0" 200 11477 "-" "Mozilla/5.0 (compatible; MJ12bot/v1.4.5; http://www.majestic12.co.uk/bot.php?+)"
178.63.13.15 - - [14/Jul/2015:09:36:19 +0200] "GET /news.php?cs_go=archiv&cs_id=4202 HTTP/1.0" 200 11477 "-" "Mozilla/5.0 (compatible; MJ12bot/v1.4.5; http://www.majestic12.co.uk/bot.php?+)"
178.63.13.15 - - [14/Jul/2015:09:37:07 +0200] "GET /news.php?cs_go=archiv&cs_id=4746&cs_search= HTTP/1.0" 200 11477 "-" "Mozilla/5.0 (compatible; MJ12bot/v1.4.5; http://www.majestic12.co.uk/bot.php?+)"
144.76.42.76 - - [14/Jul/2015:09:42:01 +0200] "GET / HTTP/1.1" 200 15920 "-" "Mozilla/5.0 (Macintosh; Intel Mac OS X 10_8_2) AppleWebKit/537.17 (KHTML, like Gecko) Chrome/24.0.1312.52 Safari/537.17"
144.76.42.76 - - [14/Jul/2015:09:42:03 +0200] "GET / HTTP/1.1" 200 15920 "-" "Mozilla/5.0 (Macintosh; Intel Mac OS X 10_8_2) AppleWebKit/537.17 (KHTML, like Gecko) Chrome/24.0.1312.52 Safari/537.17"
66.249.65.220 - - [14/Jul/2015:09:50:50 +0200] "GET /robots.txt HTTP/1.1" 404 1256 "-" "Mozilla/5.0 (compatible; Googlebot/2.1; +http://www.google.com/bot.html)"
66.249.65.227 - - [14/Jul/2015:09:50:50 +0200] "GET / HTTP/1.1" 200 15385 "-" "Mozilla/5.0 (compatible; Googlebot/2.1; +http://www.google.com/bot.html)"
66.249.65.234 - - [14/Jul/2015:09:55:42 +0200] "GET / HTTP/1.1" 200 13251 "-" "Mozilla/5.0 (compatible; Googlebot/2.1; +http://www.google.com/bot.html)"
66.249.65.220 - - [14/Jul/2015:09:58:42 +0200] "GET / HTTP/1.1" 200 15920 "-" "Mozilla/5.0 (compatible; Googlebot/2.1; +http://www.google.com/bot.html)"
66.249.65.227 - - [14/Jul/2015:10:02:06 +0200] "GET / HTTP/1.1" 200 15920 "-" "Mozilla/5.0 (compatible; Googlebot/2.1; +http://www.google.com/bot.html)"
66.249.65.227 - - [14/Jul/2015:10:05:14 +0200] "GET / HTTP/1.1" 200 15920 "-" "Mozilla/5.0 (compatible; Googlebot/2.1; +http://www.google.com/bot.html)"
66.249.65.227 - - [14/Jul/2015:10:09:12 +0200] "GET / HTTP/1.1" 200 15920 "-" "Mozilla/5.0 (compatible; Googlebot/2.1; +http://www.google.com/bot.html)"
208.115.111.73 - - [14/Jul/2015:10:37:56 +0200] "GET /robots.txt HTTP/1.1" 404 1256 "-" "Mozilla/5.0 (compatible; DotBot/1.1; http://www.opensiteexplorer.org/dotbot, help@moz.com)"
5.9.41.104 - - [14/Jul/2015:11:17:25 +0200] "GET /robots.txt HTTP/1.1" 404 1256 "-" "Mozilla/5.0 (compatible; SearchmetricsBot; http://www.searchmetrics.com/en/searchmetrics-bot/)"
5.9.41.104 - - [14/Jul/2015:11:21:26 +0200] "GET /../kwk.php HTTP/1.1" 400 1200 "-" "Mozilla/5.0 (compatible; SearchmetricsBot; http://www.searchmetrics.com/en/searchmetrics-bot/)"
5.9.41.104 - - [14/Jul/2015:11:17:56 +0200] "GET /biogasanlage.php HTTP/1.1" 200 11909 "-" "Mozilla/5.0 (compatible; SearchmetricsBot; http://www.searchmetrics.com/en/searchmetrics-bot/)"
5.9.41.104 - - [14/Jul/2015:11:18:06 +0200] "GET /adblue.php HTTP/1.1" 200 15843 "-" "Mozilla/5.0 (compatible; SearchmetricsBot; http://www.searchmetrics.com/en/searchmetrics-bot/)"
5.9.41.104 - - [14/Jul/2015:11:18:47 +0200] "GET /impressum.php HTTP/1.1" 200 12936 "-" "Mozilla/5.0 (compatible; SearchmetricsBot; http://www.searchmetrics.com/en/searchmetrics-bot/)"
5.9.41.104 - - [14/Jul/2015:11:18:57 +0200] "GET /jobs.php HTTP/1.1" 200 11716 "-" "Mozilla/5.0 (compatible; SearchmetricsBot; http://www.searchmetrics.com/en/searchmetrics-bot/)"
5.9.41.104 - - [14/Jul/2015:11:19:07 +0200] "GET /schmierstoffe.php HTTP/1.1" 200 14431 "-" "Mozilla/5.0 (compatible; SearchmetricsBot; http://www.searchmetrics.com/en/searchmetrics-bot/)"
5.9.41.104 - - [14/Jul/2015:11:19:17 +0200] "GET /preisanfrage.php HTTP/1.1" 200 11698 "-" "Mozilla/5.0 (compatible; SearchmetricsBot; http://www.searchmetrics.com/en/searchmetrics-bot/)"
5.9.41.104 - - [14/Jul/2015:11:20:01 +0200] "GET /baustellenbetankung.php HTTP/1.1" 200 12527 "-" "Mozilla/5.0 (compatible; SearchmetricsBot; http://www.searchmetrics.com/en/searchmetrics-bot/)"
5.9.41.104 - - [14/Jul/2015:11:20:22 +0200] "GET /marktdaten.php HTTP/1.1" 200 12103 "-" "Mozilla/5.0 (compatible; SearchmetricsBot; http://www.searchmetrics.com/en/searchmetrics-bot/)"
208.115.111.73 - - [14/Jul/2015:11:20:26 +0200] "GET /faq.php HTTP/1.1" 200 11476 "-" "Mozilla/5.0 (compatible; DotBot/1.1; http://www.opensiteexplorer.org/dotbot, help@moz.com)"
5.9.41.104 - - [14/Jul/2015:11:17:25 +0200] "GET / HTTP/1.1" 200 16125 "-" "Mozilla/5.0 (compatible; SearchmetricsBot; http://www.searchmetrics.com/en/searchmetrics-bot/)"
5.9.41.104 - - [14/Jul/2015:11:17:35 +0200] "GET /kontakt.php HTTP/1.1" 200 11672 "-" "Mozilla/5.0 (compatible; SearchmetricsBot; http://www.searchmetrics.com/en/searchmetrics-bot/)"
5.9.41.104 - - [14/Jul/2015:11:20:45 +0200] "GET /essoschmierstoffe.php HTTP/1.1" 200 15592 "-" "Mozilla/5.0 (compatible; SearchmetricsBot; http://www.searchmetrics.com/en/searchmetrics-bot/)"
5.9.41.104 - - [14/Jul/2015:11:17:45 +0200] "GET /tankreinigung.php HTTP/1.1" 200 11962 "-" "Mozilla/5.0 (compatible; SearchmetricsBot; http://www.searchmetrics.com/en/searchmetrics-bot/)"
5.9.41.104 - - [14/Jul/2015:11:20:55 +0200] "GET /premiumheizoel.php HTTP/1.1" 200 12235 "-" "Mozilla/5.0 (compatible; SearchmetricsBot; http://www.searchmetrics.com/en/searchmetrics-bot/)"
5.9.41.104 - - [14/Jul/2015:11:18:16 +0200] "GET /heizoel.php HTTP/1.1" 200 12204 "-" "Mozilla/5.0 (compatible; SearchmetricsBot; http://www.searchmetrics.com/en/searchmetrics-bot/)"
5.9.41.104 - - [14/Jul/2015:11:18:26 +0200] "GET /diesel.php HTTP/1.1" 200 12167 "-" "Mozilla/5.0 (compatible; SearchmetricsBot; http://www.searchmetrics.com/en/searchmetrics-bot/)"
5.9.41.104 - - [14/Jul/2015:11:18:37 +0200] "GET /ec.php HTTP/1.1" 200 11821 "-" "Mozilla/5.0 (compatible; SearchmetricsBot; http://www.searchmetrics.com/en/searchmetrics-bot/)"
5.9.41.104 - - [14/Jul/2015:11:21:47 +0200] "GET /waermekonto.php HTTP/1.1" 200 12036 "-" "Mozilla/5.0 (compatible; SearchmetricsBot; http://www.searchmetrics.com/en/searchmetrics-bot/)"
5.9.41.104 - - [14/Jul/2015:11:22:30 +0200] "GET /notdienst.php HTTP/1.1" 200 12433 "-" "Mozilla/5.0 (compatible; SearchmetricsBot; http://www.searchmetrics.com/en/searchmetrics-bot/)"
5.9.41.104 - - [14/Jul/2015:11:22:41 +0200] "GET /ansprechpartner.php HTTP/1.1" 200 13907 "-" "Mozilla/5.0 (compatible; SearchmetricsBot; http://www.searchmetrics.com/en/searchmetrics-bot/)"
5.9.41.104 - - [14/Jul/2015:11:19:41 +0200] "GET /brennwerttechnik.php HTTP/1.1" 200 12064 "-" "Mozilla/5.0 (compatible; SearchmetricsBot; http://www.searchmetrics.com/en/searchmetrics-bot/)"
5.9.41.104 - - [14/Jul/2015:11:19:51 +0200] "GET /edl.php HTTP/1.1" 200 12021 "-" "Mozilla/5.0 (compatible; SearchmetricsBot; http://www.searchmetrics.com/en/searchmetrics-bot/)"
5.9.41.104 - - [14/Jul/2015:11:20:12 +0200] "GET /faq.php HTTP/1.1" 200 11681 "-" "Mozilla/5.0 (compatible; SearchmetricsBot; http://www.searchmetrics.com/en/searchmetrics-bot/)"
5.9.41.104 - - [14/Jul/2015:11:20:35 +0200] "GET /energiesparcheck.php HTTP/1.1" 200 11754 "-" "Mozilla/5.0 (compatible; SearchmetricsBot; http://www.searchmetrics.com/en/searchmetrics-bot/)"
5.9.41.104 - - [14/Jul/2015:11:21:06 +0200] "GET /foerdermittel.php HTTP/1.1" 200 12029 "-" "Mozilla/5.0 (compatible; SearchmetricsBot; http://www.searchmetrics.com/en/searchmetrics-bot/)"
5.9.41.104 - - [14/Jul/2015:11:21:16 +0200] "GET /lexikon.php HTTP/1.1" 200 11671 "-" "Mozilla/5.0 (compatible; SearchmetricsBot; http://www.searchmetrics.com/en/searchmetrics-bot/)"
5.9.41.104 - - [14/Jul/2015:11:21:26 +0200] "GET /ofenbau.php HTTP/1.1" 200 11901 "-" "Mozilla/5.0 (compatible; SearchmetricsBot; http://www.searchmetrics.com/en/searchmetrics-bot/)"
5.9.41.104 - - [14/Jul/2015:11:21:36 +0200] "GET /news.php HTTP/1.1" 200 11682 "-" "Mozilla/5.0 (compatible; SearchmetricsBot; http://www.searchmetrics.com/en/searchmetrics-bot/)"
5.9.41.104 - - [14/Jul/2015:11:22:00 +0200] "GET /wunschpreis.php HTTP/1.1" 200 11851 "-" "Mozilla/5.0 (compatible; SearchmetricsBot; http://www.searchmetrics.com/en/searchmetrics-bot/)"
5.9.41.104 - - [14/Jul/2015:11:22:10 +0200] "GET /index.php HTTP/1.1" 200 16125 "-" "Mozilla/5.0 (compatible; SearchmetricsBot; http://www.searchmetrics.com/en/searchmetrics-bot/)"
5.9.41.104 - - [14/Jul/2015:11:22:20 +0200] "GET /tankanlagen.php HTTP/1.1" 200 11893 "-" "Mozilla/5.0 (compatible; SearchmetricsBot; http://www.searchmetrics.com/en/searchmetrics-bot/)"
5.9.41.104 - - [14/Jul/2015:11:19:28 +0200] "GET /energiekostenvergleich.php HTTP/1.1" 200 24259 "-" "Mozilla/5.0 (compatible; SearchmetricsBot; http://www.searchmetrics.com/en/searchmetrics-bot/)"
64.246.165.10 - - [14/Jul/2015:13:13:50 +0200] "GET /robots.txt HTTP/1.0" 404 1256 "-" "Mozilla/5.0 (Windows; U; Windows NT 5.1; en; rv:1.9.0.13) Gecko/2009073022 Firefox/3.5.2 (.NET CLR 3.5.30729) SurveyBot/2.3 (DomainTools)"
64.246.165.10 - - [14/Jul/2015:13:13:51 +0200] "GET / HTTP/1.1" 200 15920 "http://whois.domaintools.com/mobilschmierstoffe.de" "Mozilla/5.0 (Windows; U; Windows NT 5.1; en; rv:1.9.0.13) Gecko/2009073022 Firefox/3.5.2 (.NET CLR 3.5.30729) SurveyBot/2.3 (DomainTools)"
66.249.65.227 - - [14/Jul/2015:13:22:11 +0200] "GET /news.php?cs_go=archiv&cs_id=2022 HTTP/1.1" 200 11477 "-" "Mozilla/5.0 (compatible; Googlebot/2.1; +http://www.google.com/bot.html)"
66.249.65.234 - - [14/Jul/2015:13:28:38 +0200] "GET /news.php?cs_go=archiv&cs_id=2022 HTTP/1.1" 200 11477 "-" "Mozilla/5.0 (compatible; Googlebot/2.1; +http://www.google.com/bot.html)"
66.249.65.227 - - [14/Jul/2015:13:35:13 +0200] "GET /news.php?cs_go=archiv&cs_id=2022 HTTP/1.1" 200 11477 "-" "Mozilla/5.0 (compatible; Googlebot/2.1; +http://www.google.com/bot.html)"
157.55.39.236 - - [14/Jul/2015:13:43:50 +0200] "GET / HTTP/1.1" 200 9656 "-" "Mozilla/5.0 (compatible; bingbot/2.0; +http://www.bing.com/bingbot.htm)"
66.249.65.207 - - [14/Jul/2015:13:48:42 +0200] "GET /robots.txt HTTP/1.1" 404 1256 "-" "Mozilla/5.0 (compatible; Googlebot/2.1; +http://www.google.com/bot.html)"
66.249.65.207 - - [14/Jul/2015:13:48:43 +0200] "GET /news.php?cs_go=archiv&cs_id=4011 HTTP/1.1" 200 11477 "-" "Mozilla/5.0 (iPhone; CPU iPhone OS 6_0 like Mac OS X) AppleWebKit/536.26 (KHTML, like Gecko) Version/6.0 Mobile/10A5376e Safari/8536.25 (compatible; Googlebot/2.1; +http://www.google.com/bot.html)"
66.249.65.214 - - [14/Jul/2015:13:55:01 +0200] "GET /news.php?cs_go=archiv&cs_id=4011 HTTP/1.1" 200 11477 "-" "Mozilla/5.0 (iPhone; CPU iPhone OS 6_0 like Mac OS X) AppleWebKit/536.26 (KHTML, like Gecko) Version/6.0 Mobile/10A5376e Safari/8536.25 (compatible; Googlebot/2.1; +http://www.google.com/bot.html)"
66.249.65.214 - - [14/Jul/2015:14:01:10 +0200] "GET /news.php?cs_go=archiv&cs_id=4011 HTTP/1.1" 200 11477 "-" "Mozilla/5.0 (iPhone; CPU iPhone OS 6_0 like Mac OS X) AppleWebKit/536.26 (KHTML, like Gecko) Version/6.0 Mobile/10A5376e Safari/8536.25 (compatible; Googlebot/2.1; +http://www.google.com/bot.html)"
123.125.71.15 - - [14/Jul/2015:15:49:26 +0200] "GET / HTTP/1.1" 200 9656 "-" "Mozilla/5.0 (Windows NT 5.1; rv:6.0.2) Gecko/20100101 Firefox/6.0.2"
220.181.108.75 - - [14/Jul/2015:15:51:55 +0200] "GET / HTTP/1.1" 200 9656 "-" "Mozilla/5.0 (Windows NT 5.1; rv:6.0.2) Gecko/20100101 Firefox/6.0.2"
66.249.65.12 - - [14/Jul/2015:16:24:58 +0200] "GET /robots.txt HTTP/1.1" 404 1256 "-" "Mozilla/5.0 (compatible; Googlebot/2.1; +http://www.google.com/bot.html)"
66.249.65.12 - - [14/Jul/2015:16:24:58 +0200] "GET / HTTP/1.1" 200 15920 "-" "Mozilla/5.0 (compatible; Googlebot/2.1; +http://www.google.com/bot.html)"
66.249.65.16 - - [14/Jul/2015:16:31:37 +0200] "GET / HTTP/1.1" 200 15920 "-" "Mozilla/5.0 (compatible; Googlebot/2.1; +http://www.google.com/bot.html)"
66.249.65.16 - - [14/Jul/2015:16:37:41 +0200] "GET / HTTP/1.1" 200 15920 "-" "Mozilla/5.0 (compatible; Googlebot/2.1; +http://www.google.com/bot.html)"
173.242.113.188 - - [14/Jul/2015:17:43:54 +0200] "GET /robots.txt HTTP/1.0" 404 1256 "-" "Mozilla/5.0 (compatible; MJ12bot/v1.4.5; http://www.majestic12.co.uk/bot.php?+)"
37.187.137.225 - - [14/Jul/2015:17:44:06 +0200] "GET /robots.txt HTTP/1.0" 404 1256 "-" "Mozilla/5.0 (compatible; MJ12bot/v1.4.5; http://www.majestic12.co.uk/bot.php?+)"
173.242.113.188 - - [14/Jul/2015:17:43:56 +0200] "GET /news.php?cs_go=archiv&cs_id=5231&cs_search= HTTP/1.0" 200 11477 "-" "Mozilla/5.0 (compatible; MJ12bot/v1.4.5; http://www.majestic12.co.uk/bot.php?+)"
37.187.137.225 - - [14/Jul/2015:17:44:08 +0200] "GET /news.php?cs_go=archiv&cs_id=4679 HTTP/1.0" 200 11477 "-" "Mozilla/5.0 (compatible; MJ12bot/v1.4.5; http://www.majestic12.co.uk/bot.php?+)"
173.242.113.188 - - [14/Jul/2015:17:44:38 +0200] "GET /news.php?cs_go=archiv&cs_id=5240 HTTP/1.0" 200 11477 "-" "Mozilla/5.0 (compatible; MJ12bot/v1.4.5; http://www.majestic12.co.uk/bot.php?+)"
37.187.137.225 - - [14/Jul/2015:17:44:51 +0200] "GET /news.php?cs_go=archiv&cs_id=4682 HTTP/1.0" 200 11477 "-" "Mozilla/5.0 (compatible; MJ12bot/v1.4.5; http://www.majestic12.co.uk/bot.php?+)"
173.242.113.188 - - [14/Jul/2015:17:45:20 +0200] "GET /news.php?cs_go=archiv&cs_id=5240&cs_search= HTTP/1.0" 200 11477 "-" "Mozilla/5.0 (compatible; MJ12bot/v1.4.5; http://www.majestic12.co.uk/bot.php?+)"
37.187.137.225 - - [14/Jul/2015:17:45:33 +0200] "GET /news.php?cs_go=archiv&cs_id=4686&cs_search= HTTP/1.0" 200 11477 "-" "Mozilla/5.0 (compatible; MJ12bot/v1.4.5; http://www.majestic12.co.uk/bot.php?+)"
173.242.113.188 - - [14/Jul/2015:17:46:03 +0200] "GET /news.php?cs_go=archiv&cs_id=5242 HTTP/1.0" 200 11477 "-" "Mozilla/5.0 (compatible; MJ12bot/v1.4.5; http://www.majestic12.co.uk/bot.php?+)"
37.187.137.225 - - [14/Jul/2015:17:46:16 +0200] "GET /news.php?cs_go=archiv&cs_id=4688 HTTP/1.0" 200 11477 "-" "Mozilla/5.0 (compatible; MJ12bot/v1.4.5; http://www.majestic12.co.uk/bot.php?+)"
173.242.113.188 - - [14/Jul/2015:17:46:45 +0200] "GET /news.php?cs_go=archiv&cs_id=5243 HTTP/1.0" 200 11477 "-" "Mozilla/5.0 (compatible; MJ12bot/v1.4.5; http://www.majestic12.co.uk/bot.php?+)"
37.187.137.225 - - [14/Jul/2015:17:46:58 +0200] "GET /news.php?cs_go=archiv&cs_id=4688&cs_search= HTTP/1.0" 200 11477 "-" "Mozilla/5.0 (compatible; MJ12bot/v1.4.5; http://www.majestic12.co.uk/bot.php?+)"
46.4.120.3 - - [14/Jul/2015:17:53:41 +0200] "GET /robots.txt HTTP/1.0" 404 1256 "-" "Mozilla/5.0 (compatible; MJ12bot/v1.4.5; http://www.majestic12.co.uk/bot.php?+)"
173.242.113.188 - - [14/Jul/2015:17:47:28 +0200] "GET /news.php?cs_go=archiv&cs_id=5244 HTTP/1.0" 200 11477 "-" "Mozilla/5.0 (compatible; MJ12bot/v1.4.5; http://www.majestic12.co.uk/bot.php?+)"
37.187.137.225 - - [14/Jul/2015:17:47:41 +0200] "GET /news.php?cs_go=archiv&cs_id=4692&cs_search= HTTP/1.0" 200 11477 "-" "Mozilla/5.0 (compatible; MJ12bot/v1.4.5; http://www.majestic12.co.uk/bot.php?+)"
173.242.113.188 - - [14/Jul/2015:17:48:10 +0200] "GET /news.php?cs_go=archiv&cs_id=5245 HTTP/1.0" 200 11477 "-" "Mozilla/5.0 (compatible; MJ12bot/v1.4.5; http://www.majestic12.co.uk/bot.php?+)"
37.187.137.225 - - [14/Jul/2015:17:48:23 +0200] "GET /news.php?cs_go=archiv&cs_id=4693&cs_search= HTTP/1.0" 200 11477 "-" "Mozilla/5.0 (compatible; MJ12bot/v1.4.5; http://www.majestic12.co.uk/bot.php?+)"
173.242.113.188 - - [14/Jul/2015:17:48:52 +0200] "GET /news.php?cs_go=archiv&cs_id=5267&cs_search= HTTP/1.0" 200 11477 "-" "Mozilla/5.0 (compatible; MJ12bot/v1.4.5; http://www.majestic12.co.uk/bot.php?+)"
37.187.137.225 - - [14/Jul/2015:17:49:05 +0200] "GET /news.php?cs_go=archiv&cs_id=4694&cs_search= HTTP/1.0" 200 11477 "-" "Mozilla/5.0 (compatible; MJ12bot/v1.4.5; http://www.majestic12.co.uk/bot.php?+)"
173.242.113.188 - - [14/Jul/2015:17:49:35 +0200] "GET /news.php?cs_go=archiv&cs_id=5268&cs_search= HTTP/1.0" 200 11477 "-" "Mozilla/5.0 (compatible; MJ12bot/v1.4.5; http://www.majestic12.co.uk/bot.php?+)"
37.187.137.225 - - [14/Jul/2015:17:49:47 +0200] "GET /news.php?cs_go=archiv&cs_id=4696&cs_search= HTTP/1.0" 200 11477 "-" "Mozilla/5.0 (compatible; MJ12bot/v1.4.5; http://www.majestic12.co.uk/bot.php?+)"
173.242.113.188 - - [14/Jul/2015:17:50:18 +0200] "GET /news.php?cs_go=archiv&cs_id=5374 HTTP/1.0" 200 11477 "-" "Mozilla/5.0 (compatible; MJ12bot/v1.4.5; http://www.majestic12.co.uk/bot.php?+)"
37.187.137.225 - - [14/Jul/2015:17:50:30 +0200] "GET /news.php?cs_go=archiv&cs_id=4697&cs_search= HTTP/1.0" 200 11477 "-" "Mozilla/5.0 (compatible; MJ12bot/v1.4.5; http://www.majestic12.co.uk/bot.php?+)"
173.242.113.188 - - [14/Jul/2015:17:51:00 +0200] "GET /news.php?cs_go=archiv&cs_id=5375 HTTP/1.0" 200 11477 "-" "Mozilla/5.0 (compatible; MJ12bot/v1.4.5; http://www.majestic12.co.uk/bot.php?+)"
37.187.137.225 - - [14/Jul/2015:17:51:12 +0200] "GET /news.php?cs_go=archiv&cs_id=4698 HTTP/1.0" 200 11477 "-" "Mozilla/5.0 (compatible; MJ12bot/v1.4.5; http://www.majestic12.co.uk/bot.php?+)"
173.242.113.188 - - [14/Jul/2015:17:51:43 +0200] "GET /news.php?cs_go=archiv&cs_id=5375&cs_search= HTTP/1.0" 200 11477 "-" "Mozilla/5.0 (compatible; MJ12bot/v1.4.5; http://www.majestic12.co.uk/bot.php?+)"
37.187.137.225 - - [14/Jul/2015:17:51:54 +0200] "GET /news.php?cs_go=archiv&cs_id=4698&cs_search= HTTP/1.0" 200 11477 "-" "Mozilla/5.0 (compatible; MJ12bot/v1.4.5; http://www.majestic12.co.uk/bot.php?+)"
173.242.113.188 - - [14/Jul/2015:17:52:25 +0200] "GET /news.php?cs_go=archiv&cs_id=5376 HTTP/1.0" 200 11477 "-" "Mozilla/5.0 (compatible; MJ12bot/v1.4.5; http://www.majestic12.co.uk/bot.php?+)"
37.187.137.225 - - [14/Jul/2015:17:52:37 +0200] "GET /news.php?cs_go=archiv&cs_id=4701&cs_search= HTTP/1.0" 200 11477 "-" "Mozilla/5.0 (compatible; MJ12bot/v1.4.5; http://www.majestic12.co.uk/bot.php?+)"
173.242.113.188 - - [14/Jul/2015:17:53:08 +0200] "GET /news.php?cs_go=archiv&cs_id=5376&cs_search= HTTP/1.0" 200 11477 "-" "Mozilla/5.0 (compatible; MJ12bot/v1.4.5; http://www.majestic12.co.uk/bot.php?+)"
37.187.137.225 - - [14/Jul/2015:17:53:20 +0200] "GET /news.php?cs_go=archiv&cs_id=4709 HTTP/1.0" 200 11477 "-" "Mozilla/5.0 (compatible; MJ12bot/v1.4.5; http://www.majestic12.co.uk/bot.php?+)"
46.4.120.3 - - [14/Jul/2015:17:53:48 +0200] "GET /kwk.php?cs_go=3 HTTP/1.0" 200 11474 "-" "Mozilla/5.0 (compatible; MJ12bot/v1.4.5; http://www.majestic12.co.uk/bot.php?+)"
173.242.113.188 - - [14/Jul/2015:17:53:50 +0200] "GET /news.php?cs_go=archiv&cs_id=5377&cs_search= HTTP/1.0" 200 11477 "-" "Mozilla/5.0 (compatible; MJ12bot/v1.4.5; http://www.majestic12.co.uk/bot.php?+)"
37.187.137.225 - - [14/Jul/2015:17:54:02 +0200] "GET /news.php?cs_go=archiv&cs_id=4710 HTTP/1.0" 200 11477 "-" "Mozilla/5.0 (compatible; MJ12bot/v1.4.5; http://www.majestic12.co.uk/bot.php?+)"
173.242.113.188 - - [14/Jul/2015:17:54:33 +0200] "GET /news.php?cs_go=archiv&cs_id=5378 HTTP/1.0" 200 11477 "-" "Mozilla/5.0 (compatible; MJ12bot/v1.4.5; http://www.majestic12.co.uk/bot.php?+)"
46.4.120.3 - - [14/Jul/2015:17:54:34 +0200] "GET /lexikon.php?cs_go=2&cs_char=a HTTP/1.0" 200 11466 "-" "Mozilla/5.0 (compatible; MJ12bot/v1.4.5; http://www.majestic12.co.uk/bot.php?+)"
37.187.137.225 - - [14/Jul/2015:17:54:45 +0200] "GET /news.php?cs_go=archiv&cs_id=4732&cs_search= HTTP/1.0" 200 11477 "-" "Mozilla/5.0 (compatible; MJ12bot/v1.4.5; http://www.majestic12.co.uk/bot.php?+)"
173.242.113.188 - - [14/Jul/2015:17:55:15 +0200] "GET /news.php?cs_go=archiv&cs_id=5378&cs_search= HTTP/1.0" 200 11477 "-" "Mozilla/5.0 (compatible; MJ12bot/v1.4.5; http://www.majestic12.co.uk/bot.php?+)"
46.4.120.3 - - [14/Jul/2015:17:55:22 +0200] "GET /lexikon.php?cs_go=2&cs_char=b HTTP/1.0" 200 11466 "-" "Mozilla/5.0 (compatible; MJ12bot/v1.4.5; http://www.majestic12.co.uk/bot.php?+)"
37.187.137.225 - - [14/Jul/2015:17:55:27 +0200] "GET /news.php?cs_go=archiv&cs_id=4733&cs_search= HTTP/1.0" 200 11477 "-" "Mozilla/5.0 (compatible; MJ12bot/v1.4.5; http://www.majestic12.co.uk/bot.php?+)"
173.242.113.188 - - [14/Jul/2015:17:55:58 +0200] "GET /news.php?cs_go=archiv&cs_id=5379 HTTP/1.0" 200 11477 "-" "Mozilla/5.0 (compatible; MJ12bot/v1.4.5; http://www.majestic12.co.uk/bot.php?+)"
37.187.137.225 - - [14/Jul/2015:17:56:09 +0200] "GET /news.php?cs_go=archiv&cs_id=4734&cs_search= HTTP/1.0" 200 11477 "-" "Mozilla/5.0 (compatible; MJ12bot/v1.4.5; http://www.majestic12.co.uk/bot.php?+)"
46.4.120.3 - - [14/Jul/2015:17:56:12 +0200] "GET /lexikon.php?cs_go=2&cs_char=c HTTP/1.0" 200 11466 "-" "Mozilla/5.0 (compatible; MJ12bot/v1.4.5; http://www.majestic12.co.uk/bot.php?+)"
