188.40.95.70 - - [08/Jul/2015:17:27:39 +0200] "GET /news.php?cs_go=archiv&cs_id=4664 HTTP/1.0" 200 11477 "-" "Mozilla/5.0 (compatible; MJ12bot/v1.4.5; http://www.majestic12.co.uk/bot.php?+)"
188.40.95.70 - - [08/Jul/2015:17:28:01 +0200] "GET /news.php?cs_go=archiv&cs_id=4665 HTTP/1.0" 200 11477 "-" "Mozilla/5.0 (compatible; MJ12bot/v1.4.5; http://www.majestic12.co.uk/bot.php?+)"
188.40.95.70 - - [08/Jul/2015:17:28:23 +0200] "GET /news.php?cs_go=archiv&cs_id=4666 HTTP/1.0" 200 11477 "-" "Mozilla/5.0 (compatible; MJ12bot/v1.4.5; http://www.majestic12.co.uk/bot.php?+)"
188.40.95.70 - - [08/Jul/2015:17:28:45 +0200] "GET /news.php?cs_go=archiv&cs_id=4675 HTTP/1.0" 200 11477 "-" "Mozilla/5.0 (compatible; MJ12bot/v1.4.5; http://www.majestic12.co.uk/bot.php?+)"
188.40.95.70 - - [08/Jul/2015:17:29:09 +0200] "GET /news.php?cs_go=archiv&cs_id=4678 HTTP/1.0" 200 11477 "-" "Mozilla/5.0 (compatible; MJ12bot/v1.4.5; http://www.majestic12.co.uk/bot.php?+)"
188.40.95.70 - - [08/Jul/2015:17:29:31 +0200] "GET /news.php?cs_go=archiv&cs_id=4679 HTTP/1.0" 200 11477 "-" "Mozilla/5.0 (compatible; MJ12bot/v1.4.5; http://www.majestic12.co.uk/bot.php?+)"
188.40.95.70 - - [08/Jul/2015:17:29:53 +0200] "GET /news.php?cs_go=archiv&cs_id=4682 HTTP/1.0" 200 11477 "-" "Mozilla/5.0 (compatible; MJ12bot/v1.4.5; http://www.majestic12.co.uk/bot.php?+)"
188.40.95.70 - - [08/Jul/2015:17:30:15 +0200] "GET /news.php?cs_go=archiv&cs_id=4686&cs_search= HTTP/1.0" 200 11477 "-" "Mozilla/5.0 (compatible; MJ12bot/v1.4.5; http://www.majestic12.co.uk/bot.php?+)"
188.40.95.70 - - [08/Jul/2015:17:30:37 +0200] "GET /news.php?cs_go=archiv&cs_id=4688 HTTP/1.0" 200 11477 "-" "Mozilla/5.0 (compatible; MJ12bot/v1.4.5; http://www.majestic12.co.uk/bot.php?+)"
188.40.95.70 - - [08/Jul/2015:17:30:59 +0200] "GET /news.php?cs_go=archiv&cs_id=4688&cs_search= HTTP/1.0" 200 11477 "-" "Mozilla/5.0 (compatible; MJ12bot/v1.4.5; http://www.majestic12.co.uk/bot.php?+)"
188.40.95.70 - - [08/Jul/2015:17:31:22 +0200] "GET /news.php?cs_go=archiv&cs_id=4692&cs_search= HTTP/1.0" 200 11477 "-" "Mozilla/5.0 (compatible; MJ12bot/v1.4.5; http://www.majestic12.co.uk/bot.php?+)"
188.40.95.70 - - [08/Jul/2015:17:31:44 +0200] "GET /news.php?cs_go=archiv&cs_id=4693&cs_search= HTTP/1.0" 200 11477 "-" "Mozilla/5.0 (compatible; MJ12bot/v1.4.5; http://www.majestic12.co.uk/bot.php?+)"
188.40.95.70 - - [08/Jul/2015:17:32:06 +0200] "GET /news.php?cs_go=archiv&cs_id=4694&cs_search= HTTP/1.0" 200 11477 "-" "Mozilla/5.0 (compatible; MJ12bot/v1.4.5; http://www.majestic12.co.uk/bot.php?+)"
188.40.95.70 - - [08/Jul/2015:17:32:28 +0200] "GET /news.php?cs_go=archiv&cs_id=4696&cs_search= HTTP/1.0" 200 11477 "-" "Mozilla/5.0 (compatible; MJ12bot/v1.4.5; http://www.majestic12.co.uk/bot.php?+)"
188.40.95.70 - - [08/Jul/2015:17:32:50 +0200] "GET /news.php?cs_go=archiv&cs_id=4697&cs_search= HTTP/1.0" 200 11477 "-" "Mozilla/5.0 (compatible; MJ12bot/v1.4.5; http://www.majestic12.co.uk/bot.php?+)"
188.40.95.70 - - [08/Jul/2015:17:33:13 +0200] "GET /news.php?cs_go=archiv&cs_id=4698 HTTP/1.0" 200 11477 "-" "Mozilla/5.0 (compatible; MJ12bot/v1.4.5; http://www.majestic12.co.uk/bot.php?+)"
188.40.95.70 - - [08/Jul/2015:17:33:35 +0200] "GET /news.php?cs_go=archiv&cs_id=4698&cs_search= HTTP/1.0" 200 11477 "-" "Mozilla/5.0 (compatible; MJ12bot/v1.4.5; http://www.majestic12.co.uk/bot.php?+)"
188.40.95.70 - - [08/Jul/2015:17:33:57 +0200] "GET /news.php?cs_go=archiv&cs_id=4701&cs_search= HTTP/1.0" 200 11477 "-" "Mozilla/5.0 (compatible; MJ12bot/v1.4.5; http://www.majestic12.co.uk/bot.php?+)"
188.40.95.70 - - [08/Jul/2015:17:34:19 +0200] "GET /news.php?cs_go=archiv&cs_id=4702&cs_search= HTTP/1.0" 200 11477 "-" "Mozilla/5.0 (compatible; MJ12bot/v1.4.5; http://www.majestic12.co.uk/bot.php?+)"
188.40.95.70 - - [08/Jul/2015:17:34:41 +0200] "GET /news.php?cs_go=archiv&cs_id=4709 HTTP/1.0" 200 11477 "-" "Mozilla/5.0 (compatible; MJ12bot/v1.4.5; http://www.majestic12.co.uk/bot.php?+)"
188.40.95.70 - - [08/Jul/2015:17:35:03 +0200] "GET /news.php?cs_go=archiv&cs_id=4710 HTTP/1.0" 200 11477 "-" "Mozilla/5.0 (compatible; MJ12bot/v1.4.5; http://www.majestic12.co.uk/bot.php?+)"
188.40.95.70 - - [08/Jul/2015:17:35:25 +0200] "GET /news.php?cs_go=archiv&cs_id=4744 HTTP/1.0" 200 11477 "-" "Mozilla/5.0 (compatible; MJ12bot/v1.4.5; http://www.majestic12.co.uk/bot.php?+)"
188.40.95.70 - - [08/Jul/2015:17:35:46 +0200] "GET /news.php?cs_go=archiv&cs_id=4744&cs_search= HTTP/1.0" 200 11477 "-" "Mozilla/5.0 (compatible; MJ12bot/v1.4.5; http://www.majestic12.co.uk/bot.php?+)"
188.40.95.70 - - [08/Jul/2015:17:36:08 +0200] "GET /news.php?cs_go=archiv&cs_id=4746&cs_search= HTTP/1.0" 200 11477 "-" "Mozilla/5.0 (compatible; MJ12bot/v1.4.5; http://www.majestic12.co.uk/bot.php?+)"
188.40.95.70 - - [08/Jul/2015:17:36:30 +0200] "GET /news.php?cs_go=archiv&cs_id=4756 HTTP/1.0" 200 11477 "-" "Mozilla/5.0 (compatible; MJ12bot/v1.4.5; http://www.majestic12.co.uk/bot.php?+)"
188.40.95.70 - - [08/Jul/2015:17:36:52 +0200] "GET /news.php?cs_go=archiv&cs_id=4768&cs_search= HTTP/1.0" 200 11477 "-" "Mozilla/5.0 (compatible; MJ12bot/v1.4.5; http://www.majestic12.co.uk/bot.php?+)"
188.40.95.70 - - [08/Jul/2015:17:37:14 +0200] "GET /news.php?cs_go=archiv&cs_id=4769&cs_search= HTTP/1.0" 200 11477 "-" "Mozilla/5.0 (compatible; MJ12bot/v1.4.5; http://www.majestic12.co.uk/bot.php?+)"
188.40.95.70 - - [08/Jul/2015:17:37:37 +0200] "GET /news.php?cs_go=archiv&cs_id=4770&cs_search= HTTP/1.0" 200 11477 "-" "Mozilla/5.0 (compatible; MJ12bot/v1.4.5; http://www.majestic12.co.uk/bot.php?+)"
188.40.95.70 - - [08/Jul/2015:17:37:58 +0200] "GET /news.php?cs_go=archiv&cs_id=4771 HTTP/1.0" 200 11477 "-" "Mozilla/5.0 (compatible; MJ12bot/v1.4.5; http://www.majestic12.co.uk/bot.php?+)"
188.40.95.70 - - [08/Jul/2015:17:38:20 +0200] "GET /news.php?cs_go=archiv&cs_id=4771&cs_search= HTTP/1.0" 200 11477 "-" "Mozilla/5.0 (compatible; MJ12bot/v1.4.5; http://www.majestic12.co.uk/bot.php?+)"
188.40.95.70 - - [08/Jul/2015:17:38:42 +0200] "GET /news.php?cs_go=archiv&cs_id=4772 HTTP/1.0" 200 11477 "-" "Mozilla/5.0 (compatible; MJ12bot/v1.4.5; http://www.majestic12.co.uk/bot.php?+)"
188.40.95.70 - - [08/Jul/2015:17:39:04 +0200] "GET /news.php?cs_go=archiv&cs_id=4772&cs_search= HTTP/1.0" 200 11477 "-" "Mozilla/5.0 (compatible; MJ12bot/v1.4.5; http://www.majestic12.co.uk/bot.php?+)"
188.40.95.70 - - [08/Jul/2015:17:39:27 +0200] "GET /news.php?cs_go=archiv&cs_id=4773 HTTP/1.0" 200 11477 "-" "Mozilla/5.0 (compatible; MJ12bot/v1.4.5; http://www.majestic12.co.uk/bot.php?+)"
188.40.95.70 - - [08/Jul/2015:17:39:49 +0200] "GET /news.php?cs_go=archiv&cs_id=4773&cs_search= HTTP/1.0" 200 11477 "-" "Mozilla/5.0 (compatible; MJ12bot/v1.4.5; http://www.majestic12.co.uk/bot.php?+)"
188.40.95.70 - - [08/Jul/2015:17:40:11 +0200] "GET /news.php?cs_go=archiv&cs_id=4774 HTTP/1.0" 200 11477 "-" "Mozilla/5.0 (compatible; MJ12bot/v1.4.5; http://www.majestic12.co.uk/bot.php?+)"
188.40.95.70 - - [08/Jul/2015:17:40:33 +0200] "GET /news.php?cs_go=archiv&cs_id=4774&cs_search= HTTP/1.0" 200 11477 "-" "Mozilla/5.0 (compatible; MJ12bot/v1.4.5; http://www.majestic12.co.uk/bot.php?+)"
188.40.95.70 - - [08/Jul/2015:17:40:55 +0200] "GET /news.php?cs_go=archiv&cs_id=4775 HTTP/1.0" 200 11477 "-" "Mozilla/5.0 (compatible; MJ12bot/v1.4.5; http://www.majestic12.co.uk/bot.php?+)"
151.80.31.132 - - [08/Jul/2015:17:41:16 +0200] "GET /news.php?cs_go=archiv&cs_id=4473 HTTP/1.1" 200 11477 "-" "Mozilla/5.0 (compatible; AhrefsBot/5.0; +http://ahrefs.com/robot/)"
188.40.95.70 - - [08/Jul/2015:17:41:17 +0200] "GET /news.php?cs_go=archiv&cs_id=4775&cs_search= HTTP/1.0" 200 11477 "-" "Mozilla/5.0 (compatible; MJ12bot/v1.4.5; http://www.majestic12.co.uk/bot.php?+)"
188.40.95.70 - - [08/Jul/2015:17:41:39 +0200] "GET /news.php?cs_go=archiv&cs_id=4776 HTTP/1.0" 200 11477 "-" "Mozilla/5.0 (compatible; MJ12bot/v1.4.5; http://www.majestic12.co.uk/bot.php?+)"
188.40.95.70 - - [08/Jul/2015:17:42:01 +0200] "GET /news.php?cs_go=archiv&cs_id=4776&cs_search= HTTP/1.0" 200 11477 "-" "Mozilla/5.0 (compatible; MJ12bot/v1.4.5; http://www.majestic12.co.uk/bot.php?+)"
188.40.95.70 - - [08/Jul/2015:17:42:24 +0200] "GET /news.php?cs_go=archiv&cs_id=4777 HTTP/1.0" 200 11477 "-" "Mozilla/5.0 (compatible; MJ12bot/v1.4.5; http://www.majestic12.co.uk/bot.php?+)"
188.40.95.70 - - [08/Jul/2015:17:42:45 +0200] "GET /news.php?cs_go=archiv&cs_id=4777&cs_search= HTTP/1.0" 200 11477 "-" "Mozilla/5.0 (compatible; MJ12bot/v1.4.5; http://www.majestic12.co.uk/bot.php?+)"
188.40.95.70 - - [08/Jul/2015:17:43:07 +0200] "GET /news.php?cs_go=archiv&cs_id=4778 HTTP/1.0" 200 11477 "-" "Mozilla/5.0 (compatible; MJ12bot/v1.4.5; http://www.majestic12.co.uk/bot.php?+)"
188.40.95.70 - - [08/Jul/2015:17:43:29 +0200] "GET /news.php?cs_go=archiv&cs_id=4778&cs_search= HTTP/1.0" 200 11477 "-" "Mozilla/5.0 (compatible; MJ12bot/v1.4.5; http://www.majestic12.co.uk/bot.php?+)"
188.40.95.70 - - [08/Jul/2015:17:43:51 +0200] "GET /news.php?cs_go=archiv&cs_id=4779&cs_search= HTTP/1.0" 200 11477 "-" "Mozilla/5.0 (compatible; MJ12bot/v1.4.5; http://www.majestic12.co.uk/bot.php?+)"
188.40.95.70 - - [08/Jul/2015:17:44:13 +0200] "GET /news.php?cs_go=archiv&cs_id=4780 HTTP/1.0" 200 11477 "-" "Mozilla/5.0 (compatible; MJ12bot/v1.4.5; http://www.majestic12.co.uk/bot.php?+)"
188.40.95.70 - - [08/Jul/2015:17:44:36 +0200] "GET /news.php?cs_go=archiv&cs_id=4780&cs_search= HTTP/1.0" 200 11477 "-" "Mozilla/5.0 (compatible; MJ12bot/v1.4.5; http://www.majestic12.co.uk/bot.php?+)"
188.40.95.70 - - [08/Jul/2015:17:44:58 +0200] "GET /news.php?cs_go=archiv&cs_id=4781 HTTP/1.0" 200 11477 "-" "Mozilla/5.0 (compatible; MJ12bot/v1.4.5; http://www.majestic12.co.uk/bot.php?+)"
188.40.95.70 - - [08/Jul/2015:17:45:21 +0200] "GET /news.php?cs_go=archiv&cs_id=4781&cs_search= HTTP/1.0" 200 11477 "-" "Mozilla/5.0 (compatible; MJ12bot/v1.4.5; http://www.majestic12.co.uk/bot.php?+)"
87.159.213.43 - - [08/Jul/2015:17:48:40 +0200] "GET / HTTP/1.1" 200 9656 "http://www.bigfinder.de/?c=ws&q=online&v=1" "Mozilla/4.0 (compatible; MSIE 8.0; Windows NT 6.1; Trident/4.0; SLCC2; .NET CLR 2.0.50727; .NET CLR 3.5.30729; .NET CLR 3.0.30729; Media Center PC 6.0)"
188.40.95.70 - - [08/Jul/2015:17:45:43 +0200] "GET /news.php?cs_go=archiv&cs_id=4782 HTTP/1.0" 200 11477 "-" "Mozilla/5.0 (compatible; MJ12bot/v1.4.5; http://www.majestic12.co.uk/bot.php?+)"
188.40.95.70 - - [08/Jul/2015:17:46:05 +0200] "GET /news.php?cs_go=archiv&cs_id=4783 HTTP/1.0" 200 11477 "-" "Mozilla/5.0 (compatible; MJ12bot/v1.4.5; http://www.majestic12.co.uk/bot.php?+)"
188.40.95.70 - - [08/Jul/2015:17:46:27 +0200] "GET /news.php?cs_go=archiv&cs_id=4785 HTTP/1.0" 200 11477 "-" "Mozilla/5.0 (compatible; MJ12bot/v1.4.5; http://www.majestic12.co.uk/bot.php?+)"
188.40.95.70 - - [08/Jul/2015:17:46:49 +0200] "GET /news.php?cs_go=archiv&cs_id=4786 HTTP/1.0" 200 11477 "-" "Mozilla/5.0 (compatible; MJ12bot/v1.4.5; http://www.majestic12.co.uk/bot.php?+)"
188.40.95.70 - - [08/Jul/2015:17:47:11 +0200] "GET /news.php?cs_go=archiv&cs_id=4930 HTTP/1.0" 200 11477 "-" "Mozilla/5.0 (compatible; MJ12bot/v1.4.5; http://www.majestic12.co.uk/bot.php?+)"
188.40.95.70 - - [08/Jul/2015:17:47:32 +0200] "GET /news.php?cs_go=archiv&cs_id=4933 HTTP/1.0" 200 11477 "-" "Mozilla/5.0 (compatible; MJ12bot/v1.4.5; http://www.majestic12.co.uk/bot.php?+)"
188.40.95.70 - - [08/Jul/2015:17:47:55 +0200] "GET /news.php?cs_go=archiv&cs_id=4934 HTTP/1.0" 200 11477 "-" "Mozilla/5.0 (compatible; MJ12bot/v1.4.5; http://www.majestic12.co.uk/bot.php?+)"
188.40.95.70 - - [08/Jul/2015:17:48:17 +0200] "GET /news.php?cs_go=archiv&cs_id=4945&cs_search= HTTP/1.0" 200 11477 "-" "Mozilla/5.0 (compatible; MJ12bot/v1.4.5; http://www.majestic12.co.uk/bot.php?+)"
188.40.95.70 - - [08/Jul/2015:17:48:39 +0200] "GET /news.php?cs_go=archiv&cs_id=4946&cs_search= HTTP/1.0" 200 11477 "-" "Mozilla/5.0 (compatible; MJ12bot/v1.4.5; http://www.majestic12.co.uk/bot.php?+)"
188.40.95.70 - - [08/Jul/2015:17:49:02 +0200] "GET /news.php?cs_go=archiv&cs_id=4948 HTTP/1.0" 200 11477 "-" "Mozilla/5.0 (compatible; MJ12bot/v1.4.5; http://www.majestic12.co.uk/bot.php?+)"
188.97.0.35 - - [08/Jul/2015:19:24:34 +0200] "GET /img/praemiensystem/trolly_kl.jpg HTTP/1.1" 404 1256 "http://www.gutefrage.net/frage/von-welcher-marke-ist-dieser-koffer-trolley" "Mozilla/5.0 (Windows NT 6.1; WOW64; Trident/7.0; tb-webde/2.6.3; rv:11.0) like Gecko"
66.249.78.112 - - [08/Jul/2015:19:34:21 +0200] "GET /robots.txt HTTP/1.1" 404 1256 "-" "Mozilla/5.0 (compatible; Googlebot/2.1; +http://www.google.com/bot.html)"
66.249.78.126 - - [08/Jul/2015:19:34:21 +0200] "GET /style.css HTTP/1.1" 200 8056 "http://www.soberlin.de/essocard.php" "Mozilla/5.0 (compatible; Googlebot/2.1; +http://www.google.com/bot.html)"
66.249.78.112 - - [08/Jul/2015:19:34:22 +0200] "GET /modul.css HTTP/1.1" 200 36485 "http://www.soberlin.de/essocard.php" "Mozilla/5.0 (compatible; Googlebot/2.1; +http://www.google.com/bot.html)"
5.9.87.98 - - [08/Jul/2015:20:16:30 +0200] "GET /robots.txt HTTP/1.0" 404 1256 "-" "Mozilla/5.0 (compatible; MJ12bot/v1.4.5; http://www.majestic12.co.uk/bot.php?+)"
5.9.87.98 - - [08/Jul/2015:20:16:31 +0200] "GET /adblue.php HTTP/1.0" 200 15843 "-" "Mozilla/5.0 (compatible; MJ12bot/v1.4.5; http://www.majestic12.co.uk/bot.php?+)"
5.9.87.98 - - [08/Jul/2015:20:17:15 +0200] "GET /premiumheizoel.php HTTP/1.0" 200 12235 "-" "Mozilla/5.0 (compatible; MJ12bot/v1.4.5; http://www.majestic12.co.uk/bot.php?+)"
5.9.87.98 - - [08/Jul/2015:20:18:29 +0200] "GET /schmierstoffe.php HTTP/1.0" 200 14431 "-" "Mozilla/5.0 (compatible; MJ12bot/v1.4.5; http://www.majestic12.co.uk/bot.php?+)"
5.9.87.98 - - [08/Jul/2015:20:19:11 +0200] "GET /tankanlagen.php HTTP/1.0" 200 11688 "-" "Mozilla/5.0 (compatible; MJ12bot/v1.4.5; http://www.majestic12.co.uk/bot.php?+)"
5.9.87.98 - - [08/Jul/2015:20:20:43 +0200] "GET /tankreinigung.php HTTP/1.0" 200 11757 "-" "Mozilla/5.0 (compatible; MJ12bot/v1.4.5; http://www.majestic12.co.uk/bot.php?+)"
178.137.88.101 - - [08/Jul/2015:20:31:22 +0200] "GET /robots.txt HTTP/1.0" 404 1256 "-" "Mozilla/5.0 (compatible; MJ12bot/v1.4.5; http://www.majestic12.co.uk/bot.php?+)"
178.137.88.101 - - [08/Jul/2015:20:31:26 +0200] "GET /adblue.php HTTP/1.1" 200 15843 "-" "Mozilla/5.0 (compatible; MJ12bot/v1.4.5; http://www.majestic12.co.uk/bot.php?+)"
178.137.88.101 - - [08/Jul/2015:20:32:11 +0200] "GET /premiumheizoel.php HTTP/1.1" 200 12235 "-" "Mozilla/5.0 (compatible; MJ12bot/v1.4.5; http://www.majestic12.co.uk/bot.php?+)"
178.137.88.101 - - [08/Jul/2015:20:32:53 +0200] "GET /schmierstoffe.php HTTP/1.1" 200 14431 "-" "Mozilla/5.0 (compatible; MJ12bot/v1.4.5; http://www.majestic12.co.uk/bot.php?+)"
94.23.19.178 - - [08/Jul/2015:20:41:42 +0200] "GET /robots.txt HTTP/1.0" 404 1256 "-" "Mozilla/5.0 (compatible; MJ12bot/v1.4.5; http://www.majestic12.co.uk/bot.php?+)"
178.137.88.101 - - [08/Jul/2015:20:33:36 +0200] "GET /tankanlagen.php HTTP/1.1" 200 11893 "-" "Mozilla/5.0 (compatible; MJ12bot/v1.4.5; http://www.majestic12.co.uk/bot.php?+)"
178.137.88.101 - - [08/Jul/2015:20:34:19 +0200] "GET /tankreinigung.php HTTP/1.1" 200 11962 "-" "Mozilla/5.0 (compatible; MJ12bot/v1.4.5; http://www.majestic12.co.uk/bot.php?+)"
94.23.19.178 - - [08/Jul/2015:20:41:45 +0200] "GET /adblue.php HTTP/1.0" 200 15843 "-" "Mozilla/5.0 (compatible; MJ12bot/v1.4.5; http://www.majestic12.co.uk/bot.php?+)"
94.23.19.178 - - [08/Jul/2015:20:42:28 +0200] "GET /tankreinigung.php HTTP/1.0" 200 11757 "-" "Mozilla/5.0 (compatible; MJ12bot/v1.4.5; http://www.majestic12.co.uk/bot.php?+)"
157.55.39.21 - - [08/Jul/2015:20:55:51 +0200] "GET /images/RAL_Guetezeichen_Energiehandel.pdf HTTP/1.1" 200 538987 "-" "Mozilla/5.0 (compatible; bingbot/2.0; +http://www.bing.com/bingbot.htm)"
66.249.78.36 - - [08/Jul/2015:23:39:06 +0200] "GET / HTTP/1.1" 200 15920 "-" "Mozilla/5.0 (compatible; Googlebot/2.1; +http://www.google.com/bot.html)"
66.249.78.50 - - [08/Jul/2015:23:45:17 +0200] "GET / HTTP/1.1" 200 15920 "-" "Mozilla/5.0 (compatible; Googlebot/2.1; +http://www.google.com/bot.html)"
66.249.78.43 - - [08/Jul/2015:23:51:30 +0200] "GET / HTTP/1.1" 200 15920 "-" "Mozilla/5.0 (compatible; Googlebot/2.1; +http://www.google.com/bot.html)"
207.46.13.44 - - [09/Jul/2015:00:16:15 +0200] "GET /premiumheizoel.php HTTP/1.1" 200 12030 "-" "Mozilla/5.0 (compatible; bingbot/2.0; +http://www.bing.com/bingbot.htm)"
162.211.122.43 - - [09/Jul/2015:00:37:21 +0200] "GET / HTTP/1.1" 200 15920 "http://www.esso-berlin.de" "Mozilla/5.0 (Windows NT 6.1; WOW64; rv:34.0) Gecko/20100101 Firefox/34.0"
162.211.122.43 - - [09/Jul/2015:00:37:42 +0200] "GET / HTTP/1.1" 200 15920 "http://www.esso-berlin.de" "Mozilla/5.0 (Windows NT 6.1; WOW64; rv:34.0) Gecko/20100101 Firefox/34.0"
95.91.171.5 - - [09/Jul/2015:01:46:29 +0200] "GET /robots.txt HTTP/1.0" 404 1256 "-" "Mozilla/5.0 (compatible; MJ12bot/v1.4.5; http://www.majestic12.co.uk/bot.php?+)"
95.91.171.5 - - [09/Jul/2015:01:47:12 +0200] "GET /impressum.php HTTP/1.1" 200 12936 "-" "Mozilla/5.0 (compatible; MJ12bot/v1.4.5; http://www.majestic12.co.uk/bot.php?+)"
95.91.171.5 - - [09/Jul/2015:01:46:31 +0200] "GET /foerdermittel.php HTTP/1.1" 200 12029 "-" "Mozilla/5.0 (compatible; MJ12bot/v1.4.5; http://www.majestic12.co.uk/bot.php?+)"
95.91.171.5 - - [09/Jul/2015:01:47:54 +0200] "GET /index.php HTTP/1.1" 200 16125 "-" "Mozilla/5.0 (compatible; MJ12bot/v1.4.5; http://www.majestic12.co.uk/bot.php?+)"
95.91.171.5 - - [09/Jul/2015:01:48:36 +0200] "GET /kontakt.php HTTP/1.1" 200 11672 "-" "Mozilla/5.0 (compatible; MJ12bot/v1.4.5; http://www.majestic12.co.uk/bot.php?+)"
95.91.171.5 - - [09/Jul/2015:01:48:58 +0200] "GET /kwk.php HTTP/1.1" 200 11679 "-" "Mozilla/5.0 (compatible; MJ12bot/v1.4.5; http://www.majestic12.co.uk/bot.php?+)"
151.80.31.132 - - [09/Jul/2015:02:30:09 +0200] "GET /adblue.php HTTP/1.1" 200 15843 "-" "Mozilla/5.0 (compatible; AhrefsBot/5.0; +http://ahrefs.com/robot/)"
123.125.71.95 - - [09/Jul/2015:02:53:00 +0200] "GET / HTTP/1.1" 200 9656 "-" "Mozilla/5.0 (Windows NT 5.1; rv:6.0.2) Gecko/20100101 Firefox/6.0.2"
157.55.39.112 - - [09/Jul/2015:03:07:54 +0200] "GET / HTTP/1.1" 200 9656 "-" "Mozilla/5.0 (compatible; bingbot/2.0; +http://www.bing.com/bingbot.htm)"
66.249.78.9 - - [09/Jul/2015:03:17:48 +0200] "GET /robots.txt HTTP/1.1" 404 1256 "-" "Mozilla/5.0 (compatible; Googlebot/2.1; +http://www.google.com/bot.html)"
66.249.78.43 - - [09/Jul/2015:03:21:27 +0200] "GET /robots.txt HTTP/1.1" 404 1256 "-" "Mozilla/5.0 (compatible; Googlebot/2.1; +http://www.google.com/bot.html)"
66.249.78.2 - - [09/Jul/2015:03:17:48 +0200] "GET / HTTP/1.1" 200 15920 "-" "Mozilla/5.0 (compatible; Googlebot/2.1; +http://www.google.com/bot.html)"
66.249.78.43 - - [09/Jul/2015:03:21:27 +0200] "GET / HTTP/1.1" 200 15920 "-" "Mozilla/5.0 (compatible; Googlebot/2.1; +http://www.google.com/bot.html)"
66.249.78.9 - - [09/Jul/2015:03:24:27 +0200] "GET / HTTP/1.1" 200 15920 "-" "Mozilla/5.0 (compatible; Googlebot/2.1; +http://www.google.com/bot.html)"
66.249.78.43 - - [09/Jul/2015:03:27:32 +0200] "GET / HTTP/1.1" 200 15920 "-" "Mozilla/5.0 (compatible; Googlebot/2.1; +http://www.google.com/bot.html)"
66.249.78.2 - - [09/Jul/2015:03:30:54 +0200] "GET / HTTP/1.1" 200 15920 "-" "Mozilla/5.0 (compatible; Googlebot/2.1; +http://www.google.com/bot.html)"
66.249.67.15 - - [09/Jul/2015:03:34:11 +0200] "GET / HTTP/1.1" 200 15920 "-" "Mozilla/5.0 (compatible; Googlebot/2.1; +http://www.google.com/bot.html)"
66.249.78.147 - - [09/Jul/2015:04:26:58 +0200] "GET /robots.txt HTTP/1.1" 404 1256 "-" "Mozilla/5.0 (compatible; Googlebot/2.1; +http://www.google.com/bot.html)"
66.249.78.161 - - [09/Jul/2015:04:26:58 +0200] "GET / HTTP/1.1" 200 15920 "-" "Mozilla/5.0 (compatible; Googlebot/2.1; +http://www.google.com/bot.html)"
66.249.78.161 - - [09/Jul/2015:04:33:09 +0200] "GET / HTTP/1.1" 200 15920 "-" "Mozilla/5.0 (compatible; Googlebot/2.1; +http://www.google.com/bot.html)"
66.249.78.154 - - [09/Jul/2015:04:39:37 +0200] "GET / HTTP/1.1" 200 15920 "-" "Mozilla/5.0 (compatible; Googlebot/2.1; +http://www.google.com/bot.html)"
123.125.71.27 - - [09/Jul/2015:05:02:00 +0200] "GET / HTTP/1.1" 200 9656 "-" "Mozilla/5.0 (Windows NT 5.1; rv:6.0.2) Gecko/20100101 Firefox/6.0.2"
220.181.108.93 - - [09/Jul/2015:05:06:26 +0200] "GET / HTTP/1.1" 200 9656 "-" "Mozilla/5.0 (Windows NT 5.1; rv:6.0.2) Gecko/20100101 Firefox/6.0.2"
5.9.87.98 - - [09/Jul/2015:06:01:46 +0200] "GET /robots.txt HTTP/1.0" 404 1256 "-" "Mozilla/5.0 (compatible; MJ12bot/v1.4.5; http://www.majestic12.co.uk/bot.php?+)"
5.9.87.98 - - [09/Jul/2015:06:01:49 +0200] "GET /waermekonto.php HTTP/1.0" 200 11831 "-" "Mozilla/5.0 (compatible; MJ12bot/v1.4.5; http://www.majestic12.co.uk/bot.php?+)"
5.9.87.98 - - [09/Jul/2015:06:02:34 +0200] "GET /wunschpreis.php HTTP/1.0" 200 11646 "-" "Mozilla/5.0 (compatible; MJ12bot/v1.4.5; http://www.majestic12.co.uk/bot.php?+)"
46.4.89.35 - - [09/Jul/2015:06:36:54 +0200] "GET /robots.txt HTTP/1.0" 404 1256 "-" "Mozilla/5.0 (compatible; MJ12bot/v1.4.5; http://www.majestic12.co.uk/bot.php?+)"
46.4.89.35 - - [09/Jul/2015:06:36:56 +0200] "GET /lexikon.php?cs_go=3&cs_id=149 HTTP/1.0" 200 11466 "-" "Mozilla/5.0 (compatible; MJ12bot/v1.4.5; http://www.majestic12.co.uk/bot.php?+)"
46.4.89.35 - - [09/Jul/2015:06:37:39 +0200] "GET /news.php?cs_go=archiv&cs_id=5298&cs_search= HTTP/1.0" 200 11477 "-" "Mozilla/5.0 (compatible; MJ12bot/v1.4.5; http://www.majestic12.co.uk/bot.php?+)"
46.4.89.35 - - [09/Jul/2015:06:38:24 +0200] "GET /news.php?cs_go=archiv&cs_id=5299&cs_search= HTTP/1.0" 200 11477 "-" "Mozilla/5.0 (compatible; MJ12bot/v1.4.5; http://www.majestic12.co.uk/bot.php?+)"
46.4.89.35 - - [09/Jul/2015:06:39:09 +0200] "GET /news.php?cs_go=archiv&cs_id=5301&cs_search= HTTP/1.0" 200 11477 "-" "Mozilla/5.0 (compatible; MJ12bot/v1.4.5; http://www.majestic12.co.uk/bot.php?+)"
46.4.89.35 - - [09/Jul/2015:06:39:53 +0200] "GET /news.php?cs_go=archiv&cs_id=5303&cs_search= HTTP/1.0" 200 11477 "-" "Mozilla/5.0 (compatible; MJ12bot/v1.4.5; http://www.majestic12.co.uk/bot.php?+)"
46.4.89.35 - - [09/Jul/2015:06:40:36 +0200] "GET /news.php?cs_go=archiv&cs_id=5304&cs_search= HTTP/1.0" 200 11477 "-" "Mozilla/5.0 (compatible; MJ12bot/v1.4.5; http://www.majestic12.co.uk/bot.php?+)"
46.4.89.35 - - [09/Jul/2015:06:41:20 +0200] "GET /news.php?cs_go=archiv&cs_id=5305&cs_search= HTTP/1.0" 200 11477 "-" "Mozilla/5.0 (compatible; MJ12bot/v1.4.5; http://www.majestic12.co.uk/bot.php?+)"
46.4.89.35 - - [09/Jul/2015:06:42:03 +0200] "GET /news.php?cs_go=archiv&cs_id=5306&cs_search= HTTP/1.0" 200 11477 "-" "Mozilla/5.0 (compatible; MJ12bot/v1.4.5; http://www.majestic12.co.uk/bot.php?+)"
46.4.89.35 - - [09/Jul/2015:06:42:46 +0200] "GET /news.php?cs_go=archiv&cs_id=5307&cs_search= HTTP/1.0" 200 11477 "-" "Mozilla/5.0 (compatible; MJ12bot/v1.4.5; http://www.majestic12.co.uk/bot.php?+)"
46.4.89.35 - - [09/Jul/2015:06:43:31 +0200] "GET /news.php?cs_go=archiv&cs_id=5308&cs_search= HTTP/1.0" 200 11477 "-" "Mozilla/5.0 (compatible; MJ12bot/v1.4.5; http://www.majestic12.co.uk/bot.php?+)"
46.4.89.35 - - [09/Jul/2015:06:44:16 +0200] "GET /news.php?cs_go=archiv&cs_id=5310&cs_search= HTTP/1.0" 200 11477 "-" "Mozilla/5.0 (compatible; MJ12bot/v1.4.5; http://www.majestic12.co.uk/bot.php?+)"
46.4.89.35 - - [09/Jul/2015:06:44:59 +0200] "GET /news.php?cs_go=archiv&cs_id=5311&cs_search= HTTP/1.0" 200 11477 "-" "Mozilla/5.0 (compatible; MJ12bot/v1.4.5; http://www.majestic12.co.uk/bot.php?+)"
46.4.89.35 - - [09/Jul/2015:06:45:41 +0200] "GET /news.php?cs_go=archiv&cs_id=5312&cs_search= HTTP/1.0" 200 11477 "-" "Mozilla/5.0 (compatible; MJ12bot/v1.4.5; http://www.majestic12.co.uk/bot.php?+)"
46.4.89.35 - - [09/Jul/2015:06:46:25 +0200] "GET /news.php?cs_go=archiv&cs_id=5313&cs_search= HTTP/1.0" 200 11477 "-" "Mozilla/5.0 (compatible; MJ12bot/v1.4.5; http://www.majestic12.co.uk/bot.php?+)"
46.4.89.35 - - [09/Jul/2015:06:47:09 +0200] "GET /news.php?cs_go=archiv&cs_id=5315&cs_search= HTTP/1.0" 200 11477 "-" "Mozilla/5.0 (compatible; MJ12bot/v1.4.5; http://www.majestic12.co.uk/bot.php?+)"
46.4.89.35 - - [09/Jul/2015:06:47:53 +0200] "GET /news.php?cs_go=archiv&cs_id=5317&cs_search= HTTP/1.0" 200 11477 "-" "Mozilla/5.0 (compatible; MJ12bot/v1.4.5; http://www.majestic12.co.uk/bot.php?+)"
46.4.89.35 - - [09/Jul/2015:06:48:35 +0200] "GET /news.php?cs_go=archiv&cs_id=5318&cs_search= HTTP/1.0" 200 11477 "-" "Mozilla/5.0 (compatible; MJ12bot/v1.4.5; http://www.majestic12.co.uk/bot.php?+)"
46.4.89.35 - - [09/Jul/2015:06:49:20 +0200] "GET /news.php?cs_go=archiv&cs_id=5319&cs_search= HTTP/1.0" 200 11477 "-" "Mozilla/5.0 (compatible; MJ12bot/v1.4.5; http://www.majestic12.co.uk/bot.php?+)"
46.4.89.35 - - [09/Jul/2015:06:50:06 +0200] "GET /news.php?cs_go=archiv&cs_id=5320&cs_search= HTTP/1.0" 200 11477 "-" "Mozilla/5.0 (compatible; MJ12bot/v1.4.5; http://www.majestic12.co.uk/bot.php?+)"
46.4.89.35 - - [09/Jul/2015:06:50:50 +0200] "GET /news.php?cs_go=archiv&cs_id=5321&cs_search= HTTP/1.0" 200 11477 "-" "Mozilla/5.0 (compatible; MJ12bot/v1.4.5; http://www.majestic12.co.uk/bot.php?+)"
46.4.89.35 - - [09/Jul/2015:06:51:35 +0200] "GET /news.php?cs_go=archiv&cs_id=5323&cs_search= HTTP/1.0" 200 11477 "-" "Mozilla/5.0 (compatible; MJ12bot/v1.4.5; http://www.majestic12.co.uk/bot.php?+)"
46.4.89.35 - - [09/Jul/2015:06:52:18 +0200] "GET /news.php?cs_go=archiv&cs_id=5324&cs_search= HTTP/1.0" 200 11477 "-" "Mozilla/5.0 (compatible; MJ12bot/v1.4.5; http://www.majestic12.co.uk/bot.php?+)"
46.4.89.35 - - [09/Jul/2015:06:53:00 +0200] "GET /news.php?cs_go=archiv&cs_id=5325&cs_search= HTTP/1.0" 200 11477 "-" "Mozilla/5.0 (compatible; MJ12bot/v1.4.5; http://www.majestic12.co.uk/bot.php?+)"
46.4.89.35 - - [09/Jul/2015:06:53:44 +0200] "GET /news.php?cs_go=archiv&cs_id=5328&cs_search= HTTP/1.0" 200 11477 "-" "Mozilla/5.0 (compatible; MJ12bot/v1.4.5; http://www.majestic12.co.uk/bot.php?+)"
46.4.89.35 - - [09/Jul/2015:06:54:27 +0200] "GET /news.php?cs_go=archiv&cs_id=5329&cs_search= HTTP/1.0" 200 11477 "-" "Mozilla/5.0 (compatible; MJ12bot/v1.4.5; http://www.majestic12.co.uk/bot.php?+)"
46.4.89.35 - - [09/Jul/2015:06:55:12 +0200] "GET /news.php?cs_go=archiv&cs_id=5332&cs_search= HTTP/1.0" 200 11477 "-" "Mozilla/5.0 (compatible; MJ12bot/v1.4.5; http://www.majestic12.co.uk/bot.php?+)"
46.4.89.35 - - [09/Jul/2015:06:55:57 +0200] "GET /news.php?cs_go=archiv&cs_id=5334&cs_search= HTTP/1.0" 200 11477 "-" "Mozilla/5.0 (compatible; MJ12bot/v1.4.5; http://www.majestic12.co.uk/bot.php?+)"
46.4.89.35 - - [09/Jul/2015:06:56:39 +0200] "GET /news.php?cs_go=archiv&cs_id=5335&cs_search= HTTP/1.0" 200 11477 "-" "Mozilla/5.0 (compatible; MJ12bot/v1.4.5; http://www.majestic12.co.uk/bot.php?+)"
46.4.89.35 - - [09/Jul/2015:06:57:24 +0200] "GET /news.php?cs_go=archiv&cs_id=5336&cs_search= HTTP/1.0" 200 11477 "-" "Mozilla/5.0 (compatible; MJ12bot/v1.4.5; http://www.majestic12.co.uk/bot.php?+)"
46.4.89.35 - - [09/Jul/2015:06:58:12 +0200] "GET /news.php?cs_go=archiv&cs_id=5337&cs_search= HTTP/1.0" 200 11477 "-" "Mozilla/5.0 (compatible; MJ12bot/v1.4.5; http://www.majestic12.co.uk/bot.php?+)"
46.4.89.35 - - [09/Jul/2015:06:58:58 +0200] "GET /news.php?cs_go=archiv&cs_id=5338&cs_search= HTTP/1.0" 200 11477 "-" "Mozilla/5.0 (compatible; MJ12bot/v1.4.5; http://www.majestic12.co.uk/bot.php?+)"
46.4.89.35 - - [09/Jul/2015:06:59:44 +0200] "GET /news.php?cs_go=archiv&cs_id=5339&cs_search= HTTP/1.0" 200 11477 "-" "Mozilla/5.0 (compatible; MJ12bot/v1.4.5; http://www.majestic12.co.uk/bot.php?+)"
46.4.89.35 - - [09/Jul/2015:07:00:27 +0200] "GET /news.php?cs_go=archiv&cs_id=5340&cs_search= HTTP/1.0" 200 11477 "-" "Mozilla/5.0 (compatible; MJ12bot/v1.4.5; http://www.majestic12.co.uk/bot.php?+)"
46.4.89.35 - - [09/Jul/2015:07:01:11 +0200] "GET /news.php?cs_go=archiv&cs_id=5341&cs_search= HTTP/1.0" 200 11477 "-" "Mozilla/5.0 (compatible; MJ12bot/v1.4.5; http://www.majestic12.co.uk/bot.php?+)"
46.4.89.35 - - [09/Jul/2015:07:01:58 +0200] "GET /news.php?cs_go=archiv&cs_id=5343&cs_search= HTTP/1.0" 200 11477 "-" "Mozilla/5.0 (compatible; MJ12bot/v1.4.5; http://www.majestic12.co.uk/bot.php?+)"
46.4.89.35 - - [09/Jul/2015:07:02:40 +0200] "GET /news.php?cs_go=archiv&cs_id=5344&cs_search= HTTP/1.0" 200 11477 "-" "Mozilla/5.0 (compatible; MJ12bot/v1.4.5; http://www.majestic12.co.uk/bot.php?+)"
46.4.89.35 - - [09/Jul/2015:07:03:23 +0200] "GET /news.php?cs_go=archiv&cs_id=5346&cs_search= HTTP/1.0" 200 11477 "-" "Mozilla/5.0 (compatible; MJ12bot/v1.4.5; http://www.majestic12.co.uk/bot.php?+)"
46.4.89.35 - - [09/Jul/2015:07:04:05 +0200] "GET /news.php?cs_go=archiv&cs_id=5347&cs_search= HTTP/1.0" 200 11477 "-" "Mozilla/5.0 (compatible; MJ12bot/v1.4.5; http://www.majestic12.co.uk/bot.php?+)"
46.4.89.35 - - [09/Jul/2015:07:04:47 +0200] "GET /news.php?cs_go=archiv&cs_id=5349&cs_search= HTTP/1.0" 200 11477 "-" "Mozilla/5.0 (compatible; MJ12bot/v1.4.5; http://www.majestic12.co.uk/bot.php?+)"
46.4.89.35 - - [09/Jul/2015:07:05:33 +0200] "GET /news.php?cs_go=archiv&cs_id=5350&cs_search= HTTP/1.0" 200 11477 "-" "Mozilla/5.0 (compatible; MJ12bot/v1.4.5; http://www.majestic12.co.uk/bot.php?+)"
46.4.89.35 - - [09/Jul/2015:07:06:17 +0200] "GET /news.php?cs_go=archiv&cs_id=5351&cs_search= HTTP/1.0" 200 11477 "-" "Mozilla/5.0 (compatible; MJ12bot/v1.4.5; http://www.majestic12.co.uk/bot.php?+)"
46.4.89.35 - - [09/Jul/2015:07:07:02 +0200] "GET /news.php?cs_go=archiv&cs_id=5352&cs_search= HTTP/1.0" 200 11477 "-" "Mozilla/5.0 (compatible; MJ12bot/v1.4.5; http://www.majestic12.co.uk/bot.php?+)"
46.4.89.35 - - [09/Jul/2015:07:07:45 +0200] "GET /news.php?cs_go=archiv&cs_id=5353&cs_search= HTTP/1.0" 200 11477 "-" "Mozilla/5.0 (compatible; MJ12bot/v1.4.5; http://www.majestic12.co.uk/bot.php?+)"
46.4.89.35 - - [09/Jul/2015:07:08:27 +0200] "GET /news.php?cs_go=archiv&cs_startpos=111 HTTP/1.0" 200 11477 "-" "Mozilla/5.0 (compatible; MJ12bot/v1.4.5; http://www.majestic12.co.uk/bot.php?+)"
66.249.78.36 - - [09/Jul/2015:07:08:33 +0200] "GET /kwk.php HTTP/1.1" 200 11474 "-" "Mozilla/5.0 (compatible; Googlebot/2.1; +http://www.google.com/bot.html)"
66.249.78.50 - - [09/Jul/2015:07:16:18 +0200] "GET /kwk.php HTTP/1.1" 200 11474 "-" "Mozilla/5.0 (compatible; Googlebot/2.1; +http://www.google.com/bot.html)"
171.13.14.146 - - [09/Jul/2015:07:17:33 +0200] "GET / HTTP/1.1" 200 15920 "http://www.esso-berlin.de/" "Mozilla/4.0 (compatible; MSIE 8.0; Windows NT 6.1; Trident/4.0; SLCC2; .NET CLR 2.0.50727; .NET CLR 3.5.30729; .NET CLR 3.0.30729; Media Center PC 6.0; Tablet PC 2.0)"
106.120.160.119 - - [09/Jul/2015:07:17:20 +0200] "GET / HTTP/1.1" 200 16125 "http://www.esso-berlin.de/" "Mozilla/4.0 (compatible; MSIE 8.0; Windows NT 6.1; Trident/4.0; SLCC2; .NET CLR 2.0.50727; .NET CLR 3.5.30729; .NET CLR 3.0.30729; Media Center PC 6.0; Tablet PC 2.0)"
66.249.78.36 - - [09/Jul/2015:07:23:33 +0200] "GET /kwk.php HTTP/1.1" 200 11474 "-" "Mozilla/5.0 (compatible; Googlebot/2.1; +http://www.google.com/bot.html)"
46.4.123.172 - - [09/Jul/2015:07:32:50 +0200] "GET /robots.txt HTTP/1.0" 404 1256 "-" "Mozilla/5.0 (compatible; MJ12bot/v1.4.5; http://www.majestic12.co.uk/bot.php?+)"
46.4.123.172 - - [09/Jul/2015:07:33:05 +0200] "GET /news.php?cs_go=archiv&cs_id=5196 HTTP/1.0" 200 11477 "-" "Mozilla/5.0 (compatible; MJ12bot/v1.4.5; http://www.majestic12.co.uk/bot.php?+)"
46.4.123.172 - - [09/Jul/2015:07:34:06 +0200] "GET /news.php?cs_go=archiv&cs_id=5197 HTTP/1.0" 200 11477 "-" "Mozilla/5.0 (compatible; MJ12bot/v1.4.5; http://www.majestic12.co.uk/bot.php?+)"
46.4.123.172 - - [09/Jul/2015:07:34:50 +0200] "GET /news.php?cs_go=archiv&cs_id=5198 HTTP/1.0" 200 11477 "-" "Mozilla/5.0 (compatible; MJ12bot/v1.4.5; http://www.majestic12.co.uk/bot.php?+)"
46.4.123.172 - - [09/Jul/2015:07:35:38 +0200] "GET /news.php?cs_go=archiv&cs_id=5200 HTTP/1.0" 200 11477 "-" "Mozilla/5.0 (compatible; MJ12bot/v1.4.5; http://www.majestic12.co.uk/bot.php?+)"
46.4.123.172 - - [09/Jul/2015:07:36:21 +0200] "GET /news.php?cs_go=archiv&cs_id=5201 HTTP/1.0" 200 11477 "-" "Mozilla/5.0 (compatible; MJ12bot/v1.4.5; http://www.majestic12.co.uk/bot.php?+)"
46.4.123.172 - - [09/Jul/2015:07:37:06 +0200] "GET /news.php?cs_go=archiv&cs_id=5202 HTTP/1.0" 200 11477 "-" "Mozilla/5.0 (compatible; MJ12bot/v1.4.5; http://www.majestic12.co.uk/bot.php?+)"
46.4.123.172 - - [09/Jul/2015:07:37:49 +0200] "GET /news.php?cs_go=archiv&cs_id=5203 HTTP/1.0" 200 11477 "-" "Mozilla/5.0 (compatible; MJ12bot/v1.4.5; http://www.majestic12.co.uk/bot.php?+)"
66.249.78.50 - - [09/Jul/2015:07:52:15 +0200] "GET / HTTP/1.1" 200 12120 "-" "Mozilla/5.0 (compatible; Googlebot/2.1; +http://www.google.com/bot.html)"
148.251.44.138 - - [09/Jul/2015:08:04:05 +0200] "GET /robots.txt HTTP/1.1" 404 1256 "-" "ssearch_bot (sSearch Crawler; http://www.semantissimo.de)"
66.249.78.43 - - [09/Jul/2015:07:58:23 +0200] "GET / HTTP/1.1" 200 15920 "-" "Mozilla/5.0 (compatible; Googlebot/2.1; +http://www.google.com/bot.html)"
66.249.78.50 - - [09/Jul/2015:08:04:49 +0200] "GET / HTTP/1.1" 200 15920 "-" "Mozilla/5.0 (compatible; Googlebot/2.1; +http://www.google.com/bot.html)"
148.251.44.138 - - [09/Jul/2015:08:04:05 +0200] "GET / HTTP/1.1" 200 16125 "-" "ssearch_bot (sSearch Crawler; http://www.semantissimo.de)"
208.115.111.74 - - [09/Jul/2015:08:30:49 +0200] "GET /robots.txt HTTP/1.1" 404 1256 "-" "Mozilla/5.0 (compatible; DotBot/1.1; http://www.opensiteexplorer.org/dotbot, help@moz.com)"
66.249.78.135 - - [09/Jul/2015:08:36:32 +0200] "GET /robots.txt HTTP/1.1" 404 1256 "-" "Mozilla/5.0 (compatible; Googlebot/2.1; +http://www.google.com/bot.html)"
66.249.78.149 - - [09/Jul/2015:08:36:33 +0200] "GET /news.php?cs_go=archiv&cs_id=1581&cs_search= HTTP/1.1" 200 11477 "-" "Mozilla/5.0 (compatible; Googlebot/2.1; +http://www.google.com/bot.html)"
66.249.78.142 - - [09/Jul/2015:08:42:47 +0200] "GET /news.php?cs_go=archiv&cs_id=1581&cs_search= HTTP/1.1" 200 11477 "-" "Mozilla/5.0 (compatible; Googlebot/2.1; +http://www.google.com/bot.html)"
207.46.13.121 - - [09/Jul/2015:08:50:20 +0200] "GET /images/adblue_neu.png HTTP/1.1" 200 30982 "-" "Mozilla/5.0 (compatible; bingbot/2.0; +http://www.bing.com/bingbot.htm)"
66.249.78.135 - - [09/Jul/2015:08:49:23 +0200] "GET /news.php?cs_go=archiv&cs_id=1581&cs_search= HTTP/1.1" 200 11477 "-" "Mozilla/5.0 (compatible; Googlebot/2.1; +http://www.google.com/bot.html)"
208.115.111.74 - - [09/Jul/2015:09:20:49 +0200] "GET /news.php?cs_go=archiv&cs_id=5329 HTTP/1.1" 200 11477 "-" "Mozilla/5.0 (compatible; DotBot/1.1; http://www.opensiteexplorer.org/dotbot, help@moz.com)"
66.249.78.50 - - [09/Jul/2015:09:53:57 +0200] "GET / HTTP/1.1" 200 15920 "-" "Mozilla/5.0 (compatible; Googlebot/2.1; +http://www.google.com/bot.html)"
66.249.67.15 - - [09/Jul/2015:10:00:15 +0200] "GET / HTTP/1.1" 200 15920 "-" "Mozilla/5.0 (compatible; Googlebot/2.1; +http://www.google.com/bot.html)"
66.249.78.36 - - [09/Jul/2015:10:06:37 +0200] "GET / HTTP/1.1" 200 15920 "-" "Mozilla/5.0 (compatible; Googlebot/2.1; +http://www.google.com/bot.html)"
123.125.71.29 - - [09/Jul/2015:10:12:25 +0200] "GET / HTTP/1.1" 200 9656 "-" "Mozilla/5.0 (Windows NT 5.1; rv:6.0.2) Gecko/20100101 Firefox/6.0.2"
46.29.20.219 - - [09/Jul/2015:10:41:07 +0200] "HEAD / HTTP/1.1" 200 - "-" "Mozilla/4.0 (compatible; MSIE 5.01; Windows NT 5.0)"
5.9.87.98 - - [09/Jul/2015:10:49:09 +0200] "GET /robots.txt HTTP/1.0" 404 1256 "-" "Mozilla/5.0 (compatible; MJ12bot/v1.4.5; http://www.majestic12.co.uk/bot.php?+)"
5.9.87.98 - - [09/Jul/2015:10:49:11 +0200] "GET /news.php?cs_go=archiv&cs_id=4461&cs_search= HTTP/1.0" 200 11477 "-" "Mozilla/5.0 (compatible; MJ12bot/v1.4.5; http://www.majestic12.co.uk/bot.php?+)"
5.9.87.98 - - [09/Jul/2015:10:49:59 +0200] "GET /news.php?cs_go=archiv&cs_id=4463&cs_search= HTTP/1.0" 200 11477 "-" "Mozilla/5.0 (compatible; MJ12bot/v1.4.5; http://www.majestic12.co.uk/bot.php?+)"
5.9.87.98 - - [09/Jul/2015:10:50:42 +0200] "GET /news.php?cs_go=archiv&cs_id=4464&cs_search= HTTP/1.0" 200 11477 "-" "Mozilla/5.0 (compatible; MJ12bot/v1.4.5; http://www.majestic12.co.uk/bot.php?+)"
5.9.87.98 - - [09/Jul/2015:10:51:25 +0200] "GET /news.php?cs_go=archiv&cs_id=4477&cs_search= HTTP/1.0" 200 11477 "-" "Mozilla/5.0 (compatible; MJ12bot/v1.4.5; http://www.majestic12.co.uk/bot.php?+)"
5.9.87.98 - - [09/Jul/2015:10:52:10 +0200] "GET /news.php?cs_go=archiv&cs_id=4478&cs_search= HTTP/1.0" 200 11477 "-" "Mozilla/5.0 (compatible; MJ12bot/v1.4.5; http://www.majestic12.co.uk/bot.php?+)"
5.9.87.98 - - [09/Jul/2015:10:52:55 +0200] "GET /news.php?cs_go=archiv&cs_id=4479&cs_search= HTTP/1.0" 200 11477 "-" "Mozilla/5.0 (compatible; MJ12bot/v1.4.5; http://www.majestic12.co.uk/bot.php?+)"
5.9.87.98 - - [09/Jul/2015:10:53:37 +0200] "GET /news.php?cs_go=archiv&cs_id=4480&cs_search= HTTP/1.0" 200 11477 "-" "Mozilla/5.0 (compatible; MJ12bot/v1.4.5; http://www.majestic12.co.uk/bot.php?+)"
5.9.87.98 - - [09/Jul/2015:10:54:20 +0200] "GET /news.php?cs_go=archiv&cs_id=4481&cs_search= HTTP/1.0" 200 11477 "-" "Mozilla/5.0 (compatible; MJ12bot/v1.4.5; http://www.majestic12.co.uk/bot.php?+)"
5.9.87.98 - - [09/Jul/2015:10:55:04 +0200] "GET /news.php?cs_go=archiv&cs_id=4482&cs_search= HTTP/1.0" 200 11477 "-" "Mozilla/5.0 (compatible; MJ12bot/v1.4.5; http://www.majestic12.co.uk/bot.php?+)"
5.9.41.104 - - [09/Jul/2015:11:05:13 +0200] "GET /robots.txt HTTP/1.1" 404 1256 "-" "Mozilla/5.0 (compatible; SearchmetricsBot; http://www.searchmetrics.com/en/searchmetrics-bot/)"
5.9.41.104 - - [09/Jul/2015:11:09:14 +0200] "GET /../kwk.php HTTP/1.1" 400 1200 "-" "Mozilla/5.0 (compatible; SearchmetricsBot; http://www.searchmetrics.com/en/searchmetrics-bot/)"
5.9.87.98 - - [09/Jul/2015:11:05:38 +0200] "GET /news.php?cs_go=archiv&cs_id=4482&cs_search= HTTP/1.0" 200 11477 "-" "Mozilla/5.0 (compatible; MJ12bot/v1.4.5; http://www.majestic12.co.uk/bot.php?+)"
5.9.41.104 - - [09/Jul/2015:11:05:43 +0200] "GET /biogasanlage.php HTTP/1.1" 200 11909 "-" "Mozilla/5.0 (compatible; SearchmetricsBot; http://www.searchmetrics.com/en/searchmetrics-bot/)"
5.9.41.104 - - [09/Jul/2015:11:05:54 +0200] "GET /adblue.php HTTP/1.1" 200 15843 "-" "Mozilla/5.0 (compatible; SearchmetricsBot; http://www.searchmetrics.com/en/searchmetrics-bot/)"
5.9.87.98 - - [09/Jul/2015:11:06:20 +0200] "GET /news.php?cs_go=archiv&cs_id=4484&cs_search= HTTP/1.0" 200 11477 "-" "Mozilla/5.0 (compatible; MJ12bot/v1.4.5; http://www.majestic12.co.uk/bot.php?+)"
5.9.41.104 - - [09/Jul/2015:11:06:35 +0200] "GET /impressum.php HTTP/1.1" 200 12936 "-" "Mozilla/5.0 (compatible; SearchmetricsBot; http://www.searchmetrics.com/en/searchmetrics-bot/)"
5.9.41.104 - - [09/Jul/2015:11:06:45 +0200] "GET /jobs.php HTTP/1.1" 200 11716 "-" "Mozilla/5.0 (compatible; SearchmetricsBot; http://www.searchmetrics.com/en/searchmetrics-bot/)"
5.9.41.104 - - [09/Jul/2015:11:06:55 +0200] "GET /schmierstoffe.php HTTP/1.1" 200 14431 "-" "Mozilla/5.0 (compatible; SearchmetricsBot; http://www.searchmetrics.com/en/searchmetrics-bot/)"
5.9.87.98 - - [09/Jul/2015:11:07:03 +0200] "GET /news.php?cs_go=archiv&cs_id=4485&cs_search= HTTP/1.0" 200 11477 "-" "Mozilla/5.0 (compatible; MJ12bot/v1.4.5; http://www.majestic12.co.uk/bot.php?+)"
5.9.41.104 - - [09/Jul/2015:11:07:05 +0200] "GET /preisanfrage.php HTTP/1.1" 200 11698 "-" "Mozilla/5.0 (compatible; SearchmetricsBot; http://www.searchmetrics.com/en/searchmetrics-bot/)"
5.9.87.98 - - [09/Jul/2015:11:07:46 +0200] "GET /news.php?cs_go=archiv&cs_id=4486&cs_search= HTTP/1.0" 200 11477 "-" "Mozilla/5.0 (compatible; MJ12bot/v1.4.5; http://www.majestic12.co.uk/bot.php?+)"
5.9.41.104 - - [09/Jul/2015:11:07:49 +0200] "GET /baustellenbetankung.php HTTP/1.1" 200 12527 "-" "Mozilla/5.0 (compatible; SearchmetricsBot; http://www.searchmetrics.com/en/searchmetrics-bot/)"
5.9.41.104 - - [09/Jul/2015:11:08:09 +0200] "GET /marktdaten.php HTTP/1.1" 200 12103 "-" "Mozilla/5.0 (compatible; SearchmetricsBot; http://www.searchmetrics.com/en/searchmetrics-bot/)"
5.9.41.104 - - [09/Jul/2015:11:05:13 +0200] "GET / HTTP/1.1" 200 16125 "-" "Mozilla/5.0 (compatible; SearchmetricsBot; http://www.searchmetrics.com/en/searchmetrics-bot/)"
5.9.87.98 - - [09/Jul/2015:11:08:30 +0200] "GET /news.php?cs_go=archiv&cs_id=4487&cs_search= HTTP/1.0" 200 11477 "-" "Mozilla/5.0 (compatible; MJ12bot/v1.4.5; http://www.majestic12.co.uk/bot.php?+)"
5.9.41.104 - - [09/Jul/2015:11:05:23 +0200] "GET /kontakt.php HTTP/1.1" 200 11672 "-" "Mozilla/5.0 (compatible; SearchmetricsBot; http://www.searchmetrics.com/en/searchmetrics-bot/)"
5.9.41.104 - - [09/Jul/2015:11:08:33 +0200] "GET /essoschmierstoffe.php HTTP/1.1" 200 15592 "-" "Mozilla/5.0 (compatible; SearchmetricsBot; http://www.searchmetrics.com/en/searchmetrics-bot/)"
5.9.41.104 - - [09/Jul/2015:11:05:33 +0200] "GET /tankreinigung.php HTTP/1.1" 200 11962 "-" "Mozilla/5.0 (compatible; SearchmetricsBot; http://www.searchmetrics.com/en/searchmetrics-bot/)"
5.9.41.104 - - [09/Jul/2015:11:08:43 +0200] "GET /premiumheizoel.php HTTP/1.1" 200 12235 "-" "Mozilla/5.0 (compatible; SearchmetricsBot; http://www.searchmetrics.com/en/searchmetrics-bot/)"
5.9.41.104 - - [09/Jul/2015:11:06:04 +0200] "GET /heizoel.php HTTP/1.1" 200 12204 "-" "Mozilla/5.0 (compatible; SearchmetricsBot; http://www.searchmetrics.com/en/searchmetrics-bot/)"
5.9.87.98 - - [09/Jul/2015:11:09:14 +0200] "GET /news.php?cs_go=archiv&cs_id=4491&cs_search= HTTP/1.0" 200 11477 "-" "Mozilla/5.0 (compatible; MJ12bot/v1.4.5; http://www.majestic12.co.uk/bot.php?+)"
5.9.41.104 - - [09/Jul/2015:11:06:14 +0200] "GET /diesel.php HTTP/1.1" 200 12167 "-" "Mozilla/5.0 (compatible; SearchmetricsBot; http://www.searchmetrics.com/en/searchmetrics-bot/)"
5.9.41.104 - - [09/Jul/2015:11:06:24 +0200] "GET /ec.php HTTP/1.1" 200 11821 "-" "Mozilla/5.0 (compatible; SearchmetricsBot; http://www.searchmetrics.com/en/searchmetrics-bot/)"
5.9.41.104 - - [09/Jul/2015:11:09:34 +0200] "GET /waermekonto.php HTTP/1.1" 200 12036 "-" "Mozilla/5.0 (compatible; SearchmetricsBot; http://www.searchmetrics.com/en/searchmetrics-bot/)"
5.9.87.98 - - [09/Jul/2015:11:09:57 +0200] "GET /news.php?cs_go=archiv&cs_id=4493&cs_search= HTTP/1.0" 200 11477 "-" "Mozilla/5.0 (compatible; MJ12bot/v1.4.5; http://www.majestic12.co.uk/bot.php?+)"
5.9.41.104 - - [09/Jul/2015:11:10:18 +0200] "GET /notdienst.php HTTP/1.1" 200 12433 "-" "Mozilla/5.0 (compatible; SearchmetricsBot; http://www.searchmetrics.com/en/searchmetrics-bot/)"
5.9.41.104 - - [09/Jul/2015:11:10:28 +0200] "GET /ansprechpartner.php HTTP/1.1" 200 13907 "-" "Mozilla/5.0 (compatible; SearchmetricsBot; http://www.searchmetrics.com/en/searchmetrics-bot/)"
5.9.41.104 - - [09/Jul/2015:11:07:29 +0200] "GET /brennwerttechnik.php HTTP/1.1" 200 12064 "-" "Mozilla/5.0 (compatible; SearchmetricsBot; http://www.searchmetrics.com/en/searchmetrics-bot/)"
5.9.87.98 - - [09/Jul/2015:11:10:41 +0200] "GET /news.php?cs_go=archiv&cs_id=4494&cs_search= HTTP/1.0" 200 11477 "-" "Mozilla/5.0 (compatible; MJ12bot/v1.4.5; http://www.majestic12.co.uk/bot.php?+)"
5.9.41.104 - - [09/Jul/2015:11:07:39 +0200] "GET /edl.php HTTP/1.1" 200 12021 "-" "Mozilla/5.0 (compatible; SearchmetricsBot; http://www.searchmetrics.com/en/searchmetrics-bot/)"
5.9.41.104 - - [09/Jul/2015:11:07:59 +0200] "GET /faq.php HTTP/1.1" 200 11681 "-" "Mozilla/5.0 (compatible; SearchmetricsBot; http://www.searchmetrics.com/en/searchmetrics-bot/)"
5.9.87.98 - - [09/Jul/2015:11:11:28 +0200] "GET /news.php?cs_go=archiv&cs_id=4495&cs_search= HTTP/1.0" 200 11477 "-" "Mozilla/5.0 (compatible; MJ12bot/v1.4.5; http://www.majestic12.co.uk/bot.php?+)"
5.9.41.104 - - [09/Jul/2015:11:08:23 +0200] "GET /energiesparcheck.php HTTP/1.1" 200 11754 "-" "Mozilla/5.0 (compatible; SearchmetricsBot; http://www.searchmetrics.com/en/searchmetrics-bot/)"
66.249.78.224 - - [09/Jul/2015:11:17:55 +0200] "GET /robots.txt HTTP/1.1" 404 1256 "-" "Mozilla/5.0 (compatible; Googlebot/2.1; +http://www.google.com/bot.html)"
5.9.41.104 - - [09/Jul/2015:11:08:53 +0200] "GET /foerdermittel.php HTTP/1.1" 200 12029 "-" "Mozilla/5.0 (compatible; SearchmetricsBot; http://www.searchmetrics.com/en/searchmetrics-bot/)"
5.9.41.104 - - [09/Jul/2015:11:09:03 +0200] "GET /lexikon.php HTTP/1.1" 200 11671 "-" "Mozilla/5.0 (compatible; SearchmetricsBot; http://www.searchmetrics.com/en/searchmetrics-bot/)"
5.9.87.98 - - [09/Jul/2015:11:12:13 +0200] "GET /news.php?cs_go=archiv&cs_id=4501&cs_search= HTTP/1.0" 200 11477 "-" "Mozilla/5.0 (compatible; MJ12bot/v1.4.5; http://www.majestic12.co.uk/bot.php?+)"
5.9.41.104 - - [09/Jul/2015:11:09:14 +0200] "GET /ofenbau.php HTTP/1.1" 200 11901 "-" "Mozilla/5.0 (compatible; SearchmetricsBot; http://www.searchmetrics.com/en/searchmetrics-bot/)"
5.9.41.104 - - [09/Jul/2015:11:09:24 +0200] "GET /news.php HTTP/1.1" 200 11682 "-" "Mozilla/5.0 (compatible; SearchmetricsBot; http://www.searchmetrics.com/en/searchmetrics-bot/)"
5.9.41.104 - - [09/Jul/2015:11:09:47 +0200] "GET /wunschpreis.php HTTP/1.1" 200 11851 "-" "Mozilla/5.0 (compatible; SearchmetricsBot; http://www.searchmetrics.com/en/searchmetrics-bot/)"
5.9.87.98 - - [09/Jul/2015:11:12:57 +0200] "GET /news.php?cs_go=archiv&cs_id=4502&cs_search= HTTP/1.0" 200 11477 "-" "Mozilla/5.0 (compatible; MJ12bot/v1.4.5; http://www.majestic12.co.uk/bot.php?+)"
5.9.41.104 - - [09/Jul/2015:11:09:57 +0200] "GET /index.php HTTP/1.1" 200 16125 "-" "Mozilla/5.0 (compatible; SearchmetricsBot; http://www.searchmetrics.com/en/searchmetrics-bot/)"
5.9.41.104 - - [09/Jul/2015:11:10:08 +0200] "GET /tankanlagen.php HTTP/1.1" 200 11893 "-" "Mozilla/5.0 (compatible; SearchmetricsBot; http://www.searchmetrics.com/en/searchmetrics-bot/)"
5.9.41.104 - - [09/Jul/2015:11:07:15 +0200] "GET /energiekostenvergleich.php HTTP/1.1" 200 24259 "-" "Mozilla/5.0 (compatible; SearchmetricsBot; http://www.searchmetrics.com/en/searchmetrics-bot/)"
5.9.87.98 - - [09/Jul/2015:11:13:43 +0200] "GET /news.php?cs_go=archiv&cs_id=4504&cs_search= HTTP/1.0" 200 11477 "-" "Mozilla/5.0 (compatible; MJ12bot/v1.4.5; http://www.majestic12.co.uk/bot.php?+)"
5.9.87.98 - - [09/Jul/2015:11:14:27 +0200] "GET /news.php?cs_go=archiv&cs_id=4549&cs_search= HTTP/1.0" 200 11477 "-" "Mozilla/5.0 (compatible; MJ12bot/v1.4.5; http://www.majestic12.co.uk/bot.php?+)"
5.9.87.98 - - [09/Jul/2015:11:15:10 +0200] "GET /news.php?cs_go=archiv&cs_id=4550&cs_search= HTTP/1.0" 200 11477 "-" "Mozilla/5.0 (compatible; MJ12bot/v1.4.5; http://www.majestic12.co.uk/bot.php?+)"
5.9.87.98 - - [09/Jul/2015:11:15:53 +0200] "GET /news.php?cs_go=archiv&cs_id=4551&cs_search= HTTP/1.0" 200 11477 "-" "Mozilla/5.0 (compatible; MJ12bot/v1.4.5; http://www.majestic12.co.uk/bot.php?+)"
5.9.87.98 - - [09/Jul/2015:11:16:37 +0200] "GET /news.php?cs_go=archiv&cs_id=4553&cs_search= HTTP/1.0" 200 11477 "-" "Mozilla/5.0 (compatible; MJ12bot/v1.4.5; http://www.majestic12.co.uk/bot.php?+)"
5.9.87.98 - - [09/Jul/2015:11:17:21 +0200] "GET /news.php?cs_go=archiv&cs_id=4554&cs_search= HTTP/1.0" 200 11477 "-" "Mozilla/5.0 (compatible; MJ12bot/v1.4.5; http://www.majestic12.co.uk/bot.php?+)"
66.249.78.224 - - [09/Jul/2015:11:17:55 +0200] "GET /news.php?cs_go=archiv&cs_id=344&cs_search= HTTP/1.1" 200 11477 "-" "Mozilla/5.0 (compatible; Googlebot/2.1; +http://www.google.com/bot.html)"
5.9.87.98 - - [09/Jul/2015:11:18:04 +0200] "GET /news.php?cs_go=archiv&cs_id=4555&cs_search= HTTP/1.0" 200 11477 "-" "Mozilla/5.0 (compatible; MJ12bot/v1.4.5; http://www.majestic12.co.uk/bot.php?+)"
5.9.87.98 - - [09/Jul/2015:11:18:51 +0200] "GET /news.php?cs_go=archiv&cs_id=4557&cs_search= HTTP/1.0" 200 11477 "-" "Mozilla/5.0 (compatible; MJ12bot/v1.4.5; http://www.majestic12.co.uk/bot.php?+)"
5.9.87.98 - - [09/Jul/2015:11:19:38 +0200] "GET /news.php?cs_go=archiv&cs_id=4558&cs_search= HTTP/1.0" 200 11477 "-" "Mozilla/5.0 (compatible; MJ12bot/v1.4.5; http://www.majestic12.co.uk/bot.php?+)"
5.9.87.98 - - [09/Jul/2015:11:20:22 +0200] "GET /news.php?cs_go=archiv&cs_id=4559&cs_search= HTTP/1.0" 200 11477 "-" "Mozilla/5.0 (compatible; MJ12bot/v1.4.5; http://www.majestic12.co.uk/bot.php?+)"
5.9.87.98 - - [09/Jul/2015:11:21:05 +0200] "GET /news.php?cs_go=archiv&cs_id=4562&cs_search= HTTP/1.0" 200 11477 "-" "Mozilla/5.0 (compatible; MJ12bot/v1.4.5; http://www.majestic12.co.uk/bot.php?+)"
5.9.87.98 - - [09/Jul/2015:11:21:48 +0200] "GET /news.php?cs_go=archiv&cs_id=4563&cs_search= HTTP/1.0" 200 11477 "-" "Mozilla/5.0 (compatible; MJ12bot/v1.4.5; http://www.majestic12.co.uk/bot.php?+)"
5.9.87.98 - - [09/Jul/2015:11:22:33 +0200] "GET /news.php?cs_go=archiv&cs_id=4564&cs_search= HTTP/1.0" 200 11477 "-" "Mozilla/5.0 (compatible; MJ12bot/v1.4.5; http://www.majestic12.co.uk/bot.php?+)"
5.9.65.19 - - [09/Jul/2015:11:28:51 +0200] "GET /robots.txt HTTP/1.1" 404 1256 "-" "BacklinkCrawler (http://www.backlinktest.com/crawler.html)"
5.9.65.19 - - [09/Jul/2015:11:28:51 +0200] "GET /sitemap.xml HTTP/1.1" 404 1256 "-" "BacklinkCrawler (http://www.backlinktest.com/crawler.html)"
5.9.87.98 - - [09/Jul/2015:11:23:18 +0200] "GET /news.php?cs_go=archiv&cs_id=4568&cs_search= HTTP/1.0" 200 11477 "-" "Mozilla/5.0 (compatible; MJ12bot/v1.4.5; http://www.majestic12.co.uk/bot.php?+)"
5.9.87.98 - - [09/Jul/2015:11:24:01 +0200] "GET /news.php?cs_go=archiv&cs_id=4569&cs_search= HTTP/1.0" 200 11477 "-" "Mozilla/5.0 (compatible; MJ12bot/v1.4.5; http://www.majestic12.co.uk/bot.php?+)"
66.249.78.217 - - [09/Jul/2015:11:24:31 +0200] "GET /news.php?cs_go=archiv&cs_id=344&cs_search= HTTP/1.1" 200 11477 "-" "Mozilla/5.0 (compatible; Googlebot/2.1; +http://www.google.com/bot.html)"
5.9.87.98 - - [09/Jul/2015:11:24:44 +0200] "GET /news.php?cs_go=archiv&cs_id=4570&cs_search= HTTP/1.0" 200 11477 "-" "Mozilla/5.0 (compatible; MJ12bot/v1.4.5; http://www.majestic12.co.uk/bot.php?+)"
5.9.87.98 - - [09/Jul/2015:11:25:27 +0200] "GET /news.php?cs_go=archiv&cs_id=5203 HTTP/1.0" 200 11477 "-" "Mozilla/5.0 (compatible; MJ12bot/v1.4.5; http://www.majestic12.co.uk/bot.php?+)"
5.9.65.19 - - [09/Jul/2015:11:30:25 +0200] "GET /jobs.php HTTP/1.1" 200 11511 "-" "BacklinkCrawler (http://www.backlinktest.com/crawler.html)"
5.9.65.19 - - [09/Jul/2015:11:28:53 +0200] "GET / HTTP/1.1" 200 15920 "-" "BacklinkCrawler (http://www.backlinktest.com/crawler.html)"
5.9.65.19 - - [09/Jul/2015:11:29:03 +0200] "GET /foerdermittel.php HTTP/1.1" 200 11824 "-" "BacklinkCrawler (http://www.backlinktest.com/crawler.html)"
