78.46.50.246 - - [15/Jul/2015:03:12:04 +0200] "GET /news.php?cs_go=archiv&cs_id=3815&cs_search= HTTP/1.0" 200 11477 "-" "Mozilla/5.0 (compatible; MJ12bot/v1.4.5; http://www.majestic12.co.uk/bot.php?+)"
204.12.241.170 - - [15/Jul/2015:03:12:08 +0200] "GET /news.php?cs_go=archiv&cs_id=4226&cs_search= HTTP/1.0" 200 11477 "-" "Mozilla/5.0 (compatible; MJ12bot/v1.4.5; http://www.majestic12.co.uk/bot.php?+)"
46.4.32.75 - - [15/Jul/2015:03:12:13 +0200] "GET /news.php?cs_go=archiv&cs_id=5240 HTTP/1.0" 200 11477 "-" "Mozilla/5.0 (compatible; MJ12bot/v1.4.5; http://www.majestic12.co.uk/bot.php?+)"
78.46.50.246 - - [15/Jul/2015:03:12:26 +0200] "GET /news.php?cs_go=archiv&cs_id=3816&cs_search= HTTP/1.0" 200 11477 "-" "Mozilla/5.0 (compatible; MJ12bot/v1.4.5; http://www.majestic12.co.uk/bot.php?+)"
204.12.241.170 - - [15/Jul/2015:03:12:31 +0200] "GET /news.php?cs_go=archiv&cs_id=4227&cs_search= HTTP/1.0" 200 11477 "-" "Mozilla/5.0 (compatible; MJ12bot/v1.4.5; http://www.majestic12.co.uk/bot.php?+)"
46.4.32.75 - - [15/Jul/2015:03:12:34 +0200] "GET /news.php?cs_go=archiv&cs_id=5242 HTTP/1.0" 200 11477 "-" "Mozilla/5.0 (compatible; MJ12bot/v1.4.5; http://www.majestic12.co.uk/bot.php?+)"
78.46.50.246 - - [15/Jul/2015:03:12:48 +0200] "GET /news.php?cs_go=archiv&cs_id=3817&cs_search= HTTP/1.0" 200 11477 "-" "Mozilla/5.0 (compatible; MJ12bot/v1.4.5; http://www.majestic12.co.uk/bot.php?+)"
204.12.241.170 - - [15/Jul/2015:03:12:52 +0200] "GET /news.php?cs_go=archiv&cs_id=4228&cs_search= HTTP/1.0" 200 11477 "-" "Mozilla/5.0 (compatible; MJ12bot/v1.4.5; http://www.majestic12.co.uk/bot.php?+)"
46.4.32.75 - - [15/Jul/2015:03:12:56 +0200] "GET /news.php?cs_go=archiv&cs_id=5243 HTTP/1.0" 200 11477 "-" "Mozilla/5.0 (compatible; MJ12bot/v1.4.5; http://www.majestic12.co.uk/bot.php?+)"
78.46.50.246 - - [15/Jul/2015:03:13:10 +0200] "GET /news.php?cs_go=archiv&cs_id=3818&cs_search= HTTP/1.0" 200 11477 "-" "Mozilla/5.0 (compatible; MJ12bot/v1.4.5; http://www.majestic12.co.uk/bot.php?+)"
204.12.241.170 - - [15/Jul/2015:03:13:13 +0200] "GET /news.php?cs_go=archiv&cs_id=4229&cs_search= HTTP/1.0" 200 11477 "-" "Mozilla/5.0 (compatible; MJ12bot/v1.4.5; http://www.majestic12.co.uk/bot.php?+)"
46.4.32.75 - - [15/Jul/2015:03:13:18 +0200] "GET /news.php?cs_go=archiv&cs_id=5243&cs_search= HTTP/1.0" 200 11477 "-" "Mozilla/5.0 (compatible; MJ12bot/v1.4.5; http://www.majestic12.co.uk/bot.php?+)"
78.46.50.246 - - [15/Jul/2015:03:13:32 +0200] "GET /news.php?cs_go=archiv&cs_id=3819&cs_search= HTTP/1.0" 200 11477 "-" "Mozilla/5.0 (compatible; MJ12bot/v1.4.5; http://www.majestic12.co.uk/bot.php?+)"
204.12.241.170 - - [15/Jul/2015:03:13:35 +0200] "GET /news.php?cs_go=archiv&cs_id=4230&cs_search= HTTP/1.0" 200 11477 "-" "Mozilla/5.0 (compatible; MJ12bot/v1.4.5; http://www.majestic12.co.uk/bot.php?+)"
46.4.32.75 - - [15/Jul/2015:03:13:39 +0200] "GET /news.php?cs_go=archiv&cs_id=5244 HTTP/1.0" 200 11477 "-" "Mozilla/5.0 (compatible; MJ12bot/v1.4.5; http://www.majestic12.co.uk/bot.php?+)"
78.46.50.246 - - [15/Jul/2015:03:13:54 +0200] "GET /news.php?cs_go=archiv&cs_id=3820 HTTP/1.0" 200 11477 "-" "Mozilla/5.0 (compatible; MJ12bot/v1.4.5; http://www.majestic12.co.uk/bot.php?+)"
204.12.241.170 - - [15/Jul/2015:03:13:58 +0200] "GET /news.php?cs_go=archiv&cs_id=4231&cs_search= HTTP/1.0" 200 11477 "-" "Mozilla/5.0 (compatible; MJ12bot/v1.4.5; http://www.majestic12.co.uk/bot.php?+)"
46.4.32.75 - - [15/Jul/2015:03:14:01 +0200] "GET /news.php?cs_go=archiv&cs_id=5245 HTTP/1.0" 200 11477 "-" "Mozilla/5.0 (compatible; MJ12bot/v1.4.5; http://www.majestic12.co.uk/bot.php?+)"
78.46.50.246 - - [15/Jul/2015:03:14:17 +0200] "GET /news.php?cs_go=archiv&cs_id=3821&cs_search= HTTP/1.0" 200 11477 "-" "Mozilla/5.0 (compatible; MJ12bot/v1.4.5; http://www.majestic12.co.uk/bot.php?+)"
204.12.241.170 - - [15/Jul/2015:03:14:19 +0200] "GET /news.php?cs_go=archiv&cs_id=4232 HTTP/1.0" 200 11477 "-" "Mozilla/5.0 (compatible; MJ12bot/v1.4.5; http://www.majestic12.co.uk/bot.php?+)"
46.4.32.75 - - [15/Jul/2015:03:14:22 +0200] "GET /news.php?cs_go=archiv&cs_id=5246 HTTP/1.0" 200 11477 "-" "Mozilla/5.0 (compatible; MJ12bot/v1.4.5; http://www.majestic12.co.uk/bot.php?+)"
78.46.50.246 - - [15/Jul/2015:03:14:39 +0200] "GET /news.php?cs_go=archiv&cs_id=3822&cs_search= HTTP/1.0" 200 11477 "-" "Mozilla/5.0 (compatible; MJ12bot/v1.4.5; http://www.majestic12.co.uk/bot.php?+)"
204.12.241.170 - - [15/Jul/2015:03:14:41 +0200] "GET /news.php?cs_go=archiv&cs_id=4232&cs_search= HTTP/1.0" 200 11477 "-" "Mozilla/5.0 (compatible; MJ12bot/v1.4.5; http://www.majestic12.co.uk/bot.php?+)"
46.4.32.75 - - [15/Jul/2015:03:14:44 +0200] "GET /news.php?cs_go=archiv&cs_id=5248 HTTP/1.0" 200 11477 "-" "Mozilla/5.0 (compatible; MJ12bot/v1.4.5; http://www.majestic12.co.uk/bot.php?+)"
78.46.50.246 - - [15/Jul/2015:03:15:01 +0200] "GET /news.php?cs_go=archiv&cs_id=3824&cs_search= HTTP/1.0" 200 11477 "-" "Mozilla/5.0 (compatible; MJ12bot/v1.4.5; http://www.majestic12.co.uk/bot.php?+)"
204.12.241.170 - - [15/Jul/2015:03:15:02 +0200] "GET /news.php?cs_go=archiv&cs_id=4233 HTTP/1.0" 200 11477 "-" "Mozilla/5.0 (compatible; MJ12bot/v1.4.5; http://www.majestic12.co.uk/bot.php?+)"
46.4.32.75 - - [15/Jul/2015:03:15:05 +0200] "GET /news.php?cs_go=archiv&cs_id=5249 HTTP/1.0" 200 11477 "-" "Mozilla/5.0 (compatible; MJ12bot/v1.4.5; http://www.majestic12.co.uk/bot.php?+)"
78.46.50.246 - - [15/Jul/2015:03:15:23 +0200] "GET /news.php?cs_go=archiv&cs_id=3825&cs_search= HTTP/1.0" 200 11477 "-" "Mozilla/5.0 (compatible; MJ12bot/v1.4.5; http://www.majestic12.co.uk/bot.php?+)"
204.12.241.170 - - [15/Jul/2015:03:15:24 +0200] "GET /news.php?cs_go=archiv&cs_id=4233&cs_search= HTTP/1.0" 200 11477 "-" "Mozilla/5.0 (compatible; MJ12bot/v1.4.5; http://www.majestic12.co.uk/bot.php?+)"
46.4.32.75 - - [15/Jul/2015:03:15:26 +0200] "GET /news.php?cs_go=archiv&cs_id=5249&cs_search= HTTP/1.0" 200 11477 "-" "Mozilla/5.0 (compatible; MJ12bot/v1.4.5; http://www.majestic12.co.uk/bot.php?+)"
204.12.241.170 - - [15/Jul/2015:03:15:45 +0200] "GET /news.php?cs_go=archiv&cs_id=4234&cs_search= HTTP/1.0" 200 11477 "-" "Mozilla/5.0 (compatible; MJ12bot/v1.4.5; http://www.majestic12.co.uk/bot.php?+)"
78.46.50.246 - - [15/Jul/2015:03:15:45 +0200] "GET /news.php?cs_go=archiv&cs_id=3826&cs_search= HTTP/1.0" 200 11477 "-" "Mozilla/5.0 (compatible; MJ12bot/v1.4.5; http://www.majestic12.co.uk/bot.php?+)"
46.4.32.75 - - [15/Jul/2015:03:15:48 +0200] "GET /news.php?cs_go=archiv&cs_id=5250 HTTP/1.0" 200 11477 "-" "Mozilla/5.0 (compatible; MJ12bot/v1.4.5; http://www.majestic12.co.uk/bot.php?+)"
204.12.241.170 - - [15/Jul/2015:03:16:07 +0200] "GET /news.php?cs_go=archiv&cs_id=4235&cs_search= HTTP/1.0" 200 11477 "-" "Mozilla/5.0 (compatible; MJ12bot/v1.4.5; http://www.majestic12.co.uk/bot.php?+)"
78.46.50.246 - - [15/Jul/2015:03:16:07 +0200] "GET /news.php?cs_go=archiv&cs_id=3829&cs_search= HTTP/1.0" 200 11477 "-" "Mozilla/5.0 (compatible; MJ12bot/v1.4.5; http://www.majestic12.co.uk/bot.php?+)"
46.4.32.75 - - [15/Jul/2015:03:16:09 +0200] "GET /news.php?cs_go=archiv&cs_id=5251 HTTP/1.0" 200 11477 "-" "Mozilla/5.0 (compatible; MJ12bot/v1.4.5; http://www.majestic12.co.uk/bot.php?+)"
204.12.241.170 - - [15/Jul/2015:03:16:28 +0200] "GET /news.php?cs_go=archiv&cs_id=4236 HTTP/1.0" 200 11477 "-" "Mozilla/5.0 (compatible; MJ12bot/v1.4.5; http://www.majestic12.co.uk/bot.php?+)"
46.4.32.75 - - [15/Jul/2015:03:16:31 +0200] "GET /news.php?cs_go=archiv&cs_id=5251&cs_search= HTTP/1.0" 200 11477 "-" "Mozilla/5.0 (compatible; MJ12bot/v1.4.5; http://www.majestic12.co.uk/bot.php?+)"
78.46.50.246 - - [15/Jul/2015:03:16:31 +0200] "GET /news.php?cs_go=archiv&cs_id=3831&cs_search= HTTP/1.0" 200 11477 "-" "Mozilla/5.0 (compatible; MJ12bot/v1.4.5; http://www.majestic12.co.uk/bot.php?+)"
204.12.241.170 - - [15/Jul/2015:03:16:50 +0200] "GET /news.php?cs_go=archiv&cs_id=4236&cs_search= HTTP/1.0" 200 11477 "-" "Mozilla/5.0 (compatible; MJ12bot/v1.4.5; http://www.majestic12.co.uk/bot.php?+)"
46.4.32.75 - - [15/Jul/2015:03:16:52 +0200] "GET /news.php?cs_go=archiv&cs_id=5252 HTTP/1.0" 200 11477 "-" "Mozilla/5.0 (compatible; MJ12bot/v1.4.5; http://www.majestic12.co.uk/bot.php?+)"
78.46.50.246 - - [15/Jul/2015:03:16:53 +0200] "GET /news.php?cs_go=archiv&cs_id=3832&cs_search= HTTP/1.0" 200 11477 "-" "Mozilla/5.0 (compatible; MJ12bot/v1.4.5; http://www.majestic12.co.uk/bot.php?+)"
204.12.241.170 - - [15/Jul/2015:03:17:11 +0200] "GET /news.php?cs_go=archiv&cs_id=4237&cs_search= HTTP/1.0" 200 11477 "-" "Mozilla/5.0 (compatible; MJ12bot/v1.4.5; http://www.majestic12.co.uk/bot.php?+)"
46.4.32.75 - - [15/Jul/2015:03:17:14 +0200] "GET /news.php?cs_go=archiv&cs_id=5252&cs_search= HTTP/1.0" 200 11477 "-" "Mozilla/5.0 (compatible; MJ12bot/v1.4.5; http://www.majestic12.co.uk/bot.php?+)"
78.46.50.246 - - [15/Jul/2015:03:17:18 +0200] "GET /news.php?cs_go=archiv&cs_id=3833&cs_search= HTTP/1.0" 200 11477 "-" "Mozilla/5.0 (compatible; MJ12bot/v1.4.5; http://www.majestic12.co.uk/bot.php?+)"
204.12.241.170 - - [15/Jul/2015:03:17:32 +0200] "GET /news.php?cs_go=archiv&cs_id=4238&cs_search= HTTP/1.0" 200 11477 "-" "Mozilla/5.0 (compatible; MJ12bot/v1.4.5; http://www.majestic12.co.uk/bot.php?+)"
46.4.32.75 - - [15/Jul/2015:03:17:35 +0200] "GET /news.php?cs_go=archiv&cs_id=5253 HTTP/1.0" 200 11477 "-" "Mozilla/5.0 (compatible; MJ12bot/v1.4.5; http://www.majestic12.co.uk/bot.php?+)"
78.46.50.246 - - [15/Jul/2015:03:17:40 +0200] "GET /news.php?cs_go=archiv&cs_id=3835&cs_search= HTTP/1.0" 200 11477 "-" "Mozilla/5.0 (compatible; MJ12bot/v1.4.5; http://www.majestic12.co.uk/bot.php?+)"
204.12.241.170 - - [15/Jul/2015:03:17:54 +0200] "GET /news.php?cs_go=archiv&cs_id=4239&cs_search= HTTP/1.0" 200 11477 "-" "Mozilla/5.0 (compatible; MJ12bot/v1.4.5; http://www.majestic12.co.uk/bot.php?+)"
46.4.32.75 - - [15/Jul/2015:03:17:57 +0200] "GET /news.php?cs_go=archiv&cs_id=5253&cs_search= HTTP/1.0" 200 11477 "-" "Mozilla/5.0 (compatible; MJ12bot/v1.4.5; http://www.majestic12.co.uk/bot.php?+)"
78.46.50.246 - - [15/Jul/2015:03:18:01 +0200] "GET /news.php?cs_go=archiv&cs_id=3836&cs_search= HTTP/1.0" 200 11477 "-" "Mozilla/5.0 (compatible; MJ12bot/v1.4.5; http://www.majestic12.co.uk/bot.php?+)"
204.12.241.170 - - [15/Jul/2015:03:18:15 +0200] "GET /news.php?cs_go=archiv&cs_id=4240&cs_search= HTTP/1.0" 200 11477 "-" "Mozilla/5.0 (compatible; MJ12bot/v1.4.5; http://www.majestic12.co.uk/bot.php?+)"
46.4.32.75 - - [15/Jul/2015:03:18:18 +0200] "GET /news.php?cs_go=archiv&cs_id=5254 HTTP/1.0" 200 11477 "-" "Mozilla/5.0 (compatible; MJ12bot/v1.4.5; http://www.majestic12.co.uk/bot.php?+)"
78.46.50.246 - - [15/Jul/2015:03:18:24 +0200] "GET /news.php?cs_go=archiv&cs_id=3837&cs_search= HTTP/1.0" 200 11477 "-" "Mozilla/5.0 (compatible; MJ12bot/v1.4.5; http://www.majestic12.co.uk/bot.php?+)"
204.12.241.170 - - [15/Jul/2015:03:18:36 +0200] "GET /news.php?cs_go=archiv&cs_id=4241&cs_search= HTTP/1.0" 200 11477 "-" "Mozilla/5.0 (compatible; MJ12bot/v1.4.5; http://www.majestic12.co.uk/bot.php?+)"
46.4.32.75 - - [15/Jul/2015:03:18:40 +0200] "GET /news.php?cs_go=archiv&cs_id=5254&cs_search= HTTP/1.0" 200 11477 "-" "Mozilla/5.0 (compatible; MJ12bot/v1.4.5; http://www.majestic12.co.uk/bot.php?+)"
78.46.50.246 - - [15/Jul/2015:03:18:46 +0200] "GET /news.php?cs_go=archiv&cs_id=3838&cs_search= HTTP/1.0" 200 11477 "-" "Mozilla/5.0 (compatible; MJ12bot/v1.4.5; http://www.majestic12.co.uk/bot.php?+)"
204.12.241.170 - - [15/Jul/2015:03:18:58 +0200] "GET /news.php?cs_go=archiv&cs_id=4242&cs_search= HTTP/1.0" 200 11477 "-" "Mozilla/5.0 (compatible; MJ12bot/v1.4.5; http://www.majestic12.co.uk/bot.php?+)"
46.4.32.75 - - [15/Jul/2015:03:19:01 +0200] "GET /news.php?cs_go=archiv&cs_id=5255 HTTP/1.0" 200 11477 "-" "Mozilla/5.0 (compatible; MJ12bot/v1.4.5; http://www.majestic12.co.uk/bot.php?+)"
78.46.50.246 - - [15/Jul/2015:03:19:08 +0200] "GET /news.php?cs_go=archiv&cs_id=3839&cs_search= HTTP/1.0" 200 11477 "-" "Mozilla/5.0 (compatible; MJ12bot/v1.4.5; http://www.majestic12.co.uk/bot.php?+)"
204.12.241.170 - - [15/Jul/2015:03:19:20 +0200] "GET /news.php?cs_go=archiv&cs_id=4243&cs_search= HTTP/1.0" 200 11477 "-" "Mozilla/5.0 (compatible; MJ12bot/v1.4.5; http://www.majestic12.co.uk/bot.php?+)"
46.4.32.75 - - [15/Jul/2015:03:19:23 +0200] "GET /news.php?cs_go=archiv&cs_id=5255&cs_search= HTTP/1.0" 200 11477 "-" "Mozilla/5.0 (compatible; MJ12bot/v1.4.5; http://www.majestic12.co.uk/bot.php?+)"
78.46.50.246 - - [15/Jul/2015:03:19:30 +0200] "GET /news.php?cs_go=archiv&cs_id=3841&cs_search= HTTP/1.0" 200 11477 "-" "Mozilla/5.0 (compatible; MJ12bot/v1.4.5; http://www.majestic12.co.uk/bot.php?+)"
204.12.241.170 - - [15/Jul/2015:03:19:41 +0200] "GET /news.php?cs_go=archiv&cs_id=4244&cs_search= HTTP/1.0" 200 11477 "-" "Mozilla/5.0 (compatible; MJ12bot/v1.4.5; http://www.majestic12.co.uk/bot.php?+)"
46.4.32.75 - - [15/Jul/2015:03:19:44 +0200] "GET /news.php?cs_go=archiv&cs_id=5257 HTTP/1.0" 200 11477 "-" "Mozilla/5.0 (compatible; MJ12bot/v1.4.5; http://www.majestic12.co.uk/bot.php?+)"
78.46.50.246 - - [15/Jul/2015:03:19:52 +0200] "GET /news.php?cs_go=archiv&cs_id=3842&cs_search= HTTP/1.0" 200 11477 "-" "Mozilla/5.0 (compatible; MJ12bot/v1.4.5; http://www.majestic12.co.uk/bot.php?+)"
204.12.241.170 - - [15/Jul/2015:03:20:02 +0200] "GET /news.php?cs_go=archiv&cs_id=4245&cs_search= HTTP/1.0" 200 11477 "-" "Mozilla/5.0 (compatible; MJ12bot/v1.4.5; http://www.majestic12.co.uk/bot.php?+)"
46.4.32.75 - - [15/Jul/2015:03:20:05 +0200] "GET /news.php?cs_go=archiv&cs_id=5257&cs_search= HTTP/1.0" 200 11477 "-" "Mozilla/5.0 (compatible; MJ12bot/v1.4.5; http://www.majestic12.co.uk/bot.php?+)"
78.46.50.246 - - [15/Jul/2015:03:20:14 +0200] "GET /news.php?cs_go=archiv&cs_id=3843&cs_search= HTTP/1.0" 200 11477 "-" "Mozilla/5.0 (compatible; MJ12bot/v1.4.5; http://www.majestic12.co.uk/bot.php?+)"
204.12.241.170 - - [15/Jul/2015:03:20:24 +0200] "GET /news.php?cs_go=archiv&cs_id=4247 HTTP/1.0" 200 11477 "-" "Mozilla/5.0 (compatible; MJ12bot/v1.4.5; http://www.majestic12.co.uk/bot.php?+)"
46.4.32.75 - - [15/Jul/2015:03:20:27 +0200] "GET /news.php?cs_go=archiv&cs_id=5258 HTTP/1.0" 200 11477 "-" "Mozilla/5.0 (compatible; MJ12bot/v1.4.5; http://www.majestic12.co.uk/bot.php?+)"
78.46.50.246 - - [15/Jul/2015:03:20:36 +0200] "GET /news.php?cs_go=archiv&cs_id=3844&cs_search= HTTP/1.0" 200 11477 "-" "Mozilla/5.0 (compatible; MJ12bot/v1.4.5; http://www.majestic12.co.uk/bot.php?+)"
204.12.241.170 - - [15/Jul/2015:03:20:45 +0200] "GET /news.php?cs_go=archiv&cs_id=4247&cs_search= HTTP/1.0" 200 11477 "-" "Mozilla/5.0 (compatible; MJ12bot/v1.4.5; http://www.majestic12.co.uk/bot.php?+)"
46.4.32.75 - - [15/Jul/2015:03:20:48 +0200] "GET /news.php?cs_go=archiv&cs_id=5258&cs_search= HTTP/1.0" 200 11477 "-" "Mozilla/5.0 (compatible; MJ12bot/v1.4.5; http://www.majestic12.co.uk/bot.php?+)"
78.46.50.246 - - [15/Jul/2015:03:20:59 +0200] "GET /news.php?cs_go=archiv&cs_id=3845&cs_search= HTTP/1.0" 200 11477 "-" "Mozilla/5.0 (compatible; MJ12bot/v1.4.5; http://www.majestic12.co.uk/bot.php?+)"
204.12.241.170 - - [15/Jul/2015:03:21:07 +0200] "GET /news.php?cs_go=archiv&cs_id=4248 HTTP/1.0" 200 11477 "-" "Mozilla/5.0 (compatible; MJ12bot/v1.4.5; http://www.majestic12.co.uk/bot.php?+)"
46.4.32.75 - - [15/Jul/2015:03:21:10 +0200] "GET /news.php?cs_go=archiv&cs_id=5259 HTTP/1.0" 200 11477 "-" "Mozilla/5.0 (compatible; MJ12bot/v1.4.5; http://www.majestic12.co.uk/bot.php?+)"
78.46.50.246 - - [15/Jul/2015:03:21:23 +0200] "GET /news.php?cs_go=archiv&cs_id=3846&cs_search= HTTP/1.0" 200 11477 "-" "Mozilla/5.0 (compatible; MJ12bot/v1.4.5; http://www.majestic12.co.uk/bot.php?+)"
204.12.241.170 - - [15/Jul/2015:03:21:29 +0200] "GET /news.php?cs_go=archiv&cs_id=4248&cs_search= HTTP/1.0" 200 11477 "-" "Mozilla/5.0 (compatible; MJ12bot/v1.4.5; http://www.majestic12.co.uk/bot.php?+)"
46.4.32.75 - - [15/Jul/2015:03:21:31 +0200] "GET /news.php?cs_go=archiv&cs_id=5259&cs_search= HTTP/1.0" 200 11477 "-" "Mozilla/5.0 (compatible; MJ12bot/v1.4.5; http://www.majestic12.co.uk/bot.php?+)"
78.46.50.246 - - [15/Jul/2015:03:21:45 +0200] "GET /news.php?cs_go=archiv&cs_id=3847&cs_search= HTTP/1.0" 200 11477 "-" "Mozilla/5.0 (compatible; MJ12bot/v1.4.5; http://www.majestic12.co.uk/bot.php?+)"
204.12.241.170 - - [15/Jul/2015:03:21:50 +0200] "GET /news.php?cs_go=archiv&cs_id=4249&cs_search= HTTP/1.0" 200 11477 "-" "Mozilla/5.0 (compatible; MJ12bot/v1.4.5; http://www.majestic12.co.uk/bot.php?+)"
46.4.32.75 - - [15/Jul/2015:03:21:52 +0200] "GET /news.php?cs_go=archiv&cs_id=5260 HTTP/1.0" 200 11477 "-" "Mozilla/5.0 (compatible; MJ12bot/v1.4.5; http://www.majestic12.co.uk/bot.php?+)"
78.46.50.246 - - [15/Jul/2015:03:22:08 +0200] "GET /news.php?cs_go=archiv&cs_id=3848&cs_search= HTTP/1.0" 200 11477 "-" "Mozilla/5.0 (compatible; MJ12bot/v1.4.5; http://www.majestic12.co.uk/bot.php?+)"
204.12.241.170 - - [15/Jul/2015:03:22:11 +0200] "GET /news.php?cs_go=archiv&cs_id=4250 HTTP/1.0" 200 11477 "-" "Mozilla/5.0 (compatible; MJ12bot/v1.4.5; http://www.majestic12.co.uk/bot.php?+)"
46.4.32.75 - - [15/Jul/2015:03:22:14 +0200] "GET /news.php?cs_go=archiv&cs_id=5260&cs_search= HTTP/1.0" 200 11477 "-" "Mozilla/5.0 (compatible; MJ12bot/v1.4.5; http://www.majestic12.co.uk/bot.php?+)"
78.46.50.246 - - [15/Jul/2015:03:22:30 +0200] "GET /news.php?cs_go=archiv&cs_id=3849&cs_search= HTTP/1.0" 200 11477 "-" "Mozilla/5.0 (compatible; MJ12bot/v1.4.5; http://www.majestic12.co.uk/bot.php?+)"
204.12.241.170 - - [15/Jul/2015:03:22:32 +0200] "GET /news.php?cs_go=archiv&cs_id=4250&cs_search= HTTP/1.0" 200 11477 "-" "Mozilla/5.0 (compatible; MJ12bot/v1.4.5; http://www.majestic12.co.uk/bot.php?+)"
46.4.32.75 - - [15/Jul/2015:03:22:35 +0200] "GET /news.php?cs_go=archiv&cs_id=5261 HTTP/1.0" 200 11477 "-" "Mozilla/5.0 (compatible; MJ12bot/v1.4.5; http://www.majestic12.co.uk/bot.php?+)"
78.46.50.246 - - [15/Jul/2015:03:22:52 +0200] "GET /news.php?cs_go=archiv&cs_id=3850 HTTP/1.0" 200 11477 "-" "Mozilla/5.0 (compatible; MJ12bot/v1.4.5; http://www.majestic12.co.uk/bot.php?+)"
204.12.241.170 - - [15/Jul/2015:03:22:54 +0200] "GET /news.php?cs_go=archiv&cs_id=4251&cs_search= HTTP/1.0" 200 11477 "-" "Mozilla/5.0 (compatible; MJ12bot/v1.4.5; http://www.majestic12.co.uk/bot.php?+)"
46.4.32.75 - - [15/Jul/2015:03:22:57 +0200] "GET /news.php?cs_go=archiv&cs_id=5261&cs_search= HTTP/1.0" 200 11477 "-" "Mozilla/5.0 (compatible; MJ12bot/v1.4.5; http://www.majestic12.co.uk/bot.php?+)"
78.46.50.246 - - [15/Jul/2015:03:23:14 +0200] "GET /news.php?cs_go=archiv&cs_id=3850&cs_search= HTTP/1.0" 200 11477 "-" "Mozilla/5.0 (compatible; MJ12bot/v1.4.5; http://www.majestic12.co.uk/bot.php?+)"
204.12.241.170 - - [15/Jul/2015:03:23:16 +0200] "GET /news.php?cs_go=archiv&cs_id=4252&cs_search= HTTP/1.0" 200 11477 "-" "Mozilla/5.0 (compatible; MJ12bot/v1.4.5; http://www.majestic12.co.uk/bot.php?+)"
46.4.32.75 - - [15/Jul/2015:03:23:18 +0200] "GET /news.php?cs_go=archiv&cs_id=5262&cs_search= HTTP/1.0" 200 11477 "-" "Mozilla/5.0 (compatible; MJ12bot/v1.4.5; http://www.majestic12.co.uk/bot.php?+)"
78.46.50.246 - - [15/Jul/2015:03:23:36 +0200] "GET /news.php?cs_go=archiv&cs_id=3851&cs_search= HTTP/1.0" 200 11477 "-" "Mozilla/5.0 (compatible; MJ12bot/v1.4.5; http://www.majestic12.co.uk/bot.php?+)"
204.12.241.170 - - [15/Jul/2015:03:23:37 +0200] "GET /news.php?cs_go=archiv&cs_id=4253 HTTP/1.0" 200 11477 "-" "Mozilla/5.0 (compatible; MJ12bot/v1.4.5; http://www.majestic12.co.uk/bot.php?+)"
46.4.32.75 - - [15/Jul/2015:03:23:40 +0200] "GET /news.php?cs_go=archiv&cs_id=5263 HTTP/1.0" 200 11477 "-" "Mozilla/5.0 (compatible; MJ12bot/v1.4.5; http://www.majestic12.co.uk/bot.php?+)"
78.46.50.246 - - [15/Jul/2015:03:23:58 +0200] "GET /news.php?cs_go=archiv&cs_id=3852&cs_search= HTTP/1.0" 200 11477 "-" "Mozilla/5.0 (compatible; MJ12bot/v1.4.5; http://www.majestic12.co.uk/bot.php?+)"
204.12.241.170 - - [15/Jul/2015:03:23:58 +0200] "GET /news.php?cs_go=archiv&cs_id=4253&cs_search= HTTP/1.0" 200 11477 "-" "Mozilla/5.0 (compatible; MJ12bot/v1.4.5; http://www.majestic12.co.uk/bot.php?+)"
46.4.32.75 - - [15/Jul/2015:03:24:02 +0200] "GET /news.php?cs_go=archiv&cs_id=5263&cs_search= HTTP/1.0" 200 11477 "-" "Mozilla/5.0 (compatible; MJ12bot/v1.4.5; http://www.majestic12.co.uk/bot.php?+)"
78.46.50.246 - - [15/Jul/2015:03:24:19 +0200] "GET /news.php?cs_go=archiv&cs_id=3853&cs_search= HTTP/1.0" 200 11477 "-" "Mozilla/5.0 (compatible; MJ12bot/v1.4.5; http://www.majestic12.co.uk/bot.php?+)"
204.12.241.170 - - [15/Jul/2015:03:24:20 +0200] "GET /news.php?cs_go=archiv&cs_id=4254&cs_search= HTTP/1.0" 200 11477 "-" "Mozilla/5.0 (compatible; MJ12bot/v1.4.5; http://www.majestic12.co.uk/bot.php?+)"
46.4.32.75 - - [15/Jul/2015:03:24:24 +0200] "GET /news.php?cs_go=archiv&cs_id=5265 HTTP/1.0" 200 11477 "-" "Mozilla/5.0 (compatible; MJ12bot/v1.4.5; http://www.majestic12.co.uk/bot.php?+)"
204.12.241.170 - - [15/Jul/2015:03:24:41 +0200] "GET /news.php?cs_go=archiv&cs_id=4255 HTTP/1.0" 200 11477 "-" "Mozilla/5.0 (compatible; MJ12bot/v1.4.5; http://www.majestic12.co.uk/bot.php?+)"
78.46.50.246 - - [15/Jul/2015:03:24:42 +0200] "GET /news.php?cs_go=archiv&cs_id=3854&cs_search= HTTP/1.0" 200 11477 "-" "Mozilla/5.0 (compatible; MJ12bot/v1.4.5; http://www.majestic12.co.uk/bot.php?+)"
46.4.32.75 - - [15/Jul/2015:03:24:45 +0200] "GET /news.php?cs_go=archiv&cs_id=5265&cs_search= HTTP/1.0" 200 11477 "-" "Mozilla/5.0 (compatible; MJ12bot/v1.4.5; http://www.majestic12.co.uk/bot.php?+)"
204.12.241.170 - - [15/Jul/2015:03:25:03 +0200] "GET /news.php?cs_go=archiv&cs_id=4255&cs_search= HTTP/1.0" 200 11477 "-" "Mozilla/5.0 (compatible; MJ12bot/v1.4.5; http://www.majestic12.co.uk/bot.php?+)"
78.46.50.246 - - [15/Jul/2015:03:25:04 +0200] "GET /news.php?cs_go=archiv&cs_id=3855&cs_search= HTTP/1.0" 200 11477 "-" "Mozilla/5.0 (compatible; MJ12bot/v1.4.5; http://www.majestic12.co.uk/bot.php?+)"
46.4.32.75 - - [15/Jul/2015:03:25:07 +0200] "GET /news.php?cs_go=archiv&cs_id=5266 HTTP/1.0" 200 11477 "-" "Mozilla/5.0 (compatible; MJ12bot/v1.4.5; http://www.majestic12.co.uk/bot.php?+)"
204.12.241.170 - - [15/Jul/2015:03:25:24 +0200] "GET /news.php?cs_go=archiv&cs_id=4256&cs_search= HTTP/1.0" 200 11477 "-" "Mozilla/5.0 (compatible; MJ12bot/v1.4.5; http://www.majestic12.co.uk/bot.php?+)"
78.46.50.246 - - [15/Jul/2015:03:25:28 +0200] "GET /news.php?cs_go=archiv&cs_id=3856&cs_search= HTTP/1.0" 200 11477 "-" "Mozilla/5.0 (compatible; MJ12bot/v1.4.5; http://www.majestic12.co.uk/bot.php?+)"
204.12.241.170 - - [15/Jul/2015:03:25:46 +0200] "GET /news.php?cs_go=archiv&cs_id=4257&cs_search= HTTP/1.0" 200 11477 "-" "Mozilla/5.0 (compatible; MJ12bot/v1.4.5; http://www.majestic12.co.uk/bot.php?+)"
78.46.50.246 - - [15/Jul/2015:03:25:50 +0200] "GET /news.php?cs_go=archiv&cs_id=3858 HTTP/1.0" 200 11477 "-" "Mozilla/5.0 (compatible; MJ12bot/v1.4.5; http://www.majestic12.co.uk/bot.php?+)"
204.12.241.170 - - [15/Jul/2015:03:26:07 +0200] "GET /news.php?cs_go=archiv&cs_id=4258&cs_search= HTTP/1.0" 200 11477 "-" "Mozilla/5.0 (compatible; MJ12bot/v1.4.5; http://www.majestic12.co.uk/bot.php?+)"
78.46.50.246 - - [15/Jul/2015:03:26:12 +0200] "GET /news.php?cs_go=archiv&cs_id=3858&cs_search= HTTP/1.0" 200 11477 "-" "Mozilla/5.0 (compatible; MJ12bot/v1.4.5; http://www.majestic12.co.uk/bot.php?+)"
204.12.241.170 - - [15/Jul/2015:03:26:29 +0200] "GET /news.php?cs_go=archiv&cs_id=4259&cs_search= HTTP/1.0" 200 11477 "-" "Mozilla/5.0 (compatible; MJ12bot/v1.4.5; http://www.majestic12.co.uk/bot.php?+)"
78.46.50.246 - - [15/Jul/2015:03:26:34 +0200] "GET /news.php?cs_go=archiv&cs_id=3867 HTTP/1.0" 200 11477 "-" "Mozilla/5.0 (compatible; MJ12bot/v1.4.5; http://www.majestic12.co.uk/bot.php?+)"
204.12.241.170 - - [15/Jul/2015:03:26:50 +0200] "GET /news.php?cs_go=archiv&cs_id=4260&cs_search= HTTP/1.0" 200 11477 "-" "Mozilla/5.0 (compatible; MJ12bot/v1.4.5; http://www.majestic12.co.uk/bot.php?+)"
78.46.50.246 - - [15/Jul/2015:03:26:56 +0200] "GET /news.php?cs_go=archiv&cs_id=3873 HTTP/1.0" 200 11477 "-" "Mozilla/5.0 (compatible; MJ12bot/v1.4.5; http://www.majestic12.co.uk/bot.php?+)"
204.12.241.170 - - [15/Jul/2015:03:27:12 +0200] "GET /news.php?cs_go=archiv&cs_id=4261&cs_search= HTTP/1.0" 200 11477 "-" "Mozilla/5.0 (compatible; MJ12bot/v1.4.5; http://www.majestic12.co.uk/bot.php?+)"
78.46.50.246 - - [15/Jul/2015:03:27:18 +0200] "GET /news.php?cs_go=archiv&cs_id=3873&cs_search= HTTP/1.0" 200 11477 "-" "Mozilla/5.0 (compatible; MJ12bot/v1.4.5; http://www.majestic12.co.uk/bot.php?+)"
204.12.241.170 - - [15/Jul/2015:03:27:33 +0200] "GET /news.php?cs_go=archiv&cs_id=4262&cs_search= HTTP/1.0" 200 11477 "-" "Mozilla/5.0 (compatible; MJ12bot/v1.4.5; http://www.majestic12.co.uk/bot.php?+)"
78.46.50.246 - - [15/Jul/2015:03:27:40 +0200] "GET /news.php?cs_go=archiv&cs_id=3879 HTTP/1.0" 200 11477 "-" "Mozilla/5.0 (compatible; MJ12bot/v1.4.5; http://www.majestic12.co.uk/bot.php?+)"
204.12.241.170 - - [15/Jul/2015:03:27:55 +0200] "GET /news.php?cs_go=archiv&cs_id=4263&cs_search= HTTP/1.0" 200 11477 "-" "Mozilla/5.0 (compatible; MJ12bot/v1.4.5; http://www.majestic12.co.uk/bot.php?+)"
78.46.50.246 - - [15/Jul/2015:03:28:02 +0200] "GET /news.php?cs_go=archiv&cs_id=3879&cs_search= HTTP/1.0" 200 11477 "-" "Mozilla/5.0 (compatible; MJ12bot/v1.4.5; http://www.majestic12.co.uk/bot.php?+)"
204.12.241.170 - - [15/Jul/2015:03:28:16 +0200] "GET /news.php?cs_go=archiv&cs_id=4264 HTTP/1.0" 200 11477 "-" "Mozilla/5.0 (compatible; MJ12bot/v1.4.5; http://www.majestic12.co.uk/bot.php?+)"
78.46.50.246 - - [15/Jul/2015:03:28:25 +0200] "GET /news.php?cs_go=archiv&cs_id=3887&cs_search= HTTP/1.0" 200 11477 "-" "Mozilla/5.0 (compatible; MJ12bot/v1.4.5; http://www.majestic12.co.uk/bot.php?+)"
204.12.241.170 - - [15/Jul/2015:03:28:38 +0200] "GET /news.php?cs_go=archiv&cs_id=4264&cs_search= HTTP/1.0" 200 11477 "-" "Mozilla/5.0 (compatible; MJ12bot/v1.4.5; http://www.majestic12.co.uk/bot.php?+)"
78.46.50.246 - - [15/Jul/2015:03:28:56 +0200] "GET /news.php?cs_go=archiv&cs_id=3911&cs_search= HTTP/1.0" 200 11477 "-" "Mozilla/5.0 (compatible; MJ12bot/v1.4.5; http://www.majestic12.co.uk/bot.php?+)"
204.12.241.170 - - [15/Jul/2015:03:28:59 +0200] "GET /news.php?cs_go=archiv&cs_id=4265 HTTP/1.0" 200 11477 "-" "Mozilla/5.0 (compatible; MJ12bot/v1.4.5; http://www.majestic12.co.uk/bot.php?+)"
78.46.50.246 - - [15/Jul/2015:03:29:18 +0200] "GET /news.php?cs_go=archiv&cs_id=3926&cs_search= HTTP/1.0" 200 11477 "-" "Mozilla/5.0 (compatible; MJ12bot/v1.4.5; http://www.majestic12.co.uk/bot.php?+)"
204.12.241.170 - - [15/Jul/2015:03:29:20 +0200] "GET /news.php?cs_go=archiv&cs_id=4265&cs_search= HTTP/1.0" 200 11477 "-" "Mozilla/5.0 (compatible; MJ12bot/v1.4.5; http://www.majestic12.co.uk/bot.php?+)"
78.46.50.246 - - [15/Jul/2015:03:29:40 +0200] "GET /news.php?cs_go=archiv&cs_id=4283&cs_search= HTTP/1.0" 200 11477 "-" "Mozilla/5.0 (compatible; MJ12bot/v1.4.5; http://www.majestic12.co.uk/bot.php?+)"
204.12.241.170 - - [15/Jul/2015:03:29:42 +0200] "GET /news.php?cs_go=archiv&cs_id=4266 HTTP/1.0" 200 11477 "-" "Mozilla/5.0 (compatible; MJ12bot/v1.4.5; http://www.majestic12.co.uk/bot.php?+)"
78.46.50.246 - - [15/Jul/2015:03:30:02 +0200] "GET /newsletter.php HTTP/1.0" 200 11480 "-" "Mozilla/5.0 (compatible; MJ12bot/v1.4.5; http://www.majestic12.co.uk/bot.php?+)"
204.12.241.170 - - [15/Jul/2015:03:30:03 +0200] "GET /news.php?cs_go=archiv&cs_id=4266&cs_search= HTTP/1.0" 200 11477 "-" "Mozilla/5.0 (compatible; MJ12bot/v1.4.5; http://www.majestic12.co.uk/bot.php?+)"
204.12.241.170 - - [15/Jul/2015:03:30:25 +0200] "GET /news.php?cs_go=archiv&cs_id=4267 HTTP/1.0" 200 11477 "-" "Mozilla/5.0 (compatible; MJ12bot/v1.4.5; http://www.majestic12.co.uk/bot.php?+)"
204.12.241.170 - - [15/Jul/2015:03:30:46 +0200] "GET /news.php?cs_go=archiv&cs_id=4267&cs_search= HTTP/1.0" 200 11477 "-" "Mozilla/5.0 (compatible; MJ12bot/v1.4.5; http://www.majestic12.co.uk/bot.php?+)"
204.12.241.170 - - [15/Jul/2015:03:31:07 +0200] "GET /news.php?cs_go=archiv&cs_id=4268 HTTP/1.0" 200 11477 "-" "Mozilla/5.0 (compatible; MJ12bot/v1.4.5; http://www.majestic12.co.uk/bot.php?+)"
204.12.241.170 - - [15/Jul/2015:03:31:29 +0200] "GET /news.php?cs_go=archiv&cs_id=4268&cs_search= HTTP/1.0" 200 11477 "-" "Mozilla/5.0 (compatible; MJ12bot/v1.4.5; http://www.majestic12.co.uk/bot.php?+)"
204.12.241.170 - - [15/Jul/2015:03:31:50 +0200] "GET /news.php?cs_go=archiv&cs_id=4269 HTTP/1.0" 200 11477 "-" "Mozilla/5.0 (compatible; MJ12bot/v1.4.5; http://www.majestic12.co.uk/bot.php?+)"
204.12.241.170 - - [15/Jul/2015:03:32:12 +0200] "GET /news.php?cs_go=archiv&cs_id=4269&cs_search= HTTP/1.0" 200 11477 "-" "Mozilla/5.0 (compatible; MJ12bot/v1.4.5; http://www.majestic12.co.uk/bot.php?+)"
204.12.241.170 - - [15/Jul/2015:03:32:33 +0200] "GET /news.php?cs_go=archiv&cs_id=4270 HTTP/1.0" 200 11477 "-" "Mozilla/5.0 (compatible; MJ12bot/v1.4.5; http://www.majestic12.co.uk/bot.php?+)"
188.165.15.234 - - [15/Jul/2015:03:37:32 +0200] "GET /heizoel.php HTTP/1.1" 200 11999 "-" "Mozilla/5.0 (compatible; AhrefsBot/5.0; +http://ahrefs.com/robot/)"
64.246.165.10 - - [15/Jul/2015:04:20:08 +0200] "GET /robots.txt HTTP/1.0" 404 1256 "-" "Mozilla/5.0 (Windows; U; Windows NT 5.1; en; rv:1.9.0.13) Gecko/2009073022 Firefox/3.5.2 (.NET CLR 3.5.30729) SurveyBot/2.3 (DomainTools)"
64.246.165.10 - - [15/Jul/2015:04:20:08 +0200] "GET / HTTP/1.1" 200 15920 "http://whois.domaintools.com/optiplusberlin.de" "Mozilla/5.0 (Windows; U; Windows NT 5.1; en; rv:1.9.0.13) Gecko/2009073022 Firefox/3.5.2 (.NET CLR 3.5.30729) SurveyBot/2.3 (DomainTools)"
123.125.71.115 - - [15/Jul/2015:04:58:54 +0200] "GET / HTTP/1.1" 200 9656 "-" "Mozilla/5.0 (Windows NT 5.1; rv:6.0.2) Gecko/20100101 Firefox/6.0.2"
220.181.108.89 - - [15/Jul/2015:05:03:16 +0200] "GET / HTTP/1.1" 200 16125 "-" "Mozilla/5.0 (Windows NT 5.1; rv:6.0.2) Gecko/20100101 Firefox/6.0.2"
66.249.65.12 - - [15/Jul/2015:05:40:46 +0200] "GET /robots.txt HTTP/1.1" 404 1256 "-" "Mozilla/5.0 (compatible; Googlebot/2.1; +http://www.google.com/bot.html)"
66.249.65.20 - - [15/Jul/2015:05:40:46 +0200] "GET / HTTP/1.1" 200 15920 "-" "Mozilla/5.0 (compatible; Googlebot/2.1; +http://www.google.com/bot.html)"
66.249.65.16 - - [15/Jul/2015:05:46:49 +0200] "GET / HTTP/1.1" 200 15920 "-" "Mozilla/5.0 (compatible; Googlebot/2.1; +http://www.google.com/bot.html)"
144.76.8.132 - - [15/Jul/2015:05:55:50 +0200] "GET /robots.txt HTTP/1.0" 404 1256 "-" "Mozilla/5.0 (compatible; MJ12bot/v1.4.5; http://www.majestic12.co.uk/bot.php?+)"
66.249.65.20 - - [15/Jul/2015:05:53:25 +0200] "GET / HTTP/1.1" 200 15920 "-" "Mozilla/5.0 (compatible; Googlebot/2.1; +http://www.google.com/bot.html)"
95.91.116.28 - - [15/Jul/2015:06:01:18 +0200] "GET /robots.txt HTTP/1.0" 404 1256 "-" "Mozilla/5.0 (compatible; MJ12bot/v1.4.5; http://www.majestic12.co.uk/bot.php?+)"
144.76.8.132 - - [15/Jul/2015:05:55:51 +0200] "GET /agb.php HTTP/1.0" 200 24334 "-" "Mozilla/5.0 (compatible; MJ12bot/v1.4.5; http://www.majestic12.co.uk/bot.php?+)"
144.76.8.132 - - [15/Jul/2015:05:56:33 +0200] "GET /news.php?cs_go=archiv&cs_id=3952&cs_search= HTTP/1.0" 200 11477 "-" "Mozilla/5.0 (compatible; MJ12bot/v1.4.5; http://www.majestic12.co.uk/bot.php?+)"
144.76.8.132 - - [15/Jul/2015:05:57:15 +0200] "GET /news.php?cs_go=archiv&cs_id=3953&cs_search= HTTP/1.0" 200 11477 "-" "Mozilla/5.0 (compatible; MJ12bot/v1.4.5; http://www.majestic12.co.uk/bot.php?+)"
144.76.8.132 - - [15/Jul/2015:05:57:56 +0200] "GET /news.php?cs_go=archiv&cs_id=3955&cs_search= HTTP/1.0" 200 11477 "-" "Mozilla/5.0 (compatible; MJ12bot/v1.4.5; http://www.majestic12.co.uk/bot.php?+)"
144.76.8.132 - - [15/Jul/2015:05:58:38 +0200] "GET /news.php?cs_go=archiv&cs_id=3956&cs_search= HTTP/1.0" 200 11477 "-" "Mozilla/5.0 (compatible; MJ12bot/v1.4.5; http://www.majestic12.co.uk/bot.php?+)"
144.76.8.132 - - [15/Jul/2015:05:59:19 +0200] "GET /news.php?cs_go=archiv&cs_id=3957&cs_search= HTTP/1.0" 200 11477 "-" "Mozilla/5.0 (compatible; MJ12bot/v1.4.5; http://www.majestic12.co.uk/bot.php?+)"
144.76.8.132 - - [15/Jul/2015:06:00:01 +0200] "GET /news.php?cs_go=archiv&cs_id=3961&cs_search= HTTP/1.0" 200 11477 "-" "Mozilla/5.0 (compatible; MJ12bot/v1.4.5; http://www.majestic12.co.uk/bot.php?+)"
144.76.8.132 - - [15/Jul/2015:06:00:43 +0200] "GET /news.php?cs_go=archiv&cs_id=3963&cs_search= HTTP/1.0" 200 11477 "-" "Mozilla/5.0 (compatible; MJ12bot/v1.4.5; http://www.majestic12.co.uk/bot.php?+)"
144.76.8.132 - - [15/Jul/2015:06:01:24 +0200] "GET /news.php?cs_go=archiv&cs_id=3964&cs_search= HTTP/1.0" 200 11477 "-" "Mozilla/5.0 (compatible; MJ12bot/v1.4.5; http://www.majestic12.co.uk/bot.php?+)"
144.76.8.132 - - [15/Jul/2015:06:02:06 +0200] "GET /news.php?cs_go=archiv&cs_id=3965&cs_search= HTTP/1.0" 200 11477 "-" "Mozilla/5.0 (compatible; MJ12bot/v1.4.5; http://www.majestic12.co.uk/bot.php?+)"
144.76.8.132 - - [15/Jul/2015:06:02:48 +0200] "GET /news.php?cs_go=archiv&cs_id=3972&cs_search= HTTP/1.0" 200 11477 "-" "Mozilla/5.0 (compatible; MJ12bot/v1.4.5; http://www.majestic12.co.uk/bot.php?+)"
144.76.8.132 - - [15/Jul/2015:06:03:29 +0200] "GET /news.php?cs_go=archiv&cs_id=3975&cs_search= HTTP/1.0" 200 11477 "-" "Mozilla/5.0 (compatible; MJ12bot/v1.4.5; http://www.majestic12.co.uk/bot.php?+)"
144.76.8.132 - - [15/Jul/2015:06:04:11 +0200] "GET /news.php?cs_go=archiv&cs_id=3981&cs_search= HTTP/1.0" 200 11477 "-" "Mozilla/5.0 (compatible; MJ12bot/v1.4.5; http://www.majestic12.co.uk/bot.php?+)"
95.91.116.28 - - [15/Jul/2015:06:01:27 +0200] "GET /news.php?cs_go=archiv&cs_id=5065 HTTP/1.0" 200 11682 "-" "Mozilla/5.0 (compatible; MJ12bot/v1.4.5; http://www.majestic12.co.uk/bot.php?+)"
144.76.8.132 - - [15/Jul/2015:06:04:52 +0200] "GET /news.php?cs_go=archiv&cs_id=3986&cs_search= HTTP/1.0" 200 11477 "-" "Mozilla/5.0 (compatible; MJ12bot/v1.4.5; http://www.majestic12.co.uk/bot.php?+)"
95.91.116.28 - - [15/Jul/2015:06:02:12 +0200] "GET /news.php?cs_go=archiv&cs_id=5066 HTTP/1.0" 200 11682 "-" "Mozilla/5.0 (compatible; MJ12bot/v1.4.5; http://www.majestic12.co.uk/bot.php?+)"
144.76.8.132 - - [15/Jul/2015:06:05:34 +0200] "GET /news.php?cs_go=archiv&cs_id=3996&cs_search= HTTP/1.0" 200 11477 "-" "Mozilla/5.0 (compatible; MJ12bot/v1.4.5; http://www.majestic12.co.uk/bot.php?+)"
188.40.95.70 - - [15/Jul/2015:06:11:58 +0200] "GET /robots.txt HTTP/1.0" 404 1256 "-" "Mozilla/5.0 (compatible; MJ12bot/v1.4.5; http://www.majestic12.co.uk/bot.php?+)"
95.91.116.28 - - [15/Jul/2015:06:02:58 +0200] "GET /news.php?cs_go=archiv&cs_id=5067 HTTP/1.0" 200 11682 "-" "Mozilla/5.0 (compatible; MJ12bot/v1.4.5; http://www.majestic12.co.uk/bot.php?+)"
144.76.8.132 - - [15/Jul/2015:06:06:15 +0200] "GET /news.php?cs_go=archiv&cs_id=3997&cs_search= HTTP/1.0" 200 11477 "-" "Mozilla/5.0 (compatible; MJ12bot/v1.4.5; http://www.majestic12.co.uk/bot.php?+)"
95.91.116.28 - - [15/Jul/2015:06:03:47 +0200] "GET /news.php?cs_go=archiv&cs_id=5068 HTTP/1.0" 200 11682 "-" "Mozilla/5.0 (compatible; MJ12bot/v1.4.5; http://www.majestic12.co.uk/bot.php?+)"
144.76.8.132 - - [15/Jul/2015:06:06:57 +0200] "GET /news.php?cs_go=archiv&cs_id=3998&cs_search= HTTP/1.0" 200 11477 "-" "Mozilla/5.0 (compatible; MJ12bot/v1.4.5; http://www.majestic12.co.uk/bot.php?+)"
144.76.8.132 - - [15/Jul/2015:06:07:39 +0200] "GET /news.php?cs_go=archiv&cs_id=4000&cs_search= HTTP/1.0" 200 11477 "-" "Mozilla/5.0 (compatible; MJ12bot/v1.4.5; http://www.majestic12.co.uk/bot.php?+)"
95.91.116.28 - - [15/Jul/2015:06:04:32 +0200] "GET /news.php?cs_go=archiv&cs_id=5069 HTTP/1.0" 200 11682 "-" "Mozilla/5.0 (compatible; MJ12bot/v1.4.5; http://www.majestic12.co.uk/bot.php?+)"
144.76.8.132 - - [15/Jul/2015:06:08:20 +0200] "GET /news.php?cs_go=archiv&cs_id=4001&cs_search= HTTP/1.0" 200 11477 "-" "Mozilla/5.0 (compatible; MJ12bot/v1.4.5; http://www.majestic12.co.uk/bot.php?+)"
95.91.116.28 - - [15/Jul/2015:06:05:17 +0200] "GET /news.php?cs_go=archiv&cs_id=5070 HTTP/1.0" 200 11682 "-" "Mozilla/5.0 (compatible; MJ12bot/v1.4.5; http://www.majestic12.co.uk/bot.php?+)"
144.76.8.132 - - [15/Jul/2015:06:09:02 +0200] "GET /news.php?cs_go=archiv&cs_id=4004&cs_search= HTTP/1.0" 200 11477 "-" "Mozilla/5.0 (compatible; MJ12bot/v1.4.5; http://www.majestic12.co.uk/bot.php?+)"
95.91.116.28 - - [15/Jul/2015:06:06:03 +0200] "GET /news.php?cs_go=archiv&cs_id=5071 HTTP/1.0" 200 11682 "-" "Mozilla/5.0 (compatible; MJ12bot/v1.4.5; http://www.majestic12.co.uk/bot.php?+)"
144.76.8.132 - - [15/Jul/2015:06:09:43 +0200] "GET /news.php?cs_go=archiv&cs_id=4012&cs_search= HTTP/1.0" 200 11477 "-" "Mozilla/5.0 (compatible; MJ12bot/v1.4.5; http://www.majestic12.co.uk/bot.php?+)"
95.91.116.28 - - [15/Jul/2015:06:06:48 +0200] "GET /news.php?cs_go=archiv&cs_id=5072 HTTP/1.0" 200 11682 "-" "Mozilla/5.0 (compatible; MJ12bot/v1.4.5; http://www.majestic12.co.uk/bot.php?+)"
144.76.8.132 - - [15/Jul/2015:06:10:25 +0200] "GET /news.php?cs_go=archiv&cs_id=4018&cs_search= HTTP/1.0" 200 11477 "-" "Mozilla/5.0 (compatible; MJ12bot/v1.4.5; http://www.majestic12.co.uk/bot.php?+)"
95.91.116.28 - - [15/Jul/2015:06:07:34 +0200] "GET /news.php?cs_go=archiv&cs_id=5072&cs_search= HTTP/1.0" 200 11682 "-" "Mozilla/5.0 (compatible; MJ12bot/v1.4.5; http://www.majestic12.co.uk/bot.php?+)"
144.76.8.132 - - [15/Jul/2015:06:11:06 +0200] "GET /news.php?cs_go=archiv&cs_id=4020&cs_search= HTTP/1.0" 200 11477 "-" "Mozilla/5.0 (compatible; MJ12bot/v1.4.5; http://www.majestic12.co.uk/bot.php?+)"
95.91.116.28 - - [15/Jul/2015:06:08:31 +0200] "GET /news.php?cs_go=archiv&cs_id=5074 HTTP/1.0" 200 11682 "-" "Mozilla/5.0 (compatible; MJ12bot/v1.4.5; http://www.majestic12.co.uk/bot.php?+)"
144.76.8.132 - - [15/Jul/2015:06:11:48 +0200] "GET /news.php?cs_go=archiv&cs_id=4024&cs_search= HTTP/1.0" 200 11477 "-" "Mozilla/5.0 (compatible; MJ12bot/v1.4.5; http://www.majestic12.co.uk/bot.php?+)"
188.40.95.70 - - [15/Jul/2015:06:12:00 +0200] "GET /adblue.php HTTP/1.0" 200 15843 "-" "Mozilla/5.0 (compatible; MJ12bot/v1.4.5; http://www.majestic12.co.uk/bot.php?+)"
95.91.116.28 - - [15/Jul/2015:06:09:13 +0200] "GET /news.php?cs_go=archiv&cs_id=5078 HTTP/1.0" 200 11682 "-" "Mozilla/5.0 (compatible; MJ12bot/v1.4.5; http://www.majestic12.co.uk/bot.php?+)"
144.76.8.132 - - [15/Jul/2015:06:12:30 +0200] "GET /news.php?cs_go=archiv&cs_id=4034&cs_search= HTTP/1.0" 200 11477 "-" "Mozilla/5.0 (compatible; MJ12bot/v1.4.5; http://www.majestic12.co.uk/bot.php?+)"
188.40.95.70 - - [15/Jul/2015:06:12:41 +0200] "GET /premiumheizoel.php HTTP/1.0" 200 12235 "-" "Mozilla/5.0 (compatible; MJ12bot/v1.4.5; http://www.majestic12.co.uk/bot.php?+)"
95.91.116.28 - - [15/Jul/2015:06:09:57 +0200] "GET /news.php?cs_go=archiv&cs_id=5080 HTTP/1.0" 200 11682 "-" "Mozilla/5.0 (compatible; MJ12bot/v1.4.5; http://www.majestic12.co.uk/bot.php?+)"
144.76.8.132 - - [15/Jul/2015:06:13:11 +0200] "GET /news.php?cs_go=archiv&cs_id=4039&cs_search= HTTP/1.0" 200 11477 "-" "Mozilla/5.0 (compatible; MJ12bot/v1.4.5; http://www.majestic12.co.uk/bot.php?+)"
188.40.95.70 - - [15/Jul/2015:06:13:30 +0200] "GET /schmierstoffe.php HTTP/1.0" 200 14431 "-" "Mozilla/5.0 (compatible; MJ12bot/v1.4.5; http://www.majestic12.co.uk/bot.php?+)"
95.91.116.28 - - [15/Jul/2015:06:10:41 +0200] "GET /news.php?cs_go=archiv&cs_id=5082 HTTP/1.0" 200 11682 "-" "Mozilla/5.0 (compatible; MJ12bot/v1.4.5; http://www.majestic12.co.uk/bot.php?+)"
144.76.8.132 - - [15/Jul/2015:06:13:53 +0200] "GET /news.php?cs_go=archiv&cs_id=4040&cs_search= HTTP/1.0" 200 11477 "-" "Mozilla/5.0 (compatible; MJ12bot/v1.4.5; http://www.majestic12.co.uk/bot.php?+)"
144.76.8.132 - - [15/Jul/2015:06:14:14 +0200] "GET /news.php?cs_go=archiv&cs_id=4044&cs_search= HTTP/1.0" 200 11477 "-" "Mozilla/5.0 (compatible; MJ12bot/v1.4.5; http://www.majestic12.co.uk/bot.php?+)"
188.40.95.70 - - [15/Jul/2015:06:14:16 +0200] "GET /tankanlagen.php HTTP/1.0" 200 11688 "-" "Mozilla/5.0 (compatible; MJ12bot/v1.4.5; http://www.majestic12.co.uk/bot.php?+)"
95.91.116.28 - - [15/Jul/2015:06:11:24 +0200] "GET /news.php?cs_go=archiv&cs_id=5083 HTTP/1.0" 200 11682 "-" "Mozilla/5.0 (compatible; MJ12bot/v1.4.5; http://www.majestic12.co.uk/bot.php?+)"
144.76.8.132 - - [15/Jul/2015:06:14:36 +0200] "GET /news.php?cs_go=archiv&cs_id=4046&cs_search= HTTP/1.0" 200 11477 "-" "Mozilla/5.0 (compatible; MJ12bot/v1.4.5; http://www.majestic12.co.uk/bot.php?+)"
144.76.8.132 - - [15/Jul/2015:06:14:57 +0200] "GET /news.php?cs_go=archiv&cs_id=4052&cs_search= HTTP/1.0" 200 11477 "-" "Mozilla/5.0 (compatible; MJ12bot/v1.4.5; http://www.majestic12.co.uk/bot.php?+)"
188.40.95.70 - - [15/Jul/2015:06:15:01 +0200] "GET /tankreinigung.php HTTP/1.0" 200 11757 "-" "Mozilla/5.0 (compatible; MJ12bot/v1.4.5; http://www.majestic12.co.uk/bot.php?+)"
95.91.116.28 - - [15/Jul/2015:06:12:06 +0200] "GET /news.php?cs_go=archiv&cs_id=5084 HTTP/1.0" 200 11682 "-" "Mozilla/5.0 (compatible; MJ12bot/v1.4.5; http://www.majestic12.co.uk/bot.php?+)"
144.76.8.132 - - [15/Jul/2015:06:15:19 +0200] "GET /news.php?cs_go=archiv&cs_id=4061&cs_search= HTTP/1.0" 200 11477 "-" "Mozilla/5.0 (compatible; MJ12bot/v1.4.5; http://www.majestic12.co.uk/bot.php?+)"
144.76.8.132 - - [15/Jul/2015:06:15:40 +0200] "GET /news.php?cs_go=archiv&cs_id=4062&cs_search= HTTP/1.0" 200 11477 "-" "Mozilla/5.0 (compatible; MJ12bot/v1.4.5; http://www.majestic12.co.uk/bot.php?+)"
95.91.116.28 - - [15/Jul/2015:06:12:52 +0200] "GET /news.php?cs_go=archiv&cs_id=5086 HTTP/1.0" 200 11682 "-" "Mozilla/5.0 (compatible; MJ12bot/v1.4.5; http://www.majestic12.co.uk/bot.php?+)"
144.76.8.132 - - [15/Jul/2015:06:16:02 +0200] "GET /news.php?cs_go=archiv&cs_id=4066&cs_search= HTTP/1.0" 200 11477 "-" "Mozilla/5.0 (compatible; MJ12bot/v1.4.5; http://www.majestic12.co.uk/bot.php?+)"
144.76.8.132 - - [15/Jul/2015:06:16:23 +0200] "GET /news.php?cs_go=archiv&cs_id=4071&cs_search= HTTP/1.0" 200 11477 "-" "Mozilla/5.0 (compatible; MJ12bot/v1.4.5; http://www.majestic12.co.uk/bot.php?+)"
144.76.8.132 - - [15/Jul/2015:06:16:44 +0200] "GET /news.php?cs_go=archiv&cs_id=4072&cs_search= HTTP/1.0" 200 11477 "-" "Mozilla/5.0 (compatible; MJ12bot/v1.4.5; http://www.majestic12.co.uk/bot.php?+)"
95.91.116.28 - - [15/Jul/2015:06:13:36 +0200] "GET /news.php?cs_go=archiv&cs_id=5087 HTTP/1.0" 200 11682 "-" "Mozilla/5.0 (compatible; MJ12bot/v1.4.5; http://www.majestic12.co.uk/bot.php?+)"
144.76.8.132 - - [15/Jul/2015:06:17:06 +0200] "GET /news.php?cs_go=archiv&cs_id=4075&cs_search= HTTP/1.0" 200 11477 "-" "Mozilla/5.0 (compatible; MJ12bot/v1.4.5; http://www.majestic12.co.uk/bot.php?+)"
144.76.8.132 - - [15/Jul/2015:06:17:27 +0200] "GET /news.php?cs_go=archiv&cs_id=4076&cs_search= HTTP/1.0" 200 11477 "-" "Mozilla/5.0 (compatible; MJ12bot/v1.4.5; http://www.majestic12.co.uk/bot.php?+)"
95.91.116.28 - - [15/Jul/2015:06:14:20 +0200] "GET /news.php?cs_go=archiv&cs_id=5107&cs_search= HTTP/1.0" 200 11682 "-" "Mozilla/5.0 (compatible; MJ12bot/v1.4.5; http://www.majestic12.co.uk/bot.php?+)"
144.76.8.132 - - [15/Jul/2015:06:17:49 +0200] "GET /news.php?cs_go=archiv&cs_id=4079&cs_search= HTTP/1.0" 200 11477 "-" "Mozilla/5.0 (compatible; MJ12bot/v1.4.5; http://www.majestic12.co.uk/bot.php?+)"
144.76.8.132 - - [15/Jul/2015:06:18:10 +0200] "GET /news.php?cs_go=archiv&cs_id=4082&cs_search= HTTP/1.0" 200 11477 "-" "Mozilla/5.0 (compatible; MJ12bot/v1.4.5; http://www.majestic12.co.uk/bot.php?+)"
95.91.116.28 - - [15/Jul/2015:06:15:08 +0200] "GET /news.php?cs_go=archiv&cs_id=5108&cs_search= HTTP/1.0" 200 11682 "-" "Mozilla/5.0 (compatible; MJ12bot/v1.4.5; http://www.majestic12.co.uk/bot.php?+)"
144.76.8.132 - - [15/Jul/2015:06:18:32 +0200] "GET /news.php?cs_go=archiv&cs_id=4083&cs_search= HTTP/1.0" 200 11477 "-" "Mozilla/5.0 (compatible; MJ12bot/v1.4.5; http://www.majestic12.co.uk/bot.php?+)"
144.76.8.132 - - [15/Jul/2015:06:18:54 +0200] "GET /news.php?cs_go=archiv&cs_id=4085&cs_search= HTTP/1.0" 200 11477 "-" "Mozilla/5.0 (compatible; MJ12bot/v1.4.5; http://www.majestic12.co.uk/bot.php?+)"
95.91.116.28 - - [15/Jul/2015:06:15:52 +0200] "GET /news.php?cs_go=archiv&cs_id=5109&cs_search= HTTP/1.0" 200 11682 "-" "Mozilla/5.0 (compatible; MJ12bot/v1.4.5; http://www.majestic12.co.uk/bot.php?+)"
144.76.8.132 - - [15/Jul/2015:06:19:15 +0200] "GET /news.php?cs_go=archiv&cs_id=4086&cs_search= HTTP/1.0" 200 11477 "-" "Mozilla/5.0 (compatible; MJ12bot/v1.4.5; http://www.majestic12.co.uk/bot.php?+)"
144.76.8.132 - - [15/Jul/2015:06:19:37 +0200] "GET /news.php?cs_go=archiv&cs_id=4093&cs_search= HTTP/1.0" 200 11477 "-" "Mozilla/5.0 (compatible; MJ12bot/v1.4.5; http://www.majestic12.co.uk/bot.php?+)"
95.91.116.28 - - [15/Jul/2015:06:16:36 +0200] "GET /news.php?cs_go=archiv&cs_id=5110&cs_search= HTTP/1.0" 200 11682 "-" "Mozilla/5.0 (compatible; MJ12bot/v1.4.5; http://www.majestic12.co.uk/bot.php?+)"
144.76.8.132 - - [15/Jul/2015:06:19:58 +0200] "GET /news.php?cs_go=archiv&cs_id=4096&cs_search= HTTP/1.0" 200 11477 "-" "Mozilla/5.0 (compatible; MJ12bot/v1.4.5; http://www.majestic12.co.uk/bot.php?+)"
144.76.8.132 - - [15/Jul/2015:06:20:20 +0200] "GET /news.php?cs_go=archiv&cs_id=4101&cs_search= HTTP/1.0" 200 11477 "-" "Mozilla/5.0 (compatible; MJ12bot/v1.4.5; http://www.majestic12.co.uk/bot.php?+)"
95.91.116.28 - - [15/Jul/2015:06:17:22 +0200] "GET /news.php?cs_go=archiv&cs_id=5111&cs_search= HTTP/1.0" 200 11682 "-" "Mozilla/5.0 (compatible; MJ12bot/v1.4.5; http://www.majestic12.co.uk/bot.php?+)"
144.76.8.132 - - [15/Jul/2015:06:20:41 +0200] "GET /news.php?cs_go=archiv&cs_id=4104&cs_search= HTTP/1.0" 200 11477 "-" "Mozilla/5.0 (compatible; MJ12bot/v1.4.5; http://www.majestic12.co.uk/bot.php?+)"
144.76.8.132 - - [15/Jul/2015:06:21:03 +0200] "GET /news.php?cs_go=archiv&cs_id=4105&cs_search= HTTP/1.0" 200 11477 "-" "Mozilla/5.0 (compatible; MJ12bot/v1.4.5; http://www.majestic12.co.uk/bot.php?+)"
95.91.116.28 - - [15/Jul/2015:06:18:08 +0200] "GET /news.php?cs_go=archiv&cs_id=5113&cs_search= HTTP/1.0" 200 11682 "-" "Mozilla/5.0 (compatible; MJ12bot/v1.4.5; http://www.majestic12.co.uk/bot.php?+)"
144.76.8.132 - - [15/Jul/2015:06:21:24 +0200] "GET /news.php?cs_go=archiv&cs_id=4109&cs_search= HTTP/1.0" 200 11477 "-" "Mozilla/5.0 (compatible; MJ12bot/v1.4.5; http://www.majestic12.co.uk/bot.php?+)"
144.76.8.132 - - [15/Jul/2015:06:21:46 +0200] "GET /news.php?cs_go=archiv&cs_id=4112&cs_search= HTTP/1.0" 200 11477 "-" "Mozilla/5.0 (compatible; MJ12bot/v1.4.5; http://www.majestic12.co.uk/bot.php?+)"
95.91.116.28 - - [15/Jul/2015:06:18:52 +0200] "GET /news.php?cs_go=archiv&cs_id=5114&cs_search= HTTP/1.0" 200 11682 "-" "Mozilla/5.0 (compatible; MJ12bot/v1.4.5; http://www.majestic12.co.uk/bot.php?+)"
144.76.8.132 - - [15/Jul/2015:06:22:07 +0200] "GET /news.php?cs_go=archiv&cs_id=4113&cs_search= HTTP/1.0" 200 11477 "-" "Mozilla/5.0 (compatible; MJ12bot/v1.4.5; http://www.majestic12.co.uk/bot.php?+)"
144.76.8.132 - - [15/Jul/2015:06:22:29 +0200] "GET /news.php?cs_go=archiv&cs_id=4114&cs_search= HTTP/1.0" 200 11477 "-" "Mozilla/5.0 (compatible; MJ12bot/v1.4.5; http://www.majestic12.co.uk/bot.php?+)"
95.91.116.28 - - [15/Jul/2015:06:19:35 +0200] "GET /news.php?cs_go=archiv&cs_id=5115&cs_search= HTTP/1.0" 200 11682 "-" "Mozilla/5.0 (compatible; MJ12bot/v1.4.5; http://www.majestic12.co.uk/bot.php?+)"
66.249.65.234 - - [15/Jul/2015:06:22:45 +0200] "GET / HTTP/1.1" 200 15920 "-" "DoCoMo/2.0 N905i(c100;TB;W24H16) (compatible; Googlebot-Mobile/2.1; +http://www.google.com/bot.html)"
144.76.8.132 - - [15/Jul/2015:06:22:50 +0200] "GET /news.php?cs_go=archiv&cs_id=4122&cs_search= HTTP/1.0" 200 11477 "-" "Mozilla/5.0 (compatible; MJ12bot/v1.4.5; http://www.majestic12.co.uk/bot.php?+)"
144.76.8.132 - - [15/Jul/2015:06:23:11 +0200] "GET /news.php?cs_go=archiv&cs_id=4124&cs_search= HTTP/1.0" 200 11477 "-" "Mozilla/5.0 (compatible; MJ12bot/v1.4.5; http://www.majestic12.co.uk/bot.php?+)"
95.91.116.28 - - [15/Jul/2015:06:20:18 +0200] "GET /news.php?cs_go=archiv&cs_id=5116&cs_search= HTTP/1.0" 200 11682 "-" "Mozilla/5.0 (compatible; MJ12bot/v1.4.5; http://www.majestic12.co.uk/bot.php?+)"
144.76.8.132 - - [15/Jul/2015:06:23:33 +0200] "GET /news.php?cs_go=archiv&cs_id=4128&cs_search= HTTP/1.0" 200 11477 "-" "Mozilla/5.0 (compatible; MJ12bot/v1.4.5; http://www.majestic12.co.uk/bot.php?+)"
144.76.8.132 - - [15/Jul/2015:06:23:54 +0200] "GET /news.php?cs_go=archiv&cs_id=4132&cs_search= HTTP/1.0" 200 11477 "-" "Mozilla/5.0 (compatible; MJ12bot/v1.4.5; http://www.majestic12.co.uk/bot.php?+)"
95.91.116.28 - - [15/Jul/2015:06:21:03 +0200] "GET /news.php?cs_go=archiv&cs_id=5117&cs_search= HTTP/1.0" 200 11682 "-" "Mozilla/5.0 (compatible; MJ12bot/v1.4.5; http://www.majestic12.co.uk/bot.php?+)"
144.76.8.132 - - [15/Jul/2015:06:24:16 +0200] "GET /news.php?cs_go=archiv&cs_id=4137&cs_search= HTTP/1.0" 200 11477 "-" "Mozilla/5.0 (compatible; MJ12bot/v1.4.5; http://www.majestic12.co.uk/bot.php?+)"
144.76.8.132 - - [15/Jul/2015:06:24:37 +0200] "GET /news.php?cs_go=archiv&cs_id=4138&cs_search= HTTP/1.0" 200 11477 "-" "Mozilla/5.0 (compatible; MJ12bot/v1.4.5; http://www.majestic12.co.uk/bot.php?+)"
95.91.116.28 - - [15/Jul/2015:06:21:46 +0200] "GET /news.php?cs_go=archiv&cs_id=5130&cs_search= HTTP/1.0" 200 11682 "-" "Mozilla/5.0 (compatible; MJ12bot/v1.4.5; http://www.majestic12.co.uk/bot.php?+)"
144.76.8.132 - - [15/Jul/2015:06:24:58 +0200] "GET /news.php?cs_go=archiv&cs_id=4140&cs_search= HTTP/1.0" 200 11477 "-" "Mozilla/5.0 (compatible; MJ12bot/v1.4.5; http://www.majestic12.co.uk/bot.php?+)"
144.76.8.132 - - [15/Jul/2015:06:25:20 +0200] "GET /news.php?cs_go=archiv&cs_id=4141&cs_search= HTTP/1.0" 200 11477 "-" "Mozilla/5.0 (compatible; MJ12bot/v1.4.5; http://www.majestic12.co.uk/bot.php?+)"
95.91.116.28 - - [15/Jul/2015:06:22:28 +0200] "GET /news.php?cs_go=archiv&cs_id=5131&cs_search= HTTP/1.0" 200 11682 "-" "Mozilla/5.0 (compatible; MJ12bot/v1.4.5; http://www.majestic12.co.uk/bot.php?+)"
144.76.8.132 - - [15/Jul/2015:06:25:41 +0200] "GET /news.php?cs_go=archiv&cs_id=4143&cs_search= HTTP/1.0" 200 11477 "-" "Mozilla/5.0 (compatible; MJ12bot/v1.4.5; http://www.majestic12.co.uk/bot.php?+)"
144.76.8.132 - - [15/Jul/2015:06:26:03 +0200] "GET /news.php?cs_go=archiv&cs_id=4149&cs_search= HTTP/1.0" 200 11477 "-" "Mozilla/5.0 (compatible; MJ12bot/v1.4.5; http://www.majestic12.co.uk/bot.php?+)"
144.76.8.132 - - [15/Jul/2015:06:26:24 +0200] "GET /news.php?cs_go=archiv&cs_id=4150&cs_search= HTTP/1.0" 200 11477 "-" "Mozilla/5.0 (compatible; MJ12bot/v1.4.5; http://www.majestic12.co.uk/bot.php?+)"
