66.249.78.58 - - [30/Jun/2015:23:56:30 +0200] "GET / HTTP/1.1" 200 15920 "-" "Mozilla/5.0 (compatible; Googlebot/2.1; +http://www.google.com/bot.html)"
46.229.164.101 - - [01/Jul/2015:00:11:29 +0200] "GET /notdienst.php HTTP/1.1" 200 12433 "-" "Mozilla/5.0 (compatible; SemrushBot/0.98~bl; +http://www.semrush.com/bot.html)"
46.229.164.100 - - [01/Jul/2015:00:44:32 +0200] "GET /Hydraulikoel.html HTTP/1.1" 404 1256 "-" "Mozilla/5.0 (compatible; SemrushBot/0.98~bl; +http://www.semrush.com/bot.html)"
64.246.161.30 - - [01/Jul/2015:01:06:53 +0200] "GET /robots.txt HTTP/1.0" 404 1256 "-" "Mozilla/5.0 (Windows; U; Windows NT 5.1; en; rv:1.9.0.13) Gecko/2009073022 Firefox/3.5.2 (.NET CLR 3.5.30729) SurveyBot/2.3 (DomainTools)"
64.246.161.30 - - [01/Jul/2015:01:06:53 +0200] "GET / HTTP/1.1" 200 15920 "http://whois.domaintools.com/optiplusberlin.de" "Mozilla/5.0 (Windows; U; Windows NT 5.1; en; rv:1.9.0.13) Gecko/2009073022 Firefox/3.5.2 (.NET CLR 3.5.30729) SurveyBot/2.3 (DomainTools)"
66.249.78.51 - - [01/Jul/2015:01:08:06 +0200] "GET / HTTP/1.1" 200 15920 "-" "Mozilla/5.0 (compatible; Googlebot/2.1; +http://www.google.com/bot.html)"
46.229.164.99 - - [01/Jul/2015:01:15:31 +0200] "GET /seiten/start.htm HTTP/1.1" 404 1256 "-" "Mozilla/5.0 (compatible; SemrushBot/0.98~bl; +http://www.semrush.com/bot.html)"
66.249.78.51 - - [01/Jul/2015:01:14:18 +0200] "GET / HTTP/1.1" 200 15920 "-" "Mozilla/5.0 (compatible; Googlebot/2.1; +http://www.google.com/bot.html)"
66.249.65.137 - - [01/Jul/2015:01:20:50 +0200] "GET / HTTP/1.1" 200 15920 "-" "Mozilla/5.0 (compatible; Googlebot/2.1; +http://www.google.com/bot.html)"
208.115.113.89 - - [01/Jul/2015:01:41:58 +0200] "GET /robots.txt HTTP/1.1" 404 1256 "-" "Mozilla/5.0 (compatible; DotBot/1.1; http://www.opensiteexplorer.org/dotbot, help@moz.com)"
38.95.109.60 - - [01/Jul/2015:01:44:40 +0200] "GET /wp-content/plugins/revslider/js/rev_admin.js HTTP/1.0" 404 1256 "-" "Mozilla/5.0 (Macintosh; U; PPC Mac OS X; en) AppleWebKit/412.6 (KHTML, like Gecko) Safari/412.2"
157.55.39.106 - - [01/Jul/2015:01:45:02 +0200] "GET /robots.txt HTTP/1.1" 404 1256 "-" "Mozilla/5.0 (compatible; bingbot/2.0; +http://www.bing.com/bingbot.htm)"
157.55.39.106 - - [01/Jul/2015:01:45:06 +0200] "GET /ec.php HTTP/1.1" 200 9194 "-" "Mozilla/5.0 (compatible; bingbot/2.0; +http://www.bing.com/bingbot.htm)"
208.115.113.93 - - [01/Jul/2015:01:48:37 +0200] "GET /robots.txt HTTP/1.1" 404 1256 "-" "Mozilla/5.0 (compatible; DotBot/1.1; http://www.opensiteexplorer.org/dotbot, help@moz.com)"
66.249.78.36 - - [01/Jul/2015:01:52:05 +0200] "GET /news.php?cs_go=archiv&cs_id=2981 HTTP/1.1" 200 11477 "-" "Mozilla/5.0 (compatible; Googlebot/2.1; +http://www.google.com/bot.html)"
66.249.78.50 - - [01/Jul/2015:01:58:19 +0200] "GET /news.php?cs_go=archiv&cs_id=2981 HTTP/1.1" 200 11477 "-" "Mozilla/5.0 (compatible; Googlebot/2.1; +http://www.google.com/bot.html)"
46.229.170.197 - - [01/Jul/2015:01:58:59 +0200] "GET / HTTP/1.1" 200 15920 "-" "Mozilla/5.0 (Windows; U; Windows NT 6.0; en-GB; rv:1.9.2.9) Gecko/20100824 Firefox/3.6.9 ( .NET CLR 3.5.30729; .NET CLR 4.0.20506)"
66.249.78.50 - - [01/Jul/2015:02:04:33 +0200] "GET /news.php?cs_go=archiv&cs_id=2981 HTTP/1.1" 200 11477 "-" "Mozilla/5.0 (compatible; Googlebot/2.1; +http://www.google.com/bot.html)"
46.229.164.101 - - [01/Jul/2015:02:24:27 +0200] "GET / HTTP/1.1" 200 15920 "-" "Mozilla/5.0 (compatible; SemrushBot/0.98~bl; +http://www.semrush.com/bot.html)"
81.169.250.152 - - [01/Jul/2015:02:25:20 +0200] "GET /lexikon.php HTTP/1.1" 200 11671 "-" "Mozilla/5.0 (compatible; WeViKaBot/1.0; +http://www.wevika.de/)"
208.115.113.89 - - [01/Jul/2015:02:29:41 +0200] "GET /news.php?cs_go=archiv&cs_id=5295 HTTP/1.1" 200 11477 "-" "Mozilla/5.0 (compatible; DotBot/1.1; http://www.opensiteexplorer.org/dotbot, help@moz.com)"
208.115.113.93 - - [01/Jul/2015:02:43:03 +0200] "GET /news.php?cs_go=archiv&cs_id=5295 HTTP/1.1" 200 11477 "-" "Mozilla/5.0 (compatible; DotBot/1.1; http://www.opensiteexplorer.org/dotbot, help@moz.com)"
46.229.164.102 - - [01/Jul/2015:02:54:32 +0200] "GET /optiplusheizoel.php HTTP/1.1" 404 1256 "-" "Mozilla/5.0 (compatible; SemrushBot/0.98~bl; +http://www.semrush.com/bot.html)"
46.229.164.100 - - [01/Jul/2015:03:22:32 +0200] "GET /news.php%3Fcs_go%3Darchiv%26cs_id%3D2829 HTTP/1.1" 404 1256 "-" "Mozilla/5.0 (compatible; SemrushBot/0.98~bl; +http://www.semrush.com/bot.html)"
157.55.39.246 - - [01/Jul/2015:03:35:22 +0200] "GET /robots.txt HTTP/1.1" 404 1256 "-" "Mozilla/5.0 (compatible; bingbot/2.0; +http://www.bing.com/bingbot.htm)"
81.169.250.152 - - [01/Jul/2015:03:30:54 +0200] "GET /faq.php HTTP/1.1" 200 11681 "-" "Mozilla/5.0 (compatible; WeViKaBot/1.0; +http://www.wevika.de/)"
157.55.39.246 - - [01/Jul/2015:03:43:22 +0200] "GET /baustellenbetankung.php HTTP/1.1" 200 9367 "-" "Mozilla/5.0 (compatible; bingbot/2.0; +http://www.bing.com/bingbot.htm)"
46.229.164.100 - - [01/Jul/2015:04:29:37 +0200] "GET /essoschmierstoffe.php HTTP/1.1" 200 15592 "-" "Mozilla/5.0 (compatible; SemrushBot/0.98~bl; +http://www.semrush.com/bot.html)"
81.169.250.152 - - [01/Jul/2015:04:43:25 +0200] "GET /foerdermittel.php HTTP/1.1" 200 12029 "-" "Mozilla/5.0 (compatible; WeViKaBot/1.0; +http://www.wevika.de/)"
46.229.164.100 - - [01/Jul/2015:04:54:11 +0200] "GET /energiekostenvergleich.php HTTP/1.1" 200 17945 "-" "Mozilla/5.0 (compatible; SemrushBot/0.98~bl; +http://www.semrush.com/bot.html)"
46.229.164.100 - - [01/Jul/2015:05:18:52 +0200] "GET /diesel.php HTTP/1.1" 200 11962 "-" "Mozilla/5.0 (compatible; SemrushBot/0.98~bl; +http://www.semrush.com/bot.html)"
66.249.78.51 - - [01/Jul/2015:05:40:13 +0200] "GET / HTTP/1.1" 200 15920 "-" "Mozilla/5.0 (compatible; Googlebot/2.1; +http://www.google.com/bot.html)"
46.229.164.100 - - [01/Jul/2015:05:44:13 +0200] "GET /impressum.php HTTP/1.1" 200 12936 "-" "Mozilla/5.0 (compatible; SemrushBot/0.98~bl; +http://www.semrush.com/bot.html)"
66.249.78.65 - - [01/Jul/2015:05:46:54 +0200] "GET / HTTP/1.1" 200 15920 "-" "Mozilla/5.0 (compatible; Googlebot/2.1; +http://www.google.com/bot.html)"
66.249.78.51 - - [01/Jul/2015:05:53:28 +0200] "GET / HTTP/1.1" 200 15920 "-" "Mozilla/5.0 (compatible; Googlebot/2.1; +http://www.google.com/bot.html)"
66.249.78.65 - - [01/Jul/2015:06:40:46 +0200] "GET /robots.txt HTTP/1.1" 404 1256 "-" "Mozilla/5.0 (compatible; Googlebot/2.1; +http://www.google.com/bot.html)"
66.249.78.58 - - [01/Jul/2015:06:40:46 +0200] "GET / HTTP/1.1" 200 15920 "-" "Mozilla/5.0 (compatible; Googlebot/2.1; +http://www.google.com/bot.html)"
66.249.78.65 - - [01/Jul/2015:06:47:30 +0200] "GET / HTTP/1.1" 200 15920 "-" "Mozilla/5.0 (compatible; Googlebot/2.1; +http://www.google.com/bot.html)"
66.249.78.58 - - [01/Jul/2015:06:54:13 +0200] "GET / HTTP/1.1" 200 15920 "-" "Mozilla/5.0 (compatible; Googlebot/2.1; +http://www.google.com/bot.html)"
66.249.78.126 - - [01/Jul/2015:07:00:53 +0200] "GET /robots.txt HTTP/1.1" 404 1256 "-" "Mozilla/5.0 (compatible; Googlebot/2.1; +http://www.google.com/bot.html)"
66.249.78.112 - - [01/Jul/2015:07:00:53 +0200] "GET /news.php HTTP/1.1" 200 11477 "-" "Mozilla/5.0 (compatible; Googlebot/2.1; +http://www.google.com/bot.html)"
66.249.78.112 - - [01/Jul/2015:07:06:58 +0200] "GET /news.php HTTP/1.1" 200 11477 "-" "Mozilla/5.0 (compatible; Googlebot/2.1; +http://www.google.com/bot.html)"
66.249.78.126 - - [01/Jul/2015:07:13:21 +0200] "GET /news.php HTTP/1.1" 200 11477 "-" "Mozilla/5.0 (compatible; Googlebot/2.1; +http://www.google.com/bot.html)"
66.249.78.43 - - [01/Jul/2015:07:22:14 +0200] "GET /robots.txt HTTP/1.1" 404 1256 "-" "Mozilla/5.0 (compatible; Googlebot/2.1; +http://www.google.com/bot.html)"
66.249.78.43 - - [01/Jul/2015:07:22:14 +0200] "GET / HTTP/1.1" 200 15920 "-" "Mozilla/5.0 (compatible; Googlebot/2.1; +http://www.google.com/bot.html)"
66.249.78.36 - - [01/Jul/2015:07:28:57 +0200] "GET / HTTP/1.1" 200 15920 "-" "Mozilla/5.0 (compatible; Googlebot/2.1; +http://www.google.com/bot.html)"
66.249.78.43 - - [01/Jul/2015:07:35:08 +0200] "GET / HTTP/1.1" 200 15920 "-" "Mozilla/5.0 (compatible; Googlebot/2.1; +http://www.google.com/bot.html)"
157.55.39.99 - - [01/Jul/2015:09:27:54 +0200] "GET / HTTP/1.1" 200 9656 "-" "Mozilla/5.0 (compatible; bingbot/2.0; +http://www.bing.com/bingbot.htm)"
66.249.78.50 - - [01/Jul/2015:09:30:56 +0200] "GET /news.php?cs_go=archiv&cs_id=3899&cs_search= HTTP/1.1" 200 11477 "-" "Mozilla/5.0 (compatible; Googlebot/2.1; +http://www.google.com/bot.html)"
66.249.78.50 - - [01/Jul/2015:09:36:56 +0200] "GET /news.php?cs_go=archiv&cs_id=3899&cs_search= HTTP/1.1" 200 11477 "-" "Mozilla/5.0 (compatible; Googlebot/2.1; +http://www.google.com/bot.html)"
66.249.78.36 - - [01/Jul/2015:09:43:20 +0200] "GET /news.php?cs_go=archiv&cs_id=3899&cs_search= HTTP/1.1" 200 11477 "-" "Mozilla/5.0 (compatible; Googlebot/2.1; +http://www.google.com/bot.html)"
157.55.39.115 - - [01/Jul/2015:10:12:06 +0200] "GET /images/RAL_Guetezeichen_Energiehandel.pdf HTTP/1.1" 200 538987 "-" "Mozilla/5.0 (compatible; bingbot/2.0; +http://www.bing.com/bingbot.htm)"
80.152.175.181 - - [01/Jul/2015:10:39:13 +0200] "GET /robots.txt HTTP/1.0" 404 1256 "-" "Mozilla/5.0 (compatible; MJ12bot/v1.4.5; http://www.majestic12.co.uk/bot.php?+)"
80.152.175.181 - - [01/Jul/2015:10:39:15 +0200] "GET /kwk.php?cs_go=1 HTTP/1.1" 200 9048 "-" "Mozilla/5.0 (compatible; MJ12bot/v1.4.5; http://www.majestic12.co.uk/bot.php?+)"
80.152.175.181 - - [01/Jul/2015:10:39:57 +0200] "GET /news.php?cs_go=archiv&cs_id=4184&cs_search= HTTP/1.1" 200 9055 "-" "Mozilla/5.0 (compatible; MJ12bot/v1.4.5; http://www.majestic12.co.uk/bot.php?+)"
80.152.175.181 - - [01/Jul/2015:10:40:39 +0200] "GET /news.php?cs_go=archiv&cs_id=4185 HTTP/1.1" 200 9055 "-" "Mozilla/5.0 (compatible; MJ12bot/v1.4.5; http://www.majestic12.co.uk/bot.php?+)"
80.152.175.181 - - [01/Jul/2015:10:41:20 +0200] "GET /news.php?cs_go=archiv&cs_id=4185&cs_search= HTTP/1.1" 200 9055 "-" "Mozilla/5.0 (compatible; MJ12bot/v1.4.5; http://www.majestic12.co.uk/bot.php?+)"
174.129.237.157 - - [01/Jul/2015:10:47:14 +0200] "GET /robots.txt HTTP/1.0" 404 1256 "-" "ia_archiver"
174.129.237.157 - - [01/Jul/2015:10:47:14 +0200] "GET / HTTP/1.0" 200 16125 "-" "ia_archiver"
66.249.78.224 - - [01/Jul/2015:11:35:30 +0200] "GET /robots.txt HTTP/1.1" 404 1256 "-" "Mozilla/5.0 (compatible; Googlebot/2.1; +http://www.google.com/bot.html)"
66.249.78.65 - - [01/Jul/2015:11:32:26 +0200] "GET / HTTP/1.1" 200 15920 "-" "Mozilla/5.0 (compatible; Googlebot/2.1; +http://www.google.com/bot.html)"
66.249.78.217 - - [01/Jul/2015:11:35:30 +0200] "GET /news.php?cs_go=archiv&cs_startpos=90 HTTP/1.1" 200 11477 "-" "Mozilla/5.0 (compatible; Googlebot/2.1; +http://www.google.com/bot.html)"
66.249.78.65 - - [01/Jul/2015:11:38:30 +0200] "GET / HTTP/1.1" 200 15920 "-" "Mozilla/5.0 (compatible; Googlebot/2.1; +http://www.google.com/bot.html)"
5.9.41.104 - - [01/Jul/2015:11:45:20 +0200] "GET /robots.txt HTTP/1.1" 404 1256 "-" "Mozilla/5.0 (compatible; SearchmetricsBot; http://www.searchmetrics.com/en/searchmetrics-bot/)"
142.4.214.124 - - [01/Jul/2015:11:46:14 +0200] "GET /robots.txt HTTP/1.0" 404 1256 "-" "Mozilla/5.0 (compatible; MJ12bot/v1.4.5; http://www.majestic12.co.uk/bot.php?+)"
66.249.78.224 - - [01/Jul/2015:11:41:55 +0200] "GET /news.php?cs_go=archiv&cs_startpos=90 HTTP/1.1" 200 11477 "-" "Mozilla/5.0 (compatible; Googlebot/2.1; +http://www.google.com/bot.html)"
5.9.41.104 - - [01/Jul/2015:11:49:21 +0200] "GET /../kwk.php HTTP/1.1" 400 1200 "-" "Mozilla/5.0 (compatible; SearchmetricsBot; http://www.searchmetrics.com/en/searchmetrics-bot/)"
66.249.78.51 - - [01/Jul/2015:11:44:55 +0200] "GET / HTTP/1.1" 200 15920 "-" "Mozilla/5.0 (compatible; Googlebot/2.1; +http://www.google.com/bot.html)"
5.9.41.104 - - [01/Jul/2015:11:45:50 +0200] "GET /biogasanlage.php HTTP/1.1" 200 11909 "-" "Mozilla/5.0 (compatible; SearchmetricsBot; http://www.searchmetrics.com/en/searchmetrics-bot/)"
5.9.41.104 - - [01/Jul/2015:11:46:01 +0200] "GET /adblue.php HTTP/1.1" 200 15843 "-" "Mozilla/5.0 (compatible; SearchmetricsBot; http://www.searchmetrics.com/en/searchmetrics-bot/)"
142.4.214.124 - - [01/Jul/2015:11:46:17 +0200] "GET /ansprechpartner.php HTTP/1.0" 200 13907 "-" "Mozilla/5.0 (compatible; MJ12bot/v1.4.5; http://www.majestic12.co.uk/bot.php?+)"
5.9.41.104 - - [01/Jul/2015:11:46:41 +0200] "GET /impressum.php HTTP/1.1" 200 12936 "-" "Mozilla/5.0 (compatible; SearchmetricsBot; http://www.searchmetrics.com/en/searchmetrics-bot/)"
5.9.41.104 - - [01/Jul/2015:11:46:52 +0200] "GET /jobs.php HTTP/1.1" 200 11716 "-" "Mozilla/5.0 (compatible; SearchmetricsBot; http://www.searchmetrics.com/en/searchmetrics-bot/)"
5.9.41.104 - - [01/Jul/2015:11:47:02 +0200] "GET /schmierstoffe.php HTTP/1.1" 200 14431 "-" "Mozilla/5.0 (compatible; SearchmetricsBot; http://www.searchmetrics.com/en/searchmetrics-bot/)"
142.4.214.124 - - [01/Jul/2015:11:47:03 +0200] "GET /baustellenbetankung.php HTTP/1.0" 200 12527 "-" "Mozilla/5.0 (compatible; MJ12bot/v1.4.5; http://www.majestic12.co.uk/bot.php?+)"
5.9.41.104 - - [01/Jul/2015:11:47:13 +0200] "GET /preisanfrage.php HTTP/1.1" 200 11698 "-" "Mozilla/5.0 (compatible; SearchmetricsBot; http://www.searchmetrics.com/en/searchmetrics-bot/)"
142.4.214.124 - - [01/Jul/2015:11:47:46 +0200] "GET /biogasanlage.php HTTP/1.0" 200 11909 "-" "Mozilla/5.0 (compatible; MJ12bot/v1.4.5; http://www.majestic12.co.uk/bot.php?+)"
5.9.41.104 - - [01/Jul/2015:11:47:56 +0200] "GET /baustellenbetankung.php HTTP/1.1" 200 12527 "-" "Mozilla/5.0 (compatible; SearchmetricsBot; http://www.searchmetrics.com/en/searchmetrics-bot/)"
66.249.78.210 - - [01/Jul/2015:11:48:10 +0200] "GET /news.php?cs_go=archiv&cs_startpos=90 HTTP/1.1" 200 11477 "-" "Mozilla/5.0 (compatible; Googlebot/2.1; +http://www.google.com/bot.html)"
5.9.41.104 - - [01/Jul/2015:11:48:17 +0200] "GET /marktdaten.php HTTP/1.1" 200 12103 "-" "Mozilla/5.0 (compatible; SearchmetricsBot; http://www.searchmetrics.com/en/searchmetrics-bot/)"
5.9.41.104 - - [01/Jul/2015:11:45:20 +0200] "GET / HTTP/1.1" 200 16125 "-" "Mozilla/5.0 (compatible; SearchmetricsBot; http://www.searchmetrics.com/en/searchmetrics-bot/)"
142.4.214.124 - - [01/Jul/2015:11:51:32 +0200] "GET /energiekostenvergleich.php HTTP/1.0" 200 17945 "-" "Mozilla/5.0 (compatible; MJ12bot/v1.4.5; http://www.majestic12.co.uk/bot.php?+)"
142.4.214.124 - - [01/Jul/2015:11:48:31 +0200] "GET /brennwerttechnik.php HTTP/1.0" 200 11859 "-" "Mozilla/5.0 (compatible; MJ12bot/v1.4.5; http://www.majestic12.co.uk/bot.php?+)"
5.9.41.104 - - [01/Jul/2015:11:45:30 +0200] "GET /kontakt.php HTTP/1.1" 200 11672 "-" "Mozilla/5.0 (compatible; SearchmetricsBot; http://www.searchmetrics.com/en/searchmetrics-bot/)"
5.9.41.104 - - [01/Jul/2015:11:48:40 +0200] "GET /essoschmierstoffe.php HTTP/1.1" 200 15592 "-" "Mozilla/5.0 (compatible; SearchmetricsBot; http://www.searchmetrics.com/en/searchmetrics-bot/)"
5.9.41.104 - - [01/Jul/2015:11:45:40 +0200] "GET /tankreinigung.php HTTP/1.1" 200 11962 "-" "Mozilla/5.0 (compatible; SearchmetricsBot; http://www.searchmetrics.com/en/searchmetrics-bot/)"
5.9.41.104 - - [01/Jul/2015:11:48:50 +0200] "GET /premiumheizoel.php HTTP/1.1" 200 12235 "-" "Mozilla/5.0 (compatible; SearchmetricsBot; http://www.searchmetrics.com/en/searchmetrics-bot/)"
142.4.214.124 - - [01/Jul/2015:11:49:16 +0200] "GET /diesel.php HTTP/1.0" 200 11962 "-" "Mozilla/5.0 (compatible; MJ12bot/v1.4.5; http://www.majestic12.co.uk/bot.php?+)"
5.9.41.104 - - [01/Jul/2015:11:46:11 +0200] "GET /heizoel.php HTTP/1.1" 200 12204 "-" "Mozilla/5.0 (compatible; SearchmetricsBot; http://www.searchmetrics.com/en/searchmetrics-bot/)"
5.9.41.104 - - [01/Jul/2015:11:46:21 +0200] "GET /diesel.php HTTP/1.1" 200 12167 "-" "Mozilla/5.0 (compatible; SearchmetricsBot; http://www.searchmetrics.com/en/searchmetrics-bot/)"
5.9.41.104 - - [01/Jul/2015:11:46:31 +0200] "GET /ec.php HTTP/1.1" 200 11821 "-" "Mozilla/5.0 (compatible; SearchmetricsBot; http://www.searchmetrics.com/en/searchmetrics-bot/)"
5.9.41.104 - - [01/Jul/2015:11:49:41 +0200] "GET /waermekonto.php HTTP/1.1" 200 12036 "-" "Mozilla/5.0 (compatible; SearchmetricsBot; http://www.searchmetrics.com/en/searchmetrics-bot/)"
142.4.214.124 - - [01/Jul/2015:11:50:01 +0200] "GET /ec.php HTTP/1.0" 200 11616 "-" "Mozilla/5.0 (compatible; MJ12bot/v1.4.5; http://www.majestic12.co.uk/bot.php?+)"
5.9.41.104 - - [01/Jul/2015:11:50:25 +0200] "GET /notdienst.php HTTP/1.1" 200 12433 "-" "Mozilla/5.0 (compatible; SearchmetricsBot; http://www.searchmetrics.com/en/searchmetrics-bot/)"
5.9.41.104 - - [01/Jul/2015:11:50:35 +0200] "GET /ansprechpartner.php HTTP/1.1" 200 13907 "-" "Mozilla/5.0 (compatible; SearchmetricsBot; http://www.searchmetrics.com/en/searchmetrics-bot/)"
5.9.41.104 - - [01/Jul/2015:11:47:36 +0200] "GET /brennwerttechnik.php HTTP/1.1" 200 12064 "-" "Mozilla/5.0 (compatible; SearchmetricsBot; http://www.searchmetrics.com/en/searchmetrics-bot/)"
142.4.214.124 - - [01/Jul/2015:11:50:49 +0200] "GET /edl.php HTTP/1.0" 200 11816 "-" "Mozilla/5.0 (compatible; MJ12bot/v1.4.5; http://www.majestic12.co.uk/bot.php?+)"
5.9.41.104 - - [01/Jul/2015:11:47:46 +0200] "GET /edl.php HTTP/1.1" 200 12021 "-" "Mozilla/5.0 (compatible; SearchmetricsBot; http://www.searchmetrics.com/en/searchmetrics-bot/)"
5.9.41.104 - - [01/Jul/2015:11:48:07 +0200] "GET /faq.php HTTP/1.1" 200 11681 "-" "Mozilla/5.0 (compatible; SearchmetricsBot; http://www.searchmetrics.com/en/searchmetrics-bot/)"
5.9.41.104 - - [01/Jul/2015:11:48:30 +0200] "GET /energiesparcheck.php HTTP/1.1" 200 11754 "-" "Mozilla/5.0 (compatible; SearchmetricsBot; http://www.searchmetrics.com/en/searchmetrics-bot/)"
5.9.41.104 - - [01/Jul/2015:11:49:01 +0200] "GET /foerdermittel.php HTTP/1.1" 200 12029 "-" "Mozilla/5.0 (compatible; SearchmetricsBot; http://www.searchmetrics.com/en/searchmetrics-bot/)"
142.4.214.124 - - [01/Jul/2015:11:52:20 +0200] "GET /energiesparcheck.php HTTP/1.0" 200 11549 "-" "Mozilla/5.0 (compatible; MJ12bot/v1.4.5; http://www.majestic12.co.uk/bot.php?+)"
5.9.41.104 - - [01/Jul/2015:11:49:11 +0200] "GET /lexikon.php HTTP/1.1" 200 11671 "-" "Mozilla/5.0 (compatible; SearchmetricsBot; http://www.searchmetrics.com/en/searchmetrics-bot/)"
5.9.41.104 - - [01/Jul/2015:11:49:21 +0200] "GET /ofenbau.php HTTP/1.1" 200 11901 "-" "Mozilla/5.0 (compatible; SearchmetricsBot; http://www.searchmetrics.com/en/searchmetrics-bot/)"
5.9.41.104 - - [01/Jul/2015:11:49:31 +0200] "GET /news.php HTTP/1.1" 200 11682 "-" "Mozilla/5.0 (compatible; SearchmetricsBot; http://www.searchmetrics.com/en/searchmetrics-bot/)"
5.9.41.104 - - [01/Jul/2015:11:49:55 +0200] "GET /wunschpreis.php HTTP/1.1" 200 11851 "-" "Mozilla/5.0 (compatible; SearchmetricsBot; http://www.searchmetrics.com/en/searchmetrics-bot/)"
142.4.214.124 - - [01/Jul/2015:11:53:05 +0200] "GET /essoschmierstoffe.php HTTP/1.0" 200 15592 "-" "Mozilla/5.0 (compatible; MJ12bot/v1.4.5; http://www.majestic12.co.uk/bot.php?+)"
5.9.41.104 - - [01/Jul/2015:11:50:05 +0200] "GET /index.php HTTP/1.1" 200 16125 "-" "Mozilla/5.0 (compatible; SearchmetricsBot; http://www.searchmetrics.com/en/searchmetrics-bot/)"
5.9.41.104 - - [01/Jul/2015:11:50:15 +0200] "GET /tankanlagen.php HTTP/1.1" 200 11893 "-" "Mozilla/5.0 (compatible; SearchmetricsBot; http://www.searchmetrics.com/en/searchmetrics-bot/)"
5.9.41.104 - - [01/Jul/2015:11:47:23 +0200] "GET /energiekostenvergleich.php HTTP/1.1" 200 24259 "-" "Mozilla/5.0 (compatible; SearchmetricsBot; http://www.searchmetrics.com/en/searchmetrics-bot/)"
142.4.214.124 - - [01/Jul/2015:11:53:51 +0200] "GET /faq.php HTTP/1.0" 200 11476 "-" "Mozilla/5.0 (compatible; MJ12bot/v1.4.5; http://www.majestic12.co.uk/bot.php?+)"
142.4.214.124 - - [01/Jul/2015:11:54:37 +0200] "GET /foerdermittel.php HTTP/1.0" 200 11824 "-" "Mozilla/5.0 (compatible; MJ12bot/v1.4.5; http://www.majestic12.co.uk/bot.php?+)"
142.4.214.124 - - [01/Jul/2015:11:57:44 +0200] "GET /jobs.php HTTP/1.0" 200 11511 "-" "Mozilla/5.0 (compatible; MJ12bot/v1.4.5; http://www.majestic12.co.uk/bot.php?+)"
142.4.214.124 - - [01/Jul/2015:11:55:26 +0200] "GET /heizoel.php HTTP/1.0" 200 11999 "-" "Mozilla/5.0 (compatible; MJ12bot/v1.4.5; http://www.majestic12.co.uk/bot.php?+)"
142.4.214.124 - - [01/Jul/2015:11:56:16 +0200] "GET /impressum.php HTTP/1.0" 200 12936 "-" "Mozilla/5.0 (compatible; MJ12bot/v1.4.5; http://www.majestic12.co.uk/bot.php?+)"
142.4.214.124 - - [01/Jul/2015:11:57:01 +0200] "GET /index.php HTTP/1.0" 200 15920 "-" "Mozilla/5.0 (compatible; MJ12bot/v1.4.5; http://www.majestic12.co.uk/bot.php?+)"
142.4.214.124 - - [01/Jul/2015:11:58:27 +0200] "GET /kontakt.php HTTP/1.0" 200 11467 "-" "Mozilla/5.0 (compatible; MJ12bot/v1.4.5; http://www.majestic12.co.uk/bot.php?+)"
142.4.214.124 - - [01/Jul/2015:11:59:13 +0200] "GET /kwk.php HTTP/1.0" 200 11474 "-" "Mozilla/5.0 (compatible; MJ12bot/v1.4.5; http://www.majestic12.co.uk/bot.php?+)"
142.4.214.124 - - [01/Jul/2015:11:59:56 +0200] "GET /lexikon.php HTTP/1.0" 200 11466 "-" "Mozilla/5.0 (compatible; MJ12bot/v1.4.5; http://www.majestic12.co.uk/bot.php?+)"
142.4.214.124 - - [01/Jul/2015:12:03:38 +0200] "GET /preisanfrage.php HTTP/1.0" 200 11493 "-" "Mozilla/5.0 (compatible; MJ12bot/v1.4.5; http://www.majestic12.co.uk/bot.php?+)"
142.4.214.124 - - [01/Jul/2015:12:00:39 +0200] "GET /marktdaten.php HTTP/1.0" 200 12103 "-" "Mozilla/5.0 (compatible; MJ12bot/v1.4.5; http://www.majestic12.co.uk/bot.php?+)"
142.4.214.124 - - [01/Jul/2015:12:01:24 +0200] "GET /news.php HTTP/1.0" 200 11477 "-" "Mozilla/5.0 (compatible; MJ12bot/v1.4.5; http://www.majestic12.co.uk/bot.php?+)"
142.4.214.124 - - [01/Jul/2015:12:02:09 +0200] "GET /notdienst.php HTTP/1.0" 200 12433 "-" "Mozilla/5.0 (compatible; MJ12bot/v1.4.5; http://www.majestic12.co.uk/bot.php?+)"
142.4.214.124 - - [01/Jul/2015:12:02:54 +0200] "GET /ofenbau.php HTTP/1.0" 200 11696 "-" "Mozilla/5.0 (compatible; MJ12bot/v1.4.5; http://www.majestic12.co.uk/bot.php?+)"
142.4.214.124 - - [01/Jul/2015:12:06:40 +0200] "GET /waermekonto.php HTTP/1.0" 200 11831 "-" "Mozilla/5.0 (compatible; MJ12bot/v1.4.5; http://www.majestic12.co.uk/bot.php?+)"
142.4.214.124 - - [01/Jul/2015:12:04:22 +0200] "GET /premiumheizoel.php HTTP/1.0" 200 12235 "-" "Mozilla/5.0 (compatible; MJ12bot/v1.4.5; http://www.majestic12.co.uk/bot.php?+)"
142.4.214.124 - - [01/Jul/2015:12:05:10 +0200] "GET /schmierstoffe.php HTTP/1.0" 200 14431 "-" "Mozilla/5.0 (compatible; MJ12bot/v1.4.5; http://www.majestic12.co.uk/bot.php?+)"
142.4.214.124 - - [01/Jul/2015:12:05:53 +0200] "GET /tankanlagen.php HTTP/1.0" 200 11688 "-" "Mozilla/5.0 (compatible; MJ12bot/v1.4.5; http://www.majestic12.co.uk/bot.php?+)"
142.4.214.124 - - [01/Jul/2015:12:07:26 +0200] "GET /wunschpreis.php HTTP/1.0" 200 11646 "-" "Mozilla/5.0 (compatible; MJ12bot/v1.4.5; http://www.majestic12.co.uk/bot.php?+)"
81.169.250.152 - - [01/Jul/2015:12:06:12 +0200] "GET /edl.php HTTP/1.1" 200 12021 "-" "Mozilla/5.0 (compatible; WeViKaBot/1.0; +http://www.wevika.de/)"
66.249.78.51 - - [01/Jul/2015:12:39:12 +0200] "GET / HTTP/1.1" 200 15920 "-" "Mozilla/5.0 (compatible; Googlebot/2.1; +http://www.google.com/bot.html)"
66.249.78.65 - - [01/Jul/2015:12:45:42 +0200] "GET / HTTP/1.1" 200 15920 "-" "Mozilla/5.0 (compatible; Googlebot/2.1; +http://www.google.com/bot.html)"
66.249.78.65 - - [01/Jul/2015:12:51:52 +0200] "GET / HTTP/1.1" 200 15920 "-" "Mozilla/5.0 (compatible; Googlebot/2.1; +http://www.google.com/bot.html)"
81.169.250.152 - - [01/Jul/2015:13:05:04 +0200] "GET /marktdaten.php HTTP/1.1" 200 12103 "-" "Mozilla/5.0 (compatible; WeViKaBot/1.0; +http://www.wevika.de/)"
46.4.123.172 - - [01/Jul/2015:13:57:48 +0200] "GET /robots.txt HTTP/1.0" 404 1256 "-" "Mozilla/5.0 (compatible; MJ12bot/v1.4.5; http://www.majestic12.co.uk/bot.php?+)"
46.4.123.172 - - [01/Jul/2015:13:57:50 +0200] "GET /heizoel HTTP/1.0" 404 1256 "-" "Mozilla/5.0 (compatible; MJ12bot/v1.4.5; http://www.majestic12.co.uk/bot.php?+)"
46.4.123.172 - - [01/Jul/2015:13:57:54 +0200] "GET /news.php?cs_go=archiv&cs_id=5108 HTTP/1.0" 200 11477 "-" "Mozilla/5.0 (compatible; MJ12bot/v1.4.5; http://www.majestic12.co.uk/bot.php?+)"
46.4.123.172 - - [01/Jul/2015:13:58:41 +0200] "GET /news.php?cs_go=archiv&cs_id=5110 HTTP/1.0" 200 11477 "-" "Mozilla/5.0 (compatible; MJ12bot/v1.4.5; http://www.majestic12.co.uk/bot.php?+)"
46.4.123.172 - - [01/Jul/2015:13:59:28 +0200] "GET /news.php?cs_go=archiv&cs_id=5181 HTTP/1.0" 200 11477 "-" "Mozilla/5.0 (compatible; MJ12bot/v1.4.5; http://www.majestic12.co.uk/bot.php?+)"
46.4.123.172 - - [01/Jul/2015:14:00:16 +0200] "GET /news.php?cs_go=archiv&cs_id=5183 HTTP/1.0" 200 11477 "-" "Mozilla/5.0 (compatible; MJ12bot/v1.4.5; http://www.majestic12.co.uk/bot.php?+)"
78.46.50.246 - - [01/Jul/2015:14:19:46 +0200] "GET /robots.txt HTTP/1.0" 404 1256 "-" "Mozilla/5.0 (compatible; MJ12bot/v1.4.5; http://www.majestic12.co.uk/bot.php?+)"
78.46.50.246 - - [01/Jul/2015:14:19:51 +0200] "GET /kwk.php?cs_go=2 HTTP/1.0" 200 11474 "-" "Mozilla/5.0 (compatible; MJ12bot/v1.4.5; http://www.majestic12.co.uk/bot.php?+)"
64.95.99.250 - - [01/Jul/2015:15:10:37 +0200] "GET /robots.txt HTTP/1.0" 404 1256 "-" "mbr-Web-Crawler/Nutch-1.8"
64.95.99.250 - - [01/Jul/2015:15:10:37 +0200] "GET / HTTP/1.0" 200 16125 "-" "mbr-Web-Crawler/Nutch-1.8"
81.169.250.152 - - [01/Jul/2015:15:53:33 +0200] "GET /notdienst.php HTTP/1.1" 200 12433 "-" "Mozilla/5.0 (compatible; WeViKaBot/1.0; +http://www.wevika.de/)"
81.169.250.152 - - [01/Jul/2015:16:12:04 +0200] "GET /notdienst.php HTTP/1.1" 200 12433 "-" "Mozilla/5.0 (compatible; WeViKaBot/1.0; +http://www.wevika.de/)"
66.249.78.79 - - [01/Jul/2015:16:21:33 +0200] "GET /robots.txt HTTP/1.1" 404 1256 "-" "Mozilla/5.0 (compatible; Googlebot/2.1; +http://www.google.com/bot.html)"
66.249.78.79 - - [01/Jul/2015:16:21:33 +0200] "GET /lexikon.php?cs_go=3&cs_id=185 HTTP/1.1" 200 11466 "-" "Mozilla/5.0 (compatible; Googlebot/2.1; +http://www.google.com/bot.html)"
66.249.78.135 - - [01/Jul/2015:16:28:00 +0200] "GET /lexikon.php?cs_go=3&cs_id=185 HTTP/1.1" 200 11466 "-" "Mozilla/5.0 (compatible; Googlebot/2.1; +http://www.google.com/bot.html)"
66.249.78.142 - - [01/Jul/2015:16:34:07 +0200] "GET /lexikon.php?cs_go=3&cs_id=185 HTTP/1.1" 200 11466 "-" "Mozilla/5.0 (compatible; Googlebot/2.1; +http://www.google.com/bot.html)"
91.121.169.194 - - [01/Jul/2015:17:01:22 +0200] "GET /robots.txt HTTP/1.0" 404 1256 "-" "Mozilla/5.0 (compatible; MJ12bot/v1.4.5; http://www.majestic12.co.uk/bot.php?+)"
91.121.169.194 - - [01/Jul/2015:17:01:39 +0200] "GET /news.php?cs_go=archiv&cs_id=5159 HTTP/1.0" 200 11477 "-" "Mozilla/5.0 (compatible; MJ12bot/v1.4.5; http://www.majestic12.co.uk/bot.php?+)"
91.121.169.194 - - [01/Jul/2015:17:02:26 +0200] "GET /news.php?cs_go=archiv&cs_id=5161 HTTP/1.0" 200 11477 "-" "Mozilla/5.0 (compatible; MJ12bot/v1.4.5; http://www.majestic12.co.uk/bot.php?+)"
66.249.78.58 - - [01/Jul/2015:17:41:01 +0200] "GET /robots.txt HTTP/1.1" 404 1256 "-" "Mozilla/5.0 (compatible; Googlebot/2.1; +http://www.google.com/bot.html)"
66.249.78.51 - - [01/Jul/2015:17:41:02 +0200] "GET / HTTP/1.1" 200 15920 "-" "Mozilla/5.0 (compatible; Googlebot/2.1; +http://www.google.com/bot.html)"
66.249.78.58 - - [01/Jul/2015:17:47:19 +0200] "GET / HTTP/1.1" 200 15920 "-" "Mozilla/5.0 (compatible; Googlebot/2.1; +http://www.google.com/bot.html)"
66.249.78.58 - - [01/Jul/2015:17:53:33 +0200] "GET / HTTP/1.1" 200 15920 "-" "Mozilla/5.0 (compatible; Googlebot/2.1; +http://www.google.com/bot.html)"
66.249.78.50 - - [01/Jul/2015:18:01:34 +0200] "GET /robots.txt HTTP/1.1" 404 1256 "-" "Mozilla/5.0 (compatible; Googlebot/2.1; +http://www.google.com/bot.html)"
66.249.78.36 - - [01/Jul/2015:18:01:34 +0200] "GET /news.php?cs_go=archiv&cs_id=4678&cs_search= HTTP/1.1" 200 11477 "-" "Mozilla/5.0 (compatible; Googlebot/2.1; +http://www.google.com/bot.html)"
66.249.78.36 - - [01/Jul/2015:18:08:02 +0200] "GET /news.php?cs_go=archiv&cs_id=4678&cs_search= HTTP/1.1" 200 11477 "-" "Mozilla/5.0 (compatible; Googlebot/2.1; +http://www.google.com/bot.html)"
66.249.78.43 - - [01/Jul/2015:18:14:09 +0200] "GET /news.php?cs_go=archiv&cs_id=4678&cs_search= HTTP/1.1" 200 11477 "-" "Mozilla/5.0 (compatible; Googlebot/2.1; +http://www.google.com/bot.html)"
66.249.78.51 - - [01/Jul/2015:18:41:48 +0200] "GET / HTTP/1.1" 200 15920 "-" "Mozilla/5.0 (compatible; Googlebot/2.1; +http://www.google.com/bot.html)"
66.249.78.51 - - [01/Jul/2015:18:48:17 +0200] "GET / HTTP/1.1" 200 14892 "-" "Mozilla/5.0 (compatible; Googlebot/2.1; +http://www.google.com/bot.html)"
81.169.250.152 - - [01/Jul/2015:18:51:35 +0200] "GET /ec.php HTTP/1.1" 200 11821 "-" "Mozilla/5.0 (compatible; WeViKaBot/1.0; +http://www.wevika.de/)"
66.249.78.51 - - [01/Jul/2015:18:55:01 +0200] "GET / HTTP/1.1" 200 15920 "-" "Mozilla/5.0 (compatible; Googlebot/2.1; +http://www.google.com/bot.html)"
81.169.250.152 - - [01/Jul/2015:19:16:00 +0200] "GET /tankreinigung.php HTTP/1.1" 200 11962 "-" "Mozilla/5.0 (compatible; WeViKaBot/1.0; +http://www.wevika.de/)"
81.169.250.152 - - [01/Jul/2015:19:30:56 +0200] "GET /baustellenbetankung.php HTTP/1.1" 200 12527 "-" "Mozilla/5.0 (compatible; WeViKaBot/1.0; +http://www.wevika.de/)"
66.249.78.126 - - [01/Jul/2015:19:37:47 +0200] "GET /robots.txt HTTP/1.1" 404 1256 "-" "Mozilla/5.0 (compatible; Googlebot/2.1; +http://www.google.com/bot.html)"
66.249.78.119 - - [01/Jul/2015:19:37:47 +0200] "GET /news.php?cs_go=archiv&cs_id=2085&cs_search= HTTP/1.1" 200 11477 "-" "Mozilla/5.0 (compatible; Googlebot/2.1; +http://www.google.com/bot.html)"
66.249.78.126 - - [01/Jul/2015:19:43:58 +0200] "GET /news.php?cs_go=archiv&cs_id=2085&cs_search= HTTP/1.1" 200 11477 "-" "Mozilla/5.0 (compatible; Googlebot/2.1; +http://www.google.com/bot.html)"
66.249.78.224 - - [01/Jul/2015:19:53:23 +0200] "GET /robots.txt HTTP/1.1" 404 1256 "-" "Mozilla/5.0 (compatible; Googlebot/2.1; +http://www.google.com/bot.html)"
66.249.78.126 - - [01/Jul/2015:19:50:23 +0200] "GET /news.php?cs_go=archiv&cs_id=2085&cs_search= HTTP/1.1" 200 11477 "-" "Mozilla/5.0 (compatible; Googlebot/2.1; +http://www.google.com/bot.html)"
66.249.78.224 - - [01/Jul/2015:19:53:23 +0200] "GET / HTTP/1.1" 200 15920 "-" "Mozilla/5.0 (compatible; Googlebot/2.1; +http://www.google.com/bot.html)"
66.249.78.217 - - [01/Jul/2015:20:00:04 +0200] "GET / HTTP/1.1" 200 15920 "-" "Mozilla/5.0 (compatible; Googlebot/2.1; +http://www.google.com/bot.html)"
66.249.78.210 - - [01/Jul/2015:20:06:37 +0200] "GET / HTTP/1.1" 200 15920 "-" "Mozilla/5.0 (compatible; Googlebot/2.1; +http://www.google.com/bot.html)"
208.115.111.74 - - [01/Jul/2015:20:32:44 +0200] "GET /robots.txt HTTP/1.1" 404 1256 "-" "Mozilla/5.0 (compatible; DotBot/1.1; http://www.opensiteexplorer.org/dotbot, help@moz.com)"
188.165.15.240 - - [01/Jul/2015:21:00:34 +0200] "GET /robots.txt HTTP/1.1" 404 1256 "-" "Mozilla/5.0 (compatible; AhrefsBot/5.0; +http://ahrefs.com/robot/)"
81.169.250.152 - - [01/Jul/2015:21:11:16 +0200] "GET /baustellenbetankung.php HTTP/1.1" 200 12527 "-" "Mozilla/5.0 (compatible; WeViKaBot/1.0; +http://www.wevika.de/)"
208.115.111.74 - - [01/Jul/2015:21:19:43 +0200] "GET /news.php?cs_go=archiv&cs_id=5329 HTTP/1.1" 200 11477 "-" "Mozilla/5.0 (compatible; DotBot/1.1; http://www.opensiteexplorer.org/dotbot, help@moz.com)"
66.249.78.119 - - [01/Jul/2015:21:32:13 +0200] "GET /news.php?cs_go=archiv&cs_id=295&cs_search= HTTP/1.1" 200 11477 "-" "Mozilla/5.0 (compatible; Googlebot/2.1; +http://www.google.com/bot.html)"
157.55.39.83 - - [01/Jul/2015:21:44:39 +0200] "GET /robots.txt HTTP/1.1" 404 1256 "-" "Mozilla/5.0 (compatible; bingbot/2.0; +http://www.bing.com/bingbot.htm)"
66.249.78.112 - - [01/Jul/2015:21:38:29 +0200] "GET /news.php?cs_go=archiv&cs_id=295&cs_search= HTTP/1.1" 200 11477 "-" "Mozilla/5.0 (compatible; Googlebot/2.1; +http://www.google.com/bot.html)"
66.249.78.119 - - [01/Jul/2015:21:44:59 +0200] "GET /news.php?cs_go=archiv&cs_id=295&cs_search= HTTP/1.1" 200 11477 "-" "Mozilla/5.0 (compatible; Googlebot/2.1; +http://www.google.com/bot.html)"
188.40.95.70 - - [01/Jul/2015:21:51:50 +0200] "GET /robots.txt HTTP/1.0" 404 1256 "-" "Mozilla/5.0 (compatible; MJ12bot/v1.4.5; http://www.majestic12.co.uk/bot.php?+)"
188.40.95.70 - - [01/Jul/2015:21:51:55 +0200] "GET /news.php?cs_go=archiv&cs_id=5372 HTTP/1.0" 200 11477 "-" "Mozilla/5.0 (compatible; MJ12bot/v1.4.5; http://www.majestic12.co.uk/bot.php?+)"
188.40.95.70 - - [01/Jul/2015:21:52:38 +0200] "GET /news.php?cs_go=archiv&cs_id=5380 HTTP/1.0" 200 11477 "-" "Mozilla/5.0 (compatible; MJ12bot/v1.4.5; http://www.majestic12.co.uk/bot.php?+)"
94.22.47.242 - - [01/Jul/2015:22:00:31 +0200] "GET /robots.txt HTTP/1.0" 404 1256 "-" "Mozilla/5.0 (compatible; MJ12bot/v1.4.5; http://www.majestic12.co.uk/bot.php?+)"
94.22.47.242 - - [01/Jul/2015:22:02:38 +0200] "GET /seiten/start.htm HTTP/1.0" 404 1256 "-" "Mozilla/5.0 (compatible; MJ12bot/v1.4.5; http://www.majestic12.co.uk/bot.php?+)"
94.22.47.242 - - [01/Jul/2015:22:00:32 +0200] "GET /preisanfrage.php HTTP/1.0" 200 11493 "-" "Mozilla/5.0 (compatible; MJ12bot/v1.4.5; http://www.majestic12.co.uk/bot.php?+)"
94.22.47.242 - - [01/Jul/2015:22:01:14 +0200] "GET /premiumheizoel.php HTTP/1.0" 200 12235 "-" "Mozilla/5.0 (compatible; MJ12bot/v1.4.5; http://www.majestic12.co.uk/bot.php?+)"
94.22.47.242 - - [01/Jul/2015:22:01:56 +0200] "GET /schmierstoffe.php HTTP/1.0" 200 14431 "-" "Mozilla/5.0 (compatible; MJ12bot/v1.4.5; http://www.majestic12.co.uk/bot.php?+)"
157.55.39.83 - - [01/Jul/2015:22:07:37 +0200] "GET / HTTP/1.1" 200 9656 "-" "Mozilla/5.0 (compatible; bingbot/2.0; +http://www.bing.com/bingbot.htm)"
81.169.250.152 - - [01/Jul/2015:22:39:30 +0200] "GET /tankreinigung.php HTTP/1.1" 200 11962 "-" "Mozilla/5.0 (compatible; WeViKaBot/1.0; +http://www.wevika.de/)"
66.249.78.112 - - [01/Jul/2015:23:03:59 +0200] "GET /news.php?cs_go=archiv&cs_id=2085&cs_search= HTTP/1.1" 200 11477 "-" "Mozilla/5.0 (compatible; Googlebot/2.1; +http://www.google.com/bot.html)"
66.249.78.112 - - [01/Jul/2015:23:10:13 +0200] "GET /news.php?cs_go=archiv&cs_id=2085&cs_search= HTTP/1.1" 200 11477 "-" "Mozilla/5.0 (compatible; Googlebot/2.1; +http://www.google.com/bot.html)"
66.249.78.126 - - [01/Jul/2015:23:16:58 +0200] "GET /news.php?cs_go=archiv&cs_id=2085&cs_search= HTTP/1.1" 200 11477 "-" "Mozilla/5.0 (compatible; Googlebot/2.1; +http://www.google.com/bot.html)"
66.249.78.65 - - [02/Jul/2015:00:26:31 +0200] "GET / HTTP/1.1" 200 15920 "-" "Mozilla/5.0 (compatible; Googlebot/2.1; +http://www.google.com/bot.html)"
66.249.78.51 - - [02/Jul/2015:00:33:12 +0200] "GET / HTTP/1.1" 200 15920 "-" "Mozilla/5.0 (compatible; Googlebot/2.1; +http://www.google.com/bot.html)"
66.249.78.65 - - [02/Jul/2015:00:39:15 +0200] "GET / HTTP/1.1" 200 15920 "-" "Mozilla/5.0 (compatible; Googlebot/2.1; +http://www.google.com/bot.html)"
188.165.234.68 - - [02/Jul/2015:01:52:44 +0200] "GET /robots.txt HTTP/1.0" 404 1256 "-" ""
64.246.165.210 - - [02/Jul/2015:01:59:15 +0200] "GET /robots.txt HTTP/1.0" 404 1256 "-" "Mozilla/5.0 (Windows; U; Windows NT 5.1; en; rv:1.9.0.13) Gecko/2009073022 Firefox/3.5.2 (.NET CLR 3.5.30729) SurveyBot/2.3 (DomainTools)"
188.165.234.68 - - [02/Jul/2015:01:52:44 +0200] "GET / HTTP/1.1" 200 16125 "-" "Mozilla/5.0 (X11; U; Linux x86_64; en-US) AppleWebKit/533.2 (KHTML, like Gecko) Chrome/5.0.342.1 Safari/533.2"
64.246.165.210 - - [02/Jul/2015:01:59:15 +0200] "GET / HTTP/1.1" 200 15920 "http://whois.domaintools.com/schmierstoffeberlin.de" "Mozilla/5.0 (Windows; U; Windows NT 5.1; en; rv:1.9.0.13) Gecko/2009073022 Firefox/3.5.2 (.NET CLR 3.5.30729) SurveyBot/2.3 (DomainTools)"
81.169.250.152 - - [02/Jul/2015:02:00:51 +0200] "GET /waermekonto.php HTTP/1.1" 200 12036 "-" "Mozilla/5.0 (compatible; WeViKaBot/1.0; +http://www.wevika.de/)"
146.0.32.165 - - [02/Jul/2015:02:15:35 +0200] "GET /robots.txt HTTP/1.1" 404 1256 "-" "Mozilla/5.0 (compatible; savetheworldheritage.org/1.1; +crawl@savetheworldheritage.org)"
146.0.32.165 - - [02/Jul/2015:02:15:35 +0200] "GET / HTTP/1.1" 200 15920 "-" "Mozilla/5.0 (compatible; savetheworldheritage.org/1.1; +crawl@savetheworldheritage.org)"
207.46.13.39 - - [02/Jul/2015:02:29:59 +0200] "GET /news.php?cs_go=archiv&cs_id=5375 HTTP/1.1" 200 9055 "-" "Mozilla/5.0 (compatible; bingbot/2.0; +http://www.bing.com/bingbot.htm)"
157.55.39.208 - - [02/Jul/2015:02:30:08 +0200] "GET /news.php?cs_go=archiv&cs_id=5376 HTTP/1.1" 200 9055 "-" "Mozilla/5.0 (compatible; bingbot/2.0; +http://www.bing.com/bingbot.htm)"
207.46.13.39 - - [02/Jul/2015:02:30:35 +0200] "GET /news.php?cs_go=archiv&cs_id=5374 HTTP/1.1" 200 9055 "-" "Mozilla/5.0 (compatible; bingbot/2.0; +http://www.bing.com/bingbot.htm)"
207.46.13.137 - - [02/Jul/2015:02:46:58 +0200] "GET /robots.txt HTTP/1.1" 404 1256 "-" "Mozilla/5.0 (compatible; bingbot/2.0; +http://www.bing.com/bingbot.htm)"
157.55.39.174 - - [02/Jul/2015:02:49:24 +0200] "GET /images/RAL_Guetezeichen_Energiehandel.pdf HTTP/1.1" 200 538987 "-" "Mozilla/5.0 (iPhone; CPU iPhone OS 7_0 like Mac OS X) AppleWebKit/537.51.1 (KHTML, like Gecko) Version/7.0 Mobile/11A465 Safari/9537.53 (compatible; bingbot/2.0; http://www.bing.com/bingbot.htm)"
157.55.39.229 - - [02/Jul/2015:02:51:04 +0200] "GET /robots.txt HTTP/1.1" 404 1256 "-" "Mozilla/5.0 (compatible; bingbot/2.0; +http://www.bing.com/bingbot.htm)"
66.249.78.210 - - [02/Jul/2015:03:37:21 +0200] "GET / HTTP/1.1" 200 15920 "-" "Mozilla/5.0 (compatible; Googlebot/2.1; +http://www.google.com/bot.html)"
81.169.250.152 - - [02/Jul/2015:03:37:52 +0200] "GET /waermekonto.php HTTP/1.1" 200 12036 "-" "Mozilla/5.0 (compatible; WeViKaBot/1.0; +http://www.wevika.de/)"
66.249.78.224 - - [02/Jul/2015:03:43:32 +0200] "GET / HTTP/1.1" 200 15920 "-" "Mozilla/5.0 (compatible; Googlebot/2.1; +http://www.google.com/bot.html)"
66.249.78.217 - - [02/Jul/2015:03:49:52 +0200] "GET / HTTP/1.1" 200 15920 "-" "Mozilla/5.0 (compatible; Googlebot/2.1; +http://www.google.com/bot.html)"
157.55.39.99 - - [02/Jul/2015:04:31:25 +0200] "GET /diesel.php HTTP/1.1" 200 9536 "-" "Mozilla/5.0 (compatible; bingbot/2.0; +http://www.bing.com/bingbot.htm)"
157.55.39.229 - - [02/Jul/2015:04:54:08 +0200] "GET /images/RAL_Guetezeichen_Energiehandel.pdf HTTP/1.1" 200 538987 "-" "Mozilla/5.0 (iPhone; CPU iPhone OS 7_0 like Mac OS X) AppleWebKit/537.51.1 (KHTML, like Gecko) Version/7.0 Mobile/11A465 Safari/9537.53 (compatible; bingbot/2.0; http://www.bing.com/bingbot.htm)"
207.46.13.130 - - [02/Jul/2015:05:37:23 +0200] "GET /robots.txt HTTP/1.1" 404 1256 "-" "Mozilla/5.0 (compatible; bingbot/2.0; +http://www.bing.com/bingbot.htm)"
66.249.78.119 - - [02/Jul/2015:05:39:04 +0200] "GET /news.php?cs_go=archiv&cs_startpos=1961 HTTP/1.1" 200 11477 "-" "Mozilla/5.0 (compatible; Googlebot/2.1; +http://www.google.com/bot.html)"
66.249.78.112 - - [02/Jul/2015:05:45:10 +0200] "GET /news.php?cs_go=archiv&cs_startpos=1961 HTTP/1.1" 200 11477 "-" "Mozilla/5.0 (compatible; Googlebot/2.1; +http://www.google.com/bot.html)"
66.249.78.217 - - [02/Jul/2015:05:48:12 +0200] "GET /energiesparcheck.php HTTP/1.1" 200 11549 "-" "Mozilla/5.0 (iPhone; CPU iPhone OS 6_0 like Mac OS X) AppleWebKit/536.26 (KHTML, like Gecko) Version/6.0 Mobile/10A5376e Safari/8536.25 (compatible; Googlebot/2.1; +http://www.google.com/bot.html)"
66.249.78.126 - - [02/Jul/2015:05:51:21 +0200] "GET /news.php?cs_go=archiv&cs_startpos=1961 HTTP/1.1" 200 11477 "-" "Mozilla/5.0 (compatible; Googlebot/2.1; +http://www.google.com/bot.html)"
180.76.15.136 - - [02/Jul/2015:05:57:56 +0200] "GET /robots.txt HTTP/1.1" 404 1256 "-" "Mozilla/5.0 (Windows NT 5.1; rv:6.0.2) Gecko/20100101 Firefox/6.0.2"
66.249.78.224 - - [02/Jul/2015:05:54:20 +0200] "GET /energiesparcheck.php HTTP/1.1" 200 11549 "-" "Mozilla/5.0 (iPhone; CPU iPhone OS 6_0 like Mac OS X) AppleWebKit/536.26 (KHTML, like Gecko) Version/6.0 Mobile/10A5376e Safari/8536.25 (compatible; Googlebot/2.1; +http://www.google.com/bot.html)"
81.169.250.152 - - [02/Jul/2015:05:53:45 +0200] "GET /brennwerttechnik.php HTTP/1.1" 200 12064 "-" "Mozilla/5.0 (compatible; WeViKaBot/1.0; +http://www.wevika.de/)"
66.249.78.210 - - [02/Jul/2015:06:00:33 +0200] "GET /energiesparcheck.php HTTP/1.1" 200 11549 "-" "Mozilla/5.0 (iPhone; CPU iPhone OS 6_0 like Mac OS X) AppleWebKit/536.26 (KHTML, like Gecko) Version/6.0 Mobile/10A5376e Safari/8536.25 (compatible; Googlebot/2.1; +http://www.google.com/bot.html)"
66.249.78.154 - - [02/Jul/2015:06:22:22 +0200] "GET /robots.txt HTTP/1.1" 404 1256 "-" "Mozilla/5.0 (compatible; Googlebot/2.1; +http://www.google.com/bot.html)"
66.249.78.147 - - [02/Jul/2015:06:22:22 +0200] "GET /modul.css HTTP/1.1" 200 36485 "-" "Mozilla/5.0 (compatible; Googlebot/2.1; +http://www.google.com/bot.html)"
66.249.78.161 - - [02/Jul/2015:06:22:23 +0200] "GET /style.css HTTP/1.1" 200 8056 "-" "Mozilla/5.0 (compatible; Googlebot/2.1; +http://www.google.com/bot.html)"
66.249.78.50 - - [02/Jul/2015:07:47:08 +0200] "GET /robots.txt HTTP/1.1" 404 1256 "-" "Mozilla/5.0 (compatible; Googlebot/2.1; +http://www.google.com/bot.html)"
66.249.78.36 - - [02/Jul/2015:07:47:08 +0200] "GET / HTTP/1.1" 200 15920 "-" "Mozilla/5.0 (compatible; Googlebot/2.1; +http://www.google.com/bot.html)"
66.249.78.36 - - [02/Jul/2015:07:53:46 +0200] "GET / HTTP/1.1" 200 15920 "-" "Mozilla/5.0 (compatible; Googlebot/2.1; +http://www.google.com/bot.html)"
66.249.78.43 - - [02/Jul/2015:08:00:06 +0200] "GET / HTTP/1.1" 200 15920 "-" "Mozilla/5.0 (compatible; Googlebot/2.1; +http://www.google.com/bot.html)"
66.249.78.36 - - [02/Jul/2015:08:13:50 +0200] "GET /news.php?cs_go=archiv&cs_id=4474 HTTP/1.1" 200 11477 "-" "Mozilla/5.0 (compatible; Googlebot/2.1; +http://www.google.com/bot.html)"
66.249.78.50 - - [02/Jul/2015:08:20:14 +0200] "GET /news.php?cs_go=archiv&cs_id=4474 HTTP/1.1" 200 11477 "-" "Mozilla/5.0 (compatible; Googlebot/2.1; +http://www.google.com/bot.html)"
81.169.250.152 - - [02/Jul/2015:08:20:33 +0200] "GET /tankanlagen.php HTTP/1.1" 200 11893 "-" "Mozilla/5.0 (compatible; WeViKaBot/1.0; +http://www.wevika.de/)"
66.249.78.43 - - [02/Jul/2015:08:26:24 +0200] "GET /news.php?cs_go=archiv&cs_id=4474 HTTP/1.1" 200 11477 "-" "Mozilla/5.0 (compatible; Googlebot/2.1; +http://www.google.com/bot.html)"
157.55.39.83 - - [02/Jul/2015:09:29:32 +0200] "GET / HTTP/1.1" 200 9656 "-" "Mozilla/5.0 (compatible; bingbot/2.0; +http://www.bing.com/bingbot.htm)"
66.249.78.217 - - [02/Jul/2015:09:56:21 +0200] "GET /robots.txt HTTP/1.1" 404 1256 "-" "Mozilla/5.0 (compatible; Googlebot/2.1; +http://www.google.com/bot.html)"
66.249.78.217 - - [02/Jul/2015:09:56:21 +0200] "GET / HTTP/1.1" 200 15920 "-" "Mozilla/5.0 (compatible; Googlebot/2.1; +http://www.google.com/bot.html)"
66.249.78.224 - - [02/Jul/2015:10:02:44 +0200] "GET / HTTP/1.1" 200 15920 "-" "Mozilla/5.0 (compatible; Googlebot/2.1; +http://www.google.com/bot.html)"
66.249.78.210 - - [02/Jul/2015:10:08:54 +0200] "GET / HTTP/1.1" 200 15920 "-" "Mozilla/5.0 (compatible; Googlebot/2.1; +http://www.google.com/bot.html)"
157.55.39.99 - - [02/Jul/2015:10:18:01 +0200] "GET /images/RAL_Guetezeichen_Energiehandel.pdf HTTP/1.1" 200 538987 "-" "Mozilla/5.0 (compatible; bingbot/2.0; +http://www.bing.com/bingbot.htm)"
123.125.71.29 - - [02/Jul/2015:10:27:22 +0200] "GET / HTTP/1.1" 200 9656 "-" "Mozilla/5.0 (Windows NT 5.1; rv:6.0.2) Gecko/20100101 Firefox/6.0.2"
81.169.250.152 - - [02/Jul/2015:10:25:07 +0200] "GET /ansprechpartner.php HTTP/1.1" 200 13907 "-" "Mozilla/5.0 (compatible; WeViKaBot/1.0; +http://www.wevika.de/)"
66.249.78.135 - - [02/Jul/2015:11:23:44 +0200] "GET /robots.txt HTTP/1.1" 404 1256 "-" "Mozilla/5.0 (compatible; Googlebot/2.1; +http://www.google.com/bot.html)"
66.249.78.149 - - [02/Jul/2015:11:23:44 +0200] "GET / HTTP/1.1" 200 15920 "-" "Mozilla/5.0 (iPhone; CPU iPhone OS 6_0 like Mac OS X) AppleWebKit/536.26 (KHTML, like Gecko) Version/6.0 Mobile/10A5376e Safari/8536.25 (compatible; Googlebot/2.1; +http://www.google.com/bot.html)"
5.9.41.104 - - [02/Jul/2015:11:34:05 +0200] "GET /robots.txt HTTP/1.1" 404 1256 "-" "Mozilla/5.0 (compatible; SearchmetricsBot; http://www.searchmetrics.com/en/searchmetrics-bot/)"
66.249.78.135 - - [02/Jul/2015:11:29:47 +0200] "GET / HTTP/1.1" 200 15920 "-" "Mozilla/5.0 (iPhone; CPU iPhone OS 6_0 like Mac OS X) AppleWebKit/536.26 (KHTML, like Gecko) Version/6.0 Mobile/10A5376e Safari/8536.25 (compatible; Googlebot/2.1; +http://www.google.com/bot.html)"
5.9.41.104 - - [02/Jul/2015:11:38:06 +0200] "GET /../kwk.php HTTP/1.1" 400 1200 "-" "Mozilla/5.0 (compatible; SearchmetricsBot; http://www.searchmetrics.com/en/searchmetrics-bot/)"
5.9.41.104 - - [02/Jul/2015:11:34:36 +0200] "GET /biogasanlage.php HTTP/1.1" 200 11909 "-" "Mozilla/5.0 (compatible; SearchmetricsBot; http://www.searchmetrics.com/en/searchmetrics-bot/)"
5.9.41.104 - - [02/Jul/2015:11:34:46 +0200] "GET /adblue.php HTTP/1.1" 200 15843 "-" "Mozilla/5.0 (compatible; SearchmetricsBot; http://www.searchmetrics.com/en/searchmetrics-bot/)"
5.9.41.104 - - [02/Jul/2015:11:35:27 +0200] "GET /impressum.php HTTP/1.1" 200 12936 "-" "Mozilla/5.0 (compatible; SearchmetricsBot; http://www.searchmetrics.com/en/searchmetrics-bot/)"
5.9.41.104 - - [02/Jul/2015:11:35:37 +0200] "GET /jobs.php HTTP/1.1" 200 11716 "-" "Mozilla/5.0 (compatible; SearchmetricsBot; http://www.searchmetrics.com/en/searchmetrics-bot/)"
5.9.41.104 - - [02/Jul/2015:11:35:47 +0200] "GET /schmierstoffe.php HTTP/1.1" 200 14431 "-" "Mozilla/5.0 (compatible; SearchmetricsBot; http://www.searchmetrics.com/en/searchmetrics-bot/)"
5.9.41.104 - - [02/Jul/2015:11:35:58 +0200] "GET /preisanfrage.php HTTP/1.1" 200 11698 "-" "Mozilla/5.0 (compatible; SearchmetricsBot; http://www.searchmetrics.com/en/searchmetrics-bot/)"
66.249.78.149 - - [02/Jul/2015:11:36:22 +0200] "GET / HTTP/1.1" 200 15920 "-" "Mozilla/5.0 (iPhone; CPU iPhone OS 6_0 like Mac OS X) AppleWebKit/536.26 (KHTML, like Gecko) Version/6.0 Mobile/10A5376e Safari/8536.25 (compatible; Googlebot/2.1; +http://www.google.com/bot.html)"
5.9.41.104 - - [02/Jul/2015:11:36:41 +0200] "GET /baustellenbetankung.php HTTP/1.1" 200 12527 "-" "Mozilla/5.0 (compatible; SearchmetricsBot; http://www.searchmetrics.com/en/searchmetrics-bot/)"
5.9.41.104 - - [02/Jul/2015:11:37:02 +0200] "GET /marktdaten.php HTTP/1.1" 200 12103 "-" "Mozilla/5.0 (compatible; SearchmetricsBot; http://www.searchmetrics.com/en/searchmetrics-bot/)"
5.9.41.104 - - [02/Jul/2015:11:34:05 +0200] "GET / HTTP/1.1" 200 16125 "-" "Mozilla/5.0 (compatible; SearchmetricsBot; http://www.searchmetrics.com/en/searchmetrics-bot/)"
5.9.41.104 - - [02/Jul/2015:11:34:15 +0200] "GET /kontakt.php HTTP/1.1" 200 11672 "-" "Mozilla/5.0 (compatible; SearchmetricsBot; http://www.searchmetrics.com/en/searchmetrics-bot/)"
5.9.41.104 - - [02/Jul/2015:11:37:25 +0200] "GET /essoschmierstoffe.php HTTP/1.1" 200 15592 "-" "Mozilla/5.0 (compatible; SearchmetricsBot; http://www.searchmetrics.com/en/searchmetrics-bot/)"
5.9.41.104 - - [02/Jul/2015:11:34:26 +0200] "GET /tankreinigung.php HTTP/1.1" 200 11962 "-" "Mozilla/5.0 (compatible; SearchmetricsBot; http://www.searchmetrics.com/en/searchmetrics-bot/)"
5.9.41.104 - - [02/Jul/2015:11:37:35 +0200] "GET /premiumheizoel.php HTTP/1.1" 200 12235 "-" "Mozilla/5.0 (compatible; SearchmetricsBot; http://www.searchmetrics.com/en/searchmetrics-bot/)"
5.9.41.104 - - [02/Jul/2015:11:34:56 +0200] "GET /heizoel.php HTTP/1.1" 200 12204 "-" "Mozilla/5.0 (compatible; SearchmetricsBot; http://www.searchmetrics.com/en/searchmetrics-bot/)"
5.9.41.104 - - [02/Jul/2015:11:35:06 +0200] "GET /diesel.php HTTP/1.1" 200 12167 "-" "Mozilla/5.0 (compatible; SearchmetricsBot; http://www.searchmetrics.com/en/searchmetrics-bot/)"
5.9.41.104 - - [02/Jul/2015:11:35:17 +0200] "GET /ec.php HTTP/1.1" 200 11821 "-" "Mozilla/5.0 (compatible; SearchmetricsBot; http://www.searchmetrics.com/en/searchmetrics-bot/)"
5.9.41.104 - - [02/Jul/2015:11:38:26 +0200] "GET /waermekonto.php HTTP/1.1" 200 12036 "-" "Mozilla/5.0 (compatible; SearchmetricsBot; http://www.searchmetrics.com/en/searchmetrics-bot/)"
5.9.41.104 - - [02/Jul/2015:11:39:10 +0200] "GET /notdienst.php HTTP/1.1" 200 12433 "-" "Mozilla/5.0 (compatible; SearchmetricsBot; http://www.searchmetrics.com/en/searchmetrics-bot/)"
5.9.41.104 - - [02/Jul/2015:11:39:20 +0200] "GET /ansprechpartner.php HTTP/1.1" 200 13907 "-" "Mozilla/5.0 (compatible; SearchmetricsBot; http://www.searchmetrics.com/en/searchmetrics-bot/)"
5.9.41.104 - - [02/Jul/2015:11:36:21 +0200] "GET /brennwerttechnik.php HTTP/1.1" 200 12064 "-" "Mozilla/5.0 (compatible; SearchmetricsBot; http://www.searchmetrics.com/en/searchmetrics-bot/)"
5.9.41.104 - - [02/Jul/2015:11:36:31 +0200] "GET /edl.php HTTP/1.1" 200 12021 "-" "Mozilla/5.0 (compatible; SearchmetricsBot; http://www.searchmetrics.com/en/searchmetrics-bot/)"
5.9.41.104 - - [02/Jul/2015:11:36:51 +0200] "GET /faq.php HTTP/1.1" 200 11681 "-" "Mozilla/5.0 (compatible; SearchmetricsBot; http://www.searchmetrics.com/en/searchmetrics-bot/)"
5.9.41.104 - - [02/Jul/2015:11:37:15 +0200] "GET /energiesparcheck.php HTTP/1.1" 200 11754 "-" "Mozilla/5.0 (compatible; SearchmetricsBot; http://www.searchmetrics.com/en/searchmetrics-bot/)"
64.246.187.42 - - [02/Jul/2015:11:46:49 +0200] "GET /robots.txt HTTP/1.0" 404 1256 "-" "Mozilla/5.0 (Windows; U; Windows NT 5.1; en; rv:1.9.0.13) Gecko/2009073022 Firefox/3.5.2 (.NET CLR 3.5.30729) SurveyBot/2.3 (DomainTools)"
5.9.41.104 - - [02/Jul/2015:11:37:45 +0200] "GET /foerdermittel.php HTTP/1.1" 200 12029 "-" "Mozilla/5.0 (compatible; SearchmetricsBot; http://www.searchmetrics.com/en/searchmetrics-bot/)"
5.9.41.104 - - [02/Jul/2015:11:37:56 +0200] "GET /lexikon.php HTTP/1.1" 200 11671 "-" "Mozilla/5.0 (compatible; SearchmetricsBot; http://www.searchmetrics.com/en/searchmetrics-bot/)"
5.9.41.104 - - [02/Jul/2015:11:38:06 +0200] "GET /ofenbau.php HTTP/1.1" 200 11901 "-" "Mozilla/5.0 (compatible; SearchmetricsBot; http://www.searchmetrics.com/en/searchmetrics-bot/)"
5.9.41.104 - - [02/Jul/2015:11:38:16 +0200] "GET /news.php HTTP/1.1" 200 11682 "-" "Mozilla/5.0 (compatible; SearchmetricsBot; http://www.searchmetrics.com/en/searchmetrics-bot/)"
5.9.41.104 - - [02/Jul/2015:11:38:39 +0200] "GET /wunschpreis.php HTTP/1.1" 200 11851 "-" "Mozilla/5.0 (compatible; SearchmetricsBot; http://www.searchmetrics.com/en/searchmetrics-bot/)"
