198.245.49.180 - - [15/Jul/2015:17:36:08 +0200] "GET /news.php?cs_go=archiv&cs_id=5231&cs_search= HTTP/1.0" 200 11477 "-" "Mozilla/5.0 (compatible; MJ12bot/v1.4.5; http://www.majestic12.co.uk/bot.php?+)"
91.121.169.194 - - [15/Jul/2015:17:36:21 +0200] "GET /news.php?cs_go=archiv&cs_id=4393 HTTP/1.0" 200 11477 "-" "Mozilla/5.0 (compatible; MJ12bot/v1.4.5; http://www.majestic12.co.uk/bot.php?+)"
198.245.49.180 - - [15/Jul/2015:17:36:26 +0200] "GET /news.php?cs_go=archiv&cs_id=5240&cs_search= HTTP/1.0" 200 11477 "-" "Mozilla/5.0 (compatible; MJ12bot/v1.4.5; http://www.majestic12.co.uk/bot.php?+)"
91.121.169.194 - - [15/Jul/2015:17:36:39 +0200] "GET /news.php?cs_go=archiv&cs_id=4393&cs_search= HTTP/1.0" 200 11477 "-" "Mozilla/5.0 (compatible; MJ12bot/v1.4.5; http://www.majestic12.co.uk/bot.php?+)"
198.245.49.180 - - [15/Jul/2015:17:36:49 +0200] "GET /news.php?cs_go=archiv&cs_id=5242&cs_search= HTTP/1.0" 200 11477 "-" "Mozilla/5.0 (compatible; MJ12bot/v1.4.5; http://www.majestic12.co.uk/bot.php?+)"
91.121.169.194 - - [15/Jul/2015:17:37:03 +0200] "GET /news.php?cs_go=archiv&cs_id=4406 HTTP/1.0" 200 11477 "-" "Mozilla/5.0 (compatible; MJ12bot/v1.4.5; http://www.majestic12.co.uk/bot.php?+)"
198.245.49.180 - - [15/Jul/2015:17:37:09 +0200] "GET /news.php?cs_go=archiv&cs_id=5244&cs_search= HTTP/1.0" 200 11477 "-" "Mozilla/5.0 (compatible; MJ12bot/v1.4.5; http://www.majestic12.co.uk/bot.php?+)"
91.121.169.194 - - [15/Jul/2015:17:37:21 +0200] "GET /news.php?cs_go=archiv&cs_id=4409 HTTP/1.0" 200 11477 "-" "Mozilla/5.0 (compatible; MJ12bot/v1.4.5; http://www.majestic12.co.uk/bot.php?+)"
198.245.49.180 - - [15/Jul/2015:17:37:33 +0200] "GET /news.php?cs_go=archiv&cs_id=5245&cs_search= HTTP/1.0" 200 11477 "-" "Mozilla/5.0 (compatible; MJ12bot/v1.4.5; http://www.majestic12.co.uk/bot.php?+)"
91.121.169.194 - - [15/Jul/2015:17:37:44 +0200] "GET /news.php?cs_go=archiv&cs_id=4415&cs_search= HTTP/1.0" 200 11477 "-" "Mozilla/5.0 (compatible; MJ12bot/v1.4.5; http://www.majestic12.co.uk/bot.php?+)"
198.245.49.180 - - [15/Jul/2015:17:37:58 +0200] "GET /news.php?cs_go=archiv&cs_id=5246&cs_search= HTTP/1.0" 200 11477 "-" "Mozilla/5.0 (compatible; MJ12bot/v1.4.5; http://www.majestic12.co.uk/bot.php?+)"
91.121.169.194 - - [15/Jul/2015:17:38:05 +0200] "GET /news.php?cs_go=archiv&cs_id=4416 HTTP/1.0" 200 11477 "-" "Mozilla/5.0 (compatible; MJ12bot/v1.4.5; http://www.majestic12.co.uk/bot.php?+)"
198.245.49.180 - - [15/Jul/2015:17:38:20 +0200] "GET /news.php?cs_go=archiv&cs_id=5248&cs_search= HTTP/1.0" 200 11477 "-" "Mozilla/5.0 (compatible; MJ12bot/v1.4.5; http://www.majestic12.co.uk/bot.php?+)"
91.121.169.194 - - [15/Jul/2015:17:38:26 +0200] "GET /news.php?cs_go=archiv&cs_id=4416&cs_search= HTTP/1.0" 200 11477 "-" "Mozilla/5.0 (compatible; MJ12bot/v1.4.5; http://www.majestic12.co.uk/bot.php?+)"
198.245.49.180 - - [15/Jul/2015:17:38:39 +0200] "GET /news.php?cs_go=archiv&cs_id=5250&cs_search= HTTP/1.0" 200 11477 "-" "Mozilla/5.0 (compatible; MJ12bot/v1.4.5; http://www.majestic12.co.uk/bot.php?+)"
91.121.169.194 - - [15/Jul/2015:17:38:51 +0200] "GET /news.php?cs_go=archiv&cs_id=4418 HTTP/1.0" 200 11477 "-" "Mozilla/5.0 (compatible; MJ12bot/v1.4.5; http://www.majestic12.co.uk/bot.php?+)"
198.245.49.180 - - [15/Jul/2015:17:39:02 +0200] "GET /news.php?cs_go=archiv&cs_id=5262 HTTP/1.0" 200 11477 "-" "Mozilla/5.0 (compatible; MJ12bot/v1.4.5; http://www.majestic12.co.uk/bot.php?+)"
91.121.169.194 - - [15/Jul/2015:17:39:09 +0200] "GET /news.php?cs_go=archiv&cs_id=4418&cs_search= HTTP/1.0" 200 11477 "-" "Mozilla/5.0 (compatible; MJ12bot/v1.4.5; http://www.majestic12.co.uk/bot.php?+)"
198.245.49.180 - - [15/Jul/2015:17:39:22 +0200] "GET /news.php?cs_go=archiv&cs_id=5272&cs_search= HTTP/1.0" 200 11477 "-" "Mozilla/5.0 (compatible; MJ12bot/v1.4.5; http://www.majestic12.co.uk/bot.php?+)"
91.121.169.194 - - [15/Jul/2015:17:39:31 +0200] "GET /news.php?cs_go=archiv&cs_id=4419 HTTP/1.0" 200 11477 "-" "Mozilla/5.0 (compatible; MJ12bot/v1.4.5; http://www.majestic12.co.uk/bot.php?+)"
198.245.49.180 - - [15/Jul/2015:17:39:49 +0200] "GET /news.php?cs_go=archiv&cs_id=5273&cs_search= HTTP/1.0" 200 11477 "-" "Mozilla/5.0 (compatible; MJ12bot/v1.4.5; http://www.majestic12.co.uk/bot.php?+)"
91.121.169.194 - - [15/Jul/2015:17:39:57 +0200] "GET /news.php?cs_go=archiv&cs_id=4419&cs_search= HTTP/1.0" 200 11477 "-" "Mozilla/5.0 (compatible; MJ12bot/v1.4.5; http://www.majestic12.co.uk/bot.php?+)"
198.245.49.180 - - [15/Jul/2015:17:40:07 +0200] "GET /news.php?cs_go=archiv&cs_id=5274&cs_search= HTTP/1.0" 200 11477 "-" "Mozilla/5.0 (compatible; MJ12bot/v1.4.5; http://www.majestic12.co.uk/bot.php?+)"
91.121.169.194 - - [15/Jul/2015:17:40:18 +0200] "GET /news.php?cs_go=archiv&cs_id=4430 HTTP/1.0" 200 11477 "-" "Mozilla/5.0 (compatible; MJ12bot/v1.4.5; http://www.majestic12.co.uk/bot.php?+)"
198.245.49.180 - - [15/Jul/2015:17:40:31 +0200] "GET /news.php?cs_go=archiv&cs_id=5275&cs_search= HTTP/1.0" 200 11477 "-" "Mozilla/5.0 (compatible; MJ12bot/v1.4.5; http://www.majestic12.co.uk/bot.php?+)"
91.121.169.194 - - [15/Jul/2015:17:40:37 +0200] "GET /news.php?cs_go=archiv&cs_id=4431 HTTP/1.0" 200 11477 "-" "Mozilla/5.0 (compatible; MJ12bot/v1.4.5; http://www.majestic12.co.uk/bot.php?+)"
198.245.49.180 - - [15/Jul/2015:17:40:51 +0200] "GET /news.php?cs_go=archiv&cs_id=5280&cs_search= HTTP/1.0" 200 11477 "-" "Mozilla/5.0 (compatible; MJ12bot/v1.4.5; http://www.majestic12.co.uk/bot.php?+)"
91.121.169.194 - - [15/Jul/2015:17:41:01 +0200] "GET /news.php?cs_go=archiv&cs_id=4434 HTTP/1.0" 200 11477 "-" "Mozilla/5.0 (compatible; MJ12bot/v1.4.5; http://www.majestic12.co.uk/bot.php?+)"
198.245.49.180 - - [15/Jul/2015:17:41:13 +0200] "GET /news.php?cs_go=archiv&cs_id=5282&cs_search= HTTP/1.0" 200 11477 "-" "Mozilla/5.0 (compatible; MJ12bot/v1.4.5; http://www.majestic12.co.uk/bot.php?+)"
85.178.5.65 - - [15/Jul/2015:17:47:34 +0200] "GET /img/praemiensystem/trolly_kl.jpg HTTP/1.1" 404 1256 "http://www.gutefrage.net/frage/von-welcher-marke-ist-dieser-koffer-trolley" "Mozilla/5.0 (Windows NT 6.3; WOW64; Trident/7.0; rv:11.0) like Gecko"
91.121.169.194 - - [15/Jul/2015:17:41:22 +0200] "GET /news.php?cs_go=archiv&cs_id=4436 HTTP/1.0" 200 11477 "-" "Mozilla/5.0 (compatible; MJ12bot/v1.4.5; http://www.majestic12.co.uk/bot.php?+)"
198.245.49.180 - - [15/Jul/2015:17:41:34 +0200] "GET /news.php?cs_go=archiv&cs_id=5283&cs_search= HTTP/1.0" 200 11477 "-" "Mozilla/5.0 (compatible; MJ12bot/v1.4.5; http://www.majestic12.co.uk/bot.php?+)"
91.121.169.194 - - [15/Jul/2015:17:41:43 +0200] "GET /news.php?cs_go=archiv&cs_id=4436&cs_search= HTTP/1.0" 200 11477 "-" "Mozilla/5.0 (compatible; MJ12bot/v1.4.5; http://www.majestic12.co.uk/bot.php?+)"
198.245.49.180 - - [15/Jul/2015:17:41:55 +0200] "GET /news.php?cs_go=archiv&cs_id=5284 HTTP/1.0" 200 11477 "-" "Mozilla/5.0 (compatible; MJ12bot/v1.4.5; http://www.majestic12.co.uk/bot.php?+)"
91.121.169.194 - - [15/Jul/2015:17:42:06 +0200] "GET /news.php?cs_go=archiv&cs_id=4440 HTTP/1.0" 200 11477 "-" "Mozilla/5.0 (compatible; MJ12bot/v1.4.5; http://www.majestic12.co.uk/bot.php?+)"
198.245.49.180 - - [15/Jul/2015:17:42:18 +0200] "GET /news.php?cs_go=archiv&cs_id=5284&cs_search= HTTP/1.0" 200 11477 "-" "Mozilla/5.0 (compatible; MJ12bot/v1.4.5; http://www.majestic12.co.uk/bot.php?+)"
91.121.169.194 - - [15/Jul/2015:17:42:27 +0200] "GET /news.php?cs_go=archiv&cs_id=4441 HTTP/1.0" 200 11477 "-" "Mozilla/5.0 (compatible; MJ12bot/v1.4.5; http://www.majestic12.co.uk/bot.php?+)"
198.245.49.180 - - [15/Jul/2015:17:42:44 +0200] "GET /news.php?cs_go=archiv&cs_id=5285 HTTP/1.0" 200 11477 "-" "Mozilla/5.0 (compatible; MJ12bot/v1.4.5; http://www.majestic12.co.uk/bot.php?+)"
91.121.169.194 - - [15/Jul/2015:17:42:51 +0200] "GET /news.php?cs_go=archiv&cs_id=4442 HTTP/1.0" 200 11477 "-" "Mozilla/5.0 (compatible; MJ12bot/v1.4.5; http://www.majestic12.co.uk/bot.php?+)"
198.245.49.180 - - [15/Jul/2015:17:43:04 +0200] "GET /news.php?cs_go=archiv&cs_id=5285&cs_search= HTTP/1.0" 200 11477 "-" "Mozilla/5.0 (compatible; MJ12bot/v1.4.5; http://www.majestic12.co.uk/bot.php?+)"
91.121.169.194 - - [15/Jul/2015:17:43:12 +0200] "GET /news.php?cs_go=archiv&cs_id=4447&cs_search= HTTP/1.0" 200 11477 "-" "Mozilla/5.0 (compatible; MJ12bot/v1.4.5; http://www.majestic12.co.uk/bot.php?+)"
198.245.49.180 - - [15/Jul/2015:17:43:24 +0200] "GET /news.php?cs_go=archiv&cs_id=5286&cs_search= HTTP/1.0" 200 11477 "-" "Mozilla/5.0 (compatible; MJ12bot/v1.4.5; http://www.majestic12.co.uk/bot.php?+)"
91.121.169.194 - - [15/Jul/2015:17:43:32 +0200] "GET /news.php?cs_go=archiv&cs_id=4467 HTTP/1.0" 200 11477 "-" "Mozilla/5.0 (compatible; MJ12bot/v1.4.5; http://www.majestic12.co.uk/bot.php?+)"
198.245.49.180 - - [15/Jul/2015:17:43:46 +0200] "GET /news.php?cs_go=archiv&cs_id=5287&cs_search= HTTP/1.0" 200 11477 "-" "Mozilla/5.0 (compatible; MJ12bot/v1.4.5; http://www.majestic12.co.uk/bot.php?+)"
91.121.169.194 - - [15/Jul/2015:17:43:57 +0200] "GET /news.php?cs_go=archiv&cs_id=4506 HTTP/1.0" 200 11477 "-" "Mozilla/5.0 (compatible; MJ12bot/v1.4.5; http://www.majestic12.co.uk/bot.php?+)"
198.245.49.180 - - [15/Jul/2015:17:44:08 +0200] "GET /news.php?cs_go=archiv&cs_id=5288&cs_search= HTTP/1.0" 200 11477 "-" "Mozilla/5.0 (compatible; MJ12bot/v1.4.5; http://www.majestic12.co.uk/bot.php?+)"
91.121.169.194 - - [15/Jul/2015:17:44:16 +0200] "GET /news.php?cs_go=archiv&cs_id=4506&cs_search= HTTP/1.0" 200 11477 "-" "Mozilla/5.0 (compatible; MJ12bot/v1.4.5; http://www.majestic12.co.uk/bot.php?+)"
198.245.49.180 - - [15/Jul/2015:17:44:36 +0200] "GET /news.php?cs_go=archiv&cs_id=5289&cs_search= HTTP/1.0" 200 11477 "-" "Mozilla/5.0 (compatible; MJ12bot/v1.4.5; http://www.majestic12.co.uk/bot.php?+)"
91.121.169.194 - - [15/Jul/2015:17:44:40 +0200] "GET /news.php?cs_go=archiv&cs_id=4515 HTTP/1.0" 200 11477 "-" "Mozilla/5.0 (compatible; MJ12bot/v1.4.5; http://www.majestic12.co.uk/bot.php?+)"
198.245.49.180 - - [15/Jul/2015:17:44:52 +0200] "GET /news.php?cs_go=archiv&cs_id=5291 HTTP/1.0" 200 11477 "-" "Mozilla/5.0 (compatible; MJ12bot/v1.4.5; http://www.majestic12.co.uk/bot.php?+)"
91.121.169.194 - - [15/Jul/2015:17:45:01 +0200] "GET /news.php?cs_go=archiv&cs_id=4515&cs_search= HTTP/1.0" 200 11477 "-" "Mozilla/5.0 (compatible; MJ12bot/v1.4.5; http://www.majestic12.co.uk/bot.php?+)"
198.245.49.180 - - [15/Jul/2015:17:45:14 +0200] "GET /news.php?cs_go=archiv&cs_id=5291&cs_search= HTTP/1.0" 200 11477 "-" "Mozilla/5.0 (compatible; MJ12bot/v1.4.5; http://www.majestic12.co.uk/bot.php?+)"
91.121.169.194 - - [15/Jul/2015:17:45:23 +0200] "GET /news.php?cs_go=archiv&cs_id=4529 HTTP/1.0" 200 11477 "-" "Mozilla/5.0 (compatible; MJ12bot/v1.4.5; http://www.majestic12.co.uk/bot.php?+)"
198.245.49.180 - - [15/Jul/2015:17:45:34 +0200] "GET /news.php?cs_go=archiv&cs_id=5292&cs_search= HTTP/1.0" 200 11477 "-" "Mozilla/5.0 (compatible; MJ12bot/v1.4.5; http://www.majestic12.co.uk/bot.php?+)"
91.121.169.194 - - [15/Jul/2015:17:45:45 +0200] "GET /news.php?cs_go=archiv&cs_id=4531 HTTP/1.0" 200 11477 "-" "Mozilla/5.0 (compatible; MJ12bot/v1.4.5; http://www.majestic12.co.uk/bot.php?+)"
198.245.49.180 - - [15/Jul/2015:17:45:56 +0200] "GET /news.php?cs_go=archiv&cs_id=5293&cs_search= HTTP/1.0" 200 11477 "-" "Mozilla/5.0 (compatible; MJ12bot/v1.4.5; http://www.majestic12.co.uk/bot.php?+)"
91.121.169.194 - - [15/Jul/2015:17:46:08 +0200] "GET /news.php?cs_go=archiv&cs_id=4531&cs_search= HTTP/1.0" 200 11477 "-" "Mozilla/5.0 (compatible; MJ12bot/v1.4.5; http://www.majestic12.co.uk/bot.php?+)"
198.245.49.180 - - [15/Jul/2015:17:46:21 +0200] "GET /news.php?cs_go=archiv&cs_id=5294 HTTP/1.0" 200 11477 "-" "Mozilla/5.0 (compatible; MJ12bot/v1.4.5; http://www.majestic12.co.uk/bot.php?+)"
91.121.169.194 - - [15/Jul/2015:17:46:30 +0200] "GET /news.php?cs_go=archiv&cs_id=4543 HTTP/1.0" 200 11477 "-" "Mozilla/5.0 (compatible; MJ12bot/v1.4.5; http://www.majestic12.co.uk/bot.php?+)"
198.245.49.180 - - [15/Jul/2015:17:46:42 +0200] "GET /news.php?cs_go=archiv&cs_id=5294&cs_search= HTTP/1.0" 200 11477 "-" "Mozilla/5.0 (compatible; MJ12bot/v1.4.5; http://www.majestic12.co.uk/bot.php?+)"
91.121.169.194 - - [15/Jul/2015:17:46:50 +0200] "GET /news.php?cs_go=archiv&cs_id=4543&cs_search= HTTP/1.0" 200 11477 "-" "Mozilla/5.0 (compatible; MJ12bot/v1.4.5; http://www.majestic12.co.uk/bot.php?+)"
198.245.49.180 - - [15/Jul/2015:17:47:00 +0200] "GET /news.php?cs_go=archiv&cs_id=5295 HTTP/1.0" 200 11477 "-" "Mozilla/5.0 (compatible; MJ12bot/v1.4.5; http://www.majestic12.co.uk/bot.php?+)"
91.121.169.194 - - [15/Jul/2015:17:47:12 +0200] "GET /news.php?cs_go=archiv&cs_id=4545&cs_search= HTTP/1.0" 200 11477 "-" "Mozilla/5.0 (compatible; MJ12bot/v1.4.5; http://www.majestic12.co.uk/bot.php?+)"
198.245.49.180 - - [15/Jul/2015:17:47:25 +0200] "GET /news.php?cs_go=archiv&cs_id=5295&cs_search= HTTP/1.0" 200 11477 "-" "Mozilla/5.0 (compatible; MJ12bot/v1.4.5; http://www.majestic12.co.uk/bot.php?+)"
91.121.169.194 - - [15/Jul/2015:17:47:35 +0200] "GET /news.php?cs_go=archiv&cs_id=4547 HTTP/1.0" 200 11477 "-" "Mozilla/5.0 (compatible; MJ12bot/v1.4.5; http://www.majestic12.co.uk/bot.php?+)"
198.245.49.180 - - [15/Jul/2015:17:47:46 +0200] "GET /news.php?cs_go=archiv&cs_id=5297 HTTP/1.0" 200 11477 "-" "Mozilla/5.0 (compatible; MJ12bot/v1.4.5; http://www.majestic12.co.uk/bot.php?+)"
91.121.169.194 - - [15/Jul/2015:17:47:55 +0200] "GET /news.php?cs_go=archiv&cs_id=4548 HTTP/1.0" 200 11477 "-" "Mozilla/5.0 (compatible; MJ12bot/v1.4.5; http://www.majestic12.co.uk/bot.php?+)"
198.245.49.180 - - [15/Jul/2015:17:48:11 +0200] "GET /news.php?cs_go=archiv&cs_id=5297&cs_search= HTTP/1.0" 200 11477 "-" "Mozilla/5.0 (compatible; MJ12bot/v1.4.5; http://www.majestic12.co.uk/bot.php?+)"
91.121.169.194 - - [15/Jul/2015:17:48:18 +0200] "GET /news.php?cs_go=archiv&cs_id=4554 HTTP/1.0" 200 11477 "-" "Mozilla/5.0 (compatible; MJ12bot/v1.4.5; http://www.majestic12.co.uk/bot.php?+)"
198.245.49.180 - - [15/Jul/2015:17:48:28 +0200] "GET /news.php?cs_go=archiv&cs_id=5298 HTTP/1.0" 200 11477 "-" "Mozilla/5.0 (compatible; MJ12bot/v1.4.5; http://www.majestic12.co.uk/bot.php?+)"
91.121.169.194 - - [15/Jul/2015:17:48:42 +0200] "GET /news.php?cs_go=archiv&cs_id=4555 HTTP/1.0" 200 11477 "-" "Mozilla/5.0 (compatible; MJ12bot/v1.4.5; http://www.majestic12.co.uk/bot.php?+)"
198.245.49.180 - - [15/Jul/2015:17:48:55 +0200] "GET /news.php?cs_go=archiv&cs_id=5298&cs_search= HTTP/1.0" 200 11477 "-" "Mozilla/5.0 (compatible; MJ12bot/v1.4.5; http://www.majestic12.co.uk/bot.php?+)"
198.245.49.180 - - [15/Jul/2015:17:49:12 +0200] "GET /news.php?cs_go=archiv&cs_id=5299 HTTP/1.0" 200 11477 "-" "Mozilla/5.0 (compatible; MJ12bot/v1.4.5; http://www.majestic12.co.uk/bot.php?+)"
198.245.49.180 - - [15/Jul/2015:17:49:34 +0200] "GET /news.php?cs_go=archiv&cs_id=5300 HTTP/1.0" 200 11477 "-" "Mozilla/5.0 (compatible; MJ12bot/v1.4.5; http://www.majestic12.co.uk/bot.php?+)"
91.121.169.194 - - [15/Jul/2015:17:49:40 +0200] "GET /news.php?cs_go=archiv&cs_id=4556 HTTP/1.0" 200 11477 "-" "Mozilla/5.0 (compatible; MJ12bot/v1.4.5; http://www.majestic12.co.uk/bot.php?+)"
91.121.169.194 - - [15/Jul/2015:17:49:48 +0200] "GET /news.php?cs_go=archiv&cs_id=4564 HTTP/1.0" 200 11477 "-" "Mozilla/5.0 (compatible; MJ12bot/v1.4.5; http://www.majestic12.co.uk/bot.php?+)"
198.245.49.180 - - [15/Jul/2015:17:49:59 +0200] "GET /news.php?cs_go=archiv&cs_id=5301 HTTP/1.0" 200 11477 "-" "Mozilla/5.0 (compatible; MJ12bot/v1.4.5; http://www.majestic12.co.uk/bot.php?+)"
91.121.169.194 - - [15/Jul/2015:17:50:13 +0200] "GET /news.php?cs_go=archiv&cs_id=4565 HTTP/1.0" 200 11477 "-" "Mozilla/5.0 (compatible; MJ12bot/v1.4.5; http://www.majestic12.co.uk/bot.php?+)"
198.245.49.180 - - [15/Jul/2015:17:50:17 +0200] "GET /news.php?cs_go=archiv&cs_id=5302 HTTP/1.0" 200 11477 "-" "Mozilla/5.0 (compatible; MJ12bot/v1.4.5; http://www.majestic12.co.uk/bot.php?+)"
91.121.169.194 - - [15/Jul/2015:17:50:34 +0200] "GET /news.php?cs_go=archiv&cs_id=4567 HTTP/1.0" 200 11477 "-" "Mozilla/5.0 (compatible; MJ12bot/v1.4.5; http://www.majestic12.co.uk/bot.php?+)"
198.245.49.180 - - [15/Jul/2015:17:50:42 +0200] "GET /news.php?cs_go=archiv&cs_id=5303 HTTP/1.0" 200 11477 "-" "Mozilla/5.0 (compatible; MJ12bot/v1.4.5; http://www.majestic12.co.uk/bot.php?+)"
91.121.169.194 - - [15/Jul/2015:17:50:58 +0200] "GET /news.php?cs_go=archiv&cs_id=4569 HTTP/1.0" 200 11477 "-" "Mozilla/5.0 (compatible; MJ12bot/v1.4.5; http://www.majestic12.co.uk/bot.php?+)"
198.245.49.180 - - [15/Jul/2015:17:51:11 +0200] "GET /news.php?cs_go=archiv&cs_id=5304 HTTP/1.0" 200 11477 "-" "Mozilla/5.0 (compatible; MJ12bot/v1.4.5; http://www.majestic12.co.uk/bot.php?+)"
91.121.169.194 - - [15/Jul/2015:17:51:19 +0200] "GET /news.php?cs_go=archiv&cs_id=4570 HTTP/1.0" 200 11477 "-" "Mozilla/5.0 (compatible; MJ12bot/v1.4.5; http://www.majestic12.co.uk/bot.php?+)"
198.245.49.180 - - [15/Jul/2015:17:51:24 +0200] "GET /news.php?cs_go=archiv&cs_id=5305 HTTP/1.0" 200 11477 "-" "Mozilla/5.0 (compatible; MJ12bot/v1.4.5; http://www.majestic12.co.uk/bot.php?+)"
91.121.169.194 - - [15/Jul/2015:17:51:41 +0200] "GET /news.php?cs_go=archiv&cs_id=4575 HTTP/1.0" 200 11477 "-" "Mozilla/5.0 (compatible; MJ12bot/v1.4.5; http://www.majestic12.co.uk/bot.php?+)"
198.245.49.180 - - [15/Jul/2015:17:51:46 +0200] "GET /news.php?cs_go=archiv&cs_id=5306 HTTP/1.0" 200 11477 "-" "Mozilla/5.0 (compatible; MJ12bot/v1.4.5; http://www.majestic12.co.uk/bot.php?+)"
91.121.169.194 - - [15/Jul/2015:17:52:02 +0200] "GET /news.php?cs_go=archiv&cs_id=4576 HTTP/1.0" 200 11477 "-" "Mozilla/5.0 (compatible; MJ12bot/v1.4.5; http://www.majestic12.co.uk/bot.php?+)"
198.245.49.180 - - [15/Jul/2015:17:52:11 +0200] "GET /news.php?cs_go=archiv&cs_id=5307 HTTP/1.0" 200 11477 "-" "Mozilla/5.0 (compatible; MJ12bot/v1.4.5; http://www.majestic12.co.uk/bot.php?+)"
91.121.169.194 - - [15/Jul/2015:17:52:29 +0200] "GET /news.php?cs_go=archiv&cs_id=4577 HTTP/1.0" 200 11477 "-" "Mozilla/5.0 (compatible; MJ12bot/v1.4.5; http://www.majestic12.co.uk/bot.php?+)"
198.245.49.180 - - [15/Jul/2015:17:52:29 +0200] "GET /news.php?cs_go=archiv&cs_id=5308 HTTP/1.0" 200 11477 "-" "Mozilla/5.0 (compatible; MJ12bot/v1.4.5; http://www.majestic12.co.uk/bot.php?+)"
91.121.169.194 - - [15/Jul/2015:17:52:49 +0200] "GET /news.php?cs_go=archiv&cs_id=4578 HTTP/1.0" 200 11477 "-" "Mozilla/5.0 (compatible; MJ12bot/v1.4.5; http://www.majestic12.co.uk/bot.php?+)"
198.245.49.180 - - [15/Jul/2015:17:52:51 +0200] "GET /news.php?cs_go=archiv&cs_id=5309 HTTP/1.0" 200 11477 "-" "Mozilla/5.0 (compatible; MJ12bot/v1.4.5; http://www.majestic12.co.uk/bot.php?+)"
91.121.169.194 - - [15/Jul/2015:17:53:12 +0200] "GET /news.php?cs_go=archiv&cs_id=4579 HTTP/1.0" 200 11477 "-" "Mozilla/5.0 (compatible; MJ12bot/v1.4.5; http://www.majestic12.co.uk/bot.php?+)"
198.245.49.180 - - [15/Jul/2015:17:53:13 +0200] "GET /news.php?cs_go=archiv&cs_id=5310 HTTP/1.0" 200 11477 "-" "Mozilla/5.0 (compatible; MJ12bot/v1.4.5; http://www.majestic12.co.uk/bot.php?+)"
91.121.169.194 - - [15/Jul/2015:17:53:31 +0200] "GET /news.php?cs_go=archiv&cs_id=4580 HTTP/1.0" 200 11477 "-" "Mozilla/5.0 (compatible; MJ12bot/v1.4.5; http://www.majestic12.co.uk/bot.php?+)"
198.245.49.180 - - [15/Jul/2015:17:53:34 +0200] "GET /news.php?cs_go=archiv&cs_id=5311 HTTP/1.0" 200 11477 "-" "Mozilla/5.0 (compatible; MJ12bot/v1.4.5; http://www.majestic12.co.uk/bot.php?+)"
91.121.169.194 - - [15/Jul/2015:17:53:54 +0200] "GET /news.php?cs_go=archiv&cs_id=4586 HTTP/1.0" 200 11477 "-" "Mozilla/5.0 (compatible; MJ12bot/v1.4.5; http://www.majestic12.co.uk/bot.php?+)"
198.245.49.180 - - [15/Jul/2015:17:53:58 +0200] "GET /news.php?cs_go=archiv&cs_id=5312 HTTP/1.0" 200 11477 "-" "Mozilla/5.0 (compatible; MJ12bot/v1.4.5; http://www.majestic12.co.uk/bot.php?+)"
91.121.169.194 - - [15/Jul/2015:17:54:15 +0200] "GET /news.php?cs_go=archiv&cs_id=4588 HTTP/1.0" 200 11477 "-" "Mozilla/5.0 (compatible; MJ12bot/v1.4.5; http://www.majestic12.co.uk/bot.php?+)"
198.245.49.180 - - [15/Jul/2015:17:54:20 +0200] "GET /news.php?cs_go=archiv&cs_id=5313 HTTP/1.0" 200 11477 "-" "Mozilla/5.0 (compatible; MJ12bot/v1.4.5; http://www.majestic12.co.uk/bot.php?+)"
91.121.169.194 - - [15/Jul/2015:17:54:38 +0200] "GET /news.php?cs_go=archiv&cs_id=4693 HTTP/1.0" 200 11477 "-" "Mozilla/5.0 (compatible; MJ12bot/v1.4.5; http://www.majestic12.co.uk/bot.php?+)"
198.245.49.180 - - [15/Jul/2015:17:54:38 +0200] "GET /news.php?cs_go=archiv&cs_id=5314 HTTP/1.0" 200 11477 "-" "Mozilla/5.0 (compatible; MJ12bot/v1.4.5; http://www.majestic12.co.uk/bot.php?+)"
91.121.169.194 - - [15/Jul/2015:17:54:59 +0200] "GET /news.php?cs_go=archiv&cs_id=4693&cs_search= HTTP/1.0" 200 11477 "-" "Mozilla/5.0 (compatible; MJ12bot/v1.4.5; http://www.majestic12.co.uk/bot.php?+)"
198.245.49.180 - - [15/Jul/2015:17:55:05 +0200] "GET /news.php?cs_go=archiv&cs_id=5315 HTTP/1.0" 200 11477 "-" "Mozilla/5.0 (compatible; MJ12bot/v1.4.5; http://www.majestic12.co.uk/bot.php?+)"
91.121.169.194 - - [15/Jul/2015:17:55:19 +0200] "GET /news.php?cs_go=archiv&cs_id=4694 HTTP/1.0" 200 11477 "-" "Mozilla/5.0 (compatible; MJ12bot/v1.4.5; http://www.majestic12.co.uk/bot.php?+)"
198.245.49.180 - - [15/Jul/2015:17:55:27 +0200] "GET /news.php?cs_go=archiv&cs_id=5316 HTTP/1.0" 200 11477 "-" "Mozilla/5.0 (compatible; MJ12bot/v1.4.5; http://www.majestic12.co.uk/bot.php?+)"
198.245.49.180 - - [15/Jul/2015:17:55:48 +0200] "GET /news.php?cs_go=archiv&cs_id=5317 HTTP/1.0" 200 11477 "-" "Mozilla/5.0 (compatible; MJ12bot/v1.4.5; http://www.majestic12.co.uk/bot.php?+)"
198.245.49.180 - - [15/Jul/2015:17:56:07 +0200] "GET /news.php?cs_go=archiv&cs_id=5318 HTTP/1.0" 200 11477 "-" "Mozilla/5.0 (compatible; MJ12bot/v1.4.5; http://www.majestic12.co.uk/bot.php?+)"
198.245.49.180 - - [15/Jul/2015:17:56:29 +0200] "GET /news.php?cs_go=archiv&cs_id=5319 HTTP/1.0" 200 11477 "-" "Mozilla/5.0 (compatible; MJ12bot/v1.4.5; http://www.majestic12.co.uk/bot.php?+)"
198.245.49.180 - - [15/Jul/2015:17:56:51 +0200] "GET /news.php?cs_go=archiv&cs_id=5320 HTTP/1.0" 200 11477 "-" "Mozilla/5.0 (compatible; MJ12bot/v1.4.5; http://www.majestic12.co.uk/bot.php?+)"
198.245.49.180 - - [15/Jul/2015:17:57:14 +0200] "GET /news.php?cs_go=archiv&cs_id=5321 HTTP/1.0" 200 11477 "-" "Mozilla/5.0 (compatible; MJ12bot/v1.4.5; http://www.majestic12.co.uk/bot.php?+)"
198.245.49.180 - - [15/Jul/2015:17:57:42 +0200] "GET /news.php?cs_go=archiv&cs_id=5322 HTTP/1.0" 200 11477 "-" "Mozilla/5.0 (compatible; MJ12bot/v1.4.5; http://www.majestic12.co.uk/bot.php?+)"
198.245.49.180 - - [15/Jul/2015:17:58:01 +0200] "GET /news.php?cs_go=archiv&cs_id=5323 HTTP/1.0" 200 11477 "-" "Mozilla/5.0 (compatible; MJ12bot/v1.4.5; http://www.majestic12.co.uk/bot.php?+)"
198.245.49.180 - - [15/Jul/2015:17:58:20 +0200] "GET /news.php?cs_go=archiv&cs_id=5324 HTTP/1.0" 200 11477 "-" "Mozilla/5.0 (compatible; MJ12bot/v1.4.5; http://www.majestic12.co.uk/bot.php?+)"
198.245.49.180 - - [15/Jul/2015:17:58:41 +0200] "GET /news.php?cs_go=archiv&cs_id=5325 HTTP/1.0" 200 11477 "-" "Mozilla/5.0 (compatible; MJ12bot/v1.4.5; http://www.majestic12.co.uk/bot.php?+)"
198.245.49.180 - - [15/Jul/2015:17:59:06 +0200] "GET /news.php?cs_go=archiv&cs_id=5326 HTTP/1.0" 200 11477 "-" "Mozilla/5.0 (compatible; MJ12bot/v1.4.5; http://www.majestic12.co.uk/bot.php?+)"
198.245.49.180 - - [15/Jul/2015:17:59:27 +0200] "GET /news.php?cs_go=archiv&cs_id=5328 HTTP/1.0" 200 11477 "-" "Mozilla/5.0 (compatible; MJ12bot/v1.4.5; http://www.majestic12.co.uk/bot.php?+)"
198.245.49.180 - - [15/Jul/2015:17:59:48 +0200] "GET /news.php?cs_go=archiv&cs_id=5329 HTTP/1.0" 200 11477 "-" "Mozilla/5.0 (compatible; MJ12bot/v1.4.5; http://www.majestic12.co.uk/bot.php?+)"
198.245.49.180 - - [15/Jul/2015:18:00:16 +0200] "GET /news.php?cs_go=archiv&cs_id=5330 HTTP/1.0" 200 11477 "-" "Mozilla/5.0 (compatible; MJ12bot/v1.4.5; http://www.majestic12.co.uk/bot.php?+)"
198.245.49.180 - - [15/Jul/2015:18:00:34 +0200] "GET /news.php?cs_go=archiv&cs_id=5331 HTTP/1.0" 200 11477 "-" "Mozilla/5.0 (compatible; MJ12bot/v1.4.5; http://www.majestic12.co.uk/bot.php?+)"
198.245.49.180 - - [15/Jul/2015:18:00:54 +0200] "GET /news.php?cs_go=archiv&cs_id=5337&cs_search= HTTP/1.0" 200 11477 "-" "Mozilla/5.0 (compatible; MJ12bot/v1.4.5; http://www.majestic12.co.uk/bot.php?+)"
198.245.49.180 - - [15/Jul/2015:18:01:18 +0200] "GET /news.php?cs_go=archiv&cs_id=5338 HTTP/1.0" 200 11477 "-" "Mozilla/5.0 (compatible; MJ12bot/v1.4.5; http://www.majestic12.co.uk/bot.php?+)"
198.245.49.180 - - [15/Jul/2015:18:01:40 +0200] "GET /news.php?cs_go=archiv&cs_id=5338&cs_search= HTTP/1.0" 200 11477 "-" "Mozilla/5.0 (compatible; MJ12bot/v1.4.5; http://www.majestic12.co.uk/bot.php?+)"
198.245.49.180 - - [15/Jul/2015:18:02:03 +0200] "GET /news.php?cs_go=archiv&cs_id=5339 HTTP/1.0" 200 11477 "-" "Mozilla/5.0 (compatible; MJ12bot/v1.4.5; http://www.majestic12.co.uk/bot.php?+)"
198.245.49.180 - - [15/Jul/2015:18:02:25 +0200] "GET /news.php?cs_go=archiv&cs_id=5339&cs_search= HTTP/1.0" 200 11477 "-" "Mozilla/5.0 (compatible; MJ12bot/v1.4.5; http://www.majestic12.co.uk/bot.php?+)"
198.245.49.180 - - [15/Jul/2015:18:02:42 +0200] "GET /news.php?cs_go=archiv&cs_id=5340 HTTP/1.0" 200 11477 "-" "Mozilla/5.0 (compatible; MJ12bot/v1.4.5; http://www.majestic12.co.uk/bot.php?+)"
198.245.49.180 - - [15/Jul/2015:18:03:03 +0200] "GET /news.php?cs_go=archiv&cs_id=5340&cs_search= HTTP/1.0" 200 11477 "-" "Mozilla/5.0 (compatible; MJ12bot/v1.4.5; http://www.majestic12.co.uk/bot.php?+)"
198.245.49.180 - - [15/Jul/2015:18:03:25 +0200] "GET /news.php?cs_go=archiv&cs_id=5341 HTTP/1.0" 200 11477 "-" "Mozilla/5.0 (compatible; MJ12bot/v1.4.5; http://www.majestic12.co.uk/bot.php?+)"
198.245.49.180 - - [15/Jul/2015:18:03:47 +0200] "GET /news.php?cs_go=archiv&cs_id=5341&cs_search= HTTP/1.0" 200 11477 "-" "Mozilla/5.0 (compatible; MJ12bot/v1.4.5; http://www.majestic12.co.uk/bot.php?+)"
198.245.49.180 - - [15/Jul/2015:18:04:08 +0200] "GET /news.php?cs_go=archiv&cs_id=5342 HTTP/1.0" 200 11477 "-" "Mozilla/5.0 (compatible; MJ12bot/v1.4.5; http://www.majestic12.co.uk/bot.php?+)"
198.245.49.180 - - [15/Jul/2015:18:04:34 +0200] "GET /news.php?cs_go=archiv&cs_id=5342&cs_search= HTTP/1.0" 200 11477 "-" "Mozilla/5.0 (compatible; MJ12bot/v1.4.5; http://www.majestic12.co.uk/bot.php?+)"
198.245.49.180 - - [15/Jul/2015:18:04:53 +0200] "GET /news.php?cs_go=archiv&cs_id=5343 HTTP/1.0" 200 11477 "-" "Mozilla/5.0 (compatible; MJ12bot/v1.4.5; http://www.majestic12.co.uk/bot.php?+)"
198.245.49.180 - - [15/Jul/2015:18:05:19 +0200] "GET /news.php?cs_go=archiv&cs_id=5343&cs_search= HTTP/1.0" 200 11477 "-" "Mozilla/5.0 (compatible; MJ12bot/v1.4.5; http://www.majestic12.co.uk/bot.php?+)"
198.245.49.180 - - [15/Jul/2015:18:05:40 +0200] "GET /news.php?cs_go=archiv&cs_id=5344&cs_search= HTTP/1.0" 200 11477 "-" "Mozilla/5.0 (compatible; MJ12bot/v1.4.5; http://www.majestic12.co.uk/bot.php?+)"
198.245.49.180 - - [15/Jul/2015:18:06:01 +0200] "GET /news.php?cs_go=archiv&cs_id=5345&cs_search= HTTP/1.0" 200 11477 "-" "Mozilla/5.0 (compatible; MJ12bot/v1.4.5; http://www.majestic12.co.uk/bot.php?+)"
198.245.49.180 - - [15/Jul/2015:18:06:23 +0200] "GET /news.php?cs_go=archiv&cs_id=5346&cs_search= HTTP/1.0" 200 11477 "-" "Mozilla/5.0 (compatible; MJ12bot/v1.4.5; http://www.majestic12.co.uk/bot.php?+)"
85.25.202.18 - - [15/Jul/2015:18:49:20 +0200] "GET / HTTP/1.1" 200 9656 "http://www.sumaja.de/?such_wert=berlin" "Mozilla/4.0 (compatible; MSIE 8.0; Windows NT 6.1; Trident/4.0; SLCC2; .NET CLR 2.0.50727; .NET CLR 3.5.30729; .NET CLR 3.0.30729; Media Center PC 6.0)"
66.249.65.220 - - [15/Jul/2015:18:50:11 +0200] "GET / HTTP/1.1" 200 15920 "-" "Mozilla/5.0 (compatible; Googlebot/2.1; +http://www.google.com/bot.html)"
66.249.65.234 - - [15/Jul/2015:18:53:11 +0200] "GET / HTTP/1.1" 200 15920 "-" "SAMSUNG-SGH-E250/1.0 Profile/MIDP-2.0 Configuration/CLDC-1.1 UP.Browser/6.2.3.3.c.1.101 (GUI) MMP/2.0 (compatible; Googlebot-Mobile/2.1; +http://www.google.com/bot.html)"
66.249.65.220 - - [15/Jul/2015:18:56:30 +0200] "GET / HTTP/1.1" 200 15920 "-" "Mozilla/5.0 (compatible; Googlebot/2.1; +http://www.google.com/bot.html)"
66.249.65.234 - - [15/Jul/2015:18:59:46 +0200] "GET / HTTP/1.1" 200 15920 "-" "SAMSUNG-SGH-E250/1.0 Profile/MIDP-2.0 Configuration/CLDC-1.1 UP.Browser/6.2.3.3.c.1.101 (GUI) MMP/2.0 (compatible; Googlebot-Mobile/2.1; +http://www.google.com/bot.html)"
66.249.65.227 - - [15/Jul/2015:19:02:52 +0200] "GET / HTTP/1.1" 200 15920 "-" "Mozilla/5.0 (compatible; Googlebot/2.1; +http://www.google.com/bot.html)"
216.107.155.114 - - [15/Jul/2015:19:11:58 +0200] "GET /robots.txt HTTP/1.0" 404 1256 "-" "Mozilla/5.0 (compatible; MJ12bot/v1.4.5; http://www.majestic12.co.uk/bot.php?+)"
66.249.65.227 - - [15/Jul/2015:19:06:27 +0200] "GET / HTTP/1.1" 200 15920 "-" "SAMSUNG-SGH-E250/1.0 Profile/MIDP-2.0 Configuration/CLDC-1.1 UP.Browser/6.2.3.3.c.1.101 (GUI) MMP/2.0 (compatible; Googlebot-Mobile/2.1; +http://www.google.com/bot.html)"
216.107.155.114 - - [15/Jul/2015:19:12:00 +0200] "GET /waermekonto.php HTTP/1.0" 200 12036 "-" "Mozilla/5.0 (compatible; MJ12bot/v1.4.5; http://www.majestic12.co.uk/bot.php?+)"
216.107.155.114 - - [15/Jul/2015:19:12:45 +0200] "GET /wunschpreis.php HTTP/1.0" 200 11851 "-" "Mozilla/5.0 (compatible; MJ12bot/v1.4.5; http://www.majestic12.co.uk/bot.php?+)"
46.4.116.197 - - [15/Jul/2015:19:32:05 +0200] "GET /robots.txt HTTP/1.0" 404 1256 "-" "Mozilla/5.0 (compatible; MJ12bot/v1.4.5; http://www.majestic12.co.uk/bot.php?+)"
46.4.116.197 - - [15/Jul/2015:19:32:10 +0200] "GET /news.php HTTP/1.0" 200 11477 "-" "Mozilla/5.0 (compatible; MJ12bot/v1.4.5; http://www.majestic12.co.uk/bot.php?+)"
46.4.116.197 - - [15/Jul/2015:19:32:55 +0200] "GET /notdienst.php HTTP/1.0" 200 12433 "-" "Mozilla/5.0 (compatible; MJ12bot/v1.4.5; http://www.majestic12.co.uk/bot.php?+)"
46.4.116.197 - - [15/Jul/2015:19:33:40 +0200] "GET /ofenbau.php HTTP/1.0" 200 11696 "-" "Mozilla/5.0 (compatible; MJ12bot/v1.4.5; http://www.majestic12.co.uk/bot.php?+)"
5.9.89.170 - - [15/Jul/2015:19:40:03 +0200] "GET /robots.txt HTTP/1.0" 404 1256 "-" "Mozilla/5.0 (compatible; MJ12bot/v1.4.5; http://www.majestic12.co.uk/bot.php?+)"
66.249.65.191 - - [15/Jul/2015:19:43:40 +0200] "GET /robots.txt HTTP/1.1" 404 1256 "-" "Mozilla/5.0 (compatible; Googlebot/2.1; +http://www.google.com/bot.html)"
66.249.65.191 - - [15/Jul/2015:19:43:41 +0200] "GET /js/jquery.min.js HTTP/1.1" 200 57254 "http://www.mobilschmierstoffe.de/news.php?cs_go=archiv&cs_id=730&cs_search=" "Mozilla/5.0 (compatible; Googlebot/2.1; +http://www.google.com/bot.html)"
66.249.65.205 - - [15/Jul/2015:19:43:42 +0200] "GET /js/slider.js HTTP/1.1" 200 773 "http://www.mobilschmierstoffe.de/news.php?cs_go=archiv&cs_id=730&cs_search=" "Mozilla/5.0 (compatible; Googlebot/2.1; +http://www.google.com/bot.html)"
66.249.65.191 - - [15/Jul/2015:19:43:42 +0200] "GET /js/ddaccordion.js HTTP/1.1" 200 12534 "http://www.mobilschmierstoffe.de/news.php?cs_go=archiv&cs_id=730&cs_search=" "Mozilla/5.0 (compatible; Googlebot/2.1; +http://www.google.com/bot.html)"
5.9.89.170 - - [15/Jul/2015:19:40:04 +0200] "GET /adblue.php HTTP/1.0" 200 15843 "-" "Mozilla/5.0 (compatible; MJ12bot/v1.4.5; http://www.majestic12.co.uk/bot.php?+)"
5.9.89.170 - - [15/Jul/2015:19:40:45 +0200] "GET /schmierstoffe.php HTTP/1.0" 200 14431 "-" "Mozilla/5.0 (compatible; MJ12bot/v1.4.5; http://www.majestic12.co.uk/bot.php?+)"
5.9.89.170 - - [15/Jul/2015:19:41:27 +0200] "GET /tankanlagen.php HTTP/1.0" 200 11688 "-" "Mozilla/5.0 (compatible; MJ12bot/v1.4.5; http://www.majestic12.co.uk/bot.php?+)"
5.9.89.170 - - [15/Jul/2015:19:42:09 +0200] "GET /tankreinigung.php HTTP/1.0" 200 11757 "-" "Mozilla/5.0 (compatible; MJ12bot/v1.4.5; http://www.majestic12.co.uk/bot.php?+)"
66.249.65.227 - - [15/Jul/2015:19:54:23 +0200] "GET /js/jquery.min.js HTTP/1.1" 200 57254 "http://www.esso-berlin.de/news.php?cs_go=archiv&cs_id=5211" "Mozilla/5.0 (compatible; Googlebot/2.1; +http://www.google.com/bot.html)"
66.249.65.227 - - [15/Jul/2015:19:54:24 +0200] "GET /js/slider.js HTTP/1.1" 200 773 "http://www.esso-berlin.de/news.php?cs_go=archiv&cs_id=5211" "Mozilla/5.0 (compatible; Googlebot/2.1; +http://www.google.com/bot.html)"
66.249.65.227 - - [15/Jul/2015:19:54:24 +0200] "GET /js/ddaccordion.js HTTP/1.1" 200 12534 "http://www.esso-berlin.de/news.php?cs_go=archiv&cs_id=5211" "Mozilla/5.0 (compatible; Googlebot/2.1; +http://www.google.com/bot.html)"
157.55.39.236 - - [15/Jul/2015:20:25:31 +0200] "GET /tabmenu/md_feuer.php HTTP/1.1" 200 - "-" "Mozilla/5.0 (compatible; bingbot/2.0; +http://www.bing.com/bingbot.htm)"
157.55.39.236 - - [15/Jul/2015:20:25:34 +0200] "GET /tabmenu/md_kohle_b.php HTTP/1.1" 200 - "-" "Mozilla/5.0 (compatible; bingbot/2.0; +http://www.bing.com/bingbot.htm)"
87.165.243.24 - - [15/Jul/2015:20:32:58 +0200] "GET /img/praemiensystem/trolly_kl.jpg HTTP/1.1" 404 1256 "http://www.gutefrage.net/frage/von-welcher-marke-ist-dieser-koffer-trolley" "Mozilla/5.0 (Windows NT 6.3; WOW64; rv:39.0) Gecko/20100101 Firefox/39.0"
87.165.243.24 - - [15/Jul/2015:20:32:59 +0200] "GET /favicon.ico HTTP/1.1" 404 1256 "-" "Mozilla/5.0 (Windows NT 6.3; WOW64; rv:39.0) Gecko/20100101 Firefox/39.0"
87.165.243.24 - - [15/Jul/2015:20:32:59 +0200] "GET /favicon.ico HTTP/1.1" 404 1256 "-" "Mozilla/5.0 (Windows NT 6.3; WOW64; rv:39.0) Gecko/20100101 Firefox/39.0"
157.55.39.87 - - [15/Jul/2015:20:41:16 +0200] "GET /images/RAL_Guetezeichen_Energiehandel.pdf HTTP/1.1" 200 538987 "-" "Mozilla/5.0 (compatible; bingbot/2.0; +http://www.bing.com/bingbot.htm)"
157.55.39.87 - - [15/Jul/2015:20:41:17 +0200] "GET /images/oks_zeritfikat.pdf HTTP/1.1" 200 75294 "-" "Mozilla/5.0 (compatible; bingbot/2.0; +http://www.bing.com/bingbot.htm)"
157.55.39.87 - - [15/Jul/2015:20:42:12 +0200] "GET /images/Industrieschmierstoffe_Katalog_March_2012.pdf HTTP/1.1" 200 1284222 "-" "Mozilla/5.0 (compatible; bingbot/2.0; +http://www.bing.com/bingbot.htm)"
157.55.39.229 - - [15/Jul/2015:21:13:35 +0200] "GET /images/PremiumHE.pdf HTTP/1.1" 200 5310264 "-" "Mozilla/5.0 (compatible; bingbot/2.0; +http://www.bing.com/bingbot.htm)"
157.55.39.229 - - [15/Jul/2015:21:13:36 +0200] "GET /tabmenu/md_diesel.php HTTP/1.1" 200 - "-" "Mozilla/5.0 (compatible; bingbot/2.0; +http://www.bing.com/bingbot.htm)"
157.55.39.229 - - [15/Jul/2015:21:13:39 +0200] "GET /tabmenu/md_hel.php HTTP/1.1" 200 - "-" "Mozilla/5.0 (compatible; bingbot/2.0; +http://www.bing.com/bingbot.htm)"
46.165.197.141 - - [15/Jul/2015:21:45:10 +0200] "GET /robots.txt HTTP/1.0" 404 1256 "-" "Mozilla/5.0 (compatible; MJ12bot/v1.4.5; http://www.majestic12.co.uk/bot.php?+)"
46.165.197.141 - - [15/Jul/2015:21:45:52 +0200] "GET /robots.txt HTTP/1.0" 404 1256 "-" "Mozilla/5.0 (compatible; MJ12bot/v1.4.5; http://www.majestic12.co.uk/bot.php?+)"
46.165.197.141 - - [15/Jul/2015:21:47:58 +0200] "GET /robots.txt HTTP/1.0" 404 1256 "-" "Mozilla/5.0 (compatible; MJ12bot/v1.4.5; http://www.majestic12.co.uk/bot.php?+)"
46.165.197.141 - - [15/Jul/2015:21:45:12 +0200] "GET /adblue.php HTTP/1.0" 200 15843 "-" "Mozilla/5.0 (compatible; MJ12bot/v1.4.5; http://www.majestic12.co.uk/bot.php?+)"
46.165.197.141 - - [15/Jul/2015:21:45:54 +0200] "GET /premiumheizoel.php HTTP/1.0" 200 12235 "-" "Mozilla/5.0 (compatible; MJ12bot/v1.4.5; http://www.majestic12.co.uk/bot.php?+)"
46.165.197.141 - - [15/Jul/2015:21:46:35 +0200] "GET /schmierstoffe.php HTTP/1.0" 200 14431 "-" "Mozilla/5.0 (compatible; MJ12bot/v1.4.5; http://www.majestic12.co.uk/bot.php?+)"
46.165.197.141 - - [15/Jul/2015:21:47:17 +0200] "GET /tankanlagen.php HTTP/1.0" 200 11893 "-" "Mozilla/5.0 (compatible; MJ12bot/v1.4.5; http://www.majestic12.co.uk/bot.php?+)"
46.165.197.141 - - [15/Jul/2015:21:47:59 +0200] "GET /tankreinigung.php HTTP/1.0" 200 11962 "-" "Mozilla/5.0 (compatible; MJ12bot/v1.4.5; http://www.majestic12.co.uk/bot.php?+)"
66.249.65.247 - - [15/Jul/2015:22:08:31 +0200] "GET / HTTP/1.1" 200 15920 "-" "Mozilla/5.0 (iPhone; CPU iPhone OS 6_0 like Mac OS X) AppleWebKit/536.26 (KHTML, like Gecko) Version/6.0 Mobile/10A5376e Safari/8536.25 (compatible; Googlebot/2.1; +http://www.google.com/bot.html)"
66.249.65.135 - - [15/Jul/2015:22:14:56 +0200] "GET / HTTP/1.1" 200 15920 "-" "Mozilla/5.0 (iPhone; CPU iPhone OS 6_0 like Mac OS X) AppleWebKit/536.26 (KHTML, like Gecko) Version/6.0 Mobile/10A5376e Safari/8536.25 (compatible; Googlebot/2.1; +http://www.google.com/bot.html)"
66.249.65.135 - - [15/Jul/2015:22:21:22 +0200] "GET / HTTP/1.1" 200 15920 "-" "Mozilla/5.0 (iPhone; CPU iPhone OS 6_0 like Mac OS X) AppleWebKit/536.26 (KHTML, like Gecko) Version/6.0 Mobile/10A5376e Safari/8536.25 (compatible; Googlebot/2.1; +http://www.google.com/bot.html)"
66.249.65.247 - - [15/Jul/2015:22:34:12 +0200] "GET /schmierstoffe.php HTTP/1.1" 200 14431 "-" "Mozilla/5.0 (iPhone; CPU iPhone OS 6_0 like Mac OS X) AppleWebKit/536.26 (KHTML, like Gecko) Version/6.0 Mobile/10A5376e Safari/8536.25 (compatible; Googlebot/2.1; +http://www.google.com/bot.html)"
66.249.65.254 - - [15/Jul/2015:22:40:24 +0200] "GET /schmierstoffe.php HTTP/1.1" 200 14431 "-" "Mozilla/5.0 (iPhone; CPU iPhone OS 6_0 like Mac OS X) AppleWebKit/536.26 (KHTML, like Gecko) Version/6.0 Mobile/10A5376e Safari/8536.25 (compatible; Googlebot/2.1; +http://www.google.com/bot.html)"
66.249.65.135 - - [15/Jul/2015:22:47:03 +0200] "GET /schmierstoffe.php HTTP/1.1" 200 14431 "-" "Mozilla/5.0 (iPhone; CPU iPhone OS 6_0 like Mac OS X) AppleWebKit/536.26 (KHTML, like Gecko) Version/6.0 Mobile/10A5376e Safari/8536.25 (compatible; Googlebot/2.1; +http://www.google.com/bot.html)"
157.55.39.236 - - [16/Jul/2015:00:03:25 +0200] "GET /robots.txt HTTP/1.1" 404 1256 "-" "Mozilla/5.0 (compatible; bingbot/2.0; +http://www.bing.com/bingbot.htm)"
157.55.39.236 - - [16/Jul/2015:00:04:10 +0200] "GET / HTTP/1.1" 200 9656 "-" "Mozilla/5.0 (compatible; bingbot/2.0; +http://www.bing.com/bingbot.htm)"
66.249.65.220 - - [16/Jul/2015:00:45:20 +0200] "GET /robots.txt HTTP/1.1" 404 1256 "-" "Mozilla/5.0 (compatible; Googlebot/2.1; +http://www.google.com/bot.html)"
66.249.65.234 - - [16/Jul/2015:00:45:20 +0200] "GET / HTTP/1.1" 200 15920 "-" "Mozilla/5.0 (compatible; Googlebot/2.1; +http://www.google.com/bot.html)"
66.249.65.234 - - [16/Jul/2015:00:51:27 +0200] "GET / HTTP/1.1" 200 15920 "-" "Mozilla/5.0 (compatible; Googlebot/2.1; +http://www.google.com/bot.html)"
66.249.65.234 - - [16/Jul/2015:00:57:39 +0200] "GET / HTTP/1.1" 200 15920 "-" "Mozilla/5.0 (compatible; Googlebot/2.1; +http://www.google.com/bot.html)"
37.187.56.81 - - [16/Jul/2015:01:12:55 +0200] "GET /robots.txt HTTP/1.0" 404 1256 "-" ""
37.187.56.81 - - [16/Jul/2015:01:12:55 +0200] "GET / HTTP/1.1" 200 16125 "-" "Mozilla/5.0 (X11; Ubuntu; Linux x86_64; rv:21.0) Gecko/20100101 Firefox/21.0"
208.115.113.93 - - [16/Jul/2015:01:37:44 +0200] "GET /robots.txt HTTP/1.1" 404 1256 "-" "Mozilla/5.0 (compatible; DotBot/1.1; http://www.opensiteexplorer.org/dotbot, help@moz.com)"
208.115.113.89 - - [16/Jul/2015:01:37:53 +0200] "GET /robots.txt HTTP/1.1" 404 1256 "-" "Mozilla/5.0 (compatible; DotBot/1.1; http://www.opensiteexplorer.org/dotbot, help@moz.com)"
208.115.113.93 - - [16/Jul/2015:02:23:24 +0200] "GET /news.php?cs_go=archiv&cs_id=5295 HTTP/1.1" 200 11477 "-" "Mozilla/5.0 (compatible; DotBot/1.1; http://www.opensiteexplorer.org/dotbot, help@moz.com)"
208.115.113.89 - - [16/Jul/2015:02:28:11 +0200] "GET /news.php?cs_go=archiv&cs_id=5295 HTTP/1.1" 200 11477 "-" "Mozilla/5.0 (compatible; DotBot/1.1; http://www.opensiteexplorer.org/dotbot, help@moz.com)"
37.157.193.84 - - [16/Jul/2015:03:24:23 +0200] "GET /robots.txt HTTP/1.0" 404 1256 "-" "Mozilla/5.0 (compatible; MJ12bot/v1.4.5; http://www.majestic12.co.uk/bot.php?+)"
37.157.193.84 - - [16/Jul/2015:03:24:32 +0200] "GET /lexikon.php?cs_go=3&cs_id=10 HTTP/1.0" 200 11466 "-" "Mozilla/5.0 (compatible; MJ12bot/v1.4.5; http://www.majestic12.co.uk/bot.php?+)"
37.157.193.84 - - [16/Jul/2015:03:25:17 +0200] "GET /lexikon.php?cs_go=3&cs_id=128 HTTP/1.0" 200 11466 "-" "Mozilla/5.0 (compatible; MJ12bot/v1.4.5; http://www.majestic12.co.uk/bot.php?+)"
37.157.193.84 - - [16/Jul/2015:03:26:01 +0200] "GET /lexikon.php?cs_go=3&cs_id=129 HTTP/1.0" 200 11466 "-" "Mozilla/5.0 (compatible; MJ12bot/v1.4.5; http://www.majestic12.co.uk/bot.php?+)"
37.157.193.84 - - [16/Jul/2015:03:26:44 +0200] "GET /lexikon.php?cs_go=3&cs_id=13 HTTP/1.0" 200 11466 "-" "Mozilla/5.0 (compatible; MJ12bot/v1.4.5; http://www.majestic12.co.uk/bot.php?+)"
37.157.193.84 - - [16/Jul/2015:03:27:38 +0200] "GET /lexikon.php?cs_go=3&cs_id=130 HTTP/1.0" 200 11466 "-" "Mozilla/5.0 (compatible; MJ12bot/v1.4.5; http://www.majestic12.co.uk/bot.php?+)"
37.157.193.84 - - [16/Jul/2015:03:28:21 +0200] "GET /lexikon.php?cs_go=3&cs_id=131 HTTP/1.0" 200 11466 "-" "Mozilla/5.0 (compatible; MJ12bot/v1.4.5; http://www.majestic12.co.uk/bot.php?+)"
37.157.193.84 - - [16/Jul/2015:03:29:06 +0200] "GET /lexikon.php?cs_go=3&cs_id=132 HTTP/1.0" 200 11466 "-" "Mozilla/5.0 (compatible; MJ12bot/v1.4.5; http://www.majestic12.co.uk/bot.php?+)"
37.157.193.84 - - [16/Jul/2015:03:29:50 +0200] "GET /lexikon.php?cs_go=3&cs_id=133 HTTP/1.0" 200 11466 "-" "Mozilla/5.0 (compatible; MJ12bot/v1.4.5; http://www.majestic12.co.uk/bot.php?+)"
37.157.193.84 - - [16/Jul/2015:03:30:34 +0200] "GET /lexikon.php?cs_go=3&cs_id=135 HTTP/1.0" 200 11466 "-" "Mozilla/5.0 (compatible; MJ12bot/v1.4.5; http://www.majestic12.co.uk/bot.php?+)"
37.157.193.84 - - [16/Jul/2015:03:31:28 +0200] "GET /lexikon.php?cs_go=3&cs_id=136 HTTP/1.0" 200 11466 "-" "Mozilla/5.0 (compatible; MJ12bot/v1.4.5; http://www.majestic12.co.uk/bot.php?+)"
37.157.193.84 - - [16/Jul/2015:03:32:11 +0200] "GET /lexikon.php?cs_go=3&cs_id=137 HTTP/1.0" 200 11466 "-" "Mozilla/5.0 (compatible; MJ12bot/v1.4.5; http://www.majestic12.co.uk/bot.php?+)"
37.157.193.84 - - [16/Jul/2015:03:32:53 +0200] "GET /lexikon.php?cs_go=3&cs_id=138 HTTP/1.0" 200 11466 "-" "Mozilla/5.0 (compatible; MJ12bot/v1.4.5; http://www.majestic12.co.uk/bot.php?+)"
37.157.193.84 - - [16/Jul/2015:03:33:37 +0200] "GET /lexikon.php?cs_go=3&cs_id=139 HTTP/1.0" 200 11466 "-" "Mozilla/5.0 (compatible; MJ12bot/v1.4.5; http://www.majestic12.co.uk/bot.php?+)"
37.157.193.84 - - [16/Jul/2015:03:34:19 +0200] "GET /lexikon.php?cs_go=3&cs_id=14 HTTP/1.0" 200 11466 "-" "Mozilla/5.0 (compatible; MJ12bot/v1.4.5; http://www.majestic12.co.uk/bot.php?+)"
37.157.193.84 - - [16/Jul/2015:03:35:03 +0200] "GET /lexikon.php?cs_go=3&cs_id=140 HTTP/1.0" 200 11466 "-" "Mozilla/5.0 (compatible; MJ12bot/v1.4.5; http://www.majestic12.co.uk/bot.php?+)"
37.157.193.84 - - [16/Jul/2015:03:35:45 +0200] "GET /lexikon.php?cs_go=3&cs_id=141 HTTP/1.0" 200 11466 "-" "Mozilla/5.0 (compatible; MJ12bot/v1.4.5; http://www.majestic12.co.uk/bot.php?+)"
37.157.193.84 - - [16/Jul/2015:03:36:28 +0200] "GET /lexikon.php?cs_go=3&cs_id=142 HTTP/1.0" 200 11466 "-" "Mozilla/5.0 (compatible; MJ12bot/v1.4.5; http://www.majestic12.co.uk/bot.php?+)"
37.157.193.84 - - [16/Jul/2015:03:37:10 +0200] "GET /lexikon.php?cs_go=3&cs_id=143 HTTP/1.0" 200 11466 "-" "Mozilla/5.0 (compatible; MJ12bot/v1.4.5; http://www.majestic12.co.uk/bot.php?+)"
37.157.193.84 - - [16/Jul/2015:03:37:52 +0200] "GET /lexikon.php?cs_go=3&cs_id=144 HTTP/1.0" 200 11466 "-" "Mozilla/5.0 (compatible; MJ12bot/v1.4.5; http://www.majestic12.co.uk/bot.php?+)"
37.157.193.84 - - [16/Jul/2015:03:38:41 +0200] "GET /lexikon.php?cs_go=3&cs_id=145 HTTP/1.0" 200 11466 "-" "Mozilla/5.0 (compatible; MJ12bot/v1.4.5; http://www.majestic12.co.uk/bot.php?+)"
66.249.65.227 - - [16/Jul/2015:03:39:02 +0200] "GET / HTTP/1.1" 200 15920 "-" "SAMSUNG-SGH-E250/1.0 Profile/MIDP-2.0 Configuration/CLDC-1.1 UP.Browser/6.2.3.3.c.1.101 (GUI) MMP/2.0 (compatible; Googlebot-Mobile/2.1; +http://www.google.com/bot.html)"
37.157.193.84 - - [16/Jul/2015:03:39:25 +0200] "GET /lexikon.php?cs_go=3&cs_id=146 HTTP/1.0" 200 11466 "-" "Mozilla/5.0 (compatible; MJ12bot/v1.4.5; http://www.majestic12.co.uk/bot.php?+)"
37.157.193.84 - - [16/Jul/2015:03:40:10 +0200] "GET /lexikon.php?cs_go=3&cs_id=148 HTTP/1.0" 200 11466 "-" "Mozilla/5.0 (compatible; MJ12bot/v1.4.5; http://www.majestic12.co.uk/bot.php?+)"
37.157.193.84 - - [16/Jul/2015:03:40:59 +0200] "GET /lexikon.php?cs_go=3&cs_id=149 HTTP/1.0" 200 11466 "-" "Mozilla/5.0 (compatible; MJ12bot/v1.4.5; http://www.majestic12.co.uk/bot.php?+)"
37.157.193.84 - - [16/Jul/2015:03:41:45 +0200] "GET /lexikon.php?cs_go=3&cs_id=15 HTTP/1.0" 200 11466 "-" "Mozilla/5.0 (compatible; MJ12bot/v1.4.5; http://www.majestic12.co.uk/bot.php?+)"
37.157.193.84 - - [16/Jul/2015:03:42:31 +0200] "GET /lexikon.php?cs_go=3&cs_id=208 HTTP/1.0" 200 11466 "-" "Mozilla/5.0 (compatible; MJ12bot/v1.4.5; http://www.majestic12.co.uk/bot.php?+)"
37.157.193.84 - - [16/Jul/2015:03:43:15 +0200] "GET /lexikon.php?cs_go=3&cs_id=21 HTTP/1.0" 200 11466 "-" "Mozilla/5.0 (compatible; MJ12bot/v1.4.5; http://www.majestic12.co.uk/bot.php?+)"
37.157.193.84 - - [16/Jul/2015:03:43:59 +0200] "GET /lexikon.php?cs_go=3&cs_id=210 HTTP/1.0" 200 11466 "-" "Mozilla/5.0 (compatible; MJ12bot/v1.4.5; http://www.majestic12.co.uk/bot.php?+)"
37.157.193.84 - - [16/Jul/2015:03:44:46 +0200] "GET /lexikon.php?cs_go=3&cs_id=28 HTTP/1.0" 200 11466 "-" "Mozilla/5.0 (compatible; MJ12bot/v1.4.5; http://www.majestic12.co.uk/bot.php?+)"
37.157.193.84 - - [16/Jul/2015:03:45:29 +0200] "GET /lexikon.php?cs_go=3&cs_id=29 HTTP/1.0" 200 11466 "-" "Mozilla/5.0 (compatible; MJ12bot/v1.4.5; http://www.majestic12.co.uk/bot.php?+)"
66.249.65.220 - - [16/Jul/2015:03:45:42 +0200] "GET / HTTP/1.1" 200 15920 "-" "SAMSUNG-SGH-E250/1.0 Profile/MIDP-2.0 Configuration/CLDC-1.1 UP.Browser/6.2.3.3.c.1.101 (GUI) MMP/2.0 (compatible; Googlebot-Mobile/2.1; +http://www.google.com/bot.html)"
37.157.193.84 - - [16/Jul/2015:03:46:13 +0200] "GET /lexikon.php?cs_go=3&cs_id=3 HTTP/1.0" 200 11466 "-" "Mozilla/5.0 (compatible; MJ12bot/v1.4.5; http://www.majestic12.co.uk/bot.php?+)"
37.157.193.84 - - [16/Jul/2015:03:46:58 +0200] "GET /lexikon.php?cs_go=3&cs_id=30 HTTP/1.0" 200 11466 "-" "Mozilla/5.0 (compatible; MJ12bot/v1.4.5; http://www.majestic12.co.uk/bot.php?+)"
37.157.193.84 - - [16/Jul/2015:03:47:40 +0200] "GET /lexikon.php?cs_go=3&cs_id=31 HTTP/1.0" 200 11466 "-" "Mozilla/5.0 (compatible; MJ12bot/v1.4.5; http://www.majestic12.co.uk/bot.php?+)"
37.157.193.84 - - [16/Jul/2015:03:48:23 +0200] "GET /lexikon.php?cs_go=3&cs_id=32 HTTP/1.0" 200 11466 "-" "Mozilla/5.0 (compatible; MJ12bot/v1.4.5; http://www.majestic12.co.uk/bot.php?+)"
37.157.193.84 - - [16/Jul/2015:03:49:08 +0200] "GET /lexikon.php?cs_go=3&cs_id=33 HTTP/1.0" 200 11466 "-" "Mozilla/5.0 (compatible; MJ12bot/v1.4.5; http://www.majestic12.co.uk/bot.php?+)"
37.157.193.84 - - [16/Jul/2015:03:49:51 +0200] "GET /lexikon.php?cs_go=3&cs_id=34 HTTP/1.0" 200 11466 "-" "Mozilla/5.0 (compatible; MJ12bot/v1.4.5; http://www.majestic12.co.uk/bot.php?+)"
37.157.193.84 - - [16/Jul/2015:03:50:35 +0200] "GET /lexikon.php?cs_go=3&cs_id=35 HTTP/1.0" 200 11466 "-" "Mozilla/5.0 (compatible; MJ12bot/v1.4.5; http://www.majestic12.co.uk/bot.php?+)"
37.157.193.84 - - [16/Jul/2015:03:51:20 +0200] "GET /lexikon.php?cs_go=3&cs_id=36 HTTP/1.0" 200 11466 "-" "Mozilla/5.0 (compatible; MJ12bot/v1.4.5; http://www.majestic12.co.uk/bot.php?+)"
66.249.65.220 - - [16/Jul/2015:03:52:04 +0200] "GET / HTTP/1.1" 200 15920 "-" "SAMSUNG-SGH-E250/1.0 Profile/MIDP-2.0 Configuration/CLDC-1.1 UP.Browser/6.2.3.3.c.1.101 (GUI) MMP/2.0 (compatible; Googlebot-Mobile/2.1; +http://www.google.com/bot.html)"
37.157.193.84 - - [16/Jul/2015:03:52:07 +0200] "GET /lexikon.php?cs_go=3&cs_id=37 HTTP/1.0" 200 11466 "-" "Mozilla/5.0 (compatible; MJ12bot/v1.4.5; http://www.majestic12.co.uk/bot.php?+)"
37.157.193.84 - - [16/Jul/2015:03:52:49 +0200] "GET /lexikon.php?cs_go=3&cs_id=38 HTTP/1.0" 200 11466 "-" "Mozilla/5.0 (compatible; MJ12bot/v1.4.5; http://www.majestic12.co.uk/bot.php?+)"
37.157.193.84 - - [16/Jul/2015:03:53:32 +0200] "GET /lexikon.php?cs_go=3&cs_id=39 HTTP/1.0" 200 11466 "-" "Mozilla/5.0 (compatible; MJ12bot/v1.4.5; http://www.majestic12.co.uk/bot.php?+)"
37.157.193.84 - - [16/Jul/2015:03:54:18 +0200] "GET /lexikon.php?cs_go=3&cs_id=4 HTTP/1.0" 200 11466 "-" "Mozilla/5.0 (compatible; MJ12bot/v1.4.5; http://www.majestic12.co.uk/bot.php?+)"
37.157.193.84 - - [16/Jul/2015:03:55:03 +0200] "GET /lexikon.php?cs_go=3&cs_id=40 HTTP/1.0" 200 11466 "-" "Mozilla/5.0 (compatible; MJ12bot/v1.4.5; http://www.majestic12.co.uk/bot.php?+)"
37.157.193.84 - - [16/Jul/2015:03:56:08 +0200] "GET /lexikon.php?cs_go=3&cs_id=41 HTTP/1.0" 200 11466 "-" "Mozilla/5.0 (compatible; MJ12bot/v1.4.5; http://www.majestic12.co.uk/bot.php?+)"
37.157.193.84 - - [16/Jul/2015:03:56:59 +0200] "GET /lexikon.php?cs_go=3&cs_id=42 HTTP/1.0" 200 11466 "-" "Mozilla/5.0 (compatible; MJ12bot/v1.4.5; http://www.majestic12.co.uk/bot.php?+)"
37.157.193.84 - - [16/Jul/2015:03:57:44 +0200] "GET /lexikon.php?cs_go=3&cs_id=43 HTTP/1.0" 200 11466 "-" "Mozilla/5.0 (compatible; MJ12bot/v1.4.5; http://www.majestic12.co.uk/bot.php?+)"
37.157.193.84 - - [16/Jul/2015:03:58:07 +0200] "GET /lexikon.php?cs_go=3&cs_id=44 HTTP/1.0" 200 11466 "-" "Mozilla/5.0 (compatible; MJ12bot/v1.4.5; http://www.majestic12.co.uk/bot.php?+)"
37.157.193.84 - - [16/Jul/2015:03:58:31 +0200] "GET /lexikon.php?cs_go=3&cs_id=46 HTTP/1.0" 200 11466 "-" "Mozilla/5.0 (compatible; MJ12bot/v1.4.5; http://www.majestic12.co.uk/bot.php?+)"
37.157.193.84 - - [16/Jul/2015:03:58:58 +0200] "GET /lexikon.php?cs_go=3&cs_id=68 HTTP/1.0" 200 11466 "-" "Mozilla/5.0 (compatible; MJ12bot/v1.4.5; http://www.majestic12.co.uk/bot.php?+)"
37.157.193.84 - - [16/Jul/2015:03:59:22 +0200] "GET /lexikon.php?cs_go=3&cs_id=69 HTTP/1.0" 200 11466 "-" "Mozilla/5.0 (compatible; MJ12bot/v1.4.5; http://www.majestic12.co.uk/bot.php?+)"
37.157.193.84 - - [16/Jul/2015:03:59:48 +0200] "GET /lexikon.php?cs_go=3&cs_id=70 HTTP/1.0" 200 11466 "-" "Mozilla/5.0 (compatible; MJ12bot/v1.4.5; http://www.majestic12.co.uk/bot.php?+)"
37.157.193.84 - - [16/Jul/2015:04:00:12 +0200] "GET /lexikon.php?cs_go=3&cs_id=71 HTTP/1.0" 200 11466 "-" "Mozilla/5.0 (compatible; MJ12bot/v1.4.5; http://www.majestic12.co.uk/bot.php?+)"
37.157.193.84 - - [16/Jul/2015:04:00:45 +0200] "GET /lexikon.php?cs_go=3&cs_id=73 HTTP/1.0" 200 11466 "-" "Mozilla/5.0 (compatible; MJ12bot/v1.4.5; http://www.majestic12.co.uk/bot.php?+)"
