46.4.87.105 - - [15/Jul/2015:14:09:05 +0200] "GET /news.php?cs_go=archiv&cs_id=4689&cs_search= HTTP/1.0" 200 11477 "-" "Mozilla/5.0 (compatible; MJ12bot/v1.4.5; http://www.majestic12.co.uk/bot.php?+)"
46.4.87.105 - - [15/Jul/2015:14:09:27 +0200] "GET /news.php?cs_go=archiv&cs_id=4690&cs_search= HTTP/1.0" 200 11477 "-" "Mozilla/5.0 (compatible; MJ12bot/v1.4.5; http://www.majestic12.co.uk/bot.php?+)"
46.4.87.105 - - [15/Jul/2015:14:09:49 +0200] "GET /news.php?cs_go=archiv&cs_id=4692&cs_search= HTTP/1.0" 200 11477 "-" "Mozilla/5.0 (compatible; MJ12bot/v1.4.5; http://www.majestic12.co.uk/bot.php?+)"
46.4.87.105 - - [15/Jul/2015:14:10:11 +0200] "GET /news.php?cs_go=archiv&cs_id=4693&cs_search= HTTP/1.0" 200 11477 "-" "Mozilla/5.0 (compatible; MJ12bot/v1.4.5; http://www.majestic12.co.uk/bot.php?+)"
46.4.87.105 - - [15/Jul/2015:14:10:33 +0200] "GET /news.php?cs_go=archiv&cs_id=4694&cs_search= HTTP/1.0" 200 11477 "-" "Mozilla/5.0 (compatible; MJ12bot/v1.4.5; http://www.majestic12.co.uk/bot.php?+)"
46.4.87.105 - - [15/Jul/2015:14:10:54 +0200] "GET /news.php?cs_go=archiv&cs_id=4695&cs_search= HTTP/1.0" 200 11477 "-" "Mozilla/5.0 (compatible; MJ12bot/v1.4.5; http://www.majestic12.co.uk/bot.php?+)"
46.4.87.105 - - [15/Jul/2015:14:11:16 +0200] "GET /news.php?cs_go=archiv&cs_id=4696&cs_search= HTTP/1.0" 200 11477 "-" "Mozilla/5.0 (compatible; MJ12bot/v1.4.5; http://www.majestic12.co.uk/bot.php?+)"
46.4.87.105 - - [15/Jul/2015:14:11:39 +0200] "GET /news.php?cs_go=archiv&cs_id=4697&cs_search= HTTP/1.0" 200 11477 "-" "Mozilla/5.0 (compatible; MJ12bot/v1.4.5; http://www.majestic12.co.uk/bot.php?+)"
46.4.87.105 - - [15/Jul/2015:14:12:04 +0200] "GET /news.php?cs_go=archiv&cs_id=4698&cs_search= HTTP/1.0" 200 11477 "-" "Mozilla/5.0 (compatible; MJ12bot/v1.4.5; http://www.majestic12.co.uk/bot.php?+)"
46.4.87.105 - - [15/Jul/2015:14:12:27 +0200] "GET /news.php?cs_go=archiv&cs_id=4701&cs_search= HTTP/1.0" 200 11477 "-" "Mozilla/5.0 (compatible; MJ12bot/v1.4.5; http://www.majestic12.co.uk/bot.php?+)"
46.4.87.105 - - [15/Jul/2015:14:12:50 +0200] "GET /news.php?cs_go=archiv&cs_id=4702&cs_search= HTTP/1.0" 200 11477 "-" "Mozilla/5.0 (compatible; MJ12bot/v1.4.5; http://www.majestic12.co.uk/bot.php?+)"
46.4.87.105 - - [15/Jul/2015:14:13:15 +0200] "GET /news.php?cs_go=archiv&cs_id=4703&cs_search= HTTP/1.0" 200 11477 "-" "Mozilla/5.0 (compatible; MJ12bot/v1.4.5; http://www.majestic12.co.uk/bot.php?+)"
46.4.87.105 - - [15/Jul/2015:14:13:38 +0200] "GET /news.php?cs_go=archiv&cs_id=4704&cs_search= HTTP/1.0" 200 11477 "-" "Mozilla/5.0 (compatible; MJ12bot/v1.4.5; http://www.majestic12.co.uk/bot.php?+)"
46.4.87.105 - - [15/Jul/2015:14:14:03 +0200] "GET /news.php?cs_go=archiv&cs_id=4705&cs_search= HTTP/1.0" 200 11477 "-" "Mozilla/5.0 (compatible; MJ12bot/v1.4.5; http://www.majestic12.co.uk/bot.php?+)"
46.4.87.105 - - [15/Jul/2015:14:14:26 +0200] "GET /news.php?cs_go=archiv&cs_id=4706&cs_search= HTTP/1.0" 200 11477 "-" "Mozilla/5.0 (compatible; MJ12bot/v1.4.5; http://www.majestic12.co.uk/bot.php?+)"
46.4.87.105 - - [15/Jul/2015:14:14:47 +0200] "GET /news.php?cs_go=archiv&cs_id=4707&cs_search= HTTP/1.0" 200 11477 "-" "Mozilla/5.0 (compatible; MJ12bot/v1.4.5; http://www.majestic12.co.uk/bot.php?+)"
46.4.87.105 - - [15/Jul/2015:14:15:12 +0200] "GET /news.php?cs_go=archiv&cs_id=4708&cs_search= HTTP/1.0" 200 11477 "-" "Mozilla/5.0 (compatible; MJ12bot/v1.4.5; http://www.majestic12.co.uk/bot.php?+)"
46.4.87.105 - - [15/Jul/2015:14:15:37 +0200] "GET /news.php?cs_go=archiv&cs_id=4709&cs_search= HTTP/1.0" 200 11477 "-" "Mozilla/5.0 (compatible; MJ12bot/v1.4.5; http://www.majestic12.co.uk/bot.php?+)"
46.4.87.105 - - [15/Jul/2015:14:16:00 +0200] "GET /news.php?cs_go=archiv&cs_id=4710&cs_search= HTTP/1.0" 200 11477 "-" "Mozilla/5.0 (compatible; MJ12bot/v1.4.5; http://www.majestic12.co.uk/bot.php?+)"
46.4.87.105 - - [15/Jul/2015:14:16:25 +0200] "GET /news.php?cs_go=archiv&cs_id=4711&cs_search= HTTP/1.0" 200 11477 "-" "Mozilla/5.0 (compatible; MJ12bot/v1.4.5; http://www.majestic12.co.uk/bot.php?+)"
46.4.87.105 - - [15/Jul/2015:14:16:48 +0200] "GET /news.php?cs_go=archiv&cs_id=4712&cs_search= HTTP/1.0" 200 11477 "-" "Mozilla/5.0 (compatible; MJ12bot/v1.4.5; http://www.majestic12.co.uk/bot.php?+)"
46.4.87.105 - - [15/Jul/2015:14:17:10 +0200] "GET /news.php?cs_go=archiv&cs_id=4714&cs_search= HTTP/1.0" 200 11477 "-" "Mozilla/5.0 (compatible; MJ12bot/v1.4.5; http://www.majestic12.co.uk/bot.php?+)"
46.4.87.105 - - [15/Jul/2015:14:17:33 +0200] "GET /news.php?cs_go=archiv&cs_id=4715&cs_search= HTTP/1.0" 200 11477 "-" "Mozilla/5.0 (compatible; MJ12bot/v1.4.5; http://www.majestic12.co.uk/bot.php?+)"
46.4.87.105 - - [15/Jul/2015:14:17:55 +0200] "GET /news.php?cs_go=archiv&cs_id=4717&cs_search= HTTP/1.0" 200 11477 "-" "Mozilla/5.0 (compatible; MJ12bot/v1.4.5; http://www.majestic12.co.uk/bot.php?+)"
46.4.87.105 - - [15/Jul/2015:14:18:19 +0200] "GET /news.php?cs_go=archiv&cs_id=4718&cs_search= HTTP/1.0" 200 11477 "-" "Mozilla/5.0 (compatible; MJ12bot/v1.4.5; http://www.majestic12.co.uk/bot.php?+)"
157.55.39.124 - - [15/Jul/2015:14:36:30 +0200] "GET /robots.txt HTTP/1.1" 404 1256 "-" "Mozilla/5.0 (compatible; bingbot/2.0; +http://www.bing.com/bingbot.htm)"
157.55.39.123 - - [15/Jul/2015:14:37:36 +0200] "GET /images/RAL_Guetezeichen_Energiehandel.pdf HTTP/1.1" 200 538987 "-" "Mozilla/5.0 (iPhone; CPU iPhone OS 7_0 like Mac OS X) AppleWebKit/537.51.1 (KHTML, like Gecko) Version/7.0 Mobile/11A465 Safari/9537.53 (compatible; bingbot/2.0; http://www.bing.com/bingbot.htm)"
66.249.65.20 - - [15/Jul/2015:14:31:20 +0200] "GET / HTTP/1.1" 200 15920 "-" "Mozilla/5.0 (compatible; Googlebot/2.1; +http://www.google.com/bot.html)"
207.46.13.49 - - [15/Jul/2015:14:41:30 +0200] "GET /robots.txt HTTP/1.1" 404 1256 "-" "Mozilla/5.0 (compatible; bingbot/2.0; +http://www.bing.com/bingbot.htm)"
66.249.65.12 - - [15/Jul/2015:14:38:05 +0200] "GET / HTTP/1.1" 200 15920 "-" "Mozilla/5.0 (compatible; Googlebot/2.1; +http://www.google.com/bot.html)"
66.249.65.12 - - [15/Jul/2015:14:44:45 +0200] "GET / HTTP/1.1" 200 15920 "-" "Mozilla/5.0 (compatible; Googlebot/2.1; +http://www.google.com/bot.html)"
91.121.169.194 - - [15/Jul/2015:15:30:53 +0200] "GET /robots.txt HTTP/1.0" 404 1256 "-" "Mozilla/5.0 (compatible; MJ12bot/v1.4.5; http://www.majestic12.co.uk/bot.php?+)"
91.121.169.194 - - [15/Jul/2015:15:30:56 +0200] "GET /energiekostenvergleich.php?cs_go=1 HTTP/1.0" 200 17945 "-" "Mozilla/5.0 (compatible; MJ12bot/v1.4.5; http://www.majestic12.co.uk/bot.php?+)"
91.121.169.194 - - [15/Jul/2015:15:31:45 +0200] "GET /energiekostenvergleich.php?cs_go=2 HTTP/1.0" 200 17945 "-" "Mozilla/5.0 (compatible; MJ12bot/v1.4.5; http://www.majestic12.co.uk/bot.php?+)"
91.121.169.194 - - [15/Jul/2015:15:32:33 +0200] "GET /essocard.php HTTP/1.0" 200 13196 "-" "Mozilla/5.0 (compatible; MJ12bot/v1.4.5; http://www.majestic12.co.uk/bot.php?+)"
198.245.49.180 - - [15/Jul/2015:15:39:32 +0200] "GET /robots.txt HTTP/1.0" 404 1256 "-" "Mozilla/5.0 (compatible; MJ12bot/v1.4.5; http://www.majestic12.co.uk/bot.php?+)"
91.121.169.194 - - [15/Jul/2015:15:33:20 +0200] "GET /kwk.php?cs_go=4 HTTP/1.0" 200 11474 "-" "Mozilla/5.0 (compatible; MJ12bot/v1.4.5; http://www.majestic12.co.uk/bot.php?+)"
91.121.169.194 - - [15/Jul/2015:15:34:06 +0200] "GET /marktdaten.php?cs_caid=4&cs_coid= HTTP/1.0" 200 12103 "-" "Mozilla/5.0 (compatible; MJ12bot/v1.4.5; http://www.majestic12.co.uk/bot.php?+)"
91.121.169.194 - - [15/Jul/2015:15:34:55 +0200] "GET /modernisierung.php?cs_gp_go=coupon HTTP/1.0" 200 11559 "-" "Mozilla/5.0 (compatible; MJ12bot/v1.4.5; http://www.majestic12.co.uk/bot.php?+)"
91.121.169.194 - - [15/Jul/2015:15:35:46 +0200] "GET /modernisierung.php?cs_gp_go=description HTTP/1.0" 200 11559 "-" "Mozilla/5.0 (compatible; MJ12bot/v1.4.5; http://www.majestic12.co.uk/bot.php?+)"
91.121.169.194 - - [15/Jul/2015:15:36:32 +0200] "GET /news.php?cs_go=archiv HTTP/1.0" 200 11477 "-" "Mozilla/5.0 (compatible; MJ12bot/v1.4.5; http://www.majestic12.co.uk/bot.php?+)"
91.121.169.194 - - [15/Jul/2015:15:37:18 +0200] "GET /news.php?cs_go=archiv&cs_id=2011 HTTP/1.0" 200 11477 "-" "Mozilla/5.0 (compatible; MJ12bot/v1.4.5; http://www.majestic12.co.uk/bot.php?+)"
91.121.169.194 - - [15/Jul/2015:15:38:04 +0200] "GET /news.php?cs_go=archiv&cs_id=2012 HTTP/1.0" 200 11477 "-" "Mozilla/5.0 (compatible; MJ12bot/v1.4.5; http://www.majestic12.co.uk/bot.php?+)"
91.121.169.194 - - [15/Jul/2015:15:38:49 +0200] "GET /news.php?cs_go=archiv&cs_id=2013 HTTP/1.0" 200 11477 "-" "Mozilla/5.0 (compatible; MJ12bot/v1.4.5; http://www.majestic12.co.uk/bot.php?+)"
91.121.169.194 - - [15/Jul/2015:15:39:34 +0200] "GET /news.php?cs_go=archiv&cs_id=2015 HTTP/1.0" 200 11477 "-" "Mozilla/5.0 (compatible; MJ12bot/v1.4.5; http://www.majestic12.co.uk/bot.php?+)"
198.245.49.180 - - [15/Jul/2015:15:39:35 +0200] "GET /news.php?cs_go=archiv&cs_id=4694&cs_search= HTTP/1.0" 200 11477 "-" "Mozilla/5.0 (compatible; MJ12bot/v1.4.5; http://www.majestic12.co.uk/bot.php?+)"
198.245.49.180 - - [15/Jul/2015:15:40:19 +0200] "GET /news.php?cs_go=archiv&cs_id=4695 HTTP/1.0" 200 11477 "-" "Mozilla/5.0 (compatible; MJ12bot/v1.4.5; http://www.majestic12.co.uk/bot.php?+)"
91.121.169.194 - - [15/Jul/2015:15:40:20 +0200] "GET /news.php?cs_go=archiv&cs_id=2016 HTTP/1.0" 200 11477 "-" "Mozilla/5.0 (compatible; MJ12bot/v1.4.5; http://www.majestic12.co.uk/bot.php?+)"
198.245.49.180 - - [15/Jul/2015:15:41:01 +0200] "GET /news.php?cs_go=archiv&cs_id=4696 HTTP/1.0" 200 11477 "-" "Mozilla/5.0 (compatible; MJ12bot/v1.4.5; http://www.majestic12.co.uk/bot.php?+)"
91.121.169.194 - - [15/Jul/2015:15:41:03 +0200] "GET /news.php?cs_go=archiv&cs_id=2017 HTTP/1.0" 200 11477 "-" "Mozilla/5.0 (compatible; MJ12bot/v1.4.5; http://www.majestic12.co.uk/bot.php?+)"
198.245.49.180 - - [15/Jul/2015:15:41:47 +0200] "GET /news.php?cs_go=archiv&cs_id=4696&cs_search= HTTP/1.0" 200 11477 "-" "Mozilla/5.0 (compatible; MJ12bot/v1.4.5; http://www.majestic12.co.uk/bot.php?+)"
91.121.169.194 - - [15/Jul/2015:15:41:48 +0200] "GET /news.php?cs_go=archiv&cs_id=2020 HTTP/1.0" 200 11477 "-" "Mozilla/5.0 (compatible; MJ12bot/v1.4.5; http://www.majestic12.co.uk/bot.php?+)"
198.245.49.180 - - [15/Jul/2015:15:42:32 +0200] "GET /news.php?cs_go=archiv&cs_id=4698 HTTP/1.0" 200 11477 "-" "Mozilla/5.0 (compatible; MJ12bot/v1.4.5; http://www.majestic12.co.uk/bot.php?+)"
91.121.169.194 - - [15/Jul/2015:15:42:34 +0200] "GET /news.php?cs_go=archiv&cs_id=2021 HTTP/1.0" 200 11477 "-" "Mozilla/5.0 (compatible; MJ12bot/v1.4.5; http://www.majestic12.co.uk/bot.php?+)"
198.245.49.180 - - [15/Jul/2015:15:43:18 +0200] "GET /news.php?cs_go=archiv&cs_id=4698&cs_search= HTTP/1.0" 200 11477 "-" "Mozilla/5.0 (compatible; MJ12bot/v1.4.5; http://www.majestic12.co.uk/bot.php?+)"
91.121.169.194 - - [15/Jul/2015:15:43:35 +0200] "GET /news.php?cs_go=archiv&cs_id=2022 HTTP/1.0" 200 11477 "-" "Mozilla/5.0 (compatible; MJ12bot/v1.4.5; http://www.majestic12.co.uk/bot.php?+)"
198.245.49.180 - - [15/Jul/2015:15:44:03 +0200] "GET /news.php?cs_go=archiv&cs_id=4701 HTTP/1.0" 200 11477 "-" "Mozilla/5.0 (compatible; MJ12bot/v1.4.5; http://www.majestic12.co.uk/bot.php?+)"
91.121.169.194 - - [15/Jul/2015:15:44:19 +0200] "GET /news.php?cs_go=archiv&cs_id=2023 HTTP/1.0" 200 11477 "-" "Mozilla/5.0 (compatible; MJ12bot/v1.4.5; http://www.majestic12.co.uk/bot.php?+)"
198.245.49.180 - - [15/Jul/2015:15:44:48 +0200] "GET /news.php?cs_go=archiv&cs_id=4704 HTTP/1.0" 200 11477 "-" "Mozilla/5.0 (compatible; MJ12bot/v1.4.5; http://www.majestic12.co.uk/bot.php?+)"
91.121.169.194 - - [15/Jul/2015:15:45:10 +0200] "GET /news.php?cs_go=archiv&cs_id=2025 HTTP/1.0" 200 11477 "-" "Mozilla/5.0 (compatible; MJ12bot/v1.4.5; http://www.majestic12.co.uk/bot.php?+)"
198.245.49.180 - - [15/Jul/2015:15:45:40 +0200] "GET /news.php?cs_go=archiv&cs_id=4705 HTTP/1.0" 200 11477 "-" "Mozilla/5.0 (compatible; MJ12bot/v1.4.5; http://www.majestic12.co.uk/bot.php?+)"
91.121.169.194 - - [15/Jul/2015:15:46:00 +0200] "GET /news.php?cs_go=archiv&cs_id=2026 HTTP/1.0" 200 11477 "-" "Mozilla/5.0 (compatible; MJ12bot/v1.4.5; http://www.majestic12.co.uk/bot.php?+)"
198.245.49.180 - - [15/Jul/2015:15:46:23 +0200] "GET /news.php?cs_go=archiv&cs_id=4709 HTTP/1.0" 200 11477 "-" "Mozilla/5.0 (compatible; MJ12bot/v1.4.5; http://www.majestic12.co.uk/bot.php?+)"
91.121.169.194 - - [15/Jul/2015:15:46:44 +0200] "GET /news.php?cs_go=archiv&cs_id=2027 HTTP/1.0" 200 11477 "-" "Mozilla/5.0 (compatible; MJ12bot/v1.4.5; http://www.majestic12.co.uk/bot.php?+)"
198.245.49.180 - - [15/Jul/2015:15:47:10 +0200] "GET /news.php?cs_go=archiv&cs_id=4732 HTTP/1.0" 200 11477 "-" "Mozilla/5.0 (compatible; MJ12bot/v1.4.5; http://www.majestic12.co.uk/bot.php?+)"
91.121.169.194 - - [15/Jul/2015:15:47:35 +0200] "GET /news.php?cs_go=archiv&cs_id=2029 HTTP/1.0" 200 11477 "-" "Mozilla/5.0 (compatible; MJ12bot/v1.4.5; http://www.majestic12.co.uk/bot.php?+)"
198.245.49.180 - - [15/Jul/2015:15:47:53 +0200] "GET /news.php?cs_go=archiv&cs_id=4733&cs_search= HTTP/1.0" 200 11477 "-" "Mozilla/5.0 (compatible; MJ12bot/v1.4.5; http://www.majestic12.co.uk/bot.php?+)"
91.121.169.194 - - [15/Jul/2015:15:48:20 +0200] "GET /news.php?cs_go=archiv&cs_id=2030 HTTP/1.0" 200 11477 "-" "Mozilla/5.0 (compatible; MJ12bot/v1.4.5; http://www.majestic12.co.uk/bot.php?+)"
198.245.49.180 - - [15/Jul/2015:15:48:35 +0200] "GET /news.php?cs_go=archiv&cs_id=4734 HTTP/1.0" 200 11477 "-" "Mozilla/5.0 (compatible; MJ12bot/v1.4.5; http://www.majestic12.co.uk/bot.php?+)"
91.121.169.194 - - [15/Jul/2015:15:49:05 +0200] "GET /news.php?cs_go=archiv&cs_id=2031 HTTP/1.0" 200 11477 "-" "Mozilla/5.0 (compatible; MJ12bot/v1.4.5; http://www.majestic12.co.uk/bot.php?+)"
198.245.49.180 - - [15/Jul/2015:15:49:20 +0200] "GET /news.php?cs_go=archiv&cs_id=4734&cs_search= HTTP/1.0" 200 11477 "-" "Mozilla/5.0 (compatible; MJ12bot/v1.4.5; http://www.majestic12.co.uk/bot.php?+)"
91.121.169.194 - - [15/Jul/2015:15:49:52 +0200] "GET /news.php?cs_go=archiv&cs_id=2032 HTTP/1.0" 200 11477 "-" "Mozilla/5.0 (compatible; MJ12bot/v1.4.5; http://www.majestic12.co.uk/bot.php?+)"
198.245.49.180 - - [15/Jul/2015:15:50:08 +0200] "GET /news.php?cs_go=archiv&cs_id=4735 HTTP/1.0" 200 11477 "-" "Mozilla/5.0 (compatible; MJ12bot/v1.4.5; http://www.majestic12.co.uk/bot.php?+)"
91.121.169.194 - - [15/Jul/2015:15:50:47 +0200] "GET /news.php?cs_go=archiv&cs_id=2033 HTTP/1.0" 200 11477 "-" "Mozilla/5.0 (compatible; MJ12bot/v1.4.5; http://www.majestic12.co.uk/bot.php?+)"
198.245.49.180 - - [15/Jul/2015:15:50:55 +0200] "GET /news.php?cs_go=archiv&cs_id=4735&cs_search= HTTP/1.0" 200 11477 "-" "Mozilla/5.0 (compatible; MJ12bot/v1.4.5; http://www.majestic12.co.uk/bot.php?+)"
91.121.169.194 - - [15/Jul/2015:15:51:33 +0200] "GET /news.php?cs_go=archiv&cs_id=2035 HTTP/1.0" 200 11477 "-" "Mozilla/5.0 (compatible; MJ12bot/v1.4.5; http://www.majestic12.co.uk/bot.php?+)"
198.245.49.180 - - [15/Jul/2015:15:51:37 +0200] "GET /news.php?cs_go=archiv&cs_id=4736 HTTP/1.0" 200 11477 "-" "Mozilla/5.0 (compatible; MJ12bot/v1.4.5; http://www.majestic12.co.uk/bot.php?+)"
91.121.169.194 - - [15/Jul/2015:15:52:15 +0200] "GET /news.php?cs_go=archiv&cs_id=2037 HTTP/1.0" 200 11477 "-" "Mozilla/5.0 (compatible; MJ12bot/v1.4.5; http://www.majestic12.co.uk/bot.php?+)"
198.245.49.180 - - [15/Jul/2015:15:52:23 +0200] "GET /news.php?cs_go=archiv&cs_id=4737 HTTP/1.0" 200 11477 "-" "Mozilla/5.0 (compatible; MJ12bot/v1.4.5; http://www.majestic12.co.uk/bot.php?+)"
91.121.169.194 - - [15/Jul/2015:15:52:59 +0200] "GET /news.php?cs_go=archiv&cs_id=2038 HTTP/1.0" 200 11477 "-" "Mozilla/5.0 (compatible; MJ12bot/v1.4.5; http://www.majestic12.co.uk/bot.php?+)"
198.245.49.180 - - [15/Jul/2015:15:53:10 +0200] "GET /news.php?cs_go=archiv&cs_id=4737&cs_search= HTTP/1.0" 200 11477 "-" "Mozilla/5.0 (compatible; MJ12bot/v1.4.5; http://www.majestic12.co.uk/bot.php?+)"
91.121.169.194 - - [15/Jul/2015:15:53:44 +0200] "GET /news.php?cs_go=archiv&cs_id=2039 HTTP/1.0" 200 11477 "-" "Mozilla/5.0 (compatible; MJ12bot/v1.4.5; http://www.majestic12.co.uk/bot.php?+)"
198.245.49.180 - - [15/Jul/2015:15:53:55 +0200] "GET /news.php?cs_go=archiv&cs_id=4738 HTTP/1.0" 200 11477 "-" "Mozilla/5.0 (compatible; MJ12bot/v1.4.5; http://www.majestic12.co.uk/bot.php?+)"
91.121.169.194 - - [15/Jul/2015:15:54:28 +0200] "GET /news.php?cs_go=archiv&cs_id=2040 HTTP/1.0" 200 11477 "-" "Mozilla/5.0 (compatible; MJ12bot/v1.4.5; http://www.majestic12.co.uk/bot.php?+)"
198.245.49.180 - - [15/Jul/2015:15:54:40 +0200] "GET /news.php?cs_go=archiv&cs_id=4738&cs_search= HTTP/1.0" 200 11477 "-" "Mozilla/5.0 (compatible; MJ12bot/v1.4.5; http://www.majestic12.co.uk/bot.php?+)"
91.121.169.194 - - [15/Jul/2015:15:55:15 +0200] "GET /news.php?cs_go=archiv&cs_id=2041 HTTP/1.0" 200 11477 "-" "Mozilla/5.0 (compatible; MJ12bot/v1.4.5; http://www.majestic12.co.uk/bot.php?+)"
198.245.49.180 - - [15/Jul/2015:15:55:22 +0200] "GET /news.php?cs_go=archiv&cs_id=4739 HTTP/1.0" 200 11477 "-" "Mozilla/5.0 (compatible; MJ12bot/v1.4.5; http://www.majestic12.co.uk/bot.php?+)"
198.245.49.180 - - [15/Jul/2015:15:56:06 +0200] "GET /news.php?cs_go=archiv&cs_id=4740 HTTP/1.0" 200 11477 "-" "Mozilla/5.0 (compatible; MJ12bot/v1.4.5; http://www.majestic12.co.uk/bot.php?+)"
91.121.169.194 - - [15/Jul/2015:15:56:10 +0200] "GET /news.php?cs_go=archiv&cs_id=2042 HTTP/1.0" 200 11477 "-" "Mozilla/5.0 (compatible; MJ12bot/v1.4.5; http://www.majestic12.co.uk/bot.php?+)"
198.245.49.180 - - [15/Jul/2015:15:56:49 +0200] "GET /news.php?cs_go=archiv&cs_id=4740&cs_search= HTTP/1.0" 200 11477 "-" "Mozilla/5.0 (compatible; MJ12bot/v1.4.5; http://www.majestic12.co.uk/bot.php?+)"
91.121.169.194 - - [15/Jul/2015:15:56:56 +0200] "GET /news.php?cs_go=archiv&cs_id=2043 HTTP/1.0" 200 11477 "-" "Mozilla/5.0 (compatible; MJ12bot/v1.4.5; http://www.majestic12.co.uk/bot.php?+)"
198.245.49.180 - - [15/Jul/2015:15:57:32 +0200] "GET /news.php?cs_go=archiv&cs_id=4741 HTTP/1.0" 200 11477 "-" "Mozilla/5.0 (compatible; MJ12bot/v1.4.5; http://www.majestic12.co.uk/bot.php?+)"
91.121.169.194 - - [15/Jul/2015:15:57:41 +0200] "GET /news.php?cs_go=archiv&cs_id=2044 HTTP/1.0" 200 11477 "-" "Mozilla/5.0 (compatible; MJ12bot/v1.4.5; http://www.majestic12.co.uk/bot.php?+)"
198.245.49.180 - - [15/Jul/2015:15:58:16 +0200] "GET /news.php?cs_go=archiv&cs_id=4741&cs_search= HTTP/1.0" 200 11477 "-" "Mozilla/5.0 (compatible; MJ12bot/v1.4.5; http://www.majestic12.co.uk/bot.php?+)"
91.121.169.194 - - [15/Jul/2015:15:58:26 +0200] "GET /news.php?cs_go=archiv&cs_id=2045 HTTP/1.0" 200 11477 "-" "Mozilla/5.0 (compatible; MJ12bot/v1.4.5; http://www.majestic12.co.uk/bot.php?+)"
91.121.169.194 - - [15/Jul/2015:15:59:12 +0200] "GET /news.php?cs_go=archiv&cs_id=2047 HTTP/1.0" 200 11477 "-" "Mozilla/5.0 (compatible; MJ12bot/v1.4.5; http://www.majestic12.co.uk/bot.php?+)"
198.245.49.180 - - [15/Jul/2015:15:59:14 +0200] "GET /news.php?cs_go=archiv&cs_id=4742 HTTP/1.0" 200 11477 "-" "Mozilla/5.0 (compatible; MJ12bot/v1.4.5; http://www.majestic12.co.uk/bot.php?+)"
91.121.169.194 - - [15/Jul/2015:15:59:54 +0200] "GET /news.php?cs_go=archiv&cs_id=2048 HTTP/1.0" 200 11477 "-" "Mozilla/5.0 (compatible; MJ12bot/v1.4.5; http://www.majestic12.co.uk/bot.php?+)"
198.245.49.180 - - [15/Jul/2015:16:00:03 +0200] "GET /news.php?cs_go=archiv&cs_id=4742&cs_search= HTTP/1.0" 200 11477 "-" "Mozilla/5.0 (compatible; MJ12bot/v1.4.5; http://www.majestic12.co.uk/bot.php?+)"
91.121.169.194 - - [15/Jul/2015:16:00:39 +0200] "GET /news.php?cs_go=archiv&cs_id=2050 HTTP/1.0" 200 11477 "-" "Mozilla/5.0 (compatible; MJ12bot/v1.4.5; http://www.majestic12.co.uk/bot.php?+)"
198.245.49.180 - - [15/Jul/2015:16:00:53 +0200] "GET /news.php?cs_go=archiv&cs_id=4743 HTTP/1.0" 200 11477 "-" "Mozilla/5.0 (compatible; MJ12bot/v1.4.5; http://www.majestic12.co.uk/bot.php?+)"
91.121.169.194 - - [15/Jul/2015:16:01:24 +0200] "GET /news.php?cs_go=archiv&cs_id=2051 HTTP/1.0" 200 11477 "-" "Mozilla/5.0 (compatible; MJ12bot/v1.4.5; http://www.majestic12.co.uk/bot.php?+)"
198.245.49.180 - - [15/Jul/2015:16:01:41 +0200] "GET /news.php?cs_go=archiv&cs_id=4743&cs_search= HTTP/1.0" 200 11477 "-" "Mozilla/5.0 (compatible; MJ12bot/v1.4.5; http://www.majestic12.co.uk/bot.php?+)"
91.121.169.194 - - [15/Jul/2015:16:02:10 +0200] "GET /news.php?cs_go=archiv&cs_id=2052 HTTP/1.0" 200 11477 "-" "Mozilla/5.0 (compatible; MJ12bot/v1.4.5; http://www.majestic12.co.uk/bot.php?+)"
198.245.49.180 - - [15/Jul/2015:16:02:24 +0200] "GET /news.php?cs_go=archiv&cs_id=4744&cs_search= HTTP/1.0" 200 11477 "-" "Mozilla/5.0 (compatible; MJ12bot/v1.4.5; http://www.majestic12.co.uk/bot.php?+)"
91.121.169.194 - - [15/Jul/2015:16:02:55 +0200] "GET /news.php?cs_go=archiv&cs_id=2053 HTTP/1.0" 200 11477 "-" "Mozilla/5.0 (compatible; MJ12bot/v1.4.5; http://www.majestic12.co.uk/bot.php?+)"
198.245.49.180 - - [15/Jul/2015:16:03:15 +0200] "GET /news.php?cs_go=archiv&cs_id=4745&cs_search= HTTP/1.0" 200 11477 "-" "Mozilla/5.0 (compatible; MJ12bot/v1.4.5; http://www.majestic12.co.uk/bot.php?+)"
91.121.169.194 - - [15/Jul/2015:16:03:41 +0200] "GET /news.php?cs_go=archiv&cs_id=2059&cs_search= HTTP/1.0" 200 11477 "-" "Mozilla/5.0 (compatible; MJ12bot/v1.4.5; http://www.majestic12.co.uk/bot.php?+)"
198.245.49.180 - - [15/Jul/2015:16:04:04 +0200] "GET /news.php?cs_go=archiv&cs_id=4747 HTTP/1.0" 200 11477 "-" "Mozilla/5.0 (compatible; MJ12bot/v1.4.5; http://www.majestic12.co.uk/bot.php?+)"
91.121.169.194 - - [15/Jul/2015:16:04:26 +0200] "GET /news.php?cs_go=archiv&cs_id=2063 HTTP/1.0" 200 11477 "-" "Mozilla/5.0 (compatible; MJ12bot/v1.4.5; http://www.majestic12.co.uk/bot.php?+)"
198.245.49.180 - - [15/Jul/2015:16:04:50 +0200] "GET /news.php?cs_go=archiv&cs_id=4747&cs_search= HTTP/1.0" 200 11477 "-" "Mozilla/5.0 (compatible; MJ12bot/v1.4.5; http://www.majestic12.co.uk/bot.php?+)"
91.121.169.194 - - [15/Jul/2015:16:05:10 +0200] "GET /news.php?cs_go=archiv&cs_id=2064 HTTP/1.0" 200 11477 "-" "Mozilla/5.0 (compatible; MJ12bot/v1.4.5; http://www.majestic12.co.uk/bot.php?+)"
198.245.49.180 - - [15/Jul/2015:16:05:36 +0200] "GET /news.php?cs_go=archiv&cs_id=4749 HTTP/1.0" 200 11477 "-" "Mozilla/5.0 (compatible; MJ12bot/v1.4.5; http://www.majestic12.co.uk/bot.php?+)"
91.121.169.194 - - [15/Jul/2015:16:05:55 +0200] "GET /news.php?cs_go=archiv&cs_id=2066 HTTP/1.0" 200 11477 "-" "Mozilla/5.0 (compatible; MJ12bot/v1.4.5; http://www.majestic12.co.uk/bot.php?+)"
198.245.49.180 - - [15/Jul/2015:16:06:24 +0200] "GET /news.php?cs_go=archiv&cs_id=4749&cs_search= HTTP/1.0" 200 11477 "-" "Mozilla/5.0 (compatible; MJ12bot/v1.4.5; http://www.majestic12.co.uk/bot.php?+)"
91.121.169.194 - - [15/Jul/2015:16:06:43 +0200] "GET /news.php?cs_go=archiv&cs_id=2067 HTTP/1.0" 200 11477 "-" "Mozilla/5.0 (compatible; MJ12bot/v1.4.5; http://www.majestic12.co.uk/bot.php?+)"
198.245.49.180 - - [15/Jul/2015:16:07:07 +0200] "GET /news.php?cs_go=archiv&cs_id=4750 HTTP/1.0" 200 11477 "-" "Mozilla/5.0 (compatible; MJ12bot/v1.4.5; http://www.majestic12.co.uk/bot.php?+)"
91.121.169.194 - - [15/Jul/2015:16:07:29 +0200] "GET /news.php?cs_go=archiv&cs_id=2068 HTTP/1.0" 200 11477 "-" "Mozilla/5.0 (compatible; MJ12bot/v1.4.5; http://www.majestic12.co.uk/bot.php?+)"
198.245.49.180 - - [15/Jul/2015:16:07:50 +0200] "GET /news.php?cs_go=archiv&cs_id=4751 HTTP/1.0" 200 11477 "-" "Mozilla/5.0 (compatible; MJ12bot/v1.4.5; http://www.majestic12.co.uk/bot.php?+)"
91.121.169.194 - - [15/Jul/2015:16:08:12 +0200] "GET /news.php?cs_go=archiv&cs_id=2252&cs_search= HTTP/1.0" 200 11477 "-" "Mozilla/5.0 (compatible; MJ12bot/v1.4.5; http://www.majestic12.co.uk/bot.php?+)"
198.245.49.180 - - [15/Jul/2015:16:08:34 +0200] "GET /news.php?cs_go=archiv&cs_id=4751&cs_search= HTTP/1.0" 200 11477 "-" "Mozilla/5.0 (compatible; MJ12bot/v1.4.5; http://www.majestic12.co.uk/bot.php?+)"
91.121.169.194 - - [15/Jul/2015:16:08:56 +0200] "GET /news.php?cs_go=archiv&cs_id=2253&cs_search= HTTP/1.0" 200 11477 "-" "Mozilla/5.0 (compatible; MJ12bot/v1.4.5; http://www.majestic12.co.uk/bot.php?+)"
198.245.49.180 - - [15/Jul/2015:16:09:20 +0200] "GET /news.php?cs_go=archiv&cs_id=4752 HTTP/1.0" 200 11477 "-" "Mozilla/5.0 (compatible; MJ12bot/v1.4.5; http://www.majestic12.co.uk/bot.php?+)"
91.121.169.194 - - [15/Jul/2015:16:09:43 +0200] "GET /news.php?cs_go=archiv&cs_id=2490 HTTP/1.0" 200 11477 "-" "Mozilla/5.0 (compatible; MJ12bot/v1.4.5; http://www.majestic12.co.uk/bot.php?+)"
198.245.49.180 - - [15/Jul/2015:16:10:11 +0200] "GET /news.php?cs_go=archiv&cs_id=4753 HTTP/1.0" 200 11477 "-" "Mozilla/5.0 (compatible; MJ12bot/v1.4.5; http://www.majestic12.co.uk/bot.php?+)"
91.121.169.194 - - [15/Jul/2015:16:10:27 +0200] "GET /news.php?cs_go=archiv&cs_id=2494 HTTP/1.0" 200 11477 "-" "Mozilla/5.0 (compatible; MJ12bot/v1.4.5; http://www.majestic12.co.uk/bot.php?+)"
198.245.49.180 - - [15/Jul/2015:16:10:59 +0200] "GET /news.php?cs_go=archiv&cs_id=4753&cs_search= HTTP/1.0" 200 11477 "-" "Mozilla/5.0 (compatible; MJ12bot/v1.4.5; http://www.majestic12.co.uk/bot.php?+)"
91.121.169.194 - - [15/Jul/2015:16:11:15 +0200] "GET /news.php?cs_go=archiv&cs_id=2498 HTTP/1.0" 200 11477 "-" "Mozilla/5.0 (compatible; MJ12bot/v1.4.5; http://www.majestic12.co.uk/bot.php?+)"
198.245.49.180 - - [15/Jul/2015:16:11:41 +0200] "GET /news.php?cs_go=archiv&cs_id=4754 HTTP/1.0" 200 11477 "-" "Mozilla/5.0 (compatible; MJ12bot/v1.4.5; http://www.majestic12.co.uk/bot.php?+)"
91.121.169.194 - - [15/Jul/2015:16:12:06 +0200] "GET /news.php?cs_go=archiv&cs_id=2531 HTTP/1.0" 200 11477 "-" "Mozilla/5.0 (compatible; MJ12bot/v1.4.5; http://www.majestic12.co.uk/bot.php?+)"
198.245.49.180 - - [15/Jul/2015:16:12:24 +0200] "GET /news.php?cs_go=archiv&cs_id=4754&cs_search= HTTP/1.0" 200 11477 "-" "Mozilla/5.0 (compatible; MJ12bot/v1.4.5; http://www.majestic12.co.uk/bot.php?+)"
91.121.169.194 - - [15/Jul/2015:16:12:51 +0200] "GET /news.php?cs_go=archiv&cs_id=2534 HTTP/1.0" 200 11477 "-" "Mozilla/5.0 (compatible; MJ12bot/v1.4.5; http://www.majestic12.co.uk/bot.php?+)"
198.245.49.180 - - [15/Jul/2015:16:13:13 +0200] "GET /news.php?cs_go=archiv&cs_id=4755 HTTP/1.0" 200 11477 "-" "Mozilla/5.0 (compatible; MJ12bot/v1.4.5; http://www.majestic12.co.uk/bot.php?+)"
91.121.169.194 - - [15/Jul/2015:16:13:39 +0200] "GET /news.php?cs_go=archiv&cs_id=2550 HTTP/1.0" 200 11477 "-" "Mozilla/5.0 (compatible; MJ12bot/v1.4.5; http://www.majestic12.co.uk/bot.php?+)"
198.245.49.180 - - [15/Jul/2015:16:13:57 +0200] "GET /news.php?cs_go=archiv&cs_id=4755&cs_search= HTTP/1.0" 200 11477 "-" "Mozilla/5.0 (compatible; MJ12bot/v1.4.5; http://www.majestic12.co.uk/bot.php?+)"
91.121.169.194 - - [15/Jul/2015:16:14:26 +0200] "GET /news.php?cs_go=archiv&cs_id=2600&cs_search= HTTP/1.0" 200 11477 "-" "Mozilla/5.0 (compatible; MJ12bot/v1.4.5; http://www.majestic12.co.uk/bot.php?+)"
198.245.49.180 - - [15/Jul/2015:16:14:47 +0200] "GET /news.php?cs_go=archiv&cs_id=4757 HTTP/1.0" 200 11477 "-" "Mozilla/5.0 (compatible; MJ12bot/v1.4.5; http://www.majestic12.co.uk/bot.php?+)"
91.121.169.194 - - [15/Jul/2015:16:15:09 +0200] "GET /news.php?cs_go=archiv&cs_id=2626 HTTP/1.0" 200 11477 "-" "Mozilla/5.0 (compatible; MJ12bot/v1.4.5; http://www.majestic12.co.uk/bot.php?+)"
198.245.49.180 - - [15/Jul/2015:16:15:36 +0200] "GET /news.php?cs_go=archiv&cs_id=4757&cs_search= HTTP/1.0" 200 11477 "-" "Mozilla/5.0 (compatible; MJ12bot/v1.4.5; http://www.majestic12.co.uk/bot.php?+)"
91.121.169.194 - - [15/Jul/2015:16:16:06 +0200] "GET /news.php?cs_go=archiv&cs_id=2634 HTTP/1.0" 200 11477 "-" "Mozilla/5.0 (compatible; MJ12bot/v1.4.5; http://www.majestic12.co.uk/bot.php?+)"
198.245.49.180 - - [15/Jul/2015:16:16:21 +0200] "GET /news.php?cs_go=archiv&cs_id=4758 HTTP/1.0" 200 11477 "-" "Mozilla/5.0 (compatible; MJ12bot/v1.4.5; http://www.majestic12.co.uk/bot.php?+)"
91.121.169.194 - - [15/Jul/2015:16:16:50 +0200] "GET /news.php?cs_go=archiv&cs_id=2681 HTTP/1.0" 200 11477 "-" "Mozilla/5.0 (compatible; MJ12bot/v1.4.5; http://www.majestic12.co.uk/bot.php?+)"
198.245.49.180 - - [15/Jul/2015:16:17:06 +0200] "GET /news.php?cs_go=archiv&cs_id=4758&cs_search= HTTP/1.0" 200 11477 "-" "Mozilla/5.0 (compatible; MJ12bot/v1.4.5; http://www.majestic12.co.uk/bot.php?+)"
91.121.169.194 - - [15/Jul/2015:16:17:34 +0200] "GET /news.php?cs_go=archiv&cs_id=2681&cs_search= HTTP/1.0" 200 11477 "-" "Mozilla/5.0 (compatible; MJ12bot/v1.4.5; http://www.majestic12.co.uk/bot.php?+)"
198.245.49.180 - - [15/Jul/2015:16:17:52 +0200] "GET /news.php?cs_go=archiv&cs_id=4759 HTTP/1.0" 200 11477 "-" "Mozilla/5.0 (compatible; MJ12bot/v1.4.5; http://www.majestic12.co.uk/bot.php?+)"
91.121.169.194 - - [15/Jul/2015:16:18:19 +0200] "GET /news.php?cs_go=archiv&cs_id=2682 HTTP/1.0" 200 11477 "-" "Mozilla/5.0 (compatible; MJ12bot/v1.4.5; http://www.majestic12.co.uk/bot.php?+)"
198.245.49.180 - - [15/Jul/2015:16:18:41 +0200] "GET /news.php?cs_go=archiv&cs_id=4760 HTTP/1.0" 200 11477 "-" "Mozilla/5.0 (compatible; MJ12bot/v1.4.5; http://www.majestic12.co.uk/bot.php?+)"
198.245.49.180 - - [15/Jul/2015:16:19:30 +0200] "GET /news.php?cs_go=archiv&cs_id=4760&cs_search= HTTP/1.0" 200 11477 "-" "Mozilla/5.0 (compatible; MJ12bot/v1.4.5; http://www.majestic12.co.uk/bot.php?+)"
198.245.49.180 - - [15/Jul/2015:16:20:17 +0200] "GET /news.php?cs_go=archiv&cs_id=4761 HTTP/1.0" 200 11477 "-" "Mozilla/5.0 (compatible; MJ12bot/v1.4.5; http://www.majestic12.co.uk/bot.php?+)"
198.245.49.180 - - [15/Jul/2015:16:21:07 +0200] "GET /news.php?cs_go=archiv&cs_id=4761&cs_search= HTTP/1.0" 200 11477 "-" "Mozilla/5.0 (compatible; MJ12bot/v1.4.5; http://www.majestic12.co.uk/bot.php?+)"
91.121.169.194 - - [15/Jul/2015:16:21:26 +0200] "GET /news.php?cs_go=archiv&cs_id=2682 HTTP/1.0" 200 11477 "-" "Mozilla/5.0 (compatible; MJ12bot/v1.4.5; http://www.majestic12.co.uk/bot.php?+)"
198.245.49.180 - - [15/Jul/2015:16:21:57 +0200] "GET /news.php?cs_go=archiv&cs_id=4762 HTTP/1.0" 200 11477 "-" "Mozilla/5.0 (compatible; MJ12bot/v1.4.5; http://www.majestic12.co.uk/bot.php?+)"
91.121.169.194 - - [15/Jul/2015:16:22:08 +0200] "GET /news.php?cs_go=archiv&cs_id=2689 HTTP/1.0" 200 11477 "-" "Mozilla/5.0 (compatible; MJ12bot/v1.4.5; http://www.majestic12.co.uk/bot.php?+)"
198.245.49.180 - - [15/Jul/2015:16:22:47 +0200] "GET /news.php?cs_go=archiv&cs_id=4762&cs_search= HTTP/1.0" 200 11477 "-" "Mozilla/5.0 (compatible; MJ12bot/v1.4.5; http://www.majestic12.co.uk/bot.php?+)"
91.121.169.194 - - [15/Jul/2015:16:22:52 +0200] "GET /news.php?cs_go=archiv&cs_id=2723 HTTP/1.0" 200 11477 "-" "Mozilla/5.0 (compatible; MJ12bot/v1.4.5; http://www.majestic12.co.uk/bot.php?+)"
91.121.169.194 - - [15/Jul/2015:16:23:34 +0200] "GET /news.php?cs_go=archiv&cs_id=2748 HTTP/1.0" 200 11477 "-" "Mozilla/5.0 (compatible; MJ12bot/v1.4.5; http://www.majestic12.co.uk/bot.php?+)"
198.245.49.180 - - [15/Jul/2015:16:23:36 +0200] "GET /news.php?cs_go=archiv&cs_id=4763 HTTP/1.0" 200 11477 "-" "Mozilla/5.0 (compatible; MJ12bot/v1.4.5; http://www.majestic12.co.uk/bot.php?+)"
91.121.169.194 - - [15/Jul/2015:16:24:16 +0200] "GET /news.php?cs_go=archiv&cs_id=2755 HTTP/1.0" 200 11477 "-" "Mozilla/5.0 (compatible; MJ12bot/v1.4.5; http://www.majestic12.co.uk/bot.php?+)"
198.245.49.180 - - [15/Jul/2015:16:24:26 +0200] "GET /news.php?cs_go=archiv&cs_id=4763&cs_search= HTTP/1.0" 200 11477 "-" "Mozilla/5.0 (compatible; MJ12bot/v1.4.5; http://www.majestic12.co.uk/bot.php?+)"
91.121.169.194 - - [15/Jul/2015:16:24:58 +0200] "GET /news.php?cs_go=archiv&cs_id=2766 HTTP/1.0" 200 11477 "-" "Mozilla/5.0 (compatible; MJ12bot/v1.4.5; http://www.majestic12.co.uk/bot.php?+)"
198.245.49.180 - - [15/Jul/2015:16:25:18 +0200] "GET /news.php?cs_go=archiv&cs_id=4764 HTTP/1.0" 200 11477 "-" "Mozilla/5.0 (compatible; MJ12bot/v1.4.5; http://www.majestic12.co.uk/bot.php?+)"
91.121.169.194 - - [15/Jul/2015:16:25:44 +0200] "GET /news.php?cs_go=archiv&cs_id=2768 HTTP/1.0" 200 11477 "-" "Mozilla/5.0 (compatible; MJ12bot/v1.4.5; http://www.majestic12.co.uk/bot.php?+)"
198.245.49.180 - - [15/Jul/2015:16:26:04 +0200] "GET /news.php?cs_go=archiv&cs_id=4764&cs_search= HTTP/1.0" 200 11477 "-" "Mozilla/5.0 (compatible; MJ12bot/v1.4.5; http://www.majestic12.co.uk/bot.php?+)"
91.121.169.194 - - [15/Jul/2015:16:26:29 +0200] "GET /news.php?cs_go=archiv&cs_id=2770 HTTP/1.0" 200 11477 "-" "Mozilla/5.0 (compatible; MJ12bot/v1.4.5; http://www.majestic12.co.uk/bot.php?+)"
198.245.49.180 - - [15/Jul/2015:16:26:48 +0200] "GET /news.php?cs_go=archiv&cs_id=4765 HTTP/1.0" 200 11477 "-" "Mozilla/5.0 (compatible; MJ12bot/v1.4.5; http://www.majestic12.co.uk/bot.php?+)"
91.121.169.194 - - [15/Jul/2015:16:27:11 +0200] "GET /news.php?cs_go=archiv&cs_id=2782 HTTP/1.0" 200 11477 "-" "Mozilla/5.0 (compatible; MJ12bot/v1.4.5; http://www.majestic12.co.uk/bot.php?+)"
198.245.49.180 - - [15/Jul/2015:16:27:33 +0200] "GET /news.php?cs_go=archiv&cs_id=4766 HTTP/1.0" 200 11477 "-" "Mozilla/5.0 (compatible; MJ12bot/v1.4.5; http://www.majestic12.co.uk/bot.php?+)"
91.121.169.194 - - [15/Jul/2015:16:27:54 +0200] "GET /news.php?cs_go=archiv&cs_id=2789 HTTP/1.0" 200 11477 "-" "Mozilla/5.0 (compatible; MJ12bot/v1.4.5; http://www.majestic12.co.uk/bot.php?+)"
198.245.49.180 - - [15/Jul/2015:16:28:20 +0200] "GET /news.php?cs_go=archiv&cs_id=4766&cs_search= HTTP/1.0" 200 11477 "-" "Mozilla/5.0 (compatible; MJ12bot/v1.4.5; http://www.majestic12.co.uk/bot.php?+)"
91.121.169.194 - - [15/Jul/2015:16:28:37 +0200] "GET /news.php?cs_go=archiv&cs_id=2789&cs_search= HTTP/1.0" 200 11477 "-" "Mozilla/5.0 (compatible; MJ12bot/v1.4.5; http://www.majestic12.co.uk/bot.php?+)"
198.245.49.180 - - [15/Jul/2015:16:29:05 +0200] "GET /news.php?cs_go=archiv&cs_id=4767 HTTP/1.0" 200 11477 "-" "Mozilla/5.0 (compatible; MJ12bot/v1.4.5; http://www.majestic12.co.uk/bot.php?+)"
91.121.169.194 - - [15/Jul/2015:16:29:24 +0200] "GET /news.php?cs_go=archiv&cs_id=2796&cs_search= HTTP/1.0" 200 11477 "-" "Mozilla/5.0 (compatible; MJ12bot/v1.4.5; http://www.majestic12.co.uk/bot.php?+)"
198.245.49.180 - - [15/Jul/2015:16:29:49 +0200] "GET /news.php?cs_go=archiv&cs_id=4767&cs_search= HTTP/1.0" 200 11477 "-" "Mozilla/5.0 (compatible; MJ12bot/v1.4.5; http://www.majestic12.co.uk/bot.php?+)"
91.121.169.194 - - [15/Jul/2015:16:30:10 +0200] "GET /news.php?cs_go=archiv&cs_id=2797&cs_search= HTTP/1.0" 200 11477 "-" "Mozilla/5.0 (compatible; MJ12bot/v1.4.5; http://www.majestic12.co.uk/bot.php?+)"
198.245.49.180 - - [15/Jul/2015:16:30:34 +0200] "GET /news.php?cs_go=archiv&cs_id=4768 HTTP/1.0" 200 11477 "-" "Mozilla/5.0 (compatible; MJ12bot/v1.4.5; http://www.majestic12.co.uk/bot.php?+)"
91.121.169.194 - - [15/Jul/2015:16:30:54 +0200] "GET /news.php?cs_go=archiv&cs_id=2803 HTTP/1.0" 200 11477 "-" "Mozilla/5.0 (compatible; MJ12bot/v1.4.5; http://www.majestic12.co.uk/bot.php?+)"
198.245.49.180 - - [15/Jul/2015:16:31:17 +0200] "GET /news.php?cs_go=archiv&cs_id=4768&cs_search= HTTP/1.0" 200 11477 "-" "Mozilla/5.0 (compatible; MJ12bot/v1.4.5; http://www.majestic12.co.uk/bot.php?+)"
91.121.169.194 - - [15/Jul/2015:16:31:37 +0200] "GET /news.php?cs_go=archiv&cs_id=2810 HTTP/1.0" 200 11477 "-" "Mozilla/5.0 (compatible; MJ12bot/v1.4.5; http://www.majestic12.co.uk/bot.php?+)"
198.245.49.180 - - [15/Jul/2015:16:32:05 +0200] "GET /news.php?cs_go=archiv&cs_id=4769&cs_search= HTTP/1.0" 200 11477 "-" "Mozilla/5.0 (compatible; MJ12bot/v1.4.5; http://www.majestic12.co.uk/bot.php?+)"
91.121.169.194 - - [15/Jul/2015:16:32:27 +0200] "GET /news.php?cs_go=archiv&cs_id=2810&cs_search= HTTP/1.0" 200 11477 "-" "Mozilla/5.0 (compatible; MJ12bot/v1.4.5; http://www.majestic12.co.uk/bot.php?+)"
198.245.49.180 - - [15/Jul/2015:16:32:51 +0200] "GET /news.php?cs_go=archiv&cs_id=4770&cs_search= HTTP/1.0" 200 11477 "-" "Mozilla/5.0 (compatible; MJ12bot/v1.4.5; http://www.majestic12.co.uk/bot.php?+)"
91.121.169.194 - - [15/Jul/2015:16:33:11 +0200] "GET /news.php?cs_go=archiv&cs_id=2830&cs_search= HTTP/1.0" 200 11477 "-" "Mozilla/5.0 (compatible; MJ12bot/v1.4.5; http://www.majestic12.co.uk/bot.php?+)"
91.121.169.194 - - [15/Jul/2015:16:33:34 +0200] "GET /news.php?cs_go=archiv&cs_id=2833&cs_search= HTTP/1.0" 200 11477 "-" "Mozilla/5.0 (compatible; MJ12bot/v1.4.5; http://www.majestic12.co.uk/bot.php?+)"
198.245.49.180 - - [15/Jul/2015:16:33:34 +0200] "GET /news.php?cs_go=archiv&cs_id=4771 HTTP/1.0" 200 11477 "-" "Mozilla/5.0 (compatible; MJ12bot/v1.4.5; http://www.majestic12.co.uk/bot.php?+)"
91.121.169.194 - - [15/Jul/2015:16:33:57 +0200] "GET /news.php?cs_go=archiv&cs_id=2836 HTTP/1.0" 200 11477 "-" "Mozilla/5.0 (compatible; MJ12bot/v1.4.5; http://www.majestic12.co.uk/bot.php?+)"
198.245.49.180 - - [15/Jul/2015:16:34:20 +0200] "GET /news.php?cs_go=archiv&cs_id=4771&cs_search= HTTP/1.0" 200 11477 "-" "Mozilla/5.0 (compatible; MJ12bot/v1.4.5; http://www.majestic12.co.uk/bot.php?+)"
91.121.169.194 - - [15/Jul/2015:16:34:21 +0200] "GET /news.php?cs_go=archiv&cs_id=2844 HTTP/1.0" 200 11477 "-" "Mozilla/5.0 (compatible; MJ12bot/v1.4.5; http://www.majestic12.co.uk/bot.php?+)"
91.121.169.194 - - [15/Jul/2015:16:34:40 +0200] "GET /news.php?cs_go=archiv&cs_id=2844&cs_search= HTTP/1.0" 200 11477 "-" "Mozilla/5.0 (compatible; MJ12bot/v1.4.5; http://www.majestic12.co.uk/bot.php?+)"
91.121.169.194 - - [15/Jul/2015:16:35:03 +0200] "GET /news.php?cs_go=archiv&cs_id=2846 HTTP/1.0" 200 11477 "-" "Mozilla/5.0 (compatible; MJ12bot/v1.4.5; http://www.majestic12.co.uk/bot.php?+)"
198.245.49.180 - - [15/Jul/2015:16:35:04 +0200] "GET /news.php?cs_go=archiv&cs_id=4772 HTTP/1.0" 200 11477 "-" "Mozilla/5.0 (compatible; MJ12bot/v1.4.5; http://www.majestic12.co.uk/bot.php?+)"
91.121.169.194 - - [15/Jul/2015:16:35:29 +0200] "GET /news.php?cs_go=archiv&cs_id=2846&cs_search= HTTP/1.0" 200 11477 "-" "Mozilla/5.0 (compatible; MJ12bot/v1.4.5; http://www.majestic12.co.uk/bot.php?+)"
198.245.49.180 - - [15/Jul/2015:16:35:47 +0200] "GET /news.php?cs_go=archiv&cs_id=4772&cs_search= HTTP/1.0" 200 11477 "-" "Mozilla/5.0 (compatible; MJ12bot/v1.4.5; http://www.majestic12.co.uk/bot.php?+)"
91.121.169.194 - - [15/Jul/2015:16:35:56 +0200] "GET /news.php?cs_go=archiv&cs_id=2849 HTTP/1.0" 200 11477 "-" "Mozilla/5.0 (compatible; MJ12bot/v1.4.5; http://www.majestic12.co.uk/bot.php?+)"
91.121.169.194 - - [15/Jul/2015:16:36:15 +0200] "GET /news.php?cs_go=archiv&cs_id=2851 HTTP/1.0" 200 11477 "-" "Mozilla/5.0 (compatible; MJ12bot/v1.4.5; http://www.majestic12.co.uk/bot.php?+)"
198.245.49.180 - - [15/Jul/2015:16:36:30 +0200] "GET /news.php?cs_go=archiv&cs_id=4773 HTTP/1.0" 200 11477 "-" "Mozilla/5.0 (compatible; MJ12bot/v1.4.5; http://www.majestic12.co.uk/bot.php?+)"
91.121.169.194 - - [15/Jul/2015:16:36:44 +0200] "GET /news.php?cs_go=archiv&cs_id=2897&cs_search= HTTP/1.0" 200 11477 "-" "Mozilla/5.0 (compatible; MJ12bot/v1.4.5; http://www.majestic12.co.uk/bot.php?+)"
91.121.169.194 - - [15/Jul/2015:16:37:10 +0200] "GET /news.php?cs_go=archiv&cs_id=2909 HTTP/1.0" 200 11477 "-" "Mozilla/5.0 (compatible; MJ12bot/v1.4.5; http://www.majestic12.co.uk/bot.php?+)"
198.245.49.180 - - [15/Jul/2015:16:37:14 +0200] "GET /news.php?cs_go=archiv&cs_id=4773&cs_search= HTTP/1.0" 200 11477 "-" "Mozilla/5.0 (compatible; MJ12bot/v1.4.5; http://www.majestic12.co.uk/bot.php?+)"
91.121.169.194 - - [15/Jul/2015:16:37:24 +0200] "GET /news.php?cs_go=archiv&cs_id=2909&cs_search= HTTP/1.0" 200 11477 "-" "Mozilla/5.0 (compatible; MJ12bot/v1.4.5; http://www.majestic12.co.uk/bot.php?+)"
91.121.169.194 - - [15/Jul/2015:16:37:49 +0200] "GET /news.php?cs_go=archiv&cs_id=2913 HTTP/1.0" 200 11477 "-" "Mozilla/5.0 (compatible; MJ12bot/v1.4.5; http://www.majestic12.co.uk/bot.php?+)"
198.245.49.180 - - [15/Jul/2015:16:38:00 +0200] "GET /news.php?cs_go=archiv&cs_id=4774 HTTP/1.0" 200 11477 "-" "Mozilla/5.0 (compatible; MJ12bot/v1.4.5; http://www.majestic12.co.uk/bot.php?+)"
91.121.169.194 - - [15/Jul/2015:16:38:13 +0200] "GET /news.php?cs_go=archiv&cs_id=2914 HTTP/1.0" 200 11477 "-" "Mozilla/5.0 (compatible; MJ12bot/v1.4.5; http://www.majestic12.co.uk/bot.php?+)"
91.121.169.194 - - [15/Jul/2015:16:38:34 +0200] "GET /news.php?cs_go=archiv&cs_id=2920 HTTP/1.0" 200 11477 "-" "Mozilla/5.0 (compatible; MJ12bot/v1.4.5; http://www.majestic12.co.uk/bot.php?+)"
198.245.49.180 - - [15/Jul/2015:16:38:49 +0200] "GET /news.php?cs_go=archiv&cs_id=4774&cs_search= HTTP/1.0" 200 11477 "-" "Mozilla/5.0 (compatible; MJ12bot/v1.4.5; http://www.majestic12.co.uk/bot.php?+)"
91.121.169.194 - - [15/Jul/2015:16:38:56 +0200] "GET /news.php?cs_go=archiv&cs_id=2923 HTTP/1.0" 200 11477 "-" "Mozilla/5.0 (compatible; MJ12bot/v1.4.5; http://www.majestic12.co.uk/bot.php?+)"
91.121.169.194 - - [15/Jul/2015:16:39:24 +0200] "GET /news.php?cs_go=archiv&cs_id=2929 HTTP/1.0" 200 11477 "-" "Mozilla/5.0 (compatible; MJ12bot/v1.4.5; http://www.majestic12.co.uk/bot.php?+)"
198.245.49.180 - - [15/Jul/2015:16:39:32 +0200] "GET /news.php?cs_go=archiv&cs_id=4775&cs_search= HTTP/1.0" 200 11477 "-" "Mozilla/5.0 (compatible; MJ12bot/v1.4.5; http://www.majestic12.co.uk/bot.php?+)"
91.121.169.194 - - [15/Jul/2015:16:39:43 +0200] "GET /news.php?cs_go=archiv&cs_id=2930 HTTP/1.0" 200 11477 "-" "Mozilla/5.0 (compatible; MJ12bot/v1.4.5; http://www.majestic12.co.uk/bot.php?+)"
91.121.169.194 - - [15/Jul/2015:16:40:05 +0200] "GET /news.php?cs_go=archiv&cs_id=2934 HTTP/1.0" 200 11477 "-" "Mozilla/5.0 (compatible; MJ12bot/v1.4.5; http://www.majestic12.co.uk/bot.php?+)"
198.245.49.180 - - [15/Jul/2015:16:40:18 +0200] "GET /news.php?cs_go=archiv&cs_id=4776&cs_search= HTTP/1.0" 200 11477 "-" "Mozilla/5.0 (compatible; MJ12bot/v1.4.5; http://www.majestic12.co.uk/bot.php?+)"
91.121.169.194 - - [15/Jul/2015:16:40:30 +0200] "GET /news.php?cs_go=archiv&cs_id=2939 HTTP/1.0" 200 11477 "-" "Mozilla/5.0 (compatible; MJ12bot/v1.4.5; http://www.majestic12.co.uk/bot.php?+)"
91.121.169.194 - - [15/Jul/2015:16:40:47 +0200] "GET /news.php?cs_go=archiv&cs_id=2939&cs_search= HTTP/1.0" 200 11477 "-" "Mozilla/5.0 (compatible; MJ12bot/v1.4.5; http://www.majestic12.co.uk/bot.php?+)"
198.245.49.180 - - [15/Jul/2015:16:41:02 +0200] "GET /news.php?cs_go=archiv&cs_id=4777&cs_search= HTTP/1.0" 200 11477 "-" "Mozilla/5.0 (compatible; MJ12bot/v1.4.5; http://www.majestic12.co.uk/bot.php?+)"
91.121.169.194 - - [15/Jul/2015:16:41:15 +0200] "GET /news.php?cs_go=archiv&cs_id=2940 HTTP/1.0" 200 11477 "-" "Mozilla/5.0 (compatible; MJ12bot/v1.4.5; http://www.majestic12.co.uk/bot.php?+)"
91.121.169.194 - - [15/Jul/2015:16:41:38 +0200] "GET /news.php?cs_go=archiv&cs_id=2940&cs_search= HTTP/1.0" 200 11477 "-" "Mozilla/5.0 (compatible; MJ12bot/v1.4.5; http://www.majestic12.co.uk/bot.php?+)"
198.245.49.180 - - [15/Jul/2015:16:41:47 +0200] "GET /news.php?cs_go=archiv&cs_id=4778&cs_search= HTTP/1.0" 200 11477 "-" "Mozilla/5.0 (compatible; MJ12bot/v1.4.5; http://www.majestic12.co.uk/bot.php?+)"
91.121.169.194 - - [15/Jul/2015:16:42:05 +0200] "GET /news.php?cs_go=archiv&cs_id=3248&cs_search= HTTP/1.0" 200 11477 "-" "Mozilla/5.0 (compatible; MJ12bot/v1.4.5; http://www.majestic12.co.uk/bot.php?+)"
91.121.169.194 - - [15/Jul/2015:16:42:18 +0200] "GET /news.php?cs_go=archiv&cs_id=3265 HTTP/1.0" 200 11477 "-" "Mozilla/5.0 (compatible; MJ12bot/v1.4.5; http://www.majestic12.co.uk/bot.php?+)"
198.245.49.180 - - [15/Jul/2015:16:42:29 +0200] "GET /news.php?cs_go=archiv&cs_id=4779&cs_search= HTTP/1.0" 200 11477 "-" "Mozilla/5.0 (compatible; MJ12bot/v1.4.5; http://www.majestic12.co.uk/bot.php?+)"
91.121.169.194 - - [15/Jul/2015:16:42:40 +0200] "GET /news.php?cs_go=archiv&cs_id=3265&cs_search= HTTP/1.0" 200 11477 "-" "Mozilla/5.0 (compatible; MJ12bot/v1.4.5; http://www.majestic12.co.uk/bot.php?+)"
91.121.169.194 - - [15/Jul/2015:16:43:15 +0200] "GET /news.php?cs_go=archiv&cs_id=3270 HTTP/1.0" 200 11477 "-" "Mozilla/5.0 (compatible; MJ12bot/v1.4.5; http://www.majestic12.co.uk/bot.php?+)"
91.121.169.194 - - [15/Jul/2015:16:43:31 +0200] "GET /news.php?cs_go=archiv&cs_id=3270&cs_search= HTTP/1.0" 200 11477 "-" "Mozilla/5.0 (compatible; MJ12bot/v1.4.5; http://www.majestic12.co.uk/bot.php?+)"
198.245.49.180 - - [15/Jul/2015:16:43:35 +0200] "GET /news.php?cs_go=archiv&cs_id=4780&cs_search= HTTP/1.0" 200 11477 "-" "Mozilla/5.0 (compatible; MJ12bot/v1.4.5; http://www.majestic12.co.uk/bot.php?+)"
91.121.169.194 - - [15/Jul/2015:16:43:53 +0200] "GET /news.php?cs_go=archiv&cs_id=3279 HTTP/1.0" 200 11477 "-" "Mozilla/5.0 (compatible; MJ12bot/v1.4.5; http://www.majestic12.co.uk/bot.php?+)"
91.121.169.194 - - [15/Jul/2015:16:44:12 +0200] "GET /news.php?cs_go=archiv&cs_id=3558 HTTP/1.0" 200 11477 "-" "Mozilla/5.0 (compatible; MJ12bot/v1.4.5; http://www.majestic12.co.uk/bot.php?+)"
198.245.49.180 - - [15/Jul/2015:16:44:19 +0200] "GET /news.php?cs_go=archiv&cs_id=4781&cs_search= HTTP/1.0" 200 11477 "-" "Mozilla/5.0 (compatible; MJ12bot/v1.4.5; http://www.majestic12.co.uk/bot.php?+)"
91.121.169.194 - - [15/Jul/2015:16:44:32 +0200] "GET /news.php?cs_go=archiv&cs_id=3578 HTTP/1.0" 200 11477 "-" "Mozilla/5.0 (compatible; MJ12bot/v1.4.5; http://www.majestic12.co.uk/bot.php?+)"
91.121.169.194 - - [15/Jul/2015:16:44:53 +0200] "GET /news.php?cs_go=archiv&cs_id=3578&cs_search= HTTP/1.0" 200 11477 "-" "Mozilla/5.0 (compatible; MJ12bot/v1.4.5; http://www.majestic12.co.uk/bot.php?+)"
91.121.169.194 - - [15/Jul/2015:16:45:17 +0200] "GET /news.php?cs_go=archiv&cs_id=3579 HTTP/1.0" 200 11477 "-" "Mozilla/5.0 (compatible; MJ12bot/v1.4.5; http://www.majestic12.co.uk/bot.php?+)"
91.121.169.194 - - [15/Jul/2015:16:45:39 +0200] "GET /news.php?cs_go=archiv&cs_id=3579&cs_search= HTTP/1.0" 200 11477 "-" "Mozilla/5.0 (compatible; MJ12bot/v1.4.5; http://www.majestic12.co.uk/bot.php?+)"
91.121.169.194 - - [15/Jul/2015:16:46:03 +0200] "GET /news.php?cs_go=archiv&cs_id=3586 HTTP/1.0" 200 11477 "-" "Mozilla/5.0 (compatible; MJ12bot/v1.4.5; http://www.majestic12.co.uk/bot.php?+)"
91.121.169.194 - - [15/Jul/2015:16:46:24 +0200] "GET /news.php?cs_go=archiv&cs_id=3596 HTTP/1.0" 200 11477 "-" "Mozilla/5.0 (compatible; MJ12bot/v1.4.5; http://www.majestic12.co.uk/bot.php?+)"
198.245.49.180 - - [15/Jul/2015:16:46:34 +0200] "GET /news.php?cs_go=archiv&cs_id=4781&cs_search= HTTP/1.0" 200 11477 "-" "Mozilla/5.0 (compatible; MJ12bot/v1.4.5; http://www.majestic12.co.uk/bot.php?+)"
91.121.169.194 - - [15/Jul/2015:16:46:58 +0200] "GET /news.php?cs_go=archiv&cs_id=3596&cs_search= HTTP/1.0" 200 11477 "-" "Mozilla/5.0 (compatible; MJ12bot/v1.4.5; http://www.majestic12.co.uk/bot.php?+)"
91.121.169.194 - - [15/Jul/2015:16:47:10 +0200] "GET /news.php?cs_go=archiv&cs_id=3606&cs_search= HTTP/1.0" 200 11477 "-" "Mozilla/5.0 (compatible; MJ12bot/v1.4.5; http://www.majestic12.co.uk/bot.php?+)"
198.245.49.180 - - [15/Jul/2015:16:47:16 +0200] "GET /news.php?cs_go=archiv&cs_id=4782 HTTP/1.0" 200 11477 "-" "Mozilla/5.0 (compatible; MJ12bot/v1.4.5; http://www.majestic12.co.uk/bot.php?+)"
91.121.169.194 - - [15/Jul/2015:16:47:26 +0200] "GET /news.php?cs_go=archiv&cs_id=3622 HTTP/1.0" 200 11477 "-" "Mozilla/5.0 (compatible; MJ12bot/v1.4.5; http://www.majestic12.co.uk/bot.php?+)"
91.121.169.194 - - [15/Jul/2015:16:47:50 +0200] "GET /news.php?cs_go=archiv&cs_id=3622&cs_search= HTTP/1.0" 200 11477 "-" "Mozilla/5.0 (compatible; MJ12bot/v1.4.5; http://www.majestic12.co.uk/bot.php?+)"
198.245.49.180 - - [15/Jul/2015:16:48:00 +0200] "GET /news.php?cs_go=archiv&cs_id=4782&cs_search= HTTP/1.0" 200 11477 "-" "Mozilla/5.0 (compatible; MJ12bot/v1.4.5; http://www.majestic12.co.uk/bot.php?+)"
91.121.169.194 - - [15/Jul/2015:16:48:12 +0200] "GET /news.php?cs_go=archiv&cs_id=3673 HTTP/1.0" 200 11477 "-" "Mozilla/5.0 (compatible; MJ12bot/v1.4.5; http://www.majestic12.co.uk/bot.php?+)"
91.121.169.194 - - [15/Jul/2015:16:48:34 +0200] "GET /news.php?cs_go=archiv&cs_id=3697&cs_search= HTTP/1.0" 200 11477 "-" "Mozilla/5.0 (compatible; MJ12bot/v1.4.5; http://www.majestic12.co.uk/bot.php?+)"
198.245.49.180 - - [15/Jul/2015:16:48:45 +0200] "GET /news.php?cs_go=archiv&cs_id=4788 HTTP/1.0" 200 11477 "-" "Mozilla/5.0 (compatible; MJ12bot/v1.4.5; http://www.majestic12.co.uk/bot.php?+)"
91.121.169.194 - - [15/Jul/2015:16:48:54 +0200] "GET /news.php?cs_go=archiv&cs_id=3708 HTTP/1.0" 200 11477 "-" "Mozilla/5.0 (compatible; MJ12bot/v1.4.5; http://www.majestic12.co.uk/bot.php?+)"
198.245.49.180 - - [15/Jul/2015:16:49:07 +0200] "GET /news.php?cs_go=archiv&cs_id=4789 HTTP/1.0" 200 11477 "-" "Mozilla/5.0 (compatible; MJ12bot/v1.4.5; http://www.majestic12.co.uk/bot.php?+)"
91.121.169.194 - - [15/Jul/2015:16:49:16 +0200] "GET /news.php?cs_go=archiv&cs_id=3710 HTTP/1.0" 200 11477 "-" "Mozilla/5.0 (compatible; MJ12bot/v1.4.5; http://www.majestic12.co.uk/bot.php?+)"
198.245.49.180 - - [15/Jul/2015:16:49:29 +0200] "GET /news.php?cs_go=archiv&cs_id=4790 HTTP/1.0" 200 11477 "-" "Mozilla/5.0 (compatible; MJ12bot/v1.4.5; http://www.majestic12.co.uk/bot.php?+)"
91.121.169.194 - - [15/Jul/2015:16:49:45 +0200] "GET /news.php?cs_go=archiv&cs_id=3710&cs_search= HTTP/1.0" 200 11477 "-" "Mozilla/5.0 (compatible; MJ12bot/v1.4.5; http://www.majestic12.co.uk/bot.php?+)"
198.245.49.180 - - [15/Jul/2015:16:49:51 +0200] "GET /news.php?cs_go=archiv&cs_id=4791 HTTP/1.0" 200 11477 "-" "Mozilla/5.0 (compatible; MJ12bot/v1.4.5; http://www.majestic12.co.uk/bot.php?+)"
91.121.169.194 - - [15/Jul/2015:16:50:02 +0200] "GET /news.php?cs_go=archiv&cs_id=3711 HTTP/1.0" 200 11477 "-" "Mozilla/5.0 (compatible; MJ12bot/v1.4.5; http://www.majestic12.co.uk/bot.php?+)"
198.245.49.180 - - [15/Jul/2015:16:50:13 +0200] "GET /news.php?cs_go=archiv&cs_id=4791&cs_search= HTTP/1.0" 200 11477 "-" "Mozilla/5.0 (compatible; MJ12bot/v1.4.5; http://www.majestic12.co.uk/bot.php?+)"
91.121.169.194 - - [15/Jul/2015:16:50:22 +0200] "GET /news.php?cs_go=archiv&cs_id=3713 HTTP/1.0" 200 11477 "-" "Mozilla/5.0 (compatible; MJ12bot/v1.4.5; http://www.majestic12.co.uk/bot.php?+)"
198.245.49.180 - - [15/Jul/2015:16:50:36 +0200] "GET /news.php?cs_go=archiv&cs_id=4792 HTTP/1.0" 200 11477 "-" "Mozilla/5.0 (compatible; MJ12bot/v1.4.5; http://www.majestic12.co.uk/bot.php?+)"
91.121.169.194 - - [15/Jul/2015:16:50:46 +0200] "GET /news.php?cs_go=archiv&cs_id=3714&cs_search= HTTP/1.0" 200 11477 "-" "Mozilla/5.0 (compatible; MJ12bot/v1.4.5; http://www.majestic12.co.uk/bot.php?+)"
198.245.49.180 - - [15/Jul/2015:16:50:58 +0200] "GET /news.php?cs_go=archiv&cs_id=4792&cs_search= HTTP/1.0" 200 11477 "-" "Mozilla/5.0 (compatible; MJ12bot/v1.4.5; http://www.majestic12.co.uk/bot.php?+)"
