82.80.249.154 - - [04/Jul/2015:03:45:37 +0200] "GET /ec.php HTTP/1.1" 200 11616 "http://www.essodiesel.de/" "Mozilla/5.0 (X11; Linux x86_64; rv:26.0) Gecko/20100101 Firefox/26.0"
82.80.249.154 - - [04/Jul/2015:03:48:43 +0200] "GET /jobs.php HTTP/1.1" 200 11511 "http://www.essodiesel.de/" "Mozilla/5.0 (Windows NT 6.2; Win64; x64; rv:27.0) Gecko/20100101 Firefox/27.0"
82.80.249.154 - - [04/Jul/2015:03:48:42 +0200] "GET /waermekonto.php HTTP/1.1" 200 11831 "http://www.essodiesel.de/" "Mozilla/5.0 (Windows NT 6.1; Trident/7.0; rv:11.0) like Gecko"
82.80.249.154 - - [04/Jul/2015:03:52:05 +0200] "GET /downloads/waermekonto.pdf HTTP/1.1" 200 542181 "http://www.essodiesel.de/waermekonto.php" "Mozilla/5.0 (Windows NT 6.1) AppleWebKit/537.36 (KHTML, like Gecko) Chrome/31.0.1650.63 Safari/537.36"
82.80.249.154 - - [04/Jul/2015:03:48:41 +0200] "GET /notdienst.php HTTP/1.1" 200 12433 "http://www.essodiesel.de/" "Mozilla/5.0 (Macintosh; Intel Mac OS X 10.6; rv:26.0) Gecko/20100101 Firefox/26.0"
82.80.249.154 - - [04/Jul/2015:03:48:41 +0200] "GET /baustellenbetankung.php HTTP/1.1" 200 12527 "http://www.essodiesel.de/" "Mozilla/5.0 (Windows NT 6.1; WOW64) AppleWebKit/537.36 (KHTML, like Gecko) Chrome/41.0.2227.0 Safari/537.36"
82.80.249.154 - - [04/Jul/2015:03:48:42 +0200] "GET /tankreinigung.php HTTP/1.1" 200 11757 "http://www.essodiesel.de/" "Mozilla/5.0 (compatible; MSIE 9.0; Windows NT 6.1; Trident/5.0)"
82.80.249.154 - - [04/Jul/2015:03:48:42 +0200] "GET /brennwerttechnik.php HTTP/1.1" 200 11859 "http://www.essodiesel.de/" "Mozilla/5.0 (Windows NT 6.1; WOW64; rv:28.0) Gecko/20100101 Firefox/28.0"
82.80.249.154 - - [04/Jul/2015:03:48:42 +0200] "GET /ofenbau.php HTTP/1.1" 200 11696 "http://www.essodiesel.de/" "Mozilla/5.0 (Windows NT 6.3; WOW64) AppleWebKit/537.36 (KHTML, like Gecko) Chrome/32.0.1700.72 Safari/537.36"
82.80.249.154 - - [04/Jul/2015:03:48:42 +0200] "GET /tankanlagen.php HTTP/1.1" 200 11688 "http://www.essodiesel.de/" "Mozilla/5.0 (Windows NT 6.1; WOW64; rv:31.0) Gecko/20100101 Firefox/31.0"
82.80.249.154 - - [04/Jul/2015:03:48:43 +0200] "GET /kontakt.php HTTP/1.1" 200 11467 "http://www.essodiesel.de/" "Mozilla/5.0 (Macintosh; Intel Mac OS X 10_8_5) AppleWebKit/536.30.1 (KHTML, like Gecko) Version/6.0.5 Safari/536.30.1"
82.80.249.154 - - [04/Jul/2015:03:48:43 +0200] "GET /ansprechpartner.php HTTP/1.1" 200 13907 "http://www.essodiesel.de/" "Mozilla/5.0 (Windows NT 6.1; WOW64) AppleWebKit/537.36 (KHTML, like Gecko) Chrome/32.0.1700.41 Safari/537.36"
82.80.249.154 - - [04/Jul/2015:03:48:43 +0200] "GET /impressum.php HTTP/1.1" 200 12936 "http://www.essodiesel.de/" "Mozilla/5.0 (Windows NT 6.1; WOW64; rv:27.0) Gecko/20100101 Firefox/27.0"
82.80.249.154 - - [04/Jul/2015:03:48:43 +0200] "GET /newsletter.php HTTP/1.1" 200 11480 "http://www.essodiesel.de/schmierstoffe.php" "Mozilla/5.0 (Windows NT 6.1; WOW64; rv:27.3) Gecko/20100101 Firefox/27.3"
106.120.160.119 - - [04/Jul/2015:04:07:26 +0200] "GET / HTTP/1.1" 200 16125 "http://www.esso-berlin.de/" "Mozilla/4.0 (compatible; MSIE 8.0; Windows NT 6.1; Trident/4.0; SLCC2; .NET CLR 2.0.50727; .NET CLR 3.5.30729; .NET CLR 3.0.30729; Media Center PC 6.0; Tablet PC 2.0)"
82.80.249.216 - - [04/Jul/2015:04:22:52 +0200] "GET /images/mobil.jpg HTTP/1.1" 200 25293 "-" "Mozilla/5.0 (Windows NT 6.1; WOW64; rv:26.0) Gecko/20100101 Firefox/26.0"
82.80.234.142 - - [04/Jul/2015:04:22:53 +0200] "GET /images/frost.jpg HTTP/1.1" 200 2934 "-" "Opera/9.80 (Windows NT 6.1; WOW64) Presto/2.12.388 Version/12.16"
82.80.249.220 - - [04/Jul/2015:04:22:53 +0200] "GET /images/logos.jpg HTTP/1.1" 200 1205 "-" "Mozilla/5.0 (Windows NT 6.2; Win64; x64; rv:36.0) Gecko/20100101 Firefox/36.0"
82.80.249.221 - - [04/Jul/2015:04:22:53 +0200] "GET /images/nud.jpg HTTP/1.1" 200 6158 "-" "Mozilla/5.0 (Windows NT 5.1; rv:26.0) Gecko/20100101 Firefox/26.0"
82.80.249.216 - - [04/Jul/2015:04:22:54 +0200] "GET /images/m3.jpg HTTP/1.1" 200 3366 "-" "Mozilla/5.0 (Windows NT 6.1; rv:25.0) Gecko/20100101 Firefox/25.0"
82.80.249.223 - - [04/Jul/2015:04:22:55 +0200] "GET /images/f3.jpg HTTP/1.1" 200 3305 "-" "Mozilla/5.0 (Macintosh; Intel Mac OS X 10_9) AppleWebKit/537.71 (KHTML, like Gecko) Version/7.0 Safari/537.71"
82.80.244.57 - - [04/Jul/2015:04:22:55 +0200] "GET /images/header.jpg HTTP/1.1" 200 23758 "-" "Opera/9.80 (Windows NT 6.1; WOW64) Presto/2.12.388 Version/12.16"
82.80.249.219 - - [04/Jul/2015:04:22:56 +0200] "GET /images/m2.jpg HTTP/1.1" 200 3303 "-" "Mozilla/5.0 (compatible; MSIE 9.0; Windows NT 6.1; WOW64; Trident/5.0)"
82.80.249.229 - - [04/Jul/2015:04:22:56 +0200] "GET /images/not1.jpg HTTP/1.1" 200 4464 "-" "Mozilla/5.0 (Windows NT 6.1; WOW64; rv:31.0) Gecko/20100101 Firefox/31.0"
82.80.249.222 - - [04/Jul/2015:04:22:57 +0200] "GET /images/ral.jpg HTTP/1.1" 200 6136 "-" "Mozilla/5.0 (Macintosh; Intel Mac OS X 10_6_8) AppleWebKit/537.36 (KHTML, like Gecko) Chrome/31.0.1650.63 Safari/537.36"
82.80.249.227 - - [04/Jul/2015:04:22:57 +0200] "GET /images/g3.jpg HTTP/1.1" 200 3138 "-" "Mozilla/5.0 (Macintosh; Intel Mac OS X 10_9_0) AppleWebKit/537.36 (KHTML, like Gecko) Chrome/31.0.1650.63 Safari/537.36"
82.80.249.227 - - [04/Jul/2015:04:22:58 +0200] "GET /images/umwelt1.jpg HTTP/1.1" 200 3546 "-" "Mozilla/5.0 (Windows NT 6.0) AppleWebKit/537.36 (KHTML, like Gecko) Chrome/31.0.1650.63 Safari/537.36"
82.80.249.216 - - [04/Jul/2015:04:22:58 +0200] "GET /images/oks_prod.jpg HTTP/1.1" 200 6803 "-" "Mozilla/5.0 (Macintosh; Intel Mac OS X 10_8_4) AppleWebKit/537.36 (KHTML, like Gecko) Chrome/31.0.1650.63 Safari/537.36"
82.80.249.228 - - [04/Jul/2015:04:22:58 +0200] "GET /images/umwelt2.jpg HTTP/1.1" 200 4531 "-" "Mozilla/5.0 (Windows NT 6.1; Trident/7.0; rv:11.0) like Gecko"
82.80.249.178 - - [04/Jul/2015:04:22:58 +0200] "GET /images/newsletter.jpg HTTP/1.1" 200 13127 "-" "Mozilla/5.0 (Windows NT 5.1) AppleWebKit/537.36 (KHTML, like Gecko) Chrome/31.0.1650.63 Safari/537.36"
82.80.249.177 - - [04/Jul/2015:04:22:59 +0200] "GET /images/content_bg.jpg HTTP/1.1" 200 437 "-" "Mozilla/5.0 (Macintosh; Intel Mac OS X 10.8; rv:26.0) Gecko/20100101 Firefox/26.0"
82.80.249.227 - - [04/Jul/2015:04:22:59 +0200] "GET /images/gleichbleibend.png HTTP/1.1" 404 1256 "-" "Mozilla/5.0 (Windows NT 6.1; WOW64; rv:33.0) Gecko/20100101 Firefox/33.0"
82.80.249.226 - - [04/Jul/2015:04:23:00 +0200] "GET /images/Industrieschmierstoffe_Katalog.jpg HTTP/1.1" 200 9403 "-" "Mozilla/5.0 (Macintosh; Intel Mac OS X 10_8_5) AppleWebKit/537.71 (KHTML, like Gecko) Version/6.1 Safari/537.71"
82.80.249.228 - - [04/Jul/2015:04:23:01 +0200] "GET /images/m4.jpg HTTP/1.1" 200 2968 "-" "Mozilla/5.0 (Windows NT 6.1; rv:26.0) Gecko/20100101 Firefox/26.0"
82.80.249.221 - - [04/Jul/2015:04:23:01 +0200] "GET /images/oks_masch.jpg HTTP/1.1" 200 4182 "-" "Mozilla/5.0 (Windows NT 6.1; rv:26.0) Gecko/20100101 Firefox/26.0"
82.80.249.227 - - [04/Jul/2015:04:23:02 +0200] "GET /images/steigend.png HTTP/1.1" 404 1256 "-" "Mozilla/5.0 (Windows NT 6.2; WOW64; rv:26.0) Gecko/20100101 Firefox/26.0"
82.80.244.52 - - [04/Jul/2015:04:23:02 +0200] "GET /images/freecall.png HTTP/1.1" 200 15914 "-" "Mozilla/5.0 (X11; Ubuntu; Linux x86_64; rv:26.0) Gecko/20100101 Firefox/26.0"
82.80.249.229 - - [04/Jul/2015:04:23:02 +0200] "GET /images/g2.jpg HTTP/1.1" 200 4027 "-" "Mozilla/5.0 (Windows NT 6.1; WOW64; rv:36.0) Gecko/20100101 Firefox/36.0"
82.80.249.222 - - [04/Jul/2015:04:23:02 +0200] "GET /images/markenoelewerbung.jpg HTTP/1.1" 200 39902 "-" "Opera/9.80 (Windows NT 6.1; WOW64) Presto/2.12.388 Version/12.16"
82.80.244.52 - - [04/Jul/2015:04:23:03 +0200] "GET /im%3C/html HTTP/1.1" 404 1256 "-" "Mozilla/5.0 (Windows NT 6.1; WOW64) AppleWebKit/537.36 (KHTML, like Gecko) Chrome/32.0.1700.41 Safari/537.36"
82.80.249.215 - - [04/Jul/2015:04:23:03 +0200] "GET /images/m1.jpg HTTP/1.1" 200 2619 "-" "Mozilla/5.0 (Windows NT 6.0; rv:26.0) Gecko/20100101 Firefox/26.0"
82.80.249.222 - - [04/Jul/2015:04:23:04 +0200] "GET /images/biogasanlage.png HTTP/1.1" 200 167976 "-" "Mozilla/5.0 (Macintosh; Intel Mac OS X 10.7; rv:26.0) Gecko/20100101 Firefox/26.0"
82.80.249.226 - - [04/Jul/2015:04:23:05 +0200] "GET /images/kwk.png HTTP/1.1" 200 15949 "-" "Mozilla/5.0 (Windows NT 6.1; rv:25.0) Gecko/20100101 Firefox/25.0"
82.80.249.222 - - [04/Jul/2015:04:23:05 +0200] "GET /images/f2.jpg HTTP/1.1" 200 4024 "-" "Mozilla/5.0 (Windows NT 6.1; Trident/7.0; rv:11.0) like Gecko"
82.80.249.219 - - [04/Jul/2015:04:23:05 +0200] "GET /images/heizoelbestellung.jpg HTTP/1.1" 200 6281 "-" "Mozilla/5.0 (X11; Ubuntu; Linux x86_64; rv:26.0) Gecko/20100101 Firefox/26.0"
82.80.249.229 - - [04/Jul/2015:04:23:06 +0200] "GET /images/fallend.png HTTP/1.1" 404 1256 "-" "Mozilla/5.0 (Macintosh; Intel Mac OS X 10_9_1) AppleWebKit/537.73.11 (KHTML, like Gecko) Version/7.0.1 Safari/537.73.11"
82.80.249.222 - - [04/Jul/2015:04:23:06 +0200] "GET /images/oks_logo.gif HTTP/1.1" 200 1287 "-" "Mozilla/5.0 (compatible; MSIE 10.0; Windows NT 6.1; Trident/6.0)"
82.80.244.57 - - [04/Jul/2015:04:23:07 +0200] "GET /images/adblue_neu.png HTTP/1.1" 200 30982 "-" "Mozilla/5.0 (Macintosh; Intel Mac OS X 10_6_8) AppleWebKit/537.36 (KHTML, like Gecko) Chrome/31.0.1650.63 Safari/537.36"
82.80.249.222 - - [04/Jul/2015:04:23:07 +0200] "GET /images/wunschpreis.jpg HTTP/1.1" 200 5550 "-" "Mozilla/5.0 (Windows NT 6.2; Win64; x64; rv:36.0) Gecko/20100101 Firefox/36.0"
82.80.249.215 - - [04/Jul/2015:04:23:10 +0200] "GET /images/h1.jpg HTTP/1.1" 200 6259 "-" "Mozilla/5.0 (Windows NT 6.1; WOW64) AppleWebKit/537.36 (KHTML, like Gecko) Chrome/31.0.1650.57 Safari/537.36"
82.80.244.52 - - [04/Jul/2015:04:23:10 +0200] "GET /images/ani_logo.jpg HTTP/1.1" 200 2501 "-" "Mozilla/5.0 (Windows NT 6.1; rv:24.0) Gecko/20100101 Firefox/24.0"
82.80.249.178 - - [04/Jul/2015:04:23:11 +0200] "GET /images/g1.jpg HTTP/1.1" 200 2537 "-" "Mozilla/5.0 (Windows NT 6.1) AppleWebKit/537.36 (KHTML, like Gecko) Chrome/32.0.1700.72 Safari/537.36"
82.80.249.223 - - [04/Jul/2015:04:23:12 +0200] "GET /images/ral.png HTTP/1.1" 200 25696 "-" "Mozilla/5.0 (compatible; MSIE 10.0; Windows NT 6.1; WOW64; Trident/6.0)"
82.80.249.219 - - [04/Jul/2015:04:23:12 +0200] "GET /images/umwelt.gif HTTP/1.1" 200 1731 "-" "Mozilla/5.0 (Macintosh; Intel Mac OS X 10_8_5) AppleWebKit/536.30.1 (KHTML, like Gecko) Version/6.0.5 Safari/536.30.1"
82.80.249.216 - - [04/Jul/2015:04:23:12 +0200] "GET /images/f1.jpg HTTP/1.1" 200 2145 "-" "Mozilla/5.0 (Windows NT 6.1; WOW64) AppleWebKit/537.36 (KHTML, like Gecko) Chrome/31.0.1650.63 Safari/537.36"
82.80.249.219 - - [04/Jul/2015:04:23:13 +0200] "GET /images/Imagebroschuere_team_energie.png HTTP/1.1" 200 64117 "-" "Mozilla/5.0 (Windows NT 6.1; WOW64; rv:28.0) Gecko/20100101 Firefox/28.0"
66.249.78.149 - - [04/Jul/2015:04:39:18 +0200] "GET /robots.txt HTTP/1.1" 404 1256 "-" "Mozilla/5.0 (compatible; Googlebot/2.1; +http://www.google.com/bot.html)"
66.249.78.149 - - [04/Jul/2015:04:39:18 +0200] "GET /news.php?cs_go=archiv&cs_id=4011 HTTP/1.1" 200 11477 "-" "Mozilla/5.0 (iPhone; CPU iPhone OS 6_0 like Mac OS X) AppleWebKit/536.26 (KHTML, like Gecko) Version/6.0 Mobile/10A5376e Safari/8536.25 (compatible; Googlebot/2.1; +http://www.google.com/bot.html)"
66.249.78.149 - - [04/Jul/2015:04:45:48 +0200] "GET /news.php?cs_go=archiv&cs_id=4011 HTTP/1.1" 200 11477 "-" "Mozilla/5.0 (iPhone; CPU iPhone OS 6_0 like Mac OS X) AppleWebKit/536.26 (KHTML, like Gecko) Version/6.0 Mobile/10A5376e Safari/8536.25 (compatible; Googlebot/2.1; +http://www.google.com/bot.html)"
66.249.78.149 - - [04/Jul/2015:04:51:54 +0200] "GET /news.php?cs_go=archiv&cs_id=4011 HTTP/1.1" 200 11477 "-" "Mozilla/5.0 (iPhone; CPU iPhone OS 6_0 like Mac OS X) AppleWebKit/536.26 (KHTML, like Gecko) Version/6.0 Mobile/10A5376e Safari/8536.25 (compatible; Googlebot/2.1; +http://www.google.com/bot.html)"
206.207.116.62 - - [04/Jul/2015:05:08:24 +0200] "GET / HTTP/1.1" 200 16125 "-" "Mozilla/5.0 (Windows NT 6.1; rv:17.0) Gecko/20100101 Firefox/17.0"
207.70.3.142 - - [04/Jul/2015:05:10:30 +0200] "GET / HTTP/1.1" 200 16125 "-" "Mozilla/5.0 (Windows NT 6.1; rv:17.0) Gecko/20100101 Firefox/17.0"
88.198.16.153 - - [04/Jul/2015:05:55:10 +0200] "GET /robots.txt HTTP/1.0" 404 1256 "-" "Mozilla/5.0 (compatible; MJ12bot/v1.4.5; http://www.majestic12.co.uk/bot.php?+)"
88.198.16.153 - - [04/Jul/2015:05:55:14 +0200] "GET /adblue.php HTTP/1.0" 200 15843 "-" "Mozilla/5.0 (compatible; MJ12bot/v1.4.5; http://www.majestic12.co.uk/bot.php?+)"
88.198.16.153 - - [04/Jul/2015:05:55:57 +0200] "GET /ansprechpartner.php HTTP/1.0" 200 13907 "-" "Mozilla/5.0 (compatible; MJ12bot/v1.4.5; http://www.majestic12.co.uk/bot.php?+)"
88.198.16.153 - - [04/Jul/2015:05:56:41 +0200] "GET /baustellenbetankung.php HTTP/1.0" 200 12527 "-" "Mozilla/5.0 (compatible; MJ12bot/v1.4.5; http://www.majestic12.co.uk/bot.php?+)"
88.198.16.153 - - [04/Jul/2015:05:57:25 +0200] "GET /biogasanlage.php HTTP/1.0" 200 11909 "-" "Mozilla/5.0 (compatible; MJ12bot/v1.4.5; http://www.majestic12.co.uk/bot.php?+)"
88.198.16.153 - - [04/Jul/2015:06:01:04 +0200] "GET /energiekostenvergleich.php HTTP/1.0" 200 17945 "-" "Mozilla/5.0 (compatible; MJ12bot/v1.4.5; http://www.majestic12.co.uk/bot.php?+)"
88.198.16.153 - - [04/Jul/2015:05:58:08 +0200] "GET /brennwerttechnik.php HTTP/1.0" 200 11859 "-" "Mozilla/5.0 (compatible; MJ12bot/v1.4.5; http://www.majestic12.co.uk/bot.php?+)"
88.198.16.153 - - [04/Jul/2015:05:58:50 +0200] "GET /diesel.php HTTP/1.0" 200 11962 "-" "Mozilla/5.0 (compatible; MJ12bot/v1.4.5; http://www.majestic12.co.uk/bot.php?+)"
88.198.16.153 - - [04/Jul/2015:05:59:35 +0200] "GET /ec.php HTTP/1.0" 200 11616 "-" "Mozilla/5.0 (compatible; MJ12bot/v1.4.5; http://www.majestic12.co.uk/bot.php?+)"
88.198.16.153 - - [04/Jul/2015:06:00:18 +0200] "GET /edl.php HTTP/1.0" 200 11816 "-" "Mozilla/5.0 (compatible; MJ12bot/v1.4.5; http://www.majestic12.co.uk/bot.php?+)"
88.198.16.153 - - [04/Jul/2015:06:01:52 +0200] "GET /energiesparcheck.php HTTP/1.0" 200 11549 "-" "Mozilla/5.0 (compatible; MJ12bot/v1.4.5; http://www.majestic12.co.uk/bot.php?+)"
88.198.16.153 - - [04/Jul/2015:06:02:35 +0200] "GET /essoschmierstoffe.php HTTP/1.0" 200 15592 "-" "Mozilla/5.0 (compatible; MJ12bot/v1.4.5; http://www.majestic12.co.uk/bot.php?+)"
88.198.16.153 - - [04/Jul/2015:06:03:17 +0200] "GET /faq.php HTTP/1.0" 200 11476 "-" "Mozilla/5.0 (compatible; MJ12bot/v1.4.5; http://www.majestic12.co.uk/bot.php?+)"
88.198.16.153 - - [04/Jul/2015:06:06:55 +0200] "GET /jobs.php HTTP/1.0" 200 11511 "-" "Mozilla/5.0 (compatible; MJ12bot/v1.4.5; http://www.majestic12.co.uk/bot.php?+)"
88.198.16.153 - - [04/Jul/2015:06:04:02 +0200] "GET /foerdermittel.php HTTP/1.0" 200 11824 "-" "Mozilla/5.0 (compatible; MJ12bot/v1.4.5; http://www.majestic12.co.uk/bot.php?+)"
88.198.16.153 - - [04/Jul/2015:06:04:45 +0200] "GET /heizoel.php HTTP/1.0" 200 11999 "-" "Mozilla/5.0 (compatible; MJ12bot/v1.4.5; http://www.majestic12.co.uk/bot.php?+)"
88.198.16.153 - - [04/Jul/2015:06:05:28 +0200] "GET /impressum.php HTTP/1.0" 200 12936 "-" "Mozilla/5.0 (compatible; MJ12bot/v1.4.5; http://www.majestic12.co.uk/bot.php?+)"
88.198.16.153 - - [04/Jul/2015:06:06:12 +0200] "GET /index.php HTTP/1.0" 200 15920 "-" "Mozilla/5.0 (compatible; MJ12bot/v1.4.5; http://www.majestic12.co.uk/bot.php?+)"
88.198.16.153 - - [04/Jul/2015:06:07:40 +0200] "GET /kontakt.php HTTP/1.0" 200 11467 "-" "Mozilla/5.0 (compatible; MJ12bot/v1.4.5; http://www.majestic12.co.uk/bot.php?+)"
88.198.16.153 - - [04/Jul/2015:06:08:24 +0200] "GET /kwk.php HTTP/1.0" 200 11474 "-" "Mozilla/5.0 (compatible; MJ12bot/v1.4.5; http://www.majestic12.co.uk/bot.php?+)"
88.198.16.153 - - [04/Jul/2015:06:12:06 +0200] "GET /preisanfrage.php HTTP/1.0" 200 11493 "-" "Mozilla/5.0 (compatible; MJ12bot/v1.4.5; http://www.majestic12.co.uk/bot.php?+)"
88.198.16.153 - - [04/Jul/2015:06:09:08 +0200] "GET /lexikon.php HTTP/1.0" 200 11466 "-" "Mozilla/5.0 (compatible; MJ12bot/v1.4.5; http://www.majestic12.co.uk/bot.php?+)"
88.198.16.153 - - [04/Jul/2015:06:09:51 +0200] "GET /marktdaten.php HTTP/1.0" 200 12103 "-" "Mozilla/5.0 (compatible; MJ12bot/v1.4.5; http://www.majestic12.co.uk/bot.php?+)"
88.198.16.153 - - [04/Jul/2015:06:10:37 +0200] "GET /news.php HTTP/1.0" 200 11477 "-" "Mozilla/5.0 (compatible; MJ12bot/v1.4.5; http://www.majestic12.co.uk/bot.php?+)"
88.198.16.153 - - [04/Jul/2015:06:14:06 +0200] "GET /waermekonto.php HTTP/1.0" 200 11831 "-" "Mozilla/5.0 (compatible; MJ12bot/v1.4.5; http://www.majestic12.co.uk/bot.php?+)"
88.198.16.153 - - [04/Jul/2015:06:11:20 +0200] "GET /notdienst.php HTTP/1.0" 200 12433 "-" "Mozilla/5.0 (compatible; MJ12bot/v1.4.5; http://www.majestic12.co.uk/bot.php?+)"
88.198.16.153 - - [04/Jul/2015:06:11:42 +0200] "GET /ofenbau.php HTTP/1.0" 200 11696 "-" "Mozilla/5.0 (compatible; MJ12bot/v1.4.5; http://www.majestic12.co.uk/bot.php?+)"
88.198.16.153 - - [04/Jul/2015:06:12:29 +0200] "GET /premiumheizoel.php HTTP/1.0" 200 12235 "-" "Mozilla/5.0 (compatible; MJ12bot/v1.4.5; http://www.majestic12.co.uk/bot.php?+)"
88.198.16.153 - - [04/Jul/2015:06:12:53 +0200] "GET /schmierstoffe.php HTTP/1.0" 200 14431 "-" "Mozilla/5.0 (compatible; MJ12bot/v1.4.5; http://www.majestic12.co.uk/bot.php?+)"
88.198.16.153 - - [04/Jul/2015:06:13:17 +0200] "GET /tankanlagen.php HTTP/1.0" 200 11688 "-" "Mozilla/5.0 (compatible; MJ12bot/v1.4.5; http://www.majestic12.co.uk/bot.php?+)"
88.198.16.153 - - [04/Jul/2015:06:13:41 +0200] "GET /tankreinigung.php HTTP/1.0" 200 11757 "-" "Mozilla/5.0 (compatible; MJ12bot/v1.4.5; http://www.majestic12.co.uk/bot.php?+)"
88.198.16.153 - - [04/Jul/2015:06:14:28 +0200] "GET /wunschpreis.php HTTP/1.0" 200 11646 "-" "Mozilla/5.0 (compatible; MJ12bot/v1.4.5; http://www.majestic12.co.uk/bot.php?+)"
151.80.31.115 - - [04/Jul/2015:06:37:05 +0200] "GET /robots.txt HTTP/1.1" 404 1256 "-" "Mozilla/5.0 (compatible; AhrefsBot/5.0; +http://ahrefs.com/robot/)"
66.249.78.161 - - [04/Jul/2015:06:40:01 +0200] "GET /tankanlagen.php HTTP/1.1" 200 11688 "-" "Mozilla/5.0 (iPhone; CPU iPhone OS 6_0 like Mac OS X) AppleWebKit/536.26 (KHTML, like Gecko) Version/6.0 Mobile/10A5376e Safari/8536.25 (compatible; Googlebot/2.1; +http://www.google.com/bot.html)"
66.249.78.154 - - [04/Jul/2015:06:46:35 +0200] "GET /tankanlagen.php HTTP/1.1" 200 11688 "-" "Mozilla/5.0 (iPhone; CPU iPhone OS 6_0 like Mac OS X) AppleWebKit/536.26 (KHTML, like Gecko) Version/6.0 Mobile/10A5376e Safari/8536.25 (compatible; Googlebot/2.1; +http://www.google.com/bot.html)"
66.249.78.147 - - [04/Jul/2015:06:52:58 +0200] "GET /tankanlagen.php HTTP/1.1" 200 11688 "-" "Mozilla/5.0 (iPhone; CPU iPhone OS 6_0 like Mac OS X) AppleWebKit/536.26 (KHTML, like Gecko) Version/6.0 Mobile/10A5376e Safari/8536.25 (compatible; Googlebot/2.1; +http://www.google.com/bot.html)"
157.55.39.14 - - [04/Jul/2015:08:07:30 +0200] "GET /robots.txt HTTP/1.1" 404 1256 "-" "Mozilla/5.0 (compatible; bingbot/2.0; +http://www.bing.com/bingbot.htm)"
66.249.78.142 - - [04/Jul/2015:08:36:40 +0200] "GET /news.php?cs_go=archiv&cs_id=4250 HTTP/1.1" 200 11477 "-" "Mozilla/5.0 (iPhone; CPU iPhone OS 6_0 like Mac OS X) AppleWebKit/536.26 (KHTML, like Gecko) Version/6.0 Mobile/10A5376e Safari/8536.25 (compatible; Googlebot/2.1; +http://www.google.com/bot.html)"
66.249.78.149 - - [04/Jul/2015:08:43:17 +0200] "GET /news.php?cs_go=archiv&cs_id=4250 HTTP/1.1" 200 11477 "-" "Mozilla/5.0 (iPhone; CPU iPhone OS 6_0 like Mac OS X) AppleWebKit/536.26 (KHTML, like Gecko) Version/6.0 Mobile/10A5376e Safari/8536.25 (compatible; Googlebot/2.1; +http://www.google.com/bot.html)"
66.249.78.149 - - [04/Jul/2015:08:49:36 +0200] "GET /news.php?cs_go=archiv&cs_id=4250 HTTP/1.1" 200 11477 "-" "Mozilla/5.0 (iPhone; CPU iPhone OS 6_0 like Mac OS X) AppleWebKit/536.26 (KHTML, like Gecko) Version/6.0 Mobile/10A5376e Safari/8536.25 (compatible; Googlebot/2.1; +http://www.google.com/bot.html)"
157.55.39.14 - - [04/Jul/2015:09:15:17 +0200] "GET /images/Imagebroschuere_team_energie.png HTTP/1.1" 200 64117 "-" "Mozilla/5.0 (compatible; bingbot/2.0; +http://www.bing.com/bingbot.htm)"
157.55.39.14 - - [04/Jul/2015:09:40:43 +0200] "GET /robots.txt HTTP/1.1" 404 1256 "-" "Mozilla/5.0 (compatible; bingbot/2.0; +http://www.bing.com/bingbot.htm)"
157.55.39.14 - - [04/Jul/2015:10:25:29 +0200] "GET /images/adblue_neu.png HTTP/1.1" 200 30982 "-" "Mozilla/5.0 (compatible; bingbot/2.0; +http://www.bing.com/bingbot.htm)"
5.102.173.71 - - [04/Jul/2015:10:38:28 +0200] "GET /robots.txt HTTP/1.1" 404 1256 "-" "Mozilla/5.0 (compatible; MojeekBot/0.6; +https://www.mojeek.com/bot.html)"
207.46.13.4 - - [04/Jul/2015:10:39:19 +0200] "GET /robots.txt HTTP/1.1" 404 1256 "-" "Mozilla/5.0 (compatible; bingbot/2.0; +http://www.bing.com/bingbot.htm)"
5.102.173.71 - - [04/Jul/2015:10:38:28 +0200] "GET /tankreinigung.php HTTP/1.1" 200 11962 "-" "Mozilla/5.0 (compatible; MojeekBot/0.6; +https://www.mojeek.com/bot.html)"
173.88.64.211 - - [04/Jul/2015:10:54:10 +0200] "GET / HTTP/1.1" 200 16125 "-" "Mozilla/4.0 (compatible; MSIE 7.0; Windows NT 5.1; Trident/4.0; .NET CLR 1.1.4322; .NET CLR 2.0.50727; .NET CLR 3.0.04506.30; .NET CLR 3.0.4506.2152; .NET CLR 3.5.30729; MDDR; .NET4.0C)"
5.9.41.104 - - [04/Jul/2015:11:11:21 +0200] "GET /robots.txt HTTP/1.1" 404 1256 "-" "Mozilla/5.0 (compatible; SearchmetricsBot; http://www.searchmetrics.com/en/searchmetrics-bot/)"
5.9.41.104 - - [04/Jul/2015:11:15:22 +0200] "GET /../kwk.php HTTP/1.1" 400 1200 "-" "Mozilla/5.0 (compatible; SearchmetricsBot; http://www.searchmetrics.com/en/searchmetrics-bot/)"
5.9.41.104 - - [04/Jul/2015:11:11:52 +0200] "GET /biogasanlage.php HTTP/1.1" 200 11909 "-" "Mozilla/5.0 (compatible; SearchmetricsBot; http://www.searchmetrics.com/en/searchmetrics-bot/)"
5.9.41.104 - - [04/Jul/2015:11:12:02 +0200] "GET /adblue.php HTTP/1.1" 200 15843 "-" "Mozilla/5.0 (compatible; SearchmetricsBot; http://www.searchmetrics.com/en/searchmetrics-bot/)"
5.9.41.104 - - [04/Jul/2015:11:12:43 +0200] "GET /impressum.php HTTP/1.1" 200 12936 "-" "Mozilla/5.0 (compatible; SearchmetricsBot; http://www.searchmetrics.com/en/searchmetrics-bot/)"
5.9.41.104 - - [04/Jul/2015:11:12:53 +0200] "GET /jobs.php HTTP/1.1" 200 11716 "-" "Mozilla/5.0 (compatible; SearchmetricsBot; http://www.searchmetrics.com/en/searchmetrics-bot/)"
5.9.41.104 - - [04/Jul/2015:11:13:04 +0200] "GET /schmierstoffe.php HTTP/1.1" 200 14431 "-" "Mozilla/5.0 (compatible; SearchmetricsBot; http://www.searchmetrics.com/en/searchmetrics-bot/)"
5.9.41.104 - - [04/Jul/2015:11:13:14 +0200] "GET /preisanfrage.php HTTP/1.1" 200 11698 "-" "Mozilla/5.0 (compatible; SearchmetricsBot; http://www.searchmetrics.com/en/searchmetrics-bot/)"
5.9.41.104 - - [04/Jul/2015:11:13:58 +0200] "GET /baustellenbetankung.php HTTP/1.1" 200 12527 "-" "Mozilla/5.0 (compatible; SearchmetricsBot; http://www.searchmetrics.com/en/searchmetrics-bot/)"
5.9.41.104 - - [04/Jul/2015:11:14:18 +0200] "GET /marktdaten.php HTTP/1.1" 200 12103 "-" "Mozilla/5.0 (compatible; SearchmetricsBot; http://www.searchmetrics.com/en/searchmetrics-bot/)"
5.9.41.104 - - [04/Jul/2015:11:11:21 +0200] "GET / HTTP/1.1" 200 16125 "-" "Mozilla/5.0 (compatible; SearchmetricsBot; http://www.searchmetrics.com/en/searchmetrics-bot/)"
5.9.41.104 - - [04/Jul/2015:11:11:32 +0200] "GET /kontakt.php HTTP/1.1" 200 11672 "-" "Mozilla/5.0 (compatible; SearchmetricsBot; http://www.searchmetrics.com/en/searchmetrics-bot/)"
5.9.41.104 - - [04/Jul/2015:11:14:42 +0200] "GET /essoschmierstoffe.php HTTP/1.1" 200 15592 "-" "Mozilla/5.0 (compatible; SearchmetricsBot; http://www.searchmetrics.com/en/searchmetrics-bot/)"
5.9.41.104 - - [04/Jul/2015:11:11:42 +0200] "GET /tankreinigung.php HTTP/1.1" 200 11962 "-" "Mozilla/5.0 (compatible; SearchmetricsBot; http://www.searchmetrics.com/en/searchmetrics-bot/)"
5.9.41.104 - - [04/Jul/2015:11:14:52 +0200] "GET /premiumheizoel.php HTTP/1.1" 200 12235 "-" "Mozilla/5.0 (compatible; SearchmetricsBot; http://www.searchmetrics.com/en/searchmetrics-bot/)"
5.9.41.104 - - [04/Jul/2015:11:12:12 +0200] "GET /heizoel.php HTTP/1.1" 200 12204 "-" "Mozilla/5.0 (compatible; SearchmetricsBot; http://www.searchmetrics.com/en/searchmetrics-bot/)"
5.9.41.104 - - [04/Jul/2015:11:12:23 +0200] "GET /diesel.php HTTP/1.1" 200 12167 "-" "Mozilla/5.0 (compatible; SearchmetricsBot; http://www.searchmetrics.com/en/searchmetrics-bot/)"
5.9.41.104 - - [04/Jul/2015:11:12:33 +0200] "GET /ec.php HTTP/1.1" 200 11821 "-" "Mozilla/5.0 (compatible; SearchmetricsBot; http://www.searchmetrics.com/en/searchmetrics-bot/)"
5.9.41.104 - - [04/Jul/2015:11:15:43 +0200] "GET /waermekonto.php HTTP/1.1" 200 12036 "-" "Mozilla/5.0 (compatible; SearchmetricsBot; http://www.searchmetrics.com/en/searchmetrics-bot/)"
5.9.41.104 - - [04/Jul/2015:11:16:27 +0200] "GET /notdienst.php HTTP/1.1" 200 12433 "-" "Mozilla/5.0 (compatible; SearchmetricsBot; http://www.searchmetrics.com/en/searchmetrics-bot/)"
5.9.41.104 - - [04/Jul/2015:11:16:37 +0200] "GET /ansprechpartner.php HTTP/1.1" 200 13907 "-" "Mozilla/5.0 (compatible; SearchmetricsBot; http://www.searchmetrics.com/en/searchmetrics-bot/)"
5.9.41.104 - - [04/Jul/2015:11:13:37 +0200] "GET /brennwerttechnik.php HTTP/1.1" 200 12064 "-" "Mozilla/5.0 (compatible; SearchmetricsBot; http://www.searchmetrics.com/en/searchmetrics-bot/)"
5.9.41.104 - - [04/Jul/2015:11:13:48 +0200] "GET /edl.php HTTP/1.1" 200 12021 "-" "Mozilla/5.0 (compatible; SearchmetricsBot; http://www.searchmetrics.com/en/searchmetrics-bot/)"
5.9.41.104 - - [04/Jul/2015:11:14:08 +0200] "GET /faq.php HTTP/1.1" 200 11681 "-" "Mozilla/5.0 (compatible; SearchmetricsBot; http://www.searchmetrics.com/en/searchmetrics-bot/)"
5.9.41.104 - - [04/Jul/2015:11:14:31 +0200] "GET /energiesparcheck.php HTTP/1.1" 200 11754 "-" "Mozilla/5.0 (compatible; SearchmetricsBot; http://www.searchmetrics.com/en/searchmetrics-bot/)"
5.9.41.104 - - [04/Jul/2015:11:15:02 +0200] "GET /foerdermittel.php HTTP/1.1" 200 12029 "-" "Mozilla/5.0 (compatible; SearchmetricsBot; http://www.searchmetrics.com/en/searchmetrics-bot/)"
5.9.41.104 - - [04/Jul/2015:11:15:12 +0200] "GET /lexikon.php HTTP/1.1" 200 11671 "-" "Mozilla/5.0 (compatible; SearchmetricsBot; http://www.searchmetrics.com/en/searchmetrics-bot/)"
5.9.41.104 - - [04/Jul/2015:11:15:22 +0200] "GET /ofenbau.php HTTP/1.1" 200 11901 "-" "Mozilla/5.0 (compatible; SearchmetricsBot; http://www.searchmetrics.com/en/searchmetrics-bot/)"
5.9.41.104 - - [04/Jul/2015:11:15:33 +0200] "GET /news.php HTTP/1.1" 200 11682 "-" "Mozilla/5.0 (compatible; SearchmetricsBot; http://www.searchmetrics.com/en/searchmetrics-bot/)"
5.9.41.104 - - [04/Jul/2015:11:15:56 +0200] "GET /wunschpreis.php HTTP/1.1" 200 11851 "-" "Mozilla/5.0 (compatible; SearchmetricsBot; http://www.searchmetrics.com/en/searchmetrics-bot/)"
5.9.41.104 - - [04/Jul/2015:11:16:07 +0200] "GET /index.php HTTP/1.1" 200 16125 "-" "Mozilla/5.0 (compatible; SearchmetricsBot; http://www.searchmetrics.com/en/searchmetrics-bot/)"
5.9.41.104 - - [04/Jul/2015:11:16:17 +0200] "GET /tankanlagen.php HTTP/1.1" 200 11893 "-" "Mozilla/5.0 (compatible; SearchmetricsBot; http://www.searchmetrics.com/en/searchmetrics-bot/)"
5.9.41.104 - - [04/Jul/2015:11:13:24 +0200] "GET /energiekostenvergleich.php HTTP/1.1" 200 24259 "-" "Mozilla/5.0 (compatible; SearchmetricsBot; http://www.searchmetrics.com/en/searchmetrics-bot/)"
66.249.78.217 - - [04/Jul/2015:11:38:40 +0200] "GET /robots.txt HTTP/1.1" 404 1256 "-" "Mozilla/5.0 (compatible; Googlebot/2.1; +http://www.google.com/bot.html)"
66.249.78.224 - - [04/Jul/2015:11:38:40 +0200] "GET /schmierstoffe.php HTTP/1.1" 200 14431 "-" "Mozilla/5.0 (compatible; Googlebot/2.1; +http://www.google.com/bot.html)"
66.249.78.224 - - [04/Jul/2015:11:45:04 +0200] "GET /schmierstoffe.php HTTP/1.1" 200 14431 "-" "Mozilla/5.0 (compatible; Googlebot/2.1; +http://www.google.com/bot.html)"
66.249.78.217 - - [04/Jul/2015:11:51:06 +0200] "GET /schmierstoffe.php HTTP/1.1" 200 14431 "-" "Mozilla/5.0 (compatible; Googlebot/2.1; +http://www.google.com/bot.html)"
66.249.78.50 - - [04/Jul/2015:13:08:20 +0200] "GET / HTTP/1.1" 200 15920 "-" "Mozilla/5.0 (compatible; Googlebot/2.1; +http://www.google.com/bot.html)"
66.249.78.43 - - [04/Jul/2015:13:11:20 +0200] "GET / HTTP/1.1" 200 15920 "-" "Mozilla/5.0 (compatible; Googlebot/2.1; +http://www.google.com/bot.html)"
66.249.78.147 - - [04/Jul/2015:13:20:58 +0200] "GET /robots.txt HTTP/1.1" 404 1256 "-" "Mozilla/5.0 (compatible; Googlebot/2.1; +http://www.google.com/bot.html)"
66.249.78.36 - - [04/Jul/2015:13:14:57 +0200] "GET / HTTP/1.1" 200 15920 "-" "Mozilla/5.0 (compatible; Googlebot/2.1; +http://www.google.com/bot.html)"
66.249.78.43 - - [04/Jul/2015:13:17:58 +0200] "GET / HTTP/1.1" 200 15920 "-" "Mozilla/5.0 (compatible; Googlebot/2.1; +http://www.google.com/bot.html)"
66.249.78.161 - - [04/Jul/2015:13:20:58 +0200] "GET /lexikon.php?cs_go=3&cs_id=141 HTTP/1.1" 200 11466 "-" "Mozilla/5.0 (compatible; Googlebot/2.1; +http://www.google.com/bot.html)"
148.251.75.46 - - [04/Jul/2015:13:21:50 +0200] "GET /preisanfrage.php HTTP/1.1" 200 11698 "-" "Mozilla/5.0 (Windows NT 6.2; WOW64) AppleWebKit/537.31 (KHTML, like Gecko) Chrome/26.0.1410.58 Safari/537.31"
148.251.75.46 - - [04/Jul/2015:13:22:02 +0200] "GET /preisanfrage.php HTTP/1.1" 200 11698 "-" "Mozilla/5.0 (Windows NT 5.0; rv:21.0) Gecko/20100101 Firefox/21.0"
66.249.78.43 - - [04/Jul/2015:13:23:58 +0200] "GET / HTTP/1.1" 200 15920 "-" "Mozilla/5.0 (compatible; Googlebot/2.1; +http://www.google.com/bot.html)"
148.251.75.46 - - [04/Jul/2015:13:21:50 +0200] "GET /wunschpreis.php HTTP/1.1" 200 11851 "-" "Mozilla/5.0 (Windows NT 6.1; WOW64; rv:11.0) Gecko Firefox/11.0"
148.251.75.46 - - [04/Jul/2015:13:22:02 +0200] "GET /wunschpreis.php HTTP/1.1" 200 11851 "-" "Mozilla/5.0 (Windows NT 6.1; WOW64; rv:11.0) Gecko Firefox/11.0"
148.251.75.46 - - [04/Jul/2015:13:22:14 +0200] "GET /news.php?cs_go=archiv&cs_startpos=840 HTTP/1.1" 200 11682 "-" "Mozilla/5.0 (Macintosh; Intel Mac OS X 10_8) AppleWebKit/536.25 (KHTML, like Gecko) Version/6.0 Safari/536.25"
148.251.75.46 - - [04/Jul/2015:13:22:26 +0200] "GET /news.php?cs_go=archiv&cs_startpos=840 HTTP/1.1" 200 11682 "-" "Mozilla/5.0 (Windows NT 6.2; WOW64) AppleWebKit/537.36 (KHTML, like Gecko) Chrome/27.0.1453.93 Safari/537.36"
66.249.78.50 - - [04/Jul/2015:13:26:58 +0200] "GET / HTTP/1.1" 200 15920 "-" "Mozilla/5.0 (compatible; Googlebot/2.1; +http://www.google.com/bot.html)"
66.249.78.147 - - [04/Jul/2015:13:29:58 +0200] "GET /lexikon.php?cs_go=3&cs_id=141 HTTP/1.1" 200 11466 "-" "Mozilla/5.0 (compatible; Googlebot/2.1; +http://www.google.com/bot.html)"
66.249.78.161 - - [04/Jul/2015:13:36:17 +0200] "GET /lexikon.php?cs_go=3&cs_id=141 HTTP/1.1" 200 11466 "-" "Mozilla/5.0 (compatible; Googlebot/2.1; +http://www.google.com/bot.html)"
80.237.157.71 - - [04/Jul/2015:14:04:38 +0200] "GET /style.css HTTP/1.1" 200 8056 "http://www.esso-berlin.de/" "Mozilla/5.0 (X11; U; Linux x86_64; en-US; rv:1.7.7) Gecko/20050414"
80.237.157.71 - - [04/Jul/2015:14:04:38 +0200] "GET /modul.css HTTP/1.1" 200 36485 "http://www.esso-berlin.de/" "Mozilla/5.0 (X11; U; Linux x86_64; en-US; rv:1.7.7) Gecko/20050414"
80.237.157.71 - - [04/Jul/2015:14:04:38 +0200] "GET /js/ddaccordion.js HTTP/1.1" 200 12534 "http://www.esso-berlin.de/" "Mozilla/5.0 (X11; U; Linux x86_64; en-US; rv:1.7.7) Gecko/20050414"
80.237.157.71 - - [04/Jul/2015:14:04:38 +0200] "GET /js/jquery.min.js HTTP/1.1" 200 57254 "http://www.esso-berlin.de/" "Mozilla/5.0 (X11; U; Linux x86_64; en-US; rv:1.7.7) Gecko/20050414"
80.237.157.71 - - [04/Jul/2015:14:04:38 +0200] "GET /js/slider.js HTTP/1.1" 200 773 "http://www.esso-berlin.de/" "Mozilla/5.0 (X11; U; Linux x86_64; en-US; rv:1.7.7) Gecko/20050414"
80.237.157.71 - - [04/Jul/2015:14:04:38 +0200] "GET /video/jwplayer.js HTTP/1.1" 200 132411 "http://www.esso-berlin.de/" "Mozilla/5.0 (X11; U; Linux x86_64; en-US; rv:1.7.7) Gecko/20050414"
80.237.157.71 - - [04/Jul/2015:14:04:38 +0200] "GET /Scripts/AC_ActiveX.js HTTP/1.1" 200 2068 "http://www.esso-berlin.de/" "Mozilla/5.0 (X11; U; Linux x86_64; en-US; rv:1.7.7) Gecko/20050414"
80.237.157.71 - - [04/Jul/2015:14:04:38 +0200] "GET /Scripts/AC_RunActiveContent.js HTTP/1.1" 200 8029 "http://www.esso-berlin.de/" "Mozilla/5.0 (X11; U; Linux x86_64; en-US; rv:1.7.7) Gecko/20050414"
80.237.157.71 - - [04/Jul/2015:14:04:39 +0200] "GET /images/header.jpg HTTP/1.1" 200 23758 "http://www.esso-berlin.de/" "Mozilla/5.0 (X11; U; Linux x86_64; en-US; rv:1.7.7) Gecko/20050414"
80.237.157.71 - - [04/Jul/2015:14:04:39 +0200] "GET /images/content_bg.jpg HTTP/1.1" 200 437 "http://www.esso-berlin.de/" "Mozilla/5.0 (X11; U; Linux x86_64; en-US; rv:1.7.7) Gecko/20050414"
80.237.157.71 - - [04/Jul/2015:14:04:39 +0200] "GET /images/logos.jpg HTTP/1.1" 200 1205 "http://www.esso-berlin.de/" "Mozilla/5.0 (X11; U; Linux x86_64; en-US; rv:1.7.7) Gecko/20050414"
80.237.157.71 - - [04/Jul/2015:14:04:34 +0200] "GET / HTTP/1.1" 200 15920 "-" "Mozilla/5.0 (X11; U; Linux x86_64; en-US; rv:1.7.7) Gecko/20050414"
107.170.134.148 - - [04/Jul/2015:14:42:48 +0200] "GET /robots.txt HTTP/1.1" 404 1256 "-" "Mozilla/5.0 (compatible; spbot/4.4.2; +http://OpenLinkProfiler.org/bot )"
107.170.134.148 - - [04/Jul/2015:14:42:54 +0200] "GET / HTTP/1.1" 200 16125 "-" "Mozilla/5.0 (compatible; spbot/4.4.2; +http://OpenLinkProfiler.org/bot )"
66.249.78.149 - - [04/Jul/2015:15:19:56 +0200] "GET /ofenbau.php HTTP/1.1" 200 11696 "-" "Mozilla/5.0 (compatible; Googlebot/2.1; +http://www.google.com/bot.html)"
66.249.78.149 - - [04/Jul/2015:15:26:15 +0200] "GET /ofenbau.php HTTP/1.1" 200 11696 "-" "Mozilla/5.0 (compatible; Googlebot/2.1; +http://www.google.com/bot.html)"
66.249.78.135 - - [04/Jul/2015:15:32:45 +0200] "GET /ofenbau.php HTTP/1.1" 200 11696 "-" "Mozilla/5.0 (compatible; Googlebot/2.1; +http://www.google.com/bot.html)"
107.170.55.230 - - [04/Jul/2015:16:15:37 +0200] "GET /robots.txt HTTP/1.1" 404 1256 "-" "Mozilla/5.0 (compatible; spbot/4.4.2; +http://OpenLinkProfiler.org/bot )"
107.170.55.230 - - [04/Jul/2015:16:15:42 +0200] "GET / HTTP/1.1" 200 16125 "-" "Mozilla/5.0 (compatible; spbot/4.4.2; +http://OpenLinkProfiler.org/bot )"
174.129.237.157 - - [04/Jul/2015:16:45:31 +0200] "GET /robots.txt HTTP/1.0" 404 1256 "-" "ia_archiver"
174.129.237.157 - - [04/Jul/2015:16:45:31 +0200] "GET / HTTP/1.0" 200 16125 "-" "ia_archiver"
207.46.13.4 - - [04/Jul/2015:17:03:51 +0200] "GET / HTTP/1.1" 200 9656 "-" "Mozilla/5.0 (compatible; bingbot/2.0; +http://www.bing.com/bingbot.htm)"
66.249.78.210 - - [04/Jul/2015:17:20:45 +0200] "GET /lexikon.php?cs_go=3&cs_id=135 HTTP/1.1" 200 11466 "-" "Mozilla/5.0 (compatible; Googlebot/2.1; +http://www.google.com/bot.html)"
144.76.26.177 - - [04/Jul/2015:17:28:49 +0200] "GET /robots.txt HTTP/1.0" 404 1256 "-" "Mozilla/5.0 (compatible; MJ12bot/v1.4.5; http://www.majestic12.co.uk/bot.php?+)"
216.107.155.114 - - [04/Jul/2015:17:30:57 +0200] "GET /robots.txt HTTP/1.0" 404 1256 "-" "Mozilla/5.0 (compatible; MJ12bot/v1.4.5; http://www.majestic12.co.uk/bot.php?+)"
66.249.78.217 - - [04/Jul/2015:17:27:25 +0200] "GET /lexikon.php?cs_go=3&cs_id=135 HTTP/1.1" 200 11466 "-" "Mozilla/5.0 (compatible; Googlebot/2.1; +http://www.google.com/bot.html)"
144.76.26.177 - - [04/Jul/2015:17:28:50 +0200] "GET /wunschpreis.php HTTP/1.0" 200 11646 "-" "Mozilla/5.0 (compatible; MJ12bot/v1.4.5; http://www.majestic12.co.uk/bot.php?+)"
216.107.155.114 - - [04/Jul/2015:17:30:58 +0200] "GET /adblue.php HTTP/1.0" 200 15843 "-" "Mozilla/5.0 (compatible; MJ12bot/v1.4.5; http://www.majestic12.co.uk/bot.php?+)"
216.107.155.114 - - [04/Jul/2015:17:31:40 +0200] "GET /premiumheizoel.php HTTP/1.0" 200 12235 "-" "Mozilla/5.0 (compatible; MJ12bot/v1.4.5; http://www.majestic12.co.uk/bot.php?+)"
216.107.155.114 - - [04/Jul/2015:17:32:22 +0200] "GET /schmierstoffe.php HTTP/1.0" 200 14431 "-" "Mozilla/5.0 (compatible; MJ12bot/v1.4.5; http://www.majestic12.co.uk/bot.php?+)"
66.249.78.210 - - [04/Jul/2015:17:34:03 +0200] "GET /lexikon.php?cs_go=3&cs_id=135 HTTP/1.1" 200 11466 "-" "Mozilla/5.0 (compatible; Googlebot/2.1; +http://www.google.com/bot.html)"
216.107.155.114 - - [04/Jul/2015:17:33:04 +0200] "GET /tankanlagen.php HTTP/1.0" 200 11893 "-" "Mozilla/5.0 (compatible; MJ12bot/v1.4.5; http://www.majestic12.co.uk/bot.php?+)"
62.210.97.48 - - [04/Jul/2015:17:42:53 +0200] "GET /robots.txt HTTP/1.0" 404 1256 "-" "Mozilla/5.0 (compatible; MJ12bot/v1.4.5; http://www.majestic12.co.uk/bot.php?+)"
216.107.155.114 - - [04/Jul/2015:17:33:46 +0200] "GET /tankreinigung.php HTTP/1.0" 200 11962 "-" "Mozilla/5.0 (compatible; MJ12bot/v1.4.5; http://www.majestic12.co.uk/bot.php?+)"
62.210.97.48 - - [04/Jul/2015:17:42:58 +0200] "GET /adblue.php HTTP/1.0" 200 15843 "-" "Mozilla/5.0 (compatible; MJ12bot/v1.4.5; http://www.majestic12.co.uk/bot.php?+)"
151.80.31.132 - - [04/Jul/2015:18:09:11 +0200] "GET /jobs.php HTTP/1.1" 200 11511 "-" "Mozilla/5.0 (compatible; AhrefsBot/5.0; +http://ahrefs.com/robot/)"
66.249.78.50 - - [04/Jul/2015:18:22:35 +0200] "GET /robots.txt HTTP/1.1" 404 1256 "-" "Mozilla/5.0 (compatible; Googlebot/2.1; +http://www.google.com/bot.html)"
66.249.78.50 - - [04/Jul/2015:18:22:35 +0200] "GET /news.php?cs_go=archiv&cs_id=4907 HTTP/1.1" 200 11477 "-" "Mozilla/5.0 (compatible; Googlebot/2.1; +http://www.google.com/bot.html)"
212.119.237.10 - - [04/Jul/2015:18:29:39 +0200] "GET /style.css HTTP/1.1" 200 8056 "http://www.esso-berlin.de/" "Mozilla/5.0 (X11; Linux x86_64) AppleWebKit/537.36 (KHTML, like Gecko) Chrome/27.0.1453.110 Safari/537.36"
212.119.237.10 - - [04/Jul/2015:18:29:39 +0200] "GET /js/ddaccordion.js HTTP/1.1" 200 12534 "http://www.esso-berlin.de/" "Mozilla/5.0 (X11; Linux x86_64) AppleWebKit/537.36 (KHTML, like Gecko) Chrome/27.0.1453.110 Safari/537.36"
212.119.237.10 - - [04/Jul/2015:18:29:39 +0200] "GET /js/slider.js HTTP/1.1" 200 773 "http://www.esso-berlin.de/" "Mozilla/5.0 (X11; Linux x86_64) AppleWebKit/537.36 (KHTML, like Gecko) Chrome/27.0.1453.110 Safari/537.36"
212.119.237.10 - - [04/Jul/2015:18:29:39 +0200] "GET /Scripts/AC_ActiveX.js HTTP/1.1" 200 2068 "http://www.esso-berlin.de/" "Mozilla/5.0 (X11; Linux x86_64) AppleWebKit/537.36 (KHTML, like Gecko) Chrome/27.0.1453.110 Safari/537.36"
212.119.237.10 - - [04/Jul/2015:18:29:39 +0200] "GET /modul.css HTTP/1.1" 200 36485 "http://www.esso-berlin.de/" "Mozilla/5.0 (X11; Linux x86_64) AppleWebKit/537.36 (KHTML, like Gecko) Chrome/27.0.1453.110 Safari/537.36"
212.119.237.10 - - [04/Jul/2015:18:29:39 +0200] "GET /Scripts/AC_RunActiveContent.js HTTP/1.1" 200 8029 "http://www.esso-berlin.de/" "Mozilla/5.0 (X11; Linux x86_64) AppleWebKit/537.36 (KHTML, like Gecko) Chrome/27.0.1453.110 Safari/537.36"
212.119.237.10 - - [04/Jul/2015:18:29:39 +0200] "GET /js/jquery.min.js HTTP/1.1" 200 57254 "http://www.esso-berlin.de/" "Mozilla/5.0 (X11; Linux x86_64) AppleWebKit/537.36 (KHTML, like Gecko) Chrome/27.0.1453.110 Safari/537.36"
212.119.237.10 - - [04/Jul/2015:18:29:39 +0200] "GET /video/jwplayer.js HTTP/1.1" 200 132411 "http://www.esso-berlin.de/" "Mozilla/5.0 (X11; Linux x86_64) AppleWebKit/537.36 (KHTML, like Gecko) Chrome/27.0.1453.110 Safari/537.36"
66.249.78.43 - - [04/Jul/2015:18:28:49 +0200] "GET /news.php?cs_go=archiv&cs_id=4907 HTTP/1.1" 200 11477 "-" "Mozilla/5.0 (compatible; Googlebot/2.1; +http://www.google.com/bot.html)"
212.119.237.10 - - [04/Jul/2015:18:29:38 +0200] "GET / HTTP/1.1" 200 16125 "-" "Mozilla/5.0 (X11; Linux x86_64) AppleWebKit/537.36 (KHTML, like Gecko) Chrome/27.0.1453.110 Safari/537.36"
66.249.78.36 - - [04/Jul/2015:18:34:58 +0200] "GET /news.php?cs_go=archiv&cs_id=4907 HTTP/1.1" 200 11477 "-" "Mozilla/5.0 (compatible; Googlebot/2.1; +http://www.google.com/bot.html)"
66.249.78.43 - - [04/Jul/2015:19:21:06 +0200] "GET /news.php?cs_go=archiv&cs_id=2981 HTTP/1.1" 200 11477 "-" "Mozilla/5.0 (compatible; Googlebot/2.1; +http://www.google.com/bot.html)"
66.249.75.153 - - [04/Jul/2015:19:27:16 +0200] "GET /news.php?cs_go=archiv&cs_id=2981 HTTP/1.1" 200 11477 "-" "Mozilla/5.0 (compatible; Googlebot/2.1; +http://www.google.com/bot.html)"
66.249.78.43 - - [04/Jul/2015:19:33:34 +0200] "GET /news.php?cs_go=archiv&cs_id=2981 HTTP/1.1" 200 11477 "-" "Mozilla/5.0 (compatible; Googlebot/2.1; +http://www.google.com/bot.html)"
78.46.50.246 - - [04/Jul/2015:20:11:50 +0200] "GET /robots.txt HTTP/1.0" 404 1256 "-" "Mozilla/5.0 (compatible; MJ12bot/v1.4.5; http://www.majestic12.co.uk/bot.php?+)"
78.46.50.246 - - [04/Jul/2015:20:11:52 +0200] "GET /adblue.php HTTP/1.0" 200 15843 "-" "Mozilla/5.0 (compatible; MJ12bot/v1.4.5; http://www.majestic12.co.uk/bot.php?+)"
78.46.50.246 - - [04/Jul/2015:20:12:34 +0200] "GET /premiumheizoel.php HTTP/1.0" 200 12235 "-" "Mozilla/5.0 (compatible; MJ12bot/v1.4.5; http://www.majestic12.co.uk/bot.php?+)"
78.46.50.246 - - [04/Jul/2015:20:13:23 +0200] "GET /schmierstoffe.php HTTP/1.0" 200 14431 "-" "Mozilla/5.0 (compatible; MJ12bot/v1.4.5; http://www.majestic12.co.uk/bot.php?+)"
78.46.50.246 - - [04/Jul/2015:20:14:11 +0200] "GET /tankanlagen.php HTTP/1.0" 200 11688 "-" "Mozilla/5.0 (compatible; MJ12bot/v1.4.5; http://www.majestic12.co.uk/bot.php?+)"
78.46.50.246 - - [04/Jul/2015:20:14:54 +0200] "GET /tankreinigung.php HTTP/1.0" 200 11757 "-" "Mozilla/5.0 (compatible; MJ12bot/v1.4.5; http://www.majestic12.co.uk/bot.php?+)"
66.249.78.43 - - [04/Jul/2015:21:57:15 +0200] "GET / HTTP/1.1" 200 15920 "-" "Mozilla/5.0 (compatible; Googlebot/2.1; +http://www.google.com/bot.html)"
66.249.78.50 - - [04/Jul/2015:22:03:50 +0200] "GET / HTTP/1.1" 200 15920 "-" "Mozilla/5.0 (compatible; Googlebot/2.1; +http://www.google.com/bot.html)"
66.249.78.36 - - [04/Jul/2015:22:10:13 +0200] "GET / HTTP/1.1" 200 15920 "-" "Mozilla/5.0 (compatible; Googlebot/2.1; +http://www.google.com/bot.html)"
207.46.13.4 - - [04/Jul/2015:22:54:23 +0200] "GET /images/adblue.png HTTP/1.1" 200 10428 "-" "Mozilla/5.0 (compatible; bingbot/2.0; +http://www.bing.com/bingbot.htm)"
66.249.78.249 - - [04/Jul/2015:23:10:49 +0200] "GET /robots.txt HTTP/1.1" 404 1256 "-" "Mozilla/5.0 (compatible; Googlebot/2.1; +http://www.google.com/bot.html)"
66.249.78.249 - - [04/Jul/2015:23:10:49 +0200] "GET / HTTP/1.1" 200 15920 "-" "Mozilla/5.0 (compatible; Googlebot/2.1; +http://www.google.com/bot.html)"
66.249.78.2 - - [04/Jul/2015:23:17:18 +0200] "GET / HTTP/1.1" 200 15920 "-" "Mozilla/5.0 (compatible; Googlebot/2.1; +http://www.google.com/bot.html)"
66.249.78.9 - - [04/Jul/2015:23:23:41 +0200] "GET / HTTP/1.1" 200 15920 "-" "Mozilla/5.0 (compatible; Googlebot/2.1; +http://www.google.com/bot.html)"
66.249.78.135 - - [04/Jul/2015:23:36:41 +0200] "GET /robots.txt HTTP/1.1" 404 1256 "-" "Mozilla/5.0 (compatible; Googlebot/2.1; +http://www.google.com/bot.html)"
66.249.78.142 - - [04/Jul/2015:23:36:41 +0200] "GET /style.css HTTP/1.1" 200 8056 "-" "Mozilla/5.0 (compatible; Googlebot/2.1; +http://www.google.com/bot.html)"
66.249.78.142 - - [04/Jul/2015:23:36:41 +0200] "GET /modul.css HTTP/1.1" 200 36485 "-" "Mozilla/5.0 (compatible; Googlebot/2.1; +http://www.google.com/bot.html)"
66.249.78.217 - - [04/Jul/2015:23:32:15 +0200] "GET /news.php?cs_go=archiv&cs_startpos=90 HTTP/1.1" 200 11477 "-" "Mozilla/5.0 (compatible; Googlebot/2.1; +http://www.google.com/bot.html)"
66.249.78.224 - - [04/Jul/2015:23:38:56 +0200] "GET /robots.txt HTTP/1.1" 404 1256 "-" "Mozilla/5.0 (compatible; Googlebot/2.1; +http://www.google.com/bot.html)"
66.249.78.210 - - [04/Jul/2015:23:38:56 +0200] "GET /news.php?cs_go=archiv&cs_startpos=90 HTTP/1.1" 200 11477 "-" "Mozilla/5.0 (compatible; Googlebot/2.1; +http://www.google.com/bot.html)"
66.249.78.210 - - [04/Jul/2015:23:45:38 +0200] "GET /news.php?cs_go=archiv&cs_startpos=90 HTTP/1.1" 200 11477 "-" "Mozilla/5.0 (compatible; Googlebot/2.1; +http://www.google.com/bot.html)"
123.125.71.57 - - [05/Jul/2015:00:02:28 +0200] "GET / HTTP/1.1" 200 9656 "-" "Mozilla/5.0 (Windows NT 5.1; rv:6.0.2) Gecko/20100101 Firefox/6.0.2"
151.80.31.132 - - [05/Jul/2015:00:15:13 +0200] "GET /tankanlagen.php HTTP/1.1" 200 11688 "-" "Mozilla/5.0 (compatible; AhrefsBot/5.0; +http://ahrefs.com/robot/)"
66.249.78.43 - - [05/Jul/2015:00:23:53 +0200] "GET /news.php?cs_go=archiv&cs_id=3923 HTTP/1.1" 200 11477 "-" "Mozilla/5.0 (compatible; Googlebot/2.1; +http://www.google.com/bot.html)"
66.249.78.43 - - [05/Jul/2015:00:30:00 +0200] "GET /news.php?cs_go=archiv&cs_id=3923 HTTP/1.1" 200 11477 "-" "Mozilla/5.0 (compatible; Googlebot/2.1; +http://www.google.com/bot.html)"
66.249.78.36 - - [05/Jul/2015:00:36:11 +0200] "GET /news.php?cs_go=archiv&cs_id=3923 HTTP/1.1" 200 11477 "-" "Mozilla/5.0 (compatible; Googlebot/2.1; +http://www.google.com/bot.html)"
66.249.78.119 - - [05/Jul/2015:01:25:01 +0200] "GET /robots.txt HTTP/1.1" 404 1256 "-" "Mozilla/5.0 (compatible; Googlebot/2.1; +http://www.google.com/bot.html)"
66.249.78.126 - - [05/Jul/2015:01:25:01 +0200] "GET /news.php HTTP/1.1" 200 11477 "-" "Mozilla/5.0 (compatible; Googlebot/2.1; +http://www.google.com/bot.html)"
66.249.78.126 - - [05/Jul/2015:01:31:44 +0200] "GET /news.php HTTP/1.1" 200 11477 "-" "Mozilla/5.0 (compatible; Googlebot/2.1; +http://www.google.com/bot.html)"
66.249.78.50 - - [05/Jul/2015:01:36:59 +0200] "GET /news.php?cs_go=archiv&cs_id=4474 HTTP/1.1" 200 11477 "-" "Mozilla/5.0 (compatible; Googlebot/2.1; +http://www.google.com/bot.html)"
66.249.78.112 - - [05/Jul/2015:01:39:59 +0200] "GET /news.php HTTP/1.1" 200 11477 "-" "Mozilla/5.0 (compatible; Googlebot/2.1; +http://www.google.com/bot.html)"
66.249.78.50 - - [05/Jul/2015:01:43:26 +0200] "GET /news.php?cs_go=archiv&cs_id=4474 HTTP/1.1" 200 11477 "-" "Mozilla/5.0 (compatible; Googlebot/2.1; +http://www.google.com/bot.html)"
66.249.78.50 - - [05/Jul/2015:01:49:42 +0200] "GET /news.php?cs_go=archiv&cs_id=4474 HTTP/1.1" 200 11477 "-" "Mozilla/5.0 (compatible; Googlebot/2.1; +http://www.google.com/bot.html)"
114.111.166.227 - - [05/Jul/2015:02:16:02 +0200] "GET /favicon.ico HTTP/1.1" 404 1256 "-" "Mozilla/4.0 (compatible; MSIE 7.0; Windows NT 5.1; Trident/4.0; .NET CLR 2.0.50727; 360space)"
66.249.78.147 - - [05/Jul/2015:02:59:45 +0200] "GET /robots.txt HTTP/1.1" 404 1256 "-" "Mozilla/5.0 (compatible; Googlebot/2.1; +http://www.google.com/bot.html)"
66.249.78.161 - - [05/Jul/2015:02:59:45 +0200] "GET /js/ddaccordion.js HTTP/1.1" 200 12534 "http://www.mobilschmierstoffe.de/news.php?cs_go=archiv&cs_id=2908&cs_search=" "Mozilla/5.0 (compatible; Googlebot/2.1; +http://www.google.com/bot.html)"
66.249.78.154 - - [05/Jul/2015:02:59:45 +0200] "GET /js/slider.js HTTP/1.1" 200 773 "http://www.mobilschmierstoffe.de/news.php?cs_go=archiv&cs_id=2908&cs_search=" "Mozilla/5.0 (compatible; Googlebot/2.1; +http://www.google.com/bot.html)"
66.249.78.147 - - [05/Jul/2015:02:59:46 +0200] "GET /js/jquery.min.js HTTP/1.1" 200 57254 "http://www.mobilschmierstoffe.de/news.php?cs_go=archiv&cs_id=2908&cs_search=" "Mozilla/5.0 (compatible; Googlebot/2.1; +http://www.google.com/bot.html)"
66.249.78.161 - - [05/Jul/2015:02:59:46 +0200] "GET /modul.css HTTP/1.1" 200 36485 "http://www.mobilschmierstoffe.de/news.php?cs_go=archiv&cs_id=2908&cs_search=" "Mozilla/5.0 (compatible; Googlebot/2.1; +http://www.google.com/bot.html)"
66.249.78.154 - - [05/Jul/2015:02:59:47 +0200] "GET /style.css HTTP/1.1" 200 8056 "http://www.mobilschmierstoffe.de/news.php?cs_go=archiv&cs_id=2908&cs_search=" "Mozilla/5.0 (compatible; Googlebot/2.1; +http://www.google.com/bot.html)"
66.249.78.43 - - [05/Jul/2015:03:42:13 +0200] "GET / HTTP/1.1" 200 15920 "-" "Mozilla/5.0 (compatible; Googlebot/2.1; +http://www.google.com/bot.html)"
188.40.95.70 - - [05/Jul/2015:03:51:20 +0200] "GET /robots.txt HTTP/1.0" 404 1256 "-" "Mozilla/5.0 (compatible; MJ12bot/v1.4.5; http://www.majestic12.co.uk/bot.php?+)"
66.249.78.112 - - [05/Jul/2015:03:46:26 +0200] "GET /news.php?cs_go=archiv&cs_id=295&cs_search= HTTP/1.1" 200 11477 "-" "Mozilla/5.0 (compatible; Googlebot/2.1; +http://www.google.com/bot.html)"
66.249.78.36 - - [05/Jul/2015:03:49:26 +0200] "GET / HTTP/1.1" 200 15920 "-" "Mozilla/5.0 (compatible; Googlebot/2.1; +http://www.google.com/bot.html)"
188.40.95.70 - - [05/Jul/2015:03:51:22 +0200] "GET /ansprechpartner.php HTTP/1.0" 200 13907 "-" "Mozilla/5.0 (compatible; MJ12bot/v1.4.5; http://www.majestic12.co.uk/bot.php?+)"
188.40.95.70 - - [05/Jul/2015:03:52:08 +0200] "GET /tankanlagen.php HTTP/1.0" 200 11688 "-" "Mozilla/5.0 (compatible; MJ12bot/v1.4.5; http://www.majestic12.co.uk/bot.php?+)"
66.249.78.126 - - [05/Jul/2015:03:52:46 +0200] "GET /news.php?cs_go=archiv&cs_id=295&cs_search= HTTP/1.1" 200 11477 "-" "Mozilla/5.0 (compatible; Googlebot/2.1; +http://www.google.com/bot.html)"
188.40.95.70 - - [05/Jul/2015:03:52:50 +0200] "GET /tankreinigung.php HTTP/1.0" 200 11757 "-" "Mozilla/5.0 (compatible; MJ12bot/v1.4.5; http://www.majestic12.co.uk/bot.php?+)"
66.249.78.36 - - [05/Jul/2015:03:55:47 +0200] "GET / HTTP/1.1" 200 15920 "-" "Mozilla/5.0 (compatible; Googlebot/2.1; +http://www.google.com/bot.html)"
66.249.78.126 - - [05/Jul/2015:03:59:01 +0200] "GET /news.php?cs_go=archiv&cs_id=295&cs_search= HTTP/1.1" 200 11477 "-" "Mozilla/5.0 (compatible; Googlebot/2.1; +http://www.google.com/bot.html)"
66.249.78.135 - - [05/Jul/2015:04:29:51 +0200] "GET /news.php?cs_go=archiv&cs_id=4250 HTTP/1.1" 200 11477 "-" "Mozilla/5.0 (iPhone; CPU iPhone OS 6_0 like Mac OS X) AppleWebKit/536.26 (KHTML, like Gecko) Version/6.0 Mobile/10A5376e Safari/8536.25 (compatible; Googlebot/2.1; +http://www.google.com/bot.html)"
66.249.78.126 - - [05/Jul/2015:04:36:01 +0200] "GET /news.php?cs_go=archiv&cs_id=2085&cs_search= HTTP/1.1" 200 11477 "-" "Mozilla/5.0 (compatible; Googlebot/2.1; +http://www.google.com/bot.html)"
66.249.78.142 - - [05/Jul/2015:04:39:01 +0200] "GET /news.php?cs_go=archiv&cs_id=4250 HTTP/1.1" 200 11477 "-" "Mozilla/5.0 (iPhone; CPU iPhone OS 6_0 like Mac OS X) AppleWebKit/536.26 (KHTML, like Gecko) Version/6.0 Mobile/10A5376e Safari/8536.25 (compatible; Googlebot/2.1; +http://www.google.com/bot.html)"
66.249.78.112 - - [05/Jul/2015:04:42:32 +0200] "GET /news.php?cs_go=archiv&cs_id=2085&cs_search= HTTP/1.1" 200 11477 "-" "Mozilla/5.0 (compatible; Googlebot/2.1; +http://www.google.com/bot.html)"
