217.92.179.88 - - [06/Jul/2015:15:23:47 +0200] "GET /images/kwk.png HTTP/1.1" 200 15949 "http://www.esso-berlin.de/preisanfrage.php" "Mozilla/5.0 (Windows NT 6.1; rv:38.0) Gecko/20100101 Firefox/38.0"
217.92.179.88 - - [06/Jul/2015:15:23:47 +0200] "GET /images/ral.png HTTP/1.1" 200 25696 "http://www.esso-berlin.de/preisanfrage.php" "Mozilla/5.0 (Windows NT 6.1; rv:38.0) Gecko/20100101 Firefox/38.0"
217.92.179.88 - - [06/Jul/2015:15:23:48 +0200] "GET /images/newsletter.jpg HTTP/1.1" 200 13127 "http://www.esso-berlin.de/style.css" "Mozilla/5.0 (Windows NT 6.1; rv:38.0) Gecko/20100101 Firefox/38.0"
217.92.179.88 - - [06/Jul/2015:15:23:47 +0200] "GET /images/Imagebroschuere_team_energie.png HTTP/1.1" 200 64117 "http://www.esso-berlin.de/preisanfrage.php" "Mozilla/5.0 (Windows NT 6.1; rv:38.0) Gecko/20100101 Firefox/38.0"
217.92.179.88 - - [06/Jul/2015:15:20:25 +0200] "GET / HTTP/1.1" 200 15920 "http://www.google.de/url?sa=t&rct=j&q=&esrc=s&source=web&cd=11&ved=0CIwBEBYwCg&url=http%3A%2F%2Fwww.esso-berlin.de%2F&ei=JoCaVdGwGMmmsgHpiLRA&usg=AFQjCNFHOo9v_t_ximOj4ObOswMV2lDDow&bvm=bv.96952980,d.bGg" "Mozilla/5.0 (Windows NT 6.1; rv:38.0) Gecko/20100101 Firefox/38.0"
217.92.179.88 - - [06/Jul/2015:15:20:35 +0200] "GET /preisanfrage.php HTTP/1.1" 200 11698 "http://www.esso-berlin.de/" "Mozilla/5.0 (Windows NT 6.1; rv:38.0) Gecko/20100101 Firefox/38.0"
66.249.78.43 - - [06/Jul/2015:15:31:33 +0200] "GET / HTTP/1.1" 200 15920 "-" "Mozilla/5.0 (iPhone; CPU iPhone OS 6_0 like Mac OS X) AppleWebKit/536.26 (KHTML, like Gecko) Version/6.0 Mobile/10A5376e Safari/8536.25 (compatible; Googlebot/2.1; +http://www.google.com/bot.html)"
66.249.78.43 - - [06/Jul/2015:15:38:05 +0200] "GET / HTTP/1.1" 200 15920 "-" "Mozilla/5.0 (iPhone; CPU iPhone OS 6_0 like Mac OS X) AppleWebKit/536.26 (KHTML, like Gecko) Version/6.0 Mobile/10A5376e Safari/8536.25 (compatible; Googlebot/2.1; +http://www.google.com/bot.html)"
66.249.78.50 - - [06/Jul/2015:15:44:24 +0200] "GET / HTTP/1.1" 200 15920 "-" "Mozilla/5.0 (iPhone; CPU iPhone OS 6_0 like Mac OS X) AppleWebKit/536.26 (KHTML, like Gecko) Version/6.0 Mobile/10A5376e Safari/8536.25 (compatible; Googlebot/2.1; +http://www.google.com/bot.html)"
66.249.78.50 - - [06/Jul/2015:15:52:04 +0200] "GET /modul.css HTTP/1.1" 200 36485 "http://www.esso-berlin.de/news.php?cs_go=archiv&cs_id=5242" "Mozilla/5.0 (compatible; Googlebot/2.1; +http://www.google.com/bot.html)"
66.249.78.36 - - [06/Jul/2015:15:52:05 +0200] "GET /style.css HTTP/1.1" 200 8056 "http://www.esso-berlin.de/news.php?cs_go=archiv&cs_id=5242" "Mozilla/5.0 (compatible; Googlebot/2.1; +http://www.google.com/bot.html)"
66.249.78.43 - - [06/Jul/2015:15:53:51 +0200] "GET /js/ddaccordion.js HTTP/1.1" 200 12534 "http://www.esso-berlin.de/news.php?cs_go=archiv&cs_id=5242" "Mozilla/5.0 (compatible; Googlebot/2.1; +http://www.google.com/bot.html)"
66.249.78.50 - - [06/Jul/2015:15:53:51 +0200] "GET /js/jquery.min.js HTTP/1.1" 200 57254 "http://www.esso-berlin.de/news.php?cs_go=archiv&cs_id=5242" "Mozilla/5.0 (compatible; Googlebot/2.1; +http://www.google.com/bot.html)"
66.249.78.43 - - [06/Jul/2015:15:53:52 +0200] "GET /js/slider.js HTTP/1.1" 200 773 "http://www.esso-berlin.de/news.php?cs_go=archiv&cs_id=5242" "Mozilla/5.0 (compatible; Googlebot/2.1; +http://www.google.com/bot.html)"
157.55.39.55 - - [06/Jul/2015:15:59:42 +0200] "GET /robots.txt HTTP/1.1" 404 1256 "-" "Mozilla/5.0 (compatible; bingbot/2.0; +http://www.bing.com/bingbot.htm)"
157.55.39.55 - - [06/Jul/2015:15:59:47 +0200] "GET /impressum.php HTTP/1.1" 200 9035 "-" "Mozilla/5.0 (compatible; bingbot/2.0; +http://www.bing.com/bingbot.htm)"
157.55.39.115 - - [06/Jul/2015:16:26:17 +0200] "GET /robots.txt HTTP/1.1" 404 1256 "-" "Mozilla/5.0 (compatible; bingbot/2.0; +http://www.bing.com/bingbot.htm)"
157.55.39.115 - - [06/Jul/2015:16:26:20 +0200] "GET /notdienst.php HTTP/1.1" 200 12228 "-" "Mozilla/5.0 (compatible; bingbot/2.0; +http://www.bing.com/bingbot.htm)"
46.4.87.105 - - [06/Jul/2015:17:16:02 +0200] "GET /robots.txt HTTP/1.0" 404 1256 "-" "Mozilla/5.0 (compatible; MJ12bot/v1.4.5; http://www.majestic12.co.uk/bot.php?+)"
78.46.50.246 - - [06/Jul/2015:17:16:37 +0200] "GET /robots.txt HTTP/1.0" 404 1256 "-" "Mozilla/5.0 (compatible; MJ12bot/v1.4.5; http://www.majestic12.co.uk/bot.php?+)"
46.4.87.105 - - [06/Jul/2015:17:16:04 +0200] "GET /adblue.php HTTP/1.0" 200 15843 "-" "Mozilla/5.0 (compatible; MJ12bot/v1.4.5; http://www.majestic12.co.uk/bot.php?+)"
198.100.144.83 - - [06/Jul/2015:17:22:58 +0200] "GET /robots.txt HTTP/1.0" 404 1256 "-" "Mozilla/5.0 (compatible; MJ12bot/v1.4.5; http://www.majestic12.co.uk/bot.php?+)"
78.46.50.246 - - [06/Jul/2015:17:16:41 +0200] "GET /adblue.php HTTP/1.0" 200 15843 "-" "Mozilla/5.0 (compatible; MJ12bot/v1.4.5; http://www.majestic12.co.uk/bot.php?+)"
46.4.87.105 - - [06/Jul/2015:17:16:47 +0200] "GET /premiumheizoel.php HTTP/1.0" 200 12235 "-" "Mozilla/5.0 (compatible; MJ12bot/v1.4.5; http://www.majestic12.co.uk/bot.php?+)"
78.46.50.246 - - [06/Jul/2015:17:17:25 +0200] "GET /premiumheizoel.php HTTP/1.0" 200 12235 "-" "Mozilla/5.0 (compatible; MJ12bot/v1.4.5; http://www.majestic12.co.uk/bot.php?+)"
46.4.87.105 - - [06/Jul/2015:17:17:29 +0200] "GET /schmierstoffe.php HTTP/1.0" 200 14431 "-" "Mozilla/5.0 (compatible; MJ12bot/v1.4.5; http://www.majestic12.co.uk/bot.php?+)"
78.46.50.246 - - [06/Jul/2015:17:18:08 +0200] "GET /schmierstoffe.php HTTP/1.0" 200 14431 "-" "Mozilla/5.0 (compatible; MJ12bot/v1.4.5; http://www.majestic12.co.uk/bot.php?+)"
46.4.87.105 - - [06/Jul/2015:17:18:11 +0200] "GET /tankanlagen.php HTTP/1.0" 200 11688 "-" "Mozilla/5.0 (compatible; MJ12bot/v1.4.5; http://www.majestic12.co.uk/bot.php?+)"
78.46.50.246 - - [06/Jul/2015:17:18:52 +0200] "GET /tankanlagen.php HTTP/1.0" 200 11688 "-" "Mozilla/5.0 (compatible; MJ12bot/v1.4.5; http://www.majestic12.co.uk/bot.php?+)"
46.4.87.105 - - [06/Jul/2015:17:18:55 +0200] "GET /tankreinigung.php HTTP/1.0" 200 11757 "-" "Mozilla/5.0 (compatible; MJ12bot/v1.4.5; http://www.majestic12.co.uk/bot.php?+)"
78.46.50.246 - - [06/Jul/2015:17:19:35 +0200] "GET /tankreinigung.php HTTP/1.0" 200 11757 "-" "Mozilla/5.0 (compatible; MJ12bot/v1.4.5; http://www.majestic12.co.uk/bot.php?+)"
66.249.78.217 - - [06/Jul/2015:17:29:26 +0200] "GET /robots.txt HTTP/1.1" 404 1256 "-" "Mozilla/5.0 (compatible; Googlebot/2.1; +http://www.google.com/bot.html)"
66.249.78.217 - - [06/Jul/2015:17:29:26 +0200] "GET /js/ddaccordion.js HTTP/1.1" 200 12534 "http://www.essoberlin.de/news.php?cs_go=archiv&cs_id=5090&cs_search=" "Mozilla/5.0 (compatible; Googlebot/2.1; +http://www.google.com/bot.html)"
66.249.78.224 - - [06/Jul/2015:17:29:27 +0200] "GET /js/slider.js HTTP/1.1" 200 773 "http://www.essoberlin.de/news.php?cs_go=archiv&cs_id=5090&cs_search=" "Mozilla/5.0 (compatible; Googlebot/2.1; +http://www.google.com/bot.html)"
198.100.144.83 - - [06/Jul/2015:17:23:12 +0200] "GET /adblue.php HTTP/1.0" 200 15843 "-" "Mozilla/5.0 (compatible; MJ12bot/v1.4.5; http://www.majestic12.co.uk/bot.php?+)"
198.100.144.83 - - [06/Jul/2015:17:24:21 +0200] "GET /tankreinigung.php HTTP/1.0" 200 11757 "-" "Mozilla/5.0 (compatible; MJ12bot/v1.4.5; http://www.majestic12.co.uk/bot.php?+)"
208.115.113.93 - - [06/Jul/2015:17:35:23 +0200] "GET /robots.txt HTTP/1.1" 404 1256 "-" "Mozilla/5.0 (compatible; DotBot/1.1; http://www.opensiteexplorer.org/dotbot, help@moz.com)"
208.115.113.89 - - [06/Jul/2015:17:35:33 +0200] "GET /robots.txt HTTP/1.1" 404 1256 "-" "Mozilla/5.0 (compatible; DotBot/1.1; http://www.opensiteexplorer.org/dotbot, help@moz.com)"
157.55.39.220 - - [06/Jul/2015:18:13:36 +0200] "GET /brennwerttechnik.php HTTP/1.1" 200 9433 "-" "Mozilla/5.0 (compatible; bingbot/2.0; +http://www.bing.com/bingbot.htm)"
208.115.113.89 - - [06/Jul/2015:18:30:22 +0200] "GET /news.php?cs_go=archiv&cs_id=5328 HTTP/1.1" 200 11477 "-" "Mozilla/5.0 (compatible; DotBot/1.1; http://www.opensiteexplorer.org/dotbot, help@moz.com)"
208.115.113.93 - - [06/Jul/2015:18:30:33 +0200] "GET /news.php?cs_go=archiv&cs_id=5328 HTTP/1.1" 200 11477 "-" "Mozilla/5.0 (compatible; DotBot/1.1; http://www.opensiteexplorer.org/dotbot, help@moz.com)"
66.249.78.50 - - [06/Jul/2015:18:57:49 +0200] "GET /images/kwk.png HTTP/1.1" 200 15949 "-" "Googlebot-Image/1.0"
84.187.115.227 - - [06/Jul/2015:18:59:03 +0200] "GET /img/praemiensystem/trolly_kl.jpg HTTP/1.1" 404 1256 "http://www.gutefrage.net/frage/von-welcher-marke-ist-dieser-koffer-trolley" "Mozilla/5.0 (Windows NT 6.1; WOW64; rv:39.0) Gecko/20100101 Firefox/39.0"
84.187.115.227 - - [06/Jul/2015:18:59:03 +0200] "GET /favicon.ico HTTP/1.1" 404 1256 "-" "Mozilla/5.0 (Windows NT 6.1; WOW64; rv:39.0) Gecko/20100101 Firefox/39.0"
84.187.115.227 - - [06/Jul/2015:18:59:03 +0200] "GET /favicon.ico HTTP/1.1" 404 1256 "-" "Mozilla/5.0 (Windows NT 6.1; WOW64; rv:39.0) Gecko/20100101 Firefox/39.0"
151.80.31.132 - - [06/Jul/2015:19:28:43 +0200] "GET /ofenbau.php HTTP/1.1" 200 11696 "-" "Mozilla/5.0 (compatible; AhrefsBot/5.0; +http://ahrefs.com/robot/)"
87.230.17.72 - - [06/Jul/2015:22:01:14 +0200] "GET / HTTP/1.1" 200 16125 "-" "ImplisenseBot 1.0"
66.249.78.142 - - [06/Jul/2015:22:12:20 +0200] "GET /robots.txt HTTP/1.1" 404 1256 "-" "Mozilla/5.0 (compatible; Googlebot/2.1; +http://www.google.com/bot.html)"
157.55.39.165 - - [06/Jul/2015:22:13:06 +0200] "GET /tabmenu/md_feuer.php HTTP/1.1" 200 - "-" "Mozilla/5.0 (compatible; bingbot/2.0; +http://www.bing.com/bingbot.htm)"
157.55.39.165 - - [06/Jul/2015:22:13:10 +0200] "GET /images/RAL_Guetezeichen_Energiehandel.pdf HTTP/1.1" 200 538987 "-" "Mozilla/5.0 (compatible; bingbot/2.0; +http://www.bing.com/bingbot.htm)"
157.55.39.2 - - [06/Jul/2015:22:14:10 +0200] "GET /robots.txt HTTP/1.1" 404 1256 "-" "Mozilla/5.0 (compatible; bingbot/2.0; +http://www.bing.com/bingbot.htm)"
207.46.13.121 - - [06/Jul/2015:22:14:20 +0200] "GET /tabmenu/md_hel.php HTTP/1.1" 200 - "-" "Mozilla/5.0 (compatible; bingbot/2.0; +http://www.bing.com/bingbot.htm)"
207.46.13.121 - - [06/Jul/2015:22:14:23 +0200] "GET /images/oks_zeritfikat.pdf HTTP/1.1" 200 75294 "-" "Mozilla/5.0 (compatible; bingbot/2.0; +http://www.bing.com/bingbot.htm)"
207.46.13.121 - - [06/Jul/2015:22:14:24 +0200] "GET /images/PremiumHE.pdf HTTP/1.1" 200 5310264 "-" "Mozilla/5.0 (compatible; bingbot/2.0; +http://www.bing.com/bingbot.htm)"
207.46.13.56 - - [06/Jul/2015:22:15:05 +0200] "GET /images/Industrieschmierstoffe_Katalog_March_2012.pdf HTTP/1.1" 200 1284222 "-" "Mozilla/5.0 (compatible; bingbot/2.0; +http://www.bing.com/bingbot.htm)"
207.46.13.56 - - [06/Jul/2015:22:15:06 +0200] "GET /tabmenu/md_kohle_b.php HTTP/1.1" 200 - "-" "Mozilla/5.0 (compatible; bingbot/2.0; +http://www.bing.com/bingbot.htm)"
207.46.13.121 - - [06/Jul/2015:22:13:10 +0200] "GET /news.php?cs_go=archiv&cs_startpos=10 HTTP/1.1" 200 9055 "-" "Mozilla/5.0 (compatible; bingbot/2.0; +http://www.bing.com/bingbot.htm)"
207.46.13.121 - - [06/Jul/2015:22:13:45 +0200] "GET /news.php?cs_go=archiv&cs_startpos=40 HTTP/1.1" 200 9055 "-" "Mozilla/5.0 (compatible; bingbot/2.0; +http://www.bing.com/bingbot.htm)"
87.230.17.72 - - [06/Jul/2015:22:10:41 +0200] "GET /impressum.php HTTP/1.1" 200 12936 "-" "ImplisenseBot 1.0"
157.55.39.2 - - [06/Jul/2015:22:17:11 +0200] "GET /tabmenu/md_diesel.php HTTP/1.1" 200 - "-" "Mozilla/5.0 (compatible; bingbot/2.0; +http://www.bing.com/bingbot.htm)"
207.46.13.121 - - [06/Jul/2015:22:14:24 +0200] "GET /news.php?cs_go=archiv&cs_id=4325 HTTP/1.1" 200 9055 "-" "Mozilla/5.0 (compatible; bingbot/2.0; +http://www.bing.com/bingbot.htm)"
66.249.78.135 - - [06/Jul/2015:22:12:20 +0200] "GET /news.php?cs_go=archiv&cs_id=1581&cs_search= HTTP/1.1" 200 11477 "-" "Mozilla/5.0 (compatible; Googlebot/2.1; +http://www.google.com/bot.html)"
157.55.39.3 - - [06/Jul/2015:22:15:59 +0200] "GET /news.php?cs_go=archiv&cs_startpos=30 HTTP/1.1" 200 9055 "-" "Mozilla/5.0 (compatible; bingbot/2.0; +http://www.bing.com/bingbot.htm)"
66.249.78.142 - - [06/Jul/2015:22:19:01 +0200] "GET /news.php?cs_go=archiv&cs_id=1581&cs_search= HTTP/1.1" 200 11477 "-" "Mozilla/5.0 (compatible; Googlebot/2.1; +http://www.google.com/bot.html)"
66.249.78.142 - - [06/Jul/2015:22:25:28 +0200] "GET /news.php?cs_go=archiv&cs_id=1581&cs_search= HTTP/1.1" 200 11477 "-" "Mozilla/5.0 (compatible; Googlebot/2.1; +http://www.google.com/bot.html)"
66.249.78.210 - - [06/Jul/2015:22:44:01 +0200] "GET /news.php?cs_go=archiv&cs_id=344&cs_search= HTTP/1.1" 200 11477 "-" "Mozilla/5.0 (compatible; Googlebot/2.1; +http://www.google.com/bot.html)"
66.249.67.113 - - [06/Jul/2015:22:50:33 +0200] "GET /news.php?cs_go=archiv&cs_id=344&cs_search= HTTP/1.1" 200 11477 "-" "Mozilla/5.0 (compatible; Googlebot/2.1; +http://www.google.com/bot.html)"
66.249.78.210 - - [06/Jul/2015:22:56:55 +0200] "GET /news.php?cs_go=archiv&cs_id=344&cs_search= HTTP/1.1" 200 11477 "-" "Mozilla/5.0 (compatible; Googlebot/2.1; +http://www.google.com/bot.html)"
66.249.78.43 - - [06/Jul/2015:23:42:36 +0200] "GET / HTTP/1.1" 200 15920 "-" "Mozilla/5.0 (compatible; Googlebot/2.1; +http://www.google.com/bot.html)"
66.249.78.43 - - [06/Jul/2015:23:48:46 +0200] "GET / HTTP/1.1" 200 15920 "-" "Mozilla/5.0 (compatible; Googlebot/2.1; +http://www.google.com/bot.html)"
66.249.78.149 - - [06/Jul/2015:23:51:46 +0200] "GET /news.php?cs_go=archiv&cs_startpos=1940 HTTP/1.1" 200 11477 "-" "Mozilla/5.0 (compatible; Googlebot/2.1; +http://www.google.com/bot.html)"
66.249.78.36 - - [06/Jul/2015:23:55:10 +0200] "GET / HTTP/1.1" 200 15920 "-" "Mozilla/5.0 (compatible; Googlebot/2.1; +http://www.google.com/bot.html)"
66.249.78.142 - - [06/Jul/2015:23:58:10 +0200] "GET /news.php?cs_go=archiv&cs_startpos=1940 HTTP/1.1" 200 11477 "-" "Mozilla/5.0 (compatible; Googlebot/2.1; +http://www.google.com/bot.html)"
207.46.13.56 - - [07/Jul/2015:00:01:57 +0200] "GET / HTTP/1.1" 200 9656 "-" "Mozilla/5.0 (compatible; bingbot/2.0; +http://www.bing.com/bingbot.htm)"
66.249.78.135 - - [07/Jul/2015:00:01:10 +0200] "GET /news.php?cs_go=archiv&cs_startpos=70 HTTP/1.1" 200 11477 "-" "Mozilla/5.0 (compatible; Googlebot/2.1; +http://www.google.com/bot.html)"
66.249.78.135 - - [07/Jul/2015:00:04:13 +0200] "GET /news.php?cs_go=archiv&cs_startpos=1940 HTTP/1.1" 200 11477 "-" "Mozilla/5.0 (compatible; Googlebot/2.1; +http://www.google.com/bot.html)"
66.249.78.149 - - [07/Jul/2015:00:07:13 +0200] "GET /news.php?cs_go=archiv&cs_startpos=70 HTTP/1.1" 200 11477 "-" "Mozilla/5.0 (compatible; Googlebot/2.1; +http://www.google.com/bot.html)"
66.249.78.135 - - [07/Jul/2015:00:13:42 +0200] "GET /news.php?cs_go=archiv&cs_startpos=70 HTTP/1.1" 200 11477 "-" "Mozilla/5.0 (compatible; Googlebot/2.1; +http://www.google.com/bot.html)"
157.55.39.55 - - [07/Jul/2015:00:33:15 +0200] "GET /jobs.php HTTP/1.1" 200 9089 "-" "Mozilla/5.0 (compatible; bingbot/2.0; +http://www.bing.com/bingbot.htm)"
66.249.78.43 - - [07/Jul/2015:01:09:56 +0200] "GET /robots.txt HTTP/1.1" 404 1256 "-" "Mozilla/5.0 (compatible; Googlebot/2.1; +http://www.google.com/bot.html)"
66.249.78.36 - - [07/Jul/2015:01:09:56 +0200] "GET /news.php?cs_go=archiv&cs_id=2680 HTTP/1.1" 200 11477 "-" "Mozilla/5.0 (compatible; Googlebot/2.1; +http://www.google.com/bot.html)"
66.249.78.50 - - [07/Jul/2015:01:16:16 +0200] "GET /news.php?cs_go=archiv&cs_id=2680 HTTP/1.1" 200 11477 "-" "Mozilla/5.0 (compatible; Googlebot/2.1; +http://www.google.com/bot.html)"
66.249.78.36 - - [07/Jul/2015:01:22:21 +0200] "GET /news.php?cs_go=archiv&cs_id=2680 HTTP/1.1" 200 11477 "-" "Mozilla/5.0 (compatible; Googlebot/2.1; +http://www.google.com/bot.html)"
66.249.78.36 - - [07/Jul/2015:01:59:17 +0200] "GET /news.php?cs_go=archiv&cs_id=2095&cs_search= HTTP/1.1" 200 11477 "-" "Mozilla/5.0 (compatible; Googlebot/2.1; +http://www.google.com/bot.html)"
66.249.78.50 - - [07/Jul/2015:02:05:57 +0200] "GET /news.php?cs_go=archiv&cs_id=2095&cs_search= HTTP/1.1" 200 11477 "-" "Mozilla/5.0 (compatible; Googlebot/2.1; +http://www.google.com/bot.html)"
66.249.78.210 - - [07/Jul/2015:02:09:19 +0200] "GET /news.php?cs_go=archiv&cs_id=1091&cs_search= HTTP/1.1" 200 11477 "-" "Mozilla/5.0 (compatible; Googlebot/2.1; +http://www.google.com/bot.html)"
66.249.78.36 - - [07/Jul/2015:02:13:18 +0200] "GET /news.php?cs_go=archiv&cs_id=2095&cs_search= HTTP/1.1" 200 11477 "-" "Mozilla/5.0 (compatible; Googlebot/2.1; +http://www.google.com/bot.html)"
66.249.78.224 - - [07/Jul/2015:02:16:18 +0200] "GET /news.php?cs_go=archiv&cs_id=1091&cs_search= HTTP/1.1" 200 11477 "-" "Mozilla/5.0 (compatible; Googlebot/2.1; +http://www.google.com/bot.html)"
66.249.78.210 - - [07/Jul/2015:02:20:15 +0200] "GET /lexikon.php?cs_go=3&cs_id=225 HTTP/1.1" 200 11466 "-" "Mozilla/5.0 (compatible; Googlebot/2.1; +http://www.google.com/bot.html)"
66.249.78.210 - - [07/Jul/2015:02:24:10 +0200] "GET /news.php?cs_go=archiv&cs_id=1091&cs_search= HTTP/1.1" 200 11477 "-" "Mozilla/5.0 (compatible; Googlebot/2.1; +http://www.google.com/bot.html)"
87.145.221.83 - - [07/Jul/2015:02:30:34 +0200] "GET / HTTP/1.1" 200 9656 "http://www.bigfinder.de/?c=ws&q=online&v=1" "Mozilla/5.0 (Windows; U; Windows NT 5.1; de; rv:1.9.0.12) Gecko/2009070611 Firefox/3.0.12 GTB7.1 (.NET CLR 3.5.30729)"
66.249.78.210 - - [07/Jul/2015:02:27:37 +0200] "GET /lexikon.php?cs_go=3&cs_id=225 HTTP/1.1" 200 11466 "-" "Mozilla/5.0 (compatible; Googlebot/2.1; +http://www.google.com/bot.html)"
66.249.78.224 - - [07/Jul/2015:02:33:47 +0200] "GET /lexikon.php?cs_go=3&cs_id=225 HTTP/1.1" 200 11466 "-" "Mozilla/5.0 (compatible; Googlebot/2.1; +http://www.google.com/bot.html)"
66.249.78.217 - - [07/Jul/2015:02:48:53 +0200] "GET /index.php HTTP/1.1" 200 15920 "-" "Mozilla/5.0 (compatible; Googlebot/2.1; +http://www.google.com/bot.html)"
207.46.13.121 - - [07/Jul/2015:03:01:05 +0200] "GET /images/freecall.png HTTP/1.1" 200 15914 "-" "Mozilla/5.0 (compatible; bingbot/2.0; +http://www.bing.com/bingbot.htm)"
66.249.78.217 - - [07/Jul/2015:02:54:57 +0200] "GET /index.php HTTP/1.1" 200 15920 "-" "Mozilla/5.0 (compatible; Googlebot/2.1; +http://www.google.com/bot.html)"
66.249.78.217 - - [07/Jul/2015:03:01:35 +0200] "GET /index.php HTTP/1.1" 200 14892 "-" "Mozilla/5.0 (compatible; Googlebot/2.1; +http://www.google.com/bot.html)"
66.249.78.161 - - [07/Jul/2015:03:09:11 +0200] "GET /robots.txt HTTP/1.1" 404 1256 "-" "Mozilla/5.0 (compatible; Googlebot/2.1; +http://www.google.com/bot.html)"
66.249.78.161 - - [07/Jul/2015:03:09:11 +0200] "GET /lexikon.php?cs_go=3&cs_id=141 HTTP/1.1" 200 11466 "-" "Mozilla/5.0 (compatible; Googlebot/2.1; +http://www.google.com/bot.html)"
78.46.50.246 - - [07/Jul/2015:03:21:16 +0200] "GET /robots.txt HTTP/1.0" 404 1256 "-" "Mozilla/5.0 (compatible; MJ12bot/v1.4.5; http://www.majestic12.co.uk/bot.php?+)"
66.249.78.147 - - [07/Jul/2015:03:15:47 +0200] "GET /lexikon.php?cs_go=3&cs_id=141 HTTP/1.1" 200 11466 "-" "Mozilla/5.0 (compatible; Googlebot/2.1; +http://www.google.com/bot.html)"
208.107.46.20 - - [07/Jul/2015:03:22:31 +0200] "GET /robots.txt HTTP/1.0" 404 1256 "-" "Mozilla/5.0 (compatible; MJ12bot/v1.4.5; http://www.majestic12.co.uk/bot.php?+)"
208.107.46.20 - - [07/Jul/2015:03:22:32 +0200] "GET /waermekonto.php HTTP/1.1" 200 9407 "-" "Mozilla/5.0 (compatible; MJ12bot/v1.4.5; http://www.majestic12.co.uk/bot.php?+)"
208.107.46.20 - - [07/Jul/2015:03:23:17 +0200] "GET /wunschpreis.php HTTP/1.1" 200 9224 "-" "Mozilla/5.0 (compatible; MJ12bot/v1.4.5; http://www.majestic12.co.uk/bot.php?+)"
78.46.50.246 - - [07/Jul/2015:03:21:18 +0200] "GET /news.php HTTP/1.0" 200 11477 "-" "Mozilla/5.0 (compatible; MJ12bot/v1.4.5; http://www.majestic12.co.uk/bot.php?+)"
78.46.50.246 - - [07/Jul/2015:03:22:01 +0200] "GET /notdienst.php HTTP/1.0" 200 12433 "-" "Mozilla/5.0 (compatible; MJ12bot/v1.4.5; http://www.majestic12.co.uk/bot.php?+)"
66.249.78.147 - - [07/Jul/2015:03:22:01 +0200] "GET /lexikon.php?cs_go=3&cs_id=141 HTTP/1.1" 200 11466 "-" "Mozilla/5.0 (compatible; Googlebot/2.1; +http://www.google.com/bot.html)"
78.46.50.246 - - [07/Jul/2015:03:22:43 +0200] "GET /ofenbau.php HTTP/1.0" 200 11696 "-" "Mozilla/5.0 (compatible; MJ12bot/v1.4.5; http://www.majestic12.co.uk/bot.php?+)"
66.249.78.210 - - [07/Jul/2015:04:27:17 +0200] "GET /energiesparcheck.php HTTP/1.1" 200 11549 "-" "Mozilla/5.0 (iPhone; CPU iPhone OS 6_0 like Mac OS X) AppleWebKit/536.26 (KHTML, like Gecko) Version/6.0 Mobile/10A5376e Safari/8536.25 (compatible; Googlebot/2.1; +http://www.google.com/bot.html)"
66.249.78.210 - - [07/Jul/2015:04:33:28 +0200] "GET /energiesparcheck.php HTTP/1.1" 200 11549 "-" "Mozilla/5.0 (iPhone; CPU iPhone OS 6_0 like Mac OS X) AppleWebKit/536.26 (KHTML, like Gecko) Version/6.0 Mobile/10A5376e Safari/8536.25 (compatible; Googlebot/2.1; +http://www.google.com/bot.html)"
66.249.78.224 - - [07/Jul/2015:04:39:48 +0200] "GET /energiesparcheck.php HTTP/1.1" 200 11549 "-" "Mozilla/5.0 (iPhone; CPU iPhone OS 6_0 like Mac OS X) AppleWebKit/536.26 (KHTML, like Gecko) Version/6.0 Mobile/10A5376e Safari/8536.25 (compatible; Googlebot/2.1; +http://www.google.com/bot.html)"
66.249.78.43 - - [07/Jul/2015:04:45:45 +0200] "GET /news.php?cs_go=archiv&cs_id=2113 HTTP/1.1" 200 11477 "-" "Mozilla/5.0 (compatible; Googlebot/2.1; +http://www.google.com/bot.html)"
66.249.78.50 - - [07/Jul/2015:04:52:25 +0200] "GET /news.php?cs_go=archiv&cs_id=2113 HTTP/1.1" 200 11477 "-" "Mozilla/5.0 (compatible; Googlebot/2.1; +http://www.google.com/bot.html)"
66.249.78.36 - - [07/Jul/2015:04:59:02 +0200] "GET /news.php?cs_go=archiv&cs_id=2113 HTTP/1.1" 200 11477 "-" "Mozilla/5.0 (compatible; Googlebot/2.1; +http://www.google.com/bot.html)"
66.249.78.50 - - [07/Jul/2015:05:07:08 +0200] "GET /news.php?cs_go=archiv&cs_id=2981 HTTP/1.1" 200 11477 "-" "Mozilla/5.0 (compatible; Googlebot/2.1; +http://www.google.com/bot.html)"
66.249.78.43 - - [07/Jul/2015:05:13:23 +0200] "GET /news.php?cs_go=archiv&cs_id=2981 HTTP/1.1" 200 11477 "-" "Mozilla/5.0 (compatible; Googlebot/2.1; +http://www.google.com/bot.html)"
66.249.78.36 - - [07/Jul/2015:05:19:34 +0200] "GET /news.php?cs_go=archiv&cs_id=2981 HTTP/1.1" 200 11477 "-" "Mozilla/5.0 (compatible; Googlebot/2.1; +http://www.google.com/bot.html)"
66.249.78.36 - - [07/Jul/2015:05:56:36 +0200] "GET /news.php?cs_go=archiv&cs_id=1928 HTTP/1.1" 200 11477 "-" "Mozilla/5.0 (compatible; Googlebot/2.1; +http://www.google.com/bot.html)"
66.249.78.43 - - [07/Jul/2015:06:03:18 +0200] "GET /news.php?cs_go=archiv&cs_id=1928 HTTP/1.1" 200 11477 "-" "Mozilla/5.0 (compatible; Googlebot/2.1; +http://www.google.com/bot.html)"
66.249.78.50 - - [07/Jul/2015:06:06:18 +0200] "GET /news.php?cs_go=archiv&cs_id=1764&cs_search= HTTP/1.1" 200 11477 "-" "Mozilla/5.0 (compatible; Googlebot/2.1; +http://www.google.com/bot.html)"
66.249.78.36 - - [07/Jul/2015:06:09:52 +0200] "GET /news.php?cs_go=archiv&cs_id=1928 HTTP/1.1" 200 11477 "-" "Mozilla/5.0 (compatible; Googlebot/2.1; +http://www.google.com/bot.html)"
66.249.78.210 - - [07/Jul/2015:06:16:51 +0200] "GET /robots.txt HTTP/1.1" 404 1256 "-" "Mozilla/5.0 (compatible; Googlebot/2.1; +http://www.google.com/bot.html)"
66.249.78.50 - - [07/Jul/2015:06:12:52 +0200] "GET /news.php?cs_go=archiv&cs_id=1764&cs_search= HTTP/1.1" 200 11477 "-" "Mozilla/5.0 (compatible; Googlebot/2.1; +http://www.google.com/bot.html)"
66.249.78.224 - - [07/Jul/2015:06:16:51 +0200] "GET /news.php?cs_go=archiv&cs_id=249&cs_search= HTTP/1.1" 200 11477 "-" "Mozilla/5.0 (compatible; Googlebot/2.1; +http://www.google.com/bot.html)"
66.249.78.36 - - [07/Jul/2015:06:19:51 +0200] "GET /news.php?cs_go=archiv&cs_id=1764&cs_search= HTTP/1.1" 200 11477 "-" "Mozilla/5.0 (compatible; Googlebot/2.1; +http://www.google.com/bot.html)"
66.249.78.210 - - [07/Jul/2015:06:22:59 +0200] "GET /news.php?cs_go=archiv&cs_id=249&cs_search= HTTP/1.1" 200 11477 "-" "Mozilla/5.0 (compatible; Googlebot/2.1; +http://www.google.com/bot.html)"
66.249.78.217 - - [07/Jul/2015:06:29:11 +0200] "GET /news.php?cs_go=archiv&cs_id=249&cs_search= HTTP/1.1" 200 11477 "-" "Mozilla/5.0 (compatible; Googlebot/2.1; +http://www.google.com/bot.html)"
66.249.78.135 - - [07/Jul/2015:06:59:44 +0200] "GET /news.php?cs_go=archiv&cs_id=4250 HTTP/1.1" 200 11477 "-" "Mozilla/5.0 (iPhone; CPU iPhone OS 6_0 like Mac OS X) AppleWebKit/536.26 (KHTML, like Gecko) Version/6.0 Mobile/10A5376e Safari/8536.25 (compatible; Googlebot/2.1; +http://www.google.com/bot.html)"
66.249.78.135 - - [07/Jul/2015:07:06:06 +0200] "GET /news.php?cs_go=archiv&cs_id=4250 HTTP/1.1" 200 11477 "-" "Mozilla/5.0 (iPhone; CPU iPhone OS 6_0 like Mac OS X) AppleWebKit/536.26 (KHTML, like Gecko) Version/6.0 Mobile/10A5376e Safari/8536.25 (compatible; Googlebot/2.1; +http://www.google.com/bot.html)"
66.249.78.135 - - [07/Jul/2015:07:12:33 +0200] "GET /news.php?cs_go=archiv&cs_id=4250 HTTP/1.1" 200 11477 "-" "Mozilla/5.0 (iPhone; CPU iPhone OS 6_0 like Mac OS X) AppleWebKit/536.26 (KHTML, like Gecko) Version/6.0 Mobile/10A5376e Safari/8536.25 (compatible; Googlebot/2.1; +http://www.google.com/bot.html)"
66.249.78.36 - - [07/Jul/2015:07:26:09 +0200] "GET / HTTP/1.1" 200 15920 "-" "Mozilla/5.0 (compatible; Googlebot/2.1; +http://www.google.com/bot.html)"
66.249.78.36 - - [07/Jul/2015:07:32:51 +0200] "GET / HTTP/1.1" 200 15920 "-" "Mozilla/5.0 (compatible; Googlebot/2.1; +http://www.google.com/bot.html)"
66.249.78.43 - - [07/Jul/2015:07:39:03 +0200] "GET / HTTP/1.1" 200 15920 "-" "Mozilla/5.0 (compatible; Googlebot/2.1; +http://www.google.com/bot.html)"
66.249.78.142 - - [07/Jul/2015:07:50:43 +0200] "GET /news.php?cs_go=archiv&cs_id=4011 HTTP/1.1" 200 11477 "-" "Mozilla/5.0 (iPhone; CPU iPhone OS 6_0 like Mac OS X) AppleWebKit/536.26 (KHTML, like Gecko) Version/6.0 Mobile/10A5376e Safari/8536.25 (compatible; Googlebot/2.1; +http://www.google.com/bot.html)"
66.249.78.43 - - [07/Jul/2015:07:57:09 +0200] "GET /news.php?cs_go=archiv&cs_id=2284 HTTP/1.1" 200 11477 "-" "Mozilla/5.0 (compatible; Googlebot/2.1; +http://www.google.com/bot.html)"
66.249.78.149 - - [07/Jul/2015:07:57:18 +0200] "GET /news.php?cs_go=archiv&cs_id=4011 HTTP/1.1" 200 11477 "-" "Mozilla/5.0 (iPhone; CPU iPhone OS 6_0 like Mac OS X) AppleWebKit/536.26 (KHTML, like Gecko) Version/6.0 Mobile/10A5376e Safari/8536.25 (compatible; Googlebot/2.1; +http://www.google.com/bot.html)"
66.249.78.43 - - [07/Jul/2015:08:03:18 +0200] "GET /news.php?cs_go=archiv&cs_id=2284 HTTP/1.1" 200 11477 "-" "Mozilla/5.0 (compatible; Googlebot/2.1; +http://www.google.com/bot.html)"
66.249.78.142 - - [07/Jul/2015:08:06:18 +0200] "GET /news.php?cs_go=archiv&cs_id=4011 HTTP/1.1" 200 11477 "-" "Mozilla/5.0 (iPhone; CPU iPhone OS 6_0 like Mac OS X) AppleWebKit/536.26 (KHTML, like Gecko) Version/6.0 Mobile/10A5376e Safari/8536.25 (compatible; Googlebot/2.1; +http://www.google.com/bot.html)"
66.249.78.135 - - [07/Jul/2015:08:09:18 +0200] "GET /news.php?cs_go=archiv&cs_id=780&cs_search= HTTP/1.1" 200 11477 "-" "Mozilla/5.0 (compatible; Googlebot/2.1; +http://www.google.com/bot.html)"
66.249.78.36 - - [07/Jul/2015:08:12:17 +0200] "GET /news.php?cs_go=archiv&cs_id=2284 HTTP/1.1" 200 11477 "-" "Mozilla/5.0 (compatible; Googlebot/2.1; +http://www.google.com/bot.html)"
66.249.78.142 - - [07/Jul/2015:08:16:02 +0200] "GET /news.php?cs_go=archiv&cs_id=780&cs_search= HTTP/1.1" 200 11477 "-" "Mozilla/5.0 (compatible; Googlebot/2.1; +http://www.google.com/bot.html)"
66.249.78.36 - - [07/Jul/2015:08:19:02 +0200] "GET /news.php?cs_go=archiv&cs_id=989&cs_search= HTTP/1.1" 200 11477 "-" "Mozilla/5.0 (compatible; Googlebot/2.1; +http://www.google.com/bot.html)"
66.249.78.36 - - [07/Jul/2015:08:22:02 +0200] "GET /news.php?cs_go=archiv&cs_id=989&cs_search= HTTP/1.1" 200 11477 "-" "Mozilla/5.0 (compatible; Googlebot/2.1; +http://www.google.com/bot.html)"
66.249.78.135 - - [07/Jul/2015:08:25:02 +0200] "GET /news.php?cs_go=archiv&cs_id=780&cs_search= HTTP/1.1" 200 11477 "-" "Mozilla/5.0 (compatible; Googlebot/2.1; +http://www.google.com/bot.html)"
66.249.78.43 - - [07/Jul/2015:08:28:02 +0200] "GET /news.php?cs_go=archiv&cs_id=989&cs_search= HTTP/1.1" 200 11477 "-" "Mozilla/5.0 (compatible; Googlebot/2.1; +http://www.google.com/bot.html)"
66.249.78.43 - - [07/Jul/2015:08:31:02 +0200] "GET /news.php?cs_go=archiv&cs_id=989&cs_search= HTTP/1.1" 200 11477 "-" "Mozilla/5.0 (compatible; Googlebot/2.1; +http://www.google.com/bot.html)"
66.249.78.36 - - [07/Jul/2015:08:34:03 +0200] "GET /news.php?cs_go=archiv&cs_id=989&cs_search= HTTP/1.1" 200 11477 "-" "Mozilla/5.0 (compatible; Googlebot/2.1; +http://www.google.com/bot.html)"
66.249.78.43 - - [07/Jul/2015:08:37:46 +0200] "GET /news.php?cs_go=archiv&cs_id=989&cs_search= HTTP/1.1" 200 11477 "-" "Mozilla/5.0 (compatible; Googlebot/2.1; +http://www.google.com/bot.html)"
209.190.1.131 - - [07/Jul/2015:09:08:30 +0200] "GET / HTTP/1.1" 200 9656 "-" "M"
157.55.39.164 - - [07/Jul/2015:09:26:34 +0200] "GET /images/kwk.png HTTP/1.1" 200 15949 "-" "Mozilla/5.0 (compatible; bingbot/2.0; +http://www.bing.com/bingbot.htm)"
123.125.71.26 - - [07/Jul/2015:10:51:51 +0200] "GET /images/wpic5.jpg HTTP/1.1" 200 10370 "http://image.baidu.com/i?ct=503316480&z=0&tn=baiduimagedetail" "Baiduspider-image+(+http://www.baidu.com/search/spider.htm)"
5.9.41.104 - - [07/Jul/2015:11:14:31 +0200] "GET /robots.txt HTTP/1.1" 404 1256 "-" "Mozilla/5.0 (compatible; SearchmetricsBot; http://www.searchmetrics.com/en/searchmetrics-bot/)"
5.9.41.104 - - [07/Jul/2015:11:18:33 +0200] "GET /../kwk.php HTTP/1.1" 400 1200 "-" "Mozilla/5.0 (compatible; SearchmetricsBot; http://www.searchmetrics.com/en/searchmetrics-bot/)"
5.9.41.104 - - [07/Jul/2015:11:15:02 +0200] "GET /biogasanlage.php HTTP/1.1" 200 11909 "-" "Mozilla/5.0 (compatible; SearchmetricsBot; http://www.searchmetrics.com/en/searchmetrics-bot/)"
5.9.41.104 - - [07/Jul/2015:11:15:12 +0200] "GET /adblue.php HTTP/1.1" 200 15843 "-" "Mozilla/5.0 (compatible; SearchmetricsBot; http://www.searchmetrics.com/en/searchmetrics-bot/)"
5.9.41.104 - - [07/Jul/2015:11:15:53 +0200] "GET /impressum.php HTTP/1.1" 200 12936 "-" "Mozilla/5.0 (compatible; SearchmetricsBot; http://www.searchmetrics.com/en/searchmetrics-bot/)"
5.9.41.104 - - [07/Jul/2015:11:16:04 +0200] "GET /jobs.php HTTP/1.1" 200 11716 "-" "Mozilla/5.0 (compatible; SearchmetricsBot; http://www.searchmetrics.com/en/searchmetrics-bot/)"
5.9.41.104 - - [07/Jul/2015:11:16:14 +0200] "GET /schmierstoffe.php HTTP/1.1" 200 14431 "-" "Mozilla/5.0 (compatible; SearchmetricsBot; http://www.searchmetrics.com/en/searchmetrics-bot/)"
5.9.41.104 - - [07/Jul/2015:11:16:24 +0200] "GET /preisanfrage.php HTTP/1.1" 200 11698 "-" "Mozilla/5.0 (compatible; SearchmetricsBot; http://www.searchmetrics.com/en/searchmetrics-bot/)"
5.9.41.104 - - [07/Jul/2015:11:17:08 +0200] "GET /baustellenbetankung.php HTTP/1.1" 200 12527 "-" "Mozilla/5.0 (compatible; SearchmetricsBot; http://www.searchmetrics.com/en/searchmetrics-bot/)"
5.9.41.104 - - [07/Jul/2015:11:17:28 +0200] "GET /marktdaten.php HTTP/1.1" 200 12103 "-" "Mozilla/5.0 (compatible; SearchmetricsBot; http://www.searchmetrics.com/en/searchmetrics-bot/)"
5.9.41.104 - - [07/Jul/2015:11:14:31 +0200] "GET / HTTP/1.1" 200 16125 "-" "Mozilla/5.0 (compatible; SearchmetricsBot; http://www.searchmetrics.com/en/searchmetrics-bot/)"
5.9.41.104 - - [07/Jul/2015:11:14:42 +0200] "GET /kontakt.php HTTP/1.1" 200 11672 "-" "Mozilla/5.0 (compatible; SearchmetricsBot; http://www.searchmetrics.com/en/searchmetrics-bot/)"
5.9.41.104 - - [07/Jul/2015:11:17:52 +0200] "GET /essoschmierstoffe.php HTTP/1.1" 200 15592 "-" "Mozilla/5.0 (compatible; SearchmetricsBot; http://www.searchmetrics.com/en/searchmetrics-bot/)"
5.9.41.104 - - [07/Jul/2015:11:14:52 +0200] "GET /tankreinigung.php HTTP/1.1" 200 11962 "-" "Mozilla/5.0 (compatible; SearchmetricsBot; http://www.searchmetrics.com/en/searchmetrics-bot/)"
5.9.41.104 - - [07/Jul/2015:11:18:02 +0200] "GET /premiumheizoel.php HTTP/1.1" 200 12235 "-" "Mozilla/5.0 (compatible; SearchmetricsBot; http://www.searchmetrics.com/en/searchmetrics-bot/)"
5.9.41.104 - - [07/Jul/2015:11:15:23 +0200] "GET /heizoel.php HTTP/1.1" 200 12204 "-" "Mozilla/5.0 (compatible; SearchmetricsBot; http://www.searchmetrics.com/en/searchmetrics-bot/)"
5.9.41.104 - - [07/Jul/2015:11:15:33 +0200] "GET /diesel.php HTTP/1.1" 200 12167 "-" "Mozilla/5.0 (compatible; SearchmetricsBot; http://www.searchmetrics.com/en/searchmetrics-bot/)"
5.9.41.104 - - [07/Jul/2015:11:15:43 +0200] "GET /ec.php HTTP/1.1" 200 11821 "-" "Mozilla/5.0 (compatible; SearchmetricsBot; http://www.searchmetrics.com/en/searchmetrics-bot/)"
5.9.41.104 - - [07/Jul/2015:11:18:53 +0200] "GET /waermekonto.php HTTP/1.1" 200 12036 "-" "Mozilla/5.0 (compatible; SearchmetricsBot; http://www.searchmetrics.com/en/searchmetrics-bot/)"
5.9.41.104 - - [07/Jul/2015:11:19:37 +0200] "GET /notdienst.php HTTP/1.1" 200 12433 "-" "Mozilla/5.0 (compatible; SearchmetricsBot; http://www.searchmetrics.com/en/searchmetrics-bot/)"
5.9.41.104 - - [07/Jul/2015:11:19:47 +0200] "GET /ansprechpartner.php HTTP/1.1" 200 13907 "-" "Mozilla/5.0 (compatible; SearchmetricsBot; http://www.searchmetrics.com/en/searchmetrics-bot/)"
5.9.41.104 - - [07/Jul/2015:11:16:47 +0200] "GET /brennwerttechnik.php HTTP/1.1" 200 12064 "-" "Mozilla/5.0 (compatible; SearchmetricsBot; http://www.searchmetrics.com/en/searchmetrics-bot/)"
5.9.41.104 - - [07/Jul/2015:11:16:58 +0200] "GET /edl.php HTTP/1.1" 200 12021 "-" "Mozilla/5.0 (compatible; SearchmetricsBot; http://www.searchmetrics.com/en/searchmetrics-bot/)"
5.9.41.104 - - [07/Jul/2015:11:17:18 +0200] "GET /faq.php HTTP/1.1" 200 11681 "-" "Mozilla/5.0 (compatible; SearchmetricsBot; http://www.searchmetrics.com/en/searchmetrics-bot/)"
5.9.41.104 - - [07/Jul/2015:11:17:41 +0200] "GET /energiesparcheck.php HTTP/1.1" 200 11754 "-" "Mozilla/5.0 (compatible; SearchmetricsBot; http://www.searchmetrics.com/en/searchmetrics-bot/)"
5.9.41.104 - - [07/Jul/2015:11:18:12 +0200] "GET /foerdermittel.php HTTP/1.1" 200 12029 "-" "Mozilla/5.0 (compatible; SearchmetricsBot; http://www.searchmetrics.com/en/searchmetrics-bot/)"
5.9.41.104 - - [07/Jul/2015:11:18:22 +0200] "GET /lexikon.php HTTP/1.1" 200 11671 "-" "Mozilla/5.0 (compatible; SearchmetricsBot; http://www.searchmetrics.com/en/searchmetrics-bot/)"
5.9.41.104 - - [07/Jul/2015:11:18:33 +0200] "GET /ofenbau.php HTTP/1.1" 200 11901 "-" "Mozilla/5.0 (compatible; SearchmetricsBot; http://www.searchmetrics.com/en/searchmetrics-bot/)"
5.9.41.104 - - [07/Jul/2015:11:18:43 +0200] "GET /news.php HTTP/1.1" 200 11682 "-" "Mozilla/5.0 (compatible; SearchmetricsBot; http://www.searchmetrics.com/en/searchmetrics-bot/)"
5.9.41.104 - - [07/Jul/2015:11:19:06 +0200] "GET /wunschpreis.php HTTP/1.1" 200 11851 "-" "Mozilla/5.0 (compatible; SearchmetricsBot; http://www.searchmetrics.com/en/searchmetrics-bot/)"
5.9.41.104 - - [07/Jul/2015:11:19:16 +0200] "GET /index.php HTTP/1.1" 200 16125 "-" "Mozilla/5.0 (compatible; SearchmetricsBot; http://www.searchmetrics.com/en/searchmetrics-bot/)"
5.9.41.104 - - [07/Jul/2015:11:19:26 +0200] "GET /tankanlagen.php HTTP/1.1" 200 11893 "-" "Mozilla/5.0 (compatible; SearchmetricsBot; http://www.searchmetrics.com/en/searchmetrics-bot/)"
5.9.41.104 - - [07/Jul/2015:11:16:34 +0200] "GET /energiekostenvergleich.php HTTP/1.1" 200 24259 "-" "Mozilla/5.0 (compatible; SearchmetricsBot; http://www.searchmetrics.com/en/searchmetrics-bot/)"
148.251.44.138 - - [07/Jul/2015:11:50:26 +0200] "GET /robots.txt HTTP/1.1" 404 1256 "-" "ssearch_bot (sSearch Crawler; http://www.semantissimo.de)"
157.55.39.27 - - [07/Jul/2015:11:52:06 +0200] "GET /tabmenu/md_hel.php HTTP/1.1" 200 - "-" "Mozilla/5.0 (compatible; bingbot/2.0; +http://www.bing.com/bingbot.htm)"
66.249.78.126 - - [07/Jul/2015:11:56:49 +0200] "GET /robots.txt HTTP/1.1" 404 1256 "-" "Mozilla/5.0 (compatible; Googlebot/2.1; +http://www.google.com/bot.html)"
148.251.44.138 - - [07/Jul/2015:11:50:26 +0200] "GET /news.php?cs_go=archiv&cs_id=2161 HTTP/1.1" 200 11682 "-" "ssearch_bot (sSearch Crawler; http://www.semantissimo.de)"
66.249.78.126 - - [07/Jul/2015:11:56:49 +0200] "GET /news.php?cs_go=archiv&cs_id=295&cs_search= HTTP/1.1" 200 11477 "-" "Mozilla/5.0 (compatible; Googlebot/2.1; +http://www.google.com/bot.html)"
66.249.78.126 - - [07/Jul/2015:12:03:00 +0200] "GET /news.php?cs_go=archiv&cs_id=295&cs_search= HTTP/1.1" 200 11477 "-" "Mozilla/5.0 (compatible; Googlebot/2.1; +http://www.google.com/bot.html)"
66.249.78.119 - - [07/Jul/2015:12:07:02 +0200] "GET /news.php?cs_go=archiv&cs_id=2085&cs_search= HTTP/1.1" 200 11477 "-" "Mozilla/5.0 (compatible; Googlebot/2.1; +http://www.google.com/bot.html)"
66.249.78.126 - - [07/Jul/2015:12:10:02 +0200] "GET /news.php?cs_go=archiv&cs_id=295&cs_search= HTTP/1.1" 200 11477 "-" "Mozilla/5.0 (compatible; Googlebot/2.1; +http://www.google.com/bot.html)"
66.249.78.112 - - [07/Jul/2015:12:13:36 +0200] "GET /news.php?cs_go=archiv&cs_id=2085&cs_search= HTTP/1.1" 200 11477 "-" "Mozilla/5.0 (compatible; Googlebot/2.1; +http://www.google.com/bot.html)"
66.249.78.112 - - [07/Jul/2015:12:19:40 +0200] "GET /news.php?cs_go=archiv&cs_id=2085&cs_search= HTTP/1.1" 200 11477 "-" "Mozilla/5.0 (compatible; Googlebot/2.1; +http://www.google.com/bot.html)"
66.249.78.210 - - [07/Jul/2015:12:39:06 +0200] "GET /energiesparcheck.php HTTP/1.1" 200 11549 "-" "Mozilla/5.0 (iPhone; CPU iPhone OS 6_0 like Mac OS X) AppleWebKit/536.26 (KHTML, like Gecko) Version/6.0 Mobile/10A5376e Safari/8536.25 (compatible; Googlebot/2.1; +http://www.google.com/bot.html)"
66.249.78.210 - - [07/Jul/2015:12:45:31 +0200] "GET /energiesparcheck.php HTTP/1.1" 200 11549 "-" "Mozilla/5.0 (iPhone; CPU iPhone OS 6_0 like Mac OS X) AppleWebKit/536.26 (KHTML, like Gecko) Version/6.0 Mobile/10A5376e Safari/8536.25 (compatible; Googlebot/2.1; +http://www.google.com/bot.html)"
66.249.78.224 - - [07/Jul/2015:12:52:02 +0200] "GET /energiesparcheck.php HTTP/1.1" 200 11549 "-" "Mozilla/5.0 (iPhone; CPU iPhone OS 6_0 like Mac OS X) AppleWebKit/536.26 (KHTML, like Gecko) Version/6.0 Mobile/10A5376e Safari/8536.25 (compatible; Googlebot/2.1; +http://www.google.com/bot.html)"
188.40.95.70 - - [07/Jul/2015:13:01:41 +0200] "GET /robots.txt HTTP/1.0" 404 1256 "-" "Mozilla/5.0 (compatible; MJ12bot/v1.4.5; http://www.majestic12.co.uk/bot.php?+)"
188.40.95.70 - - [07/Jul/2015:13:01:49 +0200] "GET /adblue.php HTTP/1.0" 200 15843 "-" "Mozilla/5.0 (compatible; MJ12bot/v1.4.5; http://www.majestic12.co.uk/bot.php?+)"
188.40.95.70 - - [07/Jul/2015:13:02:36 +0200] "GET /schmierstoffe.php HTTP/1.0" 200 14431 "-" "Mozilla/5.0 (compatible; MJ12bot/v1.4.5; http://www.majestic12.co.uk/bot.php?+)"
188.40.95.70 - - [07/Jul/2015:13:03:21 +0200] "GET /tankanlagen.php HTTP/1.0" 200 11688 "-" "Mozilla/5.0 (compatible; MJ12bot/v1.4.5; http://www.majestic12.co.uk/bot.php?+)"
188.40.95.70 - - [07/Jul/2015:13:04:07 +0200] "GET /tankreinigung.php HTTP/1.0" 200 11757 "-" "Mozilla/5.0 (compatible; MJ12bot/v1.4.5; http://www.majestic12.co.uk/bot.php?+)"
66.249.78.149 - - [07/Jul/2015:13:13:12 +0200] "GET /robots.txt HTTP/1.1" 404 1256 "-" "Mozilla/5.0 (compatible; Googlebot/2.1; +http://www.google.com/bot.html)"
66.249.78.149 - - [07/Jul/2015:13:13:12 +0200] "GET /news.php?cs_go=archiv&cs_id=4250 HTTP/1.1" 200 11477 "-" "Mozilla/5.0 (iPhone; CPU iPhone OS 6_0 like Mac OS X) AppleWebKit/536.26 (KHTML, like Gecko) Version/6.0 Mobile/10A5376e Safari/8536.25 (compatible; Googlebot/2.1; +http://www.google.com/bot.html)"
207.46.13.27 - - [07/Jul/2015:13:19:05 +0200] "GET / HTTP/1.1" 200 9656 "-" "Mozilla/5.0 (compatible; bingbot/2.0; +http://www.bing.com/bingbot.htm)"
66.249.67.81 - - [07/Jul/2015:13:19:39 +0200] "GET /news.php?cs_go=archiv&cs_id=4250 HTTP/1.1" 200 11477 "-" "Mozilla/5.0 (iPhone; CPU iPhone OS 6_0 like Mac OS X) AppleWebKit/536.26 (KHTML, like Gecko) Version/6.0 Mobile/10A5376e Safari/8536.25 (compatible; Googlebot/2.1; +http://www.google.com/bot.html)"
66.249.78.149 - - [07/Jul/2015:13:26:08 +0200] "GET /news.php?cs_go=archiv&cs_id=4250 HTTP/1.1" 200 11477 "-" "Mozilla/5.0 (iPhone; CPU iPhone OS 6_0 like Mac OS X) AppleWebKit/536.26 (KHTML, like Gecko) Version/6.0 Mobile/10A5376e Safari/8536.25 (compatible; Googlebot/2.1; +http://www.google.com/bot.html)"
66.249.78.43 - - [07/Jul/2015:13:50:31 +0200] "GET /robots.txt HTTP/1.1" 404 1256 "-" "Mozilla/5.0 (compatible; Googlebot/2.1; +http://www.google.com/bot.html)"
66.249.78.50 - - [07/Jul/2015:13:50:31 +0200] "GET /news.php?cs_go=archiv&cs_id=3923 HTTP/1.1" 200 11477 "-" "Mozilla/5.0 (compatible; Googlebot/2.1; +http://www.google.com/bot.html)"
66.249.78.43 - - [07/Jul/2015:13:57:11 +0200] "GET /news.php?cs_go=archiv&cs_id=3923 HTTP/1.1" 200 11477 "-" "Mozilla/5.0 (compatible; Googlebot/2.1; +http://www.google.com/bot.html)"
66.249.78.36 - - [07/Jul/2015:14:03:23 +0200] "GET /news.php?cs_go=archiv&cs_id=3923 HTTP/1.1" 200 11477 "-" "Mozilla/5.0 (compatible; Googlebot/2.1; +http://www.google.com/bot.html)"
66.249.78.224 - - [07/Jul/2015:14:06:23 +0200] "GET /news.php?cs_go=archiv&cs_startpos=90 HTTP/1.1" 200 11477 "-" "Mozilla/5.0 (compatible; Googlebot/2.1; +http://www.google.com/bot.html)"
66.249.78.217 - - [07/Jul/2015:14:13:07 +0200] "GET /news.php?cs_go=archiv&cs_startpos=90 HTTP/1.1" 200 11477 "-" "Mozilla/5.0 (compatible; Googlebot/2.1; +http://www.google.com/bot.html)"
66.249.78.224 - - [07/Jul/2015:14:19:23 +0200] "GET /news.php?cs_go=archiv&cs_startpos=90 HTTP/1.1" 200 11477 "-" "Mozilla/5.0 (compatible; Googlebot/2.1; +http://www.google.com/bot.html)"
66.249.78.154 - - [07/Jul/2015:14:32:53 +0200] "GET / HTTP/1.1" 200 15920 "-" "Mozilla/5.0 (compatible; Googlebot/2.1; +http://www.google.com/bot.html)"
66.249.78.154 - - [07/Jul/2015:14:39:28 +0200] "GET / HTTP/1.1" 200 15920 "-" "Mozilla/5.0 (compatible; Googlebot/2.1; +http://www.google.com/bot.html)"
66.249.78.161 - - [07/Jul/2015:14:45:42 +0200] "GET / HTTP/1.1" 200 15920 "-" "Mozilla/5.0 (compatible; Googlebot/2.1; +http://www.google.com/bot.html)"
198.27.65.39 - - [07/Jul/2015:14:52:52 +0200] "GET /robots.txt HTTP/1.0" 404 1256 "-" "Mozilla/5.0 (compatible; MJ12bot/v1.4.5; http://www.majestic12.co.uk/bot.php?+)"
198.27.65.39 - - [07/Jul/2015:14:52:54 +0200] "GET /kwk.php?cs_go=1 HTTP/1.0" 200 11474 "-" "Mozilla/5.0 (compatible; MJ12bot/v1.4.5; http://www.majestic12.co.uk/bot.php?+)"
198.27.65.39 - - [07/Jul/2015:14:53:36 +0200] "GET /kwk.php?cs_go=2 HTTP/1.0" 200 11474 "-" "Mozilla/5.0 (compatible; MJ12bot/v1.4.5; http://www.majestic12.co.uk/bot.php?+)"
66.249.78.126 - - [07/Jul/2015:14:54:04 +0200] "GET /news.php HTTP/1.1" 200 11477 "-" "Mozilla/5.0 (compatible; Googlebot/2.1; +http://www.google.com/bot.html)"
198.27.65.39 - - [07/Jul/2015:14:54:19 +0200] "GET /kwk.php?cs_go=3 HTTP/1.0" 200 11474 "-" "Mozilla/5.0 (compatible; MJ12bot/v1.4.5; http://www.majestic12.co.uk/bot.php?+)"
198.27.65.39 - - [07/Jul/2015:14:55:00 +0200] "GET /kwk.php?cs_go=4 HTTP/1.0" 200 11474 "-" "Mozilla/5.0 (compatible; MJ12bot/v1.4.5; http://www.majestic12.co.uk/bot.php?+)"
198.27.65.39 - - [07/Jul/2015:14:55:42 +0200] "GET /lexikon.php?cs_go=2&cs_char=a HTTP/1.0" 200 11466 "-" "Mozilla/5.0 (compatible; MJ12bot/v1.4.5; http://www.majestic12.co.uk/bot.php?+)"
198.27.65.39 - - [07/Jul/2015:14:56:24 +0200] "GET /lexikon.php?cs_go=2&cs_char=b HTTP/1.0" 200 11466 "-" "Mozilla/5.0 (compatible; MJ12bot/v1.4.5; http://www.majestic12.co.uk/bot.php?+)"
66.249.78.36 - - [07/Jul/2015:14:57:04 +0200] "GET / HTTP/1.1" 200 15920 "-" "SAMSUNG-SGH-E250/1.0 Profile/MIDP-2.0 Configuration/CLDC-1.1 UP.Browser/6.2.3.3.c.1.101 (GUI) MMP/2.0 (compatible; Googlebot-Mobile/2.1; +http://www.google.com/bot.html)"
198.27.65.39 - - [07/Jul/2015:14:57:06 +0200] "GET /lexikon.php?cs_go=2&cs_char=c HTTP/1.0" 200 11466 "-" "Mozilla/5.0 (compatible; MJ12bot/v1.4.5; http://www.majestic12.co.uk/bot.php?+)"
198.27.65.39 - - [07/Jul/2015:14:57:48 +0200] "GET /lexikon.php?cs_go=2&cs_char=d HTTP/1.0" 200 11466 "-" "Mozilla/5.0 (compatible; MJ12bot/v1.4.5; http://www.majestic12.co.uk/bot.php?+)"
198.27.65.39 - - [07/Jul/2015:14:58:30 +0200] "GET /lexikon.php?cs_go=2&cs_char=e HTTP/1.0" 200 11466 "-" "Mozilla/5.0 (compatible; MJ12bot/v1.4.5; http://www.majestic12.co.uk/bot.php?+)"
198.27.65.39 - - [07/Jul/2015:14:59:12 +0200] "GET /lexikon.php?cs_go=2&cs_char=f HTTP/1.0" 200 11466 "-" "Mozilla/5.0 (compatible; MJ12bot/v1.4.5; http://www.majestic12.co.uk/bot.php?+)"
198.27.65.39 - - [07/Jul/2015:14:59:55 +0200] "GET /lexikon.php?cs_go=2&cs_char=g HTTP/1.0" 200 11466 "-" "Mozilla/5.0 (compatible; MJ12bot/v1.4.5; http://www.majestic12.co.uk/bot.php?+)"
66.249.78.112 - - [07/Jul/2015:15:00:05 +0200] "GET /news.php HTTP/1.1" 200 11477 "-" "Mozilla/5.0 (compatible; Googlebot/2.1; +http://www.google.com/bot.html)"
198.27.65.39 - - [07/Jul/2015:15:00:37 +0200] "GET /lexikon.php?cs_go=2&cs_char=h HTTP/1.0" 200 11466 "-" "Mozilla/5.0 (compatible; MJ12bot/v1.4.5; http://www.majestic12.co.uk/bot.php?+)"
207.46.13.27 - - [07/Jul/2015:15:03:49 +0200] "GET /premiumheizoel.php HTTP/1.1" 200 12030 "-" "Mozilla/5.0 (compatible; bingbot/2.0; +http://www.bing.com/bingbot.htm)"
198.27.65.39 - - [07/Jul/2015:15:01:19 +0200] "GET /lexikon.php?cs_go=2&cs_char=i HTTP/1.0" 200 11466 "-" "Mozilla/5.0 (compatible; MJ12bot/v1.4.5; http://www.majestic12.co.uk/bot.php?+)"
198.27.65.39 - - [07/Jul/2015:15:02:01 +0200] "GET /lexikon.php?cs_go=2&cs_char=j HTTP/1.0" 200 11466 "-" "Mozilla/5.0 (compatible; MJ12bot/v1.4.5; http://www.majestic12.co.uk/bot.php?+)"
198.27.65.39 - - [07/Jul/2015:15:02:43 +0200] "GET /lexikon.php?cs_go=2&cs_char=k HTTP/1.0" 200 11466 "-" "Mozilla/5.0 (compatible; MJ12bot/v1.4.5; http://www.majestic12.co.uk/bot.php?+)"
66.249.78.50 - - [07/Jul/2015:15:03:19 +0200] "GET / HTTP/1.1" 200 15920 "-" "SAMSUNG-SGH-E250/1.0 Profile/MIDP-2.0 Configuration/CLDC-1.1 UP.Browser/6.2.3.3.c.1.101 (GUI) MMP/2.0 (compatible; Googlebot-Mobile/2.1; +http://www.google.com/bot.html)"
198.27.65.39 - - [07/Jul/2015:15:03:25 +0200] "GET /lexikon.php?cs_go=2&cs_char=l HTTP/1.0" 200 11466 "-" "Mozilla/5.0 (compatible; MJ12bot/v1.4.5; http://www.majestic12.co.uk/bot.php?+)"
198.27.65.39 - - [07/Jul/2015:15:04:08 +0200] "GET /lexikon.php?cs_go=2&cs_char=m HTTP/1.0" 200 11466 "-" "Mozilla/5.0 (compatible; MJ12bot/v1.4.5; http://www.majestic12.co.uk/bot.php?+)"
198.27.65.39 - - [07/Jul/2015:15:04:50 +0200] "GET /lexikon.php?cs_go=2&cs_char=n HTTP/1.0" 200 11466 "-" "Mozilla/5.0 (compatible; MJ12bot/v1.4.5; http://www.majestic12.co.uk/bot.php?+)"
198.27.65.39 - - [07/Jul/2015:15:05:32 +0200] "GET /lexikon.php?cs_go=2&cs_char=o HTTP/1.0" 200 11466 "-" "Mozilla/5.0 (compatible; MJ12bot/v1.4.5; http://www.majestic12.co.uk/bot.php?+)"
198.27.65.39 - - [07/Jul/2015:15:06:14 +0200] "GET /lexikon.php?cs_go=2&cs_char=p HTTP/1.0" 200 11466 "-" "Mozilla/5.0 (compatible; MJ12bot/v1.4.5; http://www.majestic12.co.uk/bot.php?+)"
66.249.78.126 - - [07/Jul/2015:15:06:45 +0200] "GET /news.php HTTP/1.1" 200 11477 "-" "Mozilla/5.0 (compatible; Googlebot/2.1; +http://www.google.com/bot.html)"
198.27.65.39 - - [07/Jul/2015:15:06:56 +0200] "GET /lexikon.php?cs_go=2&cs_char=q HTTP/1.0" 200 11466 "-" "Mozilla/5.0 (compatible; MJ12bot/v1.4.5; http://www.majestic12.co.uk/bot.php?+)"
78.46.50.246 - - [07/Jul/2015:15:13:22 +0200] "GET /robots.txt HTTP/1.0" 404 1256 "-" "Mozilla/5.0 (compatible; MJ12bot/v1.4.5; http://www.majestic12.co.uk/bot.php?+)"
198.27.65.39 - - [07/Jul/2015:15:07:38 +0200] "GET /lexikon.php?cs_go=2&cs_char=r HTTP/1.0" 200 11466 "-" "Mozilla/5.0 (compatible; MJ12bot/v1.4.5; http://www.majestic12.co.uk/bot.php?+)"
198.27.65.39 - - [07/Jul/2015:15:08:19 +0200] "GET /lexikon.php?cs_go=2&cs_char=s HTTP/1.0" 200 11466 "-" "Mozilla/5.0 (compatible; MJ12bot/v1.4.5; http://www.majestic12.co.uk/bot.php?+)"
198.27.65.39 - - [07/Jul/2015:15:09:01 +0200] "GET /lexikon.php?cs_go=2&cs_char=t HTTP/1.0" 200 11466 "-" "Mozilla/5.0 (compatible; MJ12bot/v1.4.5; http://www.majestic12.co.uk/bot.php?+)"
198.27.65.39 - - [07/Jul/2015:15:09:44 +0200] "GET /lexikon.php?cs_go=2&cs_char=u HTTP/1.0" 200 11466 "-" "Mozilla/5.0 (compatible; MJ12bot/v1.4.5; http://www.majestic12.co.uk/bot.php?+)"
66.249.67.8 - - [07/Jul/2015:15:09:45 +0200] "GET / HTTP/1.1" 200 15920 "-" "SAMSUNG-SGH-E250/1.0 Profile/MIDP-2.0 Configuration/CLDC-1.1 UP.Browser/6.2.3.3.c.1.101 (GUI) MMP/2.0 (compatible; Googlebot-Mobile/2.1; +http://www.google.com/bot.html)"
198.27.65.39 - - [07/Jul/2015:15:10:28 +0200] "GET /lexikon.php?cs_go=2&cs_char=v HTTP/1.0" 200 11466 "-" "Mozilla/5.0 (compatible; MJ12bot/v1.4.5; http://www.majestic12.co.uk/bot.php?+)"
198.27.65.39 - - [07/Jul/2015:15:11:10 +0200] "GET /lexikon.php?cs_go=2&cs_char=w HTTP/1.0" 200 11466 "-" "Mozilla/5.0 (compatible; MJ12bot/v1.4.5; http://www.majestic12.co.uk/bot.php?+)"
198.27.65.39 - - [07/Jul/2015:15:11:52 +0200] "GET /lexikon.php?cs_go=2&cs_char=x HTTP/1.0" 200 11466 "-" "Mozilla/5.0 (compatible; MJ12bot/v1.4.5; http://www.majestic12.co.uk/bot.php?+)"
198.27.65.39 - - [07/Jul/2015:15:12:34 +0200] "GET /lexikon.php?cs_go=2&cs_char=y HTTP/1.0" 200 11466 "-" "Mozilla/5.0 (compatible; MJ12bot/v1.4.5; http://www.majestic12.co.uk/bot.php?+)"
198.27.65.39 - - [07/Jul/2015:15:13:16 +0200] "GET /lexikon.php?cs_go=2&cs_char=z HTTP/1.0" 200 11466 "-" "Mozilla/5.0 (compatible; MJ12bot/v1.4.5; http://www.majestic12.co.uk/bot.php?+)"
78.46.50.246 - - [07/Jul/2015:15:13:29 +0200] "GET /news.php?cs_go=archiv&cs_id=4911&cs_search= HTTP/1.0" 200 11477 "-" "Mozilla/5.0 (compatible; MJ12bot/v1.4.5; http://www.majestic12.co.uk/bot.php?+)"
198.27.65.39 - - [07/Jul/2015:15:13:58 +0200] "GET /lexikon.php?cs_go=3&cs_id=1 HTTP/1.0" 200 11466 "-" "Mozilla/5.0 (compatible; MJ12bot/v1.4.5; http://www.majestic12.co.uk/bot.php?+)"
78.46.50.246 - - [07/Jul/2015:15:14:13 +0200] "GET /news.php?cs_go=archiv&cs_id=4912 HTTP/1.0" 200 11477 "-" "Mozilla/5.0 (compatible; MJ12bot/v1.4.5; http://www.majestic12.co.uk/bot.php?+)"
198.27.65.39 - - [07/Jul/2015:15:14:40 +0200] "GET /lexikon.php?cs_go=3&cs_id=10 HTTP/1.0" 200 11466 "-" "Mozilla/5.0 (compatible; MJ12bot/v1.4.5; http://www.majestic12.co.uk/bot.php?+)"
78.46.50.246 - - [07/Jul/2015:15:14:56 +0200] "GET /news.php?cs_go=archiv&cs_id=4912&cs_search= HTTP/1.0" 200 11477 "-" "Mozilla/5.0 (compatible; MJ12bot/v1.4.5; http://www.majestic12.co.uk/bot.php?+)"
