5.9.94.207 - - [11/Jul/2015:21:09:29 +0200] "GET /news.php?cs_go=archiv&cs_id=4268 HTTP/1.1" 200 11682 "-" "Mozilla/5.0 (Macintosh; Intel Mac OS X 1084) AppleWebKit/536.29.13 (KHTML like Gecko) Version/6.0.4 Safari/536.29.13"
78.46.156.169 - - [11/Jul/2015:21:09:29 +0200] "GET /news.php?cs_go=archiv&cs_id=4268&cs_search= HTTP/1.1" 200 11682 "-" "Mozilla/5.0 (Macintosh; U; Intel Mac OS X 10_5_8; zh-cn) AppleWebKit/533.18.1 (KHTML, like Gecko) Version/5.0.2 Safari/533.18.5"
5.9.112.6 - - [11/Jul/2015:21:09:35 +0200] "GET /news.php?cs_go=archiv&cs_id=4268&cs_search= HTTP/1.1" 200 11682 "-" "Mozilla/5.0 (Windows NT 5.1) AppleWebKit/537.36 (KHTML, like Gecko) Chrome/27.0.1453.93 Safari/537.36"
5.9.94.207 - - [11/Jul/2015:21:09:35 +0200] "GET /news.php?cs_go=archiv&cs_id=4268 HTTP/1.1" 200 11682 "-" "Mozilla/5.0 (Windows NT 6.1; rv:21.0) Gecko/20100101 Firefox/21.0"
5.9.112.6 - - [11/Jul/2015:21:09:43 +0200] "GET /news.php?cs_go=archiv&cs_id=4268&cs_search= HTTP/1.1" 200 11682 "-" "Mozilla/5.0 (compatible; Windows; U; Windows NT 6.2; WOW64; en-US; rv:12.0) Gecko/20120403211507 Firefox/12.0"
5.9.94.207 - - [11/Jul/2015:21:09:43 +0200] "GET /news.php?cs_go=archiv&cs_id=4268 HTTP/1.1" 200 11682 "-" "Mozilla/5.0 (Windows NT 6.1; rv:21.0) Gecko/20130328 Firefox/21.0"
66.249.78.210 - - [11/Jul/2015:21:28:50 +0200] "GET /robots.txt HTTP/1.1" 404 1256 "-" "Mozilla/5.0 (compatible; Googlebot/2.1; +http://www.google.com/bot.html)"
66.249.78.217 - - [11/Jul/2015:21:28:50 +0200] "GET /news.php?cs_go=archiv&cs_id=344&cs_search= HTTP/1.1" 200 11477 "-" "Mozilla/5.0 (compatible; Googlebot/2.1; +http://www.google.com/bot.html)"
66.249.78.217 - - [11/Jul/2015:21:34:58 +0200] "GET /news.php?cs_go=archiv&cs_id=344&cs_search= HTTP/1.1" 200 11477 "-" "Mozilla/5.0 (compatible; Googlebot/2.1; +http://www.google.com/bot.html)"
66.249.78.210 - - [11/Jul/2015:21:41:28 +0200] "GET /news.php?cs_go=archiv&cs_id=344&cs_search= HTTP/1.1" 200 11477 "-" "Mozilla/5.0 (compatible; Googlebot/2.1; +http://www.google.com/bot.html)"
80.187.97.125 - - [11/Jul/2015:21:58:31 +0200] "GET /js/ddaccordion.js HTTP/1.1" 200 12534 "http://www.soberlin.de/" "Mozilla/5.0 (iPhone; CPU iPhone OS 8_4 like Mac OS X) AppleWebKit/600.1.4 (KHTML, like Gecko) Version/8.0 Mobile/12H143 Safari/600.1.4"
80.187.97.125 - - [11/Jul/2015:21:58:31 +0200] "GET /style.css HTTP/1.1" 200 8056 "http://www.soberlin.de/" "Mozilla/5.0 (iPhone; CPU iPhone OS 8_4 like Mac OS X) AppleWebKit/600.1.4 (KHTML, like Gecko) Version/8.0 Mobile/12H143 Safari/600.1.4"
80.187.97.125 - - [11/Jul/2015:21:58:31 +0200] "GET /Scripts/AC_ActiveX.js HTTP/1.1" 200 2068 "http://www.soberlin.de/" "Mozilla/5.0 (iPhone; CPU iPhone OS 8_4 like Mac OS X) AppleWebKit/600.1.4 (KHTML, like Gecko) Version/8.0 Mobile/12H143 Safari/600.1.4"
80.187.97.125 - - [11/Jul/2015:21:58:31 +0200] "GET /js/jquery.min.js HTTP/1.1" 200 57254 "http://www.soberlin.de/" "Mozilla/5.0 (iPhone; CPU iPhone OS 8_4 like Mac OS X) AppleWebKit/600.1.4 (KHTML, like Gecko) Version/8.0 Mobile/12H143 Safari/600.1.4"
80.187.97.125 - - [11/Jul/2015:21:58:31 +0200] "GET /modul.css HTTP/1.1" 200 36485 "http://www.soberlin.de/" "Mozilla/5.0 (iPhone; CPU iPhone OS 8_4 like Mac OS X) AppleWebKit/600.1.4 (KHTML, like Gecko) Version/8.0 Mobile/12H143 Safari/600.1.4"
80.187.97.125 - - [11/Jul/2015:21:58:31 +0200] "GET /js/slider.js HTTP/1.1" 200 773 "http://www.soberlin.de/" "Mozilla/5.0 (iPhone; CPU iPhone OS 8_4 like Mac OS X) AppleWebKit/600.1.4 (KHTML, like Gecko) Version/8.0 Mobile/12H143 Safari/600.1.4"
80.187.97.125 - - [11/Jul/2015:21:58:31 +0200] "GET /Scripts/AC_RunActiveContent.js HTTP/1.1" 200 8029 "http://www.soberlin.de/" "Mozilla/5.0 (iPhone; CPU iPhone OS 8_4 like Mac OS X) AppleWebKit/600.1.4 (KHTML, like Gecko) Version/8.0 Mobile/12H143 Safari/600.1.4"
80.187.97.125 - - [11/Jul/2015:21:58:31 +0200] "GET /video/jwplayer.js HTTP/1.1" 200 132411 "http://www.soberlin.de/" "Mozilla/5.0 (iPhone; CPU iPhone OS 8_4 like Mac OS X) AppleWebKit/600.1.4 (KHTML, like Gecko) Version/8.0 Mobile/12H143 Safari/600.1.4"
80.187.97.125 - - [11/Jul/2015:21:58:32 +0200] "GET /images/content_bg.jpg HTTP/1.1" 200 437 "http://www.soberlin.de/" "Mozilla/5.0 (iPhone; CPU iPhone OS 8_4 like Mac OS X) AppleWebKit/600.1.4 (KHTML, like Gecko) Version/8.0 Mobile/12H143 Safari/600.1.4"
80.187.97.125 - - [11/Jul/2015:21:58:32 +0200] "GET /images/logos.jpg HTTP/1.1" 200 1205 "http://www.soberlin.de/" "Mozilla/5.0 (iPhone; CPU iPhone OS 8_4 like Mac OS X) AppleWebKit/600.1.4 (KHTML, like Gecko) Version/8.0 Mobile/12H143 Safari/600.1.4"
80.187.97.125 - - [11/Jul/2015:21:58:32 +0200] "GET /images/header.jpg HTTP/1.1" 200 23758 "http://www.soberlin.de/" "Mozilla/5.0 (iPhone; CPU iPhone OS 8_4 like Mac OS X) AppleWebKit/600.1.4 (KHTML, like Gecko) Version/8.0 Mobile/12H143 Safari/600.1.4"
66.249.79.54 - - [11/Jul/2015:21:54:35 +0200] "GET / HTTP/1.1" 200 15920 "-" "Mozilla/5.0 (compatible; Googlebot/2.1; +http://www.google.com/bot.html)"
66.249.78.126 - - [11/Jul/2015:22:00:41 +0200] "GET / HTTP/1.1" 200 15920 "-" "Mozilla/5.0 (compatible; Googlebot/2.1; +http://www.google.com/bot.html)"
80.187.97.125 - - [11/Jul/2015:21:58:31 +0200] "GET / HTTP/1.1" 200 16125 "-" "Mozilla/5.0 (iPhone; CPU iPhone OS 8_4 like Mac OS X) AppleWebKit/600.1.4 (KHTML, like Gecko) Version/8.0 Mobile/12H143 Safari/600.1.4"
66.249.78.119 - - [11/Jul/2015:22:06:41 +0200] "GET / HTTP/1.1" 200 15920 "-" "Mozilla/5.0 (compatible; Googlebot/2.1; +http://www.google.com/bot.html)"
66.249.78.161 - - [11/Jul/2015:22:17:44 +0200] "GET / HTTP/1.1" 200 15920 "-" "Mozilla/5.0 (compatible; Googlebot/2.1; +http://www.google.com/bot.html)"
66.249.78.154 - - [11/Jul/2015:22:24:22 +0200] "GET / HTTP/1.1" 200 15920 "-" "Mozilla/5.0 (compatible; Googlebot/2.1; +http://www.google.com/bot.html)"
66.249.78.154 - - [11/Jul/2015:22:30:31 +0200] "GET / HTTP/1.1" 200 15920 "-" "Mozilla/5.0 (compatible; Googlebot/2.1; +http://www.google.com/bot.html)"
66.249.78.36 - - [11/Jul/2015:22:37:01 +0200] "GET /news.php?cs_go=archiv&cs_id=5254&cs_search= HTTP/1.1" 200 11477 "-" "Mozilla/5.0 (compatible; Googlebot/2.1; +http://www.google.com/bot.html)"
66.249.78.43 - - [11/Jul/2015:22:43:10 +0200] "GET /news.php?cs_go=archiv&cs_id=5254&cs_search= HTTP/1.1" 200 11477 "-" "Mozilla/5.0 (compatible; Googlebot/2.1; +http://www.google.com/bot.html)"
66.249.78.43 - - [11/Jul/2015:22:49:40 +0200] "GET /news.php?cs_go=archiv&cs_id=5254&cs_search= HTTP/1.1" 200 11477 "-" "Mozilla/5.0 (compatible; Googlebot/2.1; +http://www.google.com/bot.html)"
66.249.78.135 - - [11/Jul/2015:22:57:02 +0200] "GET /news.php?cs_go=archiv&cs_startpos=1940 HTTP/1.1" 200 11477 "-" "Mozilla/5.0 (compatible; Googlebot/2.1; +http://www.google.com/bot.html)"
66.249.78.149 - - [11/Jul/2015:23:03:12 +0200] "GET /news.php?cs_go=archiv&cs_startpos=1940 HTTP/1.1" 200 11477 "-" "Mozilla/5.0 (compatible; Googlebot/2.1; +http://www.google.com/bot.html)"
66.249.78.142 - - [11/Jul/2015:23:09:36 +0200] "GET /news.php?cs_go=archiv&cs_startpos=1940 HTTP/1.1" 200 11477 "-" "Mozilla/5.0 (compatible; Googlebot/2.1; +http://www.google.com/bot.html)"
207.46.13.0 - - [12/Jul/2015:00:05:14 +0200] "GET /robots.txt HTTP/1.1" 404 1256 "-" "Mozilla/5.0 (compatible; bingbot/2.0; +http://www.bing.com/bingbot.htm)"
207.46.13.0 - - [12/Jul/2015:00:05:26 +0200] "GET / HTTP/1.1" 200 9656 "-" "Mozilla/5.0 (compatible; bingbot/2.0; +http://www.bing.com/bingbot.htm)"
192.95.29.116 - - [12/Jul/2015:01:53:18 +0200] "GET /robots.txt HTTP/1.0" 404 1256 "-" ""
192.95.29.116 - - [12/Jul/2015:01:53:19 +0200] "GET / HTTP/1.1" 200 16125 "-" "Mozilla/5.0 (X11; Linux x86_64) AppleWebKit/534.30 (KHTML, like Gecko) Ubuntu/10.10 Chromium/12.0.742.112 Chrome/12.0.742.112 Safari/534.30"
157.55.39.61 - - [12/Jul/2015:02:00:33 +0200] "GET /essoschmierstoffe.php HTTP/1.1" 200 15387 "-" "Mozilla/5.0 (compatible; bingbot/2.0; +http://www.bing.com/bingbot.htm)"
66.249.78.36 - - [12/Jul/2015:02:08:29 +0200] "GET /kwk.php HTTP/1.1" 200 11474 "-" "Mozilla/5.0 (compatible; Googlebot/2.1; +http://www.google.com/bot.html)"
66.249.78.50 - - [12/Jul/2015:02:15:07 +0200] "GET /kwk.php HTTP/1.1" 200 11474 "-" "Mozilla/5.0 (compatible; Googlebot/2.1; +http://www.google.com/bot.html)"
66.249.78.50 - - [12/Jul/2015:02:21:44 +0200] "GET /kwk.php HTTP/1.1" 200 11474 "-" "Mozilla/5.0 (compatible; Googlebot/2.1; +http://www.google.com/bot.html)"
87.159.220.148 - - [12/Jul/2015:03:06:52 +0200] "GET / HTTP/1.1" 200 9656 "http://www.bigfinder.de/?c=ws&q=online&v=1" "T-Online Browser"
157.55.39.85 - - [12/Jul/2015:03:11:19 +0200] "GET /robots.txt HTTP/1.1" 404 1256 "-" "Mozilla/5.0 (compatible; bingbot/2.0; +http://www.bing.com/bingbot.htm)"
157.55.39.85 - - [12/Jul/2015:03:11:05 +0200] "GET / HTTP/1.1" 200 9656 "-" "Mozilla/5.0 (compatible; bingbot/2.0; +http://www.bing.com/bingbot.htm)"
66.249.78.50 - - [12/Jul/2015:03:48:41 +0200] "GET / HTTP/1.1" 200 15920 "-" "Mozilla/5.0 (iPhone; CPU iPhone OS 6_0 like Mac OS X) AppleWebKit/536.26 (KHTML, like Gecko) Version/6.0 Mobile/10A5376e Safari/8536.25"
66.249.78.126 - - [12/Jul/2015:03:56:40 +0200] "GET /robots.txt HTTP/1.1" 404 1256 "-" "Mozilla/5.0 (compatible; Googlebot/2.1; +http://www.google.com/bot.html)"
66.249.78.36 - - [12/Jul/2015:03:52:41 +0200] "GET / HTTP/1.1" 200 15920 "-" "Mozilla/5.0 (iPhone; CPU iPhone OS 6_0 like Mac OS X) AppleWebKit/536.26 (KHTML, like Gecko) Version/6.0 Mobile/10A5376e Safari/8536.25"
66.249.78.112 - - [12/Jul/2015:03:56:40 +0200] "GET / HTTP/1.1" 200 15920 "-" "Mozilla/5.0 (compatible; Googlebot/2.1; +http://www.google.com/bot.html)"
66.249.78.43 - - [12/Jul/2015:03:59:40 +0200] "GET / HTTP/1.1" 200 15920 "-" "Mozilla/5.0 (iPhone; CPU iPhone OS 6_0 like Mac OS X) AppleWebKit/536.26 (KHTML, like Gecko) Version/6.0 Mobile/10A5376e Safari/8536.25"
66.249.78.161 - - [12/Jul/2015:04:02:40 +0200] "GET /tankanlagen.php HTTP/1.1" 200 11688 "-" "Mozilla/5.0 (iPhone; CPU iPhone OS 6_0 like Mac OS X) AppleWebKit/536.26 (KHTML, like Gecko) Version/6.0 Mobile/10A5376e Safari/8536.25 (compatible; Googlebot/2.1; +http://www.google.com/bot.html)"
66.249.78.119 - - [12/Jul/2015:04:05:39 +0200] "GET / HTTP/1.1" 200 15920 "-" "Mozilla/5.0 (compatible; Googlebot/2.1; +http://www.google.com/bot.html)"
66.249.78.50 - - [12/Jul/2015:04:08:39 +0200] "GET / HTTP/1.1" 200 15920 "-" "Mozilla/5.0 (iPhone; CPU iPhone OS 6_0 like Mac OS X) AppleWebKit/536.26 (KHTML, like Gecko) Version/6.0 Mobile/10A5376e Safari/8536.25"
66.249.78.161 - - [12/Jul/2015:04:10:40 +0200] "GET /tankanlagen.php HTTP/1.1" 200 11688 "-" "Mozilla/5.0 (iPhone; CPU iPhone OS 6_0 like Mac OS X) AppleWebKit/536.26 (KHTML, like Gecko) Version/6.0 Mobile/10A5376e Safari/8536.25 (compatible; Googlebot/2.1; +http://www.google.com/bot.html)"
66.249.78.119 - - [12/Jul/2015:04:13:40 +0200] "GET / HTTP/1.1" 200 15920 "-" "Mozilla/5.0 (compatible; Googlebot/2.1; +http://www.google.com/bot.html)"
66.249.78.154 - - [12/Jul/2015:04:16:54 +0200] "GET /tankanlagen.php HTTP/1.1" 200 11688 "-" "Mozilla/5.0 (iPhone; CPU iPhone OS 6_0 like Mac OS X) AppleWebKit/536.26 (KHTML, like Gecko) Version/6.0 Mobile/10A5376e Safari/8536.25 (compatible; Googlebot/2.1; +http://www.google.com/bot.html)"
157.55.39.117 - - [12/Jul/2015:04:48:24 +0200] "GET /marktdaten.php HTTP/1.1" 200 11898 "-" "Mozilla/5.0 (compatible; bingbot/2.0; +http://www.bing.com/bingbot.htm)"
66.249.78.135 - - [12/Jul/2015:04:52:30 +0200] "GET /robots.txt HTTP/1.1" 404 1256 "-" "Mozilla/5.0 (compatible; Googlebot/2.1; +http://www.google.com/bot.html)"
66.249.78.149 - - [12/Jul/2015:04:52:30 +0200] "GET /news.php?cs_go=archiv&cs_id=4250 HTTP/1.1" 200 11477 "-" "Mozilla/5.0 (iPhone; CPU iPhone OS 6_0 like Mac OS X) AppleWebKit/536.26 (KHTML, like Gecko) Version/6.0 Mobile/10A5376e Safari/8536.25 (compatible; Googlebot/2.1; +http://www.google.com/bot.html)"
66.249.78.149 - - [12/Jul/2015:04:58:31 +0200] "GET /news.php?cs_go=archiv&cs_id=4250 HTTP/1.1" 200 11477 "-" "Mozilla/5.0 (iPhone; CPU iPhone OS 6_0 like Mac OS X) AppleWebKit/536.26 (KHTML, like Gecko) Version/6.0 Mobile/10A5376e Safari/8536.25 (compatible; Googlebot/2.1; +http://www.google.com/bot.html)"
66.249.78.142 - - [12/Jul/2015:05:05:03 +0200] "GET /news.php?cs_go=archiv&cs_id=4250 HTTP/1.1" 200 11477 "-" "Mozilla/5.0 (iPhone; CPU iPhone OS 6_0 like Mac OS X) AppleWebKit/536.26 (KHTML, like Gecko) Version/6.0 Mobile/10A5376e Safari/8536.25 (compatible; Googlebot/2.1; +http://www.google.com/bot.html)"
106.120.160.119 - - [12/Jul/2015:06:11:24 +0200] "GET / HTTP/1.1" 200 16125 "http://www.esso-berlin.de/" "Mozilla/4.0 (compatible; MSIE 8.0; Windows NT 6.1; Trident/4.0; SLCC2; .NET CLR 2.0.50727; .NET CLR 3.5.30729; .NET CLR 3.0.30729; Media Center PC 6.0; Tablet PC 2.0)"
157.55.39.117 - - [12/Jul/2015:07:32:33 +0200] "GET /robots.txt HTTP/1.1" 404 1256 "-" "Mozilla/5.0 (compatible; bingbot/2.0; +http://www.bing.com/bingbot.htm)"
157.55.39.117 - - [12/Jul/2015:07:32:28 +0200] "GET /marktdaten.php HTTP/1.1" 200 11898 "-" "Mozilla/5.0 (compatible; bingbot/2.0; +http://www.bing.com/bingbot.htm)"
66.249.78.36 - - [12/Jul/2015:08:26:33 +0200] "GET /robots.txt HTTP/1.1" 404 1256 "-" "Mozilla/5.0 (compatible; Googlebot/2.1; +http://www.google.com/bot.html)"
66.249.78.43 - - [12/Jul/2015:08:26:33 +0200] "GET /images/ral.jpg HTTP/1.1" 304 - "-" "Googlebot-Image/1.0"
188.165.15.234 - - [12/Jul/2015:08:36:03 +0200] "GET /schmierstoffe.php HTTP/1.1" 200 14431 "-" "Mozilla/5.0 (compatible; AhrefsBot/5.0; +http://ahrefs.com/robot/)"
157.55.39.60 - - [12/Jul/2015:08:55:40 +0200] "GET /images/RAL_Guetezeichen_Energiehandel.pdf HTTP/1.1" 200 538987 "-" "Mozilla/5.0 (iPhone; CPU iPhone OS 7_0 like Mac OS X) AppleWebKit/537.51.1 (KHTML, like Gecko) Version/7.0 Mobile/11A465 Safari/9537.53 (compatible; bingbot/2.0; http://www.bing.com/bingbot.htm)"
157.55.39.198 - - [12/Jul/2015:09:00:17 +0200] "GET /robots.txt HTTP/1.1" 404 1256 "-" "Mozilla/5.0 (compatible; bingbot/2.0; +http://www.bing.com/bingbot.htm)"
45.55.131.12 - - [12/Jul/2015:09:01:30 +0200] "GET / HTTP/1.0" 200 16125 "-" "Mozilla/5.0 (compatible; NetcraftSurveyAgent/1.0; +info@netcraft.com)"
104.236.229.150 - - [12/Jul/2015:09:03:07 +0200] "GET / HTTP/1.0" 200 16125 "-" "Mozilla/5.0 (compatible; NetcraftSurveyAgent/1.0; +info@netcraft.com)"
104.236.224.140 - - [12/Jul/2015:09:03:08 +0200] "GET / HTTP/1.0" 200 16125 "-" "Mozilla/5.0 (compatible; NetcraftSurveyAgent/1.0; +info@netcraft.com)"
104.236.232.155 - - [12/Jul/2015:09:12:18 +0200] "GET / HTTP/1.0" 200 16125 "-" "Mozilla/5.0 (compatible; NetcraftSurveyAgent/1.0; +info@netcraft.com)"
45.55.185.214 - - [12/Jul/2015:09:18:44 +0200] "GET / HTTP/1.0" 200 16125 "-" "Mozilla/5.0 (compatible; NetcraftSurveyAgent/1.0; +info@netcraft.com)"
104.236.231.12 - - [12/Jul/2015:09:19:26 +0200] "GET / HTTP/1.0" 200 16125 "-" "Mozilla/5.0 (compatible; NetcraftSurveyAgent/1.0; +info@netcraft.com)"
104.236.234.204 - - [12/Jul/2015:09:22:49 +0200] "GET / HTTP/1.0" 200 16125 "-" "Mozilla/5.0 (compatible; NetcraftSurveyAgent/1.0; +info@netcraft.com)"
66.249.78.112 - - [12/Jul/2015:09:53:11 +0200] "GET / HTTP/1.1" 200 15920 "-" "Mozilla/5.0 (compatible; Googlebot/2.1; +http://www.google.com/bot.html)"
66.249.78.119 - - [12/Jul/2015:09:59:52 +0200] "GET / HTTP/1.1" 200 15920 "-" "Mozilla/5.0 (compatible; Googlebot/2.1; +http://www.google.com/bot.html)"
66.249.78.126 - - [12/Jul/2015:10:06:12 +0200] "GET / HTTP/1.1" 200 15920 "-" "Mozilla/5.0 (compatible; Googlebot/2.1; +http://www.google.com/bot.html)"
157.55.39.85 - - [12/Jul/2015:10:47:36 +0200] "GET /Diesel.htm HTTP/1.1" 404 1256 "-" "Mozilla/5.0 (compatible; bingbot/2.0; +http://www.bing.com/bingbot.htm)"
104.236.228.200 - - [12/Jul/2015:10:42:05 +0200] "GET / HTTP/1.0" 200 16125 "-" "Mozilla/5.0 (compatible; NetcraftSurveyAgent/1.0; +info@netcraft.com)"
104.236.234.4 - - [12/Jul/2015:10:43:08 +0200] "GET / HTTP/1.0" 200 16125 "-" "Mozilla/5.0 (compatible; NetcraftSurveyAgent/1.0; +info@netcraft.com)"
104.236.234.4 - - [12/Jul/2015:10:43:48 +0200] "GET / HTTP/1.0" 200 16125 "-" "Mozilla/5.0 (compatible; NetcraftSurveyAgent/1.0; +info@netcraft.com)"
104.236.225.77 - - [12/Jul/2015:10:43:56 +0200] "GET / HTTP/1.0" 200 16125 "-" "Mozilla/5.0 (compatible; NetcraftSurveyAgent/1.0; +info@netcraft.com)"
104.236.226.20 - - [12/Jul/2015:10:49:15 +0200] "GET / HTTP/1.0" 200 16125 "-" "Mozilla/5.0 (compatible; NetcraftSurveyAgent/1.0; +info@netcraft.com)"
104.236.228.110 - - [12/Jul/2015:10:52:14 +0200] "GET / HTTP/1.0" 200 16125 "-" "Mozilla/5.0 (compatible; NetcraftSurveyAgent/1.0; +info@netcraft.com)"
104.236.238.206 - - [12/Jul/2015:10:57:42 +0200] "GET / HTTP/1.0" 200 16125 "-" "Mozilla/5.0 (compatible; NetcraftSurveyAgent/1.0; +info@netcraft.com)"
188.40.95.70 - - [12/Jul/2015:11:07:55 +0200] "GET /robots.txt HTTP/1.0" 404 1256 "-" "Mozilla/5.0 (compatible; MJ12bot/v1.4.5; http://www.majestic12.co.uk/bot.php?+)"
46.4.120.3 - - [12/Jul/2015:11:08:17 +0200] "GET /robots.txt HTTP/1.0" 404 1256 "-" "Mozilla/5.0 (compatible; MJ12bot/v1.4.5; http://www.majestic12.co.uk/bot.php?+)"
188.40.95.70 - - [12/Jul/2015:11:07:57 +0200] "GET /news.php?cs_go=archiv&cs_id=4666 HTTP/1.0" 200 11477 "-" "Mozilla/5.0 (compatible; MJ12bot/v1.4.5; http://www.majestic12.co.uk/bot.php?+)"
46.4.120.3 - - [12/Jul/2015:11:08:18 +0200] "GET /kwk.php?cs_go=3 HTTP/1.0" 200 11474 "-" "Mozilla/5.0 (compatible; MJ12bot/v1.4.5; http://www.majestic12.co.uk/bot.php?+)"
188.40.95.70 - - [12/Jul/2015:11:08:40 +0200] "GET /news.php?cs_go=archiv&cs_id=4675 HTTP/1.0" 200 11477 "-" "Mozilla/5.0 (compatible; MJ12bot/v1.4.5; http://www.majestic12.co.uk/bot.php?+)"
46.4.120.3 - - [12/Jul/2015:11:09:00 +0200] "GET /lexikon.php?cs_go=2&cs_char=a HTTP/1.0" 200 11466 "-" "Mozilla/5.0 (compatible; MJ12bot/v1.4.5; http://www.majestic12.co.uk/bot.php?+)"
5.9.41.104 - - [12/Jul/2015:11:15:25 +0200] "GET /robots.txt HTTP/1.1" 404 1256 "-" "Mozilla/5.0 (compatible; SearchmetricsBot; http://www.searchmetrics.com/en/searchmetrics-bot/)"
188.40.95.70 - - [12/Jul/2015:11:09:24 +0200] "GET /news.php?cs_go=archiv&cs_id=4678 HTTP/1.0" 200 11477 "-" "Mozilla/5.0 (compatible; MJ12bot/v1.4.5; http://www.majestic12.co.uk/bot.php?+)"
46.4.120.3 - - [12/Jul/2015:11:09:41 +0200] "GET /lexikon.php?cs_go=2&cs_char=b HTTP/1.0" 200 11466 "-" "Mozilla/5.0 (compatible; MJ12bot/v1.4.5; http://www.majestic12.co.uk/bot.php?+)"
188.40.95.70 - - [12/Jul/2015:11:10:08 +0200] "GET /news.php?cs_go=archiv&cs_id=4679 HTTP/1.0" 200 11477 "-" "Mozilla/5.0 (compatible; MJ12bot/v1.4.5; http://www.majestic12.co.uk/bot.php?+)"
46.4.120.3 - - [12/Jul/2015:11:10:23 +0200] "GET /lexikon.php?cs_go=2&cs_char=c HTTP/1.0" 200 11466 "-" "Mozilla/5.0 (compatible; MJ12bot/v1.4.5; http://www.majestic12.co.uk/bot.php?+)"
188.40.95.70 - - [12/Jul/2015:11:10:51 +0200] "GET /news.php?cs_go=archiv&cs_id=4682 HTTP/1.0" 200 11477 "-" "Mozilla/5.0 (compatible; MJ12bot/v1.4.5; http://www.majestic12.co.uk/bot.php?+)"
46.4.120.3 - - [12/Jul/2015:11:11:05 +0200] "GET /lexikon.php?cs_go=2&cs_char=d HTTP/1.0" 200 11466 "-" "Mozilla/5.0 (compatible; MJ12bot/v1.4.5; http://www.majestic12.co.uk/bot.php?+)"
188.40.95.70 - - [12/Jul/2015:11:11:34 +0200] "GET /news.php?cs_go=archiv&cs_id=4686&cs_search= HTTP/1.0" 200 11477 "-" "Mozilla/5.0 (compatible; MJ12bot/v1.4.5; http://www.majestic12.co.uk/bot.php?+)"
46.4.120.3 - - [12/Jul/2015:11:11:47 +0200] "GET /lexikon.php?cs_go=2&cs_char=e HTTP/1.0" 200 11466 "-" "Mozilla/5.0 (compatible; MJ12bot/v1.4.5; http://www.majestic12.co.uk/bot.php?+)"
188.40.95.70 - - [12/Jul/2015:11:12:19 +0200] "GET /news.php?cs_go=archiv&cs_id=4688 HTTP/1.0" 200 11477 "-" "Mozilla/5.0 (compatible; MJ12bot/v1.4.5; http://www.majestic12.co.uk/bot.php?+)"
46.4.120.3 - - [12/Jul/2015:11:12:28 +0200] "GET /lexikon.php?cs_go=2&cs_char=f HTTP/1.0" 200 11466 "-" "Mozilla/5.0 (compatible; MJ12bot/v1.4.5; http://www.majestic12.co.uk/bot.php?+)"
188.40.95.70 - - [12/Jul/2015:11:13:02 +0200] "GET /news.php?cs_go=archiv&cs_id=4688&cs_search= HTTP/1.0" 200 11477 "-" "Mozilla/5.0 (compatible; MJ12bot/v1.4.5; http://www.majestic12.co.uk/bot.php?+)"
5.9.41.104 - - [12/Jul/2015:11:19:26 +0200] "GET /../kwk.php HTTP/1.1" 400 1200 "-" "Mozilla/5.0 (compatible; SearchmetricsBot; http://www.searchmetrics.com/en/searchmetrics-bot/)"
46.4.120.3 - - [12/Jul/2015:11:13:10 +0200] "GET /lexikon.php?cs_go=2&cs_char=g HTTP/1.0" 200 11466 "-" "Mozilla/5.0 (compatible; MJ12bot/v1.4.5; http://www.majestic12.co.uk/bot.php?+)"
188.40.95.70 - - [12/Jul/2015:11:13:46 +0200] "GET /news.php?cs_go=archiv&cs_id=4692&cs_search= HTTP/1.0" 200 11477 "-" "Mozilla/5.0 (compatible; MJ12bot/v1.4.5; http://www.majestic12.co.uk/bot.php?+)"
46.4.120.3 - - [12/Jul/2015:11:13:52 +0200] "GET /lexikon.php?cs_go=2&cs_char=h HTTP/1.0" 200 11466 "-" "Mozilla/5.0 (compatible; MJ12bot/v1.4.5; http://www.majestic12.co.uk/bot.php?+)"
188.40.95.70 - - [12/Jul/2015:11:14:29 +0200] "GET /news.php?cs_go=archiv&cs_id=4693&cs_search= HTTP/1.0" 200 11477 "-" "Mozilla/5.0 (compatible; MJ12bot/v1.4.5; http://www.majestic12.co.uk/bot.php?+)"
46.4.120.3 - - [12/Jul/2015:11:14:33 +0200] "GET /lexikon.php?cs_go=2&cs_char=i HTTP/1.0" 200 11466 "-" "Mozilla/5.0 (compatible; MJ12bot/v1.4.5; http://www.majestic12.co.uk/bot.php?+)"
188.40.95.70 - - [12/Jul/2015:11:15:13 +0200] "GET /news.php?cs_go=archiv&cs_id=4694&cs_search= HTTP/1.0" 200 11477 "-" "Mozilla/5.0 (compatible; MJ12bot/v1.4.5; http://www.majestic12.co.uk/bot.php?+)"
46.4.120.3 - - [12/Jul/2015:11:15:15 +0200] "GET /lexikon.php?cs_go=2&cs_char=j HTTP/1.0" 200 11466 "-" "Mozilla/5.0 (compatible; MJ12bot/v1.4.5; http://www.majestic12.co.uk/bot.php?+)"
5.9.41.104 - - [12/Jul/2015:11:15:55 +0200] "GET /biogasanlage.php HTTP/1.1" 200 11909 "-" "Mozilla/5.0 (compatible; SearchmetricsBot; http://www.searchmetrics.com/en/searchmetrics-bot/)"
46.4.120.3 - - [12/Jul/2015:11:15:57 +0200] "GET /lexikon.php?cs_go=2&cs_char=k HTTP/1.0" 200 11466 "-" "Mozilla/5.0 (compatible; MJ12bot/v1.4.5; http://www.majestic12.co.uk/bot.php?+)"
188.40.95.70 - - [12/Jul/2015:11:15:59 +0200] "GET /news.php?cs_go=archiv&cs_id=4696&cs_search= HTTP/1.0" 200 11477 "-" "Mozilla/5.0 (compatible; MJ12bot/v1.4.5; http://www.majestic12.co.uk/bot.php?+)"
5.9.41.104 - - [12/Jul/2015:11:16:06 +0200] "GET /adblue.php HTTP/1.1" 200 15843 "-" "Mozilla/5.0 (compatible; SearchmetricsBot; http://www.searchmetrics.com/en/searchmetrics-bot/)"
46.4.120.3 - - [12/Jul/2015:11:16:38 +0200] "GET /lexikon.php?cs_go=2&cs_char=l HTTP/1.0" 200 11466 "-" "Mozilla/5.0 (compatible; MJ12bot/v1.4.5; http://www.majestic12.co.uk/bot.php?+)"
188.40.95.70 - - [12/Jul/2015:11:16:42 +0200] "GET /news.php?cs_go=archiv&cs_id=4697&cs_search= HTTP/1.0" 200 11477 "-" "Mozilla/5.0 (compatible; MJ12bot/v1.4.5; http://www.majestic12.co.uk/bot.php?+)"
5.9.41.104 - - [12/Jul/2015:11:16:47 +0200] "GET /impressum.php HTTP/1.1" 200 12936 "-" "Mozilla/5.0 (compatible; SearchmetricsBot; http://www.searchmetrics.com/en/searchmetrics-bot/)"
5.9.41.104 - - [12/Jul/2015:11:16:57 +0200] "GET /jobs.php HTTP/1.1" 200 11716 "-" "Mozilla/5.0 (compatible; SearchmetricsBot; http://www.searchmetrics.com/en/searchmetrics-bot/)"
5.9.41.104 - - [12/Jul/2015:11:17:07 +0200] "GET /schmierstoffe.php HTTP/1.1" 200 14431 "-" "Mozilla/5.0 (compatible; SearchmetricsBot; http://www.searchmetrics.com/en/searchmetrics-bot/)"
46.4.120.3 - - [12/Jul/2015:11:17:20 +0200] "GET /lexikon.php?cs_go=2&cs_char=m HTTP/1.0" 200 11466 "-" "Mozilla/5.0 (compatible; MJ12bot/v1.4.5; http://www.majestic12.co.uk/bot.php?+)"
5.9.41.104 - - [12/Jul/2015:11:17:17 +0200] "GET /preisanfrage.php HTTP/1.1" 200 11698 "-" "Mozilla/5.0 (compatible; SearchmetricsBot; http://www.searchmetrics.com/en/searchmetrics-bot/)"
188.40.95.70 - - [12/Jul/2015:11:17:27 +0200] "GET /news.php?cs_go=archiv&cs_id=4698 HTTP/1.0" 200 11477 "-" "Mozilla/5.0 (compatible; MJ12bot/v1.4.5; http://www.majestic12.co.uk/bot.php?+)"
5.9.41.104 - - [12/Jul/2015:11:18:01 +0200] "GET /baustellenbetankung.php HTTP/1.1" 200 12527 "-" "Mozilla/5.0 (compatible; SearchmetricsBot; http://www.searchmetrics.com/en/searchmetrics-bot/)"
46.4.120.3 - - [12/Jul/2015:11:18:02 +0200] "GET /lexikon.php?cs_go=2&cs_char=n HTTP/1.0" 200 11466 "-" "Mozilla/5.0 (compatible; MJ12bot/v1.4.5; http://www.majestic12.co.uk/bot.php?+)"
188.40.95.70 - - [12/Jul/2015:11:18:12 +0200] "GET /news.php?cs_go=archiv&cs_id=4698&cs_search= HTTP/1.0" 200 11477 "-" "Mozilla/5.0 (compatible; MJ12bot/v1.4.5; http://www.majestic12.co.uk/bot.php?+)"
5.9.41.104 - - [12/Jul/2015:11:18:21 +0200] "GET /marktdaten.php HTTP/1.1" 200 12103 "-" "Mozilla/5.0 (compatible; SearchmetricsBot; http://www.searchmetrics.com/en/searchmetrics-bot/)"
5.9.41.104 - - [12/Jul/2015:11:15:25 +0200] "GET / HTTP/1.1" 200 16125 "-" "Mozilla/5.0 (compatible; SearchmetricsBot; http://www.searchmetrics.com/en/searchmetrics-bot/)"
5.9.41.104 - - [12/Jul/2015:11:15:35 +0200] "GET /kontakt.php HTTP/1.1" 200 11672 "-" "Mozilla/5.0 (compatible; SearchmetricsBot; http://www.searchmetrics.com/en/searchmetrics-bot/)"
5.9.41.104 - - [12/Jul/2015:11:18:45 +0200] "GET /essoschmierstoffe.php HTTP/1.1" 200 15592 "-" "Mozilla/5.0 (compatible; SearchmetricsBot; http://www.searchmetrics.com/en/searchmetrics-bot/)"
46.4.120.3 - - [12/Jul/2015:11:18:45 +0200] "GET /lexikon.php?cs_go=2&cs_char=o HTTP/1.0" 200 11466 "-" "Mozilla/5.0 (compatible; MJ12bot/v1.4.5; http://www.majestic12.co.uk/bot.php?+)"
5.9.41.104 - - [12/Jul/2015:11:15:45 +0200] "GET /tankreinigung.php HTTP/1.1" 200 11962 "-" "Mozilla/5.0 (compatible; SearchmetricsBot; http://www.searchmetrics.com/en/searchmetrics-bot/)"
5.9.41.104 - - [12/Jul/2015:11:18:55 +0200] "GET /premiumheizoel.php HTTP/1.1" 200 12235 "-" "Mozilla/5.0 (compatible; SearchmetricsBot; http://www.searchmetrics.com/en/searchmetrics-bot/)"
188.40.95.70 - - [12/Jul/2015:11:18:58 +0200] "GET /news.php?cs_go=archiv&cs_id=4701&cs_search= HTTP/1.0" 200 11477 "-" "Mozilla/5.0 (compatible; MJ12bot/v1.4.5; http://www.majestic12.co.uk/bot.php?+)"
5.9.41.104 - - [12/Jul/2015:11:16:16 +0200] "GET /heizoel.php HTTP/1.1" 200 12204 "-" "Mozilla/5.0 (compatible; SearchmetricsBot; http://www.searchmetrics.com/en/searchmetrics-bot/)"
46.4.120.3 - - [12/Jul/2015:11:19:30 +0200] "GET /lexikon.php?cs_go=2&cs_char=p HTTP/1.0" 200 11466 "-" "Mozilla/5.0 (compatible; MJ12bot/v1.4.5; http://www.majestic12.co.uk/bot.php?+)"
5.9.41.104 - - [12/Jul/2015:11:16:26 +0200] "GET /diesel.php HTTP/1.1" 200 12167 "-" "Mozilla/5.0 (compatible; SearchmetricsBot; http://www.searchmetrics.com/en/searchmetrics-bot/)"
188.40.95.70 - - [12/Jul/2015:11:19:43 +0200] "GET /news.php?cs_go=archiv&cs_id=4709 HTTP/1.0" 200 11477 "-" "Mozilla/5.0 (compatible; MJ12bot/v1.4.5; http://www.majestic12.co.uk/bot.php?+)"
5.9.41.104 - - [12/Jul/2015:11:16:36 +0200] "GET /ec.php HTTP/1.1" 200 11821 "-" "Mozilla/5.0 (compatible; SearchmetricsBot; http://www.searchmetrics.com/en/searchmetrics-bot/)"
5.9.41.104 - - [12/Jul/2015:11:19:46 +0200] "GET /waermekonto.php HTTP/1.1" 200 12036 "-" "Mozilla/5.0 (compatible; SearchmetricsBot; http://www.searchmetrics.com/en/searchmetrics-bot/)"
46.4.120.3 - - [12/Jul/2015:11:20:14 +0200] "GET /lexikon.php?cs_go=2&cs_char=q HTTP/1.0" 200 11466 "-" "Mozilla/5.0 (compatible; MJ12bot/v1.4.5; http://www.majestic12.co.uk/bot.php?+)"
188.40.95.70 - - [12/Jul/2015:11:20:26 +0200] "GET /news.php?cs_go=archiv&cs_id=4710 HTTP/1.0" 200 11477 "-" "Mozilla/5.0 (compatible; MJ12bot/v1.4.5; http://www.majestic12.co.uk/bot.php?+)"
5.9.41.104 - - [12/Jul/2015:11:20:30 +0200] "GET /notdienst.php HTTP/1.1" 200 12433 "-" "Mozilla/5.0 (compatible; SearchmetricsBot; http://www.searchmetrics.com/en/searchmetrics-bot/)"
5.9.41.104 - - [12/Jul/2015:11:20:40 +0200] "GET /ansprechpartner.php HTTP/1.1" 200 13907 "-" "Mozilla/5.0 (compatible; SearchmetricsBot; http://www.searchmetrics.com/en/searchmetrics-bot/)"
5.9.41.104 - - [12/Jul/2015:11:17:41 +0200] "GET /brennwerttechnik.php HTTP/1.1" 200 12064 "-" "Mozilla/5.0 (compatible; SearchmetricsBot; http://www.searchmetrics.com/en/searchmetrics-bot/)"
46.4.120.3 - - [12/Jul/2015:11:20:58 +0200] "GET /lexikon.php?cs_go=2&cs_char=r HTTP/1.0" 200 11466 "-" "Mozilla/5.0 (compatible; MJ12bot/v1.4.5; http://www.majestic12.co.uk/bot.php?+)"
5.9.41.104 - - [12/Jul/2015:11:17:51 +0200] "GET /edl.php HTTP/1.1" 200 12021 "-" "Mozilla/5.0 (compatible; SearchmetricsBot; http://www.searchmetrics.com/en/searchmetrics-bot/)"
188.40.95.70 - - [12/Jul/2015:11:21:10 +0200] "GET /news.php?cs_go=archiv&cs_id=4732&cs_search= HTTP/1.0" 200 11477 "-" "Mozilla/5.0 (compatible; MJ12bot/v1.4.5; http://www.majestic12.co.uk/bot.php?+)"
5.9.41.104 - - [12/Jul/2015:11:18:11 +0200] "GET /faq.php HTTP/1.1" 200 11681 "-" "Mozilla/5.0 (compatible; SearchmetricsBot; http://www.searchmetrics.com/en/searchmetrics-bot/)"
5.9.41.104 - - [12/Jul/2015:11:18:35 +0200] "GET /energiesparcheck.php HTTP/1.1" 200 11754 "-" "Mozilla/5.0 (compatible; SearchmetricsBot; http://www.searchmetrics.com/en/searchmetrics-bot/)"
46.4.120.3 - - [12/Jul/2015:11:21:44 +0200] "GET /lexikon.php?cs_go=2&cs_char=s HTTP/1.0" 200 11466 "-" "Mozilla/5.0 (compatible; MJ12bot/v1.4.5; http://www.majestic12.co.uk/bot.php?+)"
188.40.95.70 - - [12/Jul/2015:11:21:53 +0200] "GET /news.php?cs_go=archiv&cs_id=4733&cs_search= HTTP/1.0" 200 11477 "-" "Mozilla/5.0 (compatible; MJ12bot/v1.4.5; http://www.majestic12.co.uk/bot.php?+)"
5.9.41.104 - - [12/Jul/2015:11:19:06 +0200] "GET /foerdermittel.php HTTP/1.1" 200 12029 "-" "Mozilla/5.0 (compatible; SearchmetricsBot; http://www.searchmetrics.com/en/searchmetrics-bot/)"
5.9.41.104 - - [12/Jul/2015:11:19:16 +0200] "GET /lexikon.php HTTP/1.1" 200 11671 "-" "Mozilla/5.0 (compatible; SearchmetricsBot; http://www.searchmetrics.com/en/searchmetrics-bot/)"
46.4.120.3 - - [12/Jul/2015:11:22:28 +0200] "GET /lexikon.php?cs_go=2&cs_char=t HTTP/1.0" 200 11466 "-" "Mozilla/5.0 (compatible; MJ12bot/v1.4.5; http://www.majestic12.co.uk/bot.php?+)"
5.9.41.104 - - [12/Jul/2015:11:19:26 +0200] "GET /ofenbau.php HTTP/1.1" 200 11901 "-" "Mozilla/5.0 (compatible; SearchmetricsBot; http://www.searchmetrics.com/en/searchmetrics-bot/)"
188.40.95.70 - - [12/Jul/2015:11:22:37 +0200] "GET /news.php?cs_go=archiv&cs_id=4734&cs_search= HTTP/1.0" 200 11477 "-" "Mozilla/5.0 (compatible; MJ12bot/v1.4.5; http://www.majestic12.co.uk/bot.php?+)"
91.187.75.85 - - [12/Jul/2015:11:29:01 +0200] "GET /wp-login.php HTTP/1.0" 404 1256 "-" "Mozilla/4.0 (compatible; Synapse)"
5.9.41.104 - - [12/Jul/2015:11:19:36 +0200] "GET /news.php HTTP/1.1" 200 11682 "-" "Mozilla/5.0 (compatible; SearchmetricsBot; http://www.searchmetrics.com/en/searchmetrics-bot/)"
5.9.41.104 - - [12/Jul/2015:11:20:00 +0200] "GET /wunschpreis.php HTTP/1.1" 200 11851 "-" "Mozilla/5.0 (compatible; SearchmetricsBot; http://www.searchmetrics.com/en/searchmetrics-bot/)"
46.4.120.3 - - [12/Jul/2015:11:23:14 +0200] "GET /lexikon.php?cs_go=2&cs_char=u HTTP/1.0" 200 11466 "-" "Mozilla/5.0 (compatible; MJ12bot/v1.4.5; http://www.majestic12.co.uk/bot.php?+)"
5.9.41.104 - - [12/Jul/2015:11:20:10 +0200] "GET /index.php HTTP/1.1" 200 16125 "-" "Mozilla/5.0 (compatible; SearchmetricsBot; http://www.searchmetrics.com/en/searchmetrics-bot/)"
188.40.95.70 - - [12/Jul/2015:11:23:21 +0200] "GET /news.php?cs_go=archiv&cs_id=4735&cs_search= HTTP/1.0" 200 11477 "-" "Mozilla/5.0 (compatible; MJ12bot/v1.4.5; http://www.majestic12.co.uk/bot.php?+)"
5.9.41.104 - - [12/Jul/2015:11:20:20 +0200] "GET /tankanlagen.php HTTP/1.1" 200 11893 "-" "Mozilla/5.0 (compatible; SearchmetricsBot; http://www.searchmetrics.com/en/searchmetrics-bot/)"
5.9.41.104 - - [12/Jul/2015:11:17:27 +0200] "GET /energiekostenvergleich.php HTTP/1.1" 200 24259 "-" "Mozilla/5.0 (compatible; SearchmetricsBot; http://www.searchmetrics.com/en/searchmetrics-bot/)"
46.4.120.3 - - [12/Jul/2015:11:23:58 +0200] "GET /lexikon.php?cs_go=2&cs_char=v HTTP/1.0" 200 11466 "-" "Mozilla/5.0 (compatible; MJ12bot/v1.4.5; http://www.majestic12.co.uk/bot.php?+)"
188.40.95.70 - - [12/Jul/2015:11:24:05 +0200] "GET /news.php?cs_go=archiv&cs_id=4736&cs_search= HTTP/1.0" 200 11477 "-" "Mozilla/5.0 (compatible; MJ12bot/v1.4.5; http://www.majestic12.co.uk/bot.php?+)"
46.4.120.3 - - [12/Jul/2015:11:24:42 +0200] "GET /lexikon.php?cs_go=2&cs_char=w HTTP/1.0" 200 11466 "-" "Mozilla/5.0 (compatible; MJ12bot/v1.4.5; http://www.majestic12.co.uk/bot.php?+)"
188.40.95.70 - - [12/Jul/2015:11:24:49 +0200] "GET /news.php?cs_go=archiv&cs_id=4737&cs_search= HTTP/1.0" 200 11477 "-" "Mozilla/5.0 (compatible; MJ12bot/v1.4.5; http://www.majestic12.co.uk/bot.php?+)"
46.4.120.3 - - [12/Jul/2015:11:25:27 +0200] "GET /lexikon.php?cs_go=2&cs_char=x HTTP/1.0" 200 11466 "-" "Mozilla/5.0 (compatible; MJ12bot/v1.4.5; http://www.majestic12.co.uk/bot.php?+)"
188.40.95.70 - - [12/Jul/2015:11:25:32 +0200] "GET /news.php?cs_go=archiv&cs_id=4738&cs_search= HTTP/1.0" 200 11477 "-" "Mozilla/5.0 (compatible; MJ12bot/v1.4.5; http://www.majestic12.co.uk/bot.php?+)"
46.4.120.3 - - [12/Jul/2015:11:26:13 +0200] "GET /lexikon.php?cs_go=2&cs_char=y HTTP/1.0" 200 11466 "-" "Mozilla/5.0 (compatible; MJ12bot/v1.4.5; http://www.majestic12.co.uk/bot.php?+)"
188.40.95.70 - - [12/Jul/2015:11:26:14 +0200] "GET /news.php?cs_go=archiv&cs_id=4740&cs_search= HTTP/1.0" 200 11477 "-" "Mozilla/5.0 (compatible; MJ12bot/v1.4.5; http://www.majestic12.co.uk/bot.php?+)"
46.4.120.3 - - [12/Jul/2015:11:26:57 +0200] "GET /lexikon.php?cs_go=2&cs_char=z HTTP/1.0" 200 11466 "-" "Mozilla/5.0 (compatible; MJ12bot/v1.4.5; http://www.majestic12.co.uk/bot.php?+)"
188.40.95.70 - - [12/Jul/2015:11:26:58 +0200] "GET /news.php?cs_go=archiv&cs_id=4742&cs_search= HTTP/1.0" 200 11477 "-" "Mozilla/5.0 (compatible; MJ12bot/v1.4.5; http://www.majestic12.co.uk/bot.php?+)"
188.40.95.70 - - [12/Jul/2015:11:27:41 +0200] "GET /news.php?cs_go=archiv&cs_id=4743&cs_search= HTTP/1.0" 200 11477 "-" "Mozilla/5.0 (compatible; MJ12bot/v1.4.5; http://www.majestic12.co.uk/bot.php?+)"
46.4.120.3 - - [12/Jul/2015:11:27:43 +0200] "GET /lexikon.php?cs_go=3&cs_id=1 HTTP/1.0" 200 11466 "-" "Mozilla/5.0 (compatible; MJ12bot/v1.4.5; http://www.majestic12.co.uk/bot.php?+)"
188.40.95.70 - - [12/Jul/2015:11:28:26 +0200] "GET /news.php?cs_go=archiv&cs_id=4744 HTTP/1.0" 200 11477 "-" "Mozilla/5.0 (compatible; MJ12bot/v1.4.5; http://www.majestic12.co.uk/bot.php?+)"
46.4.120.3 - - [12/Jul/2015:11:28:29 +0200] "GET /lexikon.php?cs_go=3&cs_id=10 HTTP/1.0" 200 11466 "-" "Mozilla/5.0 (compatible; MJ12bot/v1.4.5; http://www.majestic12.co.uk/bot.php?+)"
188.40.95.70 - - [12/Jul/2015:11:29:10 +0200] "GET /news.php?cs_go=archiv&cs_id=4744&cs_search= HTTP/1.0" 200 11477 "-" "Mozilla/5.0 (compatible; MJ12bot/v1.4.5; http://www.majestic12.co.uk/bot.php?+)"
46.4.120.3 - - [12/Jul/2015:11:29:13 +0200] "GET /lexikon.php?cs_go=3&cs_id=100 HTTP/1.0" 200 11466 "-" "Mozilla/5.0 (compatible; MJ12bot/v1.4.5; http://www.majestic12.co.uk/bot.php?+)"
188.40.95.70 - - [12/Jul/2015:11:29:55 +0200] "GET /news.php?cs_go=archiv&cs_id=4746&cs_search= HTTP/1.0" 200 11477 "-" "Mozilla/5.0 (compatible; MJ12bot/v1.4.5; http://www.majestic12.co.uk/bot.php?+)"
46.4.120.3 - - [12/Jul/2015:11:29:58 +0200] "GET /lexikon.php?cs_go=3&cs_id=101 HTTP/1.0" 200 11466 "-" "Mozilla/5.0 (compatible; MJ12bot/v1.4.5; http://www.majestic12.co.uk/bot.php?+)"
188.40.95.70 - - [12/Jul/2015:11:30:40 +0200] "GET /news.php?cs_go=archiv&cs_id=4749&cs_search= HTTP/1.0" 200 11477 "-" "Mozilla/5.0 (compatible; MJ12bot/v1.4.5; http://www.majestic12.co.uk/bot.php?+)"
46.4.120.3 - - [12/Jul/2015:11:30:41 +0200] "GET /lexikon.php?cs_go=3&cs_id=102 HTTP/1.0" 200 11466 "-" "Mozilla/5.0 (compatible; MJ12bot/v1.4.5; http://www.majestic12.co.uk/bot.php?+)"
188.40.95.70 - - [12/Jul/2015:11:31:24 +0200] "GET /news.php?cs_go=archiv&cs_id=4750&cs_search= HTTP/1.0" 200 11477 "-" "Mozilla/5.0 (compatible; MJ12bot/v1.4.5; http://www.majestic12.co.uk/bot.php?+)"
46.4.120.3 - - [12/Jul/2015:11:31:25 +0200] "GET /lexikon.php?cs_go=3&cs_id=103 HTTP/1.0" 200 11466 "-" "Mozilla/5.0 (compatible; MJ12bot/v1.4.5; http://www.majestic12.co.uk/bot.php?+)"
66.249.78.50 - - [12/Jul/2015:11:32:02 +0200] "GET /kwk.php HTTP/1.1" 200 11474 "-" "Mozilla/5.0 (compatible; Googlebot/2.1; +http://www.google.com/bot.html)"
188.40.95.70 - - [12/Jul/2015:11:32:08 +0200] "GET /news.php?cs_go=archiv&cs_id=4752&cs_search= HTTP/1.0" 200 11477 "-" "Mozilla/5.0 (compatible; MJ12bot/v1.4.5; http://www.majestic12.co.uk/bot.php?+)"
46.4.120.3 - - [12/Jul/2015:11:32:10 +0200] "GET /lexikon.php?cs_go=3&cs_id=104 HTTP/1.0" 200 11466 "-" "Mozilla/5.0 (compatible; MJ12bot/v1.4.5; http://www.majestic12.co.uk/bot.php?+)"
188.40.95.70 - - [12/Jul/2015:11:32:51 +0200] "GET /news.php?cs_go=archiv&cs_id=4753&cs_search= HTTP/1.0" 200 11477 "-" "Mozilla/5.0 (compatible; MJ12bot/v1.4.5; http://www.majestic12.co.uk/bot.php?+)"
46.4.120.3 - - [12/Jul/2015:11:32:59 +0200] "GET /lexikon.php?cs_go=3&cs_id=105 HTTP/1.0" 200 11466 "-" "Mozilla/5.0 (compatible; MJ12bot/v1.4.5; http://www.majestic12.co.uk/bot.php?+)"
188.40.95.70 - - [12/Jul/2015:11:33:36 +0200] "GET /news.php?cs_go=archiv&cs_id=4756 HTTP/1.0" 200 11477 "-" "Mozilla/5.0 (compatible; MJ12bot/v1.4.5; http://www.majestic12.co.uk/bot.php?+)"
46.4.120.3 - - [12/Jul/2015:11:33:45 +0200] "GET /lexikon.php?cs_go=3&cs_id=106 HTTP/1.0" 200 11466 "-" "Mozilla/5.0 (compatible; MJ12bot/v1.4.5; http://www.majestic12.co.uk/bot.php?+)"
188.40.95.70 - - [12/Jul/2015:11:34:19 +0200] "GET /news.php?cs_go=archiv&cs_id=4757 HTTP/1.0" 200 11477 "-" "Mozilla/5.0 (compatible; MJ12bot/v1.4.5; http://www.majestic12.co.uk/bot.php?+)"
46.4.120.3 - - [12/Jul/2015:11:34:36 +0200] "GET /lexikon.php?cs_go=3&cs_id=107 HTTP/1.0" 200 11466 "-" "Mozilla/5.0 (compatible; MJ12bot/v1.4.5; http://www.majestic12.co.uk/bot.php?+)"
188.40.95.70 - - [12/Jul/2015:11:35:03 +0200] "GET /news.php?cs_go=archiv&cs_id=4758&cs_search= HTTP/1.0" 200 11477 "-" "Mozilla/5.0 (compatible; MJ12bot/v1.4.5; http://www.majestic12.co.uk/bot.php?+)"
46.4.120.3 - - [12/Jul/2015:11:35:29 +0200] "GET /news.php?cs_go=archiv HTTP/1.0" 200 11477 "-" "Mozilla/5.0 (compatible; MJ12bot/v1.4.5; http://www.majestic12.co.uk/bot.php?+)"
188.40.95.70 - - [12/Jul/2015:11:35:46 +0200] "GET /news.php?cs_go=archiv&cs_id=4759&cs_search= HTTP/1.0" 200 11477 "-" "Mozilla/5.0 (compatible; MJ12bot/v1.4.5; http://www.majestic12.co.uk/bot.php?+)"
46.4.120.3 - - [12/Jul/2015:11:36:21 +0200] "GET /news.php?cs_go=archiv&cs_id=3968&cs_search= HTTP/1.0" 200 11477 "-" "Mozilla/5.0 (compatible; MJ12bot/v1.4.5; http://www.majestic12.co.uk/bot.php?+)"
188.40.95.70 - - [12/Jul/2015:11:36:29 +0200] "GET /news.php?cs_go=archiv&cs_id=4760&cs_search= HTTP/1.0" 200 11477 "-" "Mozilla/5.0 (compatible; MJ12bot/v1.4.5; http://www.majestic12.co.uk/bot.php?+)"
46.4.120.3 - - [12/Jul/2015:11:37:11 +0200] "GET /news.php?cs_go=archiv&cs_id=4057&cs_search= HTTP/1.0" 200 11477 "-" "Mozilla/5.0 (compatible; MJ12bot/v1.4.5; http://www.majestic12.co.uk/bot.php?+)"
188.40.95.70 - - [12/Jul/2015:11:37:12 +0200] "GET /news.php?cs_go=archiv&cs_id=4761&cs_search= HTTP/1.0" 200 11477 "-" "Mozilla/5.0 (compatible; MJ12bot/v1.4.5; http://www.majestic12.co.uk/bot.php?+)"
188.40.95.70 - - [12/Jul/2015:11:37:54 +0200] "GET /news.php?cs_go=archiv&cs_id=4762&cs_search= HTTP/1.0" 200 11477 "-" "Mozilla/5.0 (compatible; MJ12bot/v1.4.5; http://www.majestic12.co.uk/bot.php?+)"
46.4.120.3 - - [12/Jul/2015:11:37:57 +0200] "GET /news.php?cs_go=archiv&cs_id=4058&cs_search= HTTP/1.0" 200 11477 "-" "Mozilla/5.0 (compatible; MJ12bot/v1.4.5; http://www.majestic12.co.uk/bot.php?+)"
188.40.95.70 - - [12/Jul/2015:11:38:39 +0200] "GET /news.php?cs_go=archiv&cs_id=4763&cs_search= HTTP/1.0" 200 11477 "-" "Mozilla/5.0 (compatible; MJ12bot/v1.4.5; http://www.majestic12.co.uk/bot.php?+)"
46.4.120.3 - - [12/Jul/2015:11:38:43 +0200] "GET /news.php?cs_go=archiv&cs_id=4059&cs_search= HTTP/1.0" 200 11477 "-" "Mozilla/5.0 (compatible; MJ12bot/v1.4.5; http://www.majestic12.co.uk/bot.php?+)"
66.249.78.50 - - [12/Jul/2015:11:38:44 +0200] "GET /kwk.php HTTP/1.1" 200 11474 "-" "Mozilla/5.0 (compatible; Googlebot/2.1; +http://www.google.com/bot.html)"
188.40.95.70 - - [12/Jul/2015:11:39:23 +0200] "GET /news.php?cs_go=archiv&cs_id=4764&cs_search= HTTP/1.0" 200 11477 "-" "Mozilla/5.0 (compatible; MJ12bot/v1.4.5; http://www.majestic12.co.uk/bot.php?+)"
46.4.120.3 - - [12/Jul/2015:11:39:25 +0200] "GET /news.php?cs_go=archiv&cs_id=4060&cs_search= HTTP/1.0" 200 11477 "-" "Mozilla/5.0 (compatible; MJ12bot/v1.4.5; http://www.majestic12.co.uk/bot.php?+)"
188.40.95.70 - - [12/Jul/2015:11:40:07 +0200] "GET /news.php?cs_go=archiv&cs_id=4765&cs_search= HTTP/1.0" 200 11477 "-" "Mozilla/5.0 (compatible; MJ12bot/v1.4.5; http://www.majestic12.co.uk/bot.php?+)"
46.4.120.3 - - [12/Jul/2015:11:40:07 +0200] "GET /news.php?cs_go=archiv&cs_id=4063&cs_search= HTTP/1.0" 200 11477 "-" "Mozilla/5.0 (compatible; MJ12bot/v1.4.5; http://www.majestic12.co.uk/bot.php?+)"
46.4.120.3 - - [12/Jul/2015:11:40:50 +0200] "GET /news.php?cs_go=archiv&cs_id=4064&cs_search= HTTP/1.0" 200 11477 "-" "Mozilla/5.0 (compatible; MJ12bot/v1.4.5; http://www.majestic12.co.uk/bot.php?+)"
188.40.95.70 - - [12/Jul/2015:11:40:51 +0200] "GET /news.php?cs_go=archiv&cs_id=4766&cs_search= HTTP/1.0" 200 11477 "-" "Mozilla/5.0 (compatible; MJ12bot/v1.4.5; http://www.majestic12.co.uk/bot.php?+)"
46.4.120.3 - - [12/Jul/2015:11:41:31 +0200] "GET /news.php?cs_go=archiv&cs_id=4065&cs_search= HTTP/1.0" 200 11477 "-" "Mozilla/5.0 (compatible; MJ12bot/v1.4.5; http://www.majestic12.co.uk/bot.php?+)"
188.40.95.70 - - [12/Jul/2015:11:41:34 +0200] "GET /news.php?cs_go=archiv&cs_id=4767&cs_search= HTTP/1.0" 200 11477 "-" "Mozilla/5.0 (compatible; MJ12bot/v1.4.5; http://www.majestic12.co.uk/bot.php?+)"
46.4.120.3 - - [12/Jul/2015:11:42:13 +0200] "GET /news.php?cs_go=archiv&cs_id=4067&cs_search= HTTP/1.0" 200 11477 "-" "Mozilla/5.0 (compatible; MJ12bot/v1.4.5; http://www.majestic12.co.uk/bot.php?+)"
188.40.95.70 - - [12/Jul/2015:11:42:17 +0200] "GET /news.php?cs_go=archiv&cs_id=4768&cs_search= HTTP/1.0" 200 11477 "-" "Mozilla/5.0 (compatible; MJ12bot/v1.4.5; http://www.majestic12.co.uk/bot.php?+)"
46.4.120.3 - - [12/Jul/2015:11:42:56 +0200] "GET /news.php?cs_go=archiv&cs_id=4068&cs_search= HTTP/1.0" 200 11477 "-" "Mozilla/5.0 (compatible; MJ12bot/v1.4.5; http://www.majestic12.co.uk/bot.php?+)"
188.40.95.70 - - [12/Jul/2015:11:43:01 +0200] "GET /news.php?cs_go=archiv&cs_id=4769&cs_search= HTTP/1.0" 200 11477 "-" "Mozilla/5.0 (compatible; MJ12bot/v1.4.5; http://www.majestic12.co.uk/bot.php?+)"
46.4.120.3 - - [12/Jul/2015:11:43:39 +0200] "GET /news.php?cs_go=archiv&cs_id=4069&cs_search= HTTP/1.0" 200 11477 "-" "Mozilla/5.0 (compatible; MJ12bot/v1.4.5; http://www.majestic12.co.uk/bot.php?+)"
188.40.95.70 - - [12/Jul/2015:11:43:44 +0200] "GET /news.php?cs_go=archiv&cs_id=4770&cs_search= HTTP/1.0" 200 11477 "-" "Mozilla/5.0 (compatible; MJ12bot/v1.4.5; http://www.majestic12.co.uk/bot.php?+)"
46.4.120.3 - - [12/Jul/2015:11:44:21 +0200] "GET /news.php?cs_go=archiv&cs_id=4070&cs_search= HTTP/1.0" 200 11477 "-" "Mozilla/5.0 (compatible; MJ12bot/v1.4.5; http://www.majestic12.co.uk/bot.php?+)"
188.40.95.70 - - [12/Jul/2015:11:44:28 +0200] "GET /news.php?cs_go=archiv&cs_id=4771 HTTP/1.0" 200 11477 "-" "Mozilla/5.0 (compatible; MJ12bot/v1.4.5; http://www.majestic12.co.uk/bot.php?+)"
66.249.78.43 - - [12/Jul/2015:11:44:45 +0200] "GET /kwk.php HTTP/1.1" 200 11474 "-" "Mozilla/5.0 (compatible; Googlebot/2.1; +http://www.google.com/bot.html)"
46.4.120.3 - - [12/Jul/2015:11:45:03 +0200] "GET /news.php?cs_go=archiv&cs_id=4073&cs_search= HTTP/1.0" 200 11477 "-" "Mozilla/5.0 (compatible; MJ12bot/v1.4.5; http://www.majestic12.co.uk/bot.php?+)"
188.40.95.70 - - [12/Jul/2015:11:45:10 +0200] "GET /news.php?cs_go=archiv&cs_id=4771&cs_search= HTTP/1.0" 200 11477 "-" "Mozilla/5.0 (compatible; MJ12bot/v1.4.5; http://www.majestic12.co.uk/bot.php?+)"
46.4.120.3 - - [12/Jul/2015:11:45:45 +0200] "GET /news.php?cs_go=archiv&cs_id=4074&cs_search= HTTP/1.0" 200 11477 "-" "Mozilla/5.0 (compatible; MJ12bot/v1.4.5; http://www.majestic12.co.uk/bot.php?+)"
188.40.95.70 - - [12/Jul/2015:11:45:53 +0200] "GET /news.php?cs_go=archiv&cs_id=4772 HTTP/1.0" 200 11477 "-" "Mozilla/5.0 (compatible; MJ12bot/v1.4.5; http://www.majestic12.co.uk/bot.php?+)"
46.4.120.3 - - [12/Jul/2015:11:46:28 +0200] "GET /news.php?cs_go=archiv&cs_id=4077&cs_search= HTTP/1.0" 200 11477 "-" "Mozilla/5.0 (compatible; MJ12bot/v1.4.5; http://www.majestic12.co.uk/bot.php?+)"
188.40.95.70 - - [12/Jul/2015:11:46:38 +0200] "GET /news.php?cs_go=archiv&cs_id=4772&cs_search= HTTP/1.0" 200 11477 "-" "Mozilla/5.0 (compatible; MJ12bot/v1.4.5; http://www.majestic12.co.uk/bot.php?+)"
46.4.120.3 - - [12/Jul/2015:11:47:11 +0200] "GET /news.php?cs_go=archiv&cs_id=4078&cs_search= HTTP/1.0" 200 11477 "-" "Mozilla/5.0 (compatible; MJ12bot/v1.4.5; http://www.majestic12.co.uk/bot.php?+)"
188.40.95.70 - - [12/Jul/2015:11:47:22 +0200] "GET /news.php?cs_go=archiv&cs_id=4773 HTTP/1.0" 200 11477 "-" "Mozilla/5.0 (compatible; MJ12bot/v1.4.5; http://www.majestic12.co.uk/bot.php?+)"
46.4.120.3 - - [12/Jul/2015:11:47:53 +0200] "GET /news.php?cs_go=archiv&cs_id=4080&cs_search= HTTP/1.0" 200 11477 "-" "Mozilla/5.0 (compatible; MJ12bot/v1.4.5; http://www.majestic12.co.uk/bot.php?+)"
188.40.95.70 - - [12/Jul/2015:11:48:05 +0200] "GET /news.php?cs_go=archiv&cs_id=4773&cs_search= HTTP/1.0" 200 11477 "-" "Mozilla/5.0 (compatible; MJ12bot/v1.4.5; http://www.majestic12.co.uk/bot.php?+)"
46.4.120.3 - - [12/Jul/2015:11:48:35 +0200] "GET /news.php?cs_go=archiv&cs_id=4081&cs_search= HTTP/1.0" 200 11477 "-" "Mozilla/5.0 (compatible; MJ12bot/v1.4.5; http://www.majestic12.co.uk/bot.php?+)"
188.40.95.70 - - [12/Jul/2015:11:48:50 +0200] "GET /news.php?cs_go=archiv&cs_id=4774 HTTP/1.0" 200 11477 "-" "Mozilla/5.0 (compatible; MJ12bot/v1.4.5; http://www.majestic12.co.uk/bot.php?+)"
188.40.95.70 - - [12/Jul/2015:11:49:14 +0200] "GET /news.php?cs_go=archiv&cs_id=4774&cs_search= HTTP/1.0" 200 11477 "-" "Mozilla/5.0 (compatible; MJ12bot/v1.4.5; http://www.majestic12.co.uk/bot.php?+)"
46.4.120.3 - - [12/Jul/2015:11:49:18 +0200] "GET /news.php?cs_go=archiv&cs_id=4084&cs_search= HTTP/1.0" 200 11477 "-" "Mozilla/5.0 (compatible; MJ12bot/v1.4.5; http://www.majestic12.co.uk/bot.php?+)"
188.40.95.70 - - [12/Jul/2015:11:49:39 +0200] "GET /news.php?cs_go=archiv&cs_id=4775 HTTP/1.0" 200 11477 "-" "Mozilla/5.0 (compatible; MJ12bot/v1.4.5; http://www.majestic12.co.uk/bot.php?+)"
46.4.120.3 - - [12/Jul/2015:11:49:40 +0200] "GET /news.php?cs_go=archiv&cs_id=4087&cs_search= HTTP/1.0" 200 11477 "-" "Mozilla/5.0 (compatible; MJ12bot/v1.4.5; http://www.majestic12.co.uk/bot.php?+)"
46.4.120.3 - - [12/Jul/2015:11:50:02 +0200] "GET /news.php?cs_go=archiv&cs_id=4088&cs_search= HTTP/1.0" 200 11477 "-" "Mozilla/5.0 (compatible; MJ12bot/v1.4.5; http://www.majestic12.co.uk/bot.php?+)"
188.40.95.70 - - [12/Jul/2015:11:50:03 +0200] "GET /news.php?cs_go=archiv&cs_id=4775&cs_search= HTTP/1.0" 200 11477 "-" "Mozilla/5.0 (compatible; MJ12bot/v1.4.5; http://www.majestic12.co.uk/bot.php?+)"
46.4.120.3 - - [12/Jul/2015:11:50:24 +0200] "GET /news.php?cs_go=archiv&cs_id=4090&cs_search= HTTP/1.0" 200 11477 "-" "Mozilla/5.0 (compatible; MJ12bot/v1.4.5; http://www.majestic12.co.uk/bot.php?+)"
188.40.95.70 - - [12/Jul/2015:11:50:26 +0200] "GET /news.php?cs_go=archiv&cs_id=4776 HTTP/1.0" 200 11477 "-" "Mozilla/5.0 (compatible; MJ12bot/v1.4.5; http://www.majestic12.co.uk/bot.php?+)"
46.4.120.3 - - [12/Jul/2015:11:50:46 +0200] "GET /news.php?cs_go=archiv&cs_id=4092&cs_search= HTTP/1.0" 200 11477 "-" "Mozilla/5.0 (compatible; MJ12bot/v1.4.5; http://www.majestic12.co.uk/bot.php?+)"
188.40.95.70 - - [12/Jul/2015:11:50:52 +0200] "GET /news.php?cs_go=archiv&cs_id=4776&cs_search= HTTP/1.0" 200 11477 "-" "Mozilla/5.0 (compatible; MJ12bot/v1.4.5; http://www.majestic12.co.uk/bot.php?+)"
46.4.120.3 - - [12/Jul/2015:11:51:07 +0200] "GET /news.php?cs_go=archiv&cs_id=4094&cs_search= HTTP/1.0" 200 11477 "-" "Mozilla/5.0 (compatible; MJ12bot/v1.4.5; http://www.majestic12.co.uk/bot.php?+)"
188.40.95.70 - - [12/Jul/2015:11:51:16 +0200] "GET /news.php?cs_go=archiv&cs_id=4777 HTTP/1.0" 200 11477 "-" "Mozilla/5.0 (compatible; MJ12bot/v1.4.5; http://www.majestic12.co.uk/bot.php?+)"
46.4.120.3 - - [12/Jul/2015:11:51:29 +0200] "GET /news.php?cs_go=archiv&cs_id=4095&cs_search= HTTP/1.0" 200 11477 "-" "Mozilla/5.0 (compatible; MJ12bot/v1.4.5; http://www.majestic12.co.uk/bot.php?+)"
188.40.95.70 - - [12/Jul/2015:11:51:38 +0200] "GET /news.php?cs_go=archiv&cs_id=4777&cs_search= HTTP/1.0" 200 11477 "-" "Mozilla/5.0 (compatible; MJ12bot/v1.4.5; http://www.majestic12.co.uk/bot.php?+)"
141.8.189.100 - - [12/Jul/2015:11:58:07 +0200] "GET /robots.txt HTTP/1.1" 404 1256 "-" "Mozilla/5.0 (compatible; YandexBot/3.0; +http://yandex.com/bots)"
46.4.120.3 - - [12/Jul/2015:11:51:50 +0200] "GET /news.php?cs_go=archiv&cs_id=4098&cs_search= HTTP/1.0" 200 11477 "-" "Mozilla/5.0 (compatible; MJ12bot/v1.4.5; http://www.majestic12.co.uk/bot.php?+)"
188.40.95.70 - - [12/Jul/2015:11:52:02 +0200] "GET /news.php?cs_go=archiv&cs_id=4778 HTTP/1.0" 200 11477 "-" "Mozilla/5.0 (compatible; MJ12bot/v1.4.5; http://www.majestic12.co.uk/bot.php?+)"
46.4.120.3 - - [12/Jul/2015:11:52:13 +0200] "GET /news.php?cs_go=archiv&cs_id=4100&cs_search= HTTP/1.0" 200 11477 "-" "Mozilla/5.0 (compatible; MJ12bot/v1.4.5; http://www.majestic12.co.uk/bot.php?+)"
188.40.95.70 - - [12/Jul/2015:11:52:25 +0200] "GET /news.php?cs_go=archiv&cs_id=4778&cs_search= HTTP/1.0" 200 11477 "-" "Mozilla/5.0 (compatible; MJ12bot/v1.4.5; http://www.majestic12.co.uk/bot.php?+)"
46.4.120.3 - - [12/Jul/2015:11:52:35 +0200] "GET /news.php?cs_go=archiv&cs_id=4102&cs_search= HTTP/1.0" 200 11477 "-" "Mozilla/5.0 (compatible; MJ12bot/v1.4.5; http://www.majestic12.co.uk/bot.php?+)"
188.40.95.70 - - [12/Jul/2015:11:52:48 +0200] "GET /news.php?cs_go=archiv&cs_id=4779&cs_search= HTTP/1.0" 200 11477 "-" "Mozilla/5.0 (compatible; MJ12bot/v1.4.5; http://www.majestic12.co.uk/bot.php?+)"
