5.9.65.19 - - [09/Jul/2015:11:29:13 +0200] "GET /tankreinigung.php HTTP/1.1" 200 11757 "-" "BacklinkCrawler (http://www.backlinktest.com/crawler.html)"
5.9.65.19 - - [09/Jul/2015:11:32:20 +0200] "GET /waermekonto.php HTTP/1.1" 200 11831 "-" "BacklinkCrawler (http://www.backlinktest.com/crawler.html)"
5.9.65.19 - - [09/Jul/2015:11:29:24 +0200] "GET /essoschmierstoffe.php HTTP/1.1" 200 15592 "-" "BacklinkCrawler (http://www.backlinktest.com/crawler.html)"
5.9.65.19 - - [09/Jul/2015:11:29:34 +0200] "GET /ec.php HTTP/1.1" 200 11616 "-" "BacklinkCrawler (http://www.backlinktest.com/crawler.html)"
5.9.65.19 - - [09/Jul/2015:11:29:44 +0200] "GET /faq.php HTTP/1.1" 200 11476 "-" "BacklinkCrawler (http://www.backlinktest.com/crawler.html)"
5.9.65.19 - - [09/Jul/2015:11:32:53 +0200] "GET /preisanfrage.php HTTP/1.1" 200 11493 "-" "BacklinkCrawler (http://www.backlinktest.com/crawler.html)"
5.9.65.19 - - [09/Jul/2015:11:29:54 +0200] "GET /kwk.php HTTP/1.1" 200 11474 "-" "BacklinkCrawler (http://www.backlinktest.com/crawler.html)"
5.9.65.19 - - [09/Jul/2015:11:30:04 +0200] "GET /edl.php HTTP/1.1" 200 11816 "-" "BacklinkCrawler (http://www.backlinktest.com/crawler.html)"
5.9.65.19 - - [09/Jul/2015:11:30:14 +0200] "GET /news.php HTTP/1.1" 200 11477 "-" "BacklinkCrawler (http://www.backlinktest.com/crawler.html)"
66.249.78.224 - - [09/Jul/2015:11:30:31 +0200] "GET /news.php?cs_go=archiv&cs_id=344&cs_search= HTTP/1.1" 200 11477 "-" "Mozilla/5.0 (compatible; Googlebot/2.1; +http://www.google.com/bot.html)"
5.9.65.19 - - [09/Jul/2015:11:30:35 +0200] "GET /index.php HTTP/1.1" 200 15920 "-" "BacklinkCrawler (http://www.backlinktest.com/crawler.html)"
5.9.65.19 - - [09/Jul/2015:11:30:45 +0200] "GET /adblue.php HTTP/1.1" 200 15843 "-" "BacklinkCrawler (http://www.backlinktest.com/crawler.html)"
5.9.65.19 - - [09/Jul/2015:11:30:55 +0200] "GET /diesel.php HTTP/1.1" 200 11962 "-" "BacklinkCrawler (http://www.backlinktest.com/crawler.html)"
5.9.65.19 - - [09/Jul/2015:11:31:05 +0200] "GET /ofenbau.php HTTP/1.1" 200 11696 "-" "BacklinkCrawler (http://www.backlinktest.com/crawler.html)"
5.9.65.19 - - [09/Jul/2015:11:31:16 +0200] "GET /heizoel.php HTTP/1.1" 200 11999 "-" "BacklinkCrawler (http://www.backlinktest.com/crawler.html)"
5.9.65.19 - - [09/Jul/2015:11:34:25 +0200] "GET /energiekostenvergleich.php HTTP/1.1" 200 15488 "-" "BacklinkCrawler (http://www.backlinktest.com/crawler.html)"
5.9.65.19 - - [09/Jul/2015:11:31:26 +0200] "GET /kontakt.php HTTP/1.1" 200 11467 "-" "BacklinkCrawler (http://www.backlinktest.com/crawler.html)"
5.9.65.19 - - [09/Jul/2015:11:31:36 +0200] "GET /lexikon.php HTTP/1.1" 200 11466 "-" "BacklinkCrawler (http://www.backlinktest.com/crawler.html)"
5.9.65.19 - - [09/Jul/2015:11:31:46 +0200] "GET /notdienst.php HTTP/1.1" 200 12433 "-" "BacklinkCrawler (http://www.backlinktest.com/crawler.html)"
5.9.65.19 - - [09/Jul/2015:11:31:56 +0200] "GET /impressum.php HTTP/1.1" 200 12936 "-" "BacklinkCrawler (http://www.backlinktest.com/crawler.html)"
5.9.65.19 - - [09/Jul/2015:11:32:06 +0200] "GET /marktdaten.php HTTP/1.1" 200 12103 "-" "BacklinkCrawler (http://www.backlinktest.com/crawler.html)"
5.9.65.19 - - [09/Jul/2015:11:32:33 +0200] "GET /tankanlagen.php HTTP/1.1" 200 11688 "-" "BacklinkCrawler (http://www.backlinktest.com/crawler.html)"
5.9.65.19 - - [09/Jul/2015:11:32:43 +0200] "GET /wunschpreis.php HTTP/1.1" 200 11646 "-" "BacklinkCrawler (http://www.backlinktest.com/crawler.html)"
5.9.65.19 - - [09/Jul/2015:11:33:03 +0200] "GET /biogasanlage.php HTTP/1.1" 200 11909 "-" "BacklinkCrawler (http://www.backlinktest.com/crawler.html)"
5.9.65.19 - - [09/Jul/2015:11:33:14 +0200] "GET /schmierstoffe.php HTTP/1.1" 200 14431 "-" "BacklinkCrawler (http://www.backlinktest.com/crawler.html)"
5.9.65.19 - - [09/Jul/2015:11:33:24 +0200] "GET /premiumheizoel.php HTTP/1.1" 200 12235 "-" "BacklinkCrawler (http://www.backlinktest.com/crawler.html)"
5.9.65.19 - - [09/Jul/2015:11:33:34 +0200] "GET /ansprechpartner.php HTTP/1.1" 200 13907 "-" "BacklinkCrawler (http://www.backlinktest.com/crawler.html)"
5.9.65.19 - - [09/Jul/2015:11:33:44 +0200] "GET /energiesparcheck.php HTTP/1.1" 200 11549 "-" "BacklinkCrawler (http://www.backlinktest.com/crawler.html)"
5.9.65.19 - - [09/Jul/2015:11:33:54 +0200] "GET /brennwerttechnik.php HTTP/1.1" 200 11859 "-" "BacklinkCrawler (http://www.backlinktest.com/crawler.html)"
5.9.65.19 - - [09/Jul/2015:11:34:05 +0200] "GET /news.php?cs_go=archiv HTTP/1.1" 200 11477 "-" "BacklinkCrawler (http://www.backlinktest.com/crawler.html)"
5.9.65.19 - - [09/Jul/2015:11:34:15 +0200] "GET /baustellenbetankung.php HTTP/1.1" 200 12527 "-" "BacklinkCrawler (http://www.backlinktest.com/crawler.html)"
5.9.65.19 - - [09/Jul/2015:11:34:38 +0200] "GET /news.php?cs_go=archiv&cs_id=5210 HTTP/1.1" 200 11477 "-" "BacklinkCrawler (http://www.backlinktest.com/crawler.html)"
5.9.65.19 - - [09/Jul/2015:11:34:48 +0200] "GET /news.php?cs_go=archiv&cs_id=5207 HTTP/1.1" 200 11477 "-" "BacklinkCrawler (http://www.backlinktest.com/crawler.html)"
46.4.87.105 - - [09/Jul/2015:11:46:09 +0200] "GET /robots.txt HTTP/1.0" 404 1256 "-" "Mozilla/5.0 (compatible; MJ12bot/v1.4.5; http://www.majestic12.co.uk/bot.php?+)"
46.4.87.105 - - [09/Jul/2015:11:46:13 +0200] "GET /adblue.php HTTP/1.0" 200 15843 "-" "Mozilla/5.0 (compatible; MJ12bot/v1.4.5; http://www.majestic12.co.uk/bot.php?+)"
46.4.87.105 - - [09/Jul/2015:11:47:00 +0200] "GET /schmierstoffe.php HTTP/1.0" 200 14431 "-" "Mozilla/5.0 (compatible; MJ12bot/v1.4.5; http://www.majestic12.co.uk/bot.php?+)"
46.4.87.105 - - [09/Jul/2015:11:47:44 +0200] "GET /tankanlagen.php HTTP/1.0" 200 11688 "-" "Mozilla/5.0 (compatible; MJ12bot/v1.4.5; http://www.majestic12.co.uk/bot.php?+)"
46.4.87.105 - - [09/Jul/2015:11:48:29 +0200] "GET /tankreinigung.php HTTP/1.0" 200 11757 "-" "Mozilla/5.0 (compatible; MJ12bot/v1.4.5; http://www.majestic12.co.uk/bot.php?+)"
77.12.144.147 - - [09/Jul/2015:12:24:17 +0200] "GET /style.css HTTP/1.1" 200 8056 "http://www.esso-berlin.de/" "Mozilla/5.0 (Windows NT 6.0; rv:39.0) Gecko/20100101 Firefox/39.0"
77.12.144.147 - - [09/Jul/2015:12:24:17 +0200] "GET /js/ddaccordion.js HTTP/1.1" 200 12534 "http://www.esso-berlin.de/" "Mozilla/5.0 (Windows NT 6.0; rv:39.0) Gecko/20100101 Firefox/39.0"
77.12.144.147 - - [09/Jul/2015:12:24:17 +0200] "GET /js/slider.js HTTP/1.1" 200 773 "http://www.esso-berlin.de/" "Mozilla/5.0 (Windows NT 6.0; rv:39.0) Gecko/20100101 Firefox/39.0"
77.12.144.147 - - [09/Jul/2015:12:24:17 +0200] "GET /Scripts/AC_ActiveX.js HTTP/1.1" 200 2068 "http://www.esso-berlin.de/" "Mozilla/5.0 (Windows NT 6.0; rv:39.0) Gecko/20100101 Firefox/39.0"
77.12.144.147 - - [09/Jul/2015:12:24:17 +0200] "GET /Scripts/AC_RunActiveContent.js HTTP/1.1" 200 8029 "http://www.esso-berlin.de/" "Mozilla/5.0 (Windows NT 6.0; rv:39.0) Gecko/20100101 Firefox/39.0"
77.12.144.147 - - [09/Jul/2015:12:24:17 +0200] "GET /modul.css HTTP/1.1" 200 36485 "http://www.esso-berlin.de/" "Mozilla/5.0 (Windows NT 6.0; rv:39.0) Gecko/20100101 Firefox/39.0"
77.12.144.147 - - [09/Jul/2015:12:24:17 +0200] "GET /js/jquery.min.js HTTP/1.1" 200 57254 "http://www.esso-berlin.de/" "Mozilla/5.0 (Windows NT 6.0; rv:39.0) Gecko/20100101 Firefox/39.0"
77.12.144.147 - - [09/Jul/2015:12:24:17 +0200] "GET /video/jwplayer.js HTTP/1.1" 200 132411 "http://www.esso-berlin.de/" "Mozilla/5.0 (Windows NT 6.0; rv:39.0) Gecko/20100101 Firefox/39.0"
77.12.144.147 - - [09/Jul/2015:12:24:20 +0200] "GET /images/header.jpg HTTP/1.1" 200 23758 "http://www.esso-berlin.de/style.css" "Mozilla/5.0 (Windows NT 6.0; rv:39.0) Gecko/20100101 Firefox/39.0"
77.12.144.147 - - [09/Jul/2015:12:24:20 +0200] "GET /images/content_bg.jpg HTTP/1.1" 200 437 "http://www.esso-berlin.de/style.css" "Mozilla/5.0 (Windows NT 6.0; rv:39.0) Gecko/20100101 Firefox/39.0"
77.12.144.147 - - [09/Jul/2015:12:24:20 +0200] "GET /images/logos.jpg HTTP/1.1" 200 1205 "http://www.esso-berlin.de/style.css" "Mozilla/5.0 (Windows NT 6.0; rv:39.0) Gecko/20100101 Firefox/39.0"
77.12.144.147 - - [09/Jul/2015:12:24:40 +0200] "GET /favicon.ico HTTP/1.1" 404 1256 "-" "Mozilla/5.0 (Windows NT 6.0; rv:39.0) Gecko/20100101 Firefox/39.0"
77.12.144.147 - - [09/Jul/2015:12:24:17 +0200] "GET / HTTP/1.1" 200 15920 "-" "Mozilla/5.0 (Windows NT 6.0; rv:39.0) Gecko/20100101 Firefox/39.0"
77.12.144.147 - - [09/Jul/2015:12:24:40 +0200] "GET /ec.php HTTP/1.1" 200 5322 "http://www.esso-berlin.de/" "Mozilla/5.0 (Windows NT 6.0; rv:39.0) Gecko/20100101 Firefox/39.0"
77.12.144.147 - - [09/Jul/2015:12:26:17 +0200] "GET /index.php HTTP/1.1" 500 1275 "http://www.esso-berlin.de/" "Mozilla/5.0 (Windows NT 6.0; rv:39.0) Gecko/20100101 Firefox/39.0"
77.12.144.147 - - [09/Jul/2015:12:28:39 +0200] "GET / HTTP/1.1" 500 1275 "-" "Mozilla/5.0 (Windows NT 6.0; rv:39.0) Gecko/20100101 Firefox/39.0"
89.248.167.215 - - [09/Jul/2015:13:08:46 +0200] "GET /wp-admin HTTP/1.1" 404 1256 "-" "Python-urllib/2.7"
66.249.78.142 - - [09/Jul/2015:13:52:35 +0200] "GET /news.php?cs_go=archiv&cs_startpos=1940 HTTP/1.1" 200 11477 "-" "Mozilla/5.0 (compatible; Googlebot/2.1; +http://www.google.com/bot.html)"
66.249.78.142 - - [09/Jul/2015:13:58:41 +0200] "GET /news.php?cs_go=archiv&cs_startpos=1940 HTTP/1.1" 200 11477 "-" "Mozilla/5.0 (compatible; Googlebot/2.1; +http://www.google.com/bot.html)"
5.102.173.71 - - [09/Jul/2015:14:08:40 +0200] "GET /robots.txt HTTP/1.1" 404 1256 "-" "Mozilla/5.0 (compatible; MojeekBot/0.6; +https://www.mojeek.com/bot.html)"
66.249.78.135 - - [09/Jul/2015:14:05:01 +0200] "GET /news.php?cs_go=archiv&cs_startpos=1940 HTTP/1.1" 200 11477 "-" "Mozilla/5.0 (compatible; Googlebot/2.1; +http://www.google.com/bot.html)"
5.102.173.71 - - [09/Jul/2015:14:14:04 +0200] "GET /robots.txt HTTP/1.1" 404 1256 "-" "Mozilla/5.0 (compatible; MojeekBot/0.6; +https://www.mojeek.com/bot.html)"
5.102.173.71 - - [09/Jul/2015:14:08:40 +0200] "GET /baustellenbetankung.php HTTP/1.1" 200 12527 "-" "Mozilla/5.0 (compatible; MojeekBot/0.6; +https://www.mojeek.com/bot.html)"
5.102.173.71 - - [09/Jul/2015:14:14:04 +0200] "GET /essoschmierstoffe.php HTTP/1.1" 200 15592 "-" "Mozilla/5.0 (compatible; MojeekBot/0.6; +https://www.mojeek.com/bot.html)"
5.102.173.71 - - [09/Jul/2015:14:14:39 +0200] "GET /ansprechpartner.php HTTP/1.1" 200 13907 "-" "Mozilla/5.0 (compatible; MojeekBot/0.6; +https://www.mojeek.com/bot.html)"
107.170.161.243 - - [09/Jul/2015:14:55:05 +0200] "GET /robots.txt HTTP/1.1" 404 1256 "-" "Mozilla/5.0 (compatible; spbot/4.4.2; +http://OpenLinkProfiler.org/bot )"
107.170.161.243 - - [09/Jul/2015:14:55:10 +0200] "GET / HTTP/1.1" 200 16125 "-" "Mozilla/5.0 (compatible; spbot/4.4.2; +http://OpenLinkProfiler.org/bot )"
157.55.39.112 - - [09/Jul/2015:16:03:00 +0200] "GET / HTTP/1.1" 200 9656 "-" "Mozilla/5.0 (compatible; bingbot/2.0; +http://www.bing.com/bingbot.htm)"
66.249.78.36 - - [09/Jul/2015:16:43:41 +0200] "GET /robots.txt HTTP/1.1" 404 1256 "-" "Mozilla/5.0 (compatible; Googlebot/2.1; +http://www.google.com/bot.html)"
66.249.78.50 - - [09/Jul/2015:16:43:42 +0200] "GET / HTTP/1.1" 200 15920 "-" "Mozilla/5.0 (compatible; Googlebot/2.1; +http://www.google.com/bot.html)"
66.249.78.43 - - [09/Jul/2015:16:49:59 +0200] "GET / HTTP/1.1" 200 15920 "-" "Mozilla/5.0 (compatible; Googlebot/2.1; +http://www.google.com/bot.html)"
66.249.78.36 - - [09/Jul/2015:16:55:59 +0200] "GET / HTTP/1.1" 200 15920 "-" "Mozilla/5.0 (compatible; Googlebot/2.1; +http://www.google.com/bot.html)"
66.249.78.43 - - [09/Jul/2015:17:59:37 +0200] "GET /style.css HTTP/1.1" 200 8056 "http://www.esso-berlin.de/news.php?cs_go=archiv&cs_id=4823&cs_search=" "Mozilla/5.0 (compatible; Googlebot/2.1; +http://www.google.com/bot.html)"
66.249.78.36 - - [09/Jul/2015:17:59:37 +0200] "GET /modul.css HTTP/1.1" 200 36485 "http://www.esso-berlin.de/news.php?cs_go=archiv&cs_id=4823&cs_search=" "Mozilla/5.0 (compatible; Googlebot/2.1; +http://www.google.com/bot.html)"
66.249.78.43 - - [09/Jul/2015:18:01:34 +0200] "GET /js/slider.js HTTP/1.1" 200 773 "http://www.esso-berlin.de/news.php?cs_go=archiv&cs_id=4823&cs_search=" "Mozilla/5.0 (compatible; Googlebot/2.1; +http://www.google.com/bot.html)"
66.249.78.50 - - [09/Jul/2015:18:01:35 +0200] "GET /js/ddaccordion.js HTTP/1.1" 200 12534 "http://www.esso-berlin.de/news.php?cs_go=archiv&cs_id=4823&cs_search=" "Mozilla/5.0 (compatible; Googlebot/2.1; +http://www.google.com/bot.html)"
66.249.78.36 - - [09/Jul/2015:18:01:36 +0200] "GET /js/jquery.min.js HTTP/1.1" 200 57254 "http://www.esso-berlin.de/news.php?cs_go=archiv&cs_id=4823&cs_search=" "Mozilla/5.0 (compatible; Googlebot/2.1; +http://www.google.com/bot.html)"
82.193.235.130 - - [09/Jul/2015:18:01:46 +0200] "GET /style.css HTTP/1.1" 200 8056 "http://www.essoberlin.de/news.php?cs_go=archiv&cs_startpos=840" "Mozilla/4.0 (compatible; MSIE 8.0; Windows NT 6.1; WOW64; Trident/4.0; chromeframe/16.0.912.63; SLCC2; .NET CLR 2.0.50727; .NET CLR 3.5.30729; .NET CLR 3.0.30729; Media Center PC 6.0)"
82.193.235.130 - - [09/Jul/2015:18:01:46 +0200] "GET /js/ddaccordion.js HTTP/1.1" 200 12534 "http://www.essoberlin.de/news.php?cs_go=archiv&cs_startpos=840" "Mozilla/4.0 (compatible; MSIE 8.0; Windows NT 6.1; WOW64; Trident/4.0; chromeframe/16.0.912.63; SLCC2; .NET CLR 2.0.50727; .NET CLR 3.5.30729; .NET CLR 3.0.30729; Media Center PC 6.0)"
82.193.235.130 - - [09/Jul/2015:18:01:46 +0200] "GET /js/slider.js HTTP/1.1" 200 773 "http://www.essoberlin.de/news.php?cs_go=archiv&cs_startpos=840" "Mozilla/4.0 (compatible; MSIE 8.0; Windows NT 6.1; WOW64; Trident/4.0; chromeframe/16.0.912.63; SLCC2; .NET CLR 2.0.50727; .NET CLR 3.5.30729; .NET CLR 3.0.30729; Media Center PC 6.0)"
82.193.235.130 - - [09/Jul/2015:18:01:46 +0200] "GET /modul.css HTTP/1.1" 200 36485 "http://www.essoberlin.de/news.php?cs_go=archiv&cs_startpos=840" "Mozilla/4.0 (compatible; MSIE 8.0; Windows NT 6.1; WOW64; Trident/4.0; chromeframe/16.0.912.63; SLCC2; .NET CLR 2.0.50727; .NET CLR 3.5.30729; .NET CLR 3.0.30729; Media Center PC 6.0)"
82.193.235.130 - - [09/Jul/2015:18:01:46 +0200] "GET /js/jquery.min.js HTTP/1.1" 200 57254 "http://www.essoberlin.de/news.php?cs_go=archiv&cs_startpos=840" "Mozilla/4.0 (compatible; MSIE 8.0; Windows NT 6.1; WOW64; Trident/4.0; chromeframe/16.0.912.63; SLCC2; .NET CLR 2.0.50727; .NET CLR 3.5.30729; .NET CLR 3.0.30729; Media Center PC 6.0)"
82.193.235.130 - - [09/Jul/2015:18:01:47 +0200] "GET /images/header.jpg HTTP/1.1" 200 23758 "http://www.essoberlin.de/news.php?cs_go=archiv&cs_startpos=840" "Mozilla/4.0 (compatible; MSIE 8.0; Windows NT 6.1; WOW64; Trident/4.0; chromeframe/16.0.912.63; SLCC2; .NET CLR 2.0.50727; .NET CLR 3.5.30729; .NET CLR 3.0.30729; Media Center PC 6.0)"
82.193.235.130 - - [09/Jul/2015:18:01:47 +0200] "GET /images/content_bg.jpg HTTP/1.1" 200 437 "http://www.essoberlin.de/news.php?cs_go=archiv&cs_startpos=840" "Mozilla/4.0 (compatible; MSIE 8.0; Windows NT 6.1; WOW64; Trident/4.0; chromeframe/16.0.912.63; SLCC2; .NET CLR 2.0.50727; .NET CLR 3.5.30729; .NET CLR 3.0.30729; Media Center PC 6.0)"
82.193.235.130 - - [09/Jul/2015:18:01:47 +0200] "GET /images/logos.jpg HTTP/1.1" 200 1205 "http://www.essoberlin.de/news.php?cs_go=archiv&cs_startpos=840" "Mozilla/4.0 (compatible; MSIE 8.0; Windows NT 6.1; WOW64; Trident/4.0; chromeframe/16.0.912.63; SLCC2; .NET CLR 2.0.50727; .NET CLR 3.5.30729; .NET CLR 3.0.30729; Media Center PC 6.0)"
66.249.78.43 - - [09/Jul/2015:17:56:52 +0200] "GET /kwk.php HTTP/1.1" 200 11474 "-" "Mozilla/5.0 (compatible; Googlebot/2.1; +http://www.google.com/bot.html)"
66.249.78.36 - - [09/Jul/2015:18:03:03 +0200] "GET /kwk.php HTTP/1.1" 200 11474 "-" "Mozilla/5.0 (compatible; Googlebot/2.1; +http://www.google.com/bot.html)"
82.193.235.130 - - [09/Jul/2015:18:01:46 +0200] "GET /news.php?cs_go=archiv&cs_startpos=840 HTTP/1.1" 200 11682 "http://www.google.de/url?url=http://www.essoberlin.de/news.php%3Fcs_go%3Darchiv%26cs_startpos%3D840&rct=j&frm=1&q=&esrc=s&sa=U&ei=jZqeVan3N4WuUcLbgJgL&ved=0CDcQFjAH&usg=AFQjCNHcDYBB5afBwTb50c5k3B6okQf-Sw" "Mozilla/4.0 (compatible; MSIE 8.0; Windows NT 6.1; WOW64; Trident/4.0; chromeframe/16.0.912.63; SLCC2; .NET CLR 2.0.50727; .NET CLR 3.5.30729; .NET CLR 3.0.30729; Media Center PC 6.0)"
66.249.78.36 - - [09/Jul/2015:18:09:03 +0200] "GET /kwk.php HTTP/1.1" 200 11474 "-" "Mozilla/5.0 (compatible; Googlebot/2.1; +http://www.google.com/bot.html)"
66.249.78.147 - - [09/Jul/2015:18:15:26 +0200] "GET /robots.txt HTTP/1.1" 404 1256 "-" "Mozilla/5.0 (compatible; Googlebot/2.1; +http://www.google.com/bot.html)"
66.249.78.147 - - [09/Jul/2015:18:15:26 +0200] "GET /modul.css HTTP/1.1" 200 36485 "http://www.mobilschmierstoffe.de/news.php?cs_go=archiv&cs_id=4476&cs_search=" "Mozilla/5.0 (compatible; Googlebot/2.1; +http://www.google.com/bot.html)"
66.249.78.161 - - [09/Jul/2015:18:15:27 +0200] "GET /style.css HTTP/1.1" 200 8056 "http://www.mobilschmierstoffe.de/news.php?cs_go=archiv&cs_id=4476&cs_search=" "Mozilla/5.0 (compatible; Googlebot/2.1; +http://www.google.com/bot.html)"
66.249.78.154 - - [09/Jul/2015:18:18:13 +0200] "GET /js/jquery.min.js HTTP/1.1" 200 57254 "http://www.mobilschmierstoffe.de/news.php?cs_go=archiv&cs_id=4476&cs_search=" "Mozilla/5.0 (compatible; Googlebot/2.1; +http://www.google.com/bot.html)"
66.249.78.161 - - [09/Jul/2015:18:18:14 +0200] "GET /js/ddaccordion.js HTTP/1.1" 200 12534 "http://www.mobilschmierstoffe.de/news.php?cs_go=archiv&cs_id=4476&cs_search=" "Mozilla/5.0 (compatible; Googlebot/2.1; +http://www.google.com/bot.html)"
66.249.78.161 - - [09/Jul/2015:18:18:15 +0200] "GET /js/slider.js HTTP/1.1" 200 773 "http://www.mobilschmierstoffe.de/news.php?cs_go=archiv&cs_id=4476&cs_search=" "Mozilla/5.0 (compatible; Googlebot/2.1; +http://www.google.com/bot.html)"
173.88.64.211 - - [09/Jul/2015:18:55:05 +0200] "POST /wp-admin/admin-ajax.php HTTP/1.1" 404 1256 "-" "-"
88.74.56.23 - - [09/Jul/2015:20:40:19 +0200] "GET /robots.txt HTTP/1.0" 404 1256 "-" "Mozilla/5.0 (compatible; MJ12bot/v1.4.5; http://www.majestic12.co.uk/bot.php?+)"
88.74.56.23 - - [09/Jul/2015:20:40:20 +0200] "GET /impressum.php HTTP/1.1" 200 12731 "-" "Mozilla/5.0 (compatible; MJ12bot/v1.4.5; http://www.majestic12.co.uk/bot.php?+)"
88.74.56.23 - - [09/Jul/2015:20:41:02 +0200] "GET /jobs.php HTTP/1.1" 200 9089 "-" "Mozilla/5.0 (compatible; MJ12bot/v1.4.5; http://www.majestic12.co.uk/bot.php?+)"
88.74.56.23 - - [09/Jul/2015:20:41:58 +0200] "GET /kwk.php HTTP/1.1" 200 9048 "-" "Mozilla/5.0 (compatible; MJ12bot/v1.4.5; http://www.majestic12.co.uk/bot.php?+)"
88.74.56.23 - - [09/Jul/2015:20:42:40 +0200] "GET /lexikon.php HTTP/1.1" 200 9042 "-" "Mozilla/5.0 (compatible; MJ12bot/v1.4.5; http://www.majestic12.co.uk/bot.php?+)"
88.74.56.23 - - [09/Jul/2015:20:43:21 +0200] "GET /marktdaten.php HTTP/1.1" 200 11898 "-" "Mozilla/5.0 (compatible; MJ12bot/v1.4.5; http://www.majestic12.co.uk/bot.php?+)"
88.74.56.23 - - [09/Jul/2015:20:44:06 +0200] "GET /waermekonto.php HTTP/1.1" 200 9265 "-" "Mozilla/5.0 (compatible; MJ12bot/v1.4.5; http://www.majestic12.co.uk/bot.php?+)"
88.74.56.23 - - [09/Jul/2015:20:41:43 +0200] "GET /kontakt.php HTTP/1.1" 200 11467 "-" "Mozilla/5.0 (compatible; MJ12bot/v1.4.5; http://www.majestic12.co.uk/bot.php?+)"
88.74.56.23 - - [09/Jul/2015:20:44:51 +0200] "GET /wunschpreis.php HTTP/1.1" 200 11646 "-" "Mozilla/5.0 (compatible; MJ12bot/v1.4.5; http://www.majestic12.co.uk/bot.php?+)"
66.249.78.147 - - [10/Jul/2015:01:58:36 +0200] "GET /lexikon.php?cs_go=3&cs_id=141 HTTP/1.1" 200 11466 "-" "Mozilla/5.0 (compatible; Googlebot/2.1; +http://www.google.com/bot.html)"
66.249.78.161 - - [10/Jul/2015:02:05:01 +0200] "GET /lexikon.php?cs_go=3&cs_id=141 HTTP/1.1" 200 11466 "-" "Mozilla/5.0 (compatible; Googlebot/2.1; +http://www.google.com/bot.html)"
66.249.78.210 - - [10/Jul/2015:02:12:49 +0200] "GET /robots.txt HTTP/1.1" 404 1256 "-" "Mozilla/5.0 (compatible; Googlebot/2.1; +http://www.google.com/bot.html)"
66.249.78.154 - - [10/Jul/2015:02:11:33 +0200] "GET /lexikon.php?cs_go=3&cs_id=141 HTTP/1.1" 200 11466 "-" "Mozilla/5.0 (compatible; Googlebot/2.1; +http://www.google.com/bot.html)"
66.249.78.217 - - [10/Jul/2015:02:12:49 +0200] "GET /index.php HTTP/1.1" 200 15920 "-" "Mozilla/5.0 (compatible; Googlebot/2.1; +http://www.google.com/bot.html)"
66.249.78.217 - - [10/Jul/2015:02:19:16 +0200] "GET /index.php HTTP/1.1" 200 15920 "-" "Mozilla/5.0 (compatible; Googlebot/2.1; +http://www.google.com/bot.html)"
66.249.78.217 - - [10/Jul/2015:02:25:50 +0200] "GET /index.php HTTP/1.1" 200 15920 "-" "Mozilla/5.0 (compatible; Googlebot/2.1; +http://www.google.com/bot.html)"
66.249.78.210 - - [10/Jul/2015:03:05:01 +0200] "GET /schmierstoffe.php HTTP/1.1" 200 14431 "-" "Mozilla/5.0 (compatible; Googlebot/2.1; +http://www.google.com/bot.html)"
66.249.78.224 - - [10/Jul/2015:03:11:16 +0200] "GET /schmierstoffe.php HTTP/1.1" 200 14431 "-" "Mozilla/5.0 (compatible; Googlebot/2.1; +http://www.google.com/bot.html)"
66.249.78.224 - - [10/Jul/2015:03:17:30 +0200] "GET /schmierstoffe.php HTTP/1.1" 200 14431 "-" "Mozilla/5.0 (compatible; Googlebot/2.1; +http://www.google.com/bot.html)"
207.46.13.56 - - [10/Jul/2015:03:37:49 +0200] "GET / HTTP/1.1" 200 9656 "-" "Mozilla/5.0 (compatible; bingbot/2.0; +http://www.bing.com/bingbot.htm)"
66.249.78.112 - - [10/Jul/2015:03:57:08 +0200] "GET /robots.txt HTTP/1.1" 404 1256 "-" "Mozilla/5.0 (compatible; Googlebot/2.1; +http://www.google.com/bot.html)"
66.249.78.126 - - [10/Jul/2015:03:57:08 +0200] "GET /news.php?cs_go=archiv&cs_id=295&cs_search= HTTP/1.1" 200 11477 "-" "Mozilla/5.0 (compatible; Googlebot/2.1; +http://www.google.com/bot.html)"
66.249.78.112 - - [10/Jul/2015:04:03:14 +0200] "GET /news.php?cs_go=archiv&cs_id=295&cs_search= HTTP/1.1" 200 11477 "-" "Mozilla/5.0 (compatible; Googlebot/2.1; +http://www.google.com/bot.html)"
66.249.78.112 - - [10/Jul/2015:04:09:20 +0200] "GET /news.php?cs_go=archiv&cs_id=295&cs_search= HTTP/1.1" 200 11477 "-" "Mozilla/5.0 (compatible; Googlebot/2.1; +http://www.google.com/bot.html)"
208.115.111.74 - - [10/Jul/2015:04:35:04 +0200] "GET /robots.txt HTTP/1.1" 404 1256 "-" "Mozilla/5.0 (compatible; DotBot/1.1; http://www.opensiteexplorer.org/dotbot, help@moz.com)"
66.249.78.161 - - [10/Jul/2015:04:33:35 +0200] "GET /lexikon.php?cs_go=3&cs_id=141 HTTP/1.1" 200 11466 "-" "Mozilla/5.0 (compatible; Googlebot/2.1; +http://www.google.com/bot.html)"
66.249.78.147 - - [10/Jul/2015:04:39:42 +0200] "GET /lexikon.php?cs_go=3&cs_id=141 HTTP/1.1" 200 11466 "-" "Mozilla/5.0 (compatible; Googlebot/2.1; +http://www.google.com/bot.html)"
66.249.78.154 - - [10/Jul/2015:04:46:24 +0200] "GET /lexikon.php?cs_go=3&cs_id=141 HTTP/1.1" 200 11466 "-" "Mozilla/5.0 (compatible; Googlebot/2.1; +http://www.google.com/bot.html)"
66.249.78.142 - - [10/Jul/2015:05:17:18 +0200] "GET /robots.txt HTTP/1.1" 404 1256 "-" "Mozilla/5.0 (compatible; Googlebot/2.1; +http://www.google.com/bot.html)"
66.249.78.43 - - [10/Jul/2015:05:22:35 +0200] "GET /robots.txt HTTP/1.1" 404 1256 "-" "Mozilla/5.0 (compatible; Googlebot/2.1; +http://www.google.com/bot.html)"
66.249.78.149 - - [10/Jul/2015:05:17:19 +0200] "GET /news.php?cs_go=archiv&cs_startpos=70 HTTP/1.1" 200 11477 "-" "Mozilla/5.0 (compatible; Googlebot/2.1; +http://www.google.com/bot.html)"
208.115.111.74 - - [10/Jul/2015:05:22:32 +0200] "GET /news.php?cs_go=archiv&cs_id=5346 HTTP/1.1" 200 11477 "-" "Mozilla/5.0 (compatible; DotBot/1.1; http://www.opensiteexplorer.org/dotbot, help@moz.com)"
66.249.78.50 - - [10/Jul/2015:05:22:35 +0200] "GET / HTTP/1.1" 200 15920 "-" "Mozilla/5.0 (iPhone; CPU iPhone OS 6_0 like Mac OS X) AppleWebKit/536.26 (KHTML, like Gecko) Version/6.0 Mobile/10A5376e Safari/8536.25 (compatible; Googlebot/2.1; +http://www.google.com/bot.html)"
66.249.78.135 - - [10/Jul/2015:05:25:35 +0200] "GET /news.php?cs_go=archiv&cs_startpos=70 HTTP/1.1" 200 11477 "-" "Mozilla/5.0 (compatible; Googlebot/2.1; +http://www.google.com/bot.html)"
66.249.78.36 - - [10/Jul/2015:05:29:05 +0200] "GET / HTTP/1.1" 200 15920 "-" "Mozilla/5.0 (iPhone; CPU iPhone OS 6_0 like Mac OS X) AppleWebKit/536.26 (KHTML, like Gecko) Version/6.0 Mobile/10A5376e Safari/8536.25 (compatible; Googlebot/2.1; +http://www.google.com/bot.html)"
66.249.78.142 - - [10/Jul/2015:05:32:05 +0200] "GET /news.php?cs_go=archiv&cs_startpos=70 HTTP/1.1" 200 11477 "-" "Mozilla/5.0 (compatible; Googlebot/2.1; +http://www.google.com/bot.html)"
66.249.78.36 - - [10/Jul/2015:05:35:35 +0200] "GET / HTTP/1.1" 200 15920 "-" "Mozilla/5.0 (iPhone; CPU iPhone OS 6_0 like Mac OS X) AppleWebKit/536.26 (KHTML, like Gecko) Version/6.0 Mobile/10A5376e Safari/8536.25 (compatible; Googlebot/2.1; +http://www.google.com/bot.html)"
144.76.71.83 - - [10/Jul/2015:05:53:44 +0200] "GET /kwk.php HTTP/1.1" 200 11679 "-" "Mozilla/5.0 (compatible; MSIE 10.0; Windows NT 6.1; WOW64; Trident/6.0)"
144.76.71.83 - - [10/Jul/2015:05:53:58 +0200] "GET /kwk.php HTTP/1.1" 200 11679 "-" "Mozilla/5.0 (Windows NT 6.1) AppleWebKit/537.36 (KHTML, like Gecko) Chrome/27.0.1453.90 Safari/537.36"
188.165.15.59 - - [10/Jul/2015:06:28:40 +0200] "GET /robots.txt HTTP/1.1" 404 1256 "-" "Mozilla/5.0 (compatible; AhrefsBot/5.0; +http://ahrefs.com/robot/)"
157.55.39.117 - - [10/Jul/2015:06:33:48 +0200] "GET /robots.txt HTTP/1.1" 404 1256 "-" "Mozilla/5.0 (compatible; bingbot/2.0; +http://www.bing.com/bingbot.htm)"
157.55.39.117 - - [10/Jul/2015:06:35:10 +0200] "GET /tankanlagen.php HTTP/1.1" 200 9266 "-" "Mozilla/5.0 (compatible; bingbot/2.0; +http://www.bing.com/bingbot.htm)"
207.46.13.81 - - [10/Jul/2015:07:20:30 +0200] "GET /tankanlagen.php HTTP/1.1" 200 9266 "-" "Mozilla/5.0 (compatible; bingbot/2.0; +http://www.bing.com/bingbot.htm)"
208.115.111.73 - - [10/Jul/2015:08:31:59 +0200] "GET /robots.txt HTTP/1.1" 404 1256 "-" "Mozilla/5.0 (compatible; DotBot/1.1; http://www.opensiteexplorer.org/dotbot, help@moz.com)"
66.249.78.50 - - [10/Jul/2015:09:11:00 +0200] "GET /news.php?cs_go=archiv&cs_id=2680 HTTP/1.1" 200 11477 "-" "Mozilla/5.0 (compatible; Googlebot/2.1; +http://www.google.com/bot.html)"
208.115.111.73 - - [10/Jul/2015:09:15:55 +0200] "GET /waermekonto.php HTTP/1.1" 200 11831 "-" "Mozilla/5.0 (compatible; DotBot/1.1; http://www.opensiteexplorer.org/dotbot, help@moz.com)"
66.249.78.43 - - [10/Jul/2015:09:17:23 +0200] "GET /news.php?cs_go=archiv&cs_id=2680 HTTP/1.1" 200 11477 "-" "Mozilla/5.0 (compatible; Googlebot/2.1; +http://www.google.com/bot.html)"
66.249.78.50 - - [10/Jul/2015:09:23:54 +0200] "GET /news.php?cs_go=archiv&cs_id=2680 HTTP/1.1" 200 11477 "-" "Mozilla/5.0 (compatible; Googlebot/2.1; +http://www.google.com/bot.html)"
66.249.78.36 - - [10/Jul/2015:10:37:57 +0200] "GET /news.php?cs_go=archiv&cs_id=2095&cs_search= HTTP/1.1" 200 11477 "-" "Mozilla/5.0 (compatible; Googlebot/2.1; +http://www.google.com/bot.html)"
66.249.78.36 - - [10/Jul/2015:10:44:39 +0200] "GET /news.php?cs_go=archiv&cs_id=2095&cs_search= HTTP/1.1" 200 11477 "-" "Mozilla/5.0 (compatible; Googlebot/2.1; +http://www.google.com/bot.html)"
66.249.78.43 - - [10/Jul/2015:10:50:59 +0200] "GET /news.php?cs_go=archiv&cs_id=2095&cs_search= HTTP/1.1" 200 11477 "-" "Mozilla/5.0 (compatible; Googlebot/2.1; +http://www.google.com/bot.html)"
66.249.78.249 - - [10/Jul/2015:11:27:40 +0200] "GET /robots.txt HTTP/1.1" 404 1256 "-" "Mozilla/5.0 (compatible; Googlebot/2.1; +http://www.google.com/bot.html)"
5.9.41.104 - - [10/Jul/2015:11:29:18 +0200] "GET /robots.txt HTTP/1.1" 404 1256 "-" "Mozilla/5.0 (compatible; SearchmetricsBot; http://www.searchmetrics.com/en/searchmetrics-bot/)"
5.9.41.104 - - [10/Jul/2015:11:33:18 +0200] "GET /../kwk.php HTTP/1.1" 400 1200 "-" "Mozilla/5.0 (compatible; SearchmetricsBot; http://www.searchmetrics.com/en/searchmetrics-bot/)"
66.249.78.2 - - [10/Jul/2015:11:27:40 +0200] "GET / HTTP/1.1" 200 15920 "-" "Mozilla/5.0 (compatible; Googlebot/2.1; +http://www.google.com/bot.html)"
5.9.41.104 - - [10/Jul/2015:11:29:48 +0200] "GET /biogasanlage.php HTTP/1.1" 200 11909 "-" "Mozilla/5.0 (compatible; SearchmetricsBot; http://www.searchmetrics.com/en/searchmetrics-bot/)"
5.9.41.104 - - [10/Jul/2015:11:29:59 +0200] "GET /adblue.php HTTP/1.1" 200 15843 "-" "Mozilla/5.0 (compatible; SearchmetricsBot; http://www.searchmetrics.com/en/searchmetrics-bot/)"
5.9.41.104 - - [10/Jul/2015:11:30:39 +0200] "GET /impressum.php HTTP/1.1" 200 12936 "-" "Mozilla/5.0 (compatible; SearchmetricsBot; http://www.searchmetrics.com/en/searchmetrics-bot/)"
5.9.41.104 - - [10/Jul/2015:11:30:50 +0200] "GET /jobs.php HTTP/1.1" 200 11716 "-" "Mozilla/5.0 (compatible; SearchmetricsBot; http://www.searchmetrics.com/en/searchmetrics-bot/)"
5.9.41.104 - - [10/Jul/2015:11:31:00 +0200] "GET /schmierstoffe.php HTTP/1.1" 200 14431 "-" "Mozilla/5.0 (compatible; SearchmetricsBot; http://www.searchmetrics.com/en/searchmetrics-bot/)"
5.9.41.104 - - [10/Jul/2015:11:31:10 +0200] "GET /preisanfrage.php HTTP/1.1" 200 11698 "-" "Mozilla/5.0 (compatible; SearchmetricsBot; http://www.searchmetrics.com/en/searchmetrics-bot/)"
5.9.41.104 - - [10/Jul/2015:11:31:54 +0200] "GET /baustellenbetankung.php HTTP/1.1" 200 12527 "-" "Mozilla/5.0 (compatible; SearchmetricsBot; http://www.searchmetrics.com/en/searchmetrics-bot/)"
5.9.41.104 - - [10/Jul/2015:11:32:14 +0200] "GET /marktdaten.php HTTP/1.1" 200 12103 "-" "Mozilla/5.0 (compatible; SearchmetricsBot; http://www.searchmetrics.com/en/searchmetrics-bot/)"
5.9.41.104 - - [10/Jul/2015:11:29:18 +0200] "GET / HTTP/1.1" 200 16125 "-" "Mozilla/5.0 (compatible; SearchmetricsBot; http://www.searchmetrics.com/en/searchmetrics-bot/)"
5.9.41.104 - - [10/Jul/2015:11:29:28 +0200] "GET /kontakt.php HTTP/1.1" 200 11672 "-" "Mozilla/5.0 (compatible; SearchmetricsBot; http://www.searchmetrics.com/en/searchmetrics-bot/)"
5.9.41.104 - - [10/Jul/2015:11:32:38 +0200] "GET /essoschmierstoffe.php HTTP/1.1" 200 15592 "-" "Mozilla/5.0 (compatible; SearchmetricsBot; http://www.searchmetrics.com/en/searchmetrics-bot/)"
5.9.41.104 - - [10/Jul/2015:11:29:38 +0200] "GET /tankreinigung.php HTTP/1.1" 200 11962 "-" "Mozilla/5.0 (compatible; SearchmetricsBot; http://www.searchmetrics.com/en/searchmetrics-bot/)"
5.9.41.104 - - [10/Jul/2015:11:32:48 +0200] "GET /premiumheizoel.php HTTP/1.1" 200 12235 "-" "Mozilla/5.0 (compatible; SearchmetricsBot; http://www.searchmetrics.com/en/searchmetrics-bot/)"
5.9.41.104 - - [10/Jul/2015:11:30:09 +0200] "GET /heizoel.php HTTP/1.1" 200 12204 "-" "Mozilla/5.0 (compatible; SearchmetricsBot; http://www.searchmetrics.com/en/searchmetrics-bot/)"
5.9.41.104 - - [10/Jul/2015:11:30:19 +0200] "GET /diesel.php HTTP/1.1" 200 12167 "-" "Mozilla/5.0 (compatible; SearchmetricsBot; http://www.searchmetrics.com/en/searchmetrics-bot/)"
5.9.41.104 - - [10/Jul/2015:11:30:29 +0200] "GET /ec.php HTTP/1.1" 200 11821 "-" "Mozilla/5.0 (compatible; SearchmetricsBot; http://www.searchmetrics.com/en/searchmetrics-bot/)"
5.9.41.104 - - [10/Jul/2015:11:33:39 +0200] "GET /waermekonto.php HTTP/1.1" 200 12036 "-" "Mozilla/5.0 (compatible; SearchmetricsBot; http://www.searchmetrics.com/en/searchmetrics-bot/)"
66.249.78.249 - - [10/Jul/2015:11:34:00 +0200] "GET / HTTP/1.1" 200 14482 "-" "Mozilla/5.0 (compatible; Googlebot/2.1; +http://www.google.com/bot.html)"
5.9.41.104 - - [10/Jul/2015:11:34:23 +0200] "GET /notdienst.php HTTP/1.1" 200 12433 "-" "Mozilla/5.0 (compatible; SearchmetricsBot; http://www.searchmetrics.com/en/searchmetrics-bot/)"
5.9.41.104 - - [10/Jul/2015:11:34:33 +0200] "GET /ansprechpartner.php HTTP/1.1" 200 13907 "-" "Mozilla/5.0 (compatible; SearchmetricsBot; http://www.searchmetrics.com/en/searchmetrics-bot/)"
5.9.41.104 - - [10/Jul/2015:11:31:33 +0200] "GET /brennwerttechnik.php HTTP/1.1" 200 12064 "-" "Mozilla/5.0 (compatible; SearchmetricsBot; http://www.searchmetrics.com/en/searchmetrics-bot/)"
5.9.41.104 - - [10/Jul/2015:11:31:44 +0200] "GET /edl.php HTTP/1.1" 200 12021 "-" "Mozilla/5.0 (compatible; SearchmetricsBot; http://www.searchmetrics.com/en/searchmetrics-bot/)"
5.9.41.104 - - [10/Jul/2015:11:32:04 +0200] "GET /faq.php HTTP/1.1" 200 11681 "-" "Mozilla/5.0 (compatible; SearchmetricsBot; http://www.searchmetrics.com/en/searchmetrics-bot/)"
5.9.41.104 - - [10/Jul/2015:11:32:27 +0200] "GET /energiesparcheck.php HTTP/1.1" 200 11754 "-" "Mozilla/5.0 (compatible; SearchmetricsBot; http://www.searchmetrics.com/en/searchmetrics-bot/)"
5.9.41.104 - - [10/Jul/2015:11:32:58 +0200] "GET /foerdermittel.php HTTP/1.1" 200 12029 "-" "Mozilla/5.0 (compatible; SearchmetricsBot; http://www.searchmetrics.com/en/searchmetrics-bot/)"
5.9.41.104 - - [10/Jul/2015:11:33:08 +0200] "GET /lexikon.php HTTP/1.1" 200 11671 "-" "Mozilla/5.0 (compatible; SearchmetricsBot; http://www.searchmetrics.com/en/searchmetrics-bot/)"
5.9.41.104 - - [10/Jul/2015:11:33:18 +0200] "GET /ofenbau.php HTTP/1.1" 200 11901 "-" "Mozilla/5.0 (compatible; SearchmetricsBot; http://www.searchmetrics.com/en/searchmetrics-bot/)"
5.9.41.104 - - [10/Jul/2015:11:33:29 +0200] "GET /news.php HTTP/1.1" 200 11682 "-" "Mozilla/5.0 (compatible; SearchmetricsBot; http://www.searchmetrics.com/en/searchmetrics-bot/)"
5.9.41.104 - - [10/Jul/2015:11:33:52 +0200] "GET /wunschpreis.php HTTP/1.1" 200 11851 "-" "Mozilla/5.0 (compatible; SearchmetricsBot; http://www.searchmetrics.com/en/searchmetrics-bot/)"
5.9.41.104 - - [10/Jul/2015:11:34:02 +0200] "GET /index.php HTTP/1.1" 200 16125 "-" "Mozilla/5.0 (compatible; SearchmetricsBot; http://www.searchmetrics.com/en/searchmetrics-bot/)"
5.9.41.104 - - [10/Jul/2015:11:34:12 +0200] "GET /tankanlagen.php HTTP/1.1" 200 11893 "-" "Mozilla/5.0 (compatible; SearchmetricsBot; http://www.searchmetrics.com/en/searchmetrics-bot/)"
5.9.41.104 - - [10/Jul/2015:11:31:20 +0200] "GET /energiekostenvergleich.php HTTP/1.1" 200 24259 "-" "Mozilla/5.0 (compatible; SearchmetricsBot; http://www.searchmetrics.com/en/searchmetrics-bot/)"
66.249.78.9 - - [10/Jul/2015:11:40:39 +0200] "GET / HTTP/1.1" 200 15920 "-" "Mozilla/5.0 (compatible; Googlebot/2.1; +http://www.google.com/bot.html)"
157.55.39.224 - - [10/Jul/2015:12:19:59 +0200] "GET /robots.txt HTTP/1.1" 404 1256 "-" "Mozilla/5.0 (compatible; bingbot/2.0; +http://www.bing.com/bingbot.htm)"
157.55.39.224 - - [10/Jul/2015:12:20:19 +0200] "GET /energiesparcheck.php HTTP/1.1" 200 9127 "-" "Mozilla/5.0 (compatible; bingbot/2.0; +http://www.bing.com/bingbot.htm)"
66.249.78.36 - - [10/Jul/2015:12:42:06 +0200] "GET / HTTP/1.1" 200 15920 "-" "Mozilla/5.0 (iPhone; CPU iPhone OS 6_0 like Mac OS X) AppleWebKit/536.26 (KHTML, like Gecko) Version/6.0 Mobile/10A5376e Safari/8536.25 (compatible; Googlebot/2.1; +http://www.google.com/bot.html)"
66.249.78.36 - - [10/Jul/2015:12:48:16 +0200] "GET / HTTP/1.1" 200 15920 "-" "Mozilla/5.0 (iPhone; CPU iPhone OS 6_0 like Mac OS X) AppleWebKit/536.26 (KHTML, like Gecko) Version/6.0 Mobile/10A5376e Safari/8536.25 (compatible; Googlebot/2.1; +http://www.google.com/bot.html)"
46.61.124.243 - - [10/Jul/2015:12:59:29 +0200] "GET /images/adblue_vorn.jpg HTTP/1.1" 200 17750 "-" "Mozilla/5.0 (Windows NT 6.2; WOW64) AppleWebKit/537.36 (KHTML, like Gecko) Chrome/43.0.2357.132 Safari/537.36"
66.249.78.50 - - [10/Jul/2015:12:54:23 +0200] "GET / HTTP/1.1" 200 15920 "-" "Mozilla/5.0 (iPhone; CPU iPhone OS 6_0 like Mac OS X) AppleWebKit/536.26 (KHTML, like Gecko) Version/6.0 Mobile/10A5376e Safari/8536.25 (compatible; Googlebot/2.1; +http://www.google.com/bot.html)"
66.249.78.224 - - [10/Jul/2015:13:05:39 +0200] "GET /news.php?cs_go=archiv&cs_id=1091&cs_search= HTTP/1.1" 200 11477 "-" "Mozilla/5.0 (compatible; Googlebot/2.1; +http://www.google.com/bot.html)"
66.249.78.224 - - [10/Jul/2015:13:12:16 +0200] "GET /news.php?cs_go=archiv&cs_id=1091&cs_search= HTTP/1.1" 200 11477 "-" "Mozilla/5.0 (compatible; Googlebot/2.1; +http://www.google.com/bot.html)"
66.249.78.224 - - [10/Jul/2015:13:18:27 +0200] "GET /news.php?cs_go=archiv&cs_id=1091&cs_search= HTTP/1.1" 200 11477 "-" "Mozilla/5.0 (compatible; Googlebot/2.1; +http://www.google.com/bot.html)"
144.76.8.132 - - [10/Jul/2015:13:37:53 +0200] "GET /robots.txt HTTP/1.0" 404 1256 "-" "Mozilla/5.0 (compatible; MJ12bot/v1.4.5; http://www.majestic12.co.uk/bot.php?+)"
144.76.8.132 - - [10/Jul/2015:13:37:54 +0200] "GET /foerdermittel.php HTTP/1.0" 200 11824 "-" "Mozilla/5.0 (compatible; MJ12bot/v1.4.5; http://www.majestic12.co.uk/bot.php?+)"
144.76.8.132 - - [10/Jul/2015:13:38:35 +0200] "GET /impressum.php HTTP/1.0" 200 12936 "-" "Mozilla/5.0 (compatible; MJ12bot/v1.4.5; http://www.majestic12.co.uk/bot.php?+)"
66.249.78.154 - - [10/Jul/2015:13:51:37 +0200] "GET /robots.txt HTTP/1.1" 404 1256 "-" "Mozilla/5.0 (compatible; Googlebot/2.1; +http://www.google.com/bot.html)"
66.249.78.154 - - [10/Jul/2015:13:51:37 +0200] "GET / HTTP/1.1" 200 15920 "-" "Mozilla/5.0 (compatible; Googlebot/2.1; +http://www.google.com/bot.html)"
66.249.78.147 - - [10/Jul/2015:13:57:43 +0200] "GET / HTTP/1.1" 200 15920 "-" "Mozilla/5.0 (compatible; Googlebot/2.1; +http://www.google.com/bot.html)"
66.249.78.154 - - [10/Jul/2015:14:03:57 +0200] "GET / HTTP/1.1" 200 15920 "-" "Mozilla/5.0 (compatible; Googlebot/2.1; +http://www.google.com/bot.html)"
66.249.78.210 - - [10/Jul/2015:14:38:56 +0200] "GET /robots.txt HTTP/1.1" 404 1256 "-" "Mozilla/5.0 (compatible; Googlebot/2.1; +http://www.google.com/bot.html)"
66.249.78.217 - - [10/Jul/2015:14:38:56 +0200] "GET /lexikon.php?cs_go=3&cs_id=225 HTTP/1.1" 200 11466 "-" "Mozilla/5.0 (compatible; Googlebot/2.1; +http://www.google.com/bot.html)"
66.249.78.210 - - [10/Jul/2015:14:45:17 +0200] "GET /lexikon.php?cs_go=3&cs_id=225 HTTP/1.1" 200 11466 "-" "Mozilla/5.0 (compatible; Googlebot/2.1; +http://www.google.com/bot.html)"
66.249.78.135 - - [10/Jul/2015:14:48:36 +0200] "GET /news.php?cs_go=archiv&cs_id=4011 HTTP/1.1" 200 11477 "-" "Mozilla/5.0 (iPhone; CPU iPhone OS 6_0 like Mac OS X) AppleWebKit/536.26 (KHTML, like Gecko) Version/6.0 Mobile/10A5376e Safari/8536.25 (compatible; Googlebot/2.1; +http://www.google.com/bot.html)"
66.249.78.224 - - [10/Jul/2015:14:51:39 +0200] "GET /lexikon.php?cs_go=3&cs_id=225 HTTP/1.1" 200 11466 "-" "Mozilla/5.0 (compatible; Googlebot/2.1; +http://www.google.com/bot.html)"
66.249.78.142 - - [10/Jul/2015:14:54:47 +0200] "GET /news.php?cs_go=archiv&cs_id=4011 HTTP/1.1" 200 11477 "-" "Mozilla/5.0 (iPhone; CPU iPhone OS 6_0 like Mac OS X) AppleWebKit/536.26 (KHTML, like Gecko) Version/6.0 Mobile/10A5376e Safari/8536.25 (compatible; Googlebot/2.1; +http://www.google.com/bot.html)"
66.249.78.149 - - [10/Jul/2015:15:01:11 +0200] "GET /news.php?cs_go=archiv&cs_id=4011 HTTP/1.1" 200 11477 "-" "Mozilla/5.0 (iPhone; CPU iPhone OS 6_0 like Mac OS X) AppleWebKit/536.26 (KHTML, like Gecko) Version/6.0 Mobile/10A5376e Safari/8536.25 (compatible; Googlebot/2.1; +http://www.google.com/bot.html)"
66.249.78.217 - - [10/Jul/2015:15:31:50 +0200] "GET /energiesparcheck.php HTTP/1.1" 200 11549 "-" "Mozilla/5.0 (iPhone; CPU iPhone OS 6_0 like Mac OS X) AppleWebKit/536.26 (KHTML, like Gecko) Version/6.0 Mobile/10A5376e Safari/8536.25 (compatible; Googlebot/2.1; +http://www.google.com/bot.html)"
66.249.78.210 - - [10/Jul/2015:15:37:51 +0200] "GET /energiesparcheck.php HTTP/1.1" 200 11549 "-" "Mozilla/5.0 (iPhone; CPU iPhone OS 6_0 like Mac OS X) AppleWebKit/536.26 (KHTML, like Gecko) Version/6.0 Mobile/10A5376e Safari/8536.25 (compatible; Googlebot/2.1; +http://www.google.com/bot.html)"
66.249.78.217 - - [10/Jul/2015:15:44:19 +0200] "GET /energiesparcheck.php HTTP/1.1" 200 11549 "-" "Mozilla/5.0 (iPhone; CPU iPhone OS 6_0 like Mac OS X) AppleWebKit/536.26 (KHTML, like Gecko) Version/6.0 Mobile/10A5376e Safari/8536.25 (compatible; Googlebot/2.1; +http://www.google.com/bot.html)"
157.55.39.112 - - [10/Jul/2015:15:56:02 +0200] "GET /robots.txt HTTP/1.1" 404 1256 "-" "Mozilla/5.0 (compatible; bingbot/2.0; +http://www.bing.com/bingbot.htm)"
157.55.39.112 - - [10/Jul/2015:15:56:08 +0200] "GET / HTTP/1.1" 200 9656 "-" "Mozilla/5.0 (compatible; bingbot/2.0; +http://www.bing.com/bingbot.htm)"
66.249.78.36 - - [10/Jul/2015:16:15:04 +0200] "GET /news.php?cs_go=archiv&cs_id=4907 HTTP/1.1" 200 11477 "-" "Mozilla/5.0 (compatible; Googlebot/2.1; +http://www.google.com/bot.html)"
66.249.78.36 - - [10/Jul/2015:16:21:10 +0200] "GET /news.php?cs_go=archiv&cs_id=4907 HTTP/1.1" 200 11477 "-" "Mozilla/5.0 (compatible; Googlebot/2.1; +http://www.google.com/bot.html)"
66.249.78.50 - - [10/Jul/2015:16:27:34 +0200] "GET /news.php?cs_go=archiv&cs_id=4907 HTTP/1.1" 200 11477 "-" "Mozilla/5.0 (compatible; Googlebot/2.1; +http://www.google.com/bot.html)"
66.249.78.43 - - [10/Jul/2015:17:38:32 +0200] "GET /robots.txt HTTP/1.1" 404 1256 "-" "Mozilla/5.0 (compatible; Googlebot/2.1; +http://www.google.com/bot.html)"
66.249.78.50 - - [10/Jul/2015:17:38:32 +0200] "GET /news.php?cs_go=archiv&cs_id=1867 HTTP/1.1" 200 11477 "-" "Mozilla/5.0 (compatible; Googlebot/2.1; +http://www.google.com/bot.html)"
66.249.78.43 - - [10/Jul/2015:17:44:49 +0200] "GET /news.php?cs_go=archiv&cs_id=1867 HTTP/1.1" 200 11477 "-" "Mozilla/5.0 (compatible; Googlebot/2.1; +http://www.google.com/bot.html)"
66.249.78.43 - - [10/Jul/2015:17:50:59 +0200] "GET /news.php?cs_go=archiv&cs_id=1867 HTTP/1.1" 200 11477 "-" "Mozilla/5.0 (compatible; Googlebot/2.1; +http://www.google.com/bot.html)"
162.243.90.182 - - [10/Jul/2015:18:03:22 +0200] "GET /robots.txt HTTP/1.1" 404 1256 "-" "Mozilla/5.0 (compatible; spbot/4.4.2; +http://OpenLinkProfiler.org/bot )"
162.243.90.182 - - [10/Jul/2015:18:03:28 +0200] "GET / HTTP/1.1" 200 16125 "-" "Mozilla/5.0 (compatible; spbot/4.4.2; +http://OpenLinkProfiler.org/bot )"
188.165.15.188 - - [10/Jul/2015:18:22:05 +0200] "GET /robots.txt HTTP/1.1" 404 1256 "-" "Mozilla/5.0 (compatible; AhrefsBot/5.0; +http://ahrefs.com/robot/)"
5.102.173.71 - - [10/Jul/2015:19:17:28 +0200] "GET /robots.txt HTTP/1.1" 404 1256 "-" "Mozilla/5.0 (compatible; MojeekBot/0.6; +https://www.mojeek.com/bot.html)"
5.102.173.71 - - [10/Jul/2015:19:17:28 +0200] "GET / HTTP/1.1" 200 16125 "-" "Mozilla/5.0 (compatible; MojeekBot/0.6; +https://www.mojeek.com/bot.html)"
104.236.254.61 - - [10/Jul/2015:19:27:41 +0200] "GET / HTTP/1.0" 200 16125 "-" "Mozilla/5.0 (compatible; NetcraftSurveyAgent/1.0; +info@netcraft.com)"
66.249.78.36 - - [10/Jul/2015:20:12:58 +0200] "GET /news.php?cs_go=archiv&cs_id=2113 HTTP/1.1" 200 11477 "-" "Mozilla/5.0 (compatible; Googlebot/2.1; +http://www.google.com/bot.html)"
66.249.78.43 - - [10/Jul/2015:20:19:30 +0200] "GET /news.php?cs_go=archiv&cs_id=2113 HTTP/1.1" 200 11477 "-" "Mozilla/5.0 (compatible; Googlebot/2.1; +http://www.google.com/bot.html)"
66.249.78.43 - - [10/Jul/2015:20:25:52 +0200] "GET /news.php?cs_go=archiv&cs_id=2113 HTTP/1.1" 200 11477 "-" "Mozilla/5.0 (compatible; Googlebot/2.1; +http://www.google.com/bot.html)"
66.249.78.119 - - [10/Jul/2015:20:32:58 +0200] "GET /robots.txt HTTP/1.1" 404 1256 "-" "Mozilla/5.0 (compatible; Googlebot/2.1; +http://www.google.com/bot.html)"
66.249.78.36 - - [10/Jul/2015:20:28:52 +0200] "GET /news.php?cs_go=archiv&cs_id=1928 HTTP/1.1" 200 11477 "-" "Mozilla/5.0 (compatible; Googlebot/2.1; +http://www.google.com/bot.html)"
66.249.78.119 - - [10/Jul/2015:20:32:59 +0200] "GET /news.php?cs_go=archiv&cs_id=2085&cs_search= HTTP/1.1" 200 11477 "-" "Mozilla/5.0 (compatible; Googlebot/2.1; +http://www.google.com/bot.html)"
66.249.78.36 - - [10/Jul/2015:20:35:59 +0200] "GET /news.php?cs_go=archiv&cs_id=1928 HTTP/1.1" 200 11477 "-" "Mozilla/5.0 (compatible; Googlebot/2.1; +http://www.google.com/bot.html)"
66.249.78.126 - - [10/Jul/2015:20:39:35 +0200] "GET /news.php?cs_go=archiv&cs_id=2085&cs_search= HTTP/1.1" 200 11477 "-" "Mozilla/5.0 (compatible; Googlebot/2.1; +http://www.google.com/bot.html)"
66.249.78.50 - - [10/Jul/2015:20:42:35 +0200] "GET /news.php?cs_go=archiv&cs_id=1928 HTTP/1.1" 200 11477 "-" "Mozilla/5.0 (compatible; Googlebot/2.1; +http://www.google.com/bot.html)"
66.249.78.119 - - [10/Jul/2015:20:45:38 +0200] "GET /news.php?cs_go=archiv&cs_id=2085&cs_search= HTTP/1.1" 200 11477 "-" "Mozilla/5.0 (compatible; Googlebot/2.1; +http://www.google.com/bot.html)"
66.249.78.50 - - [10/Jul/2015:20:58:24 +0200] "GET /news.php?cs_go=archiv&cs_id=3923 HTTP/1.1" 200 11477 "-" "Mozilla/5.0 (compatible; Googlebot/2.1; +http://www.google.com/bot.html)"
66.249.78.50 - - [10/Jul/2015:21:04:32 +0200] "GET /news.php?cs_go=archiv&cs_id=3923 HTTP/1.1" 200 11477 "-" "Mozilla/5.0 (compatible; Googlebot/2.1; +http://www.google.com/bot.html)"
45.55.173.106 - - [10/Jul/2015:21:02:05 +0200] "GET / HTTP/1.0" 200 16125 "-" "Mozilla/5.0 (compatible; NetcraftSurveyAgent/1.0; +info@netcraft.com)"
66.249.78.43 - - [10/Jul/2015:21:08:34 +0200] "GET /news.php?cs_go=archiv&cs_id=1764&cs_search= HTTP/1.1" 200 11477 "-" "Mozilla/5.0 (compatible; Googlebot/2.1; +http://www.google.com/bot.html)"
66.249.78.43 - - [10/Jul/2015:21:11:34 +0200] "GET /news.php?cs_go=archiv&cs_id=3923 HTTP/1.1" 200 11477 "-" "Mozilla/5.0 (compatible; Googlebot/2.1; +http://www.google.com/bot.html)"
66.249.78.43 - - [10/Jul/2015:21:15:06 +0200] "GET /news.php?cs_go=archiv&cs_id=1764&cs_search= HTTP/1.1" 200 11477 "-" "Mozilla/5.0 (compatible; Googlebot/2.1; +http://www.google.com/bot.html)"
66.249.78.36 - - [10/Jul/2015:21:21:16 +0200] "GET /news.php?cs_go=archiv&cs_id=1764&cs_search= HTTP/1.1" 200 11477 "-" "Mozilla/5.0 (compatible; Googlebot/2.1; +http://www.google.com/bot.html)"
66.249.78.112 - - [10/Jul/2015:21:34:49 +0200] "GET /js/jquery.min.js HTTP/1.1" 200 57254 "http://www.soberlin.de/news.php?cs_go=archiv&cs_id=3689&cs_search=" "Mozilla/5.0 (compatible; Googlebot/2.1; +http://www.google.com/bot.html)"
66.249.78.119 - - [10/Jul/2015:21:34:49 +0200] "GET /style.css HTTP/1.1" 200 8056 "http://www.soberlin.de/news.php?cs_go=archiv&cs_id=3689&cs_search=" "Mozilla/5.0 (compatible; Googlebot/2.1; +http://www.google.com/bot.html)"
66.249.78.112 - - [10/Jul/2015:21:34:49 +0200] "GET /js/ddaccordion.js HTTP/1.1" 200 12534 "http://www.soberlin.de/news.php?cs_go=archiv&cs_id=3689&cs_search=" "Mozilla/5.0 (compatible; Googlebot/2.1; +http://www.google.com/bot.html)"
66.249.78.119 - - [10/Jul/2015:21:34:50 +0200] "GET /js/slider.js HTTP/1.1" 200 773 "http://www.soberlin.de/news.php?cs_go=archiv&cs_id=3689&cs_search=" "Mozilla/5.0 (compatible; Googlebot/2.1; +http://www.google.com/bot.html)"
66.249.78.126 - - [10/Jul/2015:21:34:50 +0200] "GET /modul.css HTTP/1.1" 200 36485 "http://www.soberlin.de/news.php?cs_go=archiv&cs_id=3689&cs_search=" "Mozilla/5.0 (compatible; Googlebot/2.1; +http://www.google.com/bot.html)"
66.249.78.36 - - [10/Jul/2015:21:32:56 +0200] "GET /news.php?cs_go=archiv&cs_id=4828&cs_search= HTTP/1.1" 200 11477 "-" "Mozilla/5.0 (compatible; Googlebot/2.1; +http://www.google.com/bot.html)"
66.249.78.36 - - [10/Jul/2015:21:38:58 +0200] "GET /news.php?cs_go=archiv&cs_id=4828&cs_search= HTTP/1.1" 200 11477 "-" "Mozilla/5.0 (compatible; Googlebot/2.1; +http://www.google.com/bot.html)"
66.249.78.217 - - [10/Jul/2015:21:41:58 +0200] "GET /energiesparcheck.php HTTP/1.1" 200 11549 "-" "Mozilla/5.0 (iPhone; CPU iPhone OS 6_0 like Mac OS X) AppleWebKit/536.26 (KHTML, like Gecko) Version/6.0 Mobile/10A5376e Safari/8536.25 (compatible; Googlebot/2.1; +http://www.google.com/bot.html)"
66.249.78.43 - - [10/Jul/2015:21:45:26 +0200] "GET /news.php?cs_go=archiv&cs_id=4828&cs_search= HTTP/1.1" 200 11477 "-" "Mozilla/5.0 (compatible; Googlebot/2.1; +http://www.google.com/bot.html)"
66.249.78.224 - - [10/Jul/2015:21:48:33 +0200] "GET /energiesparcheck.php HTTP/1.1" 200 11549 "-" "Mozilla/5.0 (iPhone; CPU iPhone OS 6_0 like Mac OS X) AppleWebKit/536.26 (KHTML, like Gecko) Version/6.0 Mobile/10A5376e Safari/8536.25 (compatible; Googlebot/2.1; +http://www.google.com/bot.html)"
157.55.39.34 - - [10/Jul/2015:21:55:41 +0200] "GET /robots.txt HTTP/1.1" 404 1256 "-" "Mozilla/5.0 (compatible; bingbot/2.0; +http://www.bing.com/bingbot.htm)"
66.249.78.50 - - [10/Jul/2015:21:51:33 +0200] "GET /news.php?cs_go=archiv&cs_id=1861&cs_search= HTTP/1.1" 200 11477 "-" "Mozilla/5.0 (compatible; Googlebot/2.1; +http://www.google.com/bot.html)"
157.55.39.34 - - [10/Jul/2015:21:55:44 +0200] "GET /ansprechpartner.php HTTP/1.1" 200 9240 "-" "Mozilla/5.0 (compatible; bingbot/2.0; +http://www.bing.com/bingbot.htm)"
66.249.78.224 - - [10/Jul/2015:21:54:56 +0200] "GET /energiesparcheck.php HTTP/1.1" 200 11549 "-" "Mozilla/5.0 (iPhone; CPU iPhone OS 6_0 like Mac OS X) AppleWebKit/536.26 (KHTML, like Gecko) Version/6.0 Mobile/10A5376e Safari/8536.25 (compatible; Googlebot/2.1; +http://www.google.com/bot.html)"
66.249.78.50 - - [10/Jul/2015:21:58:02 +0200] "GET /news.php?cs_go=archiv&cs_id=1861&cs_search= HTTP/1.1" 200 11477 "-" "Mozilla/5.0 (compatible; Googlebot/2.1; +http://www.google.com/bot.html)"
66.249.78.36 - - [10/Jul/2015:22:04:25 +0200] "GET /news.php?cs_go=archiv&cs_id=1861&cs_search= HTTP/1.1" 200 11477 "-" "Mozilla/5.0 (compatible; Googlebot/2.1; +http://www.google.com/bot.html)"
66.249.78.135 - - [10/Jul/2015:22:16:01 +0200] "GET /robots.txt HTTP/1.1" 404 1256 "-" "Mozilla/5.0 (compatible; Googlebot/2.1; +http://www.google.com/bot.html)"
66.249.78.135 - - [10/Jul/2015:22:16:01 +0200] "GET /news.php?cs_go=archiv&cs_id=4011 HTTP/1.1" 200 11477 "-" "Mozilla/5.0 (iPhone; CPU iPhone OS 6_0 like Mac OS X) AppleWebKit/536.26 (KHTML, like Gecko) Version/6.0 Mobile/10A5376e Safari/8536.25 (compatible; Googlebot/2.1; +http://www.google.com/bot.html)"
66.249.78.135 - - [10/Jul/2015:22:22:26 +0200] "GET /news.php?cs_go=archiv&cs_id=4011 HTTP/1.1" 200 11477 "-" "Mozilla/5.0 (iPhone; CPU iPhone OS 6_0 like Mac OS X) AppleWebKit/536.26 (KHTML, like Gecko) Version/6.0 Mobile/10A5376e Safari/8536.25 (compatible; Googlebot/2.1; +http://www.google.com/bot.html)"
66.249.78.149 - - [10/Jul/2015:22:29:05 +0200] "GET /news.php?cs_go=archiv&cs_id=4011 HTTP/1.1" 200 11477 "-" "Mozilla/5.0 (iPhone; CPU iPhone OS 6_0 like Mac OS X) AppleWebKit/536.26 (KHTML, like Gecko) Version/6.0 Mobile/10A5376e Safari/8536.25 (compatible; Googlebot/2.1; +http://www.google.com/bot.html)"
66.249.78.50 - - [10/Jul/2015:22:32:05 +0200] "GET /news.php?cs_go=archiv&cs_id=4565&cs_search= HTTP/1.1" 200 11477 "-" "Mozilla/5.0 (compatible; Googlebot/2.1; +http://www.google.com/bot.html)"
66.249.78.43 - - [10/Jul/2015:22:38:43 +0200] "GET /news.php?cs_go=archiv&cs_id=4565&cs_search= HTTP/1.1" 200 11477 "-" "Mozilla/5.0 (compatible; Googlebot/2.1; +http://www.google.com/bot.html)"
