198.27.65.39 - - [07/Jul/2015:15:15:22 +0200] "GET /lexikon.php?cs_go=3&cs_id=100 HTTP/1.0" 200 11466 "-" "Mozilla/5.0 (compatible; MJ12bot/v1.4.5; http://www.majestic12.co.uk/bot.php?+)"
78.46.50.246 - - [07/Jul/2015:15:15:39 +0200] "GET /news.php?cs_go=archiv&cs_id=4913&cs_search= HTTP/1.0" 200 11477 "-" "Mozilla/5.0 (compatible; MJ12bot/v1.4.5; http://www.majestic12.co.uk/bot.php?+)"
198.27.65.39 - - [07/Jul/2015:15:16:06 +0200] "GET /lexikon.php?cs_go=3&cs_id=101 HTTP/1.0" 200 11466 "-" "Mozilla/5.0 (compatible; MJ12bot/v1.4.5; http://www.majestic12.co.uk/bot.php?+)"
78.46.50.246 - - [07/Jul/2015:15:16:24 +0200] "GET /news.php?cs_go=archiv&cs_id=4915&cs_search= HTTP/1.0" 200 11477 "-" "Mozilla/5.0 (compatible; MJ12bot/v1.4.5; http://www.majestic12.co.uk/bot.php?+)"
198.27.65.39 - - [07/Jul/2015:15:16:48 +0200] "GET /lexikon.php?cs_go=3&cs_id=102 HTTP/1.0" 200 11466 "-" "Mozilla/5.0 (compatible; MJ12bot/v1.4.5; http://www.majestic12.co.uk/bot.php?+)"
78.46.50.246 - - [07/Jul/2015:15:17:07 +0200] "GET /news.php?cs_go=archiv&cs_id=4916&cs_search= HTTP/1.0" 200 11477 "-" "Mozilla/5.0 (compatible; MJ12bot/v1.4.5; http://www.majestic12.co.uk/bot.php?+)"
198.27.65.39 - - [07/Jul/2015:15:17:30 +0200] "GET /lexikon.php?cs_go=3&cs_id=103 HTTP/1.0" 200 11466 "-" "Mozilla/5.0 (compatible; MJ12bot/v1.4.5; http://www.majestic12.co.uk/bot.php?+)"
78.46.50.246 - - [07/Jul/2015:15:17:51 +0200] "GET /news.php?cs_go=archiv&cs_id=4918&cs_search= HTTP/1.0" 200 11477 "-" "Mozilla/5.0 (compatible; MJ12bot/v1.4.5; http://www.majestic12.co.uk/bot.php?+)"
198.27.65.39 - - [07/Jul/2015:15:18:12 +0200] "GET /lexikon.php?cs_go=3&cs_id=104 HTTP/1.0" 200 11466 "-" "Mozilla/5.0 (compatible; MJ12bot/v1.4.5; http://www.majestic12.co.uk/bot.php?+)"
78.46.50.246 - - [07/Jul/2015:15:18:37 +0200] "GET /news.php?cs_go=archiv&cs_id=4919&cs_search= HTTP/1.0" 200 11477 "-" "Mozilla/5.0 (compatible; MJ12bot/v1.4.5; http://www.majestic12.co.uk/bot.php?+)"
198.27.65.39 - - [07/Jul/2015:15:18:54 +0200] "GET /lexikon.php?cs_go=3&cs_id=105 HTTP/1.0" 200 11466 "-" "Mozilla/5.0 (compatible; MJ12bot/v1.4.5; http://www.majestic12.co.uk/bot.php?+)"
78.46.50.246 - - [07/Jul/2015:15:19:21 +0200] "GET /news.php?cs_go=archiv&cs_id=4921 HTTP/1.0" 200 11477 "-" "Mozilla/5.0 (compatible; MJ12bot/v1.4.5; http://www.majestic12.co.uk/bot.php?+)"
198.27.65.39 - - [07/Jul/2015:15:19:36 +0200] "GET /lexikon.php?cs_go=3&cs_id=106 HTTP/1.0" 200 11466 "-" "Mozilla/5.0 (compatible; MJ12bot/v1.4.5; http://www.majestic12.co.uk/bot.php?+)"
78.46.50.246 - - [07/Jul/2015:15:20:10 +0200] "GET /news.php?cs_go=archiv&cs_id=4930 HTTP/1.0" 200 11477 "-" "Mozilla/5.0 (compatible; MJ12bot/v1.4.5; http://www.majestic12.co.uk/bot.php?+)"
198.27.65.39 - - [07/Jul/2015:15:20:18 +0200] "GET /lexikon.php?cs_go=3&cs_id=107 HTTP/1.0" 200 11466 "-" "Mozilla/5.0 (compatible; MJ12bot/v1.4.5; http://www.majestic12.co.uk/bot.php?+)"
157.55.39.189 - - [07/Jul/2015:15:23:40 +0200] "GET /tankanlagen.php HTTP/1.1" 200 9266 "-" "Mozilla/5.0 (compatible; bingbot/2.0; +http://www.bing.com/bingbot.htm)"
78.46.50.246 - - [07/Jul/2015:15:20:55 +0200] "GET /news.php?cs_go=archiv&cs_id=4934 HTTP/1.0" 200 11477 "-" "Mozilla/5.0 (compatible; MJ12bot/v1.4.5; http://www.majestic12.co.uk/bot.php?+)"
198.27.65.39 - - [07/Jul/2015:15:21:00 +0200] "GET /lexikon.php?cs_go=3&cs_id=108 HTTP/1.0" 200 11466 "-" "Mozilla/5.0 (compatible; MJ12bot/v1.4.5; http://www.majestic12.co.uk/bot.php?+)"
78.46.50.246 - - [07/Jul/2015:15:21:37 +0200] "GET /news.php?cs_go=archiv&cs_id=4939 HTTP/1.0" 200 11477 "-" "Mozilla/5.0 (compatible; MJ12bot/v1.4.5; http://www.majestic12.co.uk/bot.php?+)"
198.27.65.39 - - [07/Jul/2015:15:21:42 +0200] "GET /lexikon.php?cs_go=3&cs_id=109 HTTP/1.0" 200 11466 "-" "Mozilla/5.0 (compatible; MJ12bot/v1.4.5; http://www.majestic12.co.uk/bot.php?+)"
78.46.50.246 - - [07/Jul/2015:15:22:22 +0200] "GET /news.php?cs_go=archiv&cs_id=5108 HTTP/1.0" 200 11477 "-" "Mozilla/5.0 (compatible; MJ12bot/v1.4.5; http://www.majestic12.co.uk/bot.php?+)"
198.27.65.39 - - [07/Jul/2015:15:22:24 +0200] "GET /lexikon.php?cs_go=3&cs_id=11 HTTP/1.0" 200 11466 "-" "Mozilla/5.0 (compatible; MJ12bot/v1.4.5; http://www.majestic12.co.uk/bot.php?+)"
198.27.65.39 - - [07/Jul/2015:15:23:06 +0200] "GET /lexikon.php?cs_go=3&cs_id=110 HTTP/1.0" 200 11466 "-" "Mozilla/5.0 (compatible; MJ12bot/v1.4.5; http://www.majestic12.co.uk/bot.php?+)"
78.46.50.246 - - [07/Jul/2015:15:23:09 +0200] "GET /news.php?cs_go=archiv&cs_id=5181 HTTP/1.0" 200 11477 "-" "Mozilla/5.0 (compatible; MJ12bot/v1.4.5; http://www.majestic12.co.uk/bot.php?+)"
198.27.65.39 - - [07/Jul/2015:15:23:48 +0200] "GET /lexikon.php?cs_go=3&cs_id=111 HTTP/1.0" 200 11466 "-" "Mozilla/5.0 (compatible; MJ12bot/v1.4.5; http://www.majestic12.co.uk/bot.php?+)"
78.46.50.246 - - [07/Jul/2015:15:23:51 +0200] "GET /news.php?cs_go=archiv&cs_id=5187 HTTP/1.0" 200 11477 "-" "Mozilla/5.0 (compatible; MJ12bot/v1.4.5; http://www.majestic12.co.uk/bot.php?+)"
198.27.65.39 - - [07/Jul/2015:15:24:30 +0200] "GET /lexikon.php?cs_go=3&cs_id=112 HTTP/1.0" 200 11466 "-" "Mozilla/5.0 (compatible; MJ12bot/v1.4.5; http://www.majestic12.co.uk/bot.php?+)"
78.46.50.246 - - [07/Jul/2015:15:24:35 +0200] "GET /news.php?cs_go=archiv&cs_id=5190 HTTP/1.0" 200 11477 "-" "Mozilla/5.0 (compatible; MJ12bot/v1.4.5; http://www.majestic12.co.uk/bot.php?+)"
198.27.65.39 - - [07/Jul/2015:15:25:12 +0200] "GET /lexikon.php?cs_go=3&cs_id=113 HTTP/1.0" 200 11466 "-" "Mozilla/5.0 (compatible; MJ12bot/v1.4.5; http://www.majestic12.co.uk/bot.php?+)"
78.46.50.246 - - [07/Jul/2015:15:25:21 +0200] "GET /news.php?cs_go=archiv&cs_id=5193 HTTP/1.0" 200 11477 "-" "Mozilla/5.0 (compatible; MJ12bot/v1.4.5; http://www.majestic12.co.uk/bot.php?+)"
198.27.65.39 - - [07/Jul/2015:15:25:55 +0200] "GET /lexikon.php?cs_go=3&cs_id=114 HTTP/1.0" 200 11466 "-" "Mozilla/5.0 (compatible; MJ12bot/v1.4.5; http://www.majestic12.co.uk/bot.php?+)"
78.46.50.246 - - [07/Jul/2015:15:26:06 +0200] "GET /news.php?cs_go=archiv&cs_id=5194 HTTP/1.0" 200 11477 "-" "Mozilla/5.0 (compatible; MJ12bot/v1.4.5; http://www.majestic12.co.uk/bot.php?+)"
198.27.65.39 - - [07/Jul/2015:15:26:37 +0200] "GET /lexikon.php?cs_go=3&cs_id=115 HTTP/1.0" 200 11466 "-" "Mozilla/5.0 (compatible; MJ12bot/v1.4.5; http://www.majestic12.co.uk/bot.php?+)"
78.46.50.246 - - [07/Jul/2015:15:26:50 +0200] "GET /news.php?cs_go=archiv&cs_id=5273 HTTP/1.0" 200 11477 "-" "Mozilla/5.0 (compatible; MJ12bot/v1.4.5; http://www.majestic12.co.uk/bot.php?+)"
198.27.65.39 - - [07/Jul/2015:15:27:19 +0200] "GET /lexikon.php?cs_go=3&cs_id=116 HTTP/1.0" 200 11466 "-" "Mozilla/5.0 (compatible; MJ12bot/v1.4.5; http://www.majestic12.co.uk/bot.php?+)"
78.46.50.246 - - [07/Jul/2015:15:27:32 +0200] "GET /news.php?cs_go=archiv&cs_id=5273&cs_search= HTTP/1.0" 200 11477 "-" "Mozilla/5.0 (compatible; MJ12bot/v1.4.5; http://www.majestic12.co.uk/bot.php?+)"
198.27.65.39 - - [07/Jul/2015:15:28:01 +0200] "GET /lexikon.php?cs_go=3&cs_id=117 HTTP/1.0" 200 11466 "-" "Mozilla/5.0 (compatible; MJ12bot/v1.4.5; http://www.majestic12.co.uk/bot.php?+)"
78.46.50.246 - - [07/Jul/2015:15:28:16 +0200] "GET /news.php?cs_go=archiv&cs_id=5363&cs_search= HTTP/1.0" 200 11477 "-" "Mozilla/5.0 (compatible; MJ12bot/v1.4.5; http://www.majestic12.co.uk/bot.php?+)"
198.27.65.39 - - [07/Jul/2015:15:28:43 +0200] "GET /lexikon.php?cs_go=3&cs_id=118 HTTP/1.0" 200 11466 "-" "Mozilla/5.0 (compatible; MJ12bot/v1.4.5; http://www.majestic12.co.uk/bot.php?+)"
78.46.50.246 - - [07/Jul/2015:15:29:01 +0200] "GET /news.php?cs_go=archiv&cs_id=5377 HTTP/1.0" 200 11477 "-" "Mozilla/5.0 (compatible; MJ12bot/v1.4.5; http://www.majestic12.co.uk/bot.php?+)"
66.249.78.135 - - [07/Jul/2015:15:29:08 +0200] "GET /lexikon.php?cs_go=3&cs_id=185 HTTP/1.1" 200 11466 "-" "Mozilla/5.0 (compatible; Googlebot/2.1; +http://www.google.com/bot.html)"
198.27.65.39 - - [07/Jul/2015:15:29:25 +0200] "GET /lexikon.php?cs_go=3&cs_id=119 HTTP/1.0" 200 11466 "-" "Mozilla/5.0 (compatible; MJ12bot/v1.4.5; http://www.majestic12.co.uk/bot.php?+)"
78.46.50.246 - - [07/Jul/2015:15:29:46 +0200] "GET /news.php?cs_go=archiv&cs_startpos=81 HTTP/1.0" 200 11477 "-" "Mozilla/5.0 (compatible; MJ12bot/v1.4.5; http://www.majestic12.co.uk/bot.php?+)"
198.27.65.39 - - [07/Jul/2015:15:30:08 +0200] "GET /lexikon.php?cs_go=3&cs_id=12 HTTP/1.0" 200 11466 "-" "Mozilla/5.0 (compatible; MJ12bot/v1.4.5; http://www.majestic12.co.uk/bot.php?+)"
78.46.50.246 - - [07/Jul/2015:15:30:29 +0200] "GET /news.php?cs_go=archiv&cs_startpos=91 HTTP/1.0" 200 11477 "-" "Mozilla/5.0 (compatible; MJ12bot/v1.4.5; http://www.majestic12.co.uk/bot.php?+)"
198.27.65.39 - - [07/Jul/2015:15:30:50 +0200] "GET /lexikon.php?cs_go=3&cs_id=120 HTTP/1.0" 200 11466 "-" "Mozilla/5.0 (compatible; MJ12bot/v1.4.5; http://www.majestic12.co.uk/bot.php?+)"
198.27.65.39 - - [07/Jul/2015:15:31:32 +0200] "GET /lexikon.php?cs_go=3&cs_id=121 HTTP/1.0" 200 11466 "-" "Mozilla/5.0 (compatible; MJ12bot/v1.4.5; http://www.majestic12.co.uk/bot.php?+)"
198.27.65.39 - - [07/Jul/2015:15:32:14 +0200] "GET /lexikon.php?cs_go=3&cs_id=122 HTTP/1.0" 200 11466 "-" "Mozilla/5.0 (compatible; MJ12bot/v1.4.5; http://www.majestic12.co.uk/bot.php?+)"
198.27.65.39 - - [07/Jul/2015:15:32:56 +0200] "GET /lexikon.php?cs_go=3&cs_id=123 HTTP/1.0" 200 11466 "-" "Mozilla/5.0 (compatible; MJ12bot/v1.4.5; http://www.majestic12.co.uk/bot.php?+)"
198.27.65.39 - - [07/Jul/2015:15:33:38 +0200] "GET /lexikon.php?cs_go=3&cs_id=124 HTTP/1.0" 200 11466 "-" "Mozilla/5.0 (compatible; MJ12bot/v1.4.5; http://www.majestic12.co.uk/bot.php?+)"
198.27.65.39 - - [07/Jul/2015:15:34:20 +0200] "GET /lexikon.php?cs_go=3&cs_id=125 HTTP/1.0" 200 11466 "-" "Mozilla/5.0 (compatible; MJ12bot/v1.4.5; http://www.majestic12.co.uk/bot.php?+)"
198.27.65.39 - - [07/Jul/2015:15:35:02 +0200] "GET /lexikon.php?cs_go=3&cs_id=126 HTTP/1.0" 200 11466 "-" "Mozilla/5.0 (compatible; MJ12bot/v1.4.5; http://www.majestic12.co.uk/bot.php?+)"
66.249.78.135 - - [07/Jul/2015:15:35:15 +0200] "GET /lexikon.php?cs_go=3&cs_id=185 HTTP/1.1" 200 11466 "-" "Mozilla/5.0 (compatible; Googlebot/2.1; +http://www.google.com/bot.html)"
198.27.65.39 - - [07/Jul/2015:15:35:44 +0200] "GET /lexikon.php?cs_go=3&cs_id=127 HTTP/1.0" 200 11466 "-" "Mozilla/5.0 (compatible; MJ12bot/v1.4.5; http://www.majestic12.co.uk/bot.php?+)"
198.27.65.39 - - [07/Jul/2015:15:36:26 +0200] "GET /lexikon.php?cs_go=3&cs_id=128 HTTP/1.0" 200 11466 "-" "Mozilla/5.0 (compatible; MJ12bot/v1.4.5; http://www.majestic12.co.uk/bot.php?+)"
198.27.65.39 - - [07/Jul/2015:15:37:08 +0200] "GET /lexikon.php?cs_go=3&cs_id=129 HTTP/1.0" 200 11466 "-" "Mozilla/5.0 (compatible; MJ12bot/v1.4.5; http://www.majestic12.co.uk/bot.php?+)"
198.27.65.39 - - [07/Jul/2015:15:37:50 +0200] "GET /lexikon.php?cs_go=3&cs_id=13 HTTP/1.0" 200 11466 "-" "Mozilla/5.0 (compatible; MJ12bot/v1.4.5; http://www.majestic12.co.uk/bot.php?+)"
198.27.65.39 - - [07/Jul/2015:15:38:32 +0200] "GET /lexikon.php?cs_go=3&cs_id=130 HTTP/1.0" 200 11466 "-" "Mozilla/5.0 (compatible; MJ12bot/v1.4.5; http://www.majestic12.co.uk/bot.php?+)"
198.27.65.39 - - [07/Jul/2015:15:39:14 +0200] "GET /lexikon.php?cs_go=3&cs_id=131 HTTP/1.0" 200 11466 "-" "Mozilla/5.0 (compatible; MJ12bot/v1.4.5; http://www.majestic12.co.uk/bot.php?+)"
198.27.65.39 - - [07/Jul/2015:15:39:56 +0200] "GET /lexikon.php?cs_go=3&cs_id=132 HTTP/1.0" 200 11466 "-" "Mozilla/5.0 (compatible; MJ12bot/v1.4.5; http://www.majestic12.co.uk/bot.php?+)"
198.27.65.39 - - [07/Jul/2015:15:40:38 +0200] "GET /lexikon.php?cs_go=3&cs_id=133 HTTP/1.0" 200 11466 "-" "Mozilla/5.0 (compatible; MJ12bot/v1.4.5; http://www.majestic12.co.uk/bot.php?+)"
66.249.78.135 - - [07/Jul/2015:15:41:16 +0200] "GET /lexikon.php?cs_go=3&cs_id=185 HTTP/1.1" 200 11466 "-" "Mozilla/5.0 (compatible; Googlebot/2.1; +http://www.google.com/bot.html)"
198.27.65.39 - - [07/Jul/2015:15:41:20 +0200] "GET /lexikon.php?cs_go=3&cs_id=135 HTTP/1.0" 200 11466 "-" "Mozilla/5.0 (compatible; MJ12bot/v1.4.5; http://www.majestic12.co.uk/bot.php?+)"
198.27.65.39 - - [07/Jul/2015:15:42:02 +0200] "GET /lexikon.php?cs_go=3&cs_id=136 HTTP/1.0" 200 11466 "-" "Mozilla/5.0 (compatible; MJ12bot/v1.4.5; http://www.majestic12.co.uk/bot.php?+)"
198.27.65.39 - - [07/Jul/2015:15:42:44 +0200] "GET /lexikon.php?cs_go=3&cs_id=137 HTTP/1.0" 200 11466 "-" "Mozilla/5.0 (compatible; MJ12bot/v1.4.5; http://www.majestic12.co.uk/bot.php?+)"
198.27.65.39 - - [07/Jul/2015:15:43:27 +0200] "GET /lexikon.php?cs_go=3&cs_id=138 HTTP/1.0" 200 11466 "-" "Mozilla/5.0 (compatible; MJ12bot/v1.4.5; http://www.majestic12.co.uk/bot.php?+)"
198.27.65.39 - - [07/Jul/2015:15:44:09 +0200] "GET /lexikon.php?cs_go=3&cs_id=139 HTTP/1.0" 200 11466 "-" "Mozilla/5.0 (compatible; MJ12bot/v1.4.5; http://www.majestic12.co.uk/bot.php?+)"
66.249.67.22 - - [07/Jul/2015:15:44:16 +0200] "GET /news.php?cs_go=archiv&cs_id=4474 HTTP/1.1" 200 11477 "-" "Mozilla/5.0 (compatible; Googlebot/2.1; +http://www.google.com/bot.html)"
198.27.65.39 - - [07/Jul/2015:15:44:30 +0200] "GET /lexikon.php?cs_go=3&cs_id=14 HTTP/1.0" 200 11466 "-" "Mozilla/5.0 (compatible; MJ12bot/v1.4.5; http://www.majestic12.co.uk/bot.php?+)"
198.27.65.39 - - [07/Jul/2015:15:44:52 +0200] "GET /lexikon.php?cs_go=3&cs_id=140 HTTP/1.0" 200 11466 "-" "Mozilla/5.0 (compatible; MJ12bot/v1.4.5; http://www.majestic12.co.uk/bot.php?+)"
198.27.65.39 - - [07/Jul/2015:15:45:13 +0200] "GET /lexikon.php?cs_go=3&cs_id=141 HTTP/1.0" 200 11466 "-" "Mozilla/5.0 (compatible; MJ12bot/v1.4.5; http://www.majestic12.co.uk/bot.php?+)"
198.27.65.39 - - [07/Jul/2015:15:45:34 +0200] "GET /lexikon.php?cs_go=3&cs_id=142 HTTP/1.0" 200 11466 "-" "Mozilla/5.0 (compatible; MJ12bot/v1.4.5; http://www.majestic12.co.uk/bot.php?+)"
198.27.65.39 - - [07/Jul/2015:15:45:56 +0200] "GET /lexikon.php?cs_go=3&cs_id=143 HTTP/1.0" 200 11466 "-" "Mozilla/5.0 (compatible; MJ12bot/v1.4.5; http://www.majestic12.co.uk/bot.php?+)"
198.27.65.39 - - [07/Jul/2015:15:46:18 +0200] "GET /lexikon.php?cs_go=3&cs_id=144 HTTP/1.0" 200 11466 "-" "Mozilla/5.0 (compatible; MJ12bot/v1.4.5; http://www.majestic12.co.uk/bot.php?+)"
198.27.65.39 - - [07/Jul/2015:15:46:39 +0200] "GET /lexikon.php?cs_go=3&cs_id=145 HTTP/1.0" 200 11466 "-" "Mozilla/5.0 (compatible; MJ12bot/v1.4.5; http://www.majestic12.co.uk/bot.php?+)"
198.27.65.39 - - [07/Jul/2015:15:47:01 +0200] "GET /lexikon.php?cs_go=3&cs_id=146 HTTP/1.0" 200 11466 "-" "Mozilla/5.0 (compatible; MJ12bot/v1.4.5; http://www.majestic12.co.uk/bot.php?+)"
198.27.65.39 - - [07/Jul/2015:15:47:22 +0200] "GET /lexikon.php?cs_go=3&cs_id=148 HTTP/1.0" 200 11466 "-" "Mozilla/5.0 (compatible; MJ12bot/v1.4.5; http://www.majestic12.co.uk/bot.php?+)"
198.27.65.39 - - [07/Jul/2015:15:47:44 +0200] "GET /lexikon.php?cs_go=3&cs_id=15 HTTP/1.0" 200 11466 "-" "Mozilla/5.0 (compatible; MJ12bot/v1.4.5; http://www.majestic12.co.uk/bot.php?+)"
198.27.65.39 - - [07/Jul/2015:15:48:05 +0200] "GET /lexikon.php?cs_go=3&cs_id=150 HTTP/1.0" 200 11466 "-" "Mozilla/5.0 (compatible; MJ12bot/v1.4.5; http://www.majestic12.co.uk/bot.php?+)"
198.27.65.39 - - [07/Jul/2015:15:48:27 +0200] "GET /lexikon.php?cs_go=3&cs_id=151 HTTP/1.0" 200 11466 "-" "Mozilla/5.0 (compatible; MJ12bot/v1.4.5; http://www.majestic12.co.uk/bot.php?+)"
198.27.65.39 - - [07/Jul/2015:15:48:48 +0200] "GET /lexikon.php?cs_go=3&cs_id=152 HTTP/1.0" 200 11466 "-" "Mozilla/5.0 (compatible; MJ12bot/v1.4.5; http://www.majestic12.co.uk/bot.php?+)"
198.27.65.39 - - [07/Jul/2015:15:49:10 +0200] "GET /lexikon.php?cs_go=3&cs_id=153 HTTP/1.0" 200 11466 "-" "Mozilla/5.0 (compatible; MJ12bot/v1.4.5; http://www.majestic12.co.uk/bot.php?+)"
198.27.65.39 - - [07/Jul/2015:15:49:31 +0200] "GET /lexikon.php?cs_go=3&cs_id=154 HTTP/1.0" 200 11466 "-" "Mozilla/5.0 (compatible; MJ12bot/v1.4.5; http://www.majestic12.co.uk/bot.php?+)"
198.27.65.39 - - [07/Jul/2015:15:49:54 +0200] "GET /lexikon.php?cs_go=3&cs_id=155 HTTP/1.0" 200 11466 "-" "Mozilla/5.0 (compatible; MJ12bot/v1.4.5; http://www.majestic12.co.uk/bot.php?+)"
66.249.78.149 - - [07/Jul/2015:15:50:13 +0200] "GET /news.php?cs_go=archiv&cs_id=4011 HTTP/1.1" 200 11477 "-" "Mozilla/5.0 (iPhone; CPU iPhone OS 6_0 like Mac OS X) AppleWebKit/536.26 (KHTML, like Gecko) Version/6.0 Mobile/10A5376e Safari/8536.25 (compatible; Googlebot/2.1; +http://www.google.com/bot.html)"
198.27.65.39 - - [07/Jul/2015:15:50:15 +0200] "GET /lexikon.php?cs_go=3&cs_id=156 HTTP/1.0" 200 11466 "-" "Mozilla/5.0 (compatible; MJ12bot/v1.4.5; http://www.majestic12.co.uk/bot.php?+)"
198.27.65.39 - - [07/Jul/2015:15:50:36 +0200] "GET /lexikon.php?cs_go=3&cs_id=157 HTTP/1.0" 200 11466 "-" "Mozilla/5.0 (compatible; MJ12bot/v1.4.5; http://www.majestic12.co.uk/bot.php?+)"
198.27.65.39 - - [07/Jul/2015:15:50:58 +0200] "GET /lexikon.php?cs_go=3&cs_id=158 HTTP/1.0" 200 11466 "-" "Mozilla/5.0 (compatible; MJ12bot/v1.4.5; http://www.majestic12.co.uk/bot.php?+)"
198.27.65.39 - - [07/Jul/2015:15:51:19 +0200] "GET /lexikon.php?cs_go=3&cs_id=159 HTTP/1.0" 200 11466 "-" "Mozilla/5.0 (compatible; MJ12bot/v1.4.5; http://www.majestic12.co.uk/bot.php?+)"
198.27.65.39 - - [07/Jul/2015:15:51:41 +0200] "GET /lexikon.php?cs_go=3&cs_id=16 HTTP/1.0" 200 11466 "-" "Mozilla/5.0 (compatible; MJ12bot/v1.4.5; http://www.majestic12.co.uk/bot.php?+)"
198.27.65.39 - - [07/Jul/2015:15:52:03 +0200] "GET /lexikon.php?cs_go=3&cs_id=161 HTTP/1.0" 200 11466 "-" "Mozilla/5.0 (compatible; MJ12bot/v1.4.5; http://www.majestic12.co.uk/bot.php?+)"
198.27.65.39 - - [07/Jul/2015:15:52:24 +0200] "GET /lexikon.php?cs_go=3&cs_id=162 HTTP/1.0" 200 11466 "-" "Mozilla/5.0 (compatible; MJ12bot/v1.4.5; http://www.majestic12.co.uk/bot.php?+)"
198.27.65.39 - - [07/Jul/2015:15:52:46 +0200] "GET /lexikon.php?cs_go=3&cs_id=166 HTTP/1.0" 200 11466 "-" "Mozilla/5.0 (compatible; MJ12bot/v1.4.5; http://www.majestic12.co.uk/bot.php?+)"
198.27.65.39 - - [07/Jul/2015:15:53:07 +0200] "GET /lexikon.php?cs_go=3&cs_id=168 HTTP/1.0" 200 11466 "-" "Mozilla/5.0 (compatible; MJ12bot/v1.4.5; http://www.majestic12.co.uk/bot.php?+)"
66.249.78.50 - - [07/Jul/2015:15:53:13 +0200] "GET / HTTP/1.1" 200 15920 "-" "Mozilla/5.0 (compatible; Googlebot/2.1; +http://www.google.com/bot.html)"
198.27.65.39 - - [07/Jul/2015:15:53:29 +0200] "GET /lexikon.php?cs_go=3&cs_id=17 HTTP/1.0" 200 11466 "-" "Mozilla/5.0 (compatible; MJ12bot/v1.4.5; http://www.majestic12.co.uk/bot.php?+)"
198.27.65.39 - - [07/Jul/2015:15:53:50 +0200] "GET /lexikon.php?cs_go=3&cs_id=171 HTTP/1.0" 200 11466 "-" "Mozilla/5.0 (compatible; MJ12bot/v1.4.5; http://www.majestic12.co.uk/bot.php?+)"
198.27.65.39 - - [07/Jul/2015:15:54:12 +0200] "GET /lexikon.php?cs_go=3&cs_id=172 HTTP/1.0" 200 11466 "-" "Mozilla/5.0 (compatible; MJ12bot/v1.4.5; http://www.majestic12.co.uk/bot.php?+)"
198.27.65.39 - - [07/Jul/2015:15:54:33 +0200] "GET /lexikon.php?cs_go=3&cs_id=173 HTTP/1.0" 200 11466 "-" "Mozilla/5.0 (compatible; MJ12bot/v1.4.5; http://www.majestic12.co.uk/bot.php?+)"
208.115.111.72 - - [07/Jul/2015:16:01:04 +0200] "GET /robots.txt HTTP/1.1" 404 1256 "-" "Mozilla/5.0 (compatible; DotBot/1.1; http://www.opensiteexplorer.org/dotbot, help@moz.com)"
198.27.65.39 - - [07/Jul/2015:15:54:55 +0200] "GET /lexikon.php?cs_go=3&cs_id=174 HTTP/1.0" 200 11466 "-" "Mozilla/5.0 (compatible; MJ12bot/v1.4.5; http://www.majestic12.co.uk/bot.php?+)"
198.27.65.39 - - [07/Jul/2015:15:55:17 +0200] "GET /lexikon.php?cs_go=3&cs_id=175 HTTP/1.0" 200 11466 "-" "Mozilla/5.0 (compatible; MJ12bot/v1.4.5; http://www.majestic12.co.uk/bot.php?+)"
198.27.65.39 - - [07/Jul/2015:15:55:38 +0200] "GET /lexikon.php?cs_go=3&cs_id=176 HTTP/1.0" 200 11466 "-" "Mozilla/5.0 (compatible; MJ12bot/v1.4.5; http://www.majestic12.co.uk/bot.php?+)"
198.27.65.39 - - [07/Jul/2015:15:55:59 +0200] "GET /lexikon.php?cs_go=3&cs_id=177 HTTP/1.0" 200 11466 "-" "Mozilla/5.0 (compatible; MJ12bot/v1.4.5; http://www.majestic12.co.uk/bot.php?+)"
198.27.65.39 - - [07/Jul/2015:15:56:21 +0200] "GET /lexikon.php?cs_go=3&cs_id=178 HTTP/1.0" 200 11466 "-" "Mozilla/5.0 (compatible; MJ12bot/v1.4.5; http://www.majestic12.co.uk/bot.php?+)"
198.27.65.39 - - [07/Jul/2015:15:56:42 +0200] "GET /lexikon.php?cs_go=3&cs_id=179 HTTP/1.0" 200 11466 "-" "Mozilla/5.0 (compatible; MJ12bot/v1.4.5; http://www.majestic12.co.uk/bot.php?+)"
66.249.78.149 - - [07/Jul/2015:15:56:43 +0200] "GET /news.php?cs_go=archiv&cs_id=4011 HTTP/1.1" 200 11477 "-" "Mozilla/5.0 (iPhone; CPU iPhone OS 6_0 like Mac OS X) AppleWebKit/536.26 (KHTML, like Gecko) Version/6.0 Mobile/10A5376e Safari/8536.25 (compatible; Googlebot/2.1; +http://www.google.com/bot.html)"
198.27.65.39 - - [07/Jul/2015:15:57:04 +0200] "GET /lexikon.php?cs_go=3&cs_id=18 HTTP/1.0" 200 11466 "-" "Mozilla/5.0 (compatible; MJ12bot/v1.4.5; http://www.majestic12.co.uk/bot.php?+)"
198.27.65.39 - - [07/Jul/2015:15:57:25 +0200] "GET /lexikon.php?cs_go=3&cs_id=180 HTTP/1.0" 200 11466 "-" "Mozilla/5.0 (compatible; MJ12bot/v1.4.5; http://www.majestic12.co.uk/bot.php?+)"
198.27.65.39 - - [07/Jul/2015:15:57:46 +0200] "GET /lexikon.php?cs_go=3&cs_id=181 HTTP/1.0" 200 11466 "-" "Mozilla/5.0 (compatible; MJ12bot/v1.4.5; http://www.majestic12.co.uk/bot.php?+)"
198.27.65.39 - - [07/Jul/2015:15:58:08 +0200] "GET /lexikon.php?cs_go=3&cs_id=182 HTTP/1.0" 200 11466 "-" "Mozilla/5.0 (compatible; MJ12bot/v1.4.5; http://www.majestic12.co.uk/bot.php?+)"
198.27.65.39 - - [07/Jul/2015:15:58:30 +0200] "GET /lexikon.php?cs_go=3&cs_id=183 HTTP/1.0" 200 11466 "-" "Mozilla/5.0 (compatible; MJ12bot/v1.4.5; http://www.majestic12.co.uk/bot.php?+)"
198.27.65.39 - - [07/Jul/2015:15:58:51 +0200] "GET /lexikon.php?cs_go=3&cs_id=184 HTTP/1.0" 200 11466 "-" "Mozilla/5.0 (compatible; MJ12bot/v1.4.5; http://www.majestic12.co.uk/bot.php?+)"
198.27.65.39 - - [07/Jul/2015:15:59:13 +0200] "GET /lexikon.php?cs_go=3&cs_id=185 HTTP/1.0" 200 11466 "-" "Mozilla/5.0 (compatible; MJ12bot/v1.4.5; http://www.majestic12.co.uk/bot.php?+)"
198.27.65.39 - - [07/Jul/2015:15:59:34 +0200] "GET /lexikon.php?cs_go=3&cs_id=186 HTTP/1.0" 200 11466 "-" "Mozilla/5.0 (compatible; MJ12bot/v1.4.5; http://www.majestic12.co.uk/bot.php?+)"
66.249.78.50 - - [07/Jul/2015:15:59:43 +0200] "GET /news.php?cs_go=archiv&cs_id=4474 HTTP/1.1" 200 11477 "-" "Mozilla/5.0 (compatible; Googlebot/2.1; +http://www.google.com/bot.html)"
198.27.65.39 - - [07/Jul/2015:15:59:55 +0200] "GET /lexikon.php?cs_go=3&cs_id=94 HTTP/1.0" 200 11466 "-" "Mozilla/5.0 (compatible; MJ12bot/v1.4.5; http://www.majestic12.co.uk/bot.php?+)"
198.27.65.39 - - [07/Jul/2015:16:00:18 +0200] "GET /lexikon.php?cs_go=3&cs_id=96 HTTP/1.0" 200 11466 "-" "Mozilla/5.0 (compatible; MJ12bot/v1.4.5; http://www.majestic12.co.uk/bot.php?+)"
198.27.65.39 - - [07/Jul/2015:16:00:38 +0200] "GET /lexikon.php?cs_go=3&cs_id=97 HTTP/1.0" 200 11466 "-" "Mozilla/5.0 (compatible; MJ12bot/v1.4.5; http://www.majestic12.co.uk/bot.php?+)"
198.27.65.39 - - [07/Jul/2015:16:01:00 +0200] "GET /lexikon.php?cs_go=3&cs_id=98 HTTP/1.0" 200 11466 "-" "Mozilla/5.0 (compatible; MJ12bot/v1.4.5; http://www.majestic12.co.uk/bot.php?+)"
198.27.65.39 - - [07/Jul/2015:16:01:21 +0200] "GET /news.php?cs_go=archiv HTTP/1.0" 200 11477 "-" "Mozilla/5.0 (compatible; MJ12bot/v1.4.5; http://www.majestic12.co.uk/bot.php?+)"
198.27.65.39 - - [07/Jul/2015:16:01:42 +0200] "GET /news.php?cs_go=archiv&cs_id=5156&cs_search= HTTP/1.0" 200 11477 "-" "Mozilla/5.0 (compatible; MJ12bot/v1.4.5; http://www.majestic12.co.uk/bot.php?+)"
198.27.65.39 - - [07/Jul/2015:16:02:04 +0200] "GET /news.php?cs_go=archiv&cs_id=5158&cs_search= HTTP/1.0" 200 11477 "-" "Mozilla/5.0 (compatible; MJ12bot/v1.4.5; http://www.majestic12.co.uk/bot.php?+)"
198.27.65.39 - - [07/Jul/2015:16:02:26 +0200] "GET /news.php?cs_go=archiv&cs_id=5159&cs_search= HTTP/1.0" 200 11477 "-" "Mozilla/5.0 (compatible; MJ12bot/v1.4.5; http://www.majestic12.co.uk/bot.php?+)"
66.249.78.50 - - [07/Jul/2015:16:02:43 +0200] "GET /news.php?cs_go=archiv&cs_id=4133 HTTP/1.1" 200 11477 "-" "Mozilla/5.0 (compatible; Googlebot/2.1; +http://www.google.com/bot.html)"
198.27.65.39 - - [07/Jul/2015:16:02:47 +0200] "GET /news.php?cs_go=archiv&cs_id=5161&cs_search= HTTP/1.0" 200 11477 "-" "Mozilla/5.0 (compatible; MJ12bot/v1.4.5; http://www.majestic12.co.uk/bot.php?+)"
198.27.65.39 - - [07/Jul/2015:16:03:08 +0200] "GET /news.php?cs_go=archiv&cs_id=5162&cs_search= HTTP/1.0" 200 11477 "-" "Mozilla/5.0 (compatible; MJ12bot/v1.4.5; http://www.majestic12.co.uk/bot.php?+)"
198.27.65.39 - - [07/Jul/2015:16:03:30 +0200] "GET /news.php?cs_go=archiv&cs_id=5163&cs_search= HTTP/1.0" 200 11477 "-" "Mozilla/5.0 (compatible; MJ12bot/v1.4.5; http://www.majestic12.co.uk/bot.php?+)"
198.27.65.39 - - [07/Jul/2015:16:03:51 +0200] "GET /news.php?cs_go=archiv&cs_id=5164&cs_search= HTTP/1.0" 200 11477 "-" "Mozilla/5.0 (compatible; MJ12bot/v1.4.5; http://www.majestic12.co.uk/bot.php?+)"
198.27.65.39 - - [07/Jul/2015:16:04:13 +0200] "GET /news.php?cs_go=archiv&cs_id=5166&cs_search= HTTP/1.0" 200 11477 "-" "Mozilla/5.0 (compatible; MJ12bot/v1.4.5; http://www.majestic12.co.uk/bot.php?+)"
198.27.65.39 - - [07/Jul/2015:16:04:34 +0200] "GET /news.php?cs_go=archiv&cs_id=5168&cs_search= HTTP/1.0" 200 11477 "-" "Mozilla/5.0 (compatible; MJ12bot/v1.4.5; http://www.majestic12.co.uk/bot.php?+)"
198.27.65.39 - - [07/Jul/2015:16:04:56 +0200] "GET /news.php?cs_go=archiv&cs_id=5169&cs_search= HTTP/1.0" 200 11477 "-" "Mozilla/5.0 (compatible; MJ12bot/v1.4.5; http://www.majestic12.co.uk/bot.php?+)"
198.27.65.39 - - [07/Jul/2015:16:05:18 +0200] "GET /news.php?cs_go=archiv&cs_id=5172&cs_search= HTTP/1.0" 200 11477 "-" "Mozilla/5.0 (compatible; MJ12bot/v1.4.5; http://www.majestic12.co.uk/bot.php?+)"
198.27.65.39 - - [07/Jul/2015:16:05:39 +0200] "GET /news.php?cs_go=archiv&cs_id=5173&cs_search= HTTP/1.0" 200 11477 "-" "Mozilla/5.0 (compatible; MJ12bot/v1.4.5; http://www.majestic12.co.uk/bot.php?+)"
66.249.78.142 - - [07/Jul/2015:16:05:43 +0200] "GET /news.php?cs_go=archiv&cs_id=4011 HTTP/1.1" 200 11477 "-" "Mozilla/5.0 (iPhone; CPU iPhone OS 6_0 like Mac OS X) AppleWebKit/536.26 (KHTML, like Gecko) Version/6.0 Mobile/10A5376e Safari/8536.25 (compatible; Googlebot/2.1; +http://www.google.com/bot.html)"
198.27.65.39 - - [07/Jul/2015:16:06:01 +0200] "GET /news.php?cs_go=archiv&cs_id=5176&cs_search= HTTP/1.0" 200 11477 "-" "Mozilla/5.0 (compatible; MJ12bot/v1.4.5; http://www.majestic12.co.uk/bot.php?+)"
198.27.65.39 - - [07/Jul/2015:16:06:24 +0200] "GET /news.php?cs_go=archiv&cs_id=5177&cs_search= HTTP/1.0" 200 11477 "-" "Mozilla/5.0 (compatible; MJ12bot/v1.4.5; http://www.majestic12.co.uk/bot.php?+)"
198.27.65.39 - - [07/Jul/2015:16:06:46 +0200] "GET /news.php?cs_go=archiv&cs_id=5178&cs_search= HTTP/1.0" 200 11477 "-" "Mozilla/5.0 (compatible; MJ12bot/v1.4.5; http://www.majestic12.co.uk/bot.php?+)"
198.27.65.39 - - [07/Jul/2015:16:07:08 +0200] "GET /news.php?cs_go=archiv&cs_id=5179&cs_search= HTTP/1.0" 200 11477 "-" "Mozilla/5.0 (compatible; MJ12bot/v1.4.5; http://www.majestic12.co.uk/bot.php?+)"
198.27.65.39 - - [07/Jul/2015:16:07:29 +0200] "GET /news.php?cs_go=archiv&cs_id=5180&cs_search= HTTP/1.0" 200 11477 "-" "Mozilla/5.0 (compatible; MJ12bot/v1.4.5; http://www.majestic12.co.uk/bot.php?+)"
198.27.65.39 - - [07/Jul/2015:16:07:51 +0200] "GET /news.php?cs_go=archiv&cs_id=5181&cs_search= HTTP/1.0" 200 11477 "-" "Mozilla/5.0 (compatible; MJ12bot/v1.4.5; http://www.majestic12.co.uk/bot.php?+)"
198.27.65.39 - - [07/Jul/2015:16:08:12 +0200] "GET /news.php?cs_go=archiv&cs_id=5183&cs_search= HTTP/1.0" 200 11477 "-" "Mozilla/5.0 (compatible; MJ12bot/v1.4.5; http://www.majestic12.co.uk/bot.php?+)"
198.27.65.39 - - [07/Jul/2015:16:08:34 +0200] "GET /news.php?cs_go=archiv&cs_id=5184&cs_search= HTTP/1.0" 200 11477 "-" "Mozilla/5.0 (compatible; MJ12bot/v1.4.5; http://www.majestic12.co.uk/bot.php?+)"
66.249.78.43 - - [07/Jul/2015:16:08:43 +0200] "GET / HTTP/1.1" 200 15920 "-" "Mozilla/5.0 (compatible; Googlebot/2.1; +http://www.google.com/bot.html)"
198.27.65.39 - - [07/Jul/2015:16:08:55 +0200] "GET /news.php?cs_go=archiv&cs_id=5185&cs_search= HTTP/1.0" 200 11477 "-" "Mozilla/5.0 (compatible; MJ12bot/v1.4.5; http://www.majestic12.co.uk/bot.php?+)"
198.27.65.39 - - [07/Jul/2015:16:09:16 +0200] "GET /news.php?cs_go=archiv&cs_id=5186&cs_search= HTTP/1.0" 200 11477 "-" "Mozilla/5.0 (compatible; MJ12bot/v1.4.5; http://www.majestic12.co.uk/bot.php?+)"
198.27.65.39 - - [07/Jul/2015:16:09:38 +0200] "GET /news.php?cs_go=archiv&cs_id=5187&cs_search= HTTP/1.0" 200 11477 "-" "Mozilla/5.0 (compatible; MJ12bot/v1.4.5; http://www.majestic12.co.uk/bot.php?+)"
198.27.65.39 - - [07/Jul/2015:16:10:01 +0200] "GET /news.php?cs_go=archiv&cs_id=5190&cs_search= HTTP/1.0" 200 11477 "-" "Mozilla/5.0 (compatible; MJ12bot/v1.4.5; http://www.majestic12.co.uk/bot.php?+)"
198.27.65.39 - - [07/Jul/2015:16:10:21 +0200] "GET /news.php?cs_go=archiv&cs_id=5193&cs_search= HTTP/1.0" 200 11477 "-" "Mozilla/5.0 (compatible; MJ12bot/v1.4.5; http://www.majestic12.co.uk/bot.php?+)"
198.27.65.39 - - [07/Jul/2015:16:10:43 +0200] "GET /news.php?cs_go=archiv&cs_id=5194&cs_search= HTTP/1.0" 200 11477 "-" "Mozilla/5.0 (compatible; MJ12bot/v1.4.5; http://www.majestic12.co.uk/bot.php?+)"
198.27.65.39 - - [07/Jul/2015:16:11:04 +0200] "GET /news.php?cs_go=archiv&cs_id=5196&cs_search= HTTP/1.0" 200 11477 "-" "Mozilla/5.0 (compatible; MJ12bot/v1.4.5; http://www.majestic12.co.uk/bot.php?+)"
198.27.65.39 - - [07/Jul/2015:16:11:26 +0200] "GET /news.php?cs_go=archiv&cs_id=5197&cs_search= HTTP/1.0" 200 11477 "-" "Mozilla/5.0 (compatible; MJ12bot/v1.4.5; http://www.majestic12.co.uk/bot.php?+)"
66.249.78.50 - - [07/Jul/2015:16:11:43 +0200] "GET /news.php?cs_go=archiv&cs_id=4474 HTTP/1.1" 200 11477 "-" "Mozilla/5.0 (compatible; Googlebot/2.1; +http://www.google.com/bot.html)"
198.27.65.39 - - [07/Jul/2015:16:11:47 +0200] "GET /news.php?cs_go=archiv&cs_id=5198&cs_search= HTTP/1.0" 200 11477 "-" "Mozilla/5.0 (compatible; MJ12bot/v1.4.5; http://www.majestic12.co.uk/bot.php?+)"
198.27.65.39 - - [07/Jul/2015:16:12:09 +0200] "GET /news.php?cs_go=archiv&cs_id=5199&cs_search= HTTP/1.0" 200 11477 "-" "Mozilla/5.0 (compatible; MJ12bot/v1.4.5; http://www.majestic12.co.uk/bot.php?+)"
198.27.65.39 - - [07/Jul/2015:16:12:30 +0200] "GET /news.php?cs_go=archiv&cs_id=5201&cs_search= HTTP/1.0" 200 11477 "-" "Mozilla/5.0 (compatible; MJ12bot/v1.4.5; http://www.majestic12.co.uk/bot.php?+)"
198.27.65.39 - - [07/Jul/2015:16:12:52 +0200] "GET /news.php?cs_go=archiv&cs_id=5202&cs_search= HTTP/1.0" 200 11477 "-" "Mozilla/5.0 (compatible; MJ12bot/v1.4.5; http://www.majestic12.co.uk/bot.php?+)"
198.27.65.39 - - [07/Jul/2015:16:13:13 +0200] "GET /news.php?cs_go=archiv&cs_id=5203&cs_search= HTTP/1.0" 200 11477 "-" "Mozilla/5.0 (compatible; MJ12bot/v1.4.5; http://www.majestic12.co.uk/bot.php?+)"
198.27.65.39 - - [07/Jul/2015:16:13:34 +0200] "GET /news.php?cs_go=archiv&cs_id=5204&cs_search= HTTP/1.0" 200 11477 "-" "Mozilla/5.0 (compatible; MJ12bot/v1.4.5; http://www.majestic12.co.uk/bot.php?+)"
198.27.65.39 - - [07/Jul/2015:16:13:56 +0200] "GET /news.php?cs_go=archiv&cs_id=5205&cs_search= HTTP/1.0" 200 11477 "-" "Mozilla/5.0 (compatible; MJ12bot/v1.4.5; http://www.majestic12.co.uk/bot.php?+)"
198.27.65.39 - - [07/Jul/2015:16:14:17 +0200] "GET /news.php?cs_go=archiv&cs_id=5206&cs_search= HTTP/1.0" 200 11477 "-" "Mozilla/5.0 (compatible; MJ12bot/v1.4.5; http://www.majestic12.co.uk/bot.php?+)"
198.27.65.39 - - [07/Jul/2015:16:14:39 +0200] "GET /news.php?cs_go=archiv&cs_id=5208&cs_search= HTTP/1.0" 200 11477 "-" "Mozilla/5.0 (compatible; MJ12bot/v1.4.5; http://www.majestic12.co.uk/bot.php?+)"
66.249.78.36 - - [07/Jul/2015:16:14:44 +0200] "GET /news.php?cs_go=archiv&cs_id=4133 HTTP/1.1" 200 11477 "-" "Mozilla/5.0 (compatible; Googlebot/2.1; +http://www.google.com/bot.html)"
198.27.65.39 - - [07/Jul/2015:16:15:01 +0200] "GET /news.php?cs_go=archiv&cs_id=5209&cs_search= HTTP/1.0" 200 11477 "-" "Mozilla/5.0 (compatible; MJ12bot/v1.4.5; http://www.majestic12.co.uk/bot.php?+)"
198.27.65.39 - - [07/Jul/2015:16:15:22 +0200] "GET /news.php?cs_go=archiv&cs_id=5210&cs_search= HTTP/1.0" 200 11477 "-" "Mozilla/5.0 (compatible; MJ12bot/v1.4.5; http://www.majestic12.co.uk/bot.php?+)"
198.27.65.39 - - [07/Jul/2015:16:15:44 +0200] "GET /news.php?cs_go=archiv&cs_id=5211&cs_search= HTTP/1.0" 200 11477 "-" "Mozilla/5.0 (compatible; MJ12bot/v1.4.5; http://www.majestic12.co.uk/bot.php?+)"
198.27.65.39 - - [07/Jul/2015:16:16:05 +0200] "GET /news.php?cs_go=archiv&cs_id=5212&cs_search= HTTP/1.0" 200 11477 "-" "Mozilla/5.0 (compatible; MJ12bot/v1.4.5; http://www.majestic12.co.uk/bot.php?+)"
198.27.65.39 - - [07/Jul/2015:16:16:27 +0200] "GET /news.php?cs_go=archiv&cs_id=5216&cs_search= HTTP/1.0" 200 11477 "-" "Mozilla/5.0 (compatible; MJ12bot/v1.4.5; http://www.majestic12.co.uk/bot.php?+)"
198.27.65.39 - - [07/Jul/2015:16:16:48 +0200] "GET /news.php?cs_go=archiv&cs_id=5218&cs_search= HTTP/1.0" 200 11477 "-" "Mozilla/5.0 (compatible; MJ12bot/v1.4.5; http://www.majestic12.co.uk/bot.php?+)"
198.27.65.39 - - [07/Jul/2015:16:17:10 +0200] "GET /news.php?cs_go=archiv&cs_id=5219&cs_search= HTTP/1.0" 200 11477 "-" "Mozilla/5.0 (compatible; MJ12bot/v1.4.5; http://www.majestic12.co.uk/bot.php?+)"
198.27.65.39 - - [07/Jul/2015:16:17:32 +0200] "GET /news.php?cs_go=archiv&cs_id=5220&cs_search= HTTP/1.0" 200 11477 "-" "Mozilla/5.0 (compatible; MJ12bot/v1.4.5; http://www.majestic12.co.uk/bot.php?+)"
66.249.78.50 - - [07/Jul/2015:16:17:44 +0200] "GET / HTTP/1.1" 200 15920 "-" "Mozilla/5.0 (compatible; Googlebot/2.1; +http://www.google.com/bot.html)"
198.27.65.39 - - [07/Jul/2015:16:17:53 +0200] "GET /news.php?cs_go=archiv&cs_id=5221&cs_search= HTTP/1.0" 200 11477 "-" "Mozilla/5.0 (compatible; MJ12bot/v1.4.5; http://www.majestic12.co.uk/bot.php?+)"
198.27.65.39 - - [07/Jul/2015:16:18:15 +0200] "GET /news.php?cs_go=archiv&cs_id=5222&cs_search= HTTP/1.0" 200 11477 "-" "Mozilla/5.0 (compatible; MJ12bot/v1.4.5; http://www.majestic12.co.uk/bot.php?+)"
198.27.65.39 - - [07/Jul/2015:16:18:36 +0200] "GET /news.php?cs_go=archiv&cs_id=5224&cs_search= HTTP/1.0" 200 11477 "-" "Mozilla/5.0 (compatible; MJ12bot/v1.4.5; http://www.majestic12.co.uk/bot.php?+)"
198.27.65.39 - - [07/Jul/2015:16:18:58 +0200] "GET /news.php?cs_go=archiv&cs_id=5226&cs_search= HTTP/1.0" 200 11477 "-" "Mozilla/5.0 (compatible; MJ12bot/v1.4.5; http://www.majestic12.co.uk/bot.php?+)"
198.27.65.39 - - [07/Jul/2015:16:19:19 +0200] "GET /news.php?cs_go=archiv&cs_id=5227&cs_search= HTTP/1.0" 200 11477 "-" "Mozilla/5.0 (compatible; MJ12bot/v1.4.5; http://www.majestic12.co.uk/bot.php?+)"
198.27.65.39 - - [07/Jul/2015:16:19:41 +0200] "GET /news.php?cs_go=archiv&cs_id=5228&cs_search= HTTP/1.0" 200 11477 "-" "Mozilla/5.0 (compatible; MJ12bot/v1.4.5; http://www.majestic12.co.uk/bot.php?+)"
198.27.65.39 - - [07/Jul/2015:16:20:02 +0200] "GET /news.php?cs_go=archiv&cs_id=5229&cs_search= HTTP/1.0" 200 11477 "-" "Mozilla/5.0 (compatible; MJ12bot/v1.4.5; http://www.majestic12.co.uk/bot.php?+)"
157.55.39.38 - - [07/Jul/2015:16:26:39 +0200] "GET /images/adblue_neu.png HTTP/1.1" 200 30982 "-" "Mozilla/5.0 (compatible; bingbot/2.0; +http://www.bing.com/bingbot.htm)"
198.27.65.39 - - [07/Jul/2015:16:20:23 +0200] "GET /news.php?cs_go=archiv&cs_id=5230&cs_search= HTTP/1.0" 200 11477 "-" "Mozilla/5.0 (compatible; MJ12bot/v1.4.5; http://www.majestic12.co.uk/bot.php?+)"
198.27.65.39 - - [07/Jul/2015:16:20:45 +0200] "GET /news.php?cs_go=archiv&cs_id=5240&cs_search= HTTP/1.0" 200 11477 "-" "Mozilla/5.0 (compatible; MJ12bot/v1.4.5; http://www.majestic12.co.uk/bot.php?+)"
198.27.65.39 - - [07/Jul/2015:16:21:06 +0200] "GET /news.php?cs_go=archiv&cs_id=5242&cs_search= HTTP/1.0" 200 11477 "-" "Mozilla/5.0 (compatible; MJ12bot/v1.4.5; http://www.majestic12.co.uk/bot.php?+)"
66.249.78.36 - - [07/Jul/2015:16:21:23 +0200] "GET /news.php?cs_go=archiv&cs_id=4133 HTTP/1.1" 200 11477 "-" "Mozilla/5.0 (compatible; Googlebot/2.1; +http://www.google.com/bot.html)"
198.27.65.39 - - [07/Jul/2015:16:21:28 +0200] "GET /news.php?cs_go=archiv&cs_id=5244&cs_search= HTTP/1.0" 200 11477 "-" "Mozilla/5.0 (compatible; MJ12bot/v1.4.5; http://www.majestic12.co.uk/bot.php?+)"
198.27.65.39 - - [07/Jul/2015:16:21:49 +0200] "GET /news.php?cs_go=archiv&cs_id=5245&cs_search= HTTP/1.0" 200 11477 "-" "Mozilla/5.0 (compatible; MJ12bot/v1.4.5; http://www.majestic12.co.uk/bot.php?+)"
198.27.65.39 - - [07/Jul/2015:16:22:11 +0200] "GET /news.php?cs_go=archiv&cs_id=5246&cs_search= HTTP/1.0" 200 11477 "-" "Mozilla/5.0 (compatible; MJ12bot/v1.4.5; http://www.majestic12.co.uk/bot.php?+)"
198.27.65.39 - - [07/Jul/2015:16:22:32 +0200] "GET /news.php?cs_go=archiv&cs_id=5248&cs_search= HTTP/1.0" 200 11477 "-" "Mozilla/5.0 (compatible; MJ12bot/v1.4.5; http://www.majestic12.co.uk/bot.php?+)"
198.27.65.39 - - [07/Jul/2015:16:22:53 +0200] "GET /news.php?cs_go=archiv&cs_id=5249&cs_search= HTTP/1.0" 200 11477 "-" "Mozilla/5.0 (compatible; MJ12bot/v1.4.5; http://www.majestic12.co.uk/bot.php?+)"
198.27.65.39 - - [07/Jul/2015:16:23:15 +0200] "GET /news.php?cs_go=archiv&cs_id=5251&cs_search= HTTP/1.0" 200 11477 "-" "Mozilla/5.0 (compatible; MJ12bot/v1.4.5; http://www.majestic12.co.uk/bot.php?+)"
198.27.65.39 - - [07/Jul/2015:16:23:36 +0200] "GET /news.php?cs_go=archiv&cs_id=5252&cs_search= HTTP/1.0" 200 11477 "-" "Mozilla/5.0 (compatible; MJ12bot/v1.4.5; http://www.majestic12.co.uk/bot.php?+)"
198.27.65.39 - - [07/Jul/2015:16:23:58 +0200] "GET /news.php?cs_go=archiv&cs_id=5254&cs_search= HTTP/1.0" 200 11477 "-" "Mozilla/5.0 (compatible; MJ12bot/v1.4.5; http://www.majestic12.co.uk/bot.php?+)"
198.27.65.39 - - [07/Jul/2015:16:24:19 +0200] "GET /news.php?cs_go=archiv&cs_id=5255&cs_search= HTTP/1.0" 200 11477 "-" "Mozilla/5.0 (compatible; MJ12bot/v1.4.5; http://www.majestic12.co.uk/bot.php?+)"
198.27.65.39 - - [07/Jul/2015:16:24:41 +0200] "GET /news.php?cs_go=archiv&cs_id=5258&cs_search= HTTP/1.0" 200 11477 "-" "Mozilla/5.0 (compatible; MJ12bot/v1.4.5; http://www.majestic12.co.uk/bot.php?+)"
198.27.65.39 - - [07/Jul/2015:16:25:02 +0200] "GET /news.php?cs_go=archiv&cs_id=5259&cs_search= HTTP/1.0" 200 11477 "-" "Mozilla/5.0 (compatible; MJ12bot/v1.4.5; http://www.majestic12.co.uk/bot.php?+)"
198.27.65.39 - - [07/Jul/2015:16:25:24 +0200] "GET /news.php?cs_go=archiv&cs_id=5261&cs_search= HTTP/1.0" 200 11477 "-" "Mozilla/5.0 (compatible; MJ12bot/v1.4.5; http://www.majestic12.co.uk/bot.php?+)"
198.27.65.39 - - [07/Jul/2015:16:25:46 +0200] "GET /news.php?cs_go=archiv&cs_id=5262&cs_search= HTTP/1.0" 200 11477 "-" "Mozilla/5.0 (compatible; MJ12bot/v1.4.5; http://www.majestic12.co.uk/bot.php?+)"
198.27.65.39 - - [07/Jul/2015:16:26:07 +0200] "GET /news.php?cs_go=archiv&cs_id=5263&cs_search= HTTP/1.0" 200 11477 "-" "Mozilla/5.0 (compatible; MJ12bot/v1.4.5; http://www.majestic12.co.uk/bot.php?+)"
198.27.65.39 - - [07/Jul/2015:16:26:29 +0200] "GET /news.php?cs_go=archiv&cs_id=5265&cs_search= HTTP/1.0" 200 11477 "-" "Mozilla/5.0 (compatible; MJ12bot/v1.4.5; http://www.majestic12.co.uk/bot.php?+)"
198.27.65.39 - - [07/Jul/2015:16:26:50 +0200] "GET /news.php?cs_go=archiv&cs_id=5266&cs_search= HTTP/1.0" 200 11477 "-" "Mozilla/5.0 (compatible; MJ12bot/v1.4.5; http://www.majestic12.co.uk/bot.php?+)"
198.27.65.39 - - [07/Jul/2015:16:27:12 +0200] "GET /news.php?cs_go=archiv&cs_id=5268&cs_search= HTTP/1.0" 200 11477 "-" "Mozilla/5.0 (compatible; MJ12bot/v1.4.5; http://www.majestic12.co.uk/bot.php?+)"
198.27.65.39 - - [07/Jul/2015:16:27:33 +0200] "GET /news.php?cs_go=archiv&cs_id=5269&cs_search= HTTP/1.0" 200 11477 "-" "Mozilla/5.0 (compatible; MJ12bot/v1.4.5; http://www.majestic12.co.uk/bot.php?+)"
198.27.65.39 - - [07/Jul/2015:16:27:55 +0200] "GET /news.php?cs_go=archiv&cs_id=5272&cs_search= HTTP/1.0" 200 11477 "-" "Mozilla/5.0 (compatible; MJ12bot/v1.4.5; http://www.majestic12.co.uk/bot.php?+)"
198.27.65.39 - - [07/Jul/2015:16:28:16 +0200] "GET /news.php?cs_go=archiv&cs_id=5274&cs_search= HTTP/1.0" 200 11477 "-" "Mozilla/5.0 (compatible; MJ12bot/v1.4.5; http://www.majestic12.co.uk/bot.php?+)"
198.27.65.39 - - [07/Jul/2015:16:28:38 +0200] "GET /news.php?cs_go=archiv&cs_id=5275&cs_search= HTTP/1.0" 200 11477 "-" "Mozilla/5.0 (compatible; MJ12bot/v1.4.5; http://www.majestic12.co.uk/bot.php?+)"
198.27.65.39 - - [07/Jul/2015:16:28:59 +0200] "GET /news.php?cs_go=archiv&cs_id=5280&cs_search= HTTP/1.0" 200 11477 "-" "Mozilla/5.0 (compatible; MJ12bot/v1.4.5; http://www.majestic12.co.uk/bot.php?+)"
198.27.65.39 - - [07/Jul/2015:16:29:21 +0200] "GET /news.php?cs_go=archiv&cs_id=5282&cs_search= HTTP/1.0" 200 11477 "-" "Mozilla/5.0 (compatible; MJ12bot/v1.4.5; http://www.majestic12.co.uk/bot.php?+)"
198.27.65.39 - - [07/Jul/2015:16:29:42 +0200] "GET /news.php?cs_go=archiv&cs_id=5284&cs_search= HTTP/1.0" 200 11477 "-" "Mozilla/5.0 (compatible; MJ12bot/v1.4.5; http://www.majestic12.co.uk/bot.php?+)"
198.27.65.39 - - [07/Jul/2015:16:30:04 +0200] "GET /news.php?cs_go=archiv&cs_id=5285&cs_search= HTTP/1.0" 200 11477 "-" "Mozilla/5.0 (compatible; MJ12bot/v1.4.5; http://www.majestic12.co.uk/bot.php?+)"
198.27.65.39 - - [07/Jul/2015:16:30:25 +0200] "GET /news.php?cs_go=archiv&cs_id=5286&cs_search= HTTP/1.0" 200 11477 "-" "Mozilla/5.0 (compatible; MJ12bot/v1.4.5; http://www.majestic12.co.uk/bot.php?+)"
198.27.65.39 - - [07/Jul/2015:16:30:46 +0200] "GET /news.php?cs_go=archiv&cs_id=5292&cs_search= HTTP/1.0" 200 11477 "-" "Mozilla/5.0 (compatible; MJ12bot/v1.4.5; http://www.majestic12.co.uk/bot.php?+)"
198.27.65.39 - - [07/Jul/2015:16:31:08 +0200] "GET /news.php?cs_go=archiv&cs_id=5293&cs_search= HTTP/1.0" 200 11477 "-" "Mozilla/5.0 (compatible; MJ12bot/v1.4.5; http://www.majestic12.co.uk/bot.php?+)"
198.27.65.39 - - [07/Jul/2015:16:31:29 +0200] "GET /news.php?cs_go=archiv&cs_id=5294&cs_search= HTTP/1.0" 200 11477 "-" "Mozilla/5.0 (compatible; MJ12bot/v1.4.5; http://www.majestic12.co.uk/bot.php?+)"
198.27.65.39 - - [07/Jul/2015:16:31:51 +0200] "GET /news.php?cs_go=archiv&cs_id=5295&cs_search= HTTP/1.0" 200 11477 "-" "Mozilla/5.0 (compatible; MJ12bot/v1.4.5; http://www.majestic12.co.uk/bot.php?+)"
198.27.65.39 - - [07/Jul/2015:16:32:12 +0200] "GET /news.php?cs_go=archiv&cs_id=5297&cs_search= HTTP/1.0" 200 11477 "-" "Mozilla/5.0 (compatible; MJ12bot/v1.4.5; http://www.majestic12.co.uk/bot.php?+)"
198.27.65.39 - - [07/Jul/2015:16:32:35 +0200] "GET /news.php?cs_go=archiv&cs_id=5354 HTTP/1.0" 200 11477 "-" "Mozilla/5.0 (compatible; MJ12bot/v1.4.5; http://www.majestic12.co.uk/bot.php?+)"
198.27.65.39 - - [07/Jul/2015:16:32:57 +0200] "GET /news.php?cs_go=archiv&cs_id=5354&cs_search= HTTP/1.0" 200 11477 "-" "Mozilla/5.0 (compatible; MJ12bot/v1.4.5; http://www.majestic12.co.uk/bot.php?+)"
198.27.65.39 - - [07/Jul/2015:16:33:19 +0200] "GET /news.php?cs_go=archiv&cs_id=5355&cs_search= HTTP/1.0" 200 11477 "-" "Mozilla/5.0 (compatible; MJ12bot/v1.4.5; http://www.majestic12.co.uk/bot.php?+)"
198.27.65.39 - - [07/Jul/2015:16:33:41 +0200] "GET /news.php?cs_go=archiv&cs_id=5358&cs_search= HTTP/1.0" 200 11477 "-" "Mozilla/5.0 (compatible; MJ12bot/v1.4.5; http://www.majestic12.co.uk/bot.php?+)"
198.27.65.39 - - [07/Jul/2015:16:34:04 +0200] "GET /news.php?cs_go=archiv&cs_id=5359 HTTP/1.0" 200 11477 "-" "Mozilla/5.0 (compatible; MJ12bot/v1.4.5; http://www.majestic12.co.uk/bot.php?+)"
198.27.65.39 - - [07/Jul/2015:16:34:26 +0200] "GET /news.php?cs_go=archiv&cs_id=5359&cs_search= HTTP/1.0" 200 11477 "-" "Mozilla/5.0 (compatible; MJ12bot/v1.4.5; http://www.majestic12.co.uk/bot.php?+)"
198.27.65.39 - - [07/Jul/2015:16:34:48 +0200] "GET /news.php?cs_go=archiv&cs_id=5361 HTTP/1.0" 200 11477 "-" "Mozilla/5.0 (compatible; MJ12bot/v1.4.5; http://www.majestic12.co.uk/bot.php?+)"
198.27.65.39 - - [07/Jul/2015:16:35:10 +0200] "GET /news.php?cs_go=archiv&cs_id=5361&cs_search= HTTP/1.0" 200 11477 "-" "Mozilla/5.0 (compatible; MJ12bot/v1.4.5; http://www.majestic12.co.uk/bot.php?+)"
198.27.65.39 - - [07/Jul/2015:16:35:31 +0200] "GET /news.php?cs_go=archiv&cs_id=5362 HTTP/1.0" 200 11477 "-" "Mozilla/5.0 (compatible; MJ12bot/v1.4.5; http://www.majestic12.co.uk/bot.php?+)"
198.27.65.39 - - [07/Jul/2015:16:35:53 +0200] "GET /news.php?cs_go=archiv&cs_id=5362&cs_search= HTTP/1.0" 200 11477 "-" "Mozilla/5.0 (compatible; MJ12bot/v1.4.5; http://www.majestic12.co.uk/bot.php?+)"
198.27.65.39 - - [07/Jul/2015:16:36:14 +0200] "GET /news.php?cs_go=archiv&cs_id=5364 HTTP/1.0" 200 11477 "-" "Mozilla/5.0 (compatible; MJ12bot/v1.4.5; http://www.majestic12.co.uk/bot.php?+)"
198.27.65.39 - - [07/Jul/2015:16:36:36 +0200] "GET /news.php?cs_go=archiv&cs_id=5364&cs_search= HTTP/1.0" 200 11477 "-" "Mozilla/5.0 (compatible; MJ12bot/v1.4.5; http://www.majestic12.co.uk/bot.php?+)"
198.27.65.39 - - [07/Jul/2015:16:36:57 +0200] "GET /news.php?cs_go=archiv&cs_id=5365 HTTP/1.0" 200 11477 "-" "Mozilla/5.0 (compatible; MJ12bot/v1.4.5; http://www.majestic12.co.uk/bot.php?+)"
198.27.65.39 - - [07/Jul/2015:16:37:18 +0200] "GET /news.php?cs_go=archiv&cs_id=5365&cs_search= HTTP/1.0" 200 11477 "-" "Mozilla/5.0 (compatible; MJ12bot/v1.4.5; http://www.majestic12.co.uk/bot.php?+)"
198.27.65.39 - - [07/Jul/2015:16:37:40 +0200] "GET /news.php?cs_go=archiv&cs_id=5366 HTTP/1.0" 200 11477 "-" "Mozilla/5.0 (compatible; MJ12bot/v1.4.5; http://www.majestic12.co.uk/bot.php?+)"
198.27.65.39 - - [07/Jul/2015:16:38:02 +0200] "GET /news.php?cs_go=archiv&cs_id=5366&cs_search= HTTP/1.0" 200 11477 "-" "Mozilla/5.0 (compatible; MJ12bot/v1.4.5; http://www.majestic12.co.uk/bot.php?+)"
198.27.65.39 - - [07/Jul/2015:16:38:23 +0200] "GET /news.php?cs_go=archiv&cs_id=5367 HTTP/1.0" 200 11477 "-" "Mozilla/5.0 (compatible; MJ12bot/v1.4.5; http://www.majestic12.co.uk/bot.php?+)"
151.80.31.132 - - [07/Jul/2015:16:38:24 +0200] "GET /newsletter.php HTTP/1.1" 200 11480 "-" "Mozilla/5.0 (compatible; AhrefsBot/5.0; +http://ahrefs.com/robot/)"
198.27.65.39 - - [07/Jul/2015:16:38:45 +0200] "GET /news.php?cs_go=archiv&cs_id=5367&cs_search= HTTP/1.0" 200 11477 "-" "Mozilla/5.0 (compatible; MJ12bot/v1.4.5; http://www.majestic12.co.uk/bot.php?+)"
198.27.65.39 - - [07/Jul/2015:16:39:06 +0200] "GET /news.php?cs_go=archiv&cs_id=5368 HTTP/1.0" 200 11477 "-" "Mozilla/5.0 (compatible; MJ12bot/v1.4.5; http://www.majestic12.co.uk/bot.php?+)"
198.27.65.39 - - [07/Jul/2015:16:39:27 +0200] "GET /news.php?cs_go=archiv&cs_id=5368&cs_search= HTTP/1.0" 200 11477 "-" "Mozilla/5.0 (compatible; MJ12bot/v1.4.5; http://www.majestic12.co.uk/bot.php?+)"
198.27.65.39 - - [07/Jul/2015:16:39:52 +0200] "GET /news.php?cs_go=archiv&cs_id=5369 HTTP/1.0" 200 11477 "-" "Mozilla/5.0 (compatible; MJ12bot/v1.4.5; http://www.majestic12.co.uk/bot.php?+)"
198.27.65.39 - - [07/Jul/2015:16:40:14 +0200] "GET /news.php?cs_go=archiv&cs_id=5369&cs_search= HTTP/1.0" 200 11477 "-" "Mozilla/5.0 (compatible; MJ12bot/v1.4.5; http://www.majestic12.co.uk/bot.php?+)"
198.27.65.39 - - [07/Jul/2015:16:40:35 +0200] "GET /news.php?cs_go=archiv&cs_id=5370 HTTP/1.0" 200 11477 "-" "Mozilla/5.0 (compatible; MJ12bot/v1.4.5; http://www.majestic12.co.uk/bot.php?+)"
198.27.65.39 - - [07/Jul/2015:16:40:56 +0200] "GET /news.php?cs_go=archiv&cs_id=5370&cs_search= HTTP/1.0" 200 11477 "-" "Mozilla/5.0 (compatible; MJ12bot/v1.4.5; http://www.majestic12.co.uk/bot.php?+)"
198.27.65.39 - - [07/Jul/2015:16:41:18 +0200] "GET /news.php?cs_go=archiv&cs_id=5371 HTTP/1.0" 200 11477 "-" "Mozilla/5.0 (compatible; MJ12bot/v1.4.5; http://www.majestic12.co.uk/bot.php?+)"
198.27.65.39 - - [07/Jul/2015:16:41:39 +0200] "GET /news.php?cs_go=archiv&cs_id=5371&cs_search= HTTP/1.0" 200 11477 "-" "Mozilla/5.0 (compatible; MJ12bot/v1.4.5; http://www.majestic12.co.uk/bot.php?+)"
198.27.65.39 - - [07/Jul/2015:16:42:01 +0200] "GET /news.php?cs_go=archiv&cs_id=5372&cs_search= HTTP/1.0" 200 11477 "-" "Mozilla/5.0 (compatible; MJ12bot/v1.4.5; http://www.majestic12.co.uk/bot.php?+)"
198.27.65.39 - - [07/Jul/2015:16:42:22 +0200] "GET /news.php?cs_go=archiv&cs_id=5373&cs_search= HTTP/1.0" 200 11477 "-" "Mozilla/5.0 (compatible; MJ12bot/v1.4.5; http://www.majestic12.co.uk/bot.php?+)"
198.27.65.39 - - [07/Jul/2015:16:42:44 +0200] "GET /news.php?cs_go=archiv&cs_id=5374 HTTP/1.0" 200 11477 "-" "Mozilla/5.0 (compatible; MJ12bot/v1.4.5; http://www.majestic12.co.uk/bot.php?+)"
198.27.65.39 - - [07/Jul/2015:16:43:05 +0200] "GET /news.php?cs_go=archiv&cs_id=5374&cs_search= HTTP/1.0" 200 11477 "-" "Mozilla/5.0 (compatible; MJ12bot/v1.4.5; http://www.majestic12.co.uk/bot.php?+)"
198.27.65.39 - - [07/Jul/2015:16:43:27 +0200] "GET /news.php?cs_go=archiv&cs_id=5376 HTTP/1.0" 200 11477 "-" "Mozilla/5.0 (compatible; MJ12bot/v1.4.5; http://www.majestic12.co.uk/bot.php?+)"
198.27.65.39 - - [07/Jul/2015:16:43:49 +0200] "GET /news.php?cs_go=archiv&cs_id=5376&cs_search= HTTP/1.0" 200 11477 "-" "Mozilla/5.0 (compatible; MJ12bot/v1.4.5; http://www.majestic12.co.uk/bot.php?+)"
198.27.65.39 - - [07/Jul/2015:16:44:11 +0200] "GET /news.php?cs_go=archiv&cs_id=5377&cs_search= HTTP/1.0" 200 11477 "-" "Mozilla/5.0 (compatible; MJ12bot/v1.4.5; http://www.majestic12.co.uk/bot.php?+)"
198.27.65.39 - - [07/Jul/2015:16:44:32 +0200] "GET /news.php?cs_go=archiv&cs_id=5378&cs_search= HTTP/1.0" 200 11477 "-" "Mozilla/5.0 (compatible; MJ12bot/v1.4.5; http://www.majestic12.co.uk/bot.php?+)"
198.27.65.39 - - [07/Jul/2015:16:44:54 +0200] "GET /news.php?cs_go=archiv&cs_id=5379&cs_search= HTTP/1.0" 200 11477 "-" "Mozilla/5.0 (compatible; MJ12bot/v1.4.5; http://www.majestic12.co.uk/bot.php?+)"
198.27.65.39 - - [07/Jul/2015:16:45:16 +0200] "GET /news.php?cs_go=archiv&cs_id=5380&cs_search= HTTP/1.0" 200 11477 "-" "Mozilla/5.0 (compatible; MJ12bot/v1.4.5; http://www.majestic12.co.uk/bot.php?+)"
198.27.65.39 - - [07/Jul/2015:16:45:37 +0200] "GET /news.php?cs_go=archiv&cs_id=5381 HTTP/1.0" 200 11477 "-" "Mozilla/5.0 (compatible; MJ12bot/v1.4.5; http://www.majestic12.co.uk/bot.php?+)"
198.27.65.39 - - [07/Jul/2015:16:45:58 +0200] "GET /news.php?cs_go=archiv&cs_id=5381&cs_search= HTTP/1.0" 200 11477 "-" "Mozilla/5.0 (compatible; MJ12bot/v1.4.5; http://www.majestic12.co.uk/bot.php?+)"
198.27.65.39 - - [07/Jul/2015:16:46:20 +0200] "GET /news.php?cs_go=archiv&cs_id=5382 HTTP/1.0" 200 11477 "-" "Mozilla/5.0 (compatible; MJ12bot/v1.4.5; http://www.majestic12.co.uk/bot.php?+)"
198.27.65.39 - - [07/Jul/2015:16:46:43 +0200] "GET /news.php?cs_go=archiv&cs_id=5382&cs_search= HTTP/1.0" 200 11477 "-" "Mozilla/5.0 (compatible; MJ12bot/v1.4.5; http://www.majestic12.co.uk/bot.php?+)"
