91.194.84.106 - - [13/Apr/2015:14:09:08 +0200] "GET /news.php?cs_go=archiv&cs_id=4945&cs_search= HTTP/1.0" 200 11477 "-" "Mozilla/5.0 (compatible; MJ12bot/v1.4.5; http://www.majestic12.co.uk/bot.php?+)"
91.194.84.106 - - [13/Apr/2015:14:09:36 +0200] "GET /news.php?cs_go=archiv&cs_id=5383 HTTP/1.0" 200 11477 "-" "Mozilla/5.0 (compatible; MJ12bot/v1.4.5; http://www.majestic12.co.uk/bot.php?+)"
91.194.84.106 - - [13/Apr/2015:14:09:50 +0200] "GET /news.php?cs_go=archiv&cs_id=4946&cs_search= HTTP/1.0" 200 11477 "-" "Mozilla/5.0 (compatible; MJ12bot/v1.4.5; http://www.majestic12.co.uk/bot.php?+)"
91.194.84.106 - - [13/Apr/2015:14:10:20 +0200] "GET /news.php?cs_go=archiv&cs_id=5384 HTTP/1.0" 200 11477 "-" "Mozilla/5.0 (compatible; MJ12bot/v1.4.5; http://www.majestic12.co.uk/bot.php?+)"
91.194.84.106 - - [13/Apr/2015:14:10:32 +0200] "GET /news.php?cs_go=archiv&cs_id=4948&cs_search= HTTP/1.0" 200 11477 "-" "Mozilla/5.0 (compatible; MJ12bot/v1.4.5; http://www.majestic12.co.uk/bot.php?+)"
91.194.84.106 - - [13/Apr/2015:14:11:14 +0200] "GET /news.php?cs_go=archiv&cs_id=4949&cs_search= HTTP/1.0" 200 11477 "-" "Mozilla/5.0 (compatible; MJ12bot/v1.4.5; http://www.majestic12.co.uk/bot.php?+)"
91.194.84.106 - - [13/Apr/2015:14:11:56 +0200] "GET /news.php?cs_go=archiv&cs_id=4950&cs_search= HTTP/1.0" 200 11477 "-" "Mozilla/5.0 (compatible; MJ12bot/v1.4.5; http://www.majestic12.co.uk/bot.php?+)"
91.194.84.106 - - [13/Apr/2015:14:12:39 +0200] "GET /news.php?cs_go=archiv&cs_id=4952&cs_search= HTTP/1.0" 200 11477 "-" "Mozilla/5.0 (compatible; MJ12bot/v1.4.5; http://www.majestic12.co.uk/bot.php?+)"
91.194.84.106 - - [13/Apr/2015:14:13:22 +0200] "GET /news.php?cs_go=archiv&cs_id=5000&cs_search= HTTP/1.0" 200 11477 "-" "Mozilla/5.0 (compatible; MJ12bot/v1.4.5; http://www.majestic12.co.uk/bot.php?+)"
85.25.202.18 - - [13/Apr/2015:14:16:37 +0200] "GET / HTTP/1.1" 200 9656 "http://www.sumaja.de/?such_wert=berlin" "Mozilla/5.0 (Macintosh; U; Intel Mac OS X 10.6; de-DE; rv:1.9.2.8) Gecko/20100722 Firefox/3.6.8"
91.194.84.106 - - [13/Apr/2015:14:14:04 +0200] "GET /news.php?cs_go=archiv&cs_id=5002&cs_search= HTTP/1.0" 200 11477 "-" "Mozilla/5.0 (compatible; MJ12bot/v1.4.5; http://www.majestic12.co.uk/bot.php?+)"
91.194.84.106 - - [13/Apr/2015:14:14:47 +0200] "GET /news.php?cs_go=archiv&cs_id=5187 HTTP/1.0" 200 11477 "-" "Mozilla/5.0 (compatible; MJ12bot/v1.4.5; http://www.majestic12.co.uk/bot.php?+)"
66.249.78.50 - - [13/Apr/2015:14:15:05 +0200] "GET / HTTP/1.1" 200 15920 "-" "Mozilla/5.0 (compatible; Googlebot/2.1; +http://www.google.com/bot.html)"
91.194.84.106 - - [13/Apr/2015:14:15:32 +0200] "GET /news.php?cs_go=archiv&cs_id=5382 HTTP/1.0" 200 11477 "-" "Mozilla/5.0 (compatible; MJ12bot/v1.4.5; http://www.majestic12.co.uk/bot.php?+)"
91.194.84.106 - - [13/Apr/2015:14:16:17 +0200] "GET /news.php?cs_go=archiv&cs_startpos=0 HTTP/1.0" 200 11477 "-" "Mozilla/5.0 (compatible; MJ12bot/v1.4.5; http://www.majestic12.co.uk/bot.php?+)"
91.194.84.106 - - [13/Apr/2015:14:17:01 +0200] "GET /newsletter.php HTTP/1.0" 200 11480 "-" "Mozilla/5.0 (compatible; MJ12bot/v1.4.5; http://www.majestic12.co.uk/bot.php?+)"
52.28.48.148 - - [13/Apr/2015:14:14:08 +0200] "GET / HTTP/1.0" 200 16125 "-" "BlackCatB/Nutch-1.10-SNAPSHOT"
66.249.78.36 - - [13/Apr/2015:14:18:41 +0200] "GET /kwk.php HTTP/1.1" 200 11474 "-" "Mozilla/5.0 (iPhone; CPU iPhone OS 6_0 like Mac OS X) AppleWebKit/536.26 (KHTML, like Gecko) Version/6.0 Mobile/10A5376e Safari/8536.25 (compatible; Googlebot/2.1; +http://www.google.com/bot.html)"
66.249.78.36 - - [13/Apr/2015:14:21:47 +0200] "GET / HTTP/1.1" 200 15920 "-" "Mozilla/5.0 (compatible; Googlebot/2.1; +http://www.google.com/bot.html)"
66.249.78.50 - - [13/Apr/2015:14:24:47 +0200] "GET /kwk.php HTTP/1.1" 200 11474 "-" "Mozilla/5.0 (iPhone; CPU iPhone OS 6_0 like Mac OS X) AppleWebKit/536.26 (KHTML, like Gecko) Version/6.0 Mobile/10A5376e Safari/8536.25 (compatible; Googlebot/2.1; +http://www.google.com/bot.html)"
66.249.78.36 - - [13/Apr/2015:14:28:20 +0200] "GET / HTTP/1.1" 200 15920 "-" "Mozilla/5.0 (compatible; Googlebot/2.1; +http://www.google.com/bot.html)"
66.249.78.36 - - [13/Apr/2015:14:31:49 +0200] "GET /kwk.php HTTP/1.1" 200 11474 "-" "Mozilla/5.0 (iPhone; CPU iPhone OS 6_0 like Mac OS X) AppleWebKit/536.26 (KHTML, like Gecko) Version/6.0 Mobile/10A5376e Safari/8536.25 (compatible; Googlebot/2.1; +http://www.google.com/bot.html)"
66.249.78.50 - - [13/Apr/2015:14:36:14 +0200] "GET /preisanfrage.php HTTP/1.1" 200 11493 "-" "Mozilla/5.0 (iPhone; CPU iPhone OS 6_0 like Mac OS X) AppleWebKit/536.26 (KHTML, like Gecko) Version/6.0 Mobile/10A5376e Safari/8536.25 (compatible; Googlebot/2.1; +http://www.google.com/bot.html)"
66.249.78.36 - - [13/Apr/2015:14:39:14 +0200] "GET /news.php?cs_go=archiv&cs_id=5058 HTTP/1.1" 200 11477 "-" "Mozilla/5.0 (compatible; Googlebot/2.1; +http://www.google.com/bot.html)"
66.249.78.43 - - [13/Apr/2015:14:42:42 +0200] "GET /preisanfrage.php HTTP/1.1" 200 11493 "-" "Mozilla/5.0 (iPhone; CPU iPhone OS 6_0 like Mac OS X) AppleWebKit/536.26 (KHTML, like Gecko) Version/6.0 Mobile/10A5376e Safari/8536.25 (compatible; Googlebot/2.1; +http://www.google.com/bot.html)"
66.249.64.179 - - [13/Apr/2015:14:45:42 +0200] "GET /news.php?cs_go=archiv&cs_id=5058 HTTP/1.1" 200 11477 "-" "Mozilla/5.0 (compatible; Googlebot/2.1; +http://www.google.com/bot.html)"
66.249.78.43 - - [13/Apr/2015:14:48:53 +0200] "GET /preisanfrage.php HTTP/1.1" 200 11493 "-" "Mozilla/5.0 (iPhone; CPU iPhone OS 6_0 like Mac OS X) AppleWebKit/536.26 (KHTML, like Gecko) Version/6.0 Mobile/10A5376e Safari/8536.25 (compatible; Googlebot/2.1; +http://www.google.com/bot.html)"
66.249.78.50 - - [13/Apr/2015:14:51:54 +0200] "GET /news.php?cs_go=archiv&cs_id=5058 HTTP/1.1" 200 11477 "-" "Mozilla/5.0 (compatible; Googlebot/2.1; +http://www.google.com/bot.html)"
66.249.78.50 - - [13/Apr/2015:15:50:39 +0200] "GET /news.php?cs_go=archiv&cs_id=4614 HTTP/1.1" 200 11477 "-" "Mozilla/5.0 (compatible; Googlebot/2.1; +http://www.google.com/bot.html)"
66.249.78.36 - - [13/Apr/2015:15:57:05 +0200] "GET /news.php?cs_go=archiv&cs_id=4614 HTTP/1.1" 200 11477 "-" "Mozilla/5.0 (compatible; Googlebot/2.1; +http://www.google.com/bot.html)"
66.249.78.43 - - [13/Apr/2015:16:01:13 +0200] "GET /news.php?cs_go=archiv&cs_id=5340&cs_search= HTTP/1.1" 200 11477 "-" "Mozilla/5.0 (compatible; Googlebot/2.1; +http://www.google.com/bot.html)"
66.249.78.36 - - [13/Apr/2015:16:04:13 +0200] "GET /news.php?cs_go=archiv&cs_id=4614 HTTP/1.1" 200 11477 "-" "Mozilla/5.0 (compatible; Googlebot/2.1; +http://www.google.com/bot.html)"
66.249.78.36 - - [13/Apr/2015:16:07:35 +0200] "GET /news.php?cs_go=archiv&cs_id=5340&cs_search= HTTP/1.1" 200 11477 "-" "Mozilla/5.0 (compatible; Googlebot/2.1; +http://www.google.com/bot.html)"
66.249.78.147 - - [13/Apr/2015:16:18:30 +0200] "GET /robots.txt HTTP/1.1" 404 1256 "-" "Mozilla/5.0 (compatible; Googlebot/2.1; +http://www.google.com/bot.html)"
66.249.78.43 - - [13/Apr/2015:16:12:30 +0200] "GET /news.php?cs_go=archiv&cs_id=4565&cs_search= HTTP/1.1" 200 11477 "-" "Mozilla/5.0 (compatible; Googlebot/2.1; +http://www.google.com/bot.html)"
66.249.78.36 - - [13/Apr/2015:16:15:30 +0200] "GET /news.php?cs_go=archiv&cs_id=5340&cs_search= HTTP/1.1" 200 11477 "-" "Mozilla/5.0 (compatible; Googlebot/2.1; +http://www.google.com/bot.html)"
66.249.78.154 - - [13/Apr/2015:16:18:30 +0200] "GET / HTTP/1.1" 200 15920 "-" "Mozilla/5.0 (iPhone; CPU iPhone OS 6_0 like Mac OS X) AppleWebKit/536.26 (KHTML, like Gecko) Version/6.0 Mobile/10A5376e Safari/8536.25 (compatible; Googlebot/2.1; +http://www.google.com/bot.html)"
66.249.78.50 - - [13/Apr/2015:16:21:30 +0200] "GET /news.php?cs_go=archiv&cs_id=4565&cs_search= HTTP/1.1" 200 11477 "-" "Mozilla/5.0 (compatible; Googlebot/2.1; +http://www.google.com/bot.html)"
66.249.78.161 - - [13/Apr/2015:16:24:33 +0200] "GET / HTTP/1.1" 200 15920 "-" "Mozilla/5.0 (iPhone; CPU iPhone OS 6_0 like Mac OS X) AppleWebKit/536.26 (KHTML, like Gecko) Version/6.0 Mobile/10A5376e Safari/8536.25 (compatible; Googlebot/2.1; +http://www.google.com/bot.html)"
66.249.78.50 - - [13/Apr/2015:16:27:33 +0200] "GET /news.php?cs_go=archiv&cs_id=4565&cs_search= HTTP/1.1" 200 11477 "-" "Mozilla/5.0 (compatible; Googlebot/2.1; +http://www.google.com/bot.html)"
66.249.78.154 - - [13/Apr/2015:16:31:09 +0200] "GET / HTTP/1.1" 200 15920 "-" "Mozilla/5.0 (iPhone; CPU iPhone OS 6_0 like Mac OS X) AppleWebKit/536.26 (KHTML, like Gecko) Version/6.0 Mobile/10A5376e Safari/8536.25 (compatible; Googlebot/2.1; +http://www.google.com/bot.html)"
157.55.39.162 - - [13/Apr/2015:16:41:28 +0200] "GET /robots.txt HTTP/1.1" 404 1256 "-" "Mozilla/5.0 (compatible; bingbot/2.0; +http://www.bing.com/bingbot.htm)"
66.249.78.43 - - [13/Apr/2015:16:38:20 +0200] "GET /tankanlagen.php HTTP/1.1" 200 11688 "-" "Mozilla/5.0 (iPhone; CPU iPhone OS 6_0 like Mac OS X) AppleWebKit/536.26 (KHTML, like Gecko) Version/6.0 Mobile/10A5376e Safari/8536.25 (compatible; Googlebot/2.1; +http://www.google.com/bot.html)"
157.55.39.162 - - [13/Apr/2015:16:41:37 +0200] "GET /adblue.php HTTP/1.1" 200 15638 "-" "msnbot-media/1.1 (+http://search.msn.com/msnbot.htm)"
66.249.78.36 - - [13/Apr/2015:16:45:02 +0200] "GET /tankanlagen.php HTTP/1.1" 200 11688 "-" "Mozilla/5.0 (iPhone; CPU iPhone OS 6_0 like Mac OS X) AppleWebKit/536.26 (KHTML, like Gecko) Version/6.0 Mobile/10A5376e Safari/8536.25 (compatible; Googlebot/2.1; +http://www.google.com/bot.html)"
66.249.78.36 - - [13/Apr/2015:16:51:27 +0200] "GET /tankanlagen.php HTTP/1.1" 200 11688 "-" "Mozilla/5.0 (iPhone; CPU iPhone OS 6_0 like Mac OS X) AppleWebKit/536.26 (KHTML, like Gecko) Version/6.0 Mobile/10A5376e Safari/8536.25 (compatible; Googlebot/2.1; +http://www.google.com/bot.html)"
199.58.86.209 - - [13/Apr/2015:17:24:48 +0200] "GET /robots.txt HTTP/1.0" 404 1256 "-" "Mozilla/5.0 (compatible; MJ12bot/v1.4.5; http://www.majestic12.co.uk/bot.php?+)"
199.58.86.209 - - [13/Apr/2015:17:24:58 +0200] "GET /robots.txt HTTP/1.0" 404 1256 "-" "Mozilla/5.0 (compatible; MJ12bot/v1.4.5; http://www.majestic12.co.uk/bot.php?+)"
199.58.86.209 - - [13/Apr/2015:17:25:07 +0200] "GET /robots.txt HTTP/1.0" 404 1256 "-" "Mozilla/5.0 (compatible; MJ12bot/v1.4.5; http://www.majestic12.co.uk/bot.php?+)"
199.58.86.209 - - [13/Apr/2015:17:27:53 +0200] "GET /robots.txt HTTP/1.0" 404 1256 "-" "Mozilla/5.0 (compatible; MJ12bot/v1.4.5; http://www.majestic12.co.uk/bot.php?+)"
199.58.86.209 - - [13/Apr/2015:17:28:39 +0200] "GET /robots.txt HTTP/1.0" 404 1256 "-" "Mozilla/5.0 (compatible; MJ12bot/v1.4.5; http://www.majestic12.co.uk/bot.php?+)"
91.42.21.226 - - [13/Apr/2015:17:29:21 +0200] "GET /style.css HTTP/1.1" 200 8056 "http://www.esso-berlin.de/" "Mozilla/5.0 (Windows NT 6.1; WOW64) AppleWebKit/537.36 (KHTML, like Gecko) Chrome/41.0.2272.118 Safari/537.36"
91.42.21.226 - - [13/Apr/2015:17:29:21 +0200] "GET /js/ddaccordion.js HTTP/1.1" 200 12534 "http://www.esso-berlin.de/" "Mozilla/5.0 (Windows NT 6.1; WOW64) AppleWebKit/537.36 (KHTML, like Gecko) Chrome/41.0.2272.118 Safari/537.36"
91.42.21.226 - - [13/Apr/2015:17:29:21 +0200] "GET /js/slider.js HTTP/1.1" 200 773 "http://www.esso-berlin.de/" "Mozilla/5.0 (Windows NT 6.1; WOW64) AppleWebKit/537.36 (KHTML, like Gecko) Chrome/41.0.2272.118 Safari/537.36"
91.42.21.226 - - [13/Apr/2015:17:29:21 +0200] "GET /Scripts/AC_ActiveX.js HTTP/1.1" 200 2068 "http://www.esso-berlin.de/" "Mozilla/5.0 (Windows NT 6.1; WOW64) AppleWebKit/537.36 (KHTML, like Gecko) Chrome/41.0.2272.118 Safari/537.36"
91.42.21.226 - - [13/Apr/2015:17:29:21 +0200] "GET /Scripts/AC_RunActiveContent.js HTTP/1.1" 200 8029 "http://www.esso-berlin.de/" "Mozilla/5.0 (Windows NT 6.1; WOW64) AppleWebKit/537.36 (KHTML, like Gecko) Chrome/41.0.2272.118 Safari/537.36"
91.42.21.226 - - [13/Apr/2015:17:29:21 +0200] "GET /modul.css HTTP/1.1" 200 36485 "http://www.esso-berlin.de/" "Mozilla/5.0 (Windows NT 6.1; WOW64) AppleWebKit/537.36 (KHTML, like Gecko) Chrome/41.0.2272.118 Safari/537.36"
91.42.21.226 - - [13/Apr/2015:17:29:21 +0200] "GET /js/jquery.min.js HTTP/1.1" 200 57254 "http://www.esso-berlin.de/" "Mozilla/5.0 (Windows NT 6.1; WOW64) AppleWebKit/537.36 (KHTML, like Gecko) Chrome/41.0.2272.118 Safari/537.36"
91.42.21.226 - - [13/Apr/2015:17:29:21 +0200] "GET /video/jwplayer.js HTTP/1.1" 200 132411 "http://www.esso-berlin.de/" "Mozilla/5.0 (Windows NT 6.1; WOW64) AppleWebKit/537.36 (KHTML, like Gecko) Chrome/41.0.2272.118 Safari/537.36"
91.42.21.226 - - [13/Apr/2015:17:29:26 +0200] "GET /images/header.jpg HTTP/1.1" 200 23758 "http://www.esso-berlin.de/style.css" "Mozilla/5.0 (Windows NT 6.1; WOW64) AppleWebKit/537.36 (KHTML, like Gecko) Chrome/41.0.2272.118 Safari/537.36"
91.42.21.226 - - [13/Apr/2015:17:29:26 +0200] "GET /images/content_bg.jpg HTTP/1.1" 200 437 "http://www.esso-berlin.de/style.css" "Mozilla/5.0 (Windows NT 6.1; WOW64) AppleWebKit/537.36 (KHTML, like Gecko) Chrome/41.0.2272.118 Safari/537.36"
91.42.21.226 - - [13/Apr/2015:17:29:26 +0200] "GET /images/logos.jpg HTTP/1.1" 200 1205 "http://www.esso-berlin.de/style.css" "Mozilla/5.0 (Windows NT 6.1; WOW64) AppleWebKit/537.36 (KHTML, like Gecko) Chrome/41.0.2272.118 Safari/537.36"
199.58.86.209 - - [13/Apr/2015:17:29:29 +0200] "GET /robots.txt HTTP/1.0" 404 1256 "-" "Mozilla/5.0 (compatible; MJ12bot/v1.4.5; http://www.majestic12.co.uk/bot.php?+)"
91.42.21.226 - - [13/Apr/2015:17:29:34 +0200] "GET /preisanfrage.php HTTP/1.1" 200 9071 "http://www.esso-berlin.de/" "Mozilla/5.0 (Windows NT 6.1; WOW64) AppleWebKit/537.36 (KHTML, like Gecko) Chrome/41.0.2272.118 Safari/537.36"
91.42.21.226 - - [13/Apr/2015:17:29:34 +0200] "GET /preisanfrage.php HTTP/1.1" 200 11493 "http://www.esso-berlin.de/" "Mozilla/5.0 (Windows NT 6.1; WOW64) AppleWebKit/537.36 (KHTML, like Gecko) Chrome/41.0.2272.118 Safari/537.36"
199.58.86.209 - - [13/Apr/2015:17:24:49 +0200] "GET /news.php?cs_go=archiv&cs_id=2950 HTTP/1.0" 200 11682 "-" "Mozilla/5.0 (compatible; MJ12bot/v1.4.5; http://www.majestic12.co.uk/bot.php?+)"
199.58.86.209 - - [13/Apr/2015:17:25:00 +0200] "GET /news.php?cs_go=archiv&cs_id=5273 HTTP/1.0" 200 11682 "-" "Mozilla/5.0 (compatible; MJ12bot/v1.4.5; http://www.majestic12.co.uk/bot.php?+)"
199.58.86.209 - - [13/Apr/2015:17:25:08 +0200] "GET /news.php?cs_go=archiv&cs_id=3968&cs_search= HTTP/1.0" 200 11682 "-" "Mozilla/5.0 (compatible; MJ12bot/v1.4.5; http://www.majestic12.co.uk/bot.php?+)"
199.58.86.209 - - [13/Apr/2015:17:25:33 +0200] "GET /news.php?cs_go=archiv&cs_id=3244 HTTP/1.0" 200 11682 "-" "Mozilla/5.0 (compatible; MJ12bot/v1.4.5; http://www.majestic12.co.uk/bot.php?+)"
199.58.86.209 - - [13/Apr/2015:17:25:46 +0200] "GET /news.php?cs_go=archiv&cs_id=5273&cs_search= HTTP/1.0" 200 11682 "-" "Mozilla/5.0 (compatible; MJ12bot/v1.4.5; http://www.majestic12.co.uk/bot.php?+)"
199.58.86.209 - - [13/Apr/2015:17:25:57 +0200] "GET /news.php?cs_go=archiv&cs_id=4108&cs_search= HTTP/1.0" 200 11682 "-" "Mozilla/5.0 (compatible; MJ12bot/v1.4.5; http://www.majestic12.co.uk/bot.php?+)"
91.42.21.226 - - [13/Apr/2015:17:29:21 +0200] "GET / HTTP/1.1" 200 15920 "-" "Mozilla/5.0 (Windows NT 6.1; WOW64) AppleWebKit/537.36 (KHTML, like Gecko) Chrome/41.0.2272.118 Safari/537.36"
199.58.86.209 - - [13/Apr/2015:17:26:22 +0200] "GET /news.php?cs_go=archiv&cs_id=3244&cs_search= HTTP/1.0" 200 11682 "-" "Mozilla/5.0 (compatible; MJ12bot/v1.4.5; http://www.majestic12.co.uk/bot.php?+)"
199.58.86.209 - - [13/Apr/2015:17:26:28 +0200] "GET /news.php?cs_go=archiv&cs_id=5363&cs_search= HTTP/1.0" 200 11682 "-" "Mozilla/5.0 (compatible; MJ12bot/v1.4.5; http://www.majestic12.co.uk/bot.php?+)"
199.58.86.209 - - [13/Apr/2015:17:27:08 +0200] "GET /news.php?cs_go=archiv&cs_id=3532 HTTP/1.0" 200 11682 "-" "Mozilla/5.0 (compatible; MJ12bot/v1.4.5; http://www.majestic12.co.uk/bot.php?+)"
199.58.86.209 - - [13/Apr/2015:17:27:54 +0200] "GET /news.php?cs_go=archiv&cs_id=3709&cs_search= HTTP/1.0" 200 11682 "-" "Mozilla/5.0 (compatible; MJ12bot/v1.4.5; http://www.majestic12.co.uk/bot.php?+)"
199.58.86.209 - - [13/Apr/2015:17:28:48 +0200] "GET /news.php?cs_go=archiv&cs_id=3827 HTTP/1.0" 200 11682 "-" "Mozilla/5.0 (compatible; MJ12bot/v1.4.5; http://www.majestic12.co.uk/bot.php?+)"
66.249.78.36 - - [13/Apr/2015:17:32:27 +0200] "GET /news.php?cs_go=archiv&cs_id=5343&cs_search= HTTP/1.1" 200 11477 "-" "Mozilla/5.0 (compatible; Googlebot/2.1; +http://www.google.com/bot.html)"
66.249.78.36 - - [13/Apr/2015:17:38:50 +0200] "GET /robots.txt HTTP/1.1" 404 1256 "-" "Mozilla/5.0 (compatible; Googlebot/2.1; +http://www.google.com/bot.html)"
199.58.86.209 - - [13/Apr/2015:17:29:30 +0200] "GET /news.php?cs_go=archiv&cs_id=3827&cs_search= HTTP/1.0" 200 11682 "-" "Mozilla/5.0 (compatible; MJ12bot/v1.4.5; http://www.majestic12.co.uk/bot.php?+)"
199.58.86.209 - - [13/Apr/2015:17:30:12 +0200] "GET /news.php?cs_go=archiv&cs_id=3953&cs_search= HTTP/1.0" 200 11682 "-" "Mozilla/5.0 (compatible; MJ12bot/v1.4.5; http://www.majestic12.co.uk/bot.php?+)"
199.58.86.209 - - [13/Apr/2015:17:30:54 +0200] "GET /news.php?cs_go=archiv&cs_id=3968 HTTP/1.0" 200 11682 "-" "Mozilla/5.0 (compatible; MJ12bot/v1.4.5; http://www.majestic12.co.uk/bot.php?+)"
199.58.86.209 - - [13/Apr/2015:17:31:37 +0200] "GET /news.php?cs_go=archiv&cs_id=3968&cs_search= HTTP/1.0" 200 11682 "-" "Mozilla/5.0 (compatible; MJ12bot/v1.4.5; http://www.majestic12.co.uk/bot.php?+)"
199.58.86.209 - - [13/Apr/2015:17:32:19 +0200] "GET /news.php?cs_go=archiv&cs_id=4108 HTTP/1.0" 200 11682 "-" "Mozilla/5.0 (compatible; MJ12bot/v1.4.5; http://www.majestic12.co.uk/bot.php?+)"
91.42.21.226 - - [13/Apr/2015:17:29:48 +0200] "GET /wunschpreis.php HTTP/1.1" 200 9224 "http://www.esso-berlin.de/preisanfrage.php" "Mozilla/5.0 (Windows NT 6.1; WOW64) AppleWebKit/537.36 (KHTML, like Gecko) Chrome/41.0.2272.118 Safari/537.36"
199.58.86.209 - - [13/Apr/2015:17:33:06 +0200] "GET /news.php?cs_go=archiv&cs_id=4171 HTTP/1.0" 200 11682 "-" "Mozilla/5.0 (compatible; MJ12bot/v1.4.5; http://www.majestic12.co.uk/bot.php?+)"
199.58.86.209 - - [13/Apr/2015:17:33:57 +0200] "GET /news.php?cs_go=archiv&cs_id=4171&cs_search= HTTP/1.0" 200 11682 "-" "Mozilla/5.0 (compatible; MJ12bot/v1.4.5; http://www.majestic12.co.uk/bot.php?+)"
199.58.86.209 - - [13/Apr/2015:17:34:40 +0200] "GET /news.php?cs_go=archiv&cs_id=4810&cs_search= HTTP/1.0" 200 11682 "-" "Mozilla/5.0 (compatible; MJ12bot/v1.4.5; http://www.majestic12.co.uk/bot.php?+)"
91.42.21.226 - - [13/Apr/2015:17:29:48 +0200] "GET /wunschpreis.php HTTP/1.1" 500 1275 "http://www.esso-berlin.de/preisanfrage.php" "Mozilla/5.0 (Windows NT 6.1; WOW64) AppleWebKit/537.36 (KHTML, like Gecko) Chrome/41.0.2272.118 Safari/537.36"
199.58.86.209 - - [13/Apr/2015:17:35:22 +0200] "GET /news.php?cs_go=archiv&cs_id=4811 HTTP/1.0" 200 11682 "-" "Mozilla/5.0 (compatible; MJ12bot/v1.4.5; http://www.majestic12.co.uk/bot.php?+)"
66.249.78.36 - - [13/Apr/2015:17:38:51 +0200] "GET /news.php?cs_go=archiv&cs_id=5343&cs_search= HTTP/1.1" 200 11477 "-" "Mozilla/5.0 (compatible; Googlebot/2.1; +http://www.google.com/bot.html)"
199.58.86.209 - - [13/Apr/2015:17:36:12 +0200] "GET /news.php?cs_go=archiv&cs_id=4811&cs_search= HTTP/1.0" 200 11682 "-" "Mozilla/5.0 (compatible; MJ12bot/v1.4.5; http://www.majestic12.co.uk/bot.php?+)"
91.42.21.226 - - [13/Apr/2015:17:30:43 +0200] "GET / HTTP/1.1" 500 1275 "-" "Mozilla/5.0 (Windows NT 6.1; WOW64) AppleWebKit/537.36 (KHTML, like Gecko) Chrome/41.0.2272.118 Safari/537.36"
91.42.21.226 - - [13/Apr/2015:17:30:52 +0200] "GET / HTTP/1.1" 500 1275 "-" "Mozilla/5.0 (Windows NT 6.1; WOW64) AppleWebKit/537.36 (KHTML, like Gecko) Chrome/41.0.2272.118 Safari/537.36"
199.58.86.209 - - [13/Apr/2015:17:36:56 +0200] "GET /news.php?cs_go=archiv&cs_id=4849 HTTP/1.0" 200 11682 "-" "Mozilla/5.0 (compatible; MJ12bot/v1.4.5; http://www.majestic12.co.uk/bot.php?+)"
91.42.21.226 - - [13/Apr/2015:17:31:35 +0200] "GET / HTTP/1.1" 500 1275 "-" "Mozilla/5.0 (Windows NT 6.1; WOW64) AppleWebKit/537.36 (KHTML, like Gecko) Chrome/41.0.2272.118 Safari/537.36"
199.58.86.209 - - [13/Apr/2015:17:37:38 +0200] "GET /news.php?cs_go=archiv&cs_id=4849&cs_search= HTTP/1.0" 200 11682 "-" "Mozilla/5.0 (compatible; MJ12bot/v1.4.5; http://www.majestic12.co.uk/bot.php?+)"
199.58.86.209 - - [13/Apr/2015:17:38:20 +0200] "GET /news.php?cs_go=archiv&cs_id=5094 HTTP/1.0" 200 11682 "-" "Mozilla/5.0 (compatible; MJ12bot/v1.4.5; http://www.majestic12.co.uk/bot.php?+)"
199.58.86.209 - - [13/Apr/2015:17:39:11 +0200] "GET /news.php?cs_go=archiv&cs_id=5094&cs_search= HTTP/1.0" 200 11682 "-" "Mozilla/5.0 (compatible; MJ12bot/v1.4.5; http://www.majestic12.co.uk/bot.php?+)"
199.58.86.209 - - [13/Apr/2015:17:39:54 +0200] "GET /news.php?cs_go=archiv&cs_id=5207 HTTP/1.0" 200 11682 "-" "Mozilla/5.0 (compatible; MJ12bot/v1.4.5; http://www.majestic12.co.uk/bot.php?+)"
199.58.86.209 - - [13/Apr/2015:17:40:39 +0200] "GET /news.php?cs_go=archiv&cs_id=5273 HTTP/1.0" 200 11682 "-" "Mozilla/5.0 (compatible; MJ12bot/v1.4.5; http://www.majestic12.co.uk/bot.php?+)"
66.249.78.36 - - [13/Apr/2015:17:44:01 +0200] "GET /news.php?cs_go=archiv&cs_id=5114 HTTP/1.1" 200 11477 "-" "Mozilla/5.0 (compatible; Googlebot/2.1; +http://www.google.com/bot.html)"
91.42.21.226 - - [13/Apr/2015:17:30:32 +0200] "GET /index.php HTTP/1.1" 500 1275 "http://www.esso-berlin.de/preisanfrage.php" "Mozilla/5.0 (Windows NT 6.1; WOW64) AppleWebKit/537.36 (KHTML, like Gecko) Chrome/41.0.2272.118 Safari/537.36"
66.249.78.50 - - [13/Apr/2015:17:47:00 +0200] "GET /news.php?cs_go=archiv&cs_id=5343&cs_search= HTTP/1.1" 200 11477 "-" "Mozilla/5.0 (compatible; Googlebot/2.1; +http://www.google.com/bot.html)"
66.249.78.36 - - [13/Apr/2015:17:50:45 +0200] "GET /news.php?cs_go=archiv&cs_id=5114 HTTP/1.1" 200 11477 "-" "Mozilla/5.0 (compatible; Googlebot/2.1; +http://www.google.com/bot.html)"
91.42.21.226 - - [13/Apr/2015:17:36:31 +0200] "GET / HTTP/1.1" 500 1275 "-" "Mozilla/5.0 (Windows NT 6.1; WOW64) AppleWebKit/537.36 (KHTML, like Gecko) Chrome/41.0.2272.118 Safari/537.36"
66.249.78.50 - - [13/Apr/2015:17:56:46 +0200] "GET /news.php?cs_go=archiv&cs_id=5114 HTTP/1.1" 200 11477 "-" "Mozilla/5.0 (compatible; Googlebot/2.1; +http://www.google.com/bot.html)"
52.28.48.148 - - [13/Apr/2015:18:32:21 +0200] "GET /robots.txt HTTP/1.0" 404 1256 "-" "BlackCatB/Nutch-1.10-SNAPSHOT"
136.243.24.27 - - [13/Apr/2015:18:36:55 +0200] "GET /robots.txt HTTP/1.0" 404 1256 "-" "Mozilla/5.0 (compatible; MJ12bot/v1.4.5; http://www.majestic12.co.uk/bot.php?+)"
136.243.24.27 - - [13/Apr/2015:18:41:17 +0200] "GET /robots.txt HTTP/1.0" 404 1256 "-" "Mozilla/5.0 (compatible; MJ12bot/v1.4.5; http://www.majestic12.co.uk/bot.php?+)"
52.28.48.148 - - [13/Apr/2015:18:32:21 +0200] "GET / HTTP/1.0" 200 16125 "-" "BlackCatB/Nutch-1.10-SNAPSHOT"
136.243.24.27 - - [13/Apr/2015:18:36:57 +0200] "GET /news.php?cs_go=archiv&cs_id=4774 HTTP/1.0" 200 11477 "-" "Mozilla/5.0 (compatible; MJ12bot/v1.4.5; http://www.majestic12.co.uk/bot.php?+)"
136.243.24.27 - - [13/Apr/2015:18:37:38 +0200] "GET /news.php?cs_go=archiv&cs_id=4775 HTTP/1.0" 200 11477 "-" "Mozilla/5.0 (compatible; MJ12bot/v1.4.5; http://www.majestic12.co.uk/bot.php?+)"
136.243.24.27 - - [13/Apr/2015:18:38:20 +0200] "GET /news.php?cs_go=archiv&cs_id=4939 HTTP/1.0" 200 11477 "-" "Mozilla/5.0 (compatible; MJ12bot/v1.4.5; http://www.majestic12.co.uk/bot.php?+)"
136.243.24.27 - - [13/Apr/2015:18:39:13 +0200] "GET /news.php?cs_go=archiv&cs_id=4945 HTTP/1.0" 200 11477 "-" "Mozilla/5.0 (compatible; MJ12bot/v1.4.5; http://www.majestic12.co.uk/bot.php?+)"
136.243.24.27 - - [13/Apr/2015:18:39:54 +0200] "GET /news.php?cs_go=archiv&cs_id=5181 HTTP/1.0" 200 11477 "-" "Mozilla/5.0 (compatible; MJ12bot/v1.4.5; http://www.majestic12.co.uk/bot.php?+)"
136.243.24.27 - - [13/Apr/2015:18:40:36 +0200] "GET /news.php?cs_go=archiv&cs_id=5182 HTTP/1.0" 200 11477 "-" "Mozilla/5.0 (compatible; MJ12bot/v1.4.5; http://www.majestic12.co.uk/bot.php?+)"
136.243.24.27 - - [13/Apr/2015:18:41:18 +0200] "GET /news.php?cs_go=archiv&cs_id=5183 HTTP/1.0" 200 11477 "-" "Mozilla/5.0 (compatible; MJ12bot/v1.4.5; http://www.majestic12.co.uk/bot.php?+)"
136.243.24.27 - - [13/Apr/2015:18:42:05 +0200] "GET /news.php?cs_go=archiv&cs_id=5360 HTTP/1.0" 200 11477 "-" "Mozilla/5.0 (compatible; MJ12bot/v1.4.5; http://www.majestic12.co.uk/bot.php?+)"
136.243.24.27 - - [13/Apr/2015:18:42:46 +0200] "GET /news.php?cs_go=archiv&cs_id=5374 HTTP/1.0" 200 11477 "-" "Mozilla/5.0 (compatible; MJ12bot/v1.4.5; http://www.majestic12.co.uk/bot.php?+)"
136.243.24.27 - - [13/Apr/2015:18:43:28 +0200] "GET /news.php?cs_go=archiv&cs_id=5375 HTTP/1.0" 200 11477 "-" "Mozilla/5.0 (compatible; MJ12bot/v1.4.5; http://www.majestic12.co.uk/bot.php?+)"
66.249.78.43 - - [13/Apr/2015:18:54:08 +0200] "GET /news.php?cs_go=archiv&cs_id=3999&cs_search= HTTP/1.1" 200 11477 "-" "Mozilla/5.0 (compatible; Googlebot/2.1; +http://www.google.com/bot.html)"
66.249.78.36 - - [13/Apr/2015:19:00:24 +0200] "GET /news.php?cs_go=archiv&cs_id=3999&cs_search= HTTP/1.1" 200 11477 "-" "Mozilla/5.0 (compatible; Googlebot/2.1; +http://www.google.com/bot.html)"
66.249.78.43 - - [13/Apr/2015:19:06:55 +0200] "GET /news.php?cs_go=archiv&cs_id=3999&cs_search= HTTP/1.1" 200 11477 "-" "Mozilla/5.0 (compatible; Googlebot/2.1; +http://www.google.com/bot.html)"
66.249.78.43 - - [13/Apr/2015:19:09:55 +0200] "GET /news.php?cs_go=archiv&cs_id=2731 HTTP/1.1" 200 11477 "-" "Mozilla/5.0 (compatible; Googlebot/2.1; +http://www.google.com/bot.html)"
66.249.78.2 - - [13/Apr/2015:19:22:15 +0200] "GET /robots.txt HTTP/1.1" 404 1256 "-" "Mozilla/5.0 (compatible; Googlebot/2.1; +http://www.google.com/bot.html)"
66.249.78.36 - - [13/Apr/2015:19:16:17 +0200] "GET /news.php?cs_go=archiv&cs_id=2731 HTTP/1.1" 200 11477 "-" "Mozilla/5.0 (compatible; Googlebot/2.1; +http://www.google.com/bot.html)"
66.249.78.249 - - [13/Apr/2015:19:22:15 +0200] "GET /baustellenbetankung.php HTTP/1.1" 200 12527 "-" "Mozilla/5.0 (compatible; Googlebot/2.1; +http://www.google.com/bot.html)"
66.249.78.36 - - [13/Apr/2015:19:22:24 +0200] "GET /news.php?cs_go=archiv&cs_id=2731 HTTP/1.1" 200 11477 "-" "Mozilla/5.0 (compatible; Googlebot/2.1; +http://www.google.com/bot.html)"
52.28.48.148 - - [13/Apr/2015:19:33:41 +0200] "GET /robots.txt HTTP/1.0" 404 1256 "-" "BlackCatB/Nutch-1.10-SNAPSHOT"
66.249.78.9 - - [13/Apr/2015:19:28:53 +0200] "GET /baustellenbetankung.php HTTP/1.1" 200 12527 "-" "Mozilla/5.0 (compatible; Googlebot/2.1; +http://www.google.com/bot.html)"
52.28.48.148 - - [13/Apr/2015:19:38:02 +0200] "GET /robots.txt HTTP/1.0" 404 1256 "-" "BlackCatB/Nutch-1.10-SNAPSHOT"
66.249.78.2 - - [13/Apr/2015:19:34:59 +0200] "GET /baustellenbetankung.php HTTP/1.1" 200 12527 "-" "Mozilla/5.0 (compatible; Googlebot/2.1; +http://www.google.com/bot.html)"
52.28.48.148 - - [13/Apr/2015:19:33:41 +0200] "GET / HTTP/1.0" 200 16125 "-" "BlackCatB/Nutch-1.10-SNAPSHOT"
52.28.48.148 - - [13/Apr/2015:19:38:02 +0200] "GET / HTTP/1.0" 200 16125 "-" "BlackCatB/Nutch-1.10-SNAPSHOT"
66.249.78.43 - - [13/Apr/2015:19:57:17 +0200] "GET / HTTP/1.1" 200 15920 "-" "Mozilla/5.0 (compatible; Googlebot/2.1; +http://www.google.com/bot.html)"
66.249.78.50 - - [13/Apr/2015:20:03:21 +0200] "GET / HTTP/1.1" 200 15920 "-" "Mozilla/5.0 (compatible; Googlebot/2.1; +http://www.google.com/bot.html)"
66.249.78.50 - - [13/Apr/2015:20:09:22 +0200] "GET / HTTP/1.1" 200 15920 "-" "Mozilla/5.0 (compatible; Googlebot/2.1; +http://www.google.com/bot.html)"
52.28.48.148 - - [13/Apr/2015:21:13:27 +0200] "GET /robots.txt HTTP/1.0" 404 1256 "-" "BlackCatB/Nutch-1.10-SNAPSHOT"
52.28.48.148 - - [13/Apr/2015:21:13:27 +0200] "GET / HTTP/1.0" 200 16125 "-" "BlackCatB/Nutch-1.10-SNAPSHOT"
66.249.78.43 - - [13/Apr/2015:21:17:23 +0200] "GET /news.php?cs_go=archiv&cs_id=3186 HTTP/1.1" 200 11477 "-" "Mozilla/5.0 (compatible; Googlebot/2.1; +http://www.google.com/bot.html)"
66.249.78.43 - - [13/Apr/2015:21:23:56 +0200] "GET /news.php?cs_go=archiv&cs_id=3186 HTTP/1.1" 200 11477 "-" "Mozilla/5.0 (compatible; Googlebot/2.1; +http://www.google.com/bot.html)"
66.249.78.50 - - [13/Apr/2015:21:27:25 +0200] "GET /news.php?cs_go=archiv&cs_id=5023&cs_search= HTTP/1.1" 200 11477 "-" "Mozilla/5.0 (compatible; Googlebot/2.1; +http://www.google.com/bot.html)"
66.249.78.36 - - [13/Apr/2015:21:30:32 +0200] "GET /news.php?cs_go=archiv&cs_id=3186 HTTP/1.1" 200 11477 "-" "Mozilla/5.0 (compatible; Googlebot/2.1; +http://www.google.com/bot.html)"
66.249.78.43 - - [13/Apr/2015:21:34:02 +0200] "GET /news.php?cs_go=archiv&cs_id=5023&cs_search= HTTP/1.1" 200 11477 "-" "Mozilla/5.0 (compatible; Googlebot/2.1; +http://www.google.com/bot.html)"
66.249.78.50 - - [13/Apr/2015:21:40:27 +0200] "GET /news.php?cs_go=archiv&cs_id=5023&cs_search= HTTP/1.1" 200 11477 "-" "Mozilla/5.0 (compatible; Googlebot/2.1; +http://www.google.com/bot.html)"
66.249.78.161 - - [13/Apr/2015:22:18:47 +0200] "GET /news.php?cs_go=archiv&cs_id=1163&cs_search= HTTP/1.1" 200 11477 "-" "Mozilla/5.0 (compatible; Googlebot/2.1; +http://www.google.com/bot.html)"
66.249.78.161 - - [13/Apr/2015:22:25:07 +0200] "GET /news.php?cs_go=archiv&cs_id=1163&cs_search= HTTP/1.1" 200 11477 "-" "Mozilla/5.0 (compatible; Googlebot/2.1; +http://www.google.com/bot.html)"
66.249.78.147 - - [13/Apr/2015:22:31:44 +0200] "GET /news.php?cs_go=archiv&cs_id=1163&cs_search= HTTP/1.1" 200 11477 "-" "Mozilla/5.0 (compatible; Googlebot/2.1; +http://www.google.com/bot.html)"
66.249.78.43 - - [13/Apr/2015:22:53:40 +0200] "GET /news.php?cs_go=archiv&cs_id=2397 HTTP/1.1" 200 11477 "-" "Mozilla/5.0 (compatible; Googlebot/2.1; +http://www.google.com/bot.html)"
66.249.64.171 - - [13/Apr/2015:23:00:06 +0200] "GET /news.php?cs_go=archiv&cs_id=2397 HTTP/1.1" 200 11477 "-" "Mozilla/5.0 (compatible; Googlebot/2.1; +http://www.google.com/bot.html)"
66.249.78.36 - - [13/Apr/2015:23:06:15 +0200] "GET /news.php?cs_go=archiv&cs_id=2397 HTTP/1.1" 200 11477 "-" "Mozilla/5.0 (compatible; Googlebot/2.1; +http://www.google.com/bot.html)"
66.249.78.43 - - [13/Apr/2015:23:31:20 +0200] "GET / HTTP/1.1" 200 15920 "-" "Mozilla/5.0 (compatible; Googlebot/2.1; +http://www.google.com/bot.html)"
66.249.64.175 - - [13/Apr/2015:23:37:30 +0200] "GET / HTTP/1.1" 200 15920 "-" "Mozilla/5.0 (compatible; Googlebot/2.1; +http://www.google.com/bot.html)"
66.249.78.50 - - [13/Apr/2015:23:44:03 +0200] "GET / HTTP/1.1" 200 15920 "-" "Mozilla/5.0 (compatible; Googlebot/2.1; +http://www.google.com/bot.html)"
207.46.13.137 - - [13/Apr/2015:23:51:46 +0200] "GET /energiekostenvergleich.php HTTP/1.1" 200 9203 "-" "Mozilla/5.0 (compatible; bingbot/2.0; +http://www.bing.com/bingbot.htm)"
66.249.78.50 - - [13/Apr/2015:23:52:55 +0200] "GET /news.php?cs_go=archiv&cs_id=2296 HTTP/1.1" 200 11477 "-" "Mozilla/5.0 (compatible; Googlebot/2.1; +http://www.google.com/bot.html)"
194.6.232.149 - - [14/Apr/2015:00:04:27 +0200] "GET /robots.txt HTTP/1.1" 404 1256 "-" "Mozilla/5.0 (Windows NT 6.3; WOW64; rv:36.0) Gecko/20100101 Firefox/36.0"
194.6.232.149 - - [14/Apr/2015:00:04:30 +0200] "GET /wp-login.php HTTP/1.1" 404 1256 "-" "Mozilla/5.0 (Windows NT 6.1; rv:37.0) Gecko/20100101 Firefox/37.0"
66.249.78.50 - - [13/Apr/2015:23:58:55 +0200] "GET /news.php?cs_go=archiv&cs_id=2296 HTTP/1.1" 200 11477 "-" "Mozilla/5.0 (compatible; Googlebot/2.1; +http://www.google.com/bot.html)"
194.6.232.149 - - [14/Apr/2015:00:04:30 +0200] "GET / HTTP/1.1" 200 9656 "-" "Mozilla/5.0 (Windows NT 6.1; rv:37.0) Gecko/20100101 Firefox/37.0"
66.249.78.50 - - [14/Apr/2015:00:05:12 +0200] "GET /news.php?cs_go=archiv&cs_id=2296 HTTP/1.1" 200 11477 "-" "Mozilla/5.0 (compatible; Googlebot/2.1; +http://www.google.com/bot.html)"
66.249.78.50 - - [14/Apr/2015:00:28:11 +0200] "GET /news.php?cs_go=archiv&cs_id=3740 HTTP/1.1" 200 11477 "-" "Mozilla/5.0 (compatible; Googlebot/2.1; +http://www.google.com/bot.html)"
66.249.78.36 - - [14/Apr/2015:00:34:55 +0200] "GET /news.php?cs_go=archiv&cs_id=3740 HTTP/1.1" 200 11477 "-" "Mozilla/5.0 (compatible; Googlebot/2.1; +http://www.google.com/bot.html)"
66.249.78.36 - - [14/Apr/2015:00:40:57 +0200] "GET /news.php?cs_go=archiv&cs_id=3740 HTTP/1.1" 200 11477 "-" "Mozilla/5.0 (compatible; Googlebot/2.1; +http://www.google.com/bot.html)"
157.55.39.162 - - [14/Apr/2015:00:48:16 +0200] "GET /schmierstoffe.php HTTP/1.1" 200 14226 "-" "msnbot-media/1.1 (+http://search.msn.com/msnbot.htm)"
207.46.13.137 - - [14/Apr/2015:01:03:13 +0200] "GET /premiumheizoel.php HTTP/1.1" 200 12030 "-" "Mozilla/5.0 (compatible; bingbot/2.0; +http://www.bing.com/bingbot.htm)"
66.249.78.135 - - [14/Apr/2015:01:11:10 +0200] "GET /robots.txt HTTP/1.1" 404 1256 "-" "Mozilla/5.0 (compatible; Googlebot/2.1; +http://www.google.com/bot.html)"
66.249.78.135 - - [14/Apr/2015:01:11:10 +0200] "GET /kwk.php?cs_go=2 HTTP/1.1" 200 11474 "-" "Mozilla/5.0 (compatible; Googlebot/2.1; +http://www.google.com/bot.html)"
66.249.78.135 - - [14/Apr/2015:01:17:17 +0200] "GET /kwk.php?cs_go=2 HTTP/1.1" 200 11474 "-" "Mozilla/5.0 (compatible; Googlebot/2.1; +http://www.google.com/bot.html)"
66.249.78.142 - - [14/Apr/2015:01:23:41 +0200] "GET /kwk.php?cs_go=2 HTTP/1.1" 200 11474 "-" "Mozilla/5.0 (compatible; Googlebot/2.1; +http://www.google.com/bot.html)"
111.206.20.3 - - [14/Apr/2015:02:30:35 +0200] "GET /favicon.ico HTTP/1.1" 404 1256 "-" "Mozilla/4.0 (compatible; MSIE 7.0; Windows NT 5.1; Trident/4.0; .NET CLR 2.0.50727; 360space)"
157.55.39.223 - - [14/Apr/2015:02:35:12 +0200] "GET /robots.txt HTTP/1.1" 404 1256 "-" "Mozilla/5.0 (compatible; bingbot/2.0; +http://www.bing.com/bingbot.htm)"
157.55.39.223 - - [14/Apr/2015:02:35:14 +0200] "GET /ansprechpartner.php HTTP/1.1" 200 9240 "-" "Mozilla/5.0 (compatible; bingbot/2.0; +http://www.bing.com/bingbot.htm)"
157.55.39.11 - - [14/Apr/2015:02:35:49 +0200] "GET /premiumheizoel.php HTTP/1.1" 200 12030 "-" "Mozilla/5.0 (compatible; bingbot/2.0; +http://www.bing.com/bingbot.htm)"
157.55.39.11 - - [14/Apr/2015:02:36:25 +0200] "GET /essocard.php HTTP/1.1" 200 12991 "-" "Mozilla/5.0 (compatible; bingbot/2.0; +http://www.bing.com/bingbot.htm)"
157.55.39.223 - - [14/Apr/2015:02:37:01 +0200] "GET /brennwerttechnik.php HTTP/1.1" 200 9433 "-" "Mozilla/5.0 (compatible; bingbot/2.0; +http://www.bing.com/bingbot.htm)"
157.55.39.11 - - [14/Apr/2015:02:37:36 +0200] "GET /impressum.php HTTP/1.1" 200 12731 "-" "Mozilla/5.0 (compatible; bingbot/2.0; +http://www.bing.com/bingbot.htm)"
157.55.39.223 - - [14/Apr/2015:02:38:11 +0200] "GET /edl.php HTTP/1.1" 200 9109 "-" "Mozilla/5.0 (compatible; bingbot/2.0; +http://www.bing.com/bingbot.htm)"
157.55.39.11 - - [14/Apr/2015:02:38:46 +0200] "GET /index.php HTTP/1.1" 200 9656 "-" "Mozilla/5.0 (compatible; bingbot/2.0; +http://www.bing.com/bingbot.htm)"
157.55.39.11 - - [14/Apr/2015:02:39:21 +0200] "GET /tankreinigung.php HTTP/1.1" 200 9335 "-" "Mozilla/5.0 (compatible; bingbot/2.0; +http://www.bing.com/bingbot.htm)"
157.55.39.11 - - [14/Apr/2015:02:39:56 +0200] "GET /kwk.php HTTP/1.1" 200 9048 "-" "Mozilla/5.0 (compatible; bingbot/2.0; +http://www.bing.com/bingbot.htm)"
66.249.78.210 - - [14/Apr/2015:02:47:19 +0200] "GET /robots.txt HTTP/1.1" 404 1256 "-" "Mozilla/5.0 (compatible; Googlebot/2.1; +http://www.google.com/bot.html)"
66.249.78.217 - - [14/Apr/2015:02:47:20 +0200] "GET /modul.css HTTP/1.1" 200 36485 "-" "Mozilla/5.0 (compatible; Googlebot/2.1; +http://www.google.com/bot.html)"
66.249.78.50 - - [14/Apr/2015:02:43:31 +0200] "GET /news.php?cs_go=archiv&cs_id=4214&cs_search= HTTP/1.1" 200 11477 "-" "Mozilla/5.0 (compatible; Googlebot/2.1; +http://www.google.com/bot.html)"
157.55.39.203 - - [14/Apr/2015:02:52:33 +0200] "GET /heizoel.php HTTP/1.1" 200 9577 "-" "Mozilla/5.0 (compatible; bingbot/2.0; +http://www.bing.com/bingbot.htm)"
157.55.39.203 - - [14/Apr/2015:02:53:12 +0200] "GET /biogasanlage.php HTTP/1.1" 200 11704 "-" "Mozilla/5.0 (compatible; bingbot/2.0; +http://www.bing.com/bingbot.htm)"
66.249.78.36 - - [14/Apr/2015:02:50:08 +0200] "GET /news.php?cs_go=archiv&cs_id=4214&cs_search= HTTP/1.1" 200 11477 "-" "Mozilla/5.0 (compatible; Googlebot/2.1; +http://www.google.com/bot.html)"
157.55.39.203 - - [14/Apr/2015:02:53:52 +0200] "GET /preisanfrage.php HTTP/1.1" 200 9071 "-" "Mozilla/5.0 (compatible; bingbot/2.0; +http://www.bing.com/bingbot.htm)"
157.55.39.203 - - [14/Apr/2015:02:54:32 +0200] "GET /news.php HTTP/1.1" 200 9055 "-" "Mozilla/5.0 (compatible; bingbot/2.0; +http://www.bing.com/bingbot.htm)"
157.55.39.203 - - [14/Apr/2015:02:55:12 +0200] "GET /essoschmierstoffe.php HTTP/1.1" 200 15387 "-" "Mozilla/5.0 (compatible; bingbot/2.0; +http://www.bing.com/bingbot.htm)"
157.55.39.203 - - [14/Apr/2015:02:55:53 +0200] "GET /wunschpreis.php HTTP/1.1" 200 9224 "-" "Mozilla/5.0 (compatible; bingbot/2.0; +http://www.bing.com/bingbot.htm)"
157.55.39.203 - - [14/Apr/2015:02:56:33 +0200] "GET /marktdaten.php HTTP/1.1" 200 11898 "-" "Mozilla/5.0 (compatible; bingbot/2.0; +http://www.bing.com/bingbot.htm)"
157.55.39.203 - - [14/Apr/2015:02:57:13 +0200] "GET /tankanlagen.php HTTP/1.1" 200 9266 "-" "Mozilla/5.0 (compatible; bingbot/2.0; +http://www.bing.com/bingbot.htm)"
157.55.39.203 - - [14/Apr/2015:02:57:54 +0200] "GET /kontakt.php HTTP/1.1" 200 9045 "-" "Mozilla/5.0 (compatible; bingbot/2.0; +http://www.bing.com/bingbot.htm)"
66.249.78.2 - - [14/Apr/2015:02:55:10 +0200] "GET / HTTP/1.1" 200 15920 "-" "Mozilla/5.0 (iPhone; CPU iPhone OS 6_0 like Mac OS X) AppleWebKit/536.26 (KHTML, like Gecko) Version/6.0 Mobile/10A5376e Safari/8536.25 (compatible; Googlebot/2.1; +http://www.google.com/bot.html)"
66.249.78.224 - - [14/Apr/2015:03:04:12 +0200] "GET /style.css HTTP/1.1" 200 8056 "-" "Mozilla/5.0 (compatible; Googlebot/2.1; +http://www.google.com/bot.html)"
66.249.78.36 - - [14/Apr/2015:02:58:10 +0200] "GET /news.php?cs_go=archiv&cs_id=4214&cs_search= HTTP/1.1" 200 11477 "-" "Mozilla/5.0 (compatible; Googlebot/2.1; +http://www.google.com/bot.html)"
66.249.78.2 - - [14/Apr/2015:03:01:12 +0200] "GET / HTTP/1.1" 200 15920 "-" "Mozilla/5.0 (iPhone; CPU iPhone OS 6_0 like Mac OS X) AppleWebKit/536.26 (KHTML, like Gecko) Version/6.0 Mobile/10A5376e Safari/8536.25 (compatible; Googlebot/2.1; +http://www.google.com/bot.html)"
66.249.78.9 - - [14/Apr/2015:03:07:26 +0200] "GET / HTTP/1.1" 200 15920 "-" "Mozilla/5.0 (iPhone; CPU iPhone OS 6_0 like Mac OS X) AppleWebKit/536.26 (KHTML, like Gecko) Version/6.0 Mobile/10A5376e Safari/8536.25 (compatible; Googlebot/2.1; +http://www.google.com/bot.html)"
66.249.78.50 - - [14/Apr/2015:04:24:35 +0200] "GET /news.php?cs_go=archiv&cs_id=4737 HTTP/1.1" 200 11477 "-" "Mozilla/5.0 (compatible; Googlebot/2.1; +http://www.google.com/bot.html)"
66.249.78.43 - - [14/Apr/2015:04:31:03 +0200] "GET /news.php?cs_go=archiv&cs_id=4737 HTTP/1.1" 200 11477 "-" "Mozilla/5.0 (compatible; Googlebot/2.1; +http://www.google.com/bot.html)"
66.249.78.50 - - [14/Apr/2015:04:37:15 +0200] "GET /news.php?cs_go=archiv&cs_id=4737 HTTP/1.1" 200 11477 "-" "Mozilla/5.0 (compatible; Googlebot/2.1; +http://www.google.com/bot.html)"
123.125.71.95 - - [14/Apr/2015:04:59:51 +0200] "GET / HTTP/1.1" 200 9656 "-" "Mozilla/5.0 (Windows NT 5.1; rv:6.0.2) Gecko/20100101 Firefox/6.0.2"
220.181.108.140 - - [14/Apr/2015:05:05:35 +0200] "GET / HTTP/1.1" 200 9656 "-" "Mozilla/5.0 (Windows NT 5.1; rv:6.0.2) Gecko/20100101 Firefox/6.0.2"
220.181.132.220 - - [14/Apr/2015:05:12:23 +0200] "GET / HTTP/1.1" 200 15920 "http://www.esso-berlin.de/" "Mozilla/4.0 (compatible; MSIE 8.0; Windows NT 6.1; Trident/4.0; SLCC2; .NET CLR 2.0.50727; .NET CLR 3.5.30729; .NET CLR 3.0.30729; Media Center PC 6.0; Tablet PC 2.0)"
171.13.14.134 - - [14/Apr/2015:05:12:35 +0200] "GET / HTTP/1.1" 200 15920 "http://www.esso-berlin.de/" "Mozilla/4.0 (compatible; MSIE 8.0; Windows NT 6.1; Trident/4.0; SLCC2; .NET CLR 2.0.50727; .NET CLR 3.5.30729; .NET CLR 3.0.30729; Media Center PC 6.0; Tablet PC 2.0)"
66.249.78.135 - - [14/Apr/2015:05:28:40 +0200] "GET /news.php?cs_go=archiv&cs_id=4917 HTTP/1.1" 200 11477 "-" "Mozilla/5.0 (compatible; Googlebot/2.1; +http://www.google.com/bot.html)"
66.249.78.224 - - [14/Apr/2015:05:31:40 +0200] "GET /tankanlagen.php HTTP/1.1" 200 11688 "-" "Mozilla/5.0 (iPhone; CPU iPhone OS 6_0 like Mac OS X) AppleWebKit/536.26 (KHTML, like Gecko) Version/6.0 Mobile/10A5376e Safari/8536.25 (compatible; Googlebot/2.1; +http://www.google.com/bot.html)"
66.249.78.135 - - [14/Apr/2015:05:35:14 +0200] "GET /news.php?cs_go=archiv&cs_id=4917 HTTP/1.1" 200 11477 "-" "Mozilla/5.0 (compatible; Googlebot/2.1; +http://www.google.com/bot.html)"
66.249.78.224 - - [14/Apr/2015:05:38:15 +0200] "GET /tankanlagen.php HTTP/1.1" 200 11688 "-" "Mozilla/5.0 (iPhone; CPU iPhone OS 6_0 like Mac OS X) AppleWebKit/536.26 (KHTML, like Gecko) Version/6.0 Mobile/10A5376e Safari/8536.25 (compatible; Googlebot/2.1; +http://www.google.com/bot.html)"
66.249.78.149 - - [14/Apr/2015:05:41:50 +0200] "GET /news.php?cs_go=archiv&cs_id=4917 HTTP/1.1" 200 11477 "-" "Mozilla/5.0 (compatible; Googlebot/2.1; +http://www.google.com/bot.html)"
141.8.189.118 - - [14/Apr/2015:05:49:53 +0200] "GET /robots.txt HTTP/1.1" 404 1256 "-" "Mozilla/5.0 (compatible; YandexBot/3.0; +http://yandex.com/bots)"
66.249.78.217 - - [14/Apr/2015:05:44:51 +0200] "GET /tankanlagen.php HTTP/1.1" 200 11688 "-" "Mozilla/5.0 (iPhone; CPU iPhone OS 6_0 like Mac OS X) AppleWebKit/536.26 (KHTML, like Gecko) Version/6.0 Mobile/10A5376e Safari/8536.25 (compatible; Googlebot/2.1; +http://www.google.com/bot.html)"
157.55.39.223 - - [14/Apr/2015:05:49:17 +0200] "GET /ansprechpartner.php HTTP/1.1" 200 13702 "-" "Mozilla/5.0 (compatible; bingbot/2.0; +http://www.bing.com/bingbot.htm)"
157.55.39.54 - - [14/Apr/2015:05:49:51 +0200] "GET /diesel.php HTTP/1.1" 200 9536 "-" "Mozilla/5.0 (compatible; bingbot/2.0; +http://www.bing.com/bingbot.htm)"
157.55.39.11 - - [14/Apr/2015:05:49:55 +0200] "GET /premiumheizoel.php HTTP/1.1" 200 9487 "-" "Mozilla/5.0 (compatible; bingbot/2.0; +http://www.bing.com/bingbot.htm)"
157.55.39.54 - - [14/Apr/2015:05:50:26 +0200] "GET /ofenbau.php HTTP/1.1" 200 9274 "-" "Mozilla/5.0 (compatible; bingbot/2.0; +http://www.bing.com/bingbot.htm)"
157.55.39.11 - - [14/Apr/2015:05:50:31 +0200] "GET /essocard.php HTTP/1.1" 200 9152 "-" "Mozilla/5.0 (compatible; bingbot/2.0; +http://www.bing.com/bingbot.htm)"
157.55.39.54 - - [14/Apr/2015:05:51:01 +0200] "GET /news.php?cs_go=archiv HTTP/1.1" 200 9055 "-" "Mozilla/5.0 (compatible; bingbot/2.0; +http://www.bing.com/bingbot.htm)"
157.55.39.11 - - [14/Apr/2015:05:51:07 +0200] "GET /brennwerttechnik.php HTTP/1.1" 200 9433 "-" "Mozilla/5.0 (compatible; bingbot/2.0; +http://www.bing.com/bingbot.htm)"
157.55.39.0 - - [14/Apr/2015:05:51:26 +0200] "GET /schmierstoffe.php HTTP/1.1" 200 9268 "-" "Mozilla/5.0 (compatible; bingbot/2.0; +http://www.bing.com/bingbot.htm)"
157.55.39.54 - - [14/Apr/2015:05:51:36 +0200] "GET /adblue.php HTTP/1.1" 200 15638 "-" "Mozilla/5.0 (compatible; bingbot/2.0; +http://www.bing.com/bingbot.htm)"
157.55.39.11 - - [14/Apr/2015:05:51:42 +0200] "GET /impressum.php HTTP/1.1" 200 9035 "-" "Mozilla/5.0 (compatible; bingbot/2.0; +http://www.bing.com/bingbot.htm)"
157.55.39.0 - - [14/Apr/2015:05:52:10 +0200] "GET /energiesparcheck.php HTTP/1.1" 200 9127 "-" "Mozilla/5.0 (compatible; bingbot/2.0; +http://www.bing.com/bingbot.htm)"
157.55.39.54 - - [14/Apr/2015:05:52:16 +0200] "GET /ec.php HTTP/1.1" 200 9194 "-" "Mozilla/5.0 (compatible; bingbot/2.0; +http://www.bing.com/bingbot.htm)"
157.55.39.223 - - [14/Apr/2015:05:52:21 +0200] "GET /edl.php HTTP/1.1" 200 9109 "-" "Mozilla/5.0 (compatible; bingbot/2.0; +http://www.bing.com/bingbot.htm)"
157.55.39.0 - - [14/Apr/2015:05:52:45 +0200] "GET /foerdermittel.php HTTP/1.1" 200 9402 "-" "Mozilla/5.0 (compatible; bingbot/2.0; +http://www.bing.com/bingbot.htm)"
157.55.39.11 - - [14/Apr/2015:05:52:58 +0200] "GET /index.php HTTP/1.1" 200 9656 "-" "Mozilla/5.0 (compatible; bingbot/2.0; +http://www.bing.com/bingbot.htm)"
141.8.189.118 - - [14/Apr/2015:05:49:56 +0200] "GET / HTTP/1.1" 200 15920 "-" "Mozilla/5.0 (compatible; YandexBot/3.0; +http://yandex.com/bots)"
157.55.39.0 - - [14/Apr/2015:05:53:26 +0200] "GET /notdienst.php HTTP/1.1" 200 12228 "-" "Mozilla/5.0 (compatible; bingbot/2.0; +http://www.bing.com/bingbot.htm)"
157.55.39.11 - - [14/Apr/2015:05:53:32 +0200] "GET /tankreinigung.php HTTP/1.1" 200 9229 "-" "Mozilla/5.0 (compatible; bingbot/2.0; +http://www.bing.com/bingbot.htm)"
157.55.39.0 - - [14/Apr/2015:05:54:10 +0200] "GET /newsletter.php HTTP/1.1" 200 9058 "-" "Mozilla/5.0 (compatible; bingbot/2.0; +http://www.bing.com/bingbot.htm)"
157.55.39.223 - - [14/Apr/2015:05:54:14 +0200] "GET /kwk.php HTTP/1.1" 200 9048 "-" "Mozilla/5.0 (compatible; bingbot/2.0; +http://www.bing.com/bingbot.htm)"
141.8.189.118 - - [14/Apr/2015:05:51:13 +0200] "GET / HTTP/1.1" 200 15920 "-" "Mozilla/5.0 (compatible; YandexBot/3.0; +http://yandex.com/bots)"
157.55.39.0 - - [14/Apr/2015:05:54:46 +0200] "GET /lexikon.php HTTP/1.1" 200 9042 "-" "Mozilla/5.0 (compatible; bingbot/2.0; +http://www.bing.com/bingbot.htm)"
157.55.39.0 - - [14/Apr/2015:05:55:23 +0200] "GET /baustellenbetankung.php HTTP/1.1" 200 12322 "-" "Mozilla/5.0 (compatible; bingbot/2.0; +http://www.bing.com/bingbot.htm)"
141.8.189.118 - - [14/Apr/2015:05:52:30 +0200] "GET / HTTP/1.1" 200 15920 "-" "Mozilla/5.0 (compatible; YandexBot/3.0; +http://yandex.com/bots)"
157.55.39.0 - - [14/Apr/2015:05:56:02 +0200] "GET /faq.php HTTP/1.1" 200 9054 "-" "Mozilla/5.0 (compatible; bingbot/2.0; +http://www.bing.com/bingbot.htm)"
141.8.189.118 - - [14/Apr/2015:05:53:47 +0200] "GET / HTTP/1.1" 200 15920 "-" "Mozilla/5.0 (compatible; YandexBot/3.0; +http://yandex.com/bots)"
207.46.13.82 - - [14/Apr/2015:06:50:49 +0200] "GET /diesel.php HTTP/1.1" 200 9536 "-" "Mozilla/5.0 (compatible; bingbot/2.0; +http://www.bing.com/bingbot.htm)"
66.249.78.126 - - [14/Apr/2015:07:38:55 +0200] "GET /robots.txt HTTP/1.1" 404 1256 "-" "Mozilla/5.0 (compatible; Googlebot/2.1; +http://www.google.com/bot.html)"
66.249.78.119 - - [14/Apr/2015:07:38:55 +0200] "GET /news.php?cs_go=archiv&cs_id=5289 HTTP/1.1" 200 11477 "-" "Mozilla/5.0 (compatible; Googlebot/2.1; +http://www.google.com/bot.html)"
66.249.78.126 - - [14/Apr/2015:07:45:22 +0200] "GET /news.php?cs_go=archiv&cs_id=5289 HTTP/1.1" 200 11477 "-" "Mozilla/5.0 (compatible; Googlebot/2.1; +http://www.google.com/bot.html)"
66.249.64.64 - - [14/Apr/2015:07:51:33 +0200] "GET /news.php?cs_go=archiv&cs_id=5289 HTTP/1.1" 200 11477 "-" "Mozilla/5.0 (compatible; Googlebot/2.1; +http://www.google.com/bot.html)"
157.55.39.11 - - [14/Apr/2015:08:26:56 +0200] "GET /ansprechpartner.php HTTP/1.1" 200 13702 "-" "Mozilla/5.0 (compatible; bingbot/2.0; +http://www.bing.com/bingbot.htm)"
157.55.39.223 - - [14/Apr/2015:08:27:31 +0200] "GET /premiumheizoel.php HTTP/1.1" 200 12030 "-" "Mozilla/5.0 (compatible; bingbot/2.0; +http://www.bing.com/bingbot.htm)"
157.55.39.11 - - [14/Apr/2015:08:28:06 +0200] "GET /essocard.php HTTP/1.1" 200 12991 "-" "Mozilla/5.0 (compatible; bingbot/2.0; +http://www.bing.com/bingbot.htm)"
157.55.39.11 - - [14/Apr/2015:08:28:42 +0200] "GET /brennwerttechnik.php HTTP/1.1" 200 9433 "-" "Mozilla/5.0 (compatible; bingbot/2.0; +http://www.bing.com/bingbot.htm)"
157.55.39.223 - - [14/Apr/2015:08:29:17 +0200] "GET /impressum.php HTTP/1.1" 200 12731 "-" "Mozilla/5.0 (compatible; bingbot/2.0; +http://www.bing.com/bingbot.htm)"
157.55.39.11 - - [14/Apr/2015:08:29:52 +0200] "GET /edl.php HTTP/1.1" 200 9109 "-" "Mozilla/5.0 (compatible; bingbot/2.0; +http://www.bing.com/bingbot.htm)"
157.55.39.223 - - [14/Apr/2015:08:30:28 +0200] "GET /index.php HTTP/1.1" 200 9656 "-" "Mozilla/5.0 (compatible; bingbot/2.0; +http://www.bing.com/bingbot.htm)"
157.55.39.11 - - [14/Apr/2015:08:31:03 +0200] "GET /tankreinigung.php HTTP/1.1" 200 9335 "-" "Mozilla/5.0 (compatible; bingbot/2.0; +http://www.bing.com/bingbot.htm)"
157.55.39.11 - - [14/Apr/2015:08:31:40 +0200] "GET /kwk.php HTTP/1.1" 200 9048 "-" "Mozilla/5.0 (compatible; bingbot/2.0; +http://www.bing.com/bingbot.htm)"
207.46.13.74 - - [14/Apr/2015:09:00:59 +0200] "GET /robots.txt HTTP/1.1" 404 1256 "-" "Mozilla/5.0 (compatible; bingbot/2.0; +http://www.bing.com/bingbot.htm)"
207.46.13.74 - - [14/Apr/2015:09:01:06 +0200] "GET /news.php?cs_go=archiv&cs_id=4840 HTTP/1.1" 200 9055 "-" "Mozilla/5.0 (compatible; bingbot/2.0; +http://www.bing.com/bingbot.htm)"
123.125.71.100 - - [14/Apr/2015:09:05:13 +0200] "GET / HTTP/1.1" 200 9656 "-" "Mozilla/5.0 (Windows NT 5.1; rv:6.0.2) Gecko/20100101 Firefox/6.0.2"
220.181.108.171 - - [14/Apr/2015:09:11:55 +0200] "GET / HTTP/1.1" 200 9656 "-" "Mozilla/5.0 (Windows NT 5.1; rv:6.0.2) Gecko/20100101 Firefox/6.0.2"
123.125.71.111 - - [14/Apr/2015:09:54:13 +0200] "GET / HTTP/1.1" 200 9656 "-" "Mozilla/5.0 (Windows NT 5.1; rv:6.0.2) Gecko/20100101 Firefox/6.0.2"
220.181.108.165 - - [14/Apr/2015:10:02:05 +0200] "GET / HTTP/1.1" 200 9656 "-" "Mozilla/5.0 (Windows NT 5.1; rv:6.0.2) Gecko/20100101 Firefox/6.0.2"
85.25.202.18 - - [14/Apr/2015:10:18:21 +0200] "GET / HTTP/1.1" 200 9656 "http://www.sumaja.de/?such_wert=berlin" "T-Online Browser (Windows NT 6.1; de)"
83.161.67.152 - - [14/Apr/2015:10:36:43 +0200] "GET /robots.txt HTTP/1.0" 404 1256 "-" "Mozilla/5.0 (compatible; MJ12bot/v1.4.5; http://www.majestic12.co.uk/bot.php?+)"
83.161.67.152 - - [14/Apr/2015:10:36:44 +0200] "GET /news.php?cs_go=archiv&cs_id=4598 HTTP/1.0" 200 11477 "-" "Mozilla/5.0 (compatible; MJ12bot/v1.4.5; http://www.majestic12.co.uk/bot.php?+)"
66.249.78.224 - - [14/Apr/2015:11:23:38 +0200] "GET /downloads/waermekonto.pdf HTTP/1.1" 200 542181 "-" "Googlebot/2.1 (+http://www.google.com/bot.html)"
157.55.39.53 - - [14/Apr/2015:11:48:27 +0200] "GET /diesel.php HTTP/1.1" 200 9536 "-" "Mozilla/5.0 (compatible; bingbot/2.0; +http://www.bing.com/bingbot.htm)"
157.55.39.54 - - [14/Apr/2015:11:49:05 +0200] "GET /ofenbau.php HTTP/1.1" 200 9274 "-" "Mozilla/5.0 (compatible; bingbot/2.0; +http://www.bing.com/bingbot.htm)"
157.55.39.54 - - [14/Apr/2015:11:49:40 +0200] "GET /news.php?cs_go=archiv HTTP/1.1" 200 9055 "-" "Mozilla/5.0 (compatible; bingbot/2.0; +http://www.bing.com/bingbot.htm)"
157.55.39.54 - - [14/Apr/2015:11:50:15 +0200] "GET /adblue.php HTTP/1.1" 200 15638 "-" "Mozilla/5.0 (compatible; bingbot/2.0; +http://www.bing.com/bingbot.htm)"
