66.249.78.43 - - [06/Apr/2015:19:27:01 +0200] "GET /lexikon.php?cs_go=3&cs_id=209 HTTP/1.1" 200 11466 "-" "Mozilla/5.0 (iPhone; CPU iPhone OS 6_0 like Mac OS X) AppleWebKit/536.26 (KHTML, like Gecko) Version/6.0 Mobile/10A5376e Safari/8536.25 (compatible; Googlebot/2.1; +http://www.google.com/bot.html)"
66.249.78.43 - - [06/Apr/2015:19:27:41 +0200] "GET /news.php?cs_go=archiv&cs_id=4343 HTTP/1.1" 200 11477 "-" "Mozilla/5.0 (compatible; Googlebot/2.1; +http://www.google.com/bot.html)"
66.249.78.36 - - [06/Apr/2015:19:33:07 +0200] "GET /lexikon.php?cs_go=3&cs_id=209 HTTP/1.1" 200 11466 "-" "Mozilla/5.0 (iPhone; CPU iPhone OS 6_0 like Mac OS X) AppleWebKit/536.26 (KHTML, like Gecko) Version/6.0 Mobile/10A5376e Safari/8536.25 (compatible; Googlebot/2.1; +http://www.google.com/bot.html)"
66.249.78.43 - - [06/Apr/2015:19:36:07 +0200] "GET /news.php?cs_go=archiv&cs_id=4261 HTTP/1.1" 200 11477 "-" "Mozilla/5.0 (compatible; Googlebot/2.1; +http://www.google.com/bot.html)"
66.249.78.36 - - [06/Apr/2015:19:39:07 +0200] "GET /news.php?cs_go=archiv&cs_id=4343 HTTP/1.1" 200 11477 "-" "Mozilla/5.0 (compatible; Googlebot/2.1; +http://www.google.com/bot.html)"
66.249.78.50 - - [06/Apr/2015:19:42:07 +0200] "GET /lexikon.php?cs_go=3&cs_id=209 HTTP/1.1" 200 11466 "-" "Mozilla/5.0 (iPhone; CPU iPhone OS 6_0 like Mac OS X) AppleWebKit/536.26 (KHTML, like Gecko) Version/6.0 Mobile/10A5376e Safari/8536.25 (compatible; Googlebot/2.1; +http://www.google.com/bot.html)"
66.249.78.43 - - [06/Apr/2015:19:45:07 +0200] "GET /news.php?cs_go=archiv&cs_id=4261 HTTP/1.1" 200 11477 "-" "Mozilla/5.0 (compatible; Googlebot/2.1; +http://www.google.com/bot.html)"
66.249.78.43 - - [06/Apr/2015:19:48:06 +0200] "GET /news.php?cs_go=archiv&cs_id=4607 HTTP/1.1" 200 11477 "-" "Mozilla/5.0 (compatible; Googlebot/2.1; +http://www.google.com/bot.html)"
66.249.78.43 - - [06/Apr/2015:19:51:36 +0200] "GET /news.php?cs_go=archiv&cs_id=4261 HTTP/1.1" 200 11477 "-" "Mozilla/5.0 (compatible; Googlebot/2.1; +http://www.google.com/bot.html)"
144.76.155.8 - - [06/Apr/2015:19:51:59 +0200] "GET /impressum.php HTTP/1.1" 200 12936 "-" "Mozilla/5.0 (Windows NT 5.1) AppleWebKit/537.36 (KHTML, like Gecko) Chrome/27.0.1453.93 Safari/537.36"
5.9.17.118 - - [06/Apr/2015:19:51:59 +0200] "GET /impressum.php HTTP/1.1" 200 12936 "-" "Mozilla/5.0 (Macintosh; Intel Mac OS X 10_7_5) AppleWebKit/537.36 (KHTML, like Gecko) Chrome/27.0.1453.93 Safari/537.36"
5.9.17.118 - - [06/Apr/2015:19:52:07 +0200] "GET /impressum.php HTTP/1.1" 200 12936 "-" "Mozilla/5.0 (Windows NT 6.1) AppleWebKit/537.36 (KHTML, like Gecko) Chrome/27.0.1453.90 Safari/537.36"
144.76.155.8 - - [06/Apr/2015:19:52:08 +0200] "GET /impressum.php HTTP/1.1" 200 12936 "-" "Mozilla/5.0 (X11; U; Linux i686; en-US; rv:1.9.1.16) Gecko/20120421 Firefox/11.0"
66.249.78.43 - - [06/Apr/2015:19:54:36 +0200] "GET /news.php?cs_go=archiv&cs_id=4607 HTTP/1.1" 200 11477 "-" "Mozilla/5.0 (compatible; Googlebot/2.1; +http://www.google.com/bot.html)"
66.249.78.50 - - [06/Apr/2015:20:00:59 +0200] "GET /news.php?cs_go=archiv&cs_id=4607 HTTP/1.1" 200 11477 "-" "Mozilla/5.0 (compatible; Googlebot/2.1; +http://www.google.com/bot.html)"
123.125.71.78 - - [06/Apr/2015:20:14:56 +0200] "GET / HTTP/1.1" 200 9656 "-" "Mozilla/5.0 (Windows NT 5.1; rv:6.0.2) Gecko/20100101 Firefox/6.0.2"
66.249.78.36 - - [06/Apr/2015:20:13:48 +0200] "GET /news.php?cs_go=archiv&cs_id=4038 HTTP/1.1" 200 11477 "-" "Mozilla/5.0 (compatible; Googlebot/2.1; +http://www.google.com/bot.html)"
66.249.78.161 - - [06/Apr/2015:20:23:58 +0200] "GET /robots.txt HTTP/1.1" 404 1256 "-" "Mozilla/5.0 (compatible; Googlebot/2.1; +http://www.google.com/bot.html)"
66.249.78.43 - - [06/Apr/2015:20:20:25 +0200] "GET /news.php?cs_go=archiv&cs_id=4038 HTTP/1.1" 200 11477 "-" "Mozilla/5.0 (compatible; Googlebot/2.1; +http://www.google.com/bot.html)"
46.229.170.197 - - [06/Apr/2015:20:20:42 +0200] "GET / HTTP/1.1" 200 15920 "-" "Mozilla/5.0 (Windows NT 6.1; Win64; x64; rv:2.2a1pre) Gecko/20110324 Firefox/4.2a1pre"
66.249.78.147 - - [06/Apr/2015:20:23:58 +0200] "GET /lexikon.php?cs_go=3&cs_id=8 HTTP/1.1" 200 11466 "-" "Mozilla/5.0 (compatible; Googlebot/2.1; +http://www.google.com/bot.html)"
66.249.78.43 - - [06/Apr/2015:20:26:58 +0200] "GET /news.php?cs_go=archiv&cs_id=4038 HTTP/1.1" 200 11477 "-" "Mozilla/5.0 (compatible; Googlebot/2.1; +http://www.google.com/bot.html)"
66.249.78.147 - - [06/Apr/2015:20:30:19 +0200] "GET /lexikon.php?cs_go=3&cs_id=8 HTTP/1.1" 200 11466 "-" "Mozilla/5.0 (compatible; Googlebot/2.1; +http://www.google.com/bot.html)"
66.249.78.217 - - [06/Apr/2015:20:33:31 +0200] "GET / HTTP/1.1" 200 15920 "-" "Mozilla/5.0 (iPhone; CPU iPhone OS 6_0 like Mac OS X) AppleWebKit/536.26 (KHTML, like Gecko) Version/6.0 Mobile/10A5376e Safari/8536.25 (compatible; Googlebot/2.1; +http://www.google.com/bot.html)"
66.249.78.142 - - [06/Apr/2015:20:42:30 +0200] "GET /robots.txt HTTP/1.1" 404 1256 "-" "Mozilla/5.0 (compatible; Googlebot/2.1; +http://www.google.com/bot.html)"
66.249.78.43 - - [06/Apr/2015:20:36:31 +0200] "GET /news.php?cs_go=archiv&cs_id=4247 HTTP/1.1" 200 11477 "-" "Mozilla/5.0 (compatible; Googlebot/2.1; +http://www.google.com/bot.html)"
66.249.78.147 - - [06/Apr/2015:20:39:31 +0200] "GET /lexikon.php?cs_go=3&cs_id=8 HTTP/1.1" 200 11466 "-" "Mozilla/5.0 (compatible; Googlebot/2.1; +http://www.google.com/bot.html)"
66.249.78.142 - - [06/Apr/2015:20:42:31 +0200] "GET / HTTP/1.1" 200 15920 "-" "Mozilla/5.0 (iPhone; CPU iPhone OS 6_0 like Mac OS X) AppleWebKit/536.26 (KHTML, like Gecko) Version/6.0 Mobile/10A5376e Safari/8536.25 (compatible; Googlebot/2.1; +http://www.google.com/bot.html)"
46.229.170.197 - - [06/Apr/2015:20:44:39 +0200] "GET / HTTP/1.1" 200 15920 "-" "Mozilla/5.0 (Windows NT 5.1; rv:2.0.1) Gecko/20100101 Firefox/5.0"
66.249.78.43 - - [06/Apr/2015:20:45:31 +0200] "GET /news.php?cs_go=archiv&cs_id=4247 HTTP/1.1" 200 11477 "-" "Mozilla/5.0 (compatible; Googlebot/2.1; +http://www.google.com/bot.html)"
66.249.78.210 - - [06/Apr/2015:20:48:31 +0200] "GET / HTTP/1.1" 200 15920 "-" "Mozilla/5.0 (iPhone; CPU iPhone OS 6_0 like Mac OS X) AppleWebKit/536.26 (KHTML, like Gecko) Version/6.0 Mobile/10A5376e Safari/8536.25 (compatible; Googlebot/2.1; +http://www.google.com/bot.html)"
66.249.78.149 - - [06/Apr/2015:20:51:32 +0200] "GET / HTTP/1.1" 200 15920 "-" "Mozilla/5.0 (iPhone; CPU iPhone OS 6_0 like Mac OS X) AppleWebKit/536.26 (KHTML, like Gecko) Version/6.0 Mobile/10A5376e Safari/8536.25 (compatible; Googlebot/2.1; +http://www.google.com/bot.html)"
66.249.78.50 - - [06/Apr/2015:20:54:32 +0200] "GET /news.php?cs_go=archiv&cs_id=4247 HTTP/1.1" 200 11477 "-" "Mozilla/5.0 (compatible; Googlebot/2.1; +http://www.google.com/bot.html)"
66.249.78.224 - - [06/Apr/2015:20:57:32 +0200] "GET / HTTP/1.1" 200 15920 "-" "Mozilla/5.0 (iPhone; CPU iPhone OS 6_0 like Mac OS X) AppleWebKit/536.26 (KHTML, like Gecko) Version/6.0 Mobile/10A5376e Safari/8536.25 (compatible; Googlebot/2.1; +http://www.google.com/bot.html)"
66.249.78.36 - - [06/Apr/2015:21:00:32 +0200] "GET /news.php?cs_go=archiv&cs_id=3581 HTTP/1.1" 200 11477 "-" "Mozilla/5.0 (compatible; Googlebot/2.1; +http://www.google.com/bot.html)"
66.249.78.142 - - [06/Apr/2015:21:03:32 +0200] "GET / HTTP/1.1" 200 15920 "-" "Mozilla/5.0 (iPhone; CPU iPhone OS 6_0 like Mac OS X) AppleWebKit/536.26 (KHTML, like Gecko) Version/6.0 Mobile/10A5376e Safari/8536.25 (compatible; Googlebot/2.1; +http://www.google.com/bot.html)"
66.249.78.142 - - [06/Apr/2015:21:10:40 +0200] "GET /downloads/Imagebroschuere%20team%20energie%20-%20TE%20Verwaltung%20Energiehandel_klein.pdf HTTP/1.1" 200 893384 "-" "Googlebot/2.1 (+http://www.google.com/bot.html)"
66.249.78.36 - - [06/Apr/2015:21:07:01 +0200] "GET /news.php?cs_go=archiv&cs_id=3581 HTTP/1.1" 200 11477 "-" "Mozilla/5.0 (compatible; Googlebot/2.1; +http://www.google.com/bot.html)"
66.249.78.50 - - [06/Apr/2015:21:13:18 +0200] "GET /news.php?cs_go=archiv&cs_id=3581 HTTP/1.1" 200 11477 "-" "Mozilla/5.0 (compatible; Googlebot/2.1; +http://www.google.com/bot.html)"
66.249.78.154 - - [06/Apr/2015:21:40:00 +0200] "GET /downloads/biogasanlage%20inhalt.pdf HTTP/1.1" 200 393011 "-" "Googlebot/2.1 (+http://www.google.com/bot.html)"
66.249.78.126 - - [06/Apr/2015:21:50:06 +0200] "GET /robots.txt HTTP/1.1" 404 1256 "-" "Mozilla/5.0 (compatible; Googlebot/2.1; +http://www.google.com/bot.html)"
66.249.78.119 - - [06/Apr/2015:21:50:06 +0200] "GET /downloads/Imagebroschuere%20team%20energie%20-%20TE%20Verwaltung%20Energiehandel_klein.pdf HTTP/1.1" 200 893384 "-" "Googlebot/2.1 (+http://www.google.com/bot.html)"
207.46.13.29 - - [06/Apr/2015:22:01:58 +0200] "GET /robots.txt HTTP/1.1" 404 1256 "-" "Mozilla/5.0 (compatible; bingbot/2.0; +http://www.bing.com/bingbot.htm)"
207.46.13.29 - - [06/Apr/2015:22:02:18 +0200] "GET / HTTP/1.1" 200 9656 "-" "Mozilla/5.0 (compatible; bingbot/2.0; +http://www.bing.com/bingbot.htm)"
66.249.78.119 - - [06/Apr/2015:22:18:08 +0200] "GET /downloads/biogasanlage%20inhalt.pdf HTTP/1.1" 200 393011 "-" "Googlebot/2.1 (+http://www.google.com/bot.html)"
66.249.78.36 - - [06/Apr/2015:22:18:16 +0200] "GET /downloads/biogasanlage%20inhalt.pdf HTTP/1.1" 200 393011 "-" "Googlebot/2.1 (+http://www.google.com/bot.html)"
136.243.5.219 - - [06/Apr/2015:22:38:48 +0200] "GET /robots.txt HTTP/1.0" 404 1256 "-" "Mozilla/5.0 (compatible; MJ12bot/v1.4.5; http://www.majestic12.co.uk/bot.php?+)"
136.243.5.219 - - [06/Apr/2015:22:39:10 +0200] "GET /agb.php HTTP/1.0" 200 24334 "-" "Mozilla/5.0 (compatible; MJ12bot/v1.4.5; http://www.majestic12.co.uk/bot.php?+)"
66.249.78.210 - - [06/Apr/2015:22:51:26 +0200] "GET /robots.txt HTTP/1.1" 404 1256 "-" "Mozilla/5.0 (compatible; Googlebot/2.1; +http://www.google.com/bot.html)"
66.249.78.224 - - [06/Apr/2015:22:51:26 +0200] "GET / HTTP/1.1" 200 15920 "-" "Mozilla/5.0 (compatible; Googlebot/2.1; +http://www.google.com/bot.html)"
66.249.78.65 - - [06/Apr/2015:22:57:50 +0200] "GET /robots.txt HTTP/1.1" 404 1256 "-" "Mozilla/5.0 (compatible; Googlebot/2.1; +http://www.google.com/bot.html)"
66.249.78.51 - - [06/Apr/2015:22:57:50 +0200] "GET /downloads/biogasanlage%20inhalt.pdf HTTP/1.1" 200 393011 "-" "Googlebot/2.1 (+http://www.google.com/bot.html)"
66.249.78.51 - - [06/Apr/2015:22:58:39 +0200] "GET /downloads/Imagebroschuere%20team%20energie%20-%20TE%20Verwaltung%20Energiehandel_klein.pdf HTTP/1.1" 200 893384 "-" "Googlebot/2.1 (+http://www.google.com/bot.html)"
66.249.78.210 - - [06/Apr/2015:22:58:01 +0200] "GET / HTTP/1.1" 200 15920 "-" "Mozilla/5.0 (compatible; Googlebot/2.1; +http://www.google.com/bot.html)"
66.249.78.36 - - [06/Apr/2015:23:01:22 +0200] "GET /preisentwicklung.php?cs_go=3 HTTP/1.1" 200 9256 "-" "Mozilla/5.0 (iPhone; CPU iPhone OS 6_0 like Mac OS X) AppleWebKit/536.26 (KHTML, like Gecko) Version/6.0 Mobile/10A5376e Safari/8536.25 (compatible; Googlebot/2.1; +http://www.google.com/bot.html)"
66.249.78.142 - - [06/Apr/2015:23:10:06 +0200] "GET /downloads/biogasanlage%20inhalt.pdf HTTP/1.1" 200 393011 "-" "Googlebot/2.1 (+http://www.google.com/bot.html)"
66.249.78.135 - - [06/Apr/2015:23:07:06 +0200] "GET /preisanfrage.php HTTP/1.1" 200 11493 "-" "Mozilla/5.0 (compatible; Googlebot/2.1; +http://www.google.com/bot.html)"
66.249.78.210 - - [06/Apr/2015:23:04:06 +0200] "GET / HTTP/1.1" 200 15920 "-" "Mozilla/5.0 (compatible; Googlebot/2.1; +http://www.google.com/bot.html)"
66.249.64.175 - - [06/Apr/2015:23:10:06 +0200] "GET /preisentwicklung.php?cs_go=3 HTTP/1.1" 200 9256 "-" "Mozilla/5.0 (iPhone; CPU iPhone OS 6_0 like Mac OS X) AppleWebKit/536.26 (KHTML, like Gecko) Version/6.0 Mobile/10A5376e Safari/8536.25 (compatible; Googlebot/2.1; +http://www.google.com/bot.html)"
66.249.78.43 - - [06/Apr/2015:23:19:06 +0200] "GET /downloads/Imagebroschuere%20team%20energie%20-%20TE%20Verwaltung%20Energiehandel_klein.pdf HTTP/1.1" 200 893384 "-" "Googlebot/2.1 (+http://www.google.com/bot.html)"
66.249.78.142 - - [06/Apr/2015:23:16:06 +0200] "GET /preisanfrage.php HTTP/1.1" 200 11493 "-" "Mozilla/5.0 (compatible; Googlebot/2.1; +http://www.google.com/bot.html)"
66.249.78.50 - - [06/Apr/2015:23:13:06 +0200] "GET / HTTP/1.1" 200 15920 "-" "Mozilla/5.0 (compatible; Googlebot/2.1; +http://www.google.com/bot.html)"
66.249.78.2 - - [06/Apr/2015:23:22:06 +0200] "GET /downloads/Imagebroschuere%20team%20energie%20-%20TE%20Verwaltung%20Energiehandel_klein.pdf HTTP/1.1" 200 893384 "-" "Googlebot/2.1 (+http://www.google.com/bot.html)"
66.249.78.43 - - [06/Apr/2015:23:19:06 +0200] "GET /preisentwicklung.php?cs_go=3 HTTP/1.1" 200 9256 "-" "Mozilla/5.0 (iPhone; CPU iPhone OS 6_0 like Mac OS X) AppleWebKit/536.26 (KHTML, like Gecko) Version/6.0 Mobile/10A5376e Safari/8536.25 (compatible; Googlebot/2.1; +http://www.google.com/bot.html)"
66.249.78.210 - - [06/Apr/2015:23:28:07 +0200] "GET /downloads/biogasanlage%20inhalt.pdf HTTP/1.1" 200 393011 "-" "Googlebot/2.1 (+http://www.google.com/bot.html)"
66.249.78.135 - - [06/Apr/2015:23:25:07 +0200] "GET /preisanfrage.php HTTP/1.1" 200 11493 "-" "Mozilla/5.0 (compatible; Googlebot/2.1; +http://www.google.com/bot.html)"
66.249.78.224 - - [06/Apr/2015:23:22:07 +0200] "GET /baustellenbetankung.php HTTP/1.1" 200 12527 "-" "Mozilla/5.0 (iPhone; CPU iPhone OS 6_0 like Mac OS X) AppleWebKit/536.26 (KHTML, like Gecko) Version/6.0 Mobile/10A5376e Safari/8536.25 (compatible; Googlebot/2.1; +http://www.google.com/bot.html)"
66.249.78.149 - - [06/Apr/2015:23:28:07 +0200] "GET /preisanfrage.php HTTP/1.1" 200 11493 "-" "Mozilla/5.0 (compatible; Googlebot/2.1; +http://www.google.com/bot.html)"
66.249.78.210 - - [06/Apr/2015:23:31:07 +0200] "GET /baustellenbetankung.php HTTP/1.1" 200 12527 "-" "Mozilla/5.0 (iPhone; CPU iPhone OS 6_0 like Mac OS X) AppleWebKit/536.26 (KHTML, like Gecko) Version/6.0 Mobile/10A5376e Safari/8536.25 (compatible; Googlebot/2.1; +http://www.google.com/bot.html)"
66.249.78.142 - - [06/Apr/2015:23:34:49 +0200] "GET /preisanfrage.php HTTP/1.1" 200 11493 "-" "Mozilla/5.0 (compatible; Googlebot/2.1; +http://www.google.com/bot.html)"
66.249.78.36 - - [06/Apr/2015:23:34:07 +0200] "GET / HTTP/1.1" 200 15920 "-" "Mozilla/5.0 (compatible; Googlebot/2.1; +http://www.google.com/bot.html)"
66.249.78.9 - - [06/Apr/2015:23:40:49 +0200] "GET /downloads/biogasanlage%20inhalt.pdf HTTP/1.1" 200 393011 "-" "Googlebot/2.1 (+http://www.google.com/bot.html)"
66.249.78.50 - - [06/Apr/2015:23:37:49 +0200] "GET /preisentwicklung.php?cs_go=3 HTTP/1.1" 200 9256 "-" "Mozilla/5.0 (iPhone; CPU iPhone OS 6_0 like Mac OS X) AppleWebKit/536.26 (KHTML, like Gecko) Version/6.0 Mobile/10A5376e Safari/8536.25 (compatible; Googlebot/2.1; +http://www.google.com/bot.html)"
66.249.78.142 - - [06/Apr/2015:23:41:28 +0200] "GET /preisanfrage.php HTTP/1.1" 200 11493 "-" "Mozilla/5.0 (compatible; Googlebot/2.1; +http://www.google.com/bot.html)"
66.249.78.161 - - [06/Apr/2015:23:47:28 +0200] "GET /downloads/Imagebroschuere%20team%20energie%20-%20TE%20Verwaltung%20Energiehandel_klein.pdf HTTP/1.1" 200 893384 "-" "Googlebot/2.1 (+http://www.google.com/bot.html)"
66.249.78.50 - - [06/Apr/2015:23:44:28 +0200] "GET /preisentwicklung.php?cs_go=3 HTTP/1.1" 200 9256 "-" "Mozilla/5.0 (iPhone; CPU iPhone OS 6_0 like Mac OS X) AppleWebKit/536.26 (KHTML, like Gecko) Version/6.0 Mobile/10A5376e Safari/8536.25 (compatible; Googlebot/2.1; +http://www.google.com/bot.html)"
66.249.78.99 - - [06/Apr/2015:23:50:47 +0200] "GET /preisentwicklung.php?cs_go=3 HTTP/1.1" 200 9256 "-" "Mozilla/5.0 (iPhone; CPU iPhone OS 6_0 like Mac OS X) AppleWebKit/536.26 (KHTML, like Gecko) Version/6.0 Mobile/10A5376e Safari/8536.25 (compatible; Googlebot/2.1; +http://www.google.com/bot.html)"
66.249.78.224 - - [06/Apr/2015:23:57:52 +0200] "GET /downloads/Imagebroschuere%20team%20energie%20-%20TE%20Verwaltung%20Energiehandel_klein.pdf HTTP/1.1" 200 893384 "-" "Googlebot/2.1 (+http://www.google.com/bot.html)"
66.249.78.210 - - [06/Apr/2015:23:54:52 +0200] "GET /baustellenbetankung.php HTTP/1.1" 200 12527 "-" "Mozilla/5.0 (iPhone; CPU iPhone OS 6_0 like Mac OS X) AppleWebKit/536.26 (KHTML, like Gecko) Version/6.0 Mobile/10A5376e Safari/8536.25 (compatible; Googlebot/2.1; +http://www.google.com/bot.html)"
66.249.78.210 - - [07/Apr/2015:00:01:11 +0200] "GET /baustellenbetankung.php HTTP/1.1" 200 12527 "-" "Mozilla/5.0 (iPhone; CPU iPhone OS 6_0 like Mac OS X) AppleWebKit/536.26 (KHTML, like Gecko) Version/6.0 Mobile/10A5376e Safari/8536.25 (compatible; Googlebot/2.1; +http://www.google.com/bot.html)"
66.249.78.224 - - [07/Apr/2015:00:07:12 +0200] "GET /baustellenbetankung.php HTTP/1.1" 200 12527 "-" "Mozilla/5.0 (iPhone; CPU iPhone OS 6_0 like Mac OS X) AppleWebKit/536.26 (KHTML, like Gecko) Version/6.0 Mobile/10A5376e Safari/8536.25 (compatible; Googlebot/2.1; +http://www.google.com/bot.html)"
66.249.78.210 - - [07/Apr/2015:00:23:44 +0200] "GET /news.php?cs_go=archiv&cs_id=984&cs_search= HTTP/1.1" 200 11477 "-" "Mozilla/5.0 (compatible; Googlebot/2.1; +http://www.google.com/bot.html)"
66.249.78.217 - - [07/Apr/2015:00:30:18 +0200] "GET /news.php?cs_go=archiv&cs_id=984&cs_search= HTTP/1.1" 200 11477 "-" "Mozilla/5.0 (compatible; Googlebot/2.1; +http://www.google.com/bot.html)"
66.249.64.16 - - [07/Apr/2015:00:36:28 +0200] "GET /news.php?cs_go=archiv&cs_id=984&cs_search= HTTP/1.1" 200 11477 "-" "Mozilla/5.0 (compatible; Googlebot/2.1; +http://www.google.com/bot.html)"
66.249.78.50 - - [07/Apr/2015:00:39:28 +0200] "GET /news.php?cs_go=archiv&cs_id=3874&cs_search= HTTP/1.1" 200 11477 "-" "Mozilla/5.0 (compatible; Googlebot/2.1; +http://www.google.com/bot.html)"
66.249.78.50 - - [07/Apr/2015:00:45:41 +0200] "GET /news.php?cs_go=archiv&cs_id=3874&cs_search= HTTP/1.1" 200 11477 "-" "Mozilla/5.0 (compatible; Googlebot/2.1; +http://www.google.com/bot.html)"
66.249.78.43 - - [07/Apr/2015:00:52:12 +0200] "GET /news.php?cs_go=archiv&cs_id=3874&cs_search= HTTP/1.1" 200 11477 "-" "Mozilla/5.0 (compatible; Googlebot/2.1; +http://www.google.com/bot.html)"
66.249.78.50 - - [07/Apr/2015:01:19:30 +0200] "GET /ec.php HTTP/1.1" 200 11616 "-" "SAMSUNG-SGH-E250/1.0 Profile/MIDP-2.0 Configuration/CLDC-1.1 UP.Browser/6.2.3.3.c.1.101 (GUI) MMP/2.0 (compatible; Googlebot-Mobile/2.1; +http://www.google.com/bot.html)"
66.249.78.50 - - [07/Apr/2015:01:26:07 +0200] "GET /ec.php HTTP/1.1" 200 11616 "-" "SAMSUNG-SGH-E250/1.0 Profile/MIDP-2.0 Configuration/CLDC-1.1 UP.Browser/6.2.3.3.c.1.101 (GUI) MMP/2.0 (compatible; Googlebot-Mobile/2.1; +http://www.google.com/bot.html)"
66.249.78.43 - - [07/Apr/2015:01:32:24 +0200] "GET /ec.php HTTP/1.1" 200 11616 "-" "SAMSUNG-SGH-E250/1.0 Profile/MIDP-2.0 Configuration/CLDC-1.1 UP.Browser/6.2.3.3.c.1.101 (GUI) MMP/2.0 (compatible; Googlebot-Mobile/2.1; +http://www.google.com/bot.html)"
66.249.78.43 - - [07/Apr/2015:01:35:58 +0200] "GET /ec.php HTTP/1.1" 200 11616 "-" "SAMSUNG-SGH-E250/1.0 Profile/MIDP-2.0 Configuration/CLDC-1.1 UP.Browser/6.2.3.3.c.1.101 (GUI) MMP/2.0 (compatible; Googlebot-Mobile/2.1; +http://www.google.com/bot.html)"
66.249.78.50 - - [07/Apr/2015:02:13:28 +0200] "GET /news.php?cs_go=archiv&cs_id=4267 HTTP/1.1" 200 11477 "-" "Mozilla/5.0 (compatible; Googlebot/2.1; +http://www.google.com/bot.html)"
66.249.78.36 - - [07/Apr/2015:02:20:00 +0200] "GET /news.php?cs_go=archiv&cs_id=4267 HTTP/1.1" 200 11477 "-" "Mozilla/5.0 (compatible; Googlebot/2.1; +http://www.google.com/bot.html)"
66.249.78.36 - - [07/Apr/2015:02:25:18 +0200] "GET /lexikon.php?cs_go=3&cs_id=209 HTTP/1.1" 200 11466 "-" "Mozilla/5.0 (iPhone; CPU iPhone OS 6_0 like Mac OS X) AppleWebKit/536.26 (KHTML, like Gecko) Version/6.0 Mobile/10A5376e Safari/8536.25 (compatible; Googlebot/2.1; +http://www.google.com/bot.html)"
66.249.78.50 - - [07/Apr/2015:02:28:18 +0200] "GET /news.php?cs_go=archiv&cs_id=4267 HTTP/1.1" 200 11477 "-" "Mozilla/5.0 (compatible; Googlebot/2.1; +http://www.google.com/bot.html)"
66.249.78.36 - - [07/Apr/2015:02:31:35 +0200] "GET /lexikon.php?cs_go=3&cs_id=209 HTTP/1.1" 200 11466 "-" "Mozilla/5.0 (iPhone; CPU iPhone OS 6_0 like Mac OS X) AppleWebKit/536.26 (KHTML, like Gecko) Version/6.0 Mobile/10A5376e Safari/8536.25 (compatible; Googlebot/2.1; +http://www.google.com/bot.html)"
66.249.78.43 - - [07/Apr/2015:02:38:18 +0200] "GET /lexikon.php?cs_go=3&cs_id=209 HTTP/1.1" 200 11466 "-" "Mozilla/5.0 (iPhone; CPU iPhone OS 6_0 like Mac OS X) AppleWebKit/536.26 (KHTML, like Gecko) Version/6.0 Mobile/10A5376e Safari/8536.25 (compatible; Googlebot/2.1; +http://www.google.com/bot.html)"
66.249.78.9 - - [07/Apr/2015:03:05:41 +0200] "GET /robots.txt HTTP/1.1" 404 1256 "-" "Mozilla/5.0 (compatible; Googlebot/2.1; +http://www.google.com/bot.html)"
66.249.78.9 - - [07/Apr/2015:03:05:41 +0200] "GET /news.php?cs_go=archiv&cs_id=4842 HTTP/1.1" 200 11477 "-" "Mozilla/5.0 (compatible; Googlebot/2.1; +http://www.google.com/bot.html)"
66.249.78.9 - - [07/Apr/2015:03:12:23 +0200] "GET /news.php?cs_go=archiv&cs_id=4842 HTTP/1.1" 200 11477 "-" "Mozilla/5.0 (compatible; Googlebot/2.1; +http://www.google.com/bot.html)"
66.249.78.249 - - [07/Apr/2015:03:18:36 +0200] "GET /news.php?cs_go=archiv&cs_id=4842 HTTP/1.1" 200 11477 "-" "Mozilla/5.0 (compatible; Googlebot/2.1; +http://www.google.com/bot.html)"
66.249.78.210 - - [07/Apr/2015:04:56:52 +0200] "GET /modul.css HTTP/1.1" 200 36485 "http://www.essoberlin.de/news.php?cs_go=archiv&cs_id=984&cs_search=" "Mozilla/5.0 (compatible; Googlebot/2.1; +http://www.google.com/bot.html)"
66.249.78.210 - - [07/Apr/2015:04:56:52 +0200] "GET /style.css HTTP/1.1" 200 8056 "http://www.essoberlin.de/news.php?cs_go=archiv&cs_id=984&cs_search=" "Mozilla/5.0 (compatible; Googlebot/2.1; +http://www.google.com/bot.html)"
66.249.78.43 - - [07/Apr/2015:05:54:57 +0200] "GET /preisentwicklung.php?cs_go=3 HTTP/1.1" 200 9256 "-" "Mozilla/5.0 (iPhone; CPU iPhone OS 6_0 like Mac OS X) AppleWebKit/536.26 (KHTML, like Gecko) Version/6.0 Mobile/10A5376e Safari/8536.25 (compatible; Googlebot/2.1; +http://www.google.com/bot.html)"
66.249.78.36 - - [07/Apr/2015:06:01:34 +0200] "GET /preisentwicklung.php?cs_go=3 HTTP/1.1" 200 9256 "-" "Mozilla/5.0 (iPhone; CPU iPhone OS 6_0 like Mac OS X) AppleWebKit/536.26 (KHTML, like Gecko) Version/6.0 Mobile/10A5376e Safari/8536.25 (compatible; Googlebot/2.1; +http://www.google.com/bot.html)"
66.249.78.217 - - [07/Apr/2015:06:04:34 +0200] "GET /baustellenbetankung.php HTTP/1.1" 200 12527 "-" "Mozilla/5.0 (iPhone; CPU iPhone OS 6_0 like Mac OS X) AppleWebKit/536.26 (KHTML, like Gecko) Version/6.0 Mobile/10A5376e Safari/8536.25 (compatible; Googlebot/2.1; +http://www.google.com/bot.html)"
66.249.78.36 - - [07/Apr/2015:06:08:12 +0200] "GET /preisentwicklung.php?cs_go=3 HTTP/1.1" 200 9256 "-" "Mozilla/5.0 (iPhone; CPU iPhone OS 6_0 like Mac OS X) AppleWebKit/536.26 (KHTML, like Gecko) Version/6.0 Mobile/10A5376e Safari/8536.25 (compatible; Googlebot/2.1; +http://www.google.com/bot.html)"
66.249.78.210 - - [07/Apr/2015:06:11:13 +0200] "GET /baustellenbetankung.php HTTP/1.1" 200 12527 "-" "Mozilla/5.0 (iPhone; CPU iPhone OS 6_0 like Mac OS X) AppleWebKit/536.26 (KHTML, like Gecko) Version/6.0 Mobile/10A5376e Safari/8536.25 (compatible; Googlebot/2.1; +http://www.google.com/bot.html)"
66.249.78.2 - - [07/Apr/2015:06:14:49 +0200] "GET /news.php?cs_go=archiv&cs_id=4842 HTTP/1.1" 200 11477 "-" "Mozilla/5.0 (compatible; Googlebot/2.1; +http://www.google.com/bot.html)"
66.249.78.224 - - [07/Apr/2015:06:17:49 +0200] "GET /baustellenbetankung.php HTTP/1.1" 200 12527 "-" "Mozilla/5.0 (iPhone; CPU iPhone OS 6_0 like Mac OS X) AppleWebKit/536.26 (KHTML, like Gecko) Version/6.0 Mobile/10A5376e Safari/8536.25 (compatible; Googlebot/2.1; +http://www.google.com/bot.html)"
66.249.78.2 - - [07/Apr/2015:06:21:29 +0200] "GET /news.php?cs_go=archiv&cs_id=4842 HTTP/1.1" 200 11477 "-" "Mozilla/5.0 (compatible; Googlebot/2.1; +http://www.google.com/bot.html)"
66.249.78.184 - - [07/Apr/2015:06:30:36 +0200] "GET /robots.txt HTTP/1.1" 404 1256 "-" "Mozilla/5.0 (compatible; Googlebot/2.1; +http://www.google.com/bot.html)"
66.249.78.2 - - [07/Apr/2015:06:27:36 +0200] "GET /news.php?cs_go=archiv&cs_id=4842 HTTP/1.1" 200 11477 "-" "Mozilla/5.0 (compatible; Googlebot/2.1; +http://www.google.com/bot.html)"
66.249.78.170 - - [07/Apr/2015:06:30:36 +0200] "GET /lexikon.php?cs_go=3&cs_id=24 HTTP/1.1" 200 11466 "-" "Mozilla/5.0 (compatible; Googlebot/2.1; +http://www.google.com/bot.html)"
66.249.78.170 - - [07/Apr/2015:06:37:19 +0200] "GET /lexikon.php?cs_go=3&cs_id=24 HTTP/1.1" 200 11466 "-" "Mozilla/5.0 (compatible; Googlebot/2.1; +http://www.google.com/bot.html)"
66.249.78.184 - - [07/Apr/2015:06:43:21 +0200] "GET /lexikon.php?cs_go=3&cs_id=24 HTTP/1.1" 200 11466 "-" "Mozilla/5.0 (compatible; Googlebot/2.1; +http://www.google.com/bot.html)"
85.114.21.247 - - [07/Apr/2015:07:05:56 +0200] "GET /images/adblue_tankzug.jpg HTTP/1.1" 200 39542 "-" "Mozilla/5.0 (Windows NT 6.1; WOW64) AppleWebKit/537.36 (KHTML, like Gecko) Chrome/41.0.2272.118 Safari/537.36"
5.9.17.118 - - [07/Apr/2015:07:15:54 +0200] "GET /news.php?cs_go=archiv&cs_id=4470 HTTP/1.1" 200 11682 "-" "Mozilla/5.0 (Windows NT 5.1) AppleWebKit/537.31 (KHTML, like Gecko) Chrome/26.0.1410.43 Safari/537.31"
148.251.69.136 - - [07/Apr/2015:07:15:55 +0200] "GET /news.php?cs_go=archiv&cs_id=4470&cs_search HTTP/1.1" 200 11682 "-" "Mozilla/5.0 (Windows NT 5.1; rv:12.0) Gecko/20120403211507 Firefox/12.0"
5.9.106.81 - - [07/Apr/2015:07:15:55 +0200] "GET /news.php?cs_go=archiv&cs_id=4470&cs_search= HTTP/1.1" 200 11682 "-" "Mozilla/5.0 (Windows NT 5.0; rv:21.0) Gecko/20100101 Firefox/21.0"
144.76.201.69 - - [07/Apr/2015:07:15:55 +0200] "GET /news.php?cs_go=archiv&cs_id=4470&cs_search= HTTP/1.1" 200 11682 "-" "Mozilla/5.0 (X11; Linux i686; rv:21.0) Gecko/20100101 Firefox/21.0"
5.9.17.118 - - [07/Apr/2015:07:16:03 +0200] "GET /news.php?cs_go=archiv&cs_id=4470 HTTP/1.1" 200 11682 "-" "Mozilla/5.0 (Windows NT 6.1; WOW64; rv:18.0) Gecko/20100101 Firefox/18.0"
148.251.69.136 - - [07/Apr/2015:07:16:03 +0200] "GET /news.php?cs_go=archiv&cs_id=4470&cs_search HTTP/1.1" 200 11682 "-" "Mozilla/5.0 (Windows NT 6.1; de;rv:12.0) Gecko/20120403211507 Firefox/12.0"
5.9.106.81 - - [07/Apr/2015:07:16:03 +0200] "GET /news.php?cs_go=archiv&cs_id=4470&cs_search= HTTP/1.1" 200 11682 "-" "Mozilla/5.0 (Macintosh; Intel Mac OS X 10_6_8) AppleWebKit/537.13+ (KHTML, like Gecko) Version/5.1.7 Safari/534.57.2"
144.76.201.69 - - [07/Apr/2015:07:16:04 +0200] "GET /news.php?cs_go=archiv&cs_id=4470&cs_search= HTTP/1.1" 200 11682 "-" "Mozilla/5.0 (Windows NT 6.2; WOW64) AppleWebKit/537.31 (KHTML, like Gecko) Chrome/26.0.1410.58 Safari/537.31"
5.9.17.118 - - [07/Apr/2015:07:16:08 +0200] "GET /news.php?cs_go=archiv&cs_id=4470&cs_search HTTP/1.1" 200 11682 "-" "Mozilla/5.0 (X11; Ubuntu; Linux x86_64; rv:14.0) Gecko/20100101 Firefox/14.0.1"
144.76.185.173 - - [07/Apr/2015:07:16:09 +0200] "GET /news.php?cs_go=archiv&cs_id=4470&cs_search= HTTP/1.1" 200 11682 "-" "Mozilla/5.0 (Windows NT 6.1; WOW64) AppleWebKit/537.31 (KHTML, like Gecko) Chrome/26.0.1410.64 Safari/537.31"
5.9.145.132 - - [07/Apr/2015:07:16:09 +0200] "GET /news.php?cs_go=archiv&cs_id=4470 HTTP/1.1" 200 11682 "-" "Mozilla/5.0 (X11; Ubuntu; Linux x86_64; rv:21.0) Gecko/20130331 Firefox/21.0"
5.9.106.81 - - [07/Apr/2015:07:16:09 +0200] "GET /news.php?cs_go=archiv&cs_id=4470&cs_search= HTTP/1.1" 200 11682 "-" "Mozilla/5.0 (Windows NT 6.1; U;WOW64; de;rv:11.0) Gecko Firefox/11.0"
5.9.17.118 - - [07/Apr/2015:07:16:17 +0200] "GET /news.php?cs_go=archiv&cs_id=4470&cs_search HTTP/1.1" 200 11682 "-" "Mozilla/5.0 (Macintosh; Intel Mac OS X 10_8_3) AppleWebKit/537.36 (KHTML, like Gecko) Chrome/27.0.1453.93 Safari/537.36"
144.76.185.173 - - [07/Apr/2015:07:16:17 +0200] "GET /news.php?cs_go=archiv&cs_id=4470&cs_search= HTTP/1.1" 200 11682 "-" "Mozilla/5.0 (Windows NT 5.0; rv:21.0) Gecko/20100101 Firefox/21.0"
5.9.106.81 - - [07/Apr/2015:07:16:17 +0200] "GET /news.php?cs_go=archiv&cs_id=4470&cs_search= HTTP/1.1" 200 11682 "-" "Mozilla/5.0 (Windows NT 6.2; WOW64) AppleWebKit/537.31 (KHTML, like Gecko) Chrome/26.0.1410.58 Safari/537.31"
5.9.145.132 - - [07/Apr/2015:07:16:17 +0200] "GET /news.php?cs_go=archiv&cs_id=4470 HTTP/1.1" 200 11682 "-" "Mozilla/5.0 (Macintosh; Intel Mac OS X 10_7_5) AppleWebKit/537.36 (KHTML, like Gecko) Chrome/27.0.1453.93 Safari/537.36"
5.9.17.118 - - [07/Apr/2015:07:16:23 +0200] "GET /news.php?cs_go=archiv&cs_id=4470&cs_search= HTTP/1.1" 200 11682 "-" "Mozilla/5.0 (Windows NT 6.0; WOW64) AppleWebKit/534.24 (KHTML, like Gecko) Chrome/11.0.696.34 Safari/534.24"
144.76.201.69 - - [07/Apr/2015:07:16:23 +0200] "GET /news.php?cs_go=archiv&cs_id=4470&cs_search HTTP/1.1" 200 11682 "-" "Mozilla/5.0 (Windows NT 6.1; WOW64) AppleWebKit/537.36 (KHTML, like Gecko) Chrome/27.0.1453.93 Safari/537.36"
144.76.155.8 - - [07/Apr/2015:07:16:23 +0200] "GET /news.php?cs_go=archiv&cs_id=4470&cs_search= HTTP/1.1" 200 11682 "-" "Mozilla/5.0 (X11; Ubuntu; Linux x86_64; rv:14.0) Gecko/20100101 Firefox/14.0.1"
148.251.75.46 - - [07/Apr/2015:07:16:23 +0200] "GET /news.php?cs_go=archiv&cs_id=4470 HTTP/1.1" 200 11682 "-" "Mozilla/5.0 (Windows NT 5.0; rv:21.0) Gecko/20100101 Firefox/21.0"
144.76.201.69 - - [07/Apr/2015:07:16:31 +0200] "GET /news.php?cs_go=archiv&cs_id=4470&cs_search HTTP/1.1" 200 11682 "-" "Mozilla/5.0 (Macintosh; Intel Mac OS X 10_6_8) AppleWebKit/537.13+ (KHTML, like Gecko) Version/5.1.7 Safari/534.57.2"
5.9.17.118 - - [07/Apr/2015:07:16:31 +0200] "GET /news.php?cs_go=archiv&cs_id=4470&cs_search= HTTP/1.1" 200 11682 "-" "Mozilla/5.0 (Windows NT 5.1; rv:21.0) Gecko/20100101 Firefox/21.0"
144.76.155.8 - - [07/Apr/2015:07:16:31 +0200] "GET /news.php?cs_go=archiv&cs_id=4470&cs_search= HTTP/1.1" 200 11682 "-" "Mozilla/5.0 (Windows; U; Windows NT 6.1; en-US) AppleWebKit/533.19.4 (KHTML, like Gecko) Version/5.0.2 Safari/533.18.5"
148.251.75.46 - - [07/Apr/2015:07:16:31 +0200] "GET /news.php?cs_go=archiv&cs_id=4470 HTTP/1.1" 200 11682 "-" "Mozilla/5.0 (Windows NT 5.1; rv:11.0) Gecko Firefox/11.0"
66.249.78.177 - - [07/Apr/2015:07:20:32 +0200] "GET /diesel.php HTTP/1.1" 200 11962 "-" "Mozilla/5.0 (iPhone; CPU iPhone OS 6_0 like Mac OS X) AppleWebKit/536.26 (KHTML, like Gecko) Version/6.0 Mobile/10A5376e Safari/8536.25 (compatible; Googlebot/2.1; +http://www.google.com/bot.html)"
66.249.78.184 - - [07/Apr/2015:07:27:00 +0200] "GET /diesel.php HTTP/1.1" 200 11962 "-" "Mozilla/5.0 (iPhone; CPU iPhone OS 6_0 like Mac OS X) AppleWebKit/536.26 (KHTML, like Gecko) Version/6.0 Mobile/10A5376e Safari/8536.25 (compatible; Googlebot/2.1; +http://www.google.com/bot.html)"
66.249.78.184 - - [07/Apr/2015:07:30:00 +0200] "GET /kwk.php HTTP/1.1" 200 11474 "-" "Mozilla/5.0 (iPhone; CPU iPhone OS 6_0 like Mac OS X) AppleWebKit/536.26 (KHTML, like Gecko) Version/6.0 Mobile/10A5376e Safari/8536.25 (compatible; Googlebot/2.1; +http://www.google.com/bot.html)"
46.229.170.197 - - [07/Apr/2015:07:30:44 +0200] "GET / HTTP/1.1" 200 15920 "-" "Mozilla/5.0 (X11; U; Linux amd64; rv:5.0) Gecko/20100101 Firefox/5.0 (Debian)"
66.249.78.177 - - [07/Apr/2015:07:33:42 +0200] "GET /diesel.php HTTP/1.1" 200 11962 "-" "Mozilla/5.0 (iPhone; CPU iPhone OS 6_0 like Mac OS X) AppleWebKit/536.26 (KHTML, like Gecko) Version/6.0 Mobile/10A5376e Safari/8536.25 (compatible; Googlebot/2.1; +http://www.google.com/bot.html)"
66.249.78.184 - - [07/Apr/2015:07:36:42 +0200] "GET /kwk.php HTTP/1.1" 200 11474 "-" "Mozilla/5.0 (iPhone; CPU iPhone OS 6_0 like Mac OS X) AppleWebKit/536.26 (KHTML, like Gecko) Version/6.0 Mobile/10A5376e Safari/8536.25 (compatible; Googlebot/2.1; +http://www.google.com/bot.html)"
66.249.78.142 - - [07/Apr/2015:07:41:54 +0200] "GET /kwk.php?cs_go=2 HTTP/1.1" 200 11474 "-" "Mozilla/5.0 (compatible; Googlebot/2.1; +http://www.google.com/bot.html)"
66.249.78.177 - - [07/Apr/2015:07:44:54 +0200] "GET /kwk.php HTTP/1.1" 200 11474 "-" "Mozilla/5.0 (iPhone; CPU iPhone OS 6_0 like Mac OS X) AppleWebKit/536.26 (KHTML, like Gecko) Version/6.0 Mobile/10A5376e Safari/8536.25 (compatible; Googlebot/2.1; +http://www.google.com/bot.html)"
66.249.78.224 - - [07/Apr/2015:07:47:53 +0200] "GET / HTTP/1.1" 200 15920 "-" "Mozilla/5.0 (iPhone; CPU iPhone OS 6_0 like Mac OS X) AppleWebKit/536.26 (KHTML, like Gecko) Version/6.0 Mobile/10A5376e Safari/8536.25 (compatible; Googlebot/2.1; +http://www.google.com/bot.html)"
66.249.78.142 - - [07/Apr/2015:07:50:53 +0200] "GET /kwk.php?cs_go=2 HTTP/1.1" 200 11474 "-" "Mozilla/5.0 (compatible; Googlebot/2.1; +http://www.google.com/bot.html)"
66.249.78.217 - - [07/Apr/2015:07:54:06 +0200] "GET / HTTP/1.1" 200 15920 "-" "Mozilla/5.0 (iPhone; CPU iPhone OS 6_0 like Mac OS X) AppleWebKit/536.26 (KHTML, like Gecko) Version/6.0 Mobile/10A5376e Safari/8536.25 (compatible; Googlebot/2.1; +http://www.google.com/bot.html)"
66.249.78.149 - - [07/Apr/2015:07:57:06 +0200] "GET /kwk.php?cs_go=2 HTTP/1.1" 200 11474 "-" "Mozilla/5.0 (compatible; Googlebot/2.1; +http://www.google.com/bot.html)"
66.249.78.210 - - [07/Apr/2015:08:00:29 +0200] "GET / HTTP/1.1" 200 15920 "-" "Mozilla/5.0 (iPhone; CPU iPhone OS 6_0 like Mac OS X) AppleWebKit/536.26 (KHTML, like Gecko) Version/6.0 Mobile/10A5376e Safari/8536.25 (compatible; Googlebot/2.1; +http://www.google.com/bot.html)"
87.145.220.162 - - [07/Apr/2015:08:20:36 +0200] "GET / HTTP/1.1" 200 9656 "http://www.bigfinder.de/?c=ws&q=online&v=1" "Mozilla/5.0 (Windows NT 6.1; WOW64; rv:19.0) Gecko/20100101 Firefox/19.0"
66.249.78.36 - - [07/Apr/2015:08:34:54 +0200] "GET /robots.txt HTTP/1.1" 404 1256 "-" "Mozilla/5.0 (compatible; Googlebot/2.1; +http://www.google.com/bot.html)"
66.249.78.210 - - [07/Apr/2015:08:31:54 +0200] "GET /kwk.php?cs_go=3 HTTP/1.1" 200 11474 "-" "Mozilla/5.0 (compatible; Googlebot/2.1; +http://www.google.com/bot.html)"
66.249.78.43 - - [07/Apr/2015:08:34:54 +0200] "GET /lexikon.php?cs_go=3&cs_id=209 HTTP/1.1" 200 11466 "-" "Mozilla/5.0 (iPhone; CPU iPhone OS 6_0 like Mac OS X) AppleWebKit/536.26 (KHTML, like Gecko) Version/6.0 Mobile/10A5376e Safari/8536.25 (compatible; Googlebot/2.1; +http://www.google.com/bot.html)"
66.249.78.210 - - [07/Apr/2015:08:38:34 +0200] "GET /kwk.php?cs_go=3 HTTP/1.1" 200 11474 "-" "Mozilla/5.0 (compatible; Googlebot/2.1; +http://www.google.com/bot.html)"
66.249.78.43 - - [07/Apr/2015:08:41:33 +0200] "GET /lexikon.php?cs_go=3&cs_id=209 HTTP/1.1" 200 11466 "-" "Mozilla/5.0 (iPhone; CPU iPhone OS 6_0 like Mac OS X) AppleWebKit/536.26 (KHTML, like Gecko) Version/6.0 Mobile/10A5376e Safari/8536.25 (compatible; Googlebot/2.1; +http://www.google.com/bot.html)"
66.249.78.217 - - [07/Apr/2015:08:45:18 +0200] "GET /kwk.php?cs_go=3 HTTP/1.1" 200 11474 "-" "Mozilla/5.0 (compatible; Googlebot/2.1; +http://www.google.com/bot.html)"
66.249.78.36 - - [07/Apr/2015:08:48:18 +0200] "GET /lexikon.php?cs_go=3&cs_id=209 HTTP/1.1" 200 11466 "-" "Mozilla/5.0 (iPhone; CPU iPhone OS 6_0 like Mac OS X) AppleWebKit/536.26 (KHTML, like Gecko) Version/6.0 Mobile/10A5376e Safari/8536.25 (compatible; Googlebot/2.1; +http://www.google.com/bot.html)"
66.249.78.36 - - [07/Apr/2015:09:09:56 +0200] "GET /ec.php HTTP/1.1" 200 11616 "-" "SAMSUNG-SGH-E250/1.0 Profile/MIDP-2.0 Configuration/CLDC-1.1 UP.Browser/6.2.3.3.c.1.101 (GUI) MMP/2.0 (compatible; Googlebot-Mobile/2.1; +http://www.google.com/bot.html)"
66.249.78.36 - - [07/Apr/2015:09:16:03 +0200] "GET /ec.php HTTP/1.1" 200 11616 "-" "SAMSUNG-SGH-E250/1.0 Profile/MIDP-2.0 Configuration/CLDC-1.1 UP.Browser/6.2.3.3.c.1.101 (GUI) MMP/2.0 (compatible; Googlebot-Mobile/2.1; +http://www.google.com/bot.html)"
66.249.78.36 - - [07/Apr/2015:09:22:40 +0200] "GET /ec.php HTTP/1.1" 200 11616 "-" "SAMSUNG-SGH-E250/1.0 Profile/MIDP-2.0 Configuration/CLDC-1.1 UP.Browser/6.2.3.3.c.1.101 (GUI) MMP/2.0 (compatible; Googlebot-Mobile/2.1; +http://www.google.com/bot.html)"
87.178.170.195 - - [07/Apr/2015:10:43:04 +0200] "GET /style.css HTTP/1.1" 200 8056 "http://www.esso-berlin.de/" "Mozilla/5.0 (Windows NT 6.1; WOW64; rv:36.0) Gecko/20100101 Firefox/36.0"
87.178.170.195 - - [07/Apr/2015:10:43:04 +0200] "GET /modul.css HTTP/1.1" 200 36485 "http://www.esso-berlin.de/" "Mozilla/5.0 (Windows NT 6.1; WOW64; rv:36.0) Gecko/20100101 Firefox/36.0"
87.178.170.195 - - [07/Apr/2015:10:43:04 +0200] "GET /images/header.jpg HTTP/1.1" 200 23758 "http://www.esso-berlin.de/style.css" "Mozilla/5.0 (Windows NT 6.1; WOW64; rv:36.0) Gecko/20100101 Firefox/36.0"
87.178.170.195 - - [07/Apr/2015:10:43:04 +0200] "GET /images/logos.jpg HTTP/1.1" 200 1205 "http://www.esso-berlin.de/style.css" "Mozilla/5.0 (Windows NT 6.1; WOW64; rv:36.0) Gecko/20100101 Firefox/36.0"
87.178.170.195 - - [07/Apr/2015:10:43:04 +0200] "GET /images/content_bg.jpg HTTP/1.1" 200 437 "http://www.esso-berlin.de/style.css" "Mozilla/5.0 (Windows NT 6.1; WOW64; rv:36.0) Gecko/20100101 Firefox/36.0"
87.178.170.195 - - [07/Apr/2015:10:43:10 +0200] "GET /favicon.ico HTTP/1.1" 404 1256 "-" "Mozilla/5.0 (Windows NT 6.1; WOW64; rv:36.0) Gecko/20100101 Firefox/36.0"
87.178.170.195 - - [07/Apr/2015:10:43:10 +0200] "GET /favicon.ico HTTP/1.1" 404 1256 "-" "Mozilla/5.0 (Windows NT 6.1; WOW64; rv:36.0) Gecko/20100101 Firefox/36.0"
87.178.170.195 - - [07/Apr/2015:10:43:04 +0200] "GET / HTTP/1.1" 200 15920 "-" "Mozilla/5.0 (Windows NT 6.1; WOW64; rv:36.0) Gecko/20100101 Firefox/36.0"
87.178.170.195 - - [07/Apr/2015:10:43:11 +0200] "GET /heizoel.php HTTP/1.1" 200 9577 "http://www.esso-berlin.de/" "Mozilla/5.0 (Windows NT 6.1; WOW64; rv:36.0) Gecko/20100101 Firefox/36.0"
87.178.170.195 - - [07/Apr/2015:10:43:18 +0200] "GET / HTTP/1.1" 500 1275 "-" "Mozilla/5.0 (Windows NT 6.1; WOW64; rv:36.0) Gecko/20100101 Firefox/36.0"
87.178.170.195 - - [07/Apr/2015:10:43:22 +0200] "GET /heizoel.php HTTP/1.1" 500 1275 "http://www.esso-berlin.de/" "Mozilla/5.0 (Windows NT 6.1; WOW64; rv:36.0) Gecko/20100101 Firefox/36.0"
87.178.170.195 - - [07/Apr/2015:10:44:00 +0200] "GET / HTTP/1.1" 500 1275 "-" "Mozilla/5.0 (Windows NT 6.1; WOW64; rv:36.0) Gecko/20100101 Firefox/36.0"
87.178.170.195 - - [07/Apr/2015:10:44:45 +0200] "GET /ec.php HTTP/1.1" 500 1275 "http://www.esso-berlin.de/" "Mozilla/5.0 (Windows NT 6.1; WOW64; rv:36.0) Gecko/20100101 Firefox/36.0"
66.249.64.171 - - [07/Apr/2015:10:58:06 +0200] "GET /tankanlagen.php HTTP/1.1" 200 11688 "-" "Mozilla/5.0 (compatible; Googlebot/2.1; +http://www.google.com/bot.html)"
87.178.170.195 - - [07/Apr/2015:10:44:36 +0200] "GET /heizoel.php HTTP/1.1" 500 1275 "http://www.esso-berlin.de/" "Mozilla/5.0 (Windows NT 6.1; WOW64; rv:36.0) Gecko/20100101 Firefox/36.0"
66.249.78.43 - - [07/Apr/2015:11:04:09 +0200] "GET /tankanlagen.php HTTP/1.1" 200 11688 "-" "Mozilla/5.0 (compatible; Googlebot/2.1; +http://www.google.com/bot.html)"
66.249.78.119 - - [07/Apr/2015:11:17:00 +0200] "GET /robots.txt HTTP/1.1" 404 1256 "-" "Mozilla/5.0 (compatible; Googlebot/2.1; +http://www.google.com/bot.html)"
66.249.78.36 - - [07/Apr/2015:11:10:47 +0200] "GET /tankanlagen.php HTTP/1.1" 200 11688 "-" "Mozilla/5.0 (compatible; Googlebot/2.1; +http://www.google.com/bot.html)"
66.249.78.119 - - [07/Apr/2015:11:17:00 +0200] "GET /news.php?cs_go=archiv&cs_id=4473&cs_search= HTTP/1.1" 200 11477 "-" "Mozilla/5.0 (compatible; Googlebot/2.1; +http://www.google.com/bot.html)"
66.249.78.126 - - [07/Apr/2015:11:23:32 +0200] "GET /news.php?cs_go=archiv&cs_id=4473&cs_search= HTTP/1.1" 200 11477 "-" "Mozilla/5.0 (compatible; Googlebot/2.1; +http://www.google.com/bot.html)"
66.249.78.112 - - [07/Apr/2015:11:30:05 +0200] "GET /news.php?cs_go=archiv&cs_id=4473&cs_search= HTTP/1.1" 200 11477 "-" "Mozilla/5.0 (compatible; Googlebot/2.1; +http://www.google.com/bot.html)"
87.178.170.195 - - [07/Apr/2015:11:39:00 +0200] "GET /js/ddaccordion.js HTTP/1.1" 200 12534 "http://www.esso-berlin.de/" "Mozilla/5.0 (Windows NT 6.1; WOW64; rv:36.0) Gecko/20100101 Firefox/36.0"
87.178.170.195 - - [07/Apr/2015:11:39:00 +0200] "GET /js/slider.js HTTP/1.1" 200 773 "http://www.esso-berlin.de/" "Mozilla/5.0 (Windows NT 6.1; WOW64; rv:36.0) Gecko/20100101 Firefox/36.0"
87.178.170.195 - - [07/Apr/2015:11:39:00 +0200] "GET /Scripts/AC_ActiveX.js HTTP/1.1" 200 2068 "http://www.esso-berlin.de/" "Mozilla/5.0 (Windows NT 6.1; WOW64; rv:36.0) Gecko/20100101 Firefox/36.0"
87.178.170.195 - - [07/Apr/2015:11:39:00 +0200] "GET /Scripts/AC_RunActiveContent.js HTTP/1.1" 200 8029 "http://www.esso-berlin.de/" "Mozilla/5.0 (Windows NT 6.1; WOW64; rv:36.0) Gecko/20100101 Firefox/36.0"
87.178.170.195 - - [07/Apr/2015:11:39:00 +0200] "GET /style.css HTTP/1.1" 304 - "http://www.esso-berlin.de/" "Mozilla/5.0 (Windows NT 6.1; WOW64; rv:36.0) Gecko/20100101 Firefox/36.0"
87.178.170.195 - - [07/Apr/2015:11:39:00 +0200] "GET /modul.css HTTP/1.1" 304 - "http://www.esso-berlin.de/" "Mozilla/5.0 (Windows NT 6.1; WOW64; rv:36.0) Gecko/20100101 Firefox/36.0"
87.178.170.195 - - [07/Apr/2015:11:39:00 +0200] "GET /js/jquery.min.js HTTP/1.1" 200 57254 "http://www.esso-berlin.de/" "Mozilla/5.0 (Windows NT 6.1; WOW64; rv:36.0) Gecko/20100101 Firefox/36.0"
87.178.170.195 - - [07/Apr/2015:11:39:00 +0200] "GET /video/jwplayer.js HTTP/1.1" 200 132411 "http://www.esso-berlin.de/" "Mozilla/5.0 (Windows NT 6.1; WOW64; rv:36.0) Gecko/20100101 Firefox/36.0"
87.178.170.195 - - [07/Apr/2015:11:39:01 +0200] "GET /images/header.jpg HTTP/1.1" 304 - "http://www.esso-berlin.de/style.css" "Mozilla/5.0 (Windows NT 6.1; WOW64; rv:36.0) Gecko/20100101 Firefox/36.0"
87.178.170.195 - - [07/Apr/2015:11:39:01 +0200] "GET /images/content_bg.jpg HTTP/1.1" 304 - "http://www.esso-berlin.de/style.css" "Mozilla/5.0 (Windows NT 6.1; WOW64; rv:36.0) Gecko/20100101 Firefox/36.0"
87.178.170.195 - - [07/Apr/2015:11:39:01 +0200] "GET /images/logos.jpg HTTP/1.1" 304 - "http://www.esso-berlin.de/style.css" "Mozilla/5.0 (Windows NT 6.1; WOW64; rv:36.0) Gecko/20100101 Firefox/36.0"
87.178.170.195 - - [07/Apr/2015:11:42:09 +0200] "GET /images/teamtkw.jpg HTTP/1.1" 200 27919 "http://www.esso-berlin.de/" "Mozilla/5.0 (Windows NT 6.1; WOW64; rv:36.0) Gecko/20100101 Firefox/36.0"
87.178.170.195 - - [07/Apr/2015:11:42:09 +0200] "GET /images/team-energie.png HTTP/1.1" 200 17383 "http://www.esso-berlin.de/" "Mozilla/5.0 (Windows NT 6.1; WOW64; rv:36.0) Gecko/20100101 Firefox/36.0"
87.178.170.195 - - [07/Apr/2015:11:42:09 +0200] "GET /images/tankpool24.jpg HTTP/1.1" 200 6460 "http://www.esso-berlin.de/" "Mozilla/5.0 (Windows NT 6.1; WOW64; rv:36.0) Gecko/20100101 Firefox/36.0"
87.178.170.195 - - [07/Apr/2015:11:42:09 +0200] "GET /images/iwo.jpg HTTP/1.1" 200 11024 "http://www.esso-berlin.de/" "Mozilla/5.0 (Windows NT 6.1; WOW64; rv:36.0) Gecko/20100101 Firefox/36.0"
87.178.170.195 - - [07/Apr/2015:11:42:09 +0200] "GET /video/player.swf HTTP/1.1" 200 106407 "http://www.esso-berlin.de/" "Mozilla/5.0 (Windows NT 6.1; WOW64; rv:36.0) Gecko/20100101 Firefox/36.0"
87.178.170.195 - - [07/Apr/2015:11:42:09 +0200] "GET /images/baustelle.jpg HTTP/1.1" 200 17506 "http://www.esso-berlin.de/" "Mozilla/5.0 (Windows NT 6.1; WOW64; rv:36.0) Gecko/20100101 Firefox/36.0"
87.178.170.195 - - [07/Apr/2015:11:42:09 +0200] "GET /images/telefon.png HTTP/1.1" 200 754 "http://www.esso-berlin.de/" "Mozilla/5.0 (Windows NT 6.1; WOW64; rv:36.0) Gecko/20100101 Firefox/36.0"
87.178.170.195 - - [07/Apr/2015:11:42:09 +0200] "GET /images/email.png HTTP/1.1" 200 641 "http://www.esso-berlin.de/" "Mozilla/5.0 (Windows NT 6.1; WOW64; rv:36.0) Gecko/20100101 Firefox/36.0"
87.178.170.195 - - [07/Apr/2015:11:42:09 +0200] "GET /images/heizoelbestellung.jpg HTTP/1.1" 200 6281 "http://www.esso-berlin.de/" "Mozilla/5.0 (Windows NT 6.1; WOW64; rv:36.0) Gecko/20100101 Firefox/36.0"
87.178.170.195 - - [07/Apr/2015:11:42:09 +0200] "GET /images/wunschpreis.jpg HTTP/1.1" 200 5550 "http://www.esso-berlin.de/" "Mozilla/5.0 (Windows NT 6.1; WOW64; rv:36.0) Gecko/20100101 Firefox/36.0"
87.178.170.195 - - [07/Apr/2015:11:42:09 +0200] "GET /images/adblue_neu.png HTTP/1.1" 200 30982 "http://www.esso-berlin.de/" "Mozilla/5.0 (Windows NT 6.1; WOW64; rv:36.0) Gecko/20100101 Firefox/36.0"
87.178.170.195 - - [07/Apr/2015:11:42:09 +0200] "GET /images/freecall.png HTTP/1.1" 200 15914 "http://www.esso-berlin.de/" "Mozilla/5.0 (Windows NT 6.1; WOW64; rv:36.0) Gecko/20100101 Firefox/36.0"
87.178.170.195 - - [07/Apr/2015:11:42:09 +0200] "GET /images/kwk.png HTTP/1.1" 200 15949 "http://www.esso-berlin.de/" "Mozilla/5.0 (Windows NT 6.1; WOW64; rv:36.0) Gecko/20100101 Firefox/36.0"
87.178.170.195 - - [07/Apr/2015:11:42:09 +0200] "GET /images/ral.png HTTP/1.1" 200 25696 "http://www.esso-berlin.de/" "Mozilla/5.0 (Windows NT 6.1; WOW64; rv:36.0) Gecko/20100101 Firefox/36.0"
87.178.170.195 - - [07/Apr/2015:11:42:09 +0200] "GET /images/Imagebroschuere_team_energie.png HTTP/1.1" 200 64117 "http://www.esso-berlin.de/" "Mozilla/5.0 (Windows NT 6.1; WOW64; rv:36.0) Gecko/20100101 Firefox/36.0"
87.178.170.195 - - [07/Apr/2015:11:42:10 +0200] "GET /images/newsletter.jpg HTTP/1.1" 200 13127 "http://www.esso-berlin.de/style.css" "Mozilla/5.0 (Windows NT 6.1; WOW64; rv:36.0) Gecko/20100101 Firefox/36.0"
87.178.170.195 - - [07/Apr/2015:11:42:10 +0200] "GET /images/mobil.jpg HTTP/1.1" 200 25293 "http://www.esso-berlin.de/style.css" "Mozilla/5.0 (Windows NT 6.1; WOW64; rv:36.0) Gecko/20100101 Firefox/36.0"
178.63.13.15 - - [07/Apr/2015:11:42:22 +0200] "GET /robots.txt HTTP/1.0" 404 1256 "-" "Mozilla/5.0 (compatible; MJ12bot/v1.4.5; http://www.majestic12.co.uk/bot.php?+)"
87.178.170.195 - - [07/Apr/2015:11:39:00 +0200] "GET / HTTP/1.1" 200 16125 "-" "Mozilla/5.0 (Windows NT 6.1; WOW64; rv:36.0) Gecko/20100101 Firefox/36.0"
66.249.78.43 - - [07/Apr/2015:11:41:56 +0200] "GET /kwk.php HTTP/1.1" 200 11474 "-" "Mozilla/5.0 (iPhone; CPU iPhone OS 6_0 like Mac OS X) AppleWebKit/536.26 (KHTML, like Gecko) Version/6.0 Mobile/10A5376e Safari/8536.25 (compatible; Googlebot/2.1; +http://www.google.com/bot.html)"
178.63.13.15 - - [07/Apr/2015:11:42:24 +0200] "GET /essocard.php HTTP/1.0" 200 13196 "-" "Mozilla/5.0 (compatible; MJ12bot/v1.4.5; http://www.majestic12.co.uk/bot.php?+)"
178.63.13.15 - - [07/Apr/2015:11:43:07 +0200] "GET /news.php?cs_go=archiv&cs_id=4746 HTTP/1.0" 200 11477 "-" "Mozilla/5.0 (compatible; MJ12bot/v1.4.5; http://www.majestic12.co.uk/bot.php?+)"
178.63.13.15 - - [07/Apr/2015:11:43:49 +0200] "GET /news.php?cs_go=archiv&cs_id=4766 HTTP/1.0" 200 11477 "-" "Mozilla/5.0 (compatible; MJ12bot/v1.4.5; http://www.majestic12.co.uk/bot.php?+)"
178.63.13.15 - - [07/Apr/2015:11:44:31 +0200] "GET /news.php?cs_go=archiv&cs_id=4767 HTTP/1.0" 200 11477 "-" "Mozilla/5.0 (compatible; MJ12bot/v1.4.5; http://www.majestic12.co.uk/bot.php?+)"
178.63.13.15 - - [07/Apr/2015:11:45:14 +0200] "GET /news.php?cs_go=archiv&cs_id=4768 HTTP/1.0" 200 11477 "-" "Mozilla/5.0 (compatible; MJ12bot/v1.4.5; http://www.majestic12.co.uk/bot.php?+)"
178.63.13.15 - - [07/Apr/2015:11:45:57 +0200] "GET /news.php?cs_go=archiv&cs_id=4769 HTTP/1.0" 200 11477 "-" "Mozilla/5.0 (compatible; MJ12bot/v1.4.5; http://www.majestic12.co.uk/bot.php?+)"
178.63.13.15 - - [07/Apr/2015:11:46:40 +0200] "GET /news.php?cs_go=archiv&cs_id=4922 HTTP/1.0" 200 11477 "-" "Mozilla/5.0 (compatible; MJ12bot/v1.4.5; http://www.majestic12.co.uk/bot.php?+)"
178.63.13.15 - - [07/Apr/2015:11:47:23 +0200] "GET /news.php?cs_go=archiv&cs_id=4923 HTTP/1.0" 200 11477 "-" "Mozilla/5.0 (compatible; MJ12bot/v1.4.5; http://www.majestic12.co.uk/bot.php?+)"
178.63.13.15 - - [07/Apr/2015:11:48:06 +0200] "GET /news.php?cs_go=archiv&cs_id=4924 HTTP/1.0" 200 11477 "-" "Mozilla/5.0 (compatible; MJ12bot/v1.4.5; http://www.majestic12.co.uk/bot.php?+)"
66.249.78.43 - - [07/Apr/2015:11:48:33 +0200] "GET /kwk.php HTTP/1.1" 200 11474 "-" "Mozilla/5.0 (iPhone; CPU iPhone OS 6_0 like Mac OS X) AppleWebKit/536.26 (KHTML, like Gecko) Version/6.0 Mobile/10A5376e Safari/8536.25 (compatible; Googlebot/2.1; +http://www.google.com/bot.html)"
178.63.13.15 - - [07/Apr/2015:11:48:50 +0200] "GET /news.php?cs_go=archiv&cs_id=5170 HTTP/1.0" 200 11477 "-" "Mozilla/5.0 (compatible; MJ12bot/v1.4.5; http://www.majestic12.co.uk/bot.php?+)"
178.63.13.15 - - [07/Apr/2015:11:49:36 +0200] "GET /news.php?cs_go=archiv&cs_id=5172 HTTP/1.0" 200 11477 "-" "Mozilla/5.0 (compatible; MJ12bot/v1.4.5; http://www.majestic12.co.uk/bot.php?+)"
178.63.13.15 - - [07/Apr/2015:11:50:21 +0200] "GET /news.php?cs_go=archiv&cs_id=5173 HTTP/1.0" 200 11477 "-" "Mozilla/5.0 (compatible; MJ12bot/v1.4.5; http://www.majestic12.co.uk/bot.php?+)"
178.63.13.15 - - [07/Apr/2015:11:51:04 +0200] "GET /news.php?cs_go=archiv&cs_id=5174 HTTP/1.0" 200 11477 "-" "Mozilla/5.0 (compatible; MJ12bot/v1.4.5; http://www.majestic12.co.uk/bot.php?+)"
178.63.13.15 - - [07/Apr/2015:11:51:46 +0200] "GET /news.php?cs_go=archiv&cs_id=5175 HTTP/1.0" 200 11477 "-" "Mozilla/5.0 (compatible; MJ12bot/v1.4.5; http://www.majestic12.co.uk/bot.php?+)"
66.249.78.50 - - [07/Apr/2015:11:58:35 +0200] "GET /modul.css HTTP/1.1" 200 36485 "-" "Mozilla/5.0 (compatible; Googlebot/2.1; +http://www.google.com/bot.html)"
66.249.78.50 - - [07/Apr/2015:11:58:36 +0200] "GET /style.css HTTP/1.1" 200 8056 "-" "Mozilla/5.0 (compatible; Googlebot/2.1; +http://www.google.com/bot.html)"
178.63.13.15 - - [07/Apr/2015:11:52:30 +0200] "GET /news.php?cs_go=archiv&cs_id=5176 HTTP/1.0" 200 11477 "-" "Mozilla/5.0 (compatible; MJ12bot/v1.4.5; http://www.majestic12.co.uk/bot.php?+)"
178.63.13.15 - - [07/Apr/2015:11:53:14 +0200] "GET /news.php?cs_go=archiv&cs_id=5177 HTTP/1.0" 200 11477 "-" "Mozilla/5.0 (compatible; MJ12bot/v1.4.5; http://www.majestic12.co.uk/bot.php?+)"
66.249.78.161 - - [07/Apr/2015:12:00:51 +0200] "GET /robots.txt HTTP/1.1" 404 1256 "-" "Mozilla/5.0 (compatible; Googlebot/2.1; +http://www.google.com/bot.html)"
66.249.64.171 - - [07/Apr/2015:11:54:33 +0200] "GET /kwk.php HTTP/1.1" 200 11474 "-" "Mozilla/5.0 (iPhone; CPU iPhone OS 6_0 like Mac OS X) AppleWebKit/536.26 (KHTML, like Gecko) Version/6.0 Mobile/10A5376e Safari/8536.25 (compatible; Googlebot/2.1; +http://www.google.com/bot.html)"
66.249.78.154 - - [07/Apr/2015:12:00:51 +0200] "GET / HTTP/1.1" 200 15920 "-" "Mozilla/5.0 (iPhone; CPU iPhone OS 6_0 like Mac OS X) AppleWebKit/536.26 (KHTML, like Gecko) Version/6.0 Mobile/10A5376e Safari/8536.25 (compatible; Googlebot/2.1; +http://www.google.com/bot.html)"
