66.249.78.161 - - [07/Apr/2015:12:07:25 +0200] "GET / HTTP/1.1" 200 15920 "-" "Mozilla/5.0 (iPhone; CPU iPhone OS 6_0 like Mac OS X) AppleWebKit/536.26 (KHTML, like Gecko) Version/6.0 Mobile/10A5376e Safari/8536.25 (compatible; Googlebot/2.1; +http://www.google.com/bot.html)"
87.178.170.195 - - [07/Apr/2015:12:15:22 +0200] "GET /images/ral.jpg HTTP/1.1" 200 6136 "http://www.esso-berlin.de/heizoel.php" "Mozilla/5.0 (Windows NT 6.1; WOW64; rv:36.0) Gecko/20100101 Firefox/36.0"
87.178.170.195 - - [07/Apr/2015:12:12:55 +0200] "GET /preisanfrage.php HTTP/1.1" 200 11698 "http://www.esso-berlin.de/heizoel.php" "Mozilla/5.0 (Windows NT 6.1; WOW64; rv:36.0) Gecko/20100101 Firefox/36.0"
66.249.78.147 - - [07/Apr/2015:12:13:53 +0200] "GET / HTTP/1.1" 200 15920 "-" "Mozilla/5.0 (iPhone; CPU iPhone OS 6_0 like Mac OS X) AppleWebKit/536.26 (KHTML, like Gecko) Version/6.0 Mobile/10A5376e Safari/8536.25 (compatible; Googlebot/2.1; +http://www.google.com/bot.html)"
87.178.170.195 - - [07/Apr/2015:12:12:13 +0200] "GET /heizoel.php HTTP/1.1" 200 12204 "http://www.esso-berlin.de/" "Mozilla/5.0 (Windows NT 6.1; WOW64; rv:36.0) Gecko/20100101 Firefox/36.0"
66.249.78.112 - - [07/Apr/2015:12:24:12 +0200] "GET /news.php?cs_go=archiv&cs_id=5151 HTTP/1.1" 200 11477 "-" "Mozilla/5.0 (compatible; Googlebot/2.1; +http://www.google.com/bot.html)"
66.249.78.126 - - [07/Apr/2015:12:30:34 +0200] "GET /news.php?cs_go=archiv&cs_id=5151 HTTP/1.1" 200 11477 "-" "Mozilla/5.0 (compatible; Googlebot/2.1; +http://www.google.com/bot.html)"
66.249.78.119 - - [07/Apr/2015:12:36:34 +0200] "GET /news.php?cs_go=archiv&cs_id=5151 HTTP/1.1" 200 11477 "-" "Mozilla/5.0 (compatible; Googlebot/2.1; +http://www.google.com/bot.html)"
195.154.187.115 - - [07/Apr/2015:12:48:13 +0200] "GET /robots.txt HTTP/1.0" 404 1256 "-" "Mozilla/5.0 (compatible; MJ12bot/v1.4.5; http://www.majestic12.co.uk/bot.php?+)"
195.154.187.115 - - [07/Apr/2015:12:48:13 +0200] "GET /robots.txt HTTP/1.0" 404 1256 "-" "Mozilla/5.0 (compatible; MJ12bot/v1.4.5; http://www.majestic12.co.uk/bot.php?+)"
195.154.187.115 - - [07/Apr/2015:12:48:15 +0200] "GET /news.php?cs_go=archiv&cs_id=4835 HTTP/1.0" 200 11477 "-" "Mozilla/5.0 (compatible; MJ12bot/v1.4.5; http://www.majestic12.co.uk/bot.php?+)"
195.154.187.115 - - [07/Apr/2015:12:48:15 +0200] "GET /news.php?cs_go=archiv&cs_id=4305 HTTP/1.0" 200 11477 "-" "Mozilla/5.0 (compatible; MJ12bot/v1.4.5; http://www.majestic12.co.uk/bot.php?+)"
195.154.187.115 - - [07/Apr/2015:12:48:59 +0200] "GET /news.php?cs_go=archiv&cs_id=4308 HTTP/1.0" 200 11477 "-" "Mozilla/5.0 (compatible; MJ12bot/v1.4.5; http://www.majestic12.co.uk/bot.php?+)"
195.154.187.115 - - [07/Apr/2015:12:48:59 +0200] "GET /news.php?cs_go=archiv&cs_id=4836 HTTP/1.0" 200 11477 "-" "Mozilla/5.0 (compatible; MJ12bot/v1.4.5; http://www.majestic12.co.uk/bot.php?+)"
195.154.187.115 - - [07/Apr/2015:12:49:41 +0200] "GET /news.php?cs_go=archiv&cs_id=4310 HTTP/1.0" 200 11477 "-" "Mozilla/5.0 (compatible; MJ12bot/v1.4.5; http://www.majestic12.co.uk/bot.php?+)"
195.154.187.115 - - [07/Apr/2015:12:49:41 +0200] "GET /news.php?cs_go=archiv&cs_id=4837 HTTP/1.0" 200 11477 "-" "Mozilla/5.0 (compatible; MJ12bot/v1.4.5; http://www.majestic12.co.uk/bot.php?+)"
195.154.187.115 - - [07/Apr/2015:12:50:23 +0200] "GET /news.php?cs_go=archiv&cs_id=4312 HTTP/1.0" 200 11477 "-" "Mozilla/5.0 (compatible; MJ12bot/v1.4.5; http://www.majestic12.co.uk/bot.php?+)"
195.154.187.115 - - [07/Apr/2015:12:50:23 +0200] "GET /news.php?cs_go=archiv&cs_id=4905 HTTP/1.0" 200 11477 "-" "Mozilla/5.0 (compatible; MJ12bot/v1.4.5; http://www.majestic12.co.uk/bot.php?+)"
195.154.187.115 - - [07/Apr/2015:12:51:08 +0200] "GET /news.php?cs_go=archiv&cs_id=4313 HTTP/1.0" 200 11477 "-" "Mozilla/5.0 (compatible; MJ12bot/v1.4.5; http://www.majestic12.co.uk/bot.php?+)"
195.154.187.115 - - [07/Apr/2015:12:51:08 +0200] "GET /news.php?cs_go=archiv&cs_id=4908 HTTP/1.0" 200 11477 "-" "Mozilla/5.0 (compatible; MJ12bot/v1.4.5; http://www.majestic12.co.uk/bot.php?+)"
195.154.187.115 - - [07/Apr/2015:12:51:52 +0200] "GET /news.php?cs_go=archiv&cs_id=4324 HTTP/1.0" 200 11477 "-" "Mozilla/5.0 (compatible; MJ12bot/v1.4.5; http://www.majestic12.co.uk/bot.php?+)"
195.154.187.115 - - [07/Apr/2015:12:51:52 +0200] "GET /news.php?cs_go=archiv&cs_id=4909 HTTP/1.0" 200 11477 "-" "Mozilla/5.0 (compatible; MJ12bot/v1.4.5; http://www.majestic12.co.uk/bot.php?+)"
195.154.187.115 - - [07/Apr/2015:12:52:35 +0200] "GET /news.php?cs_go=archiv&cs_id=4733&cs_search= HTTP/1.0" 200 11477 "-" "Mozilla/5.0 (compatible; MJ12bot/v1.4.5; http://www.majestic12.co.uk/bot.php?+)"
195.154.187.115 - - [07/Apr/2015:12:52:35 +0200] "GET /news.php?cs_go=archiv&cs_id=4910 HTTP/1.0" 200 11477 "-" "Mozilla/5.0 (compatible; MJ12bot/v1.4.5; http://www.majestic12.co.uk/bot.php?+)"
195.154.187.115 - - [07/Apr/2015:12:53:17 +0200] "GET /news.php?cs_go=archiv&cs_id=4911 HTTP/1.0" 200 11477 "-" "Mozilla/5.0 (compatible; MJ12bot/v1.4.5; http://www.majestic12.co.uk/bot.php?+)"
195.154.187.115 - - [07/Apr/2015:12:53:17 +0200] "GET /news.php?cs_go=archiv&cs_id=4734&cs_search= HTTP/1.0" 200 11477 "-" "Mozilla/5.0 (compatible; MJ12bot/v1.4.5; http://www.majestic12.co.uk/bot.php?+)"
195.154.187.115 - - [07/Apr/2015:12:53:59 +0200] "GET /news.php?cs_go=archiv&cs_id=4735&cs_search= HTTP/1.0" 200 11477 "-" "Mozilla/5.0 (compatible; MJ12bot/v1.4.5; http://www.majestic12.co.uk/bot.php?+)"
195.154.187.115 - - [07/Apr/2015:12:53:59 +0200] "GET /news.php?cs_go=archiv&cs_id=4912 HTTP/1.0" 200 11477 "-" "Mozilla/5.0 (compatible; MJ12bot/v1.4.5; http://www.majestic12.co.uk/bot.php?+)"
195.154.187.115 - - [07/Apr/2015:12:54:42 +0200] "GET /news.php?cs_go=archiv&cs_id=4736&cs_search= HTTP/1.0" 200 11477 "-" "Mozilla/5.0 (compatible; MJ12bot/v1.4.5; http://www.majestic12.co.uk/bot.php?+)"
195.154.187.115 - - [07/Apr/2015:12:54:42 +0200] "GET /news.php?cs_go=archiv&cs_id=4916 HTTP/1.0" 200 11477 "-" "Mozilla/5.0 (compatible; MJ12bot/v1.4.5; http://www.majestic12.co.uk/bot.php?+)"
123.125.71.72 - - [07/Apr/2015:12:58:31 +0200] "GET / HTTP/1.1" 200 9656 "-" "Mozilla/5.0 (Windows NT 5.1; rv:6.0.2) Gecko/20100101 Firefox/6.0.2"
195.154.187.115 - - [07/Apr/2015:12:55:24 +0200] "GET /news.php?cs_go=archiv&cs_id=4917 HTTP/1.0" 200 11477 "-" "Mozilla/5.0 (compatible; MJ12bot/v1.4.5; http://www.majestic12.co.uk/bot.php?+)"
195.154.187.115 - - [07/Apr/2015:12:55:24 +0200] "GET /news.php?cs_go=archiv&cs_id=4737&cs_search= HTTP/1.0" 200 11477 "-" "Mozilla/5.0 (compatible; MJ12bot/v1.4.5; http://www.majestic12.co.uk/bot.php?+)"
195.154.187.115 - - [07/Apr/2015:12:56:06 +0200] "GET /news.php?cs_go=archiv&cs_id=4738&cs_search= HTTP/1.0" 200 11477 "-" "Mozilla/5.0 (compatible; MJ12bot/v1.4.5; http://www.majestic12.co.uk/bot.php?+)"
195.154.187.115 - - [07/Apr/2015:12:56:06 +0200] "GET /news.php?cs_go=archiv&cs_id=4918 HTTP/1.0" 200 11477 "-" "Mozilla/5.0 (compatible; MJ12bot/v1.4.5; http://www.majestic12.co.uk/bot.php?+)"
195.154.187.115 - - [07/Apr/2015:12:56:49 +0200] "GET /news.php?cs_go=archiv&cs_id=4919 HTTP/1.0" 200 11477 "-" "Mozilla/5.0 (compatible; MJ12bot/v1.4.5; http://www.majestic12.co.uk/bot.php?+)"
195.154.187.115 - - [07/Apr/2015:12:56:49 +0200] "GET /news.php?cs_go=archiv&cs_id=4739 HTTP/1.0" 200 11477 "-" "Mozilla/5.0 (compatible; MJ12bot/v1.4.5; http://www.majestic12.co.uk/bot.php?+)"
195.154.187.115 - - [07/Apr/2015:12:57:31 +0200] "GET /news.php?cs_go=archiv&cs_id=4740 HTTP/1.0" 200 11477 "-" "Mozilla/5.0 (compatible; MJ12bot/v1.4.5; http://www.majestic12.co.uk/bot.php?+)"
195.154.187.115 - - [07/Apr/2015:12:57:31 +0200] "GET /news.php?cs_go=archiv&cs_id=4920 HTTP/1.0" 200 11477 "-" "Mozilla/5.0 (compatible; MJ12bot/v1.4.5; http://www.majestic12.co.uk/bot.php?+)"
195.154.187.115 - - [07/Apr/2015:12:58:13 +0200] "GET /news.php?cs_go=archiv&cs_id=4921 HTTP/1.0" 200 11477 "-" "Mozilla/5.0 (compatible; MJ12bot/v1.4.5; http://www.majestic12.co.uk/bot.php?+)"
195.154.187.115 - - [07/Apr/2015:12:58:13 +0200] "GET /news.php?cs_go=archiv&cs_id=4740&cs_search= HTTP/1.0" 200 11477 "-" "Mozilla/5.0 (compatible; MJ12bot/v1.4.5; http://www.majestic12.co.uk/bot.php?+)"
5.9.41.104 - - [07/Apr/2015:13:05:12 +0200] "GET /robots.txt HTTP/1.1" 404 1256 "-" "Mozilla/5.0 (compatible; SearchmetricsBot; http://www.searchmetrics.com/en/searchmetrics-bot/)"
195.154.187.115 - - [07/Apr/2015:12:58:56 +0200] "GET /news.php?cs_go=archiv&cs_id=4741&cs_search= HTTP/1.0" 200 11477 "-" "Mozilla/5.0 (compatible; MJ12bot/v1.4.5; http://www.majestic12.co.uk/bot.php?+)"
195.154.187.115 - - [07/Apr/2015:12:58:56 +0200] "GET /news.php?cs_go=archiv&cs_id=4922 HTTP/1.0" 200 11477 "-" "Mozilla/5.0 (compatible; MJ12bot/v1.4.5; http://www.majestic12.co.uk/bot.php?+)"
195.154.187.115 - - [07/Apr/2015:12:59:38 +0200] "GET /news.php?cs_go=archiv&cs_id=4742 HTTP/1.0" 200 11477 "-" "Mozilla/5.0 (compatible; MJ12bot/v1.4.5; http://www.majestic12.co.uk/bot.php?+)"
195.154.187.115 - - [07/Apr/2015:12:59:38 +0200] "GET /news.php?cs_go=archiv&cs_id=4923 HTTP/1.0" 200 11477 "-" "Mozilla/5.0 (compatible; MJ12bot/v1.4.5; http://www.majestic12.co.uk/bot.php?+)"
195.154.187.115 - - [07/Apr/2015:13:00:20 +0200] "GET /news.php?cs_go=archiv&cs_id=4924 HTTP/1.0" 200 11477 "-" "Mozilla/5.0 (compatible; MJ12bot/v1.4.5; http://www.majestic12.co.uk/bot.php?+)"
195.154.187.115 - - [07/Apr/2015:13:00:20 +0200] "GET /news.php?cs_go=archiv&cs_id=4742&cs_search= HTTP/1.0" 200 11477 "-" "Mozilla/5.0 (compatible; MJ12bot/v1.4.5; http://www.majestic12.co.uk/bot.php?+)"
195.154.187.115 - - [07/Apr/2015:13:01:02 +0200] "GET /news.php?cs_go=archiv&cs_id=4927 HTTP/1.0" 200 11477 "-" "Mozilla/5.0 (compatible; MJ12bot/v1.4.5; http://www.majestic12.co.uk/bot.php?+)"
195.154.187.115 - - [07/Apr/2015:13:01:02 +0200] "GET /news.php?cs_go=archiv&cs_id=4749 HTTP/1.0" 200 11477 "-" "Mozilla/5.0 (compatible; MJ12bot/v1.4.5; http://www.majestic12.co.uk/bot.php?+)"
195.154.187.115 - - [07/Apr/2015:13:01:45 +0200] "GET /news.php?cs_go=archiv&cs_id=4749&cs_search= HTTP/1.0" 200 11477 "-" "Mozilla/5.0 (compatible; MJ12bot/v1.4.5; http://www.majestic12.co.uk/bot.php?+)"
195.154.187.115 - - [07/Apr/2015:13:01:45 +0200] "GET /news.php?cs_go=archiv&cs_id=4928 HTTP/1.0" 200 11477 "-" "Mozilla/5.0 (compatible; MJ12bot/v1.4.5; http://www.majestic12.co.uk/bot.php?+)"
195.154.187.115 - - [07/Apr/2015:13:02:27 +0200] "GET /news.php?cs_go=archiv&cs_id=4929 HTTP/1.0" 200 11477 "-" "Mozilla/5.0 (compatible; MJ12bot/v1.4.5; http://www.majestic12.co.uk/bot.php?+)"
195.154.187.115 - - [07/Apr/2015:13:02:27 +0200] "GET /news.php?cs_go=archiv&cs_id=4750 HTTP/1.0" 200 11477 "-" "Mozilla/5.0 (compatible; MJ12bot/v1.4.5; http://www.majestic12.co.uk/bot.php?+)"
5.9.41.104 - - [07/Apr/2015:13:09:14 +0200] "GET /../kwk.php HTTP/1.1" 400 1200 "-" "Mozilla/5.0 (compatible; SearchmetricsBot; http://www.searchmetrics.com/en/searchmetrics-bot/)"
195.154.187.115 - - [07/Apr/2015:13:03:09 +0200] "GET /news.php?cs_go=archiv&cs_id=5133 HTTP/1.0" 200 11477 "-" "Mozilla/5.0 (compatible; MJ12bot/v1.4.5; http://www.majestic12.co.uk/bot.php?+)"
195.154.187.115 - - [07/Apr/2015:13:03:09 +0200] "GET /news.php?cs_go=archiv&cs_id=4753&cs_search= HTTP/1.0" 200 11477 "-" "Mozilla/5.0 (compatible; MJ12bot/v1.4.5; http://www.majestic12.co.uk/bot.php?+)"
195.154.187.115 - - [07/Apr/2015:13:03:51 +0200] "GET /news.php?cs_go=archiv&cs_id=5134 HTTP/1.0" 200 11477 "-" "Mozilla/5.0 (compatible; MJ12bot/v1.4.5; http://www.majestic12.co.uk/bot.php?+)"
195.154.187.115 - - [07/Apr/2015:13:03:51 +0200] "GET /news.php?cs_go=archiv&cs_id=4758 HTTP/1.0" 200 11477 "-" "Mozilla/5.0 (compatible; MJ12bot/v1.4.5; http://www.majestic12.co.uk/bot.php?+)"
195.154.187.115 - - [07/Apr/2015:13:04:33 +0200] "GET /news.php?cs_go=archiv&cs_id=4758&cs_search= HTTP/1.0" 200 11477 "-" "Mozilla/5.0 (compatible; MJ12bot/v1.4.5; http://www.majestic12.co.uk/bot.php?+)"
195.154.187.115 - - [07/Apr/2015:13:04:33 +0200] "GET /news.php?cs_go=archiv&cs_id=5141 HTTP/1.0" 200 11477 "-" "Mozilla/5.0 (compatible; MJ12bot/v1.4.5; http://www.majestic12.co.uk/bot.php?+)"
195.154.187.115 - - [07/Apr/2015:13:05:16 +0200] "GET /news.php?cs_go=archiv&cs_id=4759 HTTP/1.0" 200 11477 "-" "Mozilla/5.0 (compatible; MJ12bot/v1.4.5; http://www.majestic12.co.uk/bot.php?+)"
195.154.187.115 - - [07/Apr/2015:13:05:16 +0200] "GET /news.php?cs_go=archiv&cs_id=5145 HTTP/1.0" 200 11477 "-" "Mozilla/5.0 (compatible; MJ12bot/v1.4.5; http://www.majestic12.co.uk/bot.php?+)"
5.9.41.104 - - [07/Apr/2015:13:05:43 +0200] "GET /biogasanlage.php HTTP/1.1" 200 11909 "-" "Mozilla/5.0 (compatible; SearchmetricsBot; http://www.searchmetrics.com/en/searchmetrics-bot/)"
5.9.41.104 - - [07/Apr/2015:13:05:53 +0200] "GET /adblue.php HTTP/1.1" 200 15843 "-" "Mozilla/5.0 (compatible; SearchmetricsBot; http://www.searchmetrics.com/en/searchmetrics-bot/)"
195.154.187.115 - - [07/Apr/2015:13:05:58 +0200] "GET /news.php?cs_go=archiv&cs_id=4760 HTTP/1.0" 200 11477 "-" "Mozilla/5.0 (compatible; MJ12bot/v1.4.5; http://www.majestic12.co.uk/bot.php?+)"
195.154.187.115 - - [07/Apr/2015:13:05:58 +0200] "GET /news.php?cs_go=archiv&cs_id=5147 HTTP/1.0" 200 11477 "-" "Mozilla/5.0 (compatible; MJ12bot/v1.4.5; http://www.majestic12.co.uk/bot.php?+)"
195.154.187.115 - - [07/Apr/2015:13:06:19 +0200] "GET /news.php?cs_go=archiv&cs_id=4760&cs_search= HTTP/1.0" 200 11477 "-" "Mozilla/5.0 (compatible; MJ12bot/v1.4.5; http://www.majestic12.co.uk/bot.php?+)"
195.154.187.115 - - [07/Apr/2015:13:06:19 +0200] "GET /news.php?cs_go=archiv&cs_id=5149 HTTP/1.0" 200 11477 "-" "Mozilla/5.0 (compatible; MJ12bot/v1.4.5; http://www.majestic12.co.uk/bot.php?+)"
5.9.41.104 - - [07/Apr/2015:13:06:34 +0200] "GET /impressum.php HTTP/1.1" 200 12936 "-" "Mozilla/5.0 (compatible; SearchmetricsBot; http://www.searchmetrics.com/en/searchmetrics-bot/)"
195.154.187.115 - - [07/Apr/2015:13:06:41 +0200] "GET /news.php?cs_go=archiv&cs_id=4761 HTTP/1.0" 200 11477 "-" "Mozilla/5.0 (compatible; MJ12bot/v1.4.5; http://www.majestic12.co.uk/bot.php?+)"
195.154.187.115 - - [07/Apr/2015:13:06:41 +0200] "GET /news.php?cs_go=archiv&cs_id=5150 HTTP/1.0" 200 11477 "-" "Mozilla/5.0 (compatible; MJ12bot/v1.4.5; http://www.majestic12.co.uk/bot.php?+)"
5.9.41.104 - - [07/Apr/2015:13:06:44 +0200] "GET /jobs.php HTTP/1.1" 200 11716 "-" "Mozilla/5.0 (compatible; SearchmetricsBot; http://www.searchmetrics.com/en/searchmetrics-bot/)"
5.9.41.104 - - [07/Apr/2015:13:06:55 +0200] "GET /schmierstoffe.php HTTP/1.1" 200 14431 "-" "Mozilla/5.0 (compatible; SearchmetricsBot; http://www.searchmetrics.com/en/searchmetrics-bot/)"
195.154.187.115 - - [07/Apr/2015:13:07:03 +0200] "GET /news.php?cs_go=archiv&cs_id=5151 HTTP/1.0" 200 11477 "-" "Mozilla/5.0 (compatible; MJ12bot/v1.4.5; http://www.majestic12.co.uk/bot.php?+)"
195.154.187.115 - - [07/Apr/2015:13:07:03 +0200] "GET /news.php?cs_go=archiv&cs_id=4761&cs_search= HTTP/1.0" 200 11477 "-" "Mozilla/5.0 (compatible; MJ12bot/v1.4.5; http://www.majestic12.co.uk/bot.php?+)"
5.9.41.104 - - [07/Apr/2015:13:07:05 +0200] "GET /preisanfrage.php HTTP/1.1" 200 11698 "-" "Mozilla/5.0 (compatible; SearchmetricsBot; http://www.searchmetrics.com/en/searchmetrics-bot/)"
195.154.187.115 - - [07/Apr/2015:13:07:25 +0200] "GET /news.php?cs_go=archiv&cs_id=5153 HTTP/1.0" 200 11477 "-" "Mozilla/5.0 (compatible; MJ12bot/v1.4.5; http://www.majestic12.co.uk/bot.php?+)"
195.154.187.115 - - [07/Apr/2015:13:07:25 +0200] "GET /news.php?cs_go=archiv&cs_id=4762 HTTP/1.0" 200 11477 "-" "Mozilla/5.0 (compatible; MJ12bot/v1.4.5; http://www.majestic12.co.uk/bot.php?+)"
195.154.187.115 - - [07/Apr/2015:13:07:47 +0200] "GET /news.php?cs_go=archiv&cs_id=4762&cs_search= HTTP/1.0" 200 11477 "-" "Mozilla/5.0 (compatible; MJ12bot/v1.4.5; http://www.majestic12.co.uk/bot.php?+)"
195.154.187.115 - - [07/Apr/2015:13:07:47 +0200] "GET /news.php?cs_go=archiv&cs_id=5154 HTTP/1.0" 200 11477 "-" "Mozilla/5.0 (compatible; MJ12bot/v1.4.5; http://www.majestic12.co.uk/bot.php?+)"
5.9.41.104 - - [07/Apr/2015:13:07:49 +0200] "GET /baustellenbetankung.php HTTP/1.1" 200 12527 "-" "Mozilla/5.0 (compatible; SearchmetricsBot; http://www.searchmetrics.com/en/searchmetrics-bot/)"
195.154.187.115 - - [07/Apr/2015:13:08:10 +0200] "GET /news.php?cs_go=archiv&cs_id=4763 HTTP/1.0" 200 11477 "-" "Mozilla/5.0 (compatible; MJ12bot/v1.4.5; http://www.majestic12.co.uk/bot.php?+)"
195.154.187.115 - - [07/Apr/2015:13:08:10 +0200] "GET /news.php?cs_go=archiv&cs_id=5155 HTTP/1.0" 200 11477 "-" "Mozilla/5.0 (compatible; MJ12bot/v1.4.5; http://www.majestic12.co.uk/bot.php?+)"
5.9.41.104 - - [07/Apr/2015:13:08:09 +0200] "GET /marktdaten.php HTTP/1.1" 200 12103 "-" "Mozilla/5.0 (compatible; SearchmetricsBot; http://www.searchmetrics.com/en/searchmetrics-bot/)"
5.9.41.104 - - [07/Apr/2015:13:05:12 +0200] "GET / HTTP/1.1" 200 16125 "-" "Mozilla/5.0 (compatible; SearchmetricsBot; http://www.searchmetrics.com/en/searchmetrics-bot/)"
5.9.41.104 - - [07/Apr/2015:13:05:22 +0200] "GET /kontakt.php HTTP/1.1" 200 11672 "-" "Mozilla/5.0 (compatible; SearchmetricsBot; http://www.searchmetrics.com/en/searchmetrics-bot/)"
195.154.187.115 - - [07/Apr/2015:13:08:32 +0200] "GET /news.php?cs_go=archiv&cs_id=5156 HTTP/1.0" 200 11477 "-" "Mozilla/5.0 (compatible; MJ12bot/v1.4.5; http://www.majestic12.co.uk/bot.php?+)"
195.154.187.115 - - [07/Apr/2015:13:08:32 +0200] "GET /news.php?cs_go=archiv&cs_id=4763&cs_search= HTTP/1.0" 200 11477 "-" "Mozilla/5.0 (compatible; MJ12bot/v1.4.5; http://www.majestic12.co.uk/bot.php?+)"
5.9.41.104 - - [07/Apr/2015:13:08:32 +0200] "GET /essoschmierstoffe.php HTTP/1.1" 200 15592 "-" "Mozilla/5.0 (compatible; SearchmetricsBot; http://www.searchmetrics.com/en/searchmetrics-bot/)"
5.9.41.104 - - [07/Apr/2015:13:05:33 +0200] "GET /tankreinigung.php HTTP/1.1" 200 11962 "-" "Mozilla/5.0 (compatible; SearchmetricsBot; http://www.searchmetrics.com/en/searchmetrics-bot/)"
5.9.41.104 - - [07/Apr/2015:13:08:43 +0200] "GET /premiumheizoel.php HTTP/1.1" 200 12235 "-" "Mozilla/5.0 (compatible; SearchmetricsBot; http://www.searchmetrics.com/en/searchmetrics-bot/)"
195.154.187.115 - - [07/Apr/2015:13:08:54 +0200] "GET /news.php?cs_go=archiv&cs_id=5170 HTTP/1.0" 200 11477 "-" "Mozilla/5.0 (compatible; MJ12bot/v1.4.5; http://www.majestic12.co.uk/bot.php?+)"
195.154.187.115 - - [07/Apr/2015:13:08:54 +0200] "GET /news.php?cs_go=archiv&cs_id=4764 HTTP/1.0" 200 11477 "-" "Mozilla/5.0 (compatible; MJ12bot/v1.4.5; http://www.majestic12.co.uk/bot.php?+)"
5.9.41.104 - - [07/Apr/2015:13:06:04 +0200] "GET /heizoel.php HTTP/1.1" 200 12204 "-" "Mozilla/5.0 (compatible; SearchmetricsBot; http://www.searchmetrics.com/en/searchmetrics-bot/)"
195.154.187.115 - - [07/Apr/2015:13:09:16 +0200] "GET /news.php?cs_go=archiv&cs_id=5172 HTTP/1.0" 200 11477 "-" "Mozilla/5.0 (compatible; MJ12bot/v1.4.5; http://www.majestic12.co.uk/bot.php?+)"
195.154.187.115 - - [07/Apr/2015:13:09:16 +0200] "GET /news.php?cs_go=archiv&cs_id=4764&cs_search= HTTP/1.0" 200 11477 "-" "Mozilla/5.0 (compatible; MJ12bot/v1.4.5; http://www.majestic12.co.uk/bot.php?+)"
220.181.108.180 - - [07/Apr/2015:13:06:07 +0200] "GET / HTTP/1.1" 200 16125 "-" "Mozilla/5.0 (Windows NT 5.1; rv:6.0.2) Gecko/20100101 Firefox/6.0.2"
5.9.41.104 - - [07/Apr/2015:13:06:14 +0200] "GET /diesel.php HTTP/1.1" 200 12167 "-" "Mozilla/5.0 (compatible; SearchmetricsBot; http://www.searchmetrics.com/en/searchmetrics-bot/)"
5.9.41.104 - - [07/Apr/2015:13:06:24 +0200] "GET /ec.php HTTP/1.1" 200 11821 "-" "Mozilla/5.0 (compatible; SearchmetricsBot; http://www.searchmetrics.com/en/searchmetrics-bot/)"
195.154.187.115 - - [07/Apr/2015:13:09:38 +0200] "GET /news.php?cs_go=archiv&cs_id=4836 HTTP/1.0" 200 11477 "-" "Mozilla/5.0 (compatible; MJ12bot/v1.4.5; http://www.majestic12.co.uk/bot.php?+)"
195.154.187.115 - - [07/Apr/2015:13:09:38 +0200] "GET /news.php?cs_go=archiv&cs_id=5173 HTTP/1.0" 200 11477 "-" "Mozilla/5.0 (compatible; MJ12bot/v1.4.5; http://www.majestic12.co.uk/bot.php?+)"
5.9.41.104 - - [07/Apr/2015:13:09:34 +0200] "GET /waermekonto.php HTTP/1.1" 200 12036 "-" "Mozilla/5.0 (compatible; SearchmetricsBot; http://www.searchmetrics.com/en/searchmetrics-bot/)"
195.154.187.115 - - [07/Apr/2015:13:10:00 +0200] "GET /news.php?cs_go=archiv&cs_id=5174 HTTP/1.0" 200 11477 "-" "Mozilla/5.0 (compatible; MJ12bot/v1.4.5; http://www.majestic12.co.uk/bot.php?+)"
195.154.187.115 - - [07/Apr/2015:13:10:00 +0200] "GET /news.php?cs_go=archiv&cs_id=4837 HTTP/1.0" 200 11477 "-" "Mozilla/5.0 (compatible; MJ12bot/v1.4.5; http://www.majestic12.co.uk/bot.php?+)"
5.9.41.104 - - [07/Apr/2015:13:10:18 +0200] "GET /notdienst.php HTTP/1.1" 200 12433 "-" "Mozilla/5.0 (compatible; SearchmetricsBot; http://www.searchmetrics.com/en/searchmetrics-bot/)"
195.154.187.115 - - [07/Apr/2015:13:10:22 +0200] "GET /news.php?cs_go=archiv&cs_id=5175 HTTP/1.0" 200 11477 "-" "Mozilla/5.0 (compatible; MJ12bot/v1.4.5; http://www.majestic12.co.uk/bot.php?+)"
195.154.187.115 - - [07/Apr/2015:13:10:22 +0200] "GET /news.php?cs_go=archiv&cs_id=4896&cs_search= HTTP/1.0" 200 11477 "-" "Mozilla/5.0 (compatible; MJ12bot/v1.4.5; http://www.majestic12.co.uk/bot.php?+)"
5.9.41.104 - - [07/Apr/2015:13:10:28 +0200] "GET /ansprechpartner.php HTTP/1.1" 200 13907 "-" "Mozilla/5.0 (compatible; SearchmetricsBot; http://www.searchmetrics.com/en/searchmetrics-bot/)"
5.9.41.104 - - [07/Apr/2015:13:07:28 +0200] "GET /brennwerttechnik.php HTTP/1.1" 200 12064 "-" "Mozilla/5.0 (compatible; SearchmetricsBot; http://www.searchmetrics.com/en/searchmetrics-bot/)"
195.154.187.115 - - [07/Apr/2015:13:10:44 +0200] "GET /news.php?cs_go=archiv&cs_id=4901&cs_search= HTTP/1.0" 200 11477 "-" "Mozilla/5.0 (compatible; MJ12bot/v1.4.5; http://www.majestic12.co.uk/bot.php?+)"
195.154.187.115 - - [07/Apr/2015:13:10:44 +0200] "GET /news.php?cs_go=archiv&cs_id=5176 HTTP/1.0" 200 11477 "-" "Mozilla/5.0 (compatible; MJ12bot/v1.4.5; http://www.majestic12.co.uk/bot.php?+)"
5.9.41.104 - - [07/Apr/2015:13:07:38 +0200] "GET /edl.php HTTP/1.1" 200 12021 "-" "Mozilla/5.0 (compatible; SearchmetricsBot; http://www.searchmetrics.com/en/searchmetrics-bot/)"
195.154.187.115 - - [07/Apr/2015:13:11:06 +0200] "GET /news.php?cs_go=archiv&cs_id=5177 HTTP/1.0" 200 11477 "-" "Mozilla/5.0 (compatible; MJ12bot/v1.4.5; http://www.majestic12.co.uk/bot.php?+)"
195.154.187.115 - - [07/Apr/2015:13:11:06 +0200] "GET /news.php?cs_go=archiv&cs_id=4902&cs_search= HTTP/1.0" 200 11477 "-" "Mozilla/5.0 (compatible; MJ12bot/v1.4.5; http://www.majestic12.co.uk/bot.php?+)"
5.9.41.104 - - [07/Apr/2015:13:07:59 +0200] "GET /faq.php HTTP/1.1" 200 11681 "-" "Mozilla/5.0 (compatible; SearchmetricsBot; http://www.searchmetrics.com/en/searchmetrics-bot/)"
195.154.187.115 - - [07/Apr/2015:13:11:28 +0200] "GET /news.php?cs_go=archiv&cs_id=5341 HTTP/1.0" 200 11477 "-" "Mozilla/5.0 (compatible; MJ12bot/v1.4.5; http://www.majestic12.co.uk/bot.php?+)"
195.154.187.115 - - [07/Apr/2015:13:11:28 +0200] "GET /news.php?cs_go=archiv&cs_id=4904 HTTP/1.0" 200 11477 "-" "Mozilla/5.0 (compatible; MJ12bot/v1.4.5; http://www.majestic12.co.uk/bot.php?+)"
5.9.41.104 - - [07/Apr/2015:13:08:22 +0200] "GET /energiesparcheck.php HTTP/1.1" 200 11754 "-" "Mozilla/5.0 (compatible; SearchmetricsBot; http://www.searchmetrics.com/en/searchmetrics-bot/)"
195.154.187.115 - - [07/Apr/2015:13:11:50 +0200] "GET /news.php?cs_go=archiv&cs_id=5342 HTTP/1.0" 200 11477 "-" "Mozilla/5.0 (compatible; MJ12bot/v1.4.5; http://www.majestic12.co.uk/bot.php?+)"
195.154.187.115 - - [07/Apr/2015:13:11:50 +0200] "GET /news.php?cs_go=archiv&cs_id=4904&cs_search= HTTP/1.0" 200 11477 "-" "Mozilla/5.0 (compatible; MJ12bot/v1.4.5; http://www.majestic12.co.uk/bot.php?+)"
5.9.41.104 - - [07/Apr/2015:13:08:53 +0200] "GET /foerdermittel.php HTTP/1.1" 200 12029 "-" "Mozilla/5.0 (compatible; SearchmetricsBot; http://www.searchmetrics.com/en/searchmetrics-bot/)"
195.154.187.115 - - [07/Apr/2015:13:12:12 +0200] "GET /news.php?cs_go=archiv&cs_id=5343 HTTP/1.0" 200 11477 "-" "Mozilla/5.0 (compatible; MJ12bot/v1.4.5; http://www.majestic12.co.uk/bot.php?+)"
195.154.187.115 - - [07/Apr/2015:13:12:12 +0200] "GET /news.php?cs_go=archiv&cs_id=4905 HTTP/1.0" 200 11477 "-" "Mozilla/5.0 (compatible; MJ12bot/v1.4.5; http://www.majestic12.co.uk/bot.php?+)"
5.9.41.104 - - [07/Apr/2015:13:09:04 +0200] "GET /lexikon.php HTTP/1.1" 200 11671 "-" "Mozilla/5.0 (compatible; SearchmetricsBot; http://www.searchmetrics.com/en/searchmetrics-bot/)"
5.9.41.104 - - [07/Apr/2015:13:09:14 +0200] "GET /ofenbau.php HTTP/1.1" 200 11901 "-" "Mozilla/5.0 (compatible; SearchmetricsBot; http://www.searchmetrics.com/en/searchmetrics-bot/)"
5.9.41.104 - - [07/Apr/2015:13:09:24 +0200] "GET /news.php HTTP/1.1" 200 11682 "-" "Mozilla/5.0 (compatible; SearchmetricsBot; http://www.searchmetrics.com/en/searchmetrics-bot/)"
195.154.187.115 - - [07/Apr/2015:13:12:34 +0200] "GET /news.php?cs_go=archiv&cs_id=4905&cs_search= HTTP/1.0" 200 11477 "-" "Mozilla/5.0 (compatible; MJ12bot/v1.4.5; http://www.majestic12.co.uk/bot.php?+)"
195.154.187.115 - - [07/Apr/2015:13:12:34 +0200] "GET /news.php?cs_go=archiv&cs_id=5349 HTTP/1.0" 200 11477 "-" "Mozilla/5.0 (compatible; MJ12bot/v1.4.5; http://www.majestic12.co.uk/bot.php?+)"
195.154.187.115 - - [07/Apr/2015:13:12:56 +0200] "GET /news.php?cs_go=archiv&cs_id=4906&cs_search= HTTP/1.0" 200 11477 "-" "Mozilla/5.0 (compatible; MJ12bot/v1.4.5; http://www.majestic12.co.uk/bot.php?+)"
195.154.187.115 - - [07/Apr/2015:13:12:56 +0200] "GET /news.php?cs_go=archiv&cs_id=5365 HTTP/1.0" 200 11477 "-" "Mozilla/5.0 (compatible; MJ12bot/v1.4.5; http://www.majestic12.co.uk/bot.php?+)"
5.9.41.104 - - [07/Apr/2015:13:09:47 +0200] "GET /wunschpreis.php HTTP/1.1" 200 11851 "-" "Mozilla/5.0 (compatible; SearchmetricsBot; http://www.searchmetrics.com/en/searchmetrics-bot/)"
5.9.41.104 - - [07/Apr/2015:13:09:58 +0200] "GET /index.php HTTP/1.1" 200 16125 "-" "Mozilla/5.0 (compatible; SearchmetricsBot; http://www.searchmetrics.com/en/searchmetrics-bot/)"
5.9.41.104 - - [07/Apr/2015:13:10:08 +0200] "GET /tankanlagen.php HTTP/1.1" 200 11893 "-" "Mozilla/5.0 (compatible; SearchmetricsBot; http://www.searchmetrics.com/en/searchmetrics-bot/)"
195.154.187.115 - - [07/Apr/2015:13:13:18 +0200] "GET /news.php?cs_go=archiv&cs_id=4907&cs_search= HTTP/1.0" 200 11477 "-" "Mozilla/5.0 (compatible; MJ12bot/v1.4.5; http://www.majestic12.co.uk/bot.php?+)"
195.154.187.115 - - [07/Apr/2015:13:13:18 +0200] "GET /news.php?cs_go=archiv&cs_id=5366 HTTP/1.0" 200 11477 "-" "Mozilla/5.0 (compatible; MJ12bot/v1.4.5; http://www.majestic12.co.uk/bot.php?+)"
5.9.41.104 - - [07/Apr/2015:13:07:15 +0200] "GET /energiekostenvergleich.php HTTP/1.1" 200 24259 "-" "Mozilla/5.0 (compatible; SearchmetricsBot; http://www.searchmetrics.com/en/searchmetrics-bot/)"
195.154.187.115 - - [07/Apr/2015:13:13:40 +0200] "GET /news.php?cs_go=archiv&cs_id=5368 HTTP/1.0" 200 11477 "-" "Mozilla/5.0 (compatible; MJ12bot/v1.4.5; http://www.majestic12.co.uk/bot.php?+)"
195.154.187.115 - - [07/Apr/2015:13:13:40 +0200] "GET /news.php?cs_go=archiv&cs_id=4908 HTTP/1.0" 200 11477 "-" "Mozilla/5.0 (compatible; MJ12bot/v1.4.5; http://www.majestic12.co.uk/bot.php?+)"
195.154.187.115 - - [07/Apr/2015:13:14:03 +0200] "GET /news.php?cs_go=archiv&cs_id=4908&cs_search= HTTP/1.0" 200 11477 "-" "Mozilla/5.0 (compatible; MJ12bot/v1.4.5; http://www.majestic12.co.uk/bot.php?+)"
195.154.187.115 - - [07/Apr/2015:13:14:03 +0200] "GET /news.php?cs_go=archiv&cs_id=5369 HTTP/1.0" 200 11477 "-" "Mozilla/5.0 (compatible; MJ12bot/v1.4.5; http://www.majestic12.co.uk/bot.php?+)"
195.154.187.115 - - [07/Apr/2015:13:14:24 +0200] "GET /news.php?cs_go=archiv&cs_id=4909 HTTP/1.0" 200 11477 "-" "Mozilla/5.0 (compatible; MJ12bot/v1.4.5; http://www.majestic12.co.uk/bot.php?+)"
195.154.187.115 - - [07/Apr/2015:13:14:24 +0200] "GET /news.php?cs_go=archiv&cs_id=5370 HTTP/1.0" 200 11477 "-" "Mozilla/5.0 (compatible; MJ12bot/v1.4.5; http://www.majestic12.co.uk/bot.php?+)"
195.154.187.115 - - [07/Apr/2015:13:14:46 +0200] "GET /news.php?cs_go=archiv&cs_id=4910 HTTP/1.0" 200 11477 "-" "Mozilla/5.0 (compatible; MJ12bot/v1.4.5; http://www.majestic12.co.uk/bot.php?+)"
195.154.187.115 - - [07/Apr/2015:13:15:10 +0200] "GET /news.php?cs_go=archiv&cs_id=4910&cs_search= HTTP/1.0" 200 11477 "-" "Mozilla/5.0 (compatible; MJ12bot/v1.4.5; http://www.majestic12.co.uk/bot.php?+)"
195.154.187.115 - - [07/Apr/2015:13:15:38 +0200] "GET /news.php?cs_go=archiv&cs_id=4911 HTTP/1.0" 200 11477 "-" "Mozilla/5.0 (compatible; MJ12bot/v1.4.5; http://www.majestic12.co.uk/bot.php?+)"
207.46.13.82 - - [07/Apr/2015:13:22:07 +0200] "GET /images/adblue.png HTTP/1.1" 200 10428 "-" "msnbot-media/1.1 (+http://search.msn.com/msnbot.htm)"
195.154.187.115 - - [07/Apr/2015:13:15:56 +0200] "GET /news.php?cs_go=archiv&cs_id=4911&cs_search= HTTP/1.0" 200 11477 "-" "Mozilla/5.0 (compatible; MJ12bot/v1.4.5; http://www.majestic12.co.uk/bot.php?+)"
195.154.187.115 - - [07/Apr/2015:13:16:18 +0200] "GET /news.php?cs_go=archiv&cs_id=4912 HTTP/1.0" 200 11477 "-" "Mozilla/5.0 (compatible; MJ12bot/v1.4.5; http://www.majestic12.co.uk/bot.php?+)"
195.154.187.115 - - [07/Apr/2015:13:16:40 +0200] "GET /news.php?cs_go=archiv&cs_id=4912&cs_search= HTTP/1.0" 200 11477 "-" "Mozilla/5.0 (compatible; MJ12bot/v1.4.5; http://www.majestic12.co.uk/bot.php?+)"
195.154.187.115 - - [07/Apr/2015:13:17:02 +0200] "GET /news.php?cs_go=archiv&cs_id=4913 HTTP/1.0" 200 11477 "-" "Mozilla/5.0 (compatible; MJ12bot/v1.4.5; http://www.majestic12.co.uk/bot.php?+)"
66.249.64.173 - - [07/Apr/2015:13:17:04 +0200] "GET / HTTP/1.1" 200 15920 "-" "Mozilla/5.0 (iPhone; CPU iPhone OS 6_0 like Mac OS X) AppleWebKit/536.26 (KHTML, like Gecko) Version/6.0 Mobile/10A5376e Safari/8536.25 (compatible; Googlebot/2.1; +http://www.google.com/bot.html)"
195.154.187.115 - - [07/Apr/2015:13:17:25 +0200] "GET /news.php?cs_go=archiv&cs_id=4913&cs_search= HTTP/1.0" 200 11477 "-" "Mozilla/5.0 (compatible; MJ12bot/v1.4.5; http://www.majestic12.co.uk/bot.php?+)"
195.154.187.115 - - [07/Apr/2015:13:17:47 +0200] "GET /news.php?cs_go=archiv&cs_id=4914&cs_search= HTTP/1.0" 200 11477 "-" "Mozilla/5.0 (compatible; MJ12bot/v1.4.5; http://www.majestic12.co.uk/bot.php?+)"
195.154.187.115 - - [07/Apr/2015:13:18:12 +0200] "GET /news.php?cs_go=archiv&cs_id=4915 HTTP/1.0" 200 11477 "-" "Mozilla/5.0 (compatible; MJ12bot/v1.4.5; http://www.majestic12.co.uk/bot.php?+)"
195.154.187.115 - - [07/Apr/2015:13:18:30 +0200] "GET /news.php?cs_go=archiv&cs_id=4928 HTTP/1.0" 200 11477 "-" "Mozilla/5.0 (compatible; MJ12bot/v1.4.5; http://www.majestic12.co.uk/bot.php?+)"
195.154.187.115 - - [07/Apr/2015:13:18:52 +0200] "GET /news.php?cs_go=archiv&cs_id=4929 HTTP/1.0" 200 11477 "-" "Mozilla/5.0 (compatible; MJ12bot/v1.4.5; http://www.majestic12.co.uk/bot.php?+)"
195.154.187.115 - - [07/Apr/2015:13:19:13 +0200] "GET /news.php?cs_go=archiv&cs_id=5132&cs_search= HTTP/1.0" 200 11477 "-" "Mozilla/5.0 (compatible; MJ12bot/v1.4.5; http://www.majestic12.co.uk/bot.php?+)"
195.154.187.115 - - [07/Apr/2015:13:19:36 +0200] "GET /news.php?cs_go=archiv&cs_id=5133&cs_search= HTTP/1.0" 200 11477 "-" "Mozilla/5.0 (compatible; MJ12bot/v1.4.5; http://www.majestic12.co.uk/bot.php?+)"
195.154.187.115 - - [07/Apr/2015:13:19:58 +0200] "GET /news.php?cs_go=archiv&cs_id=5134&cs_search= HTTP/1.0" 200 11477 "-" "Mozilla/5.0 (compatible; MJ12bot/v1.4.5; http://www.majestic12.co.uk/bot.php?+)"
195.154.187.115 - - [07/Apr/2015:13:20:20 +0200] "GET /news.php?cs_go=archiv&cs_id=5143&cs_search= HTTP/1.0" 200 11477 "-" "Mozilla/5.0 (compatible; MJ12bot/v1.4.5; http://www.majestic12.co.uk/bot.php?+)"
195.154.187.115 - - [07/Apr/2015:13:20:42 +0200] "GET /news.php?cs_go=archiv&cs_id=5144&cs_search= HTTP/1.0" 200 11477 "-" "Mozilla/5.0 (compatible; MJ12bot/v1.4.5; http://www.majestic12.co.uk/bot.php?+)"
195.154.187.115 - - [07/Apr/2015:13:21:04 +0200] "GET /news.php?cs_go=archiv&cs_id=5145&cs_search= HTTP/1.0" 200 11477 "-" "Mozilla/5.0 (compatible; MJ12bot/v1.4.5; http://www.majestic12.co.uk/bot.php?+)"
195.154.187.115 - - [07/Apr/2015:13:21:26 +0200] "GET /news.php?cs_go=archiv&cs_id=5159 HTTP/1.0" 200 11477 "-" "Mozilla/5.0 (compatible; MJ12bot/v1.4.5; http://www.majestic12.co.uk/bot.php?+)"
195.154.187.115 - - [07/Apr/2015:13:21:48 +0200] "GET /news.php?cs_go=archiv&cs_id=5162 HTTP/1.0" 200 11477 "-" "Mozilla/5.0 (compatible; MJ12bot/v1.4.5; http://www.majestic12.co.uk/bot.php?+)"
195.154.187.115 - - [07/Apr/2015:13:22:11 +0200] "GET /news.php?cs_go=archiv&cs_id=5163 HTTP/1.0" 200 11477 "-" "Mozilla/5.0 (compatible; MJ12bot/v1.4.5; http://www.majestic12.co.uk/bot.php?+)"
195.154.187.115 - - [07/Apr/2015:13:22:33 +0200] "GET /news.php?cs_go=archiv&cs_id=5173 HTTP/1.0" 200 11477 "-" "Mozilla/5.0 (compatible; MJ12bot/v1.4.5; http://www.majestic12.co.uk/bot.php?+)"
195.154.187.115 - - [07/Apr/2015:13:22:55 +0200] "GET /news.php?cs_go=archiv&cs_id=5174 HTTP/1.0" 200 11477 "-" "Mozilla/5.0 (compatible; MJ12bot/v1.4.5; http://www.majestic12.co.uk/bot.php?+)"
195.154.187.115 - - [07/Apr/2015:13:23:18 +0200] "GET /news.php?cs_go=archiv&cs_id=5175 HTTP/1.0" 200 11477 "-" "Mozilla/5.0 (compatible; MJ12bot/v1.4.5; http://www.majestic12.co.uk/bot.php?+)"
195.154.187.115 - - [07/Apr/2015:13:23:40 +0200] "GET /news.php?cs_go=archiv&cs_id=5176 HTTP/1.0" 200 11477 "-" "Mozilla/5.0 (compatible; MJ12bot/v1.4.5; http://www.majestic12.co.uk/bot.php?+)"
66.249.78.2 - - [07/Apr/2015:13:23:46 +0200] "GET / HTTP/1.1" 200 15920 "-" "Mozilla/5.0 (iPhone; CPU iPhone OS 6_0 like Mac OS X) AppleWebKit/536.26 (KHTML, like Gecko) Version/6.0 Mobile/10A5376e Safari/8536.25 (compatible; Googlebot/2.1; +http://www.google.com/bot.html)"
195.154.187.115 - - [07/Apr/2015:13:24:02 +0200] "GET /news.php?cs_go=archiv&cs_id=5177 HTTP/1.0" 200 11477 "-" "Mozilla/5.0 (compatible; MJ12bot/v1.4.5; http://www.majestic12.co.uk/bot.php?+)"
195.154.187.115 - - [07/Apr/2015:13:24:24 +0200] "GET /news.php?cs_go=archiv&cs_id=5194&cs_search= HTTP/1.0" 200 11477 "-" "Mozilla/5.0 (compatible; MJ12bot/v1.4.5; http://www.majestic12.co.uk/bot.php?+)"
195.154.187.115 - - [07/Apr/2015:13:24:46 +0200] "GET /news.php?cs_go=archiv&cs_id=5341 HTTP/1.0" 200 11477 "-" "Mozilla/5.0 (compatible; MJ12bot/v1.4.5; http://www.majestic12.co.uk/bot.php?+)"
195.154.187.115 - - [07/Apr/2015:13:25:09 +0200] "GET /news.php?cs_go=archiv&cs_id=5342 HTTP/1.0" 200 11477 "-" "Mozilla/5.0 (compatible; MJ12bot/v1.4.5; http://www.majestic12.co.uk/bot.php?+)"
195.154.187.115 - - [07/Apr/2015:13:25:31 +0200] "GET /news.php?cs_go=archiv&cs_id=5343 HTTP/1.0" 200 11477 "-" "Mozilla/5.0 (compatible; MJ12bot/v1.4.5; http://www.majestic12.co.uk/bot.php?+)"
195.154.187.115 - - [07/Apr/2015:13:25:53 +0200] "GET /news.php?cs_go=archiv&cs_id=5347&cs_search= HTTP/1.0" 200 11477 "-" "Mozilla/5.0 (compatible; MJ12bot/v1.4.5; http://www.majestic12.co.uk/bot.php?+)"
195.154.187.115 - - [07/Apr/2015:13:26:15 +0200] "GET /news.php?cs_go=archiv&cs_id=5348&cs_search= HTTP/1.0" 200 11477 "-" "Mozilla/5.0 (compatible; MJ12bot/v1.4.5; http://www.majestic12.co.uk/bot.php?+)"
195.154.187.115 - - [07/Apr/2015:13:26:37 +0200] "GET /news.php?cs_go=archiv&cs_id=5349 HTTP/1.0" 200 11477 "-" "Mozilla/5.0 (compatible; MJ12bot/v1.4.5; http://www.majestic12.co.uk/bot.php?+)"
195.154.187.115 - - [07/Apr/2015:13:26:59 +0200] "GET /news.php?cs_go=archiv&cs_id=5349&cs_search= HTTP/1.0" 200 11477 "-" "Mozilla/5.0 (compatible; MJ12bot/v1.4.5; http://www.majestic12.co.uk/bot.php?+)"
195.154.187.115 - - [07/Apr/2015:13:27:21 +0200] "GET /news.php?cs_go=archiv&cs_id=5350 HTTP/1.0" 200 11477 "-" "Mozilla/5.0 (compatible; MJ12bot/v1.4.5; http://www.majestic12.co.uk/bot.php?+)"
195.154.187.115 - - [07/Apr/2015:13:27:43 +0200] "GET /news.php?cs_go=archiv&cs_id=5350&cs_search= HTTP/1.0" 200 11477 "-" "Mozilla/5.0 (compatible; MJ12bot/v1.4.5; http://www.majestic12.co.uk/bot.php?+)"
195.154.187.115 - - [07/Apr/2015:13:28:05 +0200] "GET /news.php?cs_go=archiv&cs_id=5351 HTTP/1.0" 200 11477 "-" "Mozilla/5.0 (compatible; MJ12bot/v1.4.5; http://www.majestic12.co.uk/bot.php?+)"
195.154.187.115 - - [07/Apr/2015:13:28:28 +0200] "GET /news.php?cs_go=archiv&cs_id=5352 HTTP/1.0" 200 11477 "-" "Mozilla/5.0 (compatible; MJ12bot/v1.4.5; http://www.majestic12.co.uk/bot.php?+)"
195.154.187.115 - - [07/Apr/2015:13:28:50 +0200] "GET /news.php?cs_go=archiv&cs_id=5368 HTTP/1.0" 200 11477 "-" "Mozilla/5.0 (compatible; MJ12bot/v1.4.5; http://www.majestic12.co.uk/bot.php?+)"
195.154.187.115 - - [07/Apr/2015:13:29:12 +0200] "GET /news.php?cs_go=archiv&cs_id=5369 HTTP/1.0" 200 11477 "-" "Mozilla/5.0 (compatible; MJ12bot/v1.4.5; http://www.majestic12.co.uk/bot.php?+)"
195.154.187.115 - - [07/Apr/2015:13:29:35 +0200] "GET /news.php?cs_go=archiv&cs_id=5370 HTTP/1.0" 200 11477 "-" "Mozilla/5.0 (compatible; MJ12bot/v1.4.5; http://www.majestic12.co.uk/bot.php?+)"
195.154.187.115 - - [07/Apr/2015:13:29:57 +0200] "GET /news.php?cs_go=archiv&cs_startpos=100 HTTP/1.0" 200 11477 "-" "Mozilla/5.0 (compatible; MJ12bot/v1.4.5; http://www.majestic12.co.uk/bot.php?+)"
66.249.78.9 - - [07/Apr/2015:13:30:17 +0200] "GET / HTTP/1.1" 200 15920 "-" "Mozilla/5.0 (iPhone; CPU iPhone OS 6_0 like Mac OS X) AppleWebKit/536.26 (KHTML, like Gecko) Version/6.0 Mobile/10A5376e Safari/8536.25 (compatible; Googlebot/2.1; +http://www.google.com/bot.html)"
195.154.187.115 - - [07/Apr/2015:13:30:18 +0200] "GET /news.php?cs_go=archiv&cs_startpos=110 HTTP/1.0" 200 11477 "-" "Mozilla/5.0 (compatible; MJ12bot/v1.4.5; http://www.majestic12.co.uk/bot.php?+)"
195.154.187.115 - - [07/Apr/2015:13:30:40 +0200] "GET /news.php?cs_go=archiv&cs_startpos=120 HTTP/1.0" 200 11477 "-" "Mozilla/5.0 (compatible; MJ12bot/v1.4.5; http://www.majestic12.co.uk/bot.php?+)"
66.249.78.149 - - [07/Apr/2015:13:45:54 +0200] "GET /robots.txt HTTP/1.1" 404 1256 "-" "Mozilla/5.0 (compatible; Googlebot/2.1; +http://www.google.com/bot.html)"
66.249.78.135 - - [07/Apr/2015:13:45:54 +0200] "GET /lexikon.php?cs_go=3&cs_id=1 HTTP/1.1" 200 11466 "-" "Mozilla/5.0 (compatible; Googlebot/2.1; +http://www.google.com/bot.html)"
66.249.78.135 - - [07/Apr/2015:13:52:20 +0200] "GET /lexikon.php?cs_go=3&cs_id=1 HTTP/1.1" 200 11466 "-" "Mozilla/5.0 (compatible; Googlebot/2.1; +http://www.google.com/bot.html)"
66.249.78.210 - - [07/Apr/2015:14:03:03 +0200] "GET /robots.txt HTTP/1.1" 404 1256 "-" "Mozilla/5.0 (compatible; Googlebot/2.1; +http://www.google.com/bot.html)"
66.249.78.142 - - [07/Apr/2015:13:58:36 +0200] "GET /lexikon.php?cs_go=3&cs_id=1 HTTP/1.1" 200 11466 "-" "Mozilla/5.0 (compatible; Googlebot/2.1; +http://www.google.com/bot.html)"
66.249.78.224 - - [07/Apr/2015:14:03:03 +0200] "GET /news.php?cs_go=archiv&cs_startpos=90 HTTP/1.1" 200 11477 "-" "Mozilla/5.0 (compatible; Googlebot/2.1; +http://www.google.com/bot.html)"
66.249.78.224 - - [07/Apr/2015:14:09:35 +0200] "GET /news.php?cs_go=archiv&cs_startpos=90 HTTP/1.1" 200 11477 "-" "Mozilla/5.0 (compatible; Googlebot/2.1; +http://www.google.com/bot.html)"
123.125.71.113 - - [07/Apr/2015:14:21:37 +0200] "GET /images/essocard.jpg HTTP/1.1" 200 7413 "http://image.baidu.com/i?ct=503316480&z=0&tn=baiduimagedetail" "Baiduspider-image+(+http://www.baidu.com/search/spider.htm)"
66.249.78.224 - - [07/Apr/2015:14:15:45 +0200] "GET /news.php?cs_go=archiv&cs_startpos=90 HTTP/1.1" 200 11477 "-" "Mozilla/5.0 (compatible; Googlebot/2.1; +http://www.google.com/bot.html)"
66.249.78.170 - - [07/Apr/2015:14:29:37 +0200] "GET /diesel.php HTTP/1.1" 200 11962 "-" "Mozilla/5.0 (iPhone; CPU iPhone OS 6_0 like Mac OS X) AppleWebKit/536.26 (KHTML, like Gecko) Version/6.0 Mobile/10A5376e Safari/8536.25 (compatible; Googlebot/2.1; +http://www.google.com/bot.html)"
66.249.78.177 - - [07/Apr/2015:14:36:04 +0200] "GET /diesel.php HTTP/1.1" 200 11962 "-" "Mozilla/5.0 (iPhone; CPU iPhone OS 6_0 like Mac OS X) AppleWebKit/536.26 (KHTML, like Gecko) Version/6.0 Mobile/10A5376e Safari/8536.25 (compatible; Googlebot/2.1; +http://www.google.com/bot.html)"
66.249.78.184 - - [07/Apr/2015:14:42:46 +0200] "GET /diesel.php HTTP/1.1" 200 11962 "-" "Mozilla/5.0 (iPhone; CPU iPhone OS 6_0 like Mac OS X) AppleWebKit/536.26 (KHTML, like Gecko) Version/6.0 Mobile/10A5376e Safari/8536.25 (compatible; Googlebot/2.1; +http://www.google.com/bot.html)"
66.249.78.177 - - [07/Apr/2015:14:44:24 +0200] "GET /kwk.php HTTP/1.1" 200 11474 "-" "Mozilla/5.0 (iPhone; CPU iPhone OS 6_0 like Mac OS X) AppleWebKit/536.26 (KHTML, like Gecko) Version/6.0 Mobile/10A5376e Safari/8536.25 (compatible; Googlebot/2.1; +http://www.google.com/bot.html)"
66.249.78.184 - - [07/Apr/2015:14:51:07 +0200] "GET /kwk.php HTTP/1.1" 200 11474 "-" "Mozilla/5.0 (iPhone; CPU iPhone OS 6_0 like Mac OS X) AppleWebKit/536.26 (KHTML, like Gecko) Version/6.0 Mobile/10A5376e Safari/8536.25 (compatible; Googlebot/2.1; +http://www.google.com/bot.html)"
66.249.78.184 - - [07/Apr/2015:14:57:40 +0200] "GET /kwk.php HTTP/1.1" 200 11474 "-" "Mozilla/5.0 (iPhone; CPU iPhone OS 6_0 like Mac OS X) AppleWebKit/536.26 (KHTML, like Gecko) Version/6.0 Mobile/10A5376e Safari/8536.25 (compatible; Googlebot/2.1; +http://www.google.com/bot.html)"
66.249.78.217 - - [07/Apr/2015:14:59:08 +0200] "GET / HTTP/1.1" 200 13660 "-" "Mozilla/5.0 (iPhone; CPU iPhone OS 6_0 like Mac OS X) AppleWebKit/536.26 (KHTML, like Gecko) Version/6.0 Mobile/10A5376e Safari/8536.25 (compatible; Googlebot/2.1; +http://www.google.com/bot.html)"
207.46.13.29 - - [07/Apr/2015:15:08:16 +0200] "GET / HTTP/1.1" 200 9656 "-" "Mozilla/5.0 (compatible; bingbot/2.0; +http://www.bing.com/bingbot.htm)"
66.249.73.151 - - [07/Apr/2015:15:05:51 +0200] "GET / HTTP/1.1" 200 15920 "-" "Mozilla/5.0 (iPhone; CPU iPhone OS 6_0 like Mac OS X) AppleWebKit/536.26 (KHTML, like Gecko) Version/6.0 Mobile/10A5376e Safari/8536.25 (compatible; Googlebot/2.1; +http://www.google.com/bot.html)"
66.249.78.224 - - [07/Apr/2015:15:12:04 +0200] "GET / HTTP/1.1" 200 15920 "-" "Mozilla/5.0 (iPhone; CPU iPhone OS 6_0 like Mac OS X) AppleWebKit/536.26 (KHTML, like Gecko) Version/6.0 Mobile/10A5376e Safari/8536.25 (compatible; Googlebot/2.1; +http://www.google.com/bot.html)"
66.249.78.119 - - [07/Apr/2015:15:15:04 +0200] "GET /news.php?cs_go=archiv&cs_id=5289 HTTP/1.1" 200 11477 "-" "Mozilla/5.0 (compatible; Googlebot/2.1; +http://www.google.com/bot.html)"
66.249.78.126 - - [07/Apr/2015:15:21:47 +0200] "GET /news.php?cs_go=archiv&cs_id=5289 HTTP/1.1" 200 11477 "-" "Mozilla/5.0 (compatible; Googlebot/2.1; +http://www.google.com/bot.html)"
66.249.78.112 - - [07/Apr/2015:15:27:52 +0200] "GET /news.php?cs_go=archiv&cs_id=5289 HTTP/1.1" 200 11477 "-" "Mozilla/5.0 (compatible; Googlebot/2.1; +http://www.google.com/bot.html)"
87.178.170.195 - - [07/Apr/2015:15:57:31 +0200] "GET /heizoel.php HTTP/1.1" 200 12204 "-" "Mozilla/5.0 (Windows NT 6.1; WOW64; rv:36.0) Gecko/20100101 Firefox/36.0"
64.95.99.245 - - [07/Apr/2015:16:56:04 +0200] "GET /robots.txt HTTP/1.0" 404 1256 "-" "mbr-Web-Crawler/Nutch-1.8"
64.95.99.245 - - [07/Apr/2015:16:56:04 +0200] "GET / HTTP/1.0" 200 16125 "-" "mbr-Web-Crawler/Nutch-1.8"
66.249.78.170 - - [07/Apr/2015:17:02:37 +0200] "GET /ansprechpartner.php HTTP/1.1" 200 13907 "-" "Mozilla/5.0 (compatible; Googlebot/2.1; +http://www.google.com/bot.html)"
66.249.78.170 - - [07/Apr/2015:17:09:09 +0200] "GET /ansprechpartner.php HTTP/1.1" 200 13907 "-" "Mozilla/5.0 (compatible; Googlebot/2.1; +http://www.google.com/bot.html)"
66.249.78.36 - - [07/Apr/2015:17:12:21 +0200] "GET /lexikon.php?cs_go=3&cs_id=202 HTTP/1.1" 200 11466 "-" "Mozilla/5.0 (compatible; Googlebot/2.1; +http://www.google.com/bot.html)"
66.249.78.177 - - [07/Apr/2015:17:15:27 +0200] "GET /ansprechpartner.php HTTP/1.1" 200 13907 "-" "Mozilla/5.0 (compatible; Googlebot/2.1; +http://www.google.com/bot.html)"
66.249.78.43 - - [07/Apr/2015:17:24:27 +0200] "GET /tzyigrmvgje.html HTTP/1.1" 404 1256 "-" "Mozilla/5.0 (compatible; Googlebot/2.1; +http://www.google.com/bot.html)"
66.249.78.36 - - [07/Apr/2015:17:18:27 +0200] "GET /kwk.php HTTP/1.1" 200 11474 "-" "Mozilla/5.0 (iPhone; CPU iPhone OS 6_0 like Mac OS X) AppleWebKit/536.26 (KHTML, like Gecko) Version/6.0 Mobile/10A5376e Safari/8536.25 (compatible; Googlebot/2.1; +http://www.google.com/bot.html)"
66.249.78.43 - - [07/Apr/2015:17:21:27 +0200] "GET /ec.php HTTP/1.1" 200 11616 "-" "SAMSUNG-SGH-E250/1.0 Profile/MIDP-2.0 Configuration/CLDC-1.1 UP.Browser/6.2.3.3.c.1.101 (GUI) MMP/2.0 (compatible; Googlebot-Mobile/2.1; +http://www.google.com/bot.html)"
66.249.78.36 - - [07/Apr/2015:17:24:28 +0200] "GET /lexikon.php?cs_go=3&cs_id=202 HTTP/1.1" 200 11466 "-" "Mozilla/5.0 (compatible; Googlebot/2.1; +http://www.google.com/bot.html)"
66.249.78.36 - - [07/Apr/2015:17:27:28 +0200] "GET /kwk.php HTTP/1.1" 200 11474 "-" "Mozilla/5.0 (iPhone; CPU iPhone OS 6_0 like Mac OS X) AppleWebKit/536.26 (KHTML, like Gecko) Version/6.0 Mobile/10A5376e Safari/8536.25 (compatible; Googlebot/2.1; +http://www.google.com/bot.html)"
66.249.78.50 - - [07/Apr/2015:17:30:28 +0200] "GET /ec.php HTTP/1.1" 200 11616 "-" "SAMSUNG-SGH-E250/1.0 Profile/MIDP-2.0 Configuration/CLDC-1.1 UP.Browser/6.2.3.3.c.1.101 (GUI) MMP/2.0 (compatible; Googlebot-Mobile/2.1; +http://www.google.com/bot.html)"
66.249.64.171 - - [07/Apr/2015:17:33:28 +0200] "GET /lexikon.php?cs_go=3&cs_id=202 HTTP/1.1" 200 11466 "-" "Mozilla/5.0 (compatible; Googlebot/2.1; +http://www.google.com/bot.html)"
66.249.78.154 - - [07/Apr/2015:17:36:28 +0200] "GET / HTTP/1.1" 200 15920 "-" "Mozilla/5.0 (iPhone; CPU iPhone OS 6_0 like Mac OS X) AppleWebKit/536.26 (KHTML, like Gecko) Version/6.0 Mobile/10A5376e Safari/8536.25 (compatible; Googlebot/2.1; +http://www.google.com/bot.html)"
66.249.78.43 - - [07/Apr/2015:17:39:29 +0200] "GET /ec.php HTTP/1.1" 200 11616 "-" "SAMSUNG-SGH-E250/1.0 Profile/MIDP-2.0 Configuration/CLDC-1.1 UP.Browser/6.2.3.3.c.1.101 (GUI) MMP/2.0 (compatible; Googlebot-Mobile/2.1; +http://www.google.com/bot.html)"
66.249.78.43 - - [07/Apr/2015:17:42:29 +0200] "GET /kwk.php HTTP/1.1" 200 11474 "-" "Mozilla/5.0 (iPhone; CPU iPhone OS 6_0 like Mac OS X) AppleWebKit/536.26 (KHTML, like Gecko) Version/6.0 Mobile/10A5376e Safari/8536.25 (compatible; Googlebot/2.1; +http://www.google.com/bot.html)"
66.249.78.147 - - [07/Apr/2015:17:45:57 +0200] "GET / HTTP/1.1" 200 15920 "-" "Mozilla/5.0 (iPhone; CPU iPhone OS 6_0 like Mac OS X) AppleWebKit/536.26 (KHTML, like Gecko) Version/6.0 Mobile/10A5376e Safari/8536.25 (compatible; Googlebot/2.1; +http://www.google.com/bot.html)"
66.249.78.154 - - [07/Apr/2015:17:52:30 +0200] "GET / HTTP/1.1" 200 15920 "-" "Mozilla/5.0 (iPhone; CPU iPhone OS 6_0 like Mac OS X) AppleWebKit/536.26 (KHTML, like Gecko) Version/6.0 Mobile/10A5376e Safari/8536.25 (compatible; Googlebot/2.1; +http://www.google.com/bot.html)"
66.249.78.184 - - [07/Apr/2015:18:00:13 +0200] "GET / HTTP/1.1" 200 13064 "-" "Mozilla/5.0 (iPhone; CPU iPhone OS 6_0 like Mac OS X) AppleWebKit/536.26 (KHTML, like Gecko) Version/6.0 Mobile/10A5376e Safari/8536.25 (compatible; Googlebot/2.1; +http://www.google.com/bot.html)"
66.249.78.177 - - [07/Apr/2015:18:06:15 +0200] "GET / HTTP/1.1" 200 15920 "-" "Mozilla/5.0 (iPhone; CPU iPhone OS 6_0 like Mac OS X) AppleWebKit/536.26 (KHTML, like Gecko) Version/6.0 Mobile/10A5376e Safari/8536.25 (compatible; Googlebot/2.1; +http://www.google.com/bot.html)"
66.249.78.112 - - [07/Apr/2015:18:09:15 +0200] "GET / HTTP/1.1" 200 15920 "-" "Mozilla/5.0 (iPhone; CPU iPhone OS 6_0 like Mac OS X) AppleWebKit/536.26 (KHTML, like Gecko) Version/6.0 Mobile/10A5376e Safari/8536.25 (compatible; Googlebot/2.1; +http://www.google.com/bot.html)"
66.249.78.170 - - [07/Apr/2015:18:12:49 +0200] "GET / HTTP/1.1" 200 15920 "-" "Mozilla/5.0 (iPhone; CPU iPhone OS 6_0 like Mac OS X) AppleWebKit/536.26 (KHTML, like Gecko) Version/6.0 Mobile/10A5376e Safari/8536.25 (compatible; Googlebot/2.1; +http://www.google.com/bot.html)"
66.249.64.171 - - [07/Apr/2015:18:15:49 +0200] "GET / HTTP/1.1" 200 15920 "-" "DoCoMo/2.0 N905i(c100;TB;W24H16) (compatible; Googlebot-Mobile/2.1; +http://www.google.com/bot.html)"
66.249.78.119 - - [07/Apr/2015:18:18:49 +0200] "GET / HTTP/1.1" 200 15920 "-" "Mozilla/5.0 (iPhone; CPU iPhone OS 6_0 like Mac OS X) AppleWebKit/536.26 (KHTML, like Gecko) Version/6.0 Mobile/10A5376e Safari/8536.25 (compatible; Googlebot/2.1; +http://www.google.com/bot.html)"
66.249.64.175 - - [07/Apr/2015:18:22:19 +0200] "GET / HTTP/1.1" 200 15920 "-" "DoCoMo/2.0 N905i(c100;TB;W24H16) (compatible; Googlebot-Mobile/2.1; +http://www.google.com/bot.html)"
66.249.78.119 - - [07/Apr/2015:18:25:19 +0200] "GET / HTTP/1.1" 200 15920 "-" "Mozilla/5.0 (iPhone; CPU iPhone OS 6_0 like Mac OS X) AppleWebKit/536.26 (KHTML, like Gecko) Version/6.0 Mobile/10A5376e Safari/8536.25 (compatible; Googlebot/2.1; +http://www.google.com/bot.html)"
66.249.64.179 - - [07/Apr/2015:18:28:39 +0200] "GET / HTTP/1.1" 200 15920 "-" "DoCoMo/2.0 N905i(c100;TB;W24H16) (compatible; Googlebot-Mobile/2.1; +http://www.google.com/bot.html)"
66.249.78.36 - - [07/Apr/2015:18:31:39 +0200] "GET /lexikon.php?cs_go=3&cs_id=219 HTTP/1.1" 200 11466 "-" "Mozilla/5.0 (compatible; Googlebot/2.1; +http://www.google.com/bot.html)"
66.249.78.249 - - [07/Apr/2015:18:41:02 +0200] "GET /robots.txt HTTP/1.1" 404 1256 "-" "Mozilla/5.0 (compatible; Googlebot/2.1; +http://www.google.com/bot.html)"
66.249.78.50 - - [07/Apr/2015:18:38:02 +0200] "GET /lexikon.php?cs_go=3&cs_id=219 HTTP/1.1" 200 11466 "-" "Mozilla/5.0 (compatible; Googlebot/2.1; +http://www.google.com/bot.html)"
66.249.78.9 - - [07/Apr/2015:18:41:02 +0200] "GET /news.php?cs_go=archiv&cs_id=5305&cs_search= HTTP/1.1" 200 11477 "-" "Mozilla/5.0 (compatible; Googlebot/2.1; +http://www.google.com/bot.html)"
180.153.236.38 - - [07/Apr/2015:18:43:26 +0200] "GET / HTTP/1.1" 200 15920 "http://www.essoschmierstoffe.de/" "Mozilla/5.0 (compatible; MSIE 9.0; Windows NT 6.1; Trident/5.0); 360Spider(compatible; HaosouSpider; http://www.haosou.com/help/help_3_2.html)"
66.249.78.135 - - [07/Apr/2015:18:47:29 +0200] "GET /preisanfrage.php HTTP/1.1" 200 11493 "-" "Mozilla/5.0 (iPhone; CPU iPhone OS 6_0 like Mac OS X) AppleWebKit/536.26 (KHTML, like Gecko) Version/6.0 Mobile/10A5376e Safari/8536.25 (compatible; Googlebot/2.1; +http://www.google.com/bot.html)"
