66.249.78.43 - - [31/Mar/2015:23:55:36 +0200] "GET /news.php?cs_go=archiv&cs_id=4788 HTTP/1.1" 200 11477 "-" "Mozilla/5.0 (compatible; Googlebot/2.1; +http://www.google.com/bot.html)"
66.249.78.50 - - [31/Mar/2015:23:58:37 +0200] "GET /news.php?cs_go=archiv&cs_id=5037 HTTP/1.1" 200 11477 "-" "Mozilla/5.0 (compatible; Googlebot/2.1; +http://www.google.com/bot.html)"
66.249.78.43 - - [01/Apr/2015:00:01:37 +0200] "GET /news.php?cs_go=archiv&cs_id=3938 HTTP/1.1" 200 11477 "-" "Mozilla/5.0 (compatible; Googlebot/2.1; +http://www.google.com/bot.html)"
66.249.64.179 - - [01/Apr/2015:00:04:37 +0200] "GET /news.php?cs_go=archiv&cs_id=4788 HTTP/1.1" 200 11477 "-" "Mozilla/5.0 (compatible; Googlebot/2.1; +http://www.google.com/bot.html)"
66.249.78.36 - - [01/Apr/2015:00:07:38 +0200] "GET /news.php?cs_go=archiv&cs_id=5037 HTTP/1.1" 200 11477 "-" "Mozilla/5.0 (compatible; Googlebot/2.1; +http://www.google.com/bot.html)"
66.249.78.43 - - [01/Apr/2015:00:10:38 +0200] "GET /news.php?cs_go=archiv&cs_id=3938 HTTP/1.1" 200 11477 "-" "Mozilla/5.0 (compatible; Googlebot/2.1; +http://www.google.com/bot.html)"
66.249.78.43 - - [01/Apr/2015:00:13:38 +0200] "GET /news.php?cs_go=archiv&cs_id=4788 HTTP/1.1" 200 11477 "-" "Mozilla/5.0 (compatible; Googlebot/2.1; +http://www.google.com/bot.html)"
66.249.78.43 - - [01/Apr/2015:00:16:38 +0200] "GET /news.php?cs_go=archiv&cs_id=4562 HTTP/1.1" 200 11477 "-" "Mozilla/5.0 (compatible; Googlebot/2.1; +http://www.google.com/bot.html)"
66.249.78.36 - - [01/Apr/2015:00:19:38 +0200] "GET /news.php?cs_go=archiv&cs_id=3938 HTTP/1.1" 200 11477 "-" "Mozilla/5.0 (compatible; Googlebot/2.1; +http://www.google.com/bot.html)"
65.78.117.21 - - [01/Apr/2015:00:27:57 +0200] "HEAD / HTTP/1.1" 200 - "-" "Mozilla/5.0 (compatible; pmoz.info ODP link checker; +http://pmoz.info/doc/botinfo.htm)"
66.249.78.36 - - [01/Apr/2015:00:22:38 +0200] "GET /news.php?cs_go=archiv&cs_id=4012 HTTP/1.1" 200 11477 "-" "Mozilla/5.0 (compatible; Googlebot/2.1; +http://www.google.com/bot.html)"
66.249.78.43 - - [01/Apr/2015:00:25:39 +0200] "GET /news.php?cs_go=archiv&cs_id=4562 HTTP/1.1" 200 11477 "-" "Mozilla/5.0 (compatible; Googlebot/2.1; +http://www.google.com/bot.html)"
66.249.78.50 - - [01/Apr/2015:00:28:39 +0200] "GET /news.php?cs_go=archiv&cs_id=3464 HTTP/1.1" 200 11477 "-" "Mozilla/5.0 (compatible; Googlebot/2.1; +http://www.google.com/bot.html)"
66.249.78.43 - - [01/Apr/2015:00:31:39 +0200] "GET /news.php?cs_go=archiv&cs_id=4012 HTTP/1.1" 200 11477 "-" "Mozilla/5.0 (compatible; Googlebot/2.1; +http://www.google.com/bot.html)"
66.249.64.175 - - [01/Apr/2015:00:34:39 +0200] "GET /news.php?cs_go=archiv&cs_id=4562 HTTP/1.1" 200 11477 "-" "Mozilla/5.0 (compatible; Googlebot/2.1; +http://www.google.com/bot.html)"
66.249.78.50 - - [01/Apr/2015:00:37:39 +0200] "GET /news.php?cs_go=archiv&cs_id=3464 HTTP/1.1" 200 11477 "-" "Mozilla/5.0 (compatible; Googlebot/2.1; +http://www.google.com/bot.html)"
66.249.78.43 - - [01/Apr/2015:00:41:06 +0200] "GET /news.php?cs_go=archiv&cs_id=4012 HTTP/1.1" 200 11477 "-" "Mozilla/5.0 (compatible; Googlebot/2.1; +http://www.google.com/bot.html)"
66.249.78.36 - - [01/Apr/2015:00:44:07 +0200] "GET /news.php?cs_go=archiv&cs_id=3464 HTTP/1.1" 200 11477 "-" "Mozilla/5.0 (compatible; Googlebot/2.1; +http://www.google.com/bot.html)"
66.249.78.43 - - [01/Apr/2015:00:47:07 +0200] "GET /news.php?cs_go=archiv&cs_id=2928 HTTP/1.1" 200 11477 "-" "Mozilla/5.0 (compatible; Googlebot/2.1; +http://www.google.com/bot.html)"
66.249.78.36 - - [01/Apr/2015:00:50:07 +0200] "GET /news.php?cs_go=archiv&cs_id=4619 HTTP/1.1" 200 11477 "-" "Mozilla/5.0 (compatible; Googlebot/2.1; +http://www.google.com/bot.html)"
66.249.78.50 - - [01/Apr/2015:00:53:07 +0200] "GET /news.php?cs_go=archiv&cs_id=4800&cs_search= HTTP/1.1" 200 11477 "-" "Mozilla/5.0 (compatible; Googlebot/2.1; +http://www.google.com/bot.html)"
66.249.78.50 - - [01/Apr/2015:00:56:07 +0200] "GET /news.php?cs_go=archiv&cs_id=2928 HTTP/1.1" 200 11477 "-" "Mozilla/5.0 (compatible; Googlebot/2.1; +http://www.google.com/bot.html)"
66.249.78.36 - - [01/Apr/2015:00:59:07 +0200] "GET /news.php?cs_go=archiv&cs_id=4619 HTTP/1.1" 200 11477 "-" "Mozilla/5.0 (compatible; Googlebot/2.1; +http://www.google.com/bot.html)"
66.249.64.175 - - [01/Apr/2015:01:02:07 +0200] "GET /news.php?cs_go=archiv&cs_id=4800&cs_search= HTTP/1.1" 200 11477 "-" "Mozilla/5.0 (compatible; Googlebot/2.1; +http://www.google.com/bot.html)"
66.249.78.36 - - [01/Apr/2015:01:05:08 +0200] "GET /news.php?cs_go=archiv&cs_id=2928 HTTP/1.1" 200 11477 "-" "Mozilla/5.0 (compatible; Googlebot/2.1; +http://www.google.com/bot.html)"
66.249.78.43 - - [01/Apr/2015:01:08:08 +0200] "GET /news.php?cs_go=archiv&cs_id=4731&cs_search= HTTP/1.1" 200 11477 "-" "Mozilla/5.0 (compatible; Googlebot/2.1; +http://www.google.com/bot.html)"
66.249.78.36 - - [01/Apr/2015:01:11:34 +0200] "GET /news.php?cs_go=archiv&cs_id=4619 HTTP/1.1" 200 11477 "-" "Mozilla/5.0 (compatible; Googlebot/2.1; +http://www.google.com/bot.html)"
66.249.78.36 - - [01/Apr/2015:01:14:33 +0200] "GET /news.php?cs_go=archiv&cs_id=4800&cs_search= HTTP/1.1" 200 11477 "-" "Mozilla/5.0 (compatible; Googlebot/2.1; +http://www.google.com/bot.html)"
66.249.78.43 - - [01/Apr/2015:01:17:34 +0200] "GET /news.php?cs_go=archiv&cs_id=4731&cs_search= HTTP/1.1" 200 11477 "-" "Mozilla/5.0 (compatible; Googlebot/2.1; +http://www.google.com/bot.html)"
66.249.78.36 - - [01/Apr/2015:01:20:34 +0200] "GET /news.php?cs_go=archiv&cs_id=4144&cs_search= HTTP/1.1" 200 11477 "-" "Mozilla/5.0 (compatible; Googlebot/2.1; +http://www.google.com/bot.html)"
66.249.78.36 - - [01/Apr/2015:01:23:35 +0200] "GET /news.php?cs_go=archiv&cs_id=5253&cs_search= HTTP/1.1" 200 11477 "-" "Mozilla/5.0 (compatible; Googlebot/2.1; +http://www.google.com/bot.html)"
66.249.78.50 - - [01/Apr/2015:01:26:35 +0200] "GET /news.php?cs_go=archiv&cs_id=4731&cs_search= HTTP/1.1" 200 11477 "-" "Mozilla/5.0 (compatible; Googlebot/2.1; +http://www.google.com/bot.html)"
66.249.78.36 - - [01/Apr/2015:01:29:35 +0200] "GET /news.php?cs_go=archiv&cs_id=4144&cs_search= HTTP/1.1" 200 11477 "-" "Mozilla/5.0 (compatible; Googlebot/2.1; +http://www.google.com/bot.html)"
66.249.78.43 - - [01/Apr/2015:01:32:35 +0200] "GET /news.php?cs_go=archiv&cs_id=5253&cs_search= HTTP/1.1" 200 11477 "-" "Mozilla/5.0 (compatible; Googlebot/2.1; +http://www.google.com/bot.html)"
66.249.78.50 - - [01/Apr/2015:01:35:35 +0200] "GET /news.php?cs_go=archiv&cs_id=3923 HTTP/1.1" 200 11477 "-" "Mozilla/5.0 (compatible; Googlebot/2.1; +http://www.google.com/bot.html)"
66.249.64.171 - - [01/Apr/2015:01:38:35 +0200] "GET /news.php?cs_go=archiv&cs_id=4144&cs_search= HTTP/1.1" 200 11477 "-" "Mozilla/5.0 (compatible; Googlebot/2.1; +http://www.google.com/bot.html)"
66.249.78.50 - - [01/Apr/2015:01:43:37 +0200] "GET /news.php?cs_go=archiv&cs_id=5253&cs_search= HTTP/1.1" 200 11477 "-" "Mozilla/5.0 (compatible; Googlebot/2.1; +http://www.google.com/bot.html)"
66.249.78.50 - - [01/Apr/2015:01:46:38 +0200] "GET /news.php?cs_go=archiv&cs_id=3923 HTTP/1.1" 200 11477 "-" "Mozilla/5.0 (compatible; Googlebot/2.1; +http://www.google.com/bot.html)"
66.249.78.36 - - [01/Apr/2015:01:49:38 +0200] "GET /news.php?cs_go=archiv&cs_id=4059 HTTP/1.1" 200 11477 "-" "Mozilla/5.0 (compatible; Googlebot/2.1; +http://www.google.com/bot.html)"
66.249.78.43 - - [01/Apr/2015:01:52:49 +0200] "GET /news.php?cs_go=archiv&cs_id=5143 HTTP/1.1" 200 11477 "-" "Mozilla/5.0 (compatible; Googlebot/2.1; +http://www.google.com/bot.html)"
66.249.78.50 - - [01/Apr/2015:01:55:31 +0200] "GET /news.php?cs_go=archiv&cs_id=3923 HTTP/1.1" 200 11477 "-" "Mozilla/5.0 (compatible; Googlebot/2.1; +http://www.google.com/bot.html)"
66.249.78.43 - - [01/Apr/2015:01:56:55 +0200] "GET /news.php?cs_go=archiv&cs_id=4059 HTTP/1.1" 200 11477 "-" "Mozilla/5.0 (compatible; Googlebot/2.1; +http://www.google.com/bot.html)"
66.249.78.43 - - [01/Apr/2015:01:59:55 +0200] "GET /news.php?cs_go=archiv&cs_id=5143 HTTP/1.1" 200 11477 "-" "Mozilla/5.0 (compatible; Googlebot/2.1; +http://www.google.com/bot.html)"
66.249.78.36 - - [01/Apr/2015:02:02:55 +0200] "GET /news.php?cs_go=archiv&cs_id=3923 HTTP/1.1" 200 11477 "-" "Mozilla/5.0 (compatible; Googlebot/2.1; +http://www.google.com/bot.html)"
157.55.39.101 - - [01/Apr/2015:02:09:27 +0200] "GET /robots.txt HTTP/1.1" 404 1256 "-" "Mozilla/5.0 (compatible; bingbot/2.0; +http://www.bing.com/bingbot.htm)"
157.55.39.101 - - [01/Apr/2015:02:07:21 +0200] "GET /ofenbau.php HTTP/1.1" 200 9274 "-" "Mozilla/5.0 (compatible; bingbot/2.0; +http://www.bing.com/bingbot.htm)"
157.55.39.39 - - [01/Apr/2015:02:07:30 +0200] "GET /heizoel.php HTTP/1.1" 200 9577 "-" "Mozilla/5.0 (compatible; bingbot/2.0; +http://www.bing.com/bingbot.htm)"
157.55.39.101 - - [01/Apr/2015:02:07:56 +0200] "GET /preisanfrage.php HTTP/1.1" 200 9071 "-" "Mozilla/5.0 (compatible; bingbot/2.0; +http://www.bing.com/bingbot.htm)"
157.55.39.124 - - [01/Apr/2015:02:08:04 +0200] "GET /impressum.php HTTP/1.1" 200 12731 "-" "Mozilla/5.0 (compatible; bingbot/2.0; +http://www.bing.com/bingbot.htm)"
157.55.39.39 - - [01/Apr/2015:02:08:14 +0200] "GET /kontakt.php HTTP/1.1" 200 9045 "-" "Mozilla/5.0 (compatible; bingbot/2.0; +http://www.bing.com/bingbot.htm)"
157.55.39.101 - - [01/Apr/2015:02:08:31 +0200] "GET /tankanlagen.php HTTP/1.1" 200 9266 "-" "Mozilla/5.0 (compatible; bingbot/2.0; +http://www.bing.com/bingbot.htm)"
157.55.39.124 - - [01/Apr/2015:02:08:42 +0200] "GET /index.php HTTP/1.1" 200 9656 "-" "Mozilla/5.0 (compatible; bingbot/2.0; +http://www.bing.com/bingbot.htm)"
157.55.39.39 - - [01/Apr/2015:02:08:51 +0200] "GET /news.php HTTP/1.1" 200 9055 "-" "Mozilla/5.0 (compatible; bingbot/2.0; +http://www.bing.com/bingbot.htm)"
66.249.78.36 - - [01/Apr/2015:02:05:55 +0200] "GET /news.php?cs_go=archiv&cs_id=4059 HTTP/1.1" 200 11477 "-" "Mozilla/5.0 (compatible; Googlebot/2.1; +http://www.google.com/bot.html)"
157.55.39.101 - - [01/Apr/2015:02:09:06 +0200] "GET /wunschpreis.php HTTP/1.1" 200 9224 "-" "Mozilla/5.0 (compatible; bingbot/2.0; +http://www.bing.com/bingbot.htm)"
157.55.39.124 - - [01/Apr/2015:02:09:23 +0200] "GET /jobs.php HTTP/1.1" 200 9089 "-" "Mozilla/5.0 (compatible; bingbot/2.0; +http://www.bing.com/bingbot.htm)"
157.55.39.39 - - [01/Apr/2015:02:09:31 +0200] "GET /premiumheizoel.php HTTP/1.1" 200 12030 "-" "Mozilla/5.0 (compatible; bingbot/2.0; +http://www.bing.com/bingbot.htm)"
157.55.39.101 - - [01/Apr/2015:02:09:41 +0200] "GET /marktdaten.php HTTP/1.1" 200 9225 "-" "Mozilla/5.0 (compatible; bingbot/2.0; +http://www.bing.com/bingbot.htm)"
157.55.39.124 - - [01/Apr/2015:02:10:04 +0200] "GET /kwk.php HTTP/1.1" 200 9048 "-" "Mozilla/5.0 (compatible; bingbot/2.0; +http://www.bing.com/bingbot.htm)"
157.55.39.39 - - [01/Apr/2015:02:10:11 +0200] "GET /energiesparcheck.php HTTP/1.1" 200 9127 "-" "Mozilla/5.0 (compatible; bingbot/2.0; +http://www.bing.com/bingbot.htm)"
157.55.39.101 - - [01/Apr/2015:02:10:17 +0200] "GET /brennwerttechnik.php HTTP/1.1" 200 9433 "-" "Mozilla/5.0 (compatible; bingbot/2.0; +http://www.bing.com/bingbot.htm)"
157.55.39.124 - - [01/Apr/2015:02:10:43 +0200] "GET /lexikon.php HTTP/1.1" 200 9042 "-" "Mozilla/5.0 (compatible; bingbot/2.0; +http://www.bing.com/bingbot.htm)"
157.55.39.101 - - [01/Apr/2015:02:10:52 +0200] "GET /adblue.php HTTP/1.1" 200 14680 "-" "Mozilla/5.0 (compatible; bingbot/2.0; +http://www.bing.com/bingbot.htm)"
157.55.39.124 - - [01/Apr/2015:02:11:23 +0200] "GET /tankreinigung.php HTTP/1.1" 200 9229 "-" "Mozilla/5.0 (compatible; bingbot/2.0; +http://www.bing.com/bingbot.htm)"
157.55.39.101 - - [01/Apr/2015:02:11:27 +0200] "GET /biogasanlage.php HTTP/1.1" 200 11704 "-" "Mozilla/5.0 (compatible; bingbot/2.0; +http://www.bing.com/bingbot.htm)"
157.55.39.101 - - [01/Apr/2015:02:12:02 +0200] "GET /diesel.php HTTP/1.1" 200 9536 "-" "Mozilla/5.0 (compatible; bingbot/2.0; +http://www.bing.com/bingbot.htm)"
66.249.78.43 - - [01/Apr/2015:02:08:56 +0200] "GET /news.php?cs_go=archiv&cs_id=5143 HTTP/1.1" 200 11477 "-" "Mozilla/5.0 (compatible; Googlebot/2.1; +http://www.google.com/bot.html)"
157.55.39.124 - - [01/Apr/2015:02:12:06 +0200] "GET /agb.php HTTP/1.1" 200 9146 "-" "Mozilla/5.0 (compatible; bingbot/2.0; +http://www.bing.com/bingbot.htm)"
157.55.39.124 - - [01/Apr/2015:02:12:43 +0200] "GET /baustellenbetankung.php HTTP/1.1" 200 12322 "-" "Mozilla/5.0 (compatible; bingbot/2.0; +http://www.bing.com/bingbot.htm)"
157.55.39.124 - - [01/Apr/2015:02:13:23 +0200] "GET /ec.php HTTP/1.1" 200 9194 "-" "Mozilla/5.0 (compatible; bingbot/2.0; +http://www.bing.com/bingbot.htm)"
157.55.39.124 - - [01/Apr/2015:02:14:04 +0200] "GET /edl.php HTTP/1.1" 200 9109 "-" "Mozilla/5.0 (compatible; bingbot/2.0; +http://www.bing.com/bingbot.htm)"
207.46.13.118 - - [01/Apr/2015:02:17:38 +0200] "GET /robots.txt HTTP/1.1" 404 1256 "-" "Mozilla/5.0 (compatible; bingbot/2.0; +http://www.bing.com/bingbot.htm)"
66.249.64.171 - - [01/Apr/2015:02:11:56 +0200] "GET /news.php?cs_go=archiv&cs_id=5249 HTTP/1.1" 200 11477 "-" "Mozilla/5.0 (compatible; Googlebot/2.1; +http://www.google.com/bot.html)"
66.249.78.50 - - [01/Apr/2015:02:14:57 +0200] "GET /news.php?cs_go=archiv&cs_id=5314&cs_search= HTTP/1.1" 200 11477 "-" "Mozilla/5.0 (compatible; Googlebot/2.1; +http://www.google.com/bot.html)"
66.249.78.50 - - [01/Apr/2015:02:17:57 +0200] "GET /news.php?cs_go=archiv&cs_id=5143 HTTP/1.1" 200 11477 "-" "Mozilla/5.0 (compatible; Googlebot/2.1; +http://www.google.com/bot.html)"
66.249.78.43 - - [01/Apr/2015:02:20:57 +0200] "GET /news.php?cs_go=archiv&cs_id=5249 HTTP/1.1" 200 11477 "-" "Mozilla/5.0 (compatible; Googlebot/2.1; +http://www.google.com/bot.html)"
207.46.13.29 - - [01/Apr/2015:02:24:28 +0200] "GET / HTTP/1.1" 200 9656 "-" "Mozilla/5.0 (compatible; bingbot/2.0; +http://www.bing.com/bingbot.htm)"
66.249.78.50 - - [01/Apr/2015:02:23:57 +0200] "GET /news.php?cs_go=archiv&cs_id=5314&cs_search= HTTP/1.1" 200 11477 "-" "Mozilla/5.0 (compatible; Googlebot/2.1; +http://www.google.com/bot.html)"
66.249.78.36 - - [01/Apr/2015:02:26:57 +0200] "GET /news.php?cs_go=archiv&cs_id=4771&cs_search= HTTP/1.1" 200 11477 "-" "Mozilla/5.0 (compatible; Googlebot/2.1; +http://www.google.com/bot.html)"
66.249.78.36 - - [01/Apr/2015:02:30:25 +0200] "GET /news.php?cs_go=archiv&cs_id=5249 HTTP/1.1" 200 11477 "-" "Mozilla/5.0 (compatible; Googlebot/2.1; +http://www.google.com/bot.html)"
66.249.78.50 - - [01/Apr/2015:02:47:51 +0200] "GET /news.php?cs_go=archiv&cs_id=5314&cs_search= HTTP/1.1" 200 11477 "-" "Mozilla/5.0 (compatible; Googlebot/2.1; +http://www.google.com/bot.html)"
66.249.78.50 - - [01/Apr/2015:02:48:26 +0200] "GET /news.php?cs_go=archiv&cs_id=4771&cs_search= HTTP/1.1" 200 11477 "-" "Mozilla/5.0 (compatible; Googlebot/2.1; +http://www.google.com/bot.html)"
178.255.215.83 - - [01/Apr/2015:02:48:56 +0200] "GET /brennwerttechnik.php HTTP/1.1" 200 11859 "-" "Mozilla/5.0 (compatible; Exabot/3.0; +http://www.exabot.com/go/robot)"
66.249.64.171 - - [01/Apr/2015:02:51:26 +0200] "GET /news.php?cs_go=archiv&cs_id=5007 HTTP/1.1" 200 11477 "-" "Mozilla/5.0 (compatible; Googlebot/2.1; +http://www.google.com/bot.html)"
66.249.78.36 - - [01/Apr/2015:02:54:45 +0200] "GET /news.php?cs_go=archiv&cs_id=4771&cs_search= HTTP/1.1" 200 11477 "-" "Mozilla/5.0 (compatible; Googlebot/2.1; +http://www.google.com/bot.html)"
66.249.78.50 - - [01/Apr/2015:02:58:15 +0200] "GET /news.php?cs_go=archiv&cs_id=5007 HTTP/1.1" 200 11477 "-" "Mozilla/5.0 (compatible; Googlebot/2.1; +http://www.google.com/bot.html)"
188.165.234.68 - - [01/Apr/2015:03:07:40 +0200] "GET /robots.txt HTTP/1.0" 404 1256 "-" ""
66.249.78.50 - - [01/Apr/2015:03:02:35 +0200] "GET /news.php?cs_go=archiv&cs_id=4101&cs_search= HTTP/1.1" 200 11477 "-" "Mozilla/5.0 (compatible; Googlebot/2.1; +http://www.google.com/bot.html)"
188.165.15.165 - - [01/Apr/2015:03:03:17 +0200] "GET /foerdermittel.php HTTP/1.1" 200 11824 "-" "Mozilla/5.0 (compatible; AhrefsBot/5.0; +http://ahrefs.com/robot/)"
66.249.78.43 - - [01/Apr/2015:03:05:35 +0200] "GET /news.php?cs_go=archiv&cs_id=5007 HTTP/1.1" 200 11477 "-" "Mozilla/5.0 (compatible; Googlebot/2.1; +http://www.google.com/bot.html)"
188.165.234.68 - - [01/Apr/2015:03:07:40 +0200] "GET / HTTP/1.1" 200 15920 "-" "Mozilla/5.0 (X11; U; Linux x86_64; en-US) AppleWebKit/533.2 (KHTML, like Gecko) Chrome/5.0.342.1 Safari/533.2"
66.249.78.50 - - [01/Apr/2015:03:08:35 +0200] "GET /news.php?cs_go=archiv&cs_id=4176 HTTP/1.1" 200 11477 "-" "Mozilla/5.0 (compatible; Googlebot/2.1; +http://www.google.com/bot.html)"
66.249.78.36 - - [01/Apr/2015:03:11:35 +0200] "GET /news.php?cs_go=archiv&cs_id=4101&cs_search= HTTP/1.1" 200 11477 "-" "Mozilla/5.0 (compatible; Googlebot/2.1; +http://www.google.com/bot.html)"
66.249.78.43 - - [01/Apr/2015:03:14:35 +0200] "GET /news.php?cs_go=archiv&cs_id=5091&cs_search= HTTP/1.1" 200 11477 "-" "Mozilla/5.0 (compatible; Googlebot/2.1; +http://www.google.com/bot.html)"
66.249.64.175 - - [01/Apr/2015:03:17:35 +0200] "GET /news.php?cs_go=archiv&cs_id=4176 HTTP/1.1" 200 11477 "-" "Mozilla/5.0 (compatible; Googlebot/2.1; +http://www.google.com/bot.html)"
66.249.64.175 - - [01/Apr/2015:03:20:35 +0200] "GET /news.php?cs_go=archiv&cs_id=4101&cs_search= HTTP/1.1" 200 11477 "-" "Mozilla/5.0 (compatible; Googlebot/2.1; +http://www.google.com/bot.html)"
66.249.78.36 - - [01/Apr/2015:03:23:35 +0200] "GET /news.php?cs_go=archiv&cs_id=5091&cs_search= HTTP/1.1" 200 11477 "-" "Mozilla/5.0 (compatible; Googlebot/2.1; +http://www.google.com/bot.html)"
66.249.78.43 - - [01/Apr/2015:03:26:35 +0200] "GET /news.php?cs_go=archiv&cs_id=4615 HTTP/1.1" 200 11477 "-" "Mozilla/5.0 (compatible; Googlebot/2.1; +http://www.google.com/bot.html)"
66.249.78.36 - - [01/Apr/2015:03:29:35 +0200] "GET /news.php?cs_go=archiv&cs_id=4176 HTTP/1.1" 200 11477 "-" "Mozilla/5.0 (compatible; Googlebot/2.1; +http://www.google.com/bot.html)"
66.249.67.23 - - [01/Apr/2015:03:32:35 +0200] "GET /news.php?cs_go=archiv&cs_id=5157 HTTP/1.1" 200 11477 "-" "Mozilla/5.0 (compatible; Googlebot/2.1; +http://www.google.com/bot.html)"
66.249.78.50 - - [01/Apr/2015:03:32:35 +0200] "GET /news.php?cs_go=archiv&cs_id=5091&cs_search= HTTP/1.1" 200 11477 "-" "Mozilla/5.0 (compatible; Googlebot/2.1; +http://www.google.com/bot.html)"
66.249.78.36 - - [01/Apr/2015:03:35:35 +0200] "GET /news.php?cs_go=archiv&cs_id=4615 HTTP/1.1" 200 11477 "-" "Mozilla/5.0 (compatible; Googlebot/2.1; +http://www.google.com/bot.html)"
66.249.78.43 - - [01/Apr/2015:03:37:17 +0200] "GET /news.php?cs_go=archiv&cs_id=4546 HTTP/1.1" 200 11477 "-" "Mozilla/5.0 (compatible; Googlebot/2.1; +http://www.google.com/bot.html)"
66.249.78.36 - - [01/Apr/2015:03:40:16 +0200] "GET /news.php?cs_go=archiv&cs_id=5157 HTTP/1.1" 200 11477 "-" "Mozilla/5.0 (compatible; Googlebot/2.1; +http://www.google.com/bot.html)"
66.249.78.249 - - [01/Apr/2015:03:49:17 +0200] "GET /robots.txt HTTP/1.1" 404 1256 "-" "Mozilla/5.0 (compatible; Googlebot/2.1; +http://www.google.com/bot.html)"
66.249.78.43 - - [01/Apr/2015:03:43:16 +0200] "GET /news.php?cs_go=archiv&cs_id=4615 HTTP/1.1" 200 11477 "-" "Mozilla/5.0 (compatible; Googlebot/2.1; +http://www.google.com/bot.html)"
66.249.78.43 - - [01/Apr/2015:03:46:17 +0200] "GET /news.php?cs_go=archiv&cs_id=4546 HTTP/1.1" 200 11477 "-" "Mozilla/5.0 (compatible; Googlebot/2.1; +http://www.google.com/bot.html)"
66.249.78.2 - - [01/Apr/2015:03:49:17 +0200] "GET / HTTP/1.1" 200 15920 "-" "Mozilla/5.0 (iPhone; CPU iPhone OS 6_0 like Mac OS X) AppleWebKit/536.26 (KHTML, like Gecko) Version/6.0 Mobile/10A5376e Safari/8536.25 (compatible; Googlebot/2.1; +http://www.google.com/bot.html)"
66.249.78.50 - - [01/Apr/2015:03:52:17 +0200] "GET /news.php?cs_go=archiv&cs_id=5157 HTTP/1.1" 200 11477 "-" "Mozilla/5.0 (compatible; Googlebot/2.1; +http://www.google.com/bot.html)"
66.249.78.50 - - [01/Apr/2015:03:55:17 +0200] "GET /news.php?cs_go=archiv&cs_id=4546 HTTP/1.1" 200 11477 "-" "Mozilla/5.0 (compatible; Googlebot/2.1; +http://www.google.com/bot.html)"
66.249.64.16 - - [01/Apr/2015:04:04:17 +0200] "GET /robots.txt HTTP/1.1" 404 1256 "-" "Mozilla/5.0 (compatible; Googlebot/2.1; +http://www.google.com/bot.html)"
66.249.78.249 - - [01/Apr/2015:03:58:17 +0200] "GET / HTTP/1.1" 200 15920 "-" "Mozilla/5.0 (iPhone; CPU iPhone OS 6_0 like Mac OS X) AppleWebKit/536.26 (KHTML, like Gecko) Version/6.0 Mobile/10A5376e Safari/8536.25 (compatible; Googlebot/2.1; +http://www.google.com/bot.html)"
66.249.78.36 - - [01/Apr/2015:04:01:17 +0200] "GET /news.php?cs_go=archiv&cs_id=4822&cs_search= HTTP/1.1" 200 11477 "-" "Mozilla/5.0 (compatible; Googlebot/2.1; +http://www.google.com/bot.html)"
66.249.78.224 - - [01/Apr/2015:04:04:17 +0200] "GET / HTTP/1.1" 200 15920 "-" "Mozilla/5.0 (iPhone; CPU iPhone OS 6_0 like Mac OS X) AppleWebKit/536.26 (KHTML, like Gecko) Version/6.0 Mobile/10A5376e Safari/8536.25 (compatible; Googlebot/2.1; +http://www.google.com/bot.html)"
66.249.64.173 - - [01/Apr/2015:04:07:17 +0200] "GET / HTTP/1.1" 200 15920 "-" "Mozilla/5.0 (iPhone; CPU iPhone OS 6_0 like Mac OS X) AppleWebKit/536.26 (KHTML, like Gecko) Version/6.0 Mobile/10A5376e Safari/8536.25 (compatible; Googlebot/2.1; +http://www.google.com/bot.html)"
66.249.64.175 - - [01/Apr/2015:04:10:21 +0200] "GET /news.php?cs_go=archiv&cs_id=4822&cs_search= HTTP/1.1" 200 11477 "-" "Mozilla/5.0 (compatible; Googlebot/2.1; +http://www.google.com/bot.html)"
66.249.78.217 - - [01/Apr/2015:04:13:29 +0200] "GET / HTTP/1.1" 200 15920 "-" "Mozilla/5.0 (iPhone; CPU iPhone OS 6_0 like Mac OS X) AppleWebKit/536.26 (KHTML, like Gecko) Version/6.0 Mobile/10A5376e Safari/8536.25 (compatible; Googlebot/2.1; +http://www.google.com/bot.html)"
66.249.78.43 - - [01/Apr/2015:04:16:54 +0200] "GET /news.php?cs_go=archiv&cs_id=4822&cs_search= HTTP/1.1" 200 11477 "-" "Mozilla/5.0 (compatible; Googlebot/2.1; +http://www.google.com/bot.html)"
66.249.78.217 - - [01/Apr/2015:04:19:55 +0200] "GET / HTTP/1.1" 200 15920 "-" "Mozilla/5.0 (iPhone; CPU iPhone OS 6_0 like Mac OS X) AppleWebKit/536.26 (KHTML, like Gecko) Version/6.0 Mobile/10A5376e Safari/8536.25 (compatible; Googlebot/2.1; +http://www.google.com/bot.html)"
66.249.64.179 - - [01/Apr/2015:04:22:55 +0200] "GET /news.php?cs_go=archiv&cs_id=5092&cs_search= HTTP/1.1" 200 11477 "-" "Mozilla/5.0 (compatible; Googlebot/2.1; +http://www.google.com/bot.html)"
66.249.78.50 - - [01/Apr/2015:04:25:55 +0200] "GET /news.php?cs_go=archiv&cs_id=4370 HTTP/1.1" 200 11477 "-" "Mozilla/5.0 (compatible; Googlebot/2.1; +http://www.google.com/bot.html)"
66.249.78.43 - - [01/Apr/2015:04:28:55 +0200] "GET /news.php?cs_go=archiv&cs_id=5173 HTTP/1.1" 200 11477 "-" "Mozilla/5.0 (compatible; Googlebot/2.1; +http://www.google.com/bot.html)"
207.46.13.118 - - [01/Apr/2015:04:33:04 +0200] "GET /essoschmierstoffe.php HTTP/1.1" 200 9316 "-" "Mozilla/5.0 (compatible; bingbot/2.0; +http://www.bing.com/bingbot.htm)"
66.249.78.36 - - [01/Apr/2015:04:31:55 +0200] "GET /news.php?cs_go=archiv&cs_id=5092&cs_search= HTTP/1.1" 200 11477 "-" "Mozilla/5.0 (compatible; Googlebot/2.1; +http://www.google.com/bot.html)"
66.249.78.36 - - [01/Apr/2015:04:34:54 +0200] "GET /news.php?cs_go=archiv&cs_id=4370 HTTP/1.1" 200 11477 "-" "Mozilla/5.0 (compatible; Googlebot/2.1; +http://www.google.com/bot.html)"
66.249.64.175 - - [01/Apr/2015:04:37:55 +0200] "GET /news.php?cs_go=archiv&cs_id=5173 HTTP/1.1" 200 11477 "-" "Mozilla/5.0 (compatible; Googlebot/2.1; +http://www.google.com/bot.html)"
66.249.78.50 - - [01/Apr/2015:04:40:54 +0200] "GET /news.php?cs_go=archiv&cs_id=5092&cs_search= HTTP/1.1" 200 11477 "-" "Mozilla/5.0 (compatible; Googlebot/2.1; +http://www.google.com/bot.html)"
66.249.78.112 - - [01/Apr/2015:04:49:55 +0200] "GET /robots.txt HTTP/1.1" 404 1256 "-" "Mozilla/5.0 (compatible; Googlebot/2.1; +http://www.google.com/bot.html)"
66.249.78.50 - - [01/Apr/2015:04:43:55 +0200] "GET /news.php?cs_go=archiv&cs_id=4370 HTTP/1.1" 200 11477 "-" "Mozilla/5.0 (compatible; Googlebot/2.1; +http://www.google.com/bot.html)"
66.249.78.50 - - [01/Apr/2015:04:46:55 +0200] "GET /news.php?cs_go=archiv&cs_id=5173 HTTP/1.1" 200 11477 "-" "Mozilla/5.0 (compatible; Googlebot/2.1; +http://www.google.com/bot.html)"
66.249.78.112 - - [01/Apr/2015:04:49:55 +0200] "GET /edl.php HTTP/1.1" 200 11816 "-" "Mozilla/5.0 (iPhone; CPU iPhone OS 6_0 like Mac OS X) AppleWebKit/536.26 (KHTML, like Gecko) Version/6.0 Mobile/10A5376e Safari/8536.25 (compatible; Googlebot/2.1; +http://www.google.com/bot.html)"
66.249.78.217 - - [01/Apr/2015:04:52:55 +0200] "GET /news.php?cs_go=archiv&cs_id=5294 HTTP/1.1" 200 11477 "-" "Mozilla/5.0 (compatible; Googlebot/2.1; +http://www.google.com/bot.html)"
123.125.71.12 - - [01/Apr/2015:04:57:06 +0200] "GET / HTTP/1.1" 200 9656 "-" "Mozilla/5.0 (Windows NT 5.1; rv:6.0.2) Gecko/20100101 Firefox/6.0.2"
66.249.78.112 - - [01/Apr/2015:04:55:57 +0200] "GET /edl.php HTTP/1.1" 200 11816 "-" "Mozilla/5.0 (iPhone; CPU iPhone OS 6_0 like Mac OS X) AppleWebKit/536.26 (KHTML, like Gecko) Version/6.0 Mobile/10A5376e Safari/8536.25 (compatible; Googlebot/2.1; +http://www.google.com/bot.html)"
66.249.78.43 - - [01/Apr/2015:04:58:57 +0200] "GET /news.php?cs_go=archiv&cs_id=4580 HTTP/1.1" 200 11477 "-" "Mozilla/5.0 (compatible; Googlebot/2.1; +http://www.google.com/bot.html)"
220.181.108.141 - - [01/Apr/2015:05:03:46 +0200] "GET / HTTP/1.1" 200 9656 "-" "Mozilla/5.0 (Windows NT 5.1; rv:6.0.2) Gecko/20100101 Firefox/6.0.2"
66.249.78.184 - - [01/Apr/2015:05:01:58 +0200] "GET /marktdaten.php HTTP/1.1" 200 12103 "-" "Mozilla/5.0 (iPhone; CPU iPhone OS 6_0 like Mac OS X) AppleWebKit/536.26 (KHTML, like Gecko) Version/6.0 Mobile/10A5376e Safari/8536.25 (compatible; Googlebot/2.1; +http://www.google.com/bot.html)"
66.249.78.217 - - [01/Apr/2015:05:04:58 +0200] "GET /news.php?cs_go=archiv&cs_id=5294 HTTP/1.1" 200 11477 "-" "Mozilla/5.0 (compatible; Googlebot/2.1; +http://www.google.com/bot.html)"
66.249.78.112 - - [01/Apr/2015:05:07:58 +0200] "GET /edl.php HTTP/1.1" 200 11816 "-" "Mozilla/5.0 (iPhone; CPU iPhone OS 6_0 like Mac OS X) AppleWebKit/536.26 (KHTML, like Gecko) Version/6.0 Mobile/10A5376e Safari/8536.25 (compatible; Googlebot/2.1; +http://www.google.com/bot.html)"
66.249.64.179 - - [01/Apr/2015:05:10:58 +0200] "GET /news.php?cs_go=archiv&cs_id=4580 HTTP/1.1" 200 11477 "-" "Mozilla/5.0 (compatible; Googlebot/2.1; +http://www.google.com/bot.html)"
66.249.78.177 - - [01/Apr/2015:05:13:58 +0200] "GET /marktdaten.php HTTP/1.1" 200 12103 "-" "Mozilla/5.0 (iPhone; CPU iPhone OS 6_0 like Mac OS X) AppleWebKit/536.26 (KHTML, like Gecko) Version/6.0 Mobile/10A5376e Safari/8536.25 (compatible; Googlebot/2.1; +http://www.google.com/bot.html)"
66.249.78.210 - - [01/Apr/2015:05:16:57 +0200] "GET /news.php?cs_go=archiv&cs_id=5294 HTTP/1.1" 200 11477 "-" "Mozilla/5.0 (compatible; Googlebot/2.1; +http://www.google.com/bot.html)"
66.249.78.36 - - [01/Apr/2015:05:19:58 +0200] "GET /news.php?cs_go=archiv&cs_id=4580 HTTP/1.1" 200 11477 "-" "Mozilla/5.0 (compatible; Googlebot/2.1; +http://www.google.com/bot.html)"
66.249.64.193 - - [01/Apr/2015:05:22:58 +0200] "GET /marktdaten.php HTTP/1.1" 200 12103 "-" "Mozilla/5.0 (iPhone; CPU iPhone OS 6_0 like Mac OS X) AppleWebKit/536.26 (KHTML, like Gecko) Version/6.0 Mobile/10A5376e Safari/8536.25 (compatible; Googlebot/2.1; +http://www.google.com/bot.html)"
66.249.78.36 - - [01/Apr/2015:05:25:58 +0200] "GET /news.php?cs_go=archiv&cs_id=5117 HTTP/1.1" 200 11477 "-" "Mozilla/5.0 (compatible; Googlebot/2.1; +http://www.google.com/bot.html)"
66.249.78.36 - - [01/Apr/2015:05:32:40 +0200] "GET /news.php?cs_go=archiv&cs_id=5117 HTTP/1.1" 200 11477 "-" "Mozilla/5.0 (compatible; Googlebot/2.1; +http://www.google.com/bot.html)"
66.249.78.36 - - [01/Apr/2015:05:35:40 +0200] "GET /news.php?cs_go=archiv&cs_id=4484 HTTP/1.1" 200 11477 "-" "Mozilla/5.0 (compatible; Googlebot/2.1; +http://www.google.com/bot.html)"
66.249.78.36 - - [01/Apr/2015:05:39:03 +0200] "GET /news.php?cs_go=archiv&cs_id=5117 HTTP/1.1" 200 11477 "-" "Mozilla/5.0 (compatible; Googlebot/2.1; +http://www.google.com/bot.html)"
66.249.78.50 - - [01/Apr/2015:05:42:03 +0200] "GET /news.php?cs_go=archiv&cs_id=4484 HTTP/1.1" 200 11477 "-" "Mozilla/5.0 (compatible; Googlebot/2.1; +http://www.google.com/bot.html)"
66.249.78.43 - - [01/Apr/2015:05:45:04 +0200] "GET /news.php?cs_go=archiv&cs_id=4674&cs_search= HTTP/1.1" 200 11477 "-" "Mozilla/5.0 (compatible; Googlebot/2.1; +http://www.google.com/bot.html)"
66.249.78.43 - - [01/Apr/2015:05:48:34 +0200] "GET /news.php?cs_go=archiv&cs_id=4484 HTTP/1.1" 200 11477 "-" "Mozilla/5.0 (compatible; Googlebot/2.1; +http://www.google.com/bot.html)"
66.249.64.175 - - [01/Apr/2015:05:51:34 +0200] "GET /news.php?cs_go=archiv&cs_id=4674&cs_search= HTTP/1.1" 200 11477 "-" "Mozilla/5.0 (compatible; Googlebot/2.1; +http://www.google.com/bot.html)"
66.249.78.43 - - [01/Apr/2015:05:54:34 +0200] "GET /news.php?cs_go=archiv&cs_id=4924 HTTP/1.1" 200 11477 "-" "Mozilla/5.0 (compatible; Googlebot/2.1; +http://www.google.com/bot.html)"
66.249.78.43 - - [01/Apr/2015:05:58:10 +0200] "GET /news.php?cs_go=archiv&cs_id=4674&cs_search= HTTP/1.1" 200 11477 "-" "Mozilla/5.0 (compatible; Googlebot/2.1; +http://www.google.com/bot.html)"
66.249.78.43 - - [01/Apr/2015:06:01:10 +0200] "GET /news.php?cs_go=archiv&cs_id=4924 HTTP/1.1" 200 11477 "-" "Mozilla/5.0 (compatible; Googlebot/2.1; +http://www.google.com/bot.html)"
66.249.78.50 - - [01/Apr/2015:06:04:10 +0200] "GET /news.php?cs_go=archiv&cs_id=3274 HTTP/1.1" 200 11477 "-" "Mozilla/5.0 (compatible; Googlebot/2.1; +http://www.google.com/bot.html)"
66.249.64.171 - - [01/Apr/2015:06:07:34 +0200] "GET /news.php?cs_go=archiv&cs_id=4924 HTTP/1.1" 200 11477 "-" "Mozilla/5.0 (compatible; Googlebot/2.1; +http://www.google.com/bot.html)"
207.46.13.118 - - [01/Apr/2015:06:13:38 +0200] "GET /faq.php HTTP/1.1" 200 9054 "-" "Mozilla/5.0 (compatible; bingbot/2.0; +http://www.bing.com/bingbot.htm)"
66.249.78.50 - - [01/Apr/2015:06:10:35 +0200] "GET /news.php?cs_go=archiv&cs_id=3274 HTTP/1.1" 200 11477 "-" "Mozilla/5.0 (compatible; Googlebot/2.1; +http://www.google.com/bot.html)"
66.249.64.171 - - [01/Apr/2015:06:13:35 +0200] "GET /news.php?cs_go=archiv&cs_id=5324&cs_search= HTTP/1.1" 200 11477 "-" "Mozilla/5.0 (compatible; Googlebot/2.1; +http://www.google.com/bot.html)"
66.249.78.50 - - [01/Apr/2015:06:17:06 +0200] "GET /news.php?cs_go=archiv&cs_id=3274 HTTP/1.1" 200 11477 "-" "Mozilla/5.0 (compatible; Googlebot/2.1; +http://www.google.com/bot.html)"
66.249.78.43 - - [01/Apr/2015:06:20:06 +0200] "GET /news.php?cs_go=archiv&cs_id=5324&cs_search= HTTP/1.1" 200 11477 "-" "Mozilla/5.0 (compatible; Googlebot/2.1; +http://www.google.com/bot.html)"
66.249.78.147 - - [01/Apr/2015:06:32:01 +0200] "GET /robots.txt HTTP/1.1" 404 1256 "-" "Mozilla/5.0 (compatible; Googlebot/2.1; +http://www.google.com/bot.html)"
66.249.78.36 - - [01/Apr/2015:06:26:22 +0200] "GET /news.php?cs_go=archiv&cs_id=5324&cs_search= HTTP/1.1" 200 11477 "-" "Mozilla/5.0 (compatible; Googlebot/2.1; +http://www.google.com/bot.html)"
66.249.78.161 - - [01/Apr/2015:06:32:01 +0200] "GET /news.php?cs_go=archiv&cs_id=1938&cs_search= HTTP/1.1" 200 11477 "-" "Mozilla/5.0 (compatible; Googlebot/2.1; +http://www.google.com/bot.html)"
66.249.78.50 - - [01/Apr/2015:06:35:01 +0200] "GET /news.php?cs_go=archiv&cs_id=4648 HTTP/1.1" 200 11477 "-" "Mozilla/5.0 (compatible; Googlebot/2.1; +http://www.google.com/bot.html)"
207.46.13.118 - - [01/Apr/2015:06:39:02 +0200] "GET /foerdermittel.php HTTP/1.1" 200 9402 "-" "Mozilla/5.0 (compatible; bingbot/2.0; +http://www.bing.com/bingbot.htm)"
66.249.78.154 - - [01/Apr/2015:06:38:45 +0200] "GET /news.php?cs_go=archiv&cs_id=1938&cs_search= HTTP/1.1" 200 11477 "-" "Mozilla/5.0 (compatible; Googlebot/2.1; +http://www.google.com/bot.html)"
66.249.78.36 - - [01/Apr/2015:06:41:45 +0200] "GET /news.php?cs_go=archiv&cs_id=4648 HTTP/1.1" 200 11477 "-" "Mozilla/5.0 (compatible; Googlebot/2.1; +http://www.google.com/bot.html)"
207.46.13.118 - - [01/Apr/2015:06:46:06 +0200] "GET /newsletter.php HTTP/1.1" 200 9058 "-" "Mozilla/5.0 (compatible; bingbot/2.0; +http://www.bing.com/bingbot.htm)"
66.249.78.147 - - [01/Apr/2015:06:45:28 +0200] "GET /news.php?cs_go=archiv&cs_id=1938&cs_search= HTTP/1.1" 200 11477 "-" "Mozilla/5.0 (compatible; Googlebot/2.1; +http://www.google.com/bot.html)"
207.46.13.118 - - [01/Apr/2015:06:49:24 +0200] "GET /notdienst.php HTTP/1.1" 200 12228 "-" "Mozilla/5.0 (compatible; bingbot/2.0; +http://www.bing.com/bingbot.htm)"
66.249.78.36 - - [01/Apr/2015:06:48:29 +0200] "GET /news.php?cs_go=archiv&cs_id=4648 HTTP/1.1" 200 11477 "-" "Mozilla/5.0 (compatible; Googlebot/2.1; +http://www.google.com/bot.html)"
66.249.78.161 - - [01/Apr/2015:06:52:10 +0200] "GET /news.php?cs_go=archiv&cs_id=2108&cs_search= HTTP/1.1" 200 11477 "-" "Mozilla/5.0 (compatible; Googlebot/2.1; +http://www.google.com/bot.html)"
207.46.13.118 - - [01/Apr/2015:06:55:42 +0200] "GET /schmierstoffe.php HTTP/1.1" 200 9268 "-" "Mozilla/5.0 (compatible; bingbot/2.0; +http://www.bing.com/bingbot.htm)"
207.46.13.118 - - [01/Apr/2015:06:58:52 +0200] "GET /waermekonto.php HTTP/1.1" 200 9407 "-" "Mozilla/5.0 (compatible; bingbot/2.0; +http://www.bing.com/bingbot.htm)"
66.249.78.147 - - [01/Apr/2015:06:58:10 +0200] "GET /news.php?cs_go=archiv&cs_id=2108&cs_search= HTTP/1.1" 200 11477 "-" "Mozilla/5.0 (compatible; Googlebot/2.1; +http://www.google.com/bot.html)"
207.46.13.118 - - [01/Apr/2015:07:05:22 +0200] "GET /ansprechpartner.php HTTP/1.1" 200 13702 "-" "Mozilla/5.0 (compatible; bingbot/2.0; +http://www.bing.com/bingbot.htm)"
66.249.64.132 - - [01/Apr/2015:07:04:15 +0200] "GET /news.php?cs_go=archiv&cs_id=2108&cs_search= HTTP/1.1" 200 11477 "-" "Mozilla/5.0 (compatible; Googlebot/2.1; +http://www.google.com/bot.html)"
66.249.78.142 - - [01/Apr/2015:07:12:11 +0200] "GET /robots.txt HTTP/1.1" 404 1256 "-" "Mozilla/5.0 (compatible; Googlebot/2.1; +http://www.google.com/bot.html)"
188.165.15.165 - - [01/Apr/2015:07:06:40 +0200] "GET /news.php HTTP/1.1" 200 11477 "-" "Mozilla/5.0 (compatible; AhrefsBot/5.0; +http://ahrefs.com/robot/)"
66.249.64.156 - - [01/Apr/2015:07:12:11 +0200] "GET / HTTP/1.1" 200 15920 "-" "Mozilla/5.0 (compatible; Googlebot/2.1; +http://www.google.com/bot.html)"
66.249.78.135 - - [01/Apr/2015:07:18:19 +0200] "GET / HTTP/1.1" 200 15920 "-" "Mozilla/5.0 (compatible; Googlebot/2.1; +http://www.google.com/bot.html)"
66.249.78.50 - - [01/Apr/2015:07:25:59 +0200] "GET /modul.css HTTP/1.1" 200 36485 "http://www.esso-berlin.de/news.php?cs_go=archiv&cs_id=5056" "Mozilla/5.0 (compatible; Googlebot/2.1; +http://www.google.com/bot.html)"
66.249.78.135 - - [01/Apr/2015:07:22:59 +0200] "GET /news.php?cs_go=archiv&cs_id=717&cs_search= HTTP/1.1" 200 11477 "-" "Mozilla/5.0 (compatible; Googlebot/2.1; +http://www.google.com/bot.html)"
66.249.78.149 - - [01/Apr/2015:07:25:59 +0200] "GET / HTTP/1.1" 200 15920 "-" "Mozilla/5.0 (compatible; Googlebot/2.1; +http://www.google.com/bot.html)"
66.249.78.43 - - [01/Apr/2015:07:35:26 +0200] "GET /style.css HTTP/1.1" 200 8056 "http://www.esso-berlin.de/news.php?cs_go=archiv&cs_id=3394" "Mozilla/5.0 (compatible; Googlebot/2.1; +http://www.google.com/bot.html)"
66.249.78.142 - - [01/Apr/2015:07:29:26 +0200] "GET /news.php?cs_go=archiv&cs_id=717&cs_search= HTTP/1.1" 200 11477 "-" "Mozilla/5.0 (compatible; Googlebot/2.1; +http://www.google.com/bot.html)"
66.249.78.36 - - [01/Apr/2015:07:38:31 +0200] "GET /js/slider.js HTTP/1.1" 200 773 "http://www.esso-berlin.de/news.php?cs_go=archiv&cs_id=3394" "Mozilla/5.0 (compatible; Googlebot/2.1; +http://www.google.com/bot.html)"
66.249.64.193 - - [01/Apr/2015:07:32:26 +0200] "GET /news.php?cs_go=archiv&cs_id=1964&cs_search= HTTP/1.1" 200 11477 "-" "Mozilla/5.0 (compatible; Googlebot/2.1; +http://www.google.com/bot.html)"
188.165.15.201 - - [01/Apr/2015:07:35:00 +0200] "GET /tankanlagen.php HTTP/1.1" 200 11688 "-" "Mozilla/5.0 (compatible; AhrefsBot/5.0; +http://ahrefs.com/robot/)"
66.249.78.149 - - [01/Apr/2015:07:35:31 +0200] "GET /news.php?cs_go=archiv&cs_id=717&cs_search= HTTP/1.1" 200 11477 "-" "Mozilla/5.0 (compatible; Googlebot/2.1; +http://www.google.com/bot.html)"
188.165.15.165 - - [01/Apr/2015:07:38:23 +0200] "GET /baustellenbetankung.php HTTP/1.1" 200 12527 "-" "Mozilla/5.0 (compatible; AhrefsBot/5.0; +http://ahrefs.com/robot/)"
66.249.78.170 - - [01/Apr/2015:07:38:59 +0200] "GET /news.php?cs_go=archiv&cs_id=1964&cs_search= HTTP/1.1" 200 11477 "-" "Mozilla/5.0 (compatible; Googlebot/2.1; +http://www.google.com/bot.html)"
66.249.78.177 - - [01/Apr/2015:07:42:12 +0200] "GET /news.php?cs_go=archiv&cs_id=2265&cs_search= HTTP/1.1" 200 11477 "-" "Mozilla/5.0 (compatible; Googlebot/2.1; +http://www.google.com/bot.html)"
66.249.78.184 - - [01/Apr/2015:07:45:42 +0200] "GET /news.php?cs_go=archiv&cs_id=1964&cs_search= HTTP/1.1" 200 11477 "-" "Mozilla/5.0 (compatible; Googlebot/2.1; +http://www.google.com/bot.html)"
188.165.15.165 - - [01/Apr/2015:07:46:40 +0200] "GET /impressum.php HTTP/1.1" 200 12936 "-" "Mozilla/5.0 (compatible; AhrefsBot/5.0; +http://ahrefs.com/robot/)"
66.249.78.177 - - [01/Apr/2015:07:48:54 +0200] "GET /news.php?cs_go=archiv&cs_id=2265&cs_search= HTTP/1.1" 200 11477 "-" "Mozilla/5.0 (compatible; Googlebot/2.1; +http://www.google.com/bot.html)"
66.249.78.161 - - [01/Apr/2015:07:52:50 +0200] "GET /news.php?cs_go=archiv&cs_id=1717&cs_search= HTTP/1.1" 200 11477 "-" "Mozilla/5.0 (compatible; Googlebot/2.1; +http://www.google.com/bot.html)"
66.249.78.184 - - [01/Apr/2015:07:55:50 +0200] "GET /news.php?cs_go=archiv&cs_id=2265&cs_search= HTTP/1.1" 200 11477 "-" "Mozilla/5.0 (compatible; Googlebot/2.1; +http://www.google.com/bot.html)"
66.249.78.147 - - [01/Apr/2015:07:59:28 +0200] "GET /news.php?cs_go=archiv&cs_id=1717&cs_search= HTTP/1.1" 200 11477 "-" "Mozilla/5.0 (compatible; Googlebot/2.1; +http://www.google.com/bot.html)"
66.249.64.179 - - [01/Apr/2015:08:02:29 +0200] "GET /lexikon.php?cs_go=3&cs_id=209 HTTP/1.1" 200 11466 "-" "Mozilla/5.0 (compatible; Googlebot/2.1; +http://www.google.com/bot.html)"
66.249.78.161 - - [01/Apr/2015:08:05:50 +0200] "GET /news.php?cs_go=archiv&cs_id=1717&cs_search= HTTP/1.1" 200 11477 "-" "Mozilla/5.0 (compatible; Googlebot/2.1; +http://www.google.com/bot.html)"
66.249.78.50 - - [01/Apr/2015:08:08:50 +0200] "GET /lexikon.php?cs_go=3&cs_id=209 HTTP/1.1" 200 11466 "-" "Mozilla/5.0 (compatible; Googlebot/2.1; +http://www.google.com/bot.html)"
66.249.78.36 - - [01/Apr/2015:08:15:10 +0200] "GET /lexikon.php?cs_go=3&cs_id=209 HTTP/1.1" 200 11466 "-" "Mozilla/5.0 (compatible; Googlebot/2.1; +http://www.google.com/bot.html)"
188.165.15.201 - - [01/Apr/2015:08:33:33 +0200] "GET /news.php?cs_go=archiv HTTP/1.1" 200 11477 "-" "Mozilla/5.0 (compatible; AhrefsBot/5.0; +http://ahrefs.com/robot/)"
66.249.78.184 - - [01/Apr/2015:08:40:16 +0200] "GET /style.css HTTP/1.1" 200 8056 "-" "Mozilla/5.0 (compatible; Googlebot/2.1; +http://www.google.com/bot.html)"
66.249.64.189 - - [01/Apr/2015:08:40:17 +0200] "GET /js/jquery.min.js HTTP/1.1" 200 57254 "-" "Mozilla/5.0 (compatible; Googlebot/2.1; +http://www.google.com/bot.html)"
66.249.78.170 - - [01/Apr/2015:08:40:18 +0200] "GET /js/slider.js HTTP/1.1" 200 773 "-" "Mozilla/5.0 (compatible; Googlebot/2.1; +http://www.google.com/bot.html)"
66.249.64.185 - - [01/Apr/2015:08:40:19 +0200] "GET /js/ddaccordion.js HTTP/1.1" 200 12534 "http://www.essodiesel.de/marktdaten.php" "Mozilla/5.0 (compatible; Googlebot/2.1; +http://www.google.com/bot.html)"
66.249.78.170 - - [01/Apr/2015:08:40:19 +0200] "GET /modul.css HTTP/1.1" 200 36485 "http://www.essodiesel.de/marktdaten.php" "Mozilla/5.0 (compatible; Googlebot/2.1; +http://www.google.com/bot.html)"
66.249.78.9 - - [01/Apr/2015:08:35:02 +0200] "GET /news.php?cs_go=archiv&cs_id=1720&cs_search= HTTP/1.1" 200 11477 "-" "Mozilla/5.0 (compatible; Googlebot/2.1; +http://www.google.com/bot.html)"
66.249.78.9 - - [01/Apr/2015:08:41:13 +0200] "GET /news.php?cs_go=archiv&cs_id=1720&cs_search= HTTP/1.1" 200 11477 "-" "Mozilla/5.0 (compatible; Googlebot/2.1; +http://www.google.com/bot.html)"
66.249.78.2 - - [01/Apr/2015:08:47:17 +0200] "GET /news.php?cs_go=archiv&cs_id=1720&cs_search= HTTP/1.1" 200 11477 "-" "Mozilla/5.0 (compatible; Googlebot/2.1; +http://www.google.com/bot.html)"
123.125.71.56 - - [01/Apr/2015:09:13:15 +0200] "GET / HTTP/1.1" 200 9656 "-" "Mozilla/5.0 (Windows NT 5.1; rv:6.0.2) Gecko/20100101 Firefox/6.0.2"
188.165.15.105 - - [01/Apr/2015:09:20:24 +0200] "GET /robots.txt HTTP/1.1" 404 1256 "-" "Mozilla/5.0 (compatible; AhrefsBot/5.0; +http://ahrefs.com/robot/)"
220.181.108.105 - - [01/Apr/2015:09:20:16 +0200] "GET / HTTP/1.1" 200 9656 "-" "Mozilla/5.0 (Windows NT 5.1; rv:6.0.2) Gecko/20100101 Firefox/6.0.2"
66.249.78.149 - - [01/Apr/2015:09:27:19 +0200] "GET /news.php?cs_go=archiv&cs_startpos=2060 HTTP/1.1" 200 11477 "-" "Mozilla/5.0 (compatible; Googlebot/2.1; +http://www.google.com/bot.html)"
66.249.78.142 - - [01/Apr/2015:09:33:23 +0200] "GET /news.php?cs_go=archiv&cs_startpos=2060 HTTP/1.1" 200 11477 "-" "Mozilla/5.0 (compatible; Googlebot/2.1; +http://www.google.com/bot.html)"
66.249.78.149 - - [01/Apr/2015:09:40:07 +0200] "GET /news.php?cs_go=archiv&cs_startpos=2060 HTTP/1.1" 200 11477 "-" "Mozilla/5.0 (compatible; Googlebot/2.1; +http://www.google.com/bot.html)"
188.165.15.165 - - [01/Apr/2015:10:11:11 +0200] "GET /news.php?cs_go=archiv&cs_id=4439 HTTP/1.1" 200 11477 "-" "Mozilla/5.0 (compatible; AhrefsBot/5.0; +http://ahrefs.com/robot/)"
66.249.78.154 - - [01/Apr/2015:10:14:56 +0200] "GET /lexikon.php?cs_go=3&cs_id=142 HTTP/1.1" 200 11466 "-" "Mozilla/5.0 (iPhone; CPU iPhone OS 6_0 like Mac OS X) AppleWebKit/536.26 (KHTML, like Gecko) Version/6.0 Mobile/10A5376e Safari/8536.25 (compatible; Googlebot/2.1; +http://www.google.com/bot.html)"
66.249.78.154 - - [01/Apr/2015:10:21:22 +0200] "GET /lexikon.php?cs_go=3&cs_id=142 HTTP/1.1" 200 11466 "-" "Mozilla/5.0 (iPhone; CPU iPhone OS 6_0 like Mac OS X) AppleWebKit/536.26 (KHTML, like Gecko) Version/6.0 Mobile/10A5376e Safari/8536.25 (compatible; Googlebot/2.1; +http://www.google.com/bot.html)"
66.249.78.147 - - [01/Apr/2015:10:27:09 +0200] "GET /lexikon.php?cs_go=3&cs_id=36 HTTP/1.1" 200 11466 "-" "Mozilla/5.0 (iPhone; CPU iPhone OS 6_0 like Mac OS X) AppleWebKit/536.26 (KHTML, like Gecko) Version/6.0 Mobile/10A5376e Safari/8536.25 (compatible; Googlebot/2.1; +http://www.google.com/bot.html)"
66.249.78.154 - - [01/Apr/2015:10:30:09 +0200] "GET /lexikon.php?cs_go=3&cs_id=142 HTTP/1.1" 200 11466 "-" "Mozilla/5.0 (iPhone; CPU iPhone OS 6_0 like Mac OS X) AppleWebKit/536.26 (KHTML, like Gecko) Version/6.0 Mobile/10A5376e Safari/8536.25 (compatible; Googlebot/2.1; +http://www.google.com/bot.html)"
66.249.78.154 - - [01/Apr/2015:10:33:38 +0200] "GET /lexikon.php?cs_go=3&cs_id=36 HTTP/1.1" 200 11466 "-" "Mozilla/5.0 (iPhone; CPU iPhone OS 6_0 like Mac OS X) AppleWebKit/536.26 (KHTML, like Gecko) Version/6.0 Mobile/10A5376e Safari/8536.25 (compatible; Googlebot/2.1; +http://www.google.com/bot.html)"
66.249.78.36 - - [01/Apr/2015:10:45:16 +0200] "GET /robots.txt HTTP/1.1" 404 1256 "-" "Mozilla/5.0 (compatible; Googlebot/2.1; +http://www.google.com/bot.html)"
66.249.78.154 - - [01/Apr/2015:10:39:16 +0200] "GET /lexikon.php?cs_go=3&cs_id=41 HTTP/1.1" 200 11466 "-" "Mozilla/5.0 (iPhone; CPU iPhone OS 6_0 like Mac OS X) AppleWebKit/536.26 (KHTML, like Gecko) Version/6.0 Mobile/10A5376e Safari/8536.25 (compatible; Googlebot/2.1; +http://www.google.com/bot.html)"
66.249.78.154 - - [01/Apr/2015:10:42:16 +0200] "GET /lexikon.php?cs_go=3&cs_id=36 HTTP/1.1" 200 11466 "-" "Mozilla/5.0 (iPhone; CPU iPhone OS 6_0 like Mac OS X) AppleWebKit/536.26 (KHTML, like Gecko) Version/6.0 Mobile/10A5376e Safari/8536.25 (compatible; Googlebot/2.1; +http://www.google.com/bot.html)"
66.249.78.50 - - [01/Apr/2015:10:45:16 +0200] "GET /news.php?cs_go=archiv&cs_id=5303 HTTP/1.1" 200 11477 "-" "Mozilla/5.0 (compatible; Googlebot/2.1; +http://www.google.com/bot.html)"
66.249.78.147 - - [01/Apr/2015:10:48:16 +0200] "GET /lexikon.php?cs_go=3&cs_id=41 HTTP/1.1" 200 11466 "-" "Mozilla/5.0 (iPhone; CPU iPhone OS 6_0 like Mac OS X) AppleWebKit/536.26 (KHTML, like Gecko) Version/6.0 Mobile/10A5376e Safari/8536.25 (compatible; Googlebot/2.1; +http://www.google.com/bot.html)"
66.249.78.43 - - [01/Apr/2015:10:57:26 +0200] "GET /js/ddaccordion.js HTTP/1.1" 200 12534 "-" "Mozilla/5.0 (compatible; Googlebot/2.1; +http://www.google.com/bot.html)"
66.249.78.36 - - [01/Apr/2015:10:57:26 +0200] "GET /js/slider.js HTTP/1.1" 200 773 "-" "Mozilla/5.0 (compatible; Googlebot/2.1; +http://www.google.com/bot.html)"
66.249.78.161 - - [01/Apr/2015:10:51:26 +0200] "GET /essocard.php HTTP/1.1" 200 13196 "-" "Mozilla/5.0 (iPhone; CPU iPhone OS 6_0 like Mac OS X) AppleWebKit/536.26 (KHTML, like Gecko) Version/6.0 Mobile/10A5376e Safari/8536.25 (compatible; Googlebot/2.1; +http://www.google.com/bot.html)"
66.249.78.43 - - [01/Apr/2015:10:59:23 +0200] "GET /js/jquery.min.js HTTP/1.1" 200 57254 "-" "Mozilla/5.0 (compatible; Googlebot/2.1; +http://www.google.com/bot.html)"
66.249.78.50 - - [01/Apr/2015:10:54:26 +0200] "GET /news.php?cs_go=archiv&cs_id=5303 HTTP/1.1" 200 11477 "-" "Mozilla/5.0 (compatible; Googlebot/2.1; +http://www.google.com/bot.html)"
66.249.78.154 - - [01/Apr/2015:10:57:55 +0200] "GET /lexikon.php?cs_go=3&cs_id=41 HTTP/1.1" 200 11466 "-" "Mozilla/5.0 (iPhone; CPU iPhone OS 6_0 like Mac OS X) AppleWebKit/536.26 (KHTML, like Gecko) Version/6.0 Mobile/10A5376e Safari/8536.25 (compatible; Googlebot/2.1; +http://www.google.com/bot.html)"
66.249.78.161 - - [01/Apr/2015:10:59:23 +0200] "GET /essocard.php HTTP/1.1" 200 13196 "-" "Mozilla/5.0 (iPhone; CPU iPhone OS 6_0 like Mac OS X) AppleWebKit/536.26 (KHTML, like Gecko) Version/6.0 Mobile/10A5376e Safari/8536.25 (compatible; Googlebot/2.1; +http://www.google.com/bot.html)"
66.249.78.43 - - [01/Apr/2015:11:00:52 +0200] "GET /news.php?cs_go=archiv&cs_id=5303 HTTP/1.1" 200 11477 "-" "Mozilla/5.0 (compatible; Googlebot/2.1; +http://www.google.com/bot.html)"
66.249.78.50 - - [01/Apr/2015:11:12:35 +0200] "GET /news.php?cs_go=archiv&cs_id=5124&cs_search= HTTP/1.1" 200 11477 "-" "Mozilla/5.0 (compatible; Googlebot/2.1; +http://www.google.com/bot.html)"
66.249.64.124 - - [01/Apr/2015:11:16:21 +0200] "GET /lexikon.php?cs_go=3&cs_id=65 HTTP/1.1" 200 11466 "-" "Mozilla/5.0 (iPhone; CPU iPhone OS 6_0 like Mac OS X) AppleWebKit/536.26 (KHTML, like Gecko) Version/6.0 Mobile/10A5376e Safari/8536.25 (compatible; Googlebot/2.1; +http://www.google.com/bot.html)"
66.249.78.50 - - [01/Apr/2015:11:19:21 +0200] "GET /news.php?cs_go=archiv&cs_id=5124&cs_search= HTTP/1.1" 200 11477 "-" "Mozilla/5.0 (compatible; Googlebot/2.1; +http://www.google.com/bot.html)"
66.249.78.154 - - [01/Apr/2015:11:22:58 +0200] "GET /lexikon.php?cs_go=3&cs_id=65 HTTP/1.1" 200 11466 "-" "Mozilla/5.0 (iPhone; CPU iPhone OS 6_0 like Mac OS X) AppleWebKit/536.26 (KHTML, like Gecko) Version/6.0 Mobile/10A5376e Safari/8536.25 (compatible; Googlebot/2.1; +http://www.google.com/bot.html)"
62.212.73.211 - - [01/Apr/2015:11:30:01 +0200] "GET /robots.txt HTTP/1.0" 404 1256 "-" "Mozilla/5.0 (compatible; MJ12bot/v1.4.5; http://www.majestic12.co.uk/bot.php?+)"
66.249.78.50 - - [01/Apr/2015:11:25:59 +0200] "GET /news.php?cs_go=archiv&cs_id=5124&cs_search= HTTP/1.1" 200 11477 "-" "Mozilla/5.0 (compatible; Googlebot/2.1; +http://www.google.com/bot.html)"
66.249.78.161 - - [01/Apr/2015:11:29:39 +0200] "GET /lexikon.php?cs_go=3&cs_id=65 HTTP/1.1" 200 11466 "-" "Mozilla/5.0 (iPhone; CPU iPhone OS 6_0 like Mac OS X) AppleWebKit/536.26 (KHTML, like Gecko) Version/6.0 Mobile/10A5376e Safari/8536.25 (compatible; Googlebot/2.1; +http://www.google.com/bot.html)"
62.212.73.211 - - [01/Apr/2015:11:30:03 +0200] "GET / HTTP/1.0" 200 16125 "-" "Mozilla/5.0 (compatible; MJ12bot/v1.4.5; http://www.majestic12.co.uk/bot.php?+)"
93.159.127.210 - - [01/Apr/2015:11:38:36 +0200] "GET / HTTP/1.1" 200 16125 "http://www.wlw.de/redirect?url=http://www.essoberlin.de&checksum=0c81f174198fc67d6df78296de2ce419fbe71ec35aae1e3e834b5ddfe1f6aad7" "Mozilla/5.0 (compatible; MSIE 10.0; Windows NT 6.1; Trident/6.0)"
66.249.78.184 - - [01/Apr/2015:11:48:11 +0200] "GET /robots.txt HTTP/1.1" 404 1256 "-" "Mozilla/5.0 (compatible; Googlebot/2.1; +http://www.google.com/bot.html)"
66.249.78.170 - - [01/Apr/2015:11:48:12 +0200] "GET / HTTP/1.1" 200 15920 "-" "Mozilla/5.0 (compatible; Googlebot/2.1; +http://www.google.com/bot.html)"
66.249.78.177 - - [01/Apr/2015:11:54:25 +0200] "GET / HTTP/1.1" 200 15920 "-" "Mozilla/5.0 (compatible; Googlebot/2.1; +http://www.google.com/bot.html)"
66.249.78.170 - - [01/Apr/2015:12:00:55 +0200] "GET / HTTP/1.1" 200 15920 "-" "Mozilla/5.0 (compatible; Googlebot/2.1; +http://www.google.com/bot.html)"
66.249.78.43 - - [01/Apr/2015:12:18:19 +0200] "GET /robots.txt HTTP/1.1" 404 1256 "-" "Mozilla/5.0 (compatible; Googlebot/2.1; +http://www.google.com/bot.html)"
66.249.78.43 - - [01/Apr/2015:12:18:19 +0200] "GET / HTTP/1.1" 200 15920 "-" "Mozilla/5.0 (iPhone; CPU iPhone OS 6_0 like Mac OS X) AppleWebKit/536.26 (KHTML, like Gecko) Version/6.0 Mobile/10A5376e Safari/8536.25 (compatible; Googlebot/2.1; +http://www.google.com/bot.html)"
66.249.78.142 - - [01/Apr/2015:12:27:24 +0200] "GET /robots.txt HTTP/1.1" 404 1256 "-" "Mozilla/5.0 (compatible; Googlebot/2.1; +http://www.google.com/bot.html)"
66.249.78.50 - - [01/Apr/2015:12:24:24 +0200] "GET / HTTP/1.1" 200 15920 "-" "Mozilla/5.0 (iPhone; CPU iPhone OS 6_0 like Mac OS X) AppleWebKit/536.26 (KHTML, like Gecko) Version/6.0 Mobile/10A5376e Safari/8536.25 (compatible; Googlebot/2.1; +http://www.google.com/bot.html)"
66.249.78.149 - - [01/Apr/2015:12:27:24 +0200] "GET /news.php?cs_go=archiv&cs_startpos=2030 HTTP/1.1" 200 11477 "-" "Mozilla/5.0 (compatible; Googlebot/2.1; +http://www.google.com/bot.html)"
66.249.78.9 - - [01/Apr/2015:12:37:00 +0200] "GET /robots.txt HTTP/1.1" 404 1256 "-" "Mozilla/5.0 (compatible; Googlebot/2.1; +http://www.google.com/bot.html)"
