66.249.78.149 - - [06/Apr/2015:13:37:01 +0200] "GET /lexikon.php?cs_go=3&cs_id=40 HTTP/1.1" 200 11466 "-" "Mozilla/5.0 (compatible; Googlebot/2.1; +http://www.google.com/bot.html)"
66.249.78.184 - - [06/Apr/2015:13:40:02 +0200] "GET /lexikon.php?cs_go=3&cs_id=234 HTTP/1.1" 200 11466 "-" "Mozilla/5.0 (compatible; Googlebot/2.1; +http://www.google.com/bot.html)"
66.249.78.170 - - [06/Apr/2015:13:46:10 +0200] "GET /lexikon.php?cs_go=3&cs_id=234 HTTP/1.1" 200 11466 "-" "Mozilla/5.0 (compatible; Googlebot/2.1; +http://www.google.com/bot.html)"
66.249.78.184 - - [06/Apr/2015:13:52:32 +0200] "GET /lexikon.php?cs_go=3&cs_id=234 HTTP/1.1" 200 11466 "-" "Mozilla/5.0 (compatible; Googlebot/2.1; +http://www.google.com/bot.html)"
79.218.218.229 - - [06/Apr/2015:14:00:59 +0200] "GET /js/jquery.min.js HTTP/1.1" 200 57254 "http://www.esso-berlin.de/" "Mozilla/5.0 (Macintosh; Intel Mac OS X 10_10_2) AppleWebKit/600.4.10 (KHTML, like Gecko) Version/8.0.4 Safari/600.4.10"
79.218.218.229 - - [06/Apr/2015:14:00:59 +0200] "GET /modul.css HTTP/1.1" 200 36485 "http://www.esso-berlin.de/" "Mozilla/5.0 (Macintosh; Intel Mac OS X 10_10_2) AppleWebKit/600.4.10 (KHTML, like Gecko) Version/8.0.4 Safari/600.4.10"
79.218.218.229 - - [06/Apr/2015:14:00:59 +0200] "GET /style.css HTTP/1.1" 200 8056 "http://www.esso-berlin.de/" "Mozilla/5.0 (Macintosh; Intel Mac OS X 10_10_2) AppleWebKit/600.4.10 (KHTML, like Gecko) Version/8.0.4 Safari/600.4.10"
79.218.218.229 - - [06/Apr/2015:14:00:59 +0200] "GET /js/ddaccordion.js HTTP/1.1" 200 12534 "http://www.esso-berlin.de/" "Mozilla/5.0 (Macintosh; Intel Mac OS X 10_10_2) AppleWebKit/600.4.10 (KHTML, like Gecko) Version/8.0.4 Safari/600.4.10"
79.218.218.229 - - [06/Apr/2015:14:00:59 +0200] "GET /js/slider.js HTTP/1.1" 200 773 "http://www.esso-berlin.de/" "Mozilla/5.0 (Macintosh; Intel Mac OS X 10_10_2) AppleWebKit/600.4.10 (KHTML, like Gecko) Version/8.0.4 Safari/600.4.10"
79.218.218.229 - - [06/Apr/2015:14:00:59 +0200] "GET /Scripts/AC_ActiveX.js HTTP/1.1" 200 2068 "http://www.esso-berlin.de/" "Mozilla/5.0 (Macintosh; Intel Mac OS X 10_10_2) AppleWebKit/600.4.10 (KHTML, like Gecko) Version/8.0.4 Safari/600.4.10"
79.218.218.229 - - [06/Apr/2015:14:00:59 +0200] "GET /Scripts/AC_RunActiveContent.js HTTP/1.1" 200 8029 "http://www.esso-berlin.de/" "Mozilla/5.0 (Macintosh; Intel Mac OS X 10_10_2) AppleWebKit/600.4.10 (KHTML, like Gecko) Version/8.0.4 Safari/600.4.10"
79.218.218.229 - - [06/Apr/2015:14:00:59 +0200] "GET /video/jwplayer.js HTTP/1.1" 200 132411 "http://www.esso-berlin.de/" "Mozilla/5.0 (Macintosh; Intel Mac OS X 10_10_2) AppleWebKit/600.4.10 (KHTML, like Gecko) Version/8.0.4 Safari/600.4.10"
79.218.218.229 - - [06/Apr/2015:14:01:00 +0200] "GET /images/header.jpg HTTP/1.1" 200 23758 "http://www.esso-berlin.de/" "Mozilla/5.0 (Macintosh; Intel Mac OS X 10_10_2) AppleWebKit/600.4.10 (KHTML, like Gecko) Version/8.0.4 Safari/600.4.10"
79.218.218.229 - - [06/Apr/2015:14:01:00 +0200] "GET /images/content_bg.jpg HTTP/1.1" 200 437 "http://www.esso-berlin.de/" "Mozilla/5.0 (Macintosh; Intel Mac OS X 10_10_2) AppleWebKit/600.4.10 (KHTML, like Gecko) Version/8.0.4 Safari/600.4.10"
79.218.218.229 - - [06/Apr/2015:14:01:00 +0200] "GET /images/logos.jpg HTTP/1.1" 200 1205 "http://www.esso-berlin.de/" "Mozilla/5.0 (Macintosh; Intel Mac OS X 10_10_2) AppleWebKit/600.4.10 (KHTML, like Gecko) Version/8.0.4 Safari/600.4.10"
66.249.78.161 - - [06/Apr/2015:13:55:32 +0200] "GET /news.php?cs_go=archiv&cs_id=1717&cs_search= HTTP/1.1" 200 11477 "-" "Mozilla/5.0 (compatible; Googlebot/2.1; +http://www.google.com/bot.html)"
66.249.78.147 - - [06/Apr/2015:14:02:04 +0200] "GET /news.php?cs_go=archiv&cs_id=1717&cs_search= HTTP/1.1" 200 11477 "-" "Mozilla/5.0 (compatible; Googlebot/2.1; +http://www.google.com/bot.html)"
79.218.218.229 - - [06/Apr/2015:14:00:59 +0200] "GET / HTTP/1.1" 200 16125 "-" "Mozilla/5.0 (Macintosh; Intel Mac OS X 10_10_2) AppleWebKit/600.4.10 (KHTML, like Gecko) Version/8.0.4 Safari/600.4.10"
66.249.64.171 - - [06/Apr/2015:14:07:52 +0200] "GET /news.php?cs_go=archiv&cs_id=4171 HTTP/1.1" 200 11477 "-" "Mozilla/5.0 (compatible; Googlebot/2.1; +http://www.google.com/bot.html)"
79.218.218.229 - - [06/Apr/2015:14:01:33 +0200] "GET /heizoel.php HTTP/1.1" 500 1275 "http://www.esso-berlin.de/" "Mozilla/5.0 (Macintosh; Intel Mac OS X 10_10_2) AppleWebKit/600.4.10 (KHTML, like Gecko) Version/8.0.4 Safari/600.4.10"
79.218.218.229 - - [06/Apr/2015:14:16:34 +0200] "GET /favicon.ico HTTP/1.1" 404 1256 "http://www.esso-berlin.de/heizoel.php" "Mozilla/5.0 (Macintosh; Intel Mac OS X 10_10_2) AppleWebKit/600.4.10 (KHTML, like Gecko) Version/8.0.4 Safari/600.4.10"
66.249.78.147 - - [06/Apr/2015:14:10:52 +0200] "GET /news.php?cs_go=archiv&cs_id=1717&cs_search= HTTP/1.1" 200 11477 "-" "Mozilla/5.0 (compatible; Googlebot/2.1; +http://www.google.com/bot.html)"
79.218.218.229 - - [06/Apr/2015:14:01:13 +0200] "GET /news.php HTTP/1.1" 200 11682 "http://www.esso-berlin.de/" "Mozilla/5.0 (Macintosh; Intel Mac OS X 10_10_2) AppleWebKit/600.4.10 (KHTML, like Gecko) Version/8.0.4 Safari/600.4.10"
66.249.78.50 - - [06/Apr/2015:14:14:24 +0200] "GET /news.php?cs_go=archiv&cs_id=4171 HTTP/1.1" 200 11477 "-" "Mozilla/5.0 (compatible; Googlebot/2.1; +http://www.google.com/bot.html)"
66.249.78.50 - - [06/Apr/2015:14:20:41 +0200] "GET /news.php?cs_go=archiv&cs_id=4171 HTTP/1.1" 200 11477 "-" "Mozilla/5.0 (compatible; Googlebot/2.1; +http://www.google.com/bot.html)"
66.249.78.142 - - [06/Apr/2015:14:23:41 +0200] "GET / HTTP/1.1" 200 15920 "-" "Mozilla/5.0 (iPhone; CPU iPhone OS 6_0 like Mac OS X) AppleWebKit/536.26 (KHTML, like Gecko) Version/6.0 Mobile/10A5376e Safari/8536.25 (compatible; Googlebot/2.1; +http://www.google.com/bot.html)"
66.249.78.149 - - [06/Apr/2015:14:30:26 +0200] "GET / HTTP/1.1" 200 15920 "-" "Mozilla/5.0 (iPhone; CPU iPhone OS 6_0 like Mac OS X) AppleWebKit/536.26 (KHTML, like Gecko) Version/6.0 Mobile/10A5376e Safari/8536.25 (compatible; Googlebot/2.1; +http://www.google.com/bot.html)"
136.243.5.215 - - [06/Apr/2015:14:38:09 +0200] "GET /robots.txt HTTP/1.0" 404 1256 "-" "Mozilla/5.0 (compatible; MJ12bot/v1.4.5; http://www.majestic12.co.uk/bot.php?+)"
136.243.5.215 - - [06/Apr/2015:14:38:58 +0200] "GET /robots.txt HTTP/1.0" 404 1256 "-" "Mozilla/5.0 (compatible; MJ12bot/v1.4.5; http://www.majestic12.co.uk/bot.php?+)"
66.249.78.142 - - [06/Apr/2015:14:36:39 +0200] "GET / HTTP/1.1" 200 15920 "-" "Mozilla/5.0 (iPhone; CPU iPhone OS 6_0 like Mac OS X) AppleWebKit/536.26 (KHTML, like Gecko) Version/6.0 Mobile/10A5376e Safari/8536.25 (compatible; Googlebot/2.1; +http://www.google.com/bot.html)"
136.243.5.215 - - [06/Apr/2015:14:38:10 +0200] "GET /news.php?cs_go=archiv&cs_id=4293&cs_search= HTTP/1.0" 200 11477 "-" "Mozilla/5.0 (compatible; MJ12bot/v1.4.5; http://www.majestic12.co.uk/bot.php?+)"
136.243.5.215 - - [06/Apr/2015:14:38:53 +0200] "GET /news.php?cs_go=archiv&cs_id=4305&cs_search= HTTP/1.0" 200 11477 "-" "Mozilla/5.0 (compatible; MJ12bot/v1.4.5; http://www.majestic12.co.uk/bot.php?+)"
136.243.5.215 - - [06/Apr/2015:14:39:00 +0200] "GET /news.php?cs_go=archiv&cs_id=4913 HTTP/1.0" 200 11477 "-" "Mozilla/5.0 (compatible; MJ12bot/v1.4.5; http://www.majestic12.co.uk/bot.php?+)"
136.243.5.215 - - [06/Apr/2015:14:39:40 +0200] "GET /news.php?cs_go=archiv&cs_id=4307&cs_search= HTTP/1.0" 200 11477 "-" "Mozilla/5.0 (compatible; MJ12bot/v1.4.5; http://www.majestic12.co.uk/bot.php?+)"
136.243.5.215 - - [06/Apr/2015:14:39:42 +0200] "GET /news.php?cs_go=archiv&cs_id=4914 HTTP/1.0" 200 11477 "-" "Mozilla/5.0 (compatible; MJ12bot/v1.4.5; http://www.majestic12.co.uk/bot.php?+)"
136.243.5.215 - - [06/Apr/2015:14:40:22 +0200] "GET /news.php?cs_go=archiv&cs_id=4308&cs_search= HTTP/1.0" 200 11477 "-" "Mozilla/5.0 (compatible; MJ12bot/v1.4.5; http://www.majestic12.co.uk/bot.php?+)"
136.243.5.215 - - [06/Apr/2015:14:40:24 +0200] "GET /news.php?cs_go=archiv&cs_id=4915 HTTP/1.0" 200 11477 "-" "Mozilla/5.0 (compatible; MJ12bot/v1.4.5; http://www.majestic12.co.uk/bot.php?+)"
136.243.5.215 - - [06/Apr/2015:14:41:03 +0200] "GET /news.php?cs_go=archiv&cs_id=4309&cs_search= HTTP/1.0" 200 11477 "-" "Mozilla/5.0 (compatible; MJ12bot/v1.4.5; http://www.majestic12.co.uk/bot.php?+)"
136.243.5.215 - - [06/Apr/2015:14:41:06 +0200] "GET /news.php?cs_go=archiv&cs_id=5131 HTTP/1.0" 200 11477 "-" "Mozilla/5.0 (compatible; MJ12bot/v1.4.5; http://www.majestic12.co.uk/bot.php?+)"
136.243.5.215 - - [06/Apr/2015:14:41:45 +0200] "GET /news.php?cs_go=archiv&cs_id=4310&cs_search= HTTP/1.0" 200 11477 "-" "Mozilla/5.0 (compatible; MJ12bot/v1.4.5; http://www.majestic12.co.uk/bot.php?+)"
136.243.5.215 - - [06/Apr/2015:14:41:48 +0200] "GET /news.php?cs_go=archiv&cs_id=5132 HTTP/1.0" 200 11477 "-" "Mozilla/5.0 (compatible; MJ12bot/v1.4.5; http://www.majestic12.co.uk/bot.php?+)"
136.243.5.215 - - [06/Apr/2015:14:42:29 +0200] "GET /news.php?cs_go=archiv&cs_id=4311&cs_search= HTTP/1.0" 200 11477 "-" "Mozilla/5.0 (compatible; MJ12bot/v1.4.5; http://www.majestic12.co.uk/bot.php?+)"
136.243.5.215 - - [06/Apr/2015:14:42:30 +0200] "GET /news.php?cs_go=archiv&cs_id=5142 HTTP/1.0" 200 11477 "-" "Mozilla/5.0 (compatible; MJ12bot/v1.4.5; http://www.majestic12.co.uk/bot.php?+)"
136.243.5.215 - - [06/Apr/2015:14:43:16 +0200] "GET /news.php?cs_go=archiv&cs_id=5143 HTTP/1.0" 200 11477 "-" "Mozilla/5.0 (compatible; MJ12bot/v1.4.5; http://www.majestic12.co.uk/bot.php?+)"
136.243.5.215 - - [06/Apr/2015:14:43:16 +0200] "GET /news.php?cs_go=archiv&cs_id=4312&cs_search= HTTP/1.0" 200 11477 "-" "Mozilla/5.0 (compatible; MJ12bot/v1.4.5; http://www.majestic12.co.uk/bot.php?+)"
136.243.5.215 - - [06/Apr/2015:14:44:01 +0200] "GET /news.php?cs_go=archiv&cs_id=5144 HTTP/1.0" 200 11477 "-" "Mozilla/5.0 (compatible; MJ12bot/v1.4.5; http://www.majestic12.co.uk/bot.php?+)"
136.243.5.215 - - [06/Apr/2015:14:44:01 +0200] "GET /news.php?cs_go=archiv&cs_id=4313&cs_search= HTTP/1.0" 200 11477 "-" "Mozilla/5.0 (compatible; MJ12bot/v1.4.5; http://www.majestic12.co.uk/bot.php?+)"
136.243.5.215 - - [06/Apr/2015:14:44:56 +0200] "GET /news.php?cs_go=archiv&cs_id=4314&cs_search= HTTP/1.0" 200 11477 "-" "Mozilla/5.0 (compatible; MJ12bot/v1.4.5; http://www.majestic12.co.uk/bot.php?+)"
136.243.5.215 - - [06/Apr/2015:14:44:56 +0200] "GET /news.php?cs_go=archiv&cs_id=5362 HTTP/1.0" 200 11477 "-" "Mozilla/5.0 (compatible; MJ12bot/v1.4.5; http://www.majestic12.co.uk/bot.php?+)"
136.243.5.215 - - [06/Apr/2015:14:46:00 +0200] "GET /news.php?cs_go=archiv&cs_id=5363 HTTP/1.0" 200 11477 "-" "Mozilla/5.0 (compatible; MJ12bot/v1.4.5; http://www.majestic12.co.uk/bot.php?+)"
136.243.5.215 - - [06/Apr/2015:14:46:00 +0200] "GET /news.php?cs_go=archiv&cs_id=4315 HTTP/1.0" 200 11477 "-" "Mozilla/5.0 (compatible; MJ12bot/v1.4.5; http://www.majestic12.co.uk/bot.php?+)"
66.249.78.224 - - [06/Apr/2015:14:46:19 +0200] "GET / HTTP/1.1" 200 15920 "-" "Mozilla/5.0 (iPhone; CPU iPhone OS 6_0 like Mac OS X) AppleWebKit/536.26 (KHTML, like Gecko) Version/6.0 Mobile/10A5376e Safari/8536.25 (compatible; Googlebot/2.1; +http://www.google.com/bot.html)"
136.243.5.215 - - [06/Apr/2015:14:47:00 +0200] "GET /news.php?cs_go=archiv&cs_id=4315&cs_search= HTTP/1.0" 200 11477 "-" "Mozilla/5.0 (compatible; MJ12bot/v1.4.5; http://www.majestic12.co.uk/bot.php?+)"
136.243.5.215 - - [06/Apr/2015:14:47:55 +0200] "GET /news.php?cs_go=archiv&cs_id=4316&cs_search= HTTP/1.0" 200 11477 "-" "Mozilla/5.0 (compatible; MJ12bot/v1.4.5; http://www.majestic12.co.uk/bot.php?+)"
136.243.5.215 - - [06/Apr/2015:14:48:38 +0200] "GET /news.php?cs_go=archiv&cs_id=4318 HTTP/1.0" 200 11477 "-" "Mozilla/5.0 (compatible; MJ12bot/v1.4.5; http://www.majestic12.co.uk/bot.php?+)"
136.243.5.215 - - [06/Apr/2015:14:49:26 +0200] "GET /news.php?cs_go=archiv&cs_id=4318&cs_search= HTTP/1.0" 200 11477 "-" "Mozilla/5.0 (compatible; MJ12bot/v1.4.5; http://www.majestic12.co.uk/bot.php?+)"
136.243.5.215 - - [06/Apr/2015:14:50:17 +0200] "GET /news.php?cs_go=archiv&cs_id=4319&cs_search= HTTP/1.0" 200 11477 "-" "Mozilla/5.0 (compatible; MJ12bot/v1.4.5; http://www.majestic12.co.uk/bot.php?+)"
66.249.78.119 - - [06/Apr/2015:14:50:53 +0200] "GET /news.php?cs_go=archiv&cs_id=5129 HTTP/1.1" 200 11477 "-" "Mozilla/5.0 (compatible; Googlebot/2.1; +http://www.google.com/bot.html)"
136.243.5.215 - - [06/Apr/2015:14:51:10 +0200] "GET /news.php?cs_go=archiv&cs_id=4321&cs_search= HTTP/1.0" 200 11477 "-" "Mozilla/5.0 (compatible; MJ12bot/v1.4.5; http://www.majestic12.co.uk/bot.php?+)"
136.243.5.215 - - [06/Apr/2015:14:51:59 +0200] "GET /news.php?cs_go=archiv&cs_id=4322&cs_search= HTTP/1.0" 200 11477 "-" "Mozilla/5.0 (compatible; MJ12bot/v1.4.5; http://www.majestic12.co.uk/bot.php?+)"
87.145.220.162 - - [06/Apr/2015:14:55:41 +0200] "GET / HTTP/1.1" 200 9656 "http://m.bigfinder.de/?c=ws&q=service&v=1" "Mozilla/5.0 (Windows; U; Windows NT 6.1; de; rv:1.9.2.8) Gecko/20100722 Firefox/3.6.8 GTB7.1"
136.243.5.215 - - [06/Apr/2015:14:52:49 +0200] "GET /news.php?cs_go=archiv&cs_id=4324&cs_search= HTTP/1.0" 200 11477 "-" "Mozilla/5.0 (compatible; MJ12bot/v1.4.5; http://www.majestic12.co.uk/bot.php?+)"
136.243.5.215 - - [06/Apr/2015:14:53:44 +0200] "GET /news.php?cs_go=archiv&cs_id=4325 HTTP/1.0" 200 11477 "-" "Mozilla/5.0 (compatible; MJ12bot/v1.4.5; http://www.majestic12.co.uk/bot.php?+)"
66.249.78.210 - - [06/Apr/2015:14:53:53 +0200] "GET / HTTP/1.1" 200 15920 "-" "Mozilla/5.0 (iPhone; CPU iPhone OS 6_0 like Mac OS X) AppleWebKit/536.26 (KHTML, like Gecko) Version/6.0 Mobile/10A5376e Safari/8536.25 (compatible; Googlebot/2.1; +http://www.google.com/bot.html)"
136.243.5.215 - - [06/Apr/2015:14:54:30 +0200] "GET /news.php?cs_go=archiv&cs_id=4326 HTTP/1.0" 200 11477 "-" "Mozilla/5.0 (compatible; MJ12bot/v1.4.5; http://www.majestic12.co.uk/bot.php?+)"
136.243.5.215 - - [06/Apr/2015:14:55:18 +0200] "GET /news.php?cs_go=archiv&cs_id=4327&cs_search= HTTP/1.0" 200 11477 "-" "Mozilla/5.0 (compatible; MJ12bot/v1.4.5; http://www.majestic12.co.uk/bot.php?+)"
136.243.5.215 - - [06/Apr/2015:14:56:18 +0200] "GET /news.php?cs_go=archiv&cs_id=4330 HTTP/1.0" 200 11477 "-" "Mozilla/5.0 (compatible; MJ12bot/v1.4.5; http://www.majestic12.co.uk/bot.php?+)"
66.249.78.112 - - [06/Apr/2015:14:57:11 +0200] "GET /news.php?cs_go=archiv&cs_id=5129 HTTP/1.1" 200 11477 "-" "Mozilla/5.0 (compatible; Googlebot/2.1; +http://www.google.com/bot.html)"
136.243.5.215 - - [06/Apr/2015:14:57:19 +0200] "GET /news.php?cs_go=archiv&cs_id=4335&cs_search= HTTP/1.0" 200 11477 "-" "Mozilla/5.0 (compatible; MJ12bot/v1.4.5; http://www.majestic12.co.uk/bot.php?+)"
136.243.5.215 - - [06/Apr/2015:14:58:01 +0200] "GET /news.php?cs_go=archiv&cs_id=4336&cs_search= HTTP/1.0" 200 11477 "-" "Mozilla/5.0 (compatible; MJ12bot/v1.4.5; http://www.majestic12.co.uk/bot.php?+)"
136.243.5.215 - - [06/Apr/2015:14:58:45 +0200] "GET /news.php?cs_go=archiv&cs_id=4338&cs_search= HTTP/1.0" 200 11477 "-" "Mozilla/5.0 (compatible; MJ12bot/v1.4.5; http://www.majestic12.co.uk/bot.php?+)"
136.243.5.215 - - [06/Apr/2015:14:59:53 +0200] "GET /news.php?cs_go=archiv&cs_id=4339&cs_search= HTTP/1.0" 200 11477 "-" "Mozilla/5.0 (compatible; MJ12bot/v1.4.5; http://www.majestic12.co.uk/bot.php?+)"
66.249.78.224 - - [06/Apr/2015:15:00:23 +0200] "GET / HTTP/1.1" 200 15920 "-" "Mozilla/5.0 (iPhone; CPU iPhone OS 6_0 like Mac OS X) AppleWebKit/536.26 (KHTML, like Gecko) Version/6.0 Mobile/10A5376e Safari/8536.25 (compatible; Googlebot/2.1; +http://www.google.com/bot.html)"
136.243.5.215 - - [06/Apr/2015:15:01:01 +0200] "GET /news.php?cs_go=archiv&cs_id=4340 HTTP/1.0" 200 11477 "-" "Mozilla/5.0 (compatible; MJ12bot/v1.4.5; http://www.majestic12.co.uk/bot.php?+)"
136.243.5.215 - - [06/Apr/2015:15:02:05 +0200] "GET /news.php?cs_go=archiv&cs_id=4340&cs_search= HTTP/1.0" 200 11477 "-" "Mozilla/5.0 (compatible; MJ12bot/v1.4.5; http://www.majestic12.co.uk/bot.php?+)"
136.243.5.215 - - [06/Apr/2015:15:02:55 +0200] "GET /news.php?cs_go=archiv&cs_id=4342 HTTP/1.0" 200 11477 "-" "Mozilla/5.0 (compatible; MJ12bot/v1.4.5; http://www.majestic12.co.uk/bot.php?+)"
66.249.78.112 - - [06/Apr/2015:15:03:34 +0200] "GET /news.php?cs_go=archiv&cs_id=5129 HTTP/1.1" 200 11477 "-" "Mozilla/5.0 (compatible; Googlebot/2.1; +http://www.google.com/bot.html)"
136.243.5.215 - - [06/Apr/2015:15:03:43 +0200] "GET /news.php?cs_go=archiv&cs_id=4342&cs_search= HTTP/1.0" 200 11477 "-" "Mozilla/5.0 (compatible; MJ12bot/v1.4.5; http://www.majestic12.co.uk/bot.php?+)"
136.243.5.215 - - [06/Apr/2015:15:04:33 +0200] "GET /news.php?cs_go=archiv&cs_id=4343&cs_search= HTTP/1.0" 200 11477 "-" "Mozilla/5.0 (compatible; MJ12bot/v1.4.5; http://www.majestic12.co.uk/bot.php?+)"
136.243.5.215 - - [06/Apr/2015:15:05:39 +0200] "GET /news.php?cs_go=archiv&cs_id=4344&cs_search= HTTP/1.0" 200 11477 "-" "Mozilla/5.0 (compatible; MJ12bot/v1.4.5; http://www.majestic12.co.uk/bot.php?+)"
136.243.5.215 - - [06/Apr/2015:15:06:28 +0200] "GET /news.php?cs_go=archiv&cs_id=4345&cs_search= HTTP/1.0" 200 11477 "-" "Mozilla/5.0 (compatible; MJ12bot/v1.4.5; http://www.majestic12.co.uk/bot.php?+)"
66.249.64.60 - - [06/Apr/2015:15:07:04 +0200] "GET /news.php?cs_go=archiv&cs_id=5314 HTTP/1.1" 200 11477 "-" "Mozilla/5.0 (compatible; Googlebot/2.1; +http://www.google.com/bot.html)"
136.243.5.215 - - [06/Apr/2015:15:07:50 +0200] "GET /news.php?cs_go=archiv&cs_id=4346&cs_search= HTTP/1.0" 200 11477 "-" "Mozilla/5.0 (compatible; MJ12bot/v1.4.5; http://www.majestic12.co.uk/bot.php?+)"
136.243.5.215 - - [06/Apr/2015:15:08:33 +0200] "GET /news.php?cs_go=archiv&cs_id=4347&cs_search= HTTP/1.0" 200 11477 "-" "Mozilla/5.0 (compatible; MJ12bot/v1.4.5; http://www.majestic12.co.uk/bot.php?+)"
136.243.5.215 - - [06/Apr/2015:15:09:19 +0200] "GET /news.php?cs_go=archiv&cs_id=4450&cs_search= HTTP/1.0" 200 11477 "-" "Mozilla/5.0 (compatible; MJ12bot/v1.4.5; http://www.majestic12.co.uk/bot.php?+)"
66.249.78.43 - - [06/Apr/2015:15:10:03 +0200] "GET /news.php?cs_go=archiv&cs_id=4484 HTTP/1.1" 200 11477 "-" "Mozilla/5.0 (iPhone; CPU iPhone OS 6_0 like Mac OS X) AppleWebKit/536.26 (KHTML, like Gecko) Version/6.0 Mobile/10A5376e Safari/8536.25 (compatible; Googlebot/2.1; +http://www.google.com/bot.html)"
136.243.5.215 - - [06/Apr/2015:15:10:29 +0200] "GET /news.php?cs_go=archiv&cs_id=4451&cs_search= HTTP/1.0" 200 11477 "-" "Mozilla/5.0 (compatible; MJ12bot/v1.4.5; http://www.majestic12.co.uk/bot.php?+)"
136.243.5.215 - - [06/Apr/2015:15:11:14 +0200] "GET /news.php?cs_go=archiv&cs_id=4452&cs_search= HTTP/1.0" 200 11477 "-" "Mozilla/5.0 (compatible; MJ12bot/v1.4.5; http://www.majestic12.co.uk/bot.php?+)"
136.243.5.215 - - [06/Apr/2015:15:11:59 +0200] "GET /news.php?cs_go=archiv&cs_id=4454&cs_search= HTTP/1.0" 200 11477 "-" "Mozilla/5.0 (compatible; MJ12bot/v1.4.5; http://www.majestic12.co.uk/bot.php?+)"
136.243.5.215 - - [06/Apr/2015:15:12:41 +0200] "GET /news.php?cs_go=archiv&cs_id=4464&cs_search= HTTP/1.0" 200 11477 "-" "Mozilla/5.0 (compatible; MJ12bot/v1.4.5; http://www.majestic12.co.uk/bot.php?+)"
136.243.5.215 - - [06/Apr/2015:15:13:30 +0200] "GET /news.php?cs_go=archiv&cs_id=4467&cs_search= HTTP/1.0" 200 11477 "-" "Mozilla/5.0 (compatible; MJ12bot/v1.4.5; http://www.majestic12.co.uk/bot.php?+)"
66.249.78.119 - - [06/Apr/2015:15:13:35 +0200] "GET /news.php?cs_go=archiv&cs_id=5314 HTTP/1.1" 200 11477 "-" "Mozilla/5.0 (compatible; Googlebot/2.1; +http://www.google.com/bot.html)"
136.243.5.215 - - [06/Apr/2015:15:14:13 +0200] "GET /news.php?cs_go=archiv&cs_id=4468&cs_search= HTTP/1.0" 200 11477 "-" "Mozilla/5.0 (compatible; MJ12bot/v1.4.5; http://www.majestic12.co.uk/bot.php?+)"
136.243.5.215 - - [06/Apr/2015:15:17:29 +0200] "GET /news.php?cs_go=archiv&cs_id=4474&cs_search= HTTP/1.0" 200 9055 "-" "Mozilla/5.0 (compatible; MJ12bot/v1.4.5; http://www.majestic12.co.uk/bot.php?+)"
136.243.5.215 - - [06/Apr/2015:15:14:55 +0200] "GET /news.php?cs_go=archiv&cs_id=4469&cs_search= HTTP/1.0" 200 11477 "-" "Mozilla/5.0 (compatible; MJ12bot/v1.4.5; http://www.majestic12.co.uk/bot.php?+)"
136.243.5.215 - - [06/Apr/2015:15:15:20 +0200] "GET /news.php?cs_go=archiv&cs_id=4470&cs_search= HTTP/1.0" 200 11477 "-" "Mozilla/5.0 (compatible; MJ12bot/v1.4.5; http://www.majestic12.co.uk/bot.php?+)"
136.243.5.215 - - [06/Apr/2015:15:15:54 +0200] "GET /news.php?cs_go=archiv&cs_id=4471&cs_search= HTTP/1.0" 200 11477 "-" "Mozilla/5.0 (compatible; MJ12bot/v1.4.5; http://www.majestic12.co.uk/bot.php?+)"
136.243.5.215 - - [06/Apr/2015:15:16:14 +0200] "GET /news.php?cs_go=archiv&cs_id=4472&cs_search= HTTP/1.0" 200 11477 "-" "Mozilla/5.0 (compatible; MJ12bot/v1.4.5; http://www.majestic12.co.uk/bot.php?+)"
66.249.78.210 - - [06/Apr/2015:15:16:35 +0200] "GET /lexikon.php?cs_go=3&cs_id=40 HTTP/1.1" 200 11466 "-" "Mozilla/5.0 (compatible; Googlebot/2.1; +http://www.google.com/bot.html)"
136.243.5.215 - - [06/Apr/2015:15:16:43 +0200] "GET /news.php?cs_go=archiv&cs_id=4473&cs_search= HTTP/1.0" 200 11477 "-" "Mozilla/5.0 (compatible; MJ12bot/v1.4.5; http://www.majestic12.co.uk/bot.php?+)"
136.243.5.215 - - [06/Apr/2015:15:17:50 +0200] "GET /news.php?cs_go=archiv&cs_id=4475&cs_search= HTTP/1.0" 200 11477 "-" "Mozilla/5.0 (compatible; MJ12bot/v1.4.5; http://www.majestic12.co.uk/bot.php?+)"
136.243.5.215 - - [06/Apr/2015:15:18:13 +0200] "GET /news.php?cs_go=archiv&cs_id=4476&cs_search= HTTP/1.0" 200 11477 "-" "Mozilla/5.0 (compatible; MJ12bot/v1.4.5; http://www.majestic12.co.uk/bot.php?+)"
136.243.5.215 - - [06/Apr/2015:15:18:45 +0200] "GET /news.php?cs_go=archiv&cs_id=4477&cs_search= HTTP/1.0" 200 11477 "-" "Mozilla/5.0 (compatible; MJ12bot/v1.4.5; http://www.majestic12.co.uk/bot.php?+)"
136.243.5.215 - - [06/Apr/2015:15:19:01 +0200] "GET /news.php?cs_go=archiv&cs_id=4478&cs_search= HTTP/1.0" 200 11477 "-" "Mozilla/5.0 (compatible; MJ12bot/v1.4.5; http://www.majestic12.co.uk/bot.php?+)"
136.243.5.215 - - [06/Apr/2015:15:19:28 +0200] "GET /news.php?cs_go=archiv&cs_id=4479&cs_search= HTTP/1.0" 200 11477 "-" "Mozilla/5.0 (compatible; MJ12bot/v1.4.5; http://www.majestic12.co.uk/bot.php?+)"
66.249.78.43 - - [06/Apr/2015:15:19:35 +0200] "GET /news.php?cs_go=archiv&cs_id=4484 HTTP/1.1" 200 11477 "-" "Mozilla/5.0 (iPhone; CPU iPhone OS 6_0 like Mac OS X) AppleWebKit/536.26 (KHTML, like Gecko) Version/6.0 Mobile/10A5376e Safari/8536.25 (compatible; Googlebot/2.1; +http://www.google.com/bot.html)"
136.243.5.215 - - [06/Apr/2015:15:19:41 +0200] "GET /news.php?cs_go=archiv&cs_id=4480&cs_search= HTTP/1.0" 200 11477 "-" "Mozilla/5.0 (compatible; MJ12bot/v1.4.5; http://www.majestic12.co.uk/bot.php?+)"
136.243.5.215 - - [06/Apr/2015:15:20:04 +0200] "GET /news.php?cs_go=archiv&cs_id=4481&cs_search= HTTP/1.0" 200 11477 "-" "Mozilla/5.0 (compatible; MJ12bot/v1.4.5; http://www.majestic12.co.uk/bot.php?+)"
136.243.5.215 - - [06/Apr/2015:15:20:37 +0200] "GET /news.php?cs_go=archiv&cs_id=4482&cs_search= HTTP/1.0" 200 11477 "-" "Mozilla/5.0 (compatible; MJ12bot/v1.4.5; http://www.majestic12.co.uk/bot.php?+)"
136.243.5.215 - - [06/Apr/2015:15:20:50 +0200] "GET /news.php?cs_go=archiv&cs_id=4484&cs_search= HTTP/1.0" 200 11477 "-" "Mozilla/5.0 (compatible; MJ12bot/v1.4.5; http://www.majestic12.co.uk/bot.php?+)"
136.243.5.215 - - [06/Apr/2015:15:21:18 +0200] "GET /news.php?cs_go=archiv&cs_id=4485&cs_search= HTTP/1.0" 200 11477 "-" "Mozilla/5.0 (compatible; MJ12bot/v1.4.5; http://www.majestic12.co.uk/bot.php?+)"
136.243.5.215 - - [06/Apr/2015:15:21:46 +0200] "GET /news.php?cs_go=archiv&cs_id=4486&cs_search= HTTP/1.0" 200 11477 "-" "Mozilla/5.0 (compatible; MJ12bot/v1.4.5; http://www.majestic12.co.uk/bot.php?+)"
136.243.5.215 - - [06/Apr/2015:15:22:17 +0200] "GET /news.php?cs_go=archiv&cs_id=4487&cs_search= HTTP/1.0" 200 11477 "-" "Mozilla/5.0 (compatible; MJ12bot/v1.4.5; http://www.majestic12.co.uk/bot.php?+)"
66.249.64.56 - - [06/Apr/2015:15:22:35 +0200] "GET /news.php?cs_go=archiv&cs_id=5314 HTTP/1.1" 200 11477 "-" "Mozilla/5.0 (compatible; Googlebot/2.1; +http://www.google.com/bot.html)"
136.243.5.215 - - [06/Apr/2015:15:22:45 +0200] "GET /news.php?cs_go=archiv&cs_id=4490&cs_search= HTTP/1.0" 200 11477 "-" "Mozilla/5.0 (compatible; MJ12bot/v1.4.5; http://www.majestic12.co.uk/bot.php?+)"
136.243.5.215 - - [06/Apr/2015:15:23:17 +0200] "GET /news.php?cs_go=archiv&cs_id=4493&cs_search= HTTP/1.0" 200 11477 "-" "Mozilla/5.0 (compatible; MJ12bot/v1.4.5; http://www.majestic12.co.uk/bot.php?+)"
136.243.5.215 - - [06/Apr/2015:15:23:34 +0200] "GET /news.php?cs_go=archiv&cs_id=4494&cs_search= HTTP/1.0" 200 11477 "-" "Mozilla/5.0 (compatible; MJ12bot/v1.4.5; http://www.majestic12.co.uk/bot.php?+)"
136.243.5.215 - - [06/Apr/2015:15:23:59 +0200] "GET /news.php?cs_go=archiv&cs_id=4501&cs_search= HTTP/1.0" 200 11477 "-" "Mozilla/5.0 (compatible; MJ12bot/v1.4.5; http://www.majestic12.co.uk/bot.php?+)"
136.243.5.215 - - [06/Apr/2015:15:24:20 +0200] "GET /news.php?cs_go=archiv&cs_id=4502&cs_search= HTTP/1.0" 200 11477 "-" "Mozilla/5.0 (compatible; MJ12bot/v1.4.5; http://www.majestic12.co.uk/bot.php?+)"
136.243.5.215 - - [06/Apr/2015:15:24:54 +0200] "GET /news.php?cs_go=archiv&cs_id=4522&cs_search= HTTP/1.0" 200 11477 "-" "Mozilla/5.0 (compatible; MJ12bot/v1.4.5; http://www.majestic12.co.uk/bot.php?+)"
136.243.5.215 - - [06/Apr/2015:15:25:21 +0200] "GET /news.php?cs_go=archiv&cs_id=4526&cs_search= HTTP/1.0" 200 11477 "-" "Mozilla/5.0 (compatible; MJ12bot/v1.4.5; http://www.majestic12.co.uk/bot.php?+)"
66.249.78.210 - - [06/Apr/2015:15:25:35 +0200] "GET /lexikon.php?cs_go=3&cs_id=40 HTTP/1.1" 200 11466 "-" "Mozilla/5.0 (compatible; Googlebot/2.1; +http://www.google.com/bot.html)"
136.243.5.215 - - [06/Apr/2015:15:25:43 +0200] "GET /news.php?cs_go=archiv&cs_id=4533&cs_search= HTTP/1.0" 200 11477 "-" "Mozilla/5.0 (compatible; MJ12bot/v1.4.5; http://www.majestic12.co.uk/bot.php?+)"
136.243.5.215 - - [06/Apr/2015:15:26:06 +0200] "GET /news.php?cs_go=archiv&cs_id=4534&cs_search= HTTP/1.0" 200 11477 "-" "Mozilla/5.0 (compatible; MJ12bot/v1.4.5; http://www.majestic12.co.uk/bot.php?+)"
136.243.5.215 - - [06/Apr/2015:15:26:33 +0200] "GET /news.php?cs_go=archiv&cs_id=4553 HTTP/1.0" 200 11477 "-" "Mozilla/5.0 (compatible; MJ12bot/v1.4.5; http://www.majestic12.co.uk/bot.php?+)"
136.243.5.215 - - [06/Apr/2015:15:26:58 +0200] "GET /news.php?cs_go=archiv&cs_id=4557 HTTP/1.0" 200 11477 "-" "Mozilla/5.0 (compatible; MJ12bot/v1.4.5; http://www.majestic12.co.uk/bot.php?+)"
136.243.5.215 - - [06/Apr/2015:15:27:25 +0200] "GET /news.php?cs_go=archiv&cs_id=4560 HTTP/1.0" 200 11477 "-" "Mozilla/5.0 (compatible; MJ12bot/v1.4.5; http://www.majestic12.co.uk/bot.php?+)"
136.243.5.215 - - [06/Apr/2015:15:27:51 +0200] "GET /news.php?cs_go=archiv&cs_id=4562 HTTP/1.0" 200 11477 "-" "Mozilla/5.0 (compatible; MJ12bot/v1.4.5; http://www.majestic12.co.uk/bot.php?+)"
136.243.5.215 - - [06/Apr/2015:15:28:20 +0200] "GET /news.php?cs_go=archiv&cs_id=4563 HTTP/1.0" 200 11477 "-" "Mozilla/5.0 (compatible; MJ12bot/v1.4.5; http://www.majestic12.co.uk/bot.php?+)"
66.249.78.36 - - [06/Apr/2015:15:28:35 +0200] "GET /news.php?cs_go=archiv&cs_id=4484 HTTP/1.1" 200 11477 "-" "Mozilla/5.0 (iPhone; CPU iPhone OS 6_0 like Mac OS X) AppleWebKit/536.26 (KHTML, like Gecko) Version/6.0 Mobile/10A5376e Safari/8536.25 (compatible; Googlebot/2.1; +http://www.google.com/bot.html)"
136.243.5.215 - - [06/Apr/2015:15:28:41 +0200] "GET /news.php?cs_go=archiv&cs_id=4568 HTTP/1.0" 200 11477 "-" "Mozilla/5.0 (compatible; MJ12bot/v1.4.5; http://www.majestic12.co.uk/bot.php?+)"
136.243.5.215 - - [06/Apr/2015:15:29:04 +0200] "GET /news.php?cs_go=archiv&cs_id=4572 HTTP/1.0" 200 11477 "-" "Mozilla/5.0 (compatible; MJ12bot/v1.4.5; http://www.majestic12.co.uk/bot.php?+)"
136.243.5.215 - - [06/Apr/2015:15:29:33 +0200] "GET /news.php?cs_go=archiv&cs_id=4597&cs_search= HTTP/1.0" 200 11477 "-" "Mozilla/5.0 (compatible; MJ12bot/v1.4.5; http://www.majestic12.co.uk/bot.php?+)"
136.243.5.215 - - [06/Apr/2015:15:30:02 +0200] "GET /news.php?cs_go=archiv&cs_id=4598&cs_search= HTTP/1.0" 200 11477 "-" "Mozilla/5.0 (compatible; MJ12bot/v1.4.5; http://www.majestic12.co.uk/bot.php?+)"
136.243.5.215 - - [06/Apr/2015:15:30:16 +0200] "GET /news.php?cs_go=archiv&cs_id=4599&cs_search= HTTP/1.0" 200 11477 "-" "Mozilla/5.0 (compatible; MJ12bot/v1.4.5; http://www.majestic12.co.uk/bot.php?+)"
136.243.5.215 - - [06/Apr/2015:15:30:36 +0200] "GET /news.php?cs_go=archiv&cs_id=4600&cs_search= HTTP/1.0" 200 11477 "-" "Mozilla/5.0 (compatible; MJ12bot/v1.4.5; http://www.majestic12.co.uk/bot.php?+)"
136.243.5.215 - - [06/Apr/2015:15:31:00 +0200] "GET /news.php?cs_go=archiv&cs_id=4601&cs_search= HTTP/1.0" 200 11477 "-" "Mozilla/5.0 (compatible; MJ12bot/v1.4.5; http://www.majestic12.co.uk/bot.php?+)"
136.243.5.215 - - [06/Apr/2015:15:31:22 +0200] "GET /news.php?cs_go=archiv&cs_id=4605&cs_search= HTTP/1.0" 200 11477 "-" "Mozilla/5.0 (compatible; MJ12bot/v1.4.5; http://www.majestic12.co.uk/bot.php?+)"
66.249.78.210 - - [06/Apr/2015:15:31:35 +0200] "GET /news.php?cs_go=archiv&cs_id=4842 HTTP/1.1" 200 11477 "-" "Mozilla/5.0 (compatible; Googlebot/2.1; +http://www.google.com/bot.html)"
136.243.5.215 - - [06/Apr/2015:15:31:43 +0200] "GET /news.php?cs_go=archiv&cs_id=4606&cs_search= HTTP/1.0" 200 11477 "-" "Mozilla/5.0 (compatible; MJ12bot/v1.4.5; http://www.majestic12.co.uk/bot.php?+)"
136.243.5.215 - - [06/Apr/2015:15:32:12 +0200] "GET /news.php?cs_go=archiv&cs_id=4741 HTTP/1.0" 200 11477 "-" "Mozilla/5.0 (compatible; MJ12bot/v1.4.5; http://www.majestic12.co.uk/bot.php?+)"
136.243.5.215 - - [06/Apr/2015:15:32:44 +0200] "GET /news.php?cs_go=archiv&cs_id=4743 HTTP/1.0" 200 11477 "-" "Mozilla/5.0 (compatible; MJ12bot/v1.4.5; http://www.majestic12.co.uk/bot.php?+)"
136.243.5.215 - - [06/Apr/2015:15:33:04 +0200] "GET /news.php?cs_go=archiv&cs_id=4743&cs_search= HTTP/1.0" 200 11477 "-" "Mozilla/5.0 (compatible; MJ12bot/v1.4.5; http://www.majestic12.co.uk/bot.php?+)"
136.243.5.215 - - [06/Apr/2015:15:33:27 +0200] "GET /news.php?cs_go=archiv&cs_id=4745&cs_search= HTTP/1.0" 200 11477 "-" "Mozilla/5.0 (compatible; MJ12bot/v1.4.5; http://www.majestic12.co.uk/bot.php?+)"
136.243.5.215 - - [06/Apr/2015:15:33:47 +0200] "GET /news.php?cs_go=archiv&cs_id=4752 HTTP/1.0" 200 11477 "-" "Mozilla/5.0 (compatible; MJ12bot/v1.4.5; http://www.majestic12.co.uk/bot.php?+)"
136.243.5.215 - - [06/Apr/2015:15:37:12 +0200] "GET /news.php?cs_go=archiv&cs_id=4770 HTTP/1.0" 200 9055 "-" "Mozilla/5.0 (compatible; MJ12bot/v1.4.5; http://www.majestic12.co.uk/bot.php?+)"
136.243.5.215 - - [06/Apr/2015:15:34:08 +0200] "GET /news.php?cs_go=archiv&cs_id=4753 HTTP/1.0" 200 11477 "-" "Mozilla/5.0 (compatible; MJ12bot/v1.4.5; http://www.majestic12.co.uk/bot.php?+)"
136.243.5.215 - - [06/Apr/2015:15:34:35 +0200] "GET /news.php?cs_go=archiv&cs_id=4765 HTTP/1.0" 200 11477 "-" "Mozilla/5.0 (compatible; MJ12bot/v1.4.5; http://www.majestic12.co.uk/bot.php?+)"
136.243.5.215 - - [06/Apr/2015:15:37:44 +0200] "GET /news.php?cs_go=archiv&cs_id=4820&cs_search= HTTP/1.0" 200 9055 "-" "Mozilla/5.0 (compatible; MJ12bot/v1.4.5; http://www.majestic12.co.uk/bot.php?+)"
66.249.78.217 - - [06/Apr/2015:15:34:35 +0200] "GET /lexikon.php?cs_go=3&cs_id=40 HTTP/1.1" 200 11466 "-" "Mozilla/5.0 (compatible; Googlebot/2.1; +http://www.google.com/bot.html)"
136.243.5.215 - - [06/Apr/2015:15:35:19 +0200] "GET /news.php?cs_go=archiv&cs_id=4765&cs_search= HTTP/1.0" 200 11477 "-" "Mozilla/5.0 (compatible; MJ12bot/v1.4.5; http://www.majestic12.co.uk/bot.php?+)"
136.243.5.215 - - [06/Apr/2015:15:35:39 +0200] "GET /news.php?cs_go=archiv&cs_id=4766 HTTP/1.0" 200 11477 "-" "Mozilla/5.0 (compatible; MJ12bot/v1.4.5; http://www.majestic12.co.uk/bot.php?+)"
136.243.5.215 - - [06/Apr/2015:15:35:50 +0200] "GET /news.php?cs_go=archiv&cs_id=4766&cs_search= HTTP/1.0" 200 11477 "-" "Mozilla/5.0 (compatible; MJ12bot/v1.4.5; http://www.majestic12.co.uk/bot.php?+)"
136.243.5.215 - - [06/Apr/2015:15:36:14 +0200] "GET /news.php?cs_go=archiv&cs_id=4767 HTTP/1.0" 200 11477 "-" "Mozilla/5.0 (compatible; MJ12bot/v1.4.5; http://www.majestic12.co.uk/bot.php?+)"
136.243.5.215 - - [06/Apr/2015:15:36:38 +0200] "GET /news.php?cs_go=archiv&cs_id=4767&cs_search= HTTP/1.0" 200 11477 "-" "Mozilla/5.0 (compatible; MJ12bot/v1.4.5; http://www.majestic12.co.uk/bot.php?+)"
66.249.78.217 - - [06/Apr/2015:15:38:00 +0200] "GET /news.php?cs_go=archiv&cs_id=4842 HTTP/1.1" 200 11477 "-" "Mozilla/5.0 (compatible; Googlebot/2.1; +http://www.google.com/bot.html)"
136.243.5.215 - - [06/Apr/2015:15:38:02 +0200] "GET /news.php?cs_go=archiv&cs_id=4827&cs_search= HTTP/1.0" 200 11477 "-" "Mozilla/5.0 (compatible; MJ12bot/v1.4.5; http://www.majestic12.co.uk/bot.php?+)"
136.243.5.215 - - [06/Apr/2015:15:38:20 +0200] "GET /news.php?cs_go=archiv&cs_id=4829&cs_search= HTTP/1.0" 200 11477 "-" "Mozilla/5.0 (compatible; MJ12bot/v1.4.5; http://www.majestic12.co.uk/bot.php?+)"
136.243.5.215 - - [06/Apr/2015:15:38:44 +0200] "GET /news.php?cs_go=archiv&cs_id=4830&cs_search= HTTP/1.0" 200 11477 "-" "Mozilla/5.0 (compatible; MJ12bot/v1.4.5; http://www.majestic12.co.uk/bot.php?+)"
136.243.5.215 - - [06/Apr/2015:15:39:10 +0200] "GET /news.php?cs_go=archiv&cs_id=4831&cs_search= HTTP/1.0" 200 11477 "-" "Mozilla/5.0 (compatible; MJ12bot/v1.4.5; http://www.majestic12.co.uk/bot.php?+)"
136.243.5.215 - - [06/Apr/2015:15:39:31 +0200] "GET /news.php?cs_go=archiv&cs_id=4832&cs_search= HTTP/1.0" 200 11477 "-" "Mozilla/5.0 (compatible; MJ12bot/v1.4.5; http://www.majestic12.co.uk/bot.php?+)"
136.243.5.215 - - [06/Apr/2015:15:39:55 +0200] "GET /news.php?cs_go=archiv&cs_id=4833&cs_search= HTTP/1.0" 200 11477 "-" "Mozilla/5.0 (compatible; MJ12bot/v1.4.5; http://www.majestic12.co.uk/bot.php?+)"
136.243.5.215 - - [06/Apr/2015:15:40:16 +0200] "GET /news.php?cs_go=archiv&cs_id=4835 HTTP/1.0" 200 11477 "-" "Mozilla/5.0 (compatible; MJ12bot/v1.4.5; http://www.majestic12.co.uk/bot.php?+)"
136.243.5.215 - - [06/Apr/2015:15:40:36 +0200] "GET /news.php?cs_go=archiv&cs_id=4835&cs_search= HTTP/1.0" 200 11477 "-" "Mozilla/5.0 (compatible; MJ12bot/v1.4.5; http://www.majestic12.co.uk/bot.php?+)"
136.243.5.215 - - [06/Apr/2015:15:40:57 +0200] "GET /news.php?cs_go=archiv&cs_id=4836&cs_search= HTTP/1.0" 200 11477 "-" "Mozilla/5.0 (compatible; MJ12bot/v1.4.5; http://www.majestic12.co.uk/bot.php?+)"
136.243.5.215 - - [06/Apr/2015:15:41:20 +0200] "GET /news.php?cs_go=archiv&cs_id=4837&cs_search= HTTP/1.0" 200 11477 "-" "Mozilla/5.0 (compatible; MJ12bot/v1.4.5; http://www.majestic12.co.uk/bot.php?+)"
136.243.5.215 - - [06/Apr/2015:15:41:55 +0200] "GET /news.php?cs_go=archiv&cs_id=4838&cs_search= HTTP/1.0" 200 11477 "-" "Mozilla/5.0 (compatible; MJ12bot/v1.4.5; http://www.majestic12.co.uk/bot.php?+)"
136.243.5.215 - - [06/Apr/2015:15:42:09 +0200] "GET /news.php?cs_go=archiv&cs_id=4839&cs_search= HTTP/1.0" 200 11477 "-" "Mozilla/5.0 (compatible; MJ12bot/v1.4.5; http://www.majestic12.co.uk/bot.php?+)"
136.243.5.215 - - [06/Apr/2015:15:42:30 +0200] "GET /news.php?cs_go=archiv&cs_id=4840&cs_search= HTTP/1.0" 200 11477 "-" "Mozilla/5.0 (compatible; MJ12bot/v1.4.5; http://www.majestic12.co.uk/bot.php?+)"
136.243.5.215 - - [06/Apr/2015:15:42:52 +0200] "GET /news.php?cs_go=archiv&cs_id=4841&cs_search= HTTP/1.0" 200 11477 "-" "Mozilla/5.0 (compatible; MJ12bot/v1.4.5; http://www.majestic12.co.uk/bot.php?+)"
136.243.5.215 - - [06/Apr/2015:15:43:18 +0200] "GET /news.php?cs_go=archiv&cs_id=4842&cs_search= HTTP/1.0" 200 11477 "-" "Mozilla/5.0 (compatible; MJ12bot/v1.4.5; http://www.majestic12.co.uk/bot.php?+)"
136.243.5.215 - - [06/Apr/2015:15:43:47 +0200] "GET /news.php?cs_go=archiv&cs_id=4843&cs_search= HTTP/1.0" 200 11477 "-" "Mozilla/5.0 (compatible; MJ12bot/v1.4.5; http://www.majestic12.co.uk/bot.php?+)"
136.243.5.215 - - [06/Apr/2015:15:44:05 +0200] "GET /news.php?cs_go=archiv&cs_id=4844&cs_search= HTTP/1.0" 200 11477 "-" "Mozilla/5.0 (compatible; MJ12bot/v1.4.5; http://www.majestic12.co.uk/bot.php?+)"
66.249.78.210 - - [06/Apr/2015:15:44:19 +0200] "GET /news.php?cs_go=archiv&cs_id=4842 HTTP/1.1" 200 11477 "-" "Mozilla/5.0 (compatible; Googlebot/2.1; +http://www.google.com/bot.html)"
136.243.5.215 - - [06/Apr/2015:15:44:28 +0200] "GET /news.php?cs_go=archiv&cs_id=4850&cs_search= HTTP/1.0" 200 11477 "-" "Mozilla/5.0 (compatible; MJ12bot/v1.4.5; http://www.majestic12.co.uk/bot.php?+)"
136.243.5.215 - - [06/Apr/2015:15:44:49 +0200] "GET /news.php?cs_go=archiv&cs_id=4853&cs_search= HTTP/1.0" 200 11477 "-" "Mozilla/5.0 (compatible; MJ12bot/v1.4.5; http://www.majestic12.co.uk/bot.php?+)"
136.243.5.215 - - [06/Apr/2015:15:45:13 +0200] "GET /news.php?cs_go=archiv&cs_id=4854&cs_search= HTTP/1.0" 200 11477 "-" "Mozilla/5.0 (compatible; MJ12bot/v1.4.5; http://www.majestic12.co.uk/bot.php?+)"
136.243.5.215 - - [06/Apr/2015:15:45:34 +0200] "GET /news.php?cs_go=archiv&cs_id=4855&cs_search= HTTP/1.0" 200 11477 "-" "Mozilla/5.0 (compatible; MJ12bot/v1.4.5; http://www.majestic12.co.uk/bot.php?+)"
136.243.5.215 - - [06/Apr/2015:15:46:11 +0200] "GET /news.php?cs_go=archiv&cs_id=4856&cs_search= HTTP/1.0" 200 11477 "-" "Mozilla/5.0 (compatible; MJ12bot/v1.4.5; http://www.majestic12.co.uk/bot.php?+)"
136.243.5.215 - - [06/Apr/2015:15:46:42 +0200] "GET /news.php?cs_go=archiv&cs_id=4858&cs_search= HTTP/1.0" 200 11477 "-" "Mozilla/5.0 (compatible; MJ12bot/v1.4.5; http://www.majestic12.co.uk/bot.php?+)"
136.243.5.215 - - [06/Apr/2015:15:47:01 +0200] "GET /news.php?cs_go=archiv&cs_id=4859&cs_search= HTTP/1.0" 200 11477 "-" "Mozilla/5.0 (compatible; MJ12bot/v1.4.5; http://www.majestic12.co.uk/bot.php?+)"
136.243.5.215 - - [06/Apr/2015:15:47:23 +0200] "GET /news.php?cs_go=archiv&cs_id=4860&cs_search= HTTP/1.0" 200 11477 "-" "Mozilla/5.0 (compatible; MJ12bot/v1.4.5; http://www.majestic12.co.uk/bot.php?+)"
136.243.5.215 - - [06/Apr/2015:15:47:44 +0200] "GET /news.php?cs_go=archiv&cs_id=4863&cs_search= HTTP/1.0" 200 11477 "-" "Mozilla/5.0 (compatible; MJ12bot/v1.4.5; http://www.majestic12.co.uk/bot.php?+)"
136.243.5.215 - - [06/Apr/2015:15:48:05 +0200] "GET /news.php?cs_go=archiv&cs_id=4864&cs_search= HTTP/1.0" 200 11477 "-" "Mozilla/5.0 (compatible; MJ12bot/v1.4.5; http://www.majestic12.co.uk/bot.php?+)"
136.243.5.215 - - [06/Apr/2015:15:48:31 +0200] "GET /news.php?cs_go=archiv&cs_id=4906 HTTP/1.0" 200 11477 "-" "Mozilla/5.0 (compatible; MJ12bot/v1.4.5; http://www.majestic12.co.uk/bot.php?+)"
136.243.5.215 - - [06/Apr/2015:15:51:54 +0200] "GET /news.php?cs_go=archiv&cs_id=4922 HTTP/1.0" 200 9055 "-" "Mozilla/5.0 (compatible; MJ12bot/v1.4.5; http://www.majestic12.co.uk/bot.php?+)"
136.243.5.215 - - [06/Apr/2015:15:51:42 +0200] "GET /news.php?cs_go=archiv&cs_id=4921 HTTP/1.0" 200 11477 "-" "Mozilla/5.0 (compatible; MJ12bot/v1.4.5; http://www.majestic12.co.uk/bot.php?+)"
136.243.5.215 - - [06/Apr/2015:15:52:35 +0200] "GET /news.php?cs_go=archiv&cs_id=5085&cs_search= HTTP/1.0" 200 11477 "-" "Mozilla/5.0 (compatible; MJ12bot/v1.4.5; http://www.majestic12.co.uk/bot.php?+)"
136.243.5.215 - - [06/Apr/2015:15:49:29 +0200] "GET /news.php?cs_go=archiv&cs_id=4907 HTTP/1.0" 200 11682 "-" "Mozilla/5.0 (compatible; MJ12bot/v1.4.5; http://www.majestic12.co.uk/bot.php?+)"
136.243.5.215 - - [06/Apr/2015:15:53:16 +0200] "GET /news.php?cs_go=archiv&cs_id=5089&cs_search= HTTP/1.0" 200 11477 "-" "Mozilla/5.0 (compatible; MJ12bot/v1.4.5; http://www.majestic12.co.uk/bot.php?+)"
136.243.5.215 - - [06/Apr/2015:15:53:35 +0200] "GET /news.php?cs_go=archiv&cs_id=5090&cs_search= HTTP/1.0" 200 11477 "-" "Mozilla/5.0 (compatible; MJ12bot/v1.4.5; http://www.majestic12.co.uk/bot.php?+)"
136.243.5.215 - - [06/Apr/2015:15:53:58 +0200] "GET /news.php?cs_go=archiv&cs_id=5091&cs_search= HTTP/1.0" 200 11477 "-" "Mozilla/5.0 (compatible; MJ12bot/v1.4.5; http://www.majestic12.co.uk/bot.php?+)"
136.243.5.215 - - [06/Apr/2015:15:50:57 +0200] "GET /news.php?cs_go=archiv&cs_id=4916 HTTP/1.0" 200 11682 "-" "Mozilla/5.0 (compatible; MJ12bot/v1.4.5; http://www.majestic12.co.uk/bot.php?+)"
136.243.5.215 - - [06/Apr/2015:15:51:05 +0200] "GET /news.php?cs_go=archiv&cs_id=4918 HTTP/1.0" 200 11682 "-" "Mozilla/5.0 (compatible; MJ12bot/v1.4.5; http://www.majestic12.co.uk/bot.php?+)"
136.243.5.215 - - [06/Apr/2015:15:54:43 +0200] "GET /news.php?cs_go=archiv&cs_id=5092&cs_search= HTTP/1.0" 200 11477 "-" "Mozilla/5.0 (compatible; MJ12bot/v1.4.5; http://www.majestic12.co.uk/bot.php?+)"
136.243.5.215 - - [06/Apr/2015:15:55:12 +0200] "GET /news.php?cs_go=archiv&cs_id=5093&cs_search= HTTP/1.0" 200 11477 "-" "Mozilla/5.0 (compatible; MJ12bot/v1.4.5; http://www.majestic12.co.uk/bot.php?+)"
136.243.5.215 - - [06/Apr/2015:15:55:45 +0200] "GET /news.php?cs_go=archiv&cs_id=5095&cs_search= HTTP/1.0" 200 11477 "-" "Mozilla/5.0 (compatible; MJ12bot/v1.4.5; http://www.majestic12.co.uk/bot.php?+)"
136.243.5.215 - - [06/Apr/2015:15:56:41 +0200] "GET /news.php?cs_go=archiv&cs_id=5096&cs_search= HTTP/1.0" 200 11477 "-" "Mozilla/5.0 (compatible; MJ12bot/v1.4.5; http://www.majestic12.co.uk/bot.php?+)"
136.243.5.215 - - [06/Apr/2015:15:57:04 +0200] "GET /news.php?cs_go=archiv&cs_id=5097&cs_search= HTTP/1.0" 200 11477 "-" "Mozilla/5.0 (compatible; MJ12bot/v1.4.5; http://www.majestic12.co.uk/bot.php?+)"
136.243.5.215 - - [06/Apr/2015:15:57:21 +0200] "GET /news.php?cs_go=archiv&cs_id=5098&cs_search= HTTP/1.0" 200 11477 "-" "Mozilla/5.0 (compatible; MJ12bot/v1.4.5; http://www.majestic12.co.uk/bot.php?+)"
136.243.5.215 - - [06/Apr/2015:15:58:00 +0200] "GET /news.php?cs_go=archiv&cs_id=5099&cs_search= HTTP/1.0" 200 11477 "-" "Mozilla/5.0 (compatible; MJ12bot/v1.4.5; http://www.majestic12.co.uk/bot.php?+)"
136.243.5.215 - - [06/Apr/2015:15:58:26 +0200] "GET /news.php?cs_go=archiv&cs_id=5100&cs_search= HTTP/1.0" 200 11477 "-" "Mozilla/5.0 (compatible; MJ12bot/v1.4.5; http://www.majestic12.co.uk/bot.php?+)"
136.243.5.215 - - [06/Apr/2015:15:58:42 +0200] "GET /news.php?cs_go=archiv&cs_id=5164 HTTP/1.0" 200 11477 "-" "Mozilla/5.0 (compatible; MJ12bot/v1.4.5; http://www.majestic12.co.uk/bot.php?+)"
136.243.5.215 - - [06/Apr/2015:15:59:04 +0200] "GET /news.php?cs_go=archiv&cs_id=5165 HTTP/1.0" 200 11477 "-" "Mozilla/5.0 (compatible; MJ12bot/v1.4.5; http://www.majestic12.co.uk/bot.php?+)"
136.243.5.215 - - [06/Apr/2015:15:59:26 +0200] "GET /news.php?cs_go=archiv&cs_id=5166 HTTP/1.0" 200 11477 "-" "Mozilla/5.0 (compatible; MJ12bot/v1.4.5; http://www.majestic12.co.uk/bot.php?+)"
136.243.5.215 - - [06/Apr/2015:15:59:49 +0200] "GET /news.php?cs_go=archiv&cs_id=5167 HTTP/1.0" 200 11477 "-" "Mozilla/5.0 (compatible; MJ12bot/v1.4.5; http://www.majestic12.co.uk/bot.php?+)"
136.243.5.215 - - [06/Apr/2015:16:00:16 +0200] "GET /news.php?cs_go=archiv&cs_id=5168 HTTP/1.0" 200 11477 "-" "Mozilla/5.0 (compatible; MJ12bot/v1.4.5; http://www.majestic12.co.uk/bot.php?+)"
136.243.5.215 - - [06/Apr/2015:16:00:56 +0200] "GET /news.php?cs_go=archiv&cs_id=5169 HTTP/1.0" 200 11477 "-" "Mozilla/5.0 (compatible; MJ12bot/v1.4.5; http://www.majestic12.co.uk/bot.php?+)"
136.243.5.215 - - [06/Apr/2015:16:01:18 +0200] "GET /news.php?cs_go=archiv&cs_id=5170 HTTP/1.0" 200 11477 "-" "Mozilla/5.0 (compatible; MJ12bot/v1.4.5; http://www.majestic12.co.uk/bot.php?+)"
136.243.5.215 - - [06/Apr/2015:16:01:32 +0200] "GET /news.php?cs_go=archiv&cs_id=5354 HTTP/1.0" 200 11477 "-" "Mozilla/5.0 (compatible; MJ12bot/v1.4.5; http://www.majestic12.co.uk/bot.php?+)"
136.243.5.215 - - [06/Apr/2015:16:01:53 +0200] "GET /news.php?cs_go=archiv&cs_id=5361 HTTP/1.0" 200 11477 "-" "Mozilla/5.0 (compatible; MJ12bot/v1.4.5; http://www.majestic12.co.uk/bot.php?+)"
136.243.5.215 - - [06/Apr/2015:16:02:15 +0200] "GET /news.php?cs_go=archiv&cs_id=5365 HTTP/1.0" 200 11477 "-" "Mozilla/5.0 (compatible; MJ12bot/v1.4.5; http://www.majestic12.co.uk/bot.php?+)"
136.243.5.215 - - [06/Apr/2015:16:02:50 +0200] "GET /news.php?cs_go=archiv&cs_id=5366 HTTP/1.0" 200 11477 "-" "Mozilla/5.0 (compatible; MJ12bot/v1.4.5; http://www.majestic12.co.uk/bot.php?+)"
136.243.5.215 - - [06/Apr/2015:16:03:07 +0200] "GET /news.php?cs_go=archiv&cs_id=5367 HTTP/1.0" 200 11477 "-" "Mozilla/5.0 (compatible; MJ12bot/v1.4.5; http://www.majestic12.co.uk/bot.php?+)"
136.243.5.215 - - [06/Apr/2015:16:03:35 +0200] "GET /news.php?cs_go=archiv&cs_startpos=181 HTTP/1.0" 200 11477 "-" "Mozilla/5.0 (compatible; MJ12bot/v1.4.5; http://www.majestic12.co.uk/bot.php?+)"
136.243.5.215 - - [06/Apr/2015:16:03:59 +0200] "GET /news.php?cs_go=archiv&cs_startpos=191 HTTP/1.0" 200 11477 "-" "Mozilla/5.0 (compatible; MJ12bot/v1.4.5; http://www.majestic12.co.uk/bot.php?+)"
136.243.5.215 - - [06/Apr/2015:16:04:20 +0200] "GET /news.php?cs_go=archiv&cs_startpos=210 HTTP/1.0" 200 11477 "-" "Mozilla/5.0 (compatible; MJ12bot/v1.4.5; http://www.majestic12.co.uk/bot.php?+)"
136.243.5.215 - - [06/Apr/2015:16:04:47 +0200] "GET /news.php?cs_go=archiv&cs_startpos=270 HTTP/1.0" 200 11477 "-" "Mozilla/5.0 (compatible; MJ12bot/v1.4.5; http://www.majestic12.co.uk/bot.php?+)"
188.40.35.213 - - [06/Apr/2015:16:04:52 +0200] "GET /impressum.php HTTP/1.0" 200 12936 "http://www.reisebueroplum.de/impressum.html" "User-Agent: Mozilla/4.0 (compatible; MSIE 7.0; Windows NT 6.0; SLCC1; .NET CLR 2.0.50727; Media Center PC 5.0; .NET CLR 3.0.04506; InfoPath.2)"
119.188.66.130 - - [06/Apr/2015:16:15:41 +0200] "GET / HTTP/1.1" 200 15920 "http://www.esso-berlin.de/" "Mozilla/5.0 (compatible; MSIE 9.0; Windows NT 6.1; Trident/5.0)"
66.249.78.142 - - [06/Apr/2015:16:43:16 +0200] "GET /news.php?cs_go=archiv&cs_startpos=70 HTTP/1.1" 200 11477 "-" "Mozilla/5.0 (compatible; Googlebot/2.1; +http://www.google.com/bot.html)"
66.249.78.149 - - [06/Apr/2015:16:49:36 +0200] "GET /news.php?cs_go=archiv&cs_startpos=70 HTTP/1.1" 200 11477 "-" "Mozilla/5.0 (compatible; Googlebot/2.1; +http://www.google.com/bot.html)"
157.55.39.9 - - [06/Apr/2015:17:01:01 +0200] "GET /robots.txt HTTP/1.1" 404 1256 "-" "Mozilla/5.0 (compatible; bingbot/2.0; +http://www.bing.com/bingbot.htm)"
66.249.78.149 - - [06/Apr/2015:16:55:45 +0200] "GET /news.php?cs_go=archiv&cs_startpos=70 HTTP/1.1" 200 11477 "-" "Mozilla/5.0 (compatible; Googlebot/2.1; +http://www.google.com/bot.html)"
157.55.39.9 - - [06/Apr/2015:17:01:06 +0200] "GET /news.php?cs_go=archiv&cs_id=4840 HTTP/1.1" 200 9055 "-" "Mozilla/5.0 (compatible; bingbot/2.0; +http://www.bing.com/bingbot.htm)"
66.249.78.43 - - [06/Apr/2015:16:58:45 +0200] "GET /news.php?cs_go=archiv&cs_id=2515 HTTP/1.1" 200 11477 "-" "Mozilla/5.0 (compatible; Googlebot/2.1; +http://www.google.com/bot.html)"
66.249.78.43 - - [06/Apr/2015:17:05:11 +0200] "GET /news.php?cs_go=archiv&cs_id=2515 HTTP/1.1" 200 11477 "-" "Mozilla/5.0 (compatible; Googlebot/2.1; +http://www.google.com/bot.html)"
66.249.78.43 - - [06/Apr/2015:17:11:37 +0200] "GET /news.php?cs_go=archiv&cs_id=2515 HTTP/1.1" 200 11477 "-" "Mozilla/5.0 (compatible; Googlebot/2.1; +http://www.google.com/bot.html)"
220.181.132.220 - - [06/Apr/2015:17:13:50 +0200] "GET / HTTP/1.1" 200 15920 "http://www.esso-berlin.de/" "Mozilla/4.0 (compatible; MSIE 8.0; Windows NT 6.1; Trident/4.0; SLCC2; .NET CLR 2.0.50727; .NET CLR 3.5.30729; .NET CLR 3.0.30729; Media Center PC 6.0; Tablet PC 2.0)"
171.13.14.147 - - [06/Apr/2015:17:14:02 +0200] "GET / HTTP/1.1" 200 15920 "http://www.esso-berlin.de/" "Mozilla/4.0 (compatible; MSIE 8.0; Windows NT 6.1; Trident/4.0; SLCC2; .NET CLR 2.0.50727; .NET CLR 3.5.30729; .NET CLR 3.0.30729; Media Center PC 6.0; Tablet PC 2.0)"
66.249.78.184 - - [06/Apr/2015:17:14:38 +0200] "GET /news.php?cs_go=archiv&cs_id=2265&cs_search= HTTP/1.1" 200 11477 "-" "Mozilla/5.0 (compatible; Googlebot/2.1; +http://www.google.com/bot.html)"
66.249.78.184 - - [06/Apr/2015:17:20:58 +0200] "GET /news.php?cs_go=archiv&cs_id=2265&cs_search= HTTP/1.1" 200 11477 "-" "Mozilla/5.0 (compatible; Googlebot/2.1; +http://www.google.com/bot.html)"
66.249.78.217 - - [06/Apr/2015:17:26:20 +0200] "GET /news.php?cs_go=archiv&cs_id=1794&cs_search= HTTP/1.1" 200 11477 "-" "Mozilla/5.0 (compatible; Googlebot/2.1; +http://www.google.com/bot.html)"
66.249.78.177 - - [06/Apr/2015:17:29:20 +0200] "GET /news.php?cs_go=archiv&cs_id=2265&cs_search= HTTP/1.1" 200 11477 "-" "Mozilla/5.0 (compatible; Googlebot/2.1; +http://www.google.com/bot.html)"
66.249.78.210 - - [06/Apr/2015:17:32:55 +0200] "GET /news.php?cs_go=archiv&cs_id=1794&cs_search= HTTP/1.1" 200 11477 "-" "Mozilla/5.0 (compatible; Googlebot/2.1; +http://www.google.com/bot.html)"
66.249.78.217 - - [06/Apr/2015:17:39:04 +0200] "GET /news.php?cs_go=archiv&cs_id=1794&cs_search= HTTP/1.1" 200 11477 "-" "Mozilla/5.0 (compatible; Googlebot/2.1; +http://www.google.com/bot.html)"
180.153.236.169 - - [06/Apr/2015:18:17:22 +0200] "GET / HTTP/1.1" 200 15920 "http://www.essoschmierstoffe.de/" "Mozilla/5.0 (compatible; MSIE 9.0; Windows NT 6.1; Trident/5.0); 360Spider(compatible; HaosouSpider; http://www.haosou.com/help/help_3_2.html)"
66.249.78.135 - - [06/Apr/2015:18:23:52 +0200] "GET /news.php?cs_go=archiv&cs_id=1129&cs_search= HTTP/1.1" 200 11477 "-" "Mozilla/5.0 (compatible; Googlebot/2.1; +http://www.google.com/bot.html)"
107.170.160.234 - - [06/Apr/2015:18:35:23 +0200] "GET /robots.txt HTTP/1.1" 404 1256 "-" "Mozilla/5.0 (compatible; spbot/4.4.2; +http://OpenLinkProfiler.org/bot )"
66.249.78.135 - - [06/Apr/2015:18:29:59 +0200] "GET /news.php?cs_go=archiv&cs_id=1129&cs_search= HTTP/1.1" 200 11477 "-" "Mozilla/5.0 (compatible; Googlebot/2.1; +http://www.google.com/bot.html)"
66.249.78.142 - - [06/Apr/2015:18:36:38 +0200] "GET /news.php?cs_go=archiv&cs_id=1129&cs_search= HTTP/1.1" 200 11477 "-" "Mozilla/5.0 (compatible; Googlebot/2.1; +http://www.google.com/bot.html)"
107.170.160.234 - - [06/Apr/2015:18:35:29 +0200] "GET / HTTP/1.1" 200 16125 "-" "Mozilla/5.0 (compatible; spbot/4.4.2; +http://OpenLinkProfiler.org/bot )"
207.46.13.29 - - [06/Apr/2015:19:04:16 +0200] "GET / HTTP/1.1" 200 9656 "-" "Mozilla/5.0 (compatible; bingbot/2.0; +http://www.bing.com/bingbot.htm)"
66.249.64.179 - - [06/Apr/2015:19:21:01 +0200] "GET /robots.txt HTTP/1.1" 404 1256 "-" "Mozilla/5.0 (compatible; Googlebot/2.1; +http://www.google.com/bot.html)"
66.249.78.36 - - [06/Apr/2015:19:21:01 +0200] "GET /news.php?cs_go=archiv&cs_id=4343 HTTP/1.1" 200 11477 "-" "Mozilla/5.0 (compatible; Googlebot/2.1; +http://www.google.com/bot.html)"
