5.9.41.104 - - [18/Apr/2015:12:52:02 +0200] "GET /biogasanlage.php HTTP/1.1" 200 11909 "-" "Mozilla/5.0 (compatible; SearchmetricsBot; http://www.searchmetrics.com/en/searchmetrics-bot/)"
5.9.41.104 - - [18/Apr/2015:12:52:13 +0200] "GET /adblue.php HTTP/1.1" 200 15843 "-" "Mozilla/5.0 (compatible; SearchmetricsBot; http://www.searchmetrics.com/en/searchmetrics-bot/)"
5.9.41.104 - - [18/Apr/2015:12:52:53 +0200] "GET /impressum.php HTTP/1.1" 200 12936 "-" "Mozilla/5.0 (compatible; SearchmetricsBot; http://www.searchmetrics.com/en/searchmetrics-bot/)"
5.9.41.104 - - [18/Apr/2015:12:53:04 +0200] "GET /jobs.php HTTP/1.1" 200 11716 "-" "Mozilla/5.0 (compatible; SearchmetricsBot; http://www.searchmetrics.com/en/searchmetrics-bot/)"
5.9.41.104 - - [18/Apr/2015:12:53:14 +0200] "GET /schmierstoffe.php HTTP/1.1" 200 14431 "-" "Mozilla/5.0 (compatible; SearchmetricsBot; http://www.searchmetrics.com/en/searchmetrics-bot/)"
5.9.41.104 - - [18/Apr/2015:12:53:24 +0200] "GET /preisanfrage.php HTTP/1.1" 200 11698 "-" "Mozilla/5.0 (compatible; SearchmetricsBot; http://www.searchmetrics.com/en/searchmetrics-bot/)"
5.9.41.104 - - [18/Apr/2015:12:54:08 +0200] "GET /baustellenbetankung.php HTTP/1.1" 200 12527 "-" "Mozilla/5.0 (compatible; SearchmetricsBot; http://www.searchmetrics.com/en/searchmetrics-bot/)"
5.9.41.104 - - [18/Apr/2015:12:54:28 +0200] "GET /marktdaten.php HTTP/1.1" 200 12103 "-" "Mozilla/5.0 (compatible; SearchmetricsBot; http://www.searchmetrics.com/en/searchmetrics-bot/)"
5.9.41.104 - - [18/Apr/2015:12:51:32 +0200] "GET / HTTP/1.1" 200 16125 "-" "Mozilla/5.0 (compatible; SearchmetricsBot; http://www.searchmetrics.com/en/searchmetrics-bot/)"
5.9.41.104 - - [18/Apr/2015:12:51:42 +0200] "GET /kontakt.php HTTP/1.1" 200 11672 "-" "Mozilla/5.0 (compatible; SearchmetricsBot; http://www.searchmetrics.com/en/searchmetrics-bot/)"
5.9.41.104 - - [18/Apr/2015:12:54:51 +0200] "GET /essoschmierstoffe.php HTTP/1.1" 200 15592 "-" "Mozilla/5.0 (compatible; SearchmetricsBot; http://www.searchmetrics.com/en/searchmetrics-bot/)"
5.9.41.104 - - [18/Apr/2015:12:51:52 +0200] "GET /tankreinigung.php HTTP/1.1" 200 11962 "-" "Mozilla/5.0 (compatible; SearchmetricsBot; http://www.searchmetrics.com/en/searchmetrics-bot/)"
5.9.41.104 - - [18/Apr/2015:12:55:02 +0200] "GET /premiumheizoel.php HTTP/1.1" 200 12235 "-" "Mozilla/5.0 (compatible; SearchmetricsBot; http://www.searchmetrics.com/en/searchmetrics-bot/)"
5.9.41.104 - - [18/Apr/2015:12:52:23 +0200] "GET /heizoel.php HTTP/1.1" 200 12204 "-" "Mozilla/5.0 (compatible; SearchmetricsBot; http://www.searchmetrics.com/en/searchmetrics-bot/)"
5.9.41.104 - - [18/Apr/2015:12:52:33 +0200] "GET /diesel.php HTTP/1.1" 200 12167 "-" "Mozilla/5.0 (compatible; SearchmetricsBot; http://www.searchmetrics.com/en/searchmetrics-bot/)"
5.9.41.104 - - [18/Apr/2015:12:52:43 +0200] "GET /ec.php HTTP/1.1" 200 11821 "-" "Mozilla/5.0 (compatible; SearchmetricsBot; http://www.searchmetrics.com/en/searchmetrics-bot/)"
5.9.41.104 - - [18/Apr/2015:12:55:53 +0200] "GET /waermekonto.php HTTP/1.1" 200 12036 "-" "Mozilla/5.0 (compatible; SearchmetricsBot; http://www.searchmetrics.com/en/searchmetrics-bot/)"
5.9.41.104 - - [18/Apr/2015:12:56:36 +0200] "GET /notdienst.php HTTP/1.1" 200 12433 "-" "Mozilla/5.0 (compatible; SearchmetricsBot; http://www.searchmetrics.com/en/searchmetrics-bot/)"
5.9.41.104 - - [18/Apr/2015:12:56:47 +0200] "GET /ansprechpartner.php HTTP/1.1" 200 13907 "-" "Mozilla/5.0 (compatible; SearchmetricsBot; http://www.searchmetrics.com/en/searchmetrics-bot/)"
5.9.41.104 - - [18/Apr/2015:12:53:47 +0200] "GET /brennwerttechnik.php HTTP/1.1" 200 12064 "-" "Mozilla/5.0 (compatible; SearchmetricsBot; http://www.searchmetrics.com/en/searchmetrics-bot/)"
5.9.41.104 - - [18/Apr/2015:12:53:57 +0200] "GET /edl.php HTTP/1.1" 200 12021 "-" "Mozilla/5.0 (compatible; SearchmetricsBot; http://www.searchmetrics.com/en/searchmetrics-bot/)"
5.9.41.104 - - [18/Apr/2015:12:54:18 +0200] "GET /faq.php HTTP/1.1" 200 11681 "-" "Mozilla/5.0 (compatible; SearchmetricsBot; http://www.searchmetrics.com/en/searchmetrics-bot/)"
5.9.41.104 - - [18/Apr/2015:12:54:41 +0200] "GET /energiesparcheck.php HTTP/1.1" 200 11754 "-" "Mozilla/5.0 (compatible; SearchmetricsBot; http://www.searchmetrics.com/en/searchmetrics-bot/)"
5.9.41.104 - - [18/Apr/2015:12:55:12 +0200] "GET /foerdermittel.php HTTP/1.1" 200 12029 "-" "Mozilla/5.0 (compatible; SearchmetricsBot; http://www.searchmetrics.com/en/searchmetrics-bot/)"
5.9.41.104 - - [18/Apr/2015:12:55:22 +0200] "GET /lexikon.php HTTP/1.1" 200 11671 "-" "Mozilla/5.0 (compatible; SearchmetricsBot; http://www.searchmetrics.com/en/searchmetrics-bot/)"
5.9.41.104 - - [18/Apr/2015:12:55:32 +0200] "GET /ofenbau.php HTTP/1.1" 200 11901 "-" "Mozilla/5.0 (compatible; SearchmetricsBot; http://www.searchmetrics.com/en/searchmetrics-bot/)"
5.9.41.104 - - [18/Apr/2015:12:55:42 +0200] "GET /news.php HTTP/1.1" 200 11682 "-" "Mozilla/5.0 (compatible; SearchmetricsBot; http://www.searchmetrics.com/en/searchmetrics-bot/)"
5.9.41.104 - - [18/Apr/2015:12:56:06 +0200] "GET /wunschpreis.php HTTP/1.1" 200 11851 "-" "Mozilla/5.0 (compatible; SearchmetricsBot; http://www.searchmetrics.com/en/searchmetrics-bot/)"
5.9.41.104 - - [18/Apr/2015:12:56:16 +0200] "GET /index.php HTTP/1.1" 200 16125 "-" "Mozilla/5.0 (compatible; SearchmetricsBot; http://www.searchmetrics.com/en/searchmetrics-bot/)"
5.9.41.104 - - [18/Apr/2015:12:56:26 +0200] "GET /tankanlagen.php HTTP/1.1" 200 11893 "-" "Mozilla/5.0 (compatible; SearchmetricsBot; http://www.searchmetrics.com/en/searchmetrics-bot/)"
5.9.41.104 - - [18/Apr/2015:12:53:34 +0200] "GET /energiekostenvergleich.php HTTP/1.1" 200 24259 "-" "Mozilla/5.0 (compatible; SearchmetricsBot; http://www.searchmetrics.com/en/searchmetrics-bot/)"
66.249.78.119 - - [18/Apr/2015:13:07:00 +0200] "GET /news.php?cs_go=archiv&cs_id=5151 HTTP/1.1" 200 11477 "-" "Mozilla/5.0 (compatible; Googlebot/2.1; +http://www.google.com/bot.html)"
107.23.45.196 - - [18/Apr/2015:13:07:45 +0200] "GET / HTTP/1.1" 200 16125 "http://www.esso-berlin.de/" "Mozilla/5.0 (compatible; DuckDuckGo-Favicons-Bot/1.0; +http://duckduckgo.com)"
66.249.78.112 - - [18/Apr/2015:13:13:08 +0200] "GET /news.php?cs_go=archiv&cs_id=5151 HTTP/1.1" 200 11477 "-" "Mozilla/5.0 (compatible; Googlebot/2.1; +http://www.google.com/bot.html)"
66.249.78.119 - - [18/Apr/2015:13:13:48 +0200] "GET /news.php?cs_go=archiv&cs_id=1673&cs_search= HTTP/1.1" 200 11477 "-" "Mozilla/5.0 (compatible; Googlebot/2.1; +http://www.google.com/bot.html)"
66.249.78.112 - - [18/Apr/2015:13:19:22 +0200] "GET /news.php?cs_go=archiv&cs_id=5151 HTTP/1.1" 200 11477 "-" "Mozilla/5.0 (compatible; Googlebot/2.1; +http://www.google.com/bot.html)"
66.249.78.126 - - [18/Apr/2015:13:22:22 +0200] "GET /news.php?cs_go=archiv&cs_id=1673&cs_search= HTTP/1.1" 200 11477 "-" "Mozilla/5.0 (compatible; Googlebot/2.1; +http://www.google.com/bot.html)"
66.249.78.126 - - [18/Apr/2015:13:28:58 +0200] "GET /news.php?cs_go=archiv&cs_id=1673&cs_search= HTTP/1.1" 200 11477 "-" "Mozilla/5.0 (compatible; Googlebot/2.1; +http://www.google.com/bot.html)"
66.249.78.36 - - [18/Apr/2015:13:53:27 +0200] "GET /news.php?cs_go=archiv&cs_id=5066 HTTP/1.1" 200 11477 "-" "Mozilla/5.0 (compatible; Googlebot/2.1; +http://www.google.com/bot.html)"
66.249.78.43 - - [18/Apr/2015:14:00:05 +0200] "GET /news.php?cs_go=archiv&cs_id=5066 HTTP/1.1" 200 11477 "-" "Mozilla/5.0 (compatible; Googlebot/2.1; +http://www.google.com/bot.html)"
66.249.78.43 - - [18/Apr/2015:14:06:26 +0200] "GET /news.php?cs_go=archiv&cs_id=5066 HTTP/1.1" 200 11477 "-" "Mozilla/5.0 (compatible; Googlebot/2.1; +http://www.google.com/bot.html)"
66.249.78.249 - - [18/Apr/2015:14:20:22 +0200] "GET /baustellenbetankung.php HTTP/1.1" 200 12527 "-" "Mozilla/5.0 (compatible; Googlebot/2.1; +http://www.google.com/bot.html)"
66.249.78.9 - - [18/Apr/2015:14:26:45 +0200] "GET /baustellenbetankung.php HTTP/1.1" 200 12527 "-" "Mozilla/5.0 (compatible; Googlebot/2.1; +http://www.google.com/bot.html)"
66.249.78.50 - - [18/Apr/2015:14:29:45 +0200] "GET /news.php?cs_go=archiv&cs_id=5374&cs_search= HTTP/1.1" 200 11477 "-" "Mozilla/5.0 (compatible; Googlebot/2.1; +http://www.google.com/bot.html)"
66.249.78.2 - - [18/Apr/2015:14:33:19 +0200] "GET /baustellenbetankung.php HTTP/1.1" 200 12527 "-" "Mozilla/5.0 (compatible; Googlebot/2.1; +http://www.google.com/bot.html)"
66.249.78.43 - - [18/Apr/2015:14:36:20 +0200] "GET /news.php?cs_go=archiv&cs_id=5374&cs_search= HTTP/1.1" 200 11477 "-" "Mozilla/5.0 (compatible; Googlebot/2.1; +http://www.google.com/bot.html)"
66.249.64.8 - - [18/Apr/2015:14:40:13 +0200] "GET /tankanlagen.php HTTP/1.1" 200 11688 "-" "Mozilla/5.0 (iPhone; CPU iPhone OS 6_0 like Mac OS X) AppleWebKit/536.26 (KHTML, like Gecko) Version/6.0 Mobile/10A5376e Safari/8536.25 (compatible; Googlebot/2.1; +http://www.google.com/bot.html)"
66.249.64.85 - - [18/Apr/2015:14:43:42 +0200] "GET /news.php?cs_go=archiv&cs_id=5374&cs_search= HTTP/1.1" 200 11477 "-" "Mozilla/5.0 (compatible; Googlebot/2.1; +http://www.google.com/bot.html)"
66.249.78.217 - - [18/Apr/2015:14:46:51 +0200] "GET /tankanlagen.php HTTP/1.1" 200 11688 "-" "Mozilla/5.0 (iPhone; CPU iPhone OS 6_0 like Mac OS X) AppleWebKit/536.26 (KHTML, like Gecko) Version/6.0 Mobile/10A5376e Safari/8536.25 (compatible; Googlebot/2.1; +http://www.google.com/bot.html)"
66.249.78.224 - - [18/Apr/2015:14:53:03 +0200] "GET /tankanlagen.php HTTP/1.1" 200 11688 "-" "Mozilla/5.0 (iPhone; CPU iPhone OS 6_0 like Mac OS X) AppleWebKit/536.26 (KHTML, like Gecko) Version/6.0 Mobile/10A5376e Safari/8536.25 (compatible; Googlebot/2.1; +http://www.google.com/bot.html)"
66.249.64.89 - - [18/Apr/2015:15:03:31 +0200] "GET /news.php?cs_go=archiv&cs_id=2730 HTTP/1.1" 200 11477 "-" "Mozilla/5.0 (compatible; Googlebot/2.1; +http://www.google.com/bot.html)"
66.249.78.43 - - [18/Apr/2015:15:09:59 +0200] "GET /news.php?cs_go=archiv&cs_id=2730 HTTP/1.1" 200 11477 "-" "Mozilla/5.0 (compatible; Googlebot/2.1; +http://www.google.com/bot.html)"
66.249.78.43 - - [18/Apr/2015:15:12:59 +0200] "GET /news.php?cs_go=archiv&cs_id=3715 HTTP/1.1" 200 11477 "-" "Mozilla/5.0 (compatible; Googlebot/2.1; +http://www.google.com/bot.html)"
66.249.78.43 - - [18/Apr/2015:15:16:21 +0200] "GET /news.php?cs_go=archiv&cs_id=2730 HTTP/1.1" 200 11477 "-" "Mozilla/5.0 (compatible; Googlebot/2.1; +http://www.google.com/bot.html)"
66.249.78.50 - - [18/Apr/2015:15:19:21 +0200] "GET /news.php?cs_go=archiv&cs_id=3715 HTTP/1.1" 200 11477 "-" "Mozilla/5.0 (compatible; Googlebot/2.1; +http://www.google.com/bot.html)"
66.249.78.50 - - [18/Apr/2015:15:25:35 +0200] "GET /news.php?cs_go=archiv&cs_id=3715 HTTP/1.1" 200 11477 "-" "Mozilla/5.0 (compatible; Googlebot/2.1; +http://www.google.com/bot.html)"
64.246.165.140 - - [18/Apr/2015:15:46:32 +0200] "GET /robots.txt HTTP/1.0" 404 1256 "-" "Mozilla/5.0 (Windows; U; Windows NT 5.1; en; rv:1.9.0.13) Gecko/2009073022 Firefox/3.5.2 (.NET CLR 3.5.30729) SurveyBot/2.3 (DomainTools)"
64.246.165.140 - - [18/Apr/2015:15:46:33 +0200] "GET / HTTP/1.1" 200 15920 "http://whois.domaintools.com/essodiesel.de" "Mozilla/5.0 (Windows; U; Windows NT 5.1; en; rv:1.9.0.13) Gecko/2009073022 Firefox/3.5.2 (.NET CLR 3.5.30729) SurveyBot/2.3 (DomainTools)"
216.145.11.94 - - [18/Apr/2015:15:52:56 +0200] "GET /robots.txt HTTP/1.0" 404 1256 "-" "Mozilla/5.0 (Windows; U; Windows NT 5.1; en; rv:1.9.0.13) Gecko/2009073022 Firefox/3.5.2 (.NET CLR 3.5.30729) SurveyBot/2.3 (DomainTools)"
216.145.11.94 - - [18/Apr/2015:15:52:56 +0200] "GET / HTTP/1.1" 200 15920 "http://whois.domaintools.com/essoschmierstoffe.de" "Mozilla/5.0 (Windows; U; Windows NT 5.1; en; rv:1.9.0.13) Gecko/2009073022 Firefox/3.5.2 (.NET CLR 3.5.30729) SurveyBot/2.3 (DomainTools)"
216.145.5.42 - - [18/Apr/2015:15:59:26 +0200] "GET /robots.txt HTTP/1.0" 404 1256 "-" "Mozilla/5.0 (Windows; U; Windows NT 5.1; en; rv:1.9.0.13) Gecko/2009073022 Firefox/3.5.2 (.NET CLR 3.5.30729) SurveyBot/2.3 (DomainTools)"
66.249.78.50 - - [18/Apr/2015:15:55:24 +0200] "GET /news.php?cs_go=archiv&cs_id=4642 HTTP/1.1" 200 11477 "-" "Mozilla/5.0 (iPhone; CPU iPhone OS 6_0 like Mac OS X) AppleWebKit/536.26 (KHTML, like Gecko) Version/6.0 Mobile/10A5376e Safari/8536.25 (compatible; Googlebot/2.1; +http://www.google.com/bot.html)"
216.145.5.42 - - [18/Apr/2015:15:59:26 +0200] "GET / HTTP/1.1" 200 15920 "http://whois.domaintools.com/esso-berlin.de" "Mozilla/5.0 (Windows; U; Windows NT 5.1; en; rv:1.9.0.13) Gecko/2009073022 Firefox/3.5.2 (.NET CLR 3.5.30729) SurveyBot/2.3 (DomainTools)"
66.249.78.50 - - [18/Apr/2015:16:01:57 +0200] "GET /news.php?cs_go=archiv&cs_id=4642 HTTP/1.1" 200 11477 "-" "Mozilla/5.0 (iPhone; CPU iPhone OS 6_0 like Mac OS X) AppleWebKit/536.26 (KHTML, like Gecko) Version/6.0 Mobile/10A5376e Safari/8536.25 (compatible; Googlebot/2.1; +http://www.google.com/bot.html)"
66.249.78.43 - - [18/Apr/2015:16:06:52 +0200] "GET /news.php?cs_go=archiv&cs_id=4575 HTTP/1.1" 200 11477 "-" "Mozilla/5.0 (compatible; Googlebot/2.1; +http://www.google.com/bot.html)"
66.249.78.43 - - [18/Apr/2015:16:09:52 +0200] "GET /news.php?cs_go=archiv&cs_id=4642 HTTP/1.1" 200 11477 "-" "Mozilla/5.0 (iPhone; CPU iPhone OS 6_0 like Mac OS X) AppleWebKit/536.26 (KHTML, like Gecko) Version/6.0 Mobile/10A5376e Safari/8536.25 (compatible; Googlebot/2.1; +http://www.google.com/bot.html)"
66.249.78.50 - - [18/Apr/2015:16:13:20 +0200] "GET /news.php?cs_go=archiv&cs_id=4575 HTTP/1.1" 200 11477 "-" "Mozilla/5.0 (compatible; Googlebot/2.1; +http://www.google.com/bot.html)"
66.249.78.36 - - [18/Apr/2015:16:16:20 +0200] "GET /news.php?cs_go=archiv&cs_id=5066 HTTP/1.1" 200 11477 "-" "Mozilla/5.0 (compatible; Googlebot/2.1; +http://www.google.com/bot.html)"
66.249.78.50 - - [18/Apr/2015:16:19:23 +0200] "GET /news.php?cs_go=archiv&cs_id=4888&cs_search= HTTP/1.1" 200 11477 "-" "Mozilla/5.0 (compatible; Googlebot/2.1; +http://www.google.com/bot.html)"
66.249.78.50 - - [18/Apr/2015:16:22:22 +0200] "GET /news.php?cs_go=archiv&cs_id=4575 HTTP/1.1" 200 11477 "-" "Mozilla/5.0 (compatible; Googlebot/2.1; +http://www.google.com/bot.html)"
66.249.78.43 - - [18/Apr/2015:16:25:22 +0200] "GET /news.php?cs_go=archiv&cs_id=5066 HTTP/1.1" 200 11477 "-" "Mozilla/5.0 (compatible; Googlebot/2.1; +http://www.google.com/bot.html)"
66.249.78.36 - - [18/Apr/2015:16:28:23 +0200] "GET /news.php?cs_go=archiv&cs_id=4888&cs_search= HTTP/1.1" 200 11477 "-" "Mozilla/5.0 (compatible; Googlebot/2.1; +http://www.google.com/bot.html)"
66.249.78.36 - - [18/Apr/2015:16:31:23 +0200] "GET /news.php?cs_go=archiv&cs_id=5220 HTTP/1.1" 200 11477 "-" "Mozilla/5.0 (compatible; Googlebot/2.1; +http://www.google.com/bot.html)"
66.249.78.36 - - [18/Apr/2015:16:34:23 +0200] "GET /news.php?cs_go=archiv&cs_id=5066 HTTP/1.1" 200 11477 "-" "Mozilla/5.0 (compatible; Googlebot/2.1; +http://www.google.com/bot.html)"
66.249.78.43 - - [18/Apr/2015:16:37:23 +0200] "GET /news.php?cs_go=archiv&cs_id=4888&cs_search= HTTP/1.1" 200 11477 "-" "Mozilla/5.0 (compatible; Googlebot/2.1; +http://www.google.com/bot.html)"
64.246.165.170 - - [18/Apr/2015:16:46:03 +0200] "GET /robots.txt HTTP/1.0" 404 1256 "-" "Mozilla/5.0 (Windows; U; Windows NT 5.1; en; rv:1.9.0.13) Gecko/2009073022 Firefox/3.5.2 (.NET CLR 3.5.30729) SurveyBot/2.3 (DomainTools)"
66.249.78.36 - - [18/Apr/2015:16:40:24 +0200] "GET /news.php?cs_go=archiv&cs_id=5220 HTTP/1.1" 200 11477 "-" "Mozilla/5.0 (compatible; Googlebot/2.1; +http://www.google.com/bot.html)"
66.249.78.43 - - [18/Apr/2015:16:47:00 +0200] "GET /robots.txt HTTP/1.1" 404 1256 "-" "Mozilla/5.0 (compatible; Googlebot/2.1; +http://www.google.com/bot.html)"
64.246.165.170 - - [18/Apr/2015:16:46:04 +0200] "GET / HTTP/1.1" 200 15920 "http://whois.domaintools.com/essoberlin.de" "Mozilla/5.0 (Windows; U; Windows NT 5.1; en; rv:1.9.0.13) Gecko/2009073022 Firefox/3.5.2 (.NET CLR 3.5.30729) SurveyBot/2.3 (DomainTools)"
66.249.78.36 - - [18/Apr/2015:16:47:00 +0200] "GET /news.php?cs_go=archiv&cs_id=5220 HTTP/1.1" 200 11477 "-" "Mozilla/5.0 (compatible; Googlebot/2.1; +http://www.google.com/bot.html)"
66.249.78.50 - - [18/Apr/2015:17:13:56 +0200] "GET /news.php?cs_go=archiv&cs_id=4825&cs_search= HTTP/1.1" 200 11477 "-" "Mozilla/5.0 (compatible; Googlebot/2.1; +http://www.google.com/bot.html)"
62.24.252.133 - - [18/Apr/2015:17:22:53 +0200] "GET / HTTP/1.0" 200 9656 "http://www.esso-berlin.de/" "Mozilla/4.0 (compatible; MSIE 8.0; Windows NT 5.1; Trident/4.0; .NET CLR 2.0.50727; .NET CLR 3.0.04506.648; .NET CLR 3.5.21022; .NET CLR 3.0.4506.2152; .NET CLR 3.5.30729; InfoPath.2)"
66.249.78.36 - - [18/Apr/2015:17:19:57 +0200] "GET /news.php?cs_go=archiv&cs_id=4825&cs_search= HTTP/1.1" 200 11477 "-" "Mozilla/5.0 (compatible; Googlebot/2.1; +http://www.google.com/bot.html)"
81.187.72.193 - - [18/Apr/2015:17:22:17 +0200] "GET / HTTP/1.1" 200 15920 "-" "OrgProbe/0.9.4 (+http://www.blocked.org.uk)"
86.22.185.171 - - [18/Apr/2015:17:22:19 +0200] "GET / HTTP/1.1" 200 15920 "-" "OrgProbe/0.9.4 (+http://www.blocked.org.uk)"
86.147.133.55 - - [18/Apr/2015:17:22:20 +0200] "GET / HTTP/1.1" 200 15920 "-" "OrgProbe/0.9.4 (+http://www.blocked.org.uk)"
78.149.135.85 - - [18/Apr/2015:17:22:22 +0200] "GET / HTTP/1.1" 200 15920 "-" "OrgProbe/0.9.4 (+http://www.blocked.org.uk)"
212.159.100.48 - - [18/Apr/2015:17:22:31 +0200] "GET / HTTP/1.1" 200 15920 "-" "OrgProbe/0.9.4 (+http://www.blocked.org.uk)"
66.249.78.50 - - [18/Apr/2015:17:22:57 +0200] "GET /news.php?cs_go=archiv&cs_id=4678&cs_search= HTTP/1.1" 200 11477 "-" "Mozilla/5.0 (compatible; Googlebot/2.1; +http://www.google.com/bot.html)"
5.68.238.196 - - [18/Apr/2015:17:22:15 +0200] "GET / HTTP/1.1" 200 16125 "-" "OrgProbe/0.9.4 (+http://www.blocked.org.uk)"
82.132.235.214 - - [18/Apr/2015:17:22:33 +0200] "GET / HTTP/1.1" 200 16125 "-" "OrgProbe/0.9.4 (+http://www.blocked.org.uk)"
213.205.194.64 - - [18/Apr/2015:17:22:39 +0200] "GET / HTTP/1.1" 200 16125 "-" "OrgProbe/0.9.4 (+http://www.blocked.org.uk)"
85.255.233.11 - - [18/Apr/2015:17:22:43 +0200] "GET / HTTP/1.1" 200 16125 "-" "OrgProbe/0.9.4 (+http://www.blocked.org.uk)"
66.249.78.43 - - [18/Apr/2015:17:26:05 +0200] "GET /news.php?cs_go=archiv&cs_id=4825&cs_search= HTTP/1.1" 200 11477 "-" "Mozilla/5.0 (compatible; Googlebot/2.1; +http://www.google.com/bot.html)"
66.249.78.50 - - [18/Apr/2015:17:29:05 +0200] "GET /news.php?cs_go=archiv&cs_id=5344&cs_search= HTTP/1.1" 200 11477 "-" "Mozilla/5.0 (compatible; Googlebot/2.1; +http://www.google.com/bot.html)"
66.249.78.36 - - [18/Apr/2015:17:32:34 +0200] "GET /news.php?cs_go=archiv&cs_id=4678&cs_search= HTTP/1.1" 200 11477 "-" "Mozilla/5.0 (compatible; Googlebot/2.1; +http://www.google.com/bot.html)"
66.249.78.50 - - [18/Apr/2015:17:35:35 +0200] "GET /news.php?cs_go=archiv&cs_id=5229 HTTP/1.1" 200 11477 "-" "Mozilla/5.0 (compatible; Googlebot/2.1; +http://www.google.com/bot.html)"
66.249.78.50 - - [18/Apr/2015:17:38:34 +0200] "GET /news.php?cs_go=archiv&cs_id=5344&cs_search= HTTP/1.1" 200 11477 "-" "Mozilla/5.0 (compatible; Googlebot/2.1; +http://www.google.com/bot.html)"
66.249.78.36 - - [18/Apr/2015:17:41:34 +0200] "GET /news.php?cs_go=archiv&cs_id=4678&cs_search= HTTP/1.1" 200 11477 "-" "Mozilla/5.0 (compatible; Googlebot/2.1; +http://www.google.com/bot.html)"
66.249.78.36 - - [18/Apr/2015:17:44:35 +0200] "GET /news.php?cs_go=archiv&cs_id=5229 HTTP/1.1" 200 11477 "-" "Mozilla/5.0 (compatible; Googlebot/2.1; +http://www.google.com/bot.html)"
66.249.78.43 - - [18/Apr/2015:17:47:35 +0200] "GET /news.php?cs_go=archiv&cs_id=5344&cs_search= HTTP/1.1" 200 11477 "-" "Mozilla/5.0 (compatible; Googlebot/2.1; +http://www.google.com/bot.html)"
66.249.78.36 - - [18/Apr/2015:17:51:01 +0200] "GET /news.php?cs_go=archiv&cs_id=5229 HTTP/1.1" 200 11477 "-" "Mozilla/5.0 (compatible; Googlebot/2.1; +http://www.google.com/bot.html)"
66.249.78.36 - - [18/Apr/2015:17:57:10 +0200] "GET /news.php?cs_go=archiv&cs_id=4432 HTTP/1.1" 200 11477 "-" "Mozilla/5.0 (compatible; Googlebot/2.1; +http://www.google.com/bot.html)"
66.249.78.50 - - [18/Apr/2015:18:00:11 +0200] "GET /news.php?cs_go=archiv&cs_id=4531&cs_search= HTTP/1.1" 200 11477 "-" "Mozilla/5.0 (compatible; Googlebot/2.1; +http://www.google.com/bot.html)"
66.249.78.43 - - [18/Apr/2015:18:03:41 +0200] "GET /news.php?cs_go=archiv&cs_id=5018&cs_search= HTTP/1.1" 200 11477 "-" "Mozilla/5.0 (compatible; Googlebot/2.1; +http://www.google.com/bot.html)"
66.249.78.43 - - [18/Apr/2015:18:06:40 +0200] "GET /news.php?cs_go=archiv&cs_id=4432 HTTP/1.1" 200 11477 "-" "Mozilla/5.0 (compatible; Googlebot/2.1; +http://www.google.com/bot.html)"
66.249.78.36 - - [18/Apr/2015:18:09:40 +0200] "GET /news.php?cs_go=archiv&cs_id=4531&cs_search= HTTP/1.1" 200 11477 "-" "Mozilla/5.0 (compatible; Googlebot/2.1; +http://www.google.com/bot.html)"
66.249.78.36 - - [18/Apr/2015:18:12:40 +0200] "GET /news.php?cs_go=archiv&cs_id=5016&cs_search= HTTP/1.1" 200 11477 "-" "Mozilla/5.0 (compatible; Googlebot/2.1; +http://www.google.com/bot.html)"
66.249.78.43 - - [18/Apr/2015:18:15:40 +0200] "GET /news.php?cs_go=archiv&cs_id=5018&cs_search= HTTP/1.1" 200 11477 "-" "Mozilla/5.0 (compatible; Googlebot/2.1; +http://www.google.com/bot.html)"
66.249.78.36 - - [18/Apr/2015:18:18:41 +0200] "GET /news.php?cs_go=archiv&cs_id=4432 HTTP/1.1" 200 11477 "-" "Mozilla/5.0 (compatible; Googlebot/2.1; +http://www.google.com/bot.html)"
66.249.78.50 - - [18/Apr/2015:18:21:41 +0200] "GET / HTTP/1.1" 200 15920 "-" "Mozilla/5.0 (compatible; Googlebot/2.1; +http://www.google.com/bot.html)"
66.249.78.43 - - [18/Apr/2015:18:24:41 +0200] "GET /news.php?cs_go=archiv&cs_id=4531&cs_search= HTTP/1.1" 200 11477 "-" "Mozilla/5.0 (compatible; Googlebot/2.1; +http://www.google.com/bot.html)"
66.249.78.36 - - [18/Apr/2015:18:27:41 +0200] "GET /news.php?cs_go=archiv&cs_id=5016&cs_search= HTTP/1.1" 200 11477 "-" "Mozilla/5.0 (compatible; Googlebot/2.1; +http://www.google.com/bot.html)"
66.249.64.87 - - [18/Apr/2015:18:30:41 +0200] "GET / HTTP/1.1" 200 15920 "-" "Mozilla/5.0 (compatible; Googlebot/2.1; +http://www.google.com/bot.html)"
66.249.78.50 - - [18/Apr/2015:18:33:41 +0200] "GET /news.php?cs_go=archiv&cs_id=4642 HTTP/1.1" 200 11477 "-" "Mozilla/5.0 (iPhone; CPU iPhone OS 6_0 like Mac OS X) AppleWebKit/536.26 (KHTML, like Gecko) Version/6.0 Mobile/10A5376e Safari/8536.25 (compatible; Googlebot/2.1; +http://www.google.com/bot.html)"
66.249.78.36 - - [18/Apr/2015:18:36:41 +0200] "GET /news.php?cs_go=archiv&cs_id=5018&cs_search= HTTP/1.1" 200 11477 "-" "Mozilla/5.0 (compatible; Googlebot/2.1; +http://www.google.com/bot.html)"
66.249.78.43 - - [18/Apr/2015:18:39:41 +0200] "GET / HTTP/1.1" 200 15920 "-" "Mozilla/5.0 (compatible; Googlebot/2.1; +http://www.google.com/bot.html)"
66.249.78.50 - - [18/Apr/2015:18:42:41 +0200] "GET /news.php?cs_go=archiv&cs_id=4642 HTTP/1.1" 200 11477 "-" "Mozilla/5.0 (iPhone; CPU iPhone OS 6_0 like Mac OS X) AppleWebKit/536.26 (KHTML, like Gecko) Version/6.0 Mobile/10A5376e Safari/8536.25 (compatible; Googlebot/2.1; +http://www.google.com/bot.html)"
66.249.78.43 - - [18/Apr/2015:18:45:41 +0200] "GET /news.php?cs_go=archiv&cs_id=5016&cs_search= HTTP/1.1" 200 11477 "-" "Mozilla/5.0 (compatible; Googlebot/2.1; +http://www.google.com/bot.html)"
66.249.78.43 - - [18/Apr/2015:18:49:09 +0200] "GET /news.php?cs_go=archiv&cs_id=4642 HTTP/1.1" 200 11477 "-" "Mozilla/5.0 (iPhone; CPU iPhone OS 6_0 like Mac OS X) AppleWebKit/536.26 (KHTML, like Gecko) Version/6.0 Mobile/10A5376e Safari/8536.25 (compatible; Googlebot/2.1; +http://www.google.com/bot.html)"
66.249.78.50 - - [18/Apr/2015:18:52:10 +0200] "GET /news.php?cs_go=archiv&cs_id=5338&cs_search= HTTP/1.1" 200 11477 "-" "Mozilla/5.0 (compatible; Googlebot/2.1; +http://www.google.com/bot.html)"
66.249.78.50 - - [18/Apr/2015:18:58:45 +0200] "GET /news.php?cs_go=archiv&cs_id=5338&cs_search= HTTP/1.1" 200 11477 "-" "Mozilla/5.0 (compatible; Googlebot/2.1; +http://www.google.com/bot.html)"
66.249.78.210 - - [18/Apr/2015:19:03:01 +0200] "GET /ec.php HTTP/1.1" 200 11616 "-" "Mozilla/5.0 (iPhone; CPU iPhone OS 6_0 like Mac OS X) AppleWebKit/536.26 (KHTML, like Gecko) Version/6.0 Mobile/10A5376e Safari/8536.25 (compatible; Googlebot/2.1; +http://www.google.com/bot.html)"
66.249.78.36 - - [18/Apr/2015:19:06:01 +0200] "GET /news.php?cs_go=archiv&cs_id=5338&cs_search= HTTP/1.1" 200 11477 "-" "Mozilla/5.0 (compatible; Googlebot/2.1; +http://www.google.com/bot.html)"
66.249.78.217 - - [18/Apr/2015:19:09:44 +0200] "GET /ec.php HTTP/1.1" 200 11616 "-" "Mozilla/5.0 (iPhone; CPU iPhone OS 6_0 like Mac OS X) AppleWebKit/536.26 (KHTML, like Gecko) Version/6.0 Mobile/10A5376e Safari/8536.25 (compatible; Googlebot/2.1; +http://www.google.com/bot.html)"
66.249.78.224 - - [18/Apr/2015:19:16:27 +0200] "GET /ec.php HTTP/1.1" 200 11616 "-" "Mozilla/5.0 (iPhone; CPU iPhone OS 6_0 like Mac OS X) AppleWebKit/536.26 (KHTML, like Gecko) Version/6.0 Mobile/10A5376e Safari/8536.25 (compatible; Googlebot/2.1; +http://www.google.com/bot.html)"
66.249.78.50 - - [18/Apr/2015:19:26:03 +0200] "GET /news.php?cs_go=archiv&cs_id=5139 HTTP/1.1" 200 11477 "-" "Mozilla/5.0 (compatible; Googlebot/2.1; +http://www.google.com/bot.html)"
66.249.78.50 - - [18/Apr/2015:19:35:13 +0200] "GET /images/ral.jpg HTTP/1.1" 304 - "-" "Googlebot-Image/1.0"
66.249.78.43 - - [18/Apr/2015:19:32:12 +0200] "GET /news.php?cs_go=archiv&cs_id=5338&cs_search= HTTP/1.1" 200 11477 "-" "Mozilla/5.0 (compatible; Googlebot/2.1; +http://www.google.com/bot.html)"
66.249.64.89 - - [18/Apr/2015:19:36:11 +0200] "GET /news.php?cs_go=archiv&cs_id=5139 HTTP/1.1" 200 11477 "-" "Mozilla/5.0 (compatible; Googlebot/2.1; +http://www.google.com/bot.html)"
66.249.78.43 - - [18/Apr/2015:19:39:11 +0200] "GET /news.php?cs_go=archiv&cs_id=4718 HTTP/1.1" 200 11477 "-" "Mozilla/5.0 (compatible; Googlebot/2.1; +http://www.google.com/bot.html)"
66.249.64.85 - - [18/Apr/2015:19:42:11 +0200] "GET /news.php?cs_go=archiv&cs_id=5338&cs_search= HTTP/1.1" 200 11477 "-" "Mozilla/5.0 (compatible; Googlebot/2.1; +http://www.google.com/bot.html)"
123.125.71.104 - - [18/Apr/2015:19:46:22 +0200] "GET / HTTP/1.1" 200 9656 "-" "Mozilla/5.0 (Windows NT 5.1; rv:6.0.2) Gecko/20100101 Firefox/6.0.2"
157.55.39.196 - - [18/Apr/2015:19:47:21 +0200] "GET / HTTP/1.1" 200 9656 "-" "Mozilla/5.0 (compatible; bingbot/2.0; +http://www.bing.com/bingbot.htm)"
220.181.108.95 - - [18/Apr/2015:19:48:19 +0200] "GET / HTTP/1.1" 200 9656 "-" "Mozilla/5.0 (Windows NT 5.1; rv:6.0.2) Gecko/20100101 Firefox/6.0.2"
66.249.78.36 - - [18/Apr/2015:19:45:11 +0200] "GET /news.php?cs_go=archiv&cs_id=5139 HTTP/1.1" 200 11477 "-" "Mozilla/5.0 (compatible; Googlebot/2.1; +http://www.google.com/bot.html)"
66.249.78.50 - - [18/Apr/2015:19:48:11 +0200] "GET /news.php?cs_go=archiv&cs_id=4718 HTTP/1.1" 200 11477 "-" "Mozilla/5.0 (compatible; Googlebot/2.1; +http://www.google.com/bot.html)"
66.249.78.43 - - [18/Apr/2015:19:51:12 +0200] "GET /news.php?cs_go=archiv&cs_id=5338&cs_search= HTTP/1.1" 200 11477 "-" "Mozilla/5.0 (compatible; Googlebot/2.1; +http://www.google.com/bot.html)"
66.249.78.43 - - [18/Apr/2015:19:54:12 +0200] "GET /news.php?cs_go=archiv&cs_id=4717&cs_search= HTTP/1.1" 200 11477 "-" "Mozilla/5.0 (compatible; Googlebot/2.1; +http://www.google.com/bot.html)"
66.249.78.50 - - [18/Apr/2015:19:57:12 +0200] "GET /news.php?cs_go=archiv&cs_id=4718 HTTP/1.1" 200 11477 "-" "Mozilla/5.0 (compatible; Googlebot/2.1; +http://www.google.com/bot.html)"
66.249.78.43 - - [18/Apr/2015:20:00:43 +0200] "GET /news.php?cs_go=archiv&cs_id=4717&cs_search= HTTP/1.1" 200 11477 "-" "Mozilla/5.0 (compatible; Googlebot/2.1; +http://www.google.com/bot.html)"
66.249.78.36 - - [18/Apr/2015:20:06:49 +0200] "GET /news.php?cs_go=archiv&cs_id=3028 HTTP/1.1" 200 11477 "-" "Mozilla/5.0 (compatible; Googlebot/2.1; +http://www.google.com/bot.html)"
66.249.78.36 - - [18/Apr/2015:20:09:49 +0200] "GET /news.php?cs_go=archiv&cs_id=4717&cs_search= HTTP/1.1" 200 11477 "-" "Mozilla/5.0 (compatible; Googlebot/2.1; +http://www.google.com/bot.html)"
66.249.78.36 - - [18/Apr/2015:20:12:49 +0200] "GET /news.php?cs_go=archiv&cs_id=3548 HTTP/1.1" 200 11477 "-" "Mozilla/5.0 (compatible; Googlebot/2.1; +http://www.google.com/bot.html)"
66.249.64.87 - - [18/Apr/2015:20:15:49 +0200] "GET /news.php?cs_go=archiv&cs_id=5313&cs_search= HTTP/1.1" 200 11477 "-" "Mozilla/5.0 (compatible; Googlebot/2.1; +http://www.google.com/bot.html)"
66.249.78.50 - - [18/Apr/2015:20:18:49 +0200] "GET /news.php?cs_go=archiv&cs_id=3028 HTTP/1.1" 200 11477 "-" "Mozilla/5.0 (compatible; Googlebot/2.1; +http://www.google.com/bot.html)"
66.249.78.36 - - [18/Apr/2015:20:21:50 +0200] "GET /news.php?cs_go=archiv&cs_id=2712 HTTP/1.1" 200 11477 "-" "Mozilla/5.0 (compatible; Googlebot/2.1; +http://www.google.com/bot.html)"
66.249.78.43 - - [18/Apr/2015:20:24:50 +0200] "GET /news.php?cs_go=archiv&cs_id=3548 HTTP/1.1" 200 11477 "-" "Mozilla/5.0 (compatible; Googlebot/2.1; +http://www.google.com/bot.html)"
66.249.78.43 - - [18/Apr/2015:20:27:50 +0200] "GET /news.php?cs_go=archiv&cs_id=5313&cs_search= HTTP/1.1" 200 11477 "-" "Mozilla/5.0 (compatible; Googlebot/2.1; +http://www.google.com/bot.html)"
66.249.78.50 - - [18/Apr/2015:20:30:50 +0200] "GET /news.php?cs_go=archiv&cs_id=3028 HTTP/1.1" 200 11477 "-" "Mozilla/5.0 (compatible; Googlebot/2.1; +http://www.google.com/bot.html)"
66.249.78.50 - - [18/Apr/2015:20:33:51 +0200] "GET /news.php?cs_go=archiv&cs_id=2712 HTTP/1.1" 200 11477 "-" "Mozilla/5.0 (compatible; Googlebot/2.1; +http://www.google.com/bot.html)"
66.249.78.43 - - [18/Apr/2015:20:36:50 +0200] "GET /news.php?cs_go=archiv&cs_id=3548 HTTP/1.1" 200 11477 "-" "Mozilla/5.0 (compatible; Googlebot/2.1; +http://www.google.com/bot.html)"
66.249.64.89 - - [18/Apr/2015:20:39:51 +0200] "GET /news.php?cs_go=archiv&cs_id=5313&cs_search= HTTP/1.1" 200 11477 "-" "Mozilla/5.0 (compatible; Googlebot/2.1; +http://www.google.com/bot.html)"
123.125.71.98 - - [18/Apr/2015:20:48:16 +0200] "GET /robots.txt HTTP/1.1" 404 1256 "-" "Mozilla/5.0 (Windows NT 5.1; rv:6.0.2) Gecko/20100101 Firefox/6.0.2"
66.249.78.36 - - [18/Apr/2015:20:42:51 +0200] "GET /news.php?cs_go=archiv&cs_id=2712 HTTP/1.1" 200 11477 "-" "Mozilla/5.0 (compatible; Googlebot/2.1; +http://www.google.com/bot.html)"
66.249.78.249 - - [18/Apr/2015:20:45:51 +0200] "GET / HTTP/1.1" 200 15920 "-" "Mozilla/5.0 (compatible; Googlebot/2.1; +http://www.google.com/bot.html)"
66.249.78.9 - - [18/Apr/2015:20:51:53 +0200] "GET / HTTP/1.1" 200 15920 "-" "Mozilla/5.0 (compatible; Googlebot/2.1; +http://www.google.com/bot.html)"
66.249.78.2 - - [18/Apr/2015:20:58:13 +0200] "GET / HTTP/1.1" 200 15920 "-" "Mozilla/5.0 (compatible; Googlebot/2.1; +http://www.google.com/bot.html)"
66.249.78.9 - - [18/Apr/2015:21:15:56 +0200] "GET / HTTP/1.1" 200 15920 "-" "Mozilla/5.0 (compatible; Googlebot/2.1; +http://www.google.com/bot.html)"
66.249.78.249 - - [18/Apr/2015:21:22:00 +0200] "GET / HTTP/1.1" 200 15920 "-" "Mozilla/5.0 (compatible; Googlebot/2.1; +http://www.google.com/bot.html)"
66.249.78.154 - - [18/Apr/2015:21:25:29 +0200] "GET / HTTP/1.1" 200 15920 "-" "Mozilla/5.0 (compatible; Googlebot/2.1; +http://www.google.com/bot.html)"
66.249.78.9 - - [18/Apr/2015:21:28:29 +0200] "GET / HTTP/1.1" 200 15920 "-" "Mozilla/5.0 (compatible; Googlebot/2.1; +http://www.google.com/bot.html)"
66.249.78.147 - - [18/Apr/2015:21:32:11 +0200] "GET / HTTP/1.1" 200 15920 "-" "Mozilla/5.0 (compatible; Googlebot/2.1; +http://www.google.com/bot.html)"
66.249.78.249 - - [18/Apr/2015:21:35:11 +0200] "GET /lexikon.php HTTP/1.1" 200 11466 "-" "Mozilla/5.0 (compatible; Googlebot/2.1; +http://www.google.com/bot.html)"
66.249.78.154 - - [18/Apr/2015:21:38:40 +0200] "GET / HTTP/1.1" 200 15920 "-" "Mozilla/5.0 (compatible; Googlebot/2.1; +http://www.google.com/bot.html)"
66.249.64.89 - - [18/Apr/2015:21:43:06 +0200] "GET /lexikon.php HTTP/1.1" 200 11466 "-" "Mozilla/5.0 (compatible; Googlebot/2.1; +http://www.google.com/bot.html)"
66.249.78.50 - - [18/Apr/2015:21:46:25 +0200] "GET /news.php?cs_go=archiv&cs_id=4147 HTTP/1.1" 200 11477 "-" "Mozilla/5.0 (compatible; Googlebot/2.1; +http://www.google.com/bot.html)"
66.249.78.249 - - [18/Apr/2015:21:49:25 +0200] "GET /lexikon.php HTTP/1.1" 200 11466 "-" "Mozilla/5.0 (compatible; Googlebot/2.1; +http://www.google.com/bot.html)"
66.249.64.85 - - [18/Apr/2015:21:52:44 +0200] "GET /news.php?cs_go=archiv&cs_id=4147 HTTP/1.1" 200 11477 "-" "Mozilla/5.0 (compatible; Googlebot/2.1; +http://www.google.com/bot.html)"
66.249.78.36 - - [18/Apr/2015:21:55:44 +0200] "GET /news.php?cs_go=archiv&cs_id=5259&cs_search= HTTP/1.1" 200 11477 "-" "Mozilla/5.0 (compatible; Googlebot/2.1; +http://www.google.com/bot.html)"
66.249.78.210 - - [18/Apr/2015:22:02:23 +0200] "GET /robots.txt HTTP/1.1" 404 1256 "-" "Mozilla/5.0 (compatible; Googlebot/2.1; +http://www.google.com/bot.html)"
66.249.78.43 - - [18/Apr/2015:21:59:23 +0200] "GET /news.php?cs_go=archiv&cs_id=4147 HTTP/1.1" 200 11477 "-" "Mozilla/5.0 (compatible; Googlebot/2.1; +http://www.google.com/bot.html)"
66.249.78.210 - - [18/Apr/2015:22:02:24 +0200] "GET /lexikon.php?cs_go=3&cs_id=135 HTTP/1.1" 200 11466 "-" "Mozilla/5.0 (compatible; Googlebot/2.1; +http://www.google.com/bot.html)"
66.249.78.36 - - [18/Apr/2015:22:05:23 +0200] "GET /news.php?cs_go=archiv&cs_id=5259&cs_search= HTTP/1.1" 200 11477 "-" "Mozilla/5.0 (compatible; Googlebot/2.1; +http://www.google.com/bot.html)"
66.249.78.217 - - [18/Apr/2015:22:09:04 +0200] "GET /lexikon.php?cs_go=3&cs_id=135 HTTP/1.1" 200 11466 "-" "Mozilla/5.0 (compatible; Googlebot/2.1; +http://www.google.com/bot.html)"
66.249.78.43 - - [18/Apr/2015:22:12:04 +0200] "GET /news.php?cs_go=archiv&cs_id=5259&cs_search= HTTP/1.1" 200 11477 "-" "Mozilla/5.0 (compatible; Googlebot/2.1; +http://www.google.com/bot.html)"
66.249.78.210 - - [18/Apr/2015:22:15:45 +0200] "GET /lexikon.php?cs_go=3&cs_id=135 HTTP/1.1" 200 11466 "-" "Mozilla/5.0 (compatible; Googlebot/2.1; +http://www.google.com/bot.html)"
47.69.40.154 - - [18/Apr/2015:22:23:50 +0200] "GET /images/adblue.png HTTP/1.1" 200 10428 "http://www.bing.com/images/search?q=ad+blue+beh%c3%a4lter&view=detailv2&&&id=660F647B817EFA0D62589E580E11B11D269F5828&selectedIndex=125&ccid=1N3y2lAp&simid=608039139109834064&thid=JN.DAajPwJ8zftHZoKn1ubISQ&mode=overlay" "Mozilla/5.0 (Windows NT 6.3; WOW64; Trident/7.0; Touch; rv:11.0) like Gecko"
66.249.64.30 - - [18/Apr/2015:22:28:20 +0200] "GET /robots.txt HTTP/1.1" 404 1256 "-" "Mozilla/5.0 (compatible; Googlebot/2.1; +http://www.google.com/bot.html)"
66.249.78.177 - - [18/Apr/2015:22:25:20 +0200] "GET /news.php?cs_go=archiv&cs_startpos=1 HTTP/1.1" 200 11477 "-" "Mozilla/5.0 (compatible; Googlebot/2.1; +http://www.google.com/bot.html)"
66.249.78.112 - - [18/Apr/2015:22:28:20 +0200] "GET /ofenbau.php HTTP/1.1" 200 11696 "-" "Mozilla/5.0 (iPhone; CPU iPhone OS 6_0 like Mac OS X) AppleWebKit/536.26 (KHTML, like Gecko) Version/6.0 Mobile/10A5376e Safari/8536.25 (compatible; Googlebot/2.1; +http://www.google.com/bot.html)"
68.180.228.160 - - [18/Apr/2015:22:37:03 +0200] "GET /robots.txt HTTP/1.1" 404 1256 "-" "Mozilla/5.0 (compatible; Yahoo! Slurp; http://help.yahoo.com/help/us/ysearch/slurp)"
66.249.78.177 - - [18/Apr/2015:22:31:29 +0200] "GET /news.php?cs_go=archiv&cs_startpos=1 HTTP/1.1" 200 11477 "-" "Mozilla/5.0 (compatible; Googlebot/2.1; +http://www.google.com/bot.html)"
68.180.228.160 - - [18/Apr/2015:22:37:04 +0200] "GET /energiekostenvergleich.php HTTP/1.1" 200 17945 "-" "Mozilla/5.0 (compatible; Yahoo! Slurp; http://help.yahoo.com/help/us/ysearch/slurp)"
66.249.78.126 - - [18/Apr/2015:22:34:46 +0200] "GET /ofenbau.php HTTP/1.1" 200 11696 "-" "Mozilla/5.0 (iPhone; CPU iPhone OS 6_0 like Mac OS X) AppleWebKit/536.26 (KHTML, like Gecko) Version/6.0 Mobile/10A5376e Safari/8536.25 (compatible; Googlebot/2.1; +http://www.google.com/bot.html)"
66.249.78.177 - - [18/Apr/2015:22:37:47 +0200] "GET /news.php?cs_go=archiv&cs_startpos=1 HTTP/1.1" 200 11477 "-" "Mozilla/5.0 (compatible; Googlebot/2.1; +http://www.google.com/bot.html)"
66.249.78.112 - - [18/Apr/2015:22:41:06 +0200] "GET /ofenbau.php HTTP/1.1" 200 11696 "-" "Mozilla/5.0 (iPhone; CPU iPhone OS 6_0 like Mac OS X) AppleWebKit/536.26 (KHTML, like Gecko) Version/6.0 Mobile/10A5376e Safari/8536.25 (compatible; Googlebot/2.1; +http://www.google.com/bot.html)"
157.55.39.211 - - [18/Apr/2015:22:49:21 +0200] "GET /robots.txt HTTP/1.1" 404 1256 "-" "Mozilla/5.0 (compatible; bingbot/2.0; +http://www.bing.com/bingbot.htm)"
157.55.39.211 - - [18/Apr/2015:22:49:29 +0200] "GET /news.php?cs_go=archiv&cs_id=5394 HTTP/1.1" 200 9055 "-" "Mozilla/5.0 (compatible; bingbot/2.0; +http://www.bing.com/bingbot.htm)"
157.55.39.211 - - [18/Apr/2015:22:50:08 +0200] "GET /news.php?cs_go=archiv&cs_id=5393 HTTP/1.1" 200 9055 "-" "Mozilla/5.0 (compatible; bingbot/2.0; +http://www.bing.com/bingbot.htm)"
157.55.39.212 - - [18/Apr/2015:22:50:46 +0200] "GET /news.php?cs_go=archiv&cs_id=5373 HTTP/1.1" 200 9055 "-" "Mozilla/5.0 (compatible; bingbot/2.0; +http://www.bing.com/bingbot.htm)"
157.55.39.211 - - [18/Apr/2015:22:51:24 +0200] "GET /news.php?cs_go=archiv&cs_id=5374 HTTP/1.1" 200 9055 "-" "Mozilla/5.0 (compatible; bingbot/2.0; +http://www.bing.com/bingbot.htm)"
157.55.39.211 - - [18/Apr/2015:22:52:04 +0200] "GET /news.php?cs_go=archiv&cs_id=5384 HTTP/1.1" 200 9055 "-" "Mozilla/5.0 (compatible; bingbot/2.0; +http://www.bing.com/bingbot.htm)"
157.55.39.204 - - [18/Apr/2015:22:52:46 +0200] "GET /news.php?cs_go=archiv&cs_id=5391 HTTP/1.1" 200 9055 "-" "Mozilla/5.0 (compatible; bingbot/2.0; +http://www.bing.com/bingbot.htm)"
157.55.39.212 - - [18/Apr/2015:22:52:50 +0200] "GET /news.php?cs_go=archiv&cs_id=5388 HTTP/1.1" 200 9055 "-" "Mozilla/5.0 (compatible; bingbot/2.0; +http://www.bing.com/bingbot.htm)"
157.55.39.204 - - [18/Apr/2015:22:53:21 +0200] "GET /news.php?cs_go=archiv&cs_id=5371 HTTP/1.1" 200 9055 "-" "Mozilla/5.0 (compatible; bingbot/2.0; +http://www.bing.com/bingbot.htm)"
157.55.39.211 - - [18/Apr/2015:22:53:26 +0200] "GET /news.php?cs_go=archiv&cs_id=5368 HTTP/1.1" 200 9055 "-" "Mozilla/5.0 (compatible; bingbot/2.0; +http://www.bing.com/bingbot.htm)"
157.55.39.204 - - [18/Apr/2015:22:53:56 +0200] "GET /news.php?cs_go=archiv&cs_id=5376 HTTP/1.1" 200 9055 "-" "Mozilla/5.0 (compatible; bingbot/2.0; +http://www.bing.com/bingbot.htm)"
157.55.39.204 - - [18/Apr/2015:22:54:33 +0200] "GET /news.php?cs_go=archiv&cs_id=5386 HTTP/1.1" 200 9055 "-" "Mozilla/5.0 (compatible; bingbot/2.0; +http://www.bing.com/bingbot.htm)"
157.55.39.204 - - [18/Apr/2015:22:55:08 +0200] "GET /news.php?cs_go=archiv&cs_id=5366 HTTP/1.1" 200 9055 "-" "Mozilla/5.0 (compatible; bingbot/2.0; +http://www.bing.com/bingbot.htm)"
157.55.39.37 - - [18/Apr/2015:22:56:13 +0200] "GET /lexikon.php?cs_go=3&cs_id=215 HTTP/1.1" 200 9042 "-" "Mozilla/5.0 (compatible; bingbot/2.0; +http://www.bing.com/bingbot.htm)"
157.55.39.37 - - [18/Apr/2015:22:57:00 +0200] "GET /news.php?cs_go=archiv&cs_id=5367 HTTP/1.1" 200 9055 "-" "Mozilla/5.0 (compatible; bingbot/2.0; +http://www.bing.com/bingbot.htm)"
157.55.39.37 - - [18/Apr/2015:22:57:39 +0200] "GET /news.php?cs_go=archiv&cs_id=5370 HTTP/1.1" 200 9055 "-" "Mozilla/5.0 (compatible; bingbot/2.0; +http://www.bing.com/bingbot.htm)"
157.55.39.37 - - [18/Apr/2015:23:01:01 +0200] "GET /downloads/Imagebroschuere%20team%20energie%20-%20TE%20Verwaltung%20Energiehandel_klein.pdf HTTP/1.1" 200 893384 "-" "Mozilla/5.0 (compatible; bingbot/2.0; +http://www.bing.com/bingbot.htm)"
157.55.39.37 - - [18/Apr/2015:22:58:34 +0200] "GET /news.php?cs_go=archiv&cs_id=5390 HTTP/1.1" 200 9055 "-" "Mozilla/5.0 (compatible; bingbot/2.0; +http://www.bing.com/bingbot.htm)"
157.55.39.37 - - [18/Apr/2015:22:59:24 +0200] "GET / HTTP/1.1" 200 9656 "-" "Mozilla/5.0 (compatible; bingbot/2.0; +http://www.bing.com/bingbot.htm)"
157.55.39.37 - - [18/Apr/2015:23:00:14 +0200] "GET /news.php?cs_go=archiv HTTP/1.1" 200 9055 "-" "Mozilla/5.0 (compatible; bingbot/2.0; +http://www.bing.com/bingbot.htm)"
66.249.78.36 - - [18/Apr/2015:22:59:16 +0200] "GET /news.php?cs_go=archiv&cs_id=3925 HTTP/1.1" 200 11477 "-" "Mozilla/5.0 (compatible; Googlebot/2.1; +http://www.google.com/bot.html)"
66.249.78.50 - - [18/Apr/2015:23:05:34 +0200] "GET /news.php?cs_go=archiv&cs_id=3925 HTTP/1.1" 200 11477 "-" "Mozilla/5.0 (compatible; Googlebot/2.1; +http://www.google.com/bot.html)"
66.249.78.184 - - [18/Apr/2015:23:08:43 +0200] "GET / HTTP/1.1" 200 15920 "-" "Mozilla/5.0 (compatible; Googlebot/2.1; +http://www.google.com/bot.html)"
66.249.78.36 - - [18/Apr/2015:23:12:14 +0200] "GET /news.php?cs_go=archiv&cs_id=3925 HTTP/1.1" 200 11477 "-" "Mozilla/5.0 (compatible; Googlebot/2.1; +http://www.google.com/bot.html)"
66.249.64.93 - - [18/Apr/2015:23:15:43 +0200] "GET / HTTP/1.1" 200 15920 "-" "Mozilla/5.0 (compatible; Googlebot/2.1; +http://www.google.com/bot.html)"
66.249.78.177 - - [18/Apr/2015:23:22:13 +0200] "GET / HTTP/1.1" 200 15920 "-" "Mozilla/5.0 (compatible; Googlebot/2.1; +http://www.google.com/bot.html)"
157.55.39.198 - - [18/Apr/2015:23:42:17 +0200] "GET /news.php?cs_go=archiv&cs_id=5389 HTTP/1.1" 200 9055 "-" "Mozilla/5.0 (compatible; bingbot/2.0; +http://www.bing.com/bingbot.htm)"
157.55.39.198 - - [18/Apr/2015:23:42:53 +0200] "GET /news.php?cs_go=archiv&cs_id=5392 HTTP/1.1" 200 9055 "-" "Mozilla/5.0 (compatible; bingbot/2.0; +http://www.bing.com/bingbot.htm)"
157.55.39.198 - - [18/Apr/2015:23:46:12 +0200] "GET /images/Industrieschmierstoffe_Katalog_March_2012.pdf HTTP/1.1" 200 1284222 "-" "Mozilla/5.0 (compatible; bingbot/2.0; +http://www.bing.com/bingbot.htm)"
157.55.39.198 - - [18/Apr/2015:23:43:26 +0200] "GET /news.php?cs_go=archiv&cs_id=5369 HTTP/1.1" 200 9055 "-" "Mozilla/5.0 (compatible; bingbot/2.0; +http://www.bing.com/bingbot.htm)"
157.55.39.198 - - [18/Apr/2015:23:44:01 +0200] "GET /news.php?cs_go=archiv&cs_id=5372 HTTP/1.1" 200 9055 "-" "Mozilla/5.0 (compatible; bingbot/2.0; +http://www.bing.com/bingbot.htm)"
157.55.39.198 - - [18/Apr/2015:23:44:41 +0200] "GET /news.php?cs_go=archiv&cs_id=5375 HTTP/1.1" 200 9055 "-" "Mozilla/5.0 (compatible; bingbot/2.0; +http://www.bing.com/bingbot.htm)"
157.55.39.198 - - [18/Apr/2015:23:45:24 +0200] "GET /news.php?cs_go=archiv&cs_id=5385 HTTP/1.1" 200 9055 "-" "Mozilla/5.0 (compatible; bingbot/2.0; +http://www.bing.com/bingbot.htm)"
157.55.39.198 - - [18/Apr/2015:23:46:12 +0200] "GET /agb.php HTTP/1.1" 200 9146 "-" "Mozilla/5.0 (compatible; bingbot/2.0; +http://www.bing.com/bingbot.htm)"
157.55.39.198 - - [18/Apr/2015:23:46:56 +0200] "GET /news.php?cs_go=archiv&cs_id=5365 HTTP/1.1" 200 9055 "-" "Mozilla/5.0 (compatible; bingbot/2.0; +http://www.bing.com/bingbot.htm)"
66.249.78.50 - - [18/Apr/2015:23:54:22 +0200] "GET /news.php?cs_go=archiv&cs_id=4642 HTTP/1.1" 200 11477 "-" "Mozilla/5.0 (iPhone; CPU iPhone OS 6_0 like Mac OS X) AppleWebKit/536.26 (KHTML, like Gecko) Version/6.0 Mobile/10A5376e Safari/8536.25 (compatible; Googlebot/2.1; +http://www.google.com/bot.html)"
66.249.78.36 - - [19/Apr/2015:00:00:32 +0200] "GET /news.php?cs_go=archiv&cs_id=4642 HTTP/1.1" 200 11477 "-" "Mozilla/5.0 (iPhone; CPU iPhone OS 6_0 like Mac OS X) AppleWebKit/536.26 (KHTML, like Gecko) Version/6.0 Mobile/10A5376e Safari/8536.25 (compatible; Googlebot/2.1; +http://www.google.com/bot.html)"
66.249.78.210 - - [19/Apr/2015:00:06:18 +0200] "GET /preisanfrage.php HTTP/1.1" 200 11493 "-" "Mozilla/5.0 (compatible; Googlebot/2.1; +http://www.google.com/bot.html)"
66.249.78.43 - - [19/Apr/2015:00:09:18 +0200] "GET /news.php?cs_go=archiv&cs_id=4642 HTTP/1.1" 200 11477 "-" "Mozilla/5.0 (iPhone; CPU iPhone OS 6_0 like Mac OS X) AppleWebKit/536.26 (KHTML, like Gecko) Version/6.0 Mobile/10A5376e Safari/8536.25 (compatible; Googlebot/2.1; +http://www.google.com/bot.html)"
66.249.78.210 - - [19/Apr/2015:00:12:45 +0200] "GET /preisanfrage.php HTTP/1.1" 200 11493 "-" "Mozilla/5.0 (compatible; Googlebot/2.1; +http://www.google.com/bot.html)"
66.249.64.8 - - [19/Apr/2015:00:18:54 +0200] "GET /preisanfrage.php HTTP/1.1" 200 11493 "-" "Mozilla/5.0 (compatible; Googlebot/2.1; +http://www.google.com/bot.html)"
66.249.78.36 - - [19/Apr/2015:00:38:46 +0200] "GET / HTTP/1.1" 200 15920 "-" "Mozilla/5.0 (compatible; Googlebot/2.1; +http://www.google.com/bot.html)"
66.249.78.43 - - [19/Apr/2015:00:44:53 +0200] "GET / HTTP/1.1" 200 15920 "-" "Mozilla/5.0 (compatible; Googlebot/2.1; +http://www.google.com/bot.html)"
66.249.64.89 - - [19/Apr/2015:00:51:09 +0200] "GET / HTTP/1.1" 200 15920 "-" "Mozilla/5.0 (compatible; Googlebot/2.1; +http://www.google.com/bot.html)"
66.249.78.177 - - [19/Apr/2015:01:12:42 +0200] "GET /robots.txt HTTP/1.1" 404 1256 "-" "Mozilla/5.0 (compatible; Googlebot/2.1; +http://www.google.com/bot.html)"
66.249.64.95 - - [19/Apr/2015:01:12:42 +0200] "GET /news.php?cs_go=archiv&cs_startpos=1 HTTP/1.1" 200 11477 "-" "Mozilla/5.0 (compatible; Googlebot/2.1; +http://www.google.com/bot.html)"
66.249.64.93 - - [19/Apr/2015:01:19:05 +0200] "GET /news.php?cs_go=archiv&cs_startpos=1 HTTP/1.1" 200 11477 "-" "Mozilla/5.0 (compatible; Googlebot/2.1; +http://www.google.com/bot.html)"
66.249.78.177 - - [19/Apr/2015:01:29:29 +0200] "GET /modul.css HTTP/1.1" 200 36485 "-" "Mozilla/5.0 (compatible; Googlebot/2.1; +http://www.google.com/bot.html)"
66.249.78.170 - - [19/Apr/2015:01:29:30 +0200] "GET /style.css HTTP/1.1" 200 8056 "-" "Mozilla/5.0 (compatible; Googlebot/2.1; +http://www.google.com/bot.html)"
66.249.64.95 - - [19/Apr/2015:01:25:11 +0200] "GET /news.php?cs_go=archiv&cs_startpos=1 HTTP/1.1" 200 11477 "-" "Mozilla/5.0 (compatible; Googlebot/2.1; +http://www.google.com/bot.html)"
66.249.78.184 - - [19/Apr/2015:01:44:21 +0200] "GET /news.php?cs_go=archiv&cs_startpos=30 HTTP/1.1" 200 11477 "-" "Mozilla/5.0 (compatible; Googlebot/2.1; +http://www.google.com/bot.html)"
66.249.78.149 - - [19/Apr/2015:01:53:51 +0200] "GET /robots.txt HTTP/1.1" 404 1256 "-" "Mozilla/5.0 (compatible; Googlebot/2.1; +http://www.google.com/bot.html)"
66.249.78.177 - - [19/Apr/2015:01:50:51 +0200] "GET /news.php?cs_go=archiv&cs_startpos=30 HTTP/1.1" 200 11477 "-" "Mozilla/5.0 (compatible; Googlebot/2.1; +http://www.google.com/bot.html)"
66.249.78.149 - - [19/Apr/2015:01:53:51 +0200] "GET / HTTP/1.1" 200 15920 "-" "Mozilla/5.0 (iPhone; CPU iPhone OS 6_0 like Mac OS X) AppleWebKit/536.26 (KHTML, like Gecko) Version/6.0 Mobile/10A5376e Safari/8536.25 (compatible; Googlebot/2.1; +http://www.google.com/bot.html)"
66.249.78.170 - - [19/Apr/2015:01:58:18 +0200] "GET /news.php?cs_go=archiv&cs_startpos=30 HTTP/1.1" 200 11477 "-" "Mozilla/5.0 (compatible; Googlebot/2.1; +http://www.google.com/bot.html)"
66.249.64.80 - - [19/Apr/2015:02:01:18 +0200] "GET / HTTP/1.1" 200 15920 "-" "Mozilla/5.0 (iPhone; CPU iPhone OS 6_0 like Mac OS X) AppleWebKit/536.26 (KHTML, like Gecko) Version/6.0 Mobile/10A5376e Safari/8536.25 (compatible; Googlebot/2.1; +http://www.google.com/bot.html)"
66.249.78.142 - - [19/Apr/2015:02:07:19 +0200] "GET / HTTP/1.1" 200 15920 "-" "Mozilla/5.0 (iPhone; CPU iPhone OS 6_0 like Mac OS X) AppleWebKit/536.26 (KHTML, like Gecko) Version/6.0 Mobile/10A5376e Safari/8536.25 (compatible; Googlebot/2.1; +http://www.google.com/bot.html)"
188.165.234.68 - - [19/Apr/2015:02:58:31 +0200] "GET /robots.txt HTTP/1.0" 404 1256 "-" ""
66.249.78.210 - - [19/Apr/2015:02:53:13 +0200] "GET /ec.php HTTP/1.1" 200 11616 "-" "Mozilla/5.0 (iPhone; CPU iPhone OS 6_0 like Mac OS X) AppleWebKit/536.26 (KHTML, like Gecko) Version/6.0 Mobile/10A5376e Safari/8536.25 (compatible; Googlebot/2.1; +http://www.google.com/bot.html)"
66.249.78.50 - - [19/Apr/2015:02:56:51 +0200] "GET /news.php?cs_go=archiv&cs_id=4642 HTTP/1.1" 200 11477 "-" "Mozilla/5.0 (iPhone; CPU iPhone OS 6_0 like Mac OS X) AppleWebKit/536.26 (KHTML, like Gecko) Version/6.0 Mobile/10A5376e Safari/8536.25 (compatible; Googlebot/2.1; +http://www.google.com/bot.html)"
188.165.234.68 - - [19/Apr/2015:02:58:31 +0200] "GET / HTTP/1.1" 200 15920 "-" "Mozilla/5.0 (X11; U; Linux x86_64; en-US) AppleWebKit/533.2 (KHTML, like Gecko) Chrome/5.0.342.1 Safari/533.2"
66.249.78.224 - - [19/Apr/2015:02:59:52 +0200] "GET /ec.php HTTP/1.1" 200 11616 "-" "Mozilla/5.0 (iPhone; CPU iPhone OS 6_0 like Mac OS X) AppleWebKit/536.26 (KHTML, like Gecko) Version/6.0 Mobile/10A5376e Safari/8536.25 (compatible; Googlebot/2.1; +http://www.google.com/bot.html)"
66.249.78.43 - - [19/Apr/2015:03:03:30 +0200] "GET /news.php?cs_go=archiv&cs_id=4642 HTTP/1.1" 200 11477 "-" "Mozilla/5.0 (iPhone; CPU iPhone OS 6_0 like Mac OS X) AppleWebKit/536.26 (KHTML, like Gecko) Version/6.0 Mobile/10A5376e Safari/8536.25 (compatible; Googlebot/2.1; +http://www.google.com/bot.html)"
66.249.78.210 - - [19/Apr/2015:03:06:30 +0200] "GET /ec.php HTTP/1.1" 200 11616 "-" "Mozilla/5.0 (iPhone; CPU iPhone OS 6_0 like Mac OS X) AppleWebKit/536.26 (KHTML, like Gecko) Version/6.0 Mobile/10A5376e Safari/8536.25 (compatible; Googlebot/2.1; +http://www.google.com/bot.html)"
66.249.78.43 - - [19/Apr/2015:03:10:08 +0200] "GET /news.php?cs_go=archiv&cs_id=4642 HTTP/1.1" 200 11477 "-" "Mozilla/5.0 (iPhone; CPU iPhone OS 6_0 like Mac OS X) AppleWebKit/536.26 (KHTML, like Gecko) Version/6.0 Mobile/10A5376e Safari/8536.25 (compatible; Googlebot/2.1; +http://www.google.com/bot.html)"
66.249.64.89 - - [19/Apr/2015:03:51:59 +0200] "GET / HTTP/1.1" 200 15920 "-" "Mozilla/5.0 (iPhone; CPU iPhone OS 6_0 like Mac OS X) AppleWebKit/536.26 (KHTML, like Gecko) Version/6.0 Mobile/10A5376e Safari/8536.25 (compatible; Googlebot/2.1; +http://www.google.com/bot.html)"
66.249.78.43 - - [19/Apr/2015:03:58:27 +0200] "GET / HTTP/1.1" 200 15920 "-" "Mozilla/5.0 (iPhone; CPU iPhone OS 6_0 like Mac OS X) AppleWebKit/536.26 (KHTML, like Gecko) Version/6.0 Mobile/10A5376e Safari/8536.25 (compatible; Googlebot/2.1; +http://www.google.com/bot.html)"
66.249.78.43 - - [19/Apr/2015:04:05:01 +0200] "GET / HTTP/1.1" 200 15920 "-" "Mozilla/5.0 (iPhone; CPU iPhone OS 6_0 like Mac OS X) AppleWebKit/536.26 (KHTML, like Gecko) Version/6.0 Mobile/10A5376e Safari/8536.25 (compatible; Googlebot/2.1; +http://www.google.com/bot.html)"
66.249.78.43 - - [19/Apr/2015:04:26:10 +0200] "GET /news.php?cs_go=archiv&cs_id=3128&cs_search= HTTP/1.1" 200 11477 "-" "Mozilla/5.0 (compatible; Googlebot/2.1; +http://www.google.com/bot.html)"
