194.145.84.148 - - [10/Apr/2015:13:37:58 +0200] "GET /images/header.jpg HTTP/1.0" 200 23758 "http://www.essoberlin.de/" "Mozilla/5.0 (Windows NT 6.1; WOW64; Trident/7.0; rv:11.0) like Gecko"
194.145.84.148 - - [10/Apr/2015:13:37:58 +0200] "GET /images/logos.jpg HTTP/1.0" 200 1205 "http://www.essoberlin.de/" "Mozilla/5.0 (Windows NT 6.1; WOW64; Trident/7.0; rv:11.0) like Gecko"
194.145.84.148 - - [10/Apr/2015:13:37:58 +0200] "GET /images/content_bg.jpg HTTP/1.0" 200 437 "http://www.essoberlin.de/" "Mozilla/5.0 (Windows NT 6.1; WOW64; Trident/7.0; rv:11.0) like Gecko"
66.249.69.97 - - [10/Apr/2015:13:32:15 +0200] "GET /ansprechpartner.php HTTP/1.1" 200 13907 "-" "Mozilla/5.0 (compatible; Googlebot/2.1; +http://www.google.com/bot.html)"
194.145.84.148 - - [10/Apr/2015:13:38:20 +0200] "GET /preisanfrage.php HTTP/1.0" 200 11493 "http://www.essoberlin.de/" "Mozilla/5.0 (Windows NT 6.1; WOW64; Trident/7.0; rv:11.0) like Gecko"
66.249.69.31 - - [10/Apr/2015:13:37:48 +0200] "GET /lexikon.php?cs_go=3&cs_id=209 HTTP/1.1" 200 11466 "-" "Mozilla/5.0 (iPhone; CPU iPhone OS 6_0 like Mac OS X) AppleWebKit/536.26 (KHTML, like Gecko) Version/6.0 Mobile/10A5376e Safari/8536.25 (compatible; Googlebot/2.1; +http://www.google.com/bot.html)"
194.145.84.148 - - [10/Apr/2015:13:37:53 +0200] "GET / HTTP/1.0" 200 15920 "http://www.wlw.de/redirect?url=http%3A%2F%2Fwww.essoberlin.de&checksum=0c81f174198fc67d6df78296de2ce419fbe71ec35aae1e3e834b5ddfe1f6aad7" "Mozilla/5.0 (Windows NT 6.1; WOW64; Trident/7.0; rv:11.0) like Gecko"
162.210.196.97 - - [10/Apr/2015:13:44:55 +0200] "GET /robots.txt HTTP/1.0" 404 1256 "-" "Mozilla/5.0 (compatible; MJ12bot/v1.4.5; http://www.majestic12.co.uk/bot.php?+)"
66.249.69.89 - - [10/Apr/2015:13:40:48 +0200] "GET /ansprechpartner.php HTTP/1.1" 200 13907 "-" "Mozilla/5.0 (compatible; Googlebot/2.1; +http://www.google.com/bot.html)"
66.249.69.120 - - [10/Apr/2015:13:47:12 +0200] "GET /robots.txt HTTP/1.1" 404 1256 "-" "Mozilla/5.0 (compatible; Googlebot/2.1; +http://www.google.com/bot.html)"
123.125.71.23 - - [10/Apr/2015:13:45:03 +0200] "GET / HTTP/1.1" 200 9656 "-" "Mozilla/5.0 (Windows NT 5.1; rv:6.0.2) Gecko/20100101 Firefox/6.0.2"
220.181.108.181 - - [10/Apr/2015:13:46:29 +0200] "GET / HTTP/1.1" 200 9656 "-" "Mozilla/5.0 (Windows NT 5.1; rv:6.0.2) Gecko/20100101 Firefox/6.0.2"
66.249.69.23 - - [10/Apr/2015:13:43:53 +0200] "GET /lexikon.php?cs_go=3&cs_id=209 HTTP/1.1" 200 11466 "-" "Mozilla/5.0 (iPhone; CPU iPhone OS 6_0 like Mac OS X) AppleWebKit/536.26 (KHTML, like Gecko) Version/6.0 Mobile/10A5376e Safari/8536.25 (compatible; Googlebot/2.1; +http://www.google.com/bot.html)"
194.145.84.148 - - [10/Apr/2015:13:38:04 +0200] "GET / HTTP/1.0" 200 15920 "http://www.wlw.de/redirect?url=http%3A%2F%2Fwww.essoberlin.de&checksum=0c81f174198fc67d6df78296de2ce419fbe71ec35aae1e3e834b5ddfe1f6aad7" "Mozilla/5.0 (Windows NT 6.1; WOW64; Trident/7.0; rv:11.0) like Gecko"
194.145.84.148 - - [10/Apr/2015:13:38:13 +0200] "GET / HTTP/1.0" 500 1275 "http://www.wlw.de/redirect?url=http%3A%2F%2Fwww.essoberlin.de&checksum=0c81f174198fc67d6df78296de2ce419fbe71ec35aae1e3e834b5ddfe1f6aad7" "Mozilla/5.0 (Windows NT 6.1; WOW64; Trident/7.0; rv:11.0) like Gecko"
66.249.69.8 - - [10/Apr/2015:13:47:13 +0200] "GET /lexikon.php?cs_go=3&cs_id=1 HTTP/1.1" 200 11466 "-" "Mozilla/5.0 (compatible; Googlebot/2.1; +http://www.google.com/bot.html)"
162.210.196.97 - - [10/Apr/2015:13:44:57 +0200] "GET /news.php?cs_go=archiv&cs_id=3968&cs_search= HTTP/1.0" 200 11682 "-" "Mozilla/5.0 (compatible; MJ12bot/v1.4.5; http://www.majestic12.co.uk/bot.php?+)"
162.210.196.97 - - [10/Apr/2015:13:45:39 +0200] "GET /news.php?cs_go=archiv&cs_id=4108 HTTP/1.0" 200 11682 "-" "Mozilla/5.0 (compatible; MJ12bot/v1.4.5; http://www.majestic12.co.uk/bot.php?+)"
66.249.69.105 - - [10/Apr/2015:13:50:13 +0200] "GET /ansprechpartner.php HTTP/1.1" 200 13907 "-" "Mozilla/5.0 (compatible; Googlebot/2.1; +http://www.google.com/bot.html)"
66.249.69.15 - - [10/Apr/2015:13:53:13 +0200] "GET /lexikon.php?cs_go=3&cs_id=209 HTTP/1.1" 200 11466 "-" "Mozilla/5.0 (iPhone; CPU iPhone OS 6_0 like Mac OS X) AppleWebKit/536.26 (KHTML, like Gecko) Version/6.0 Mobile/10A5376e Safari/8536.25 (compatible; Googlebot/2.1; +http://www.google.com/bot.html)"
66.249.69.8 - - [10/Apr/2015:13:56:13 +0200] "GET /lexikon.php?cs_go=3&cs_id=1 HTTP/1.1" 200 11466 "-" "Mozilla/5.0 (compatible; Googlebot/2.1; +http://www.google.com/bot.html)"
66.249.69.17 - - [10/Apr/2015:13:59:15 +0200] "GET /news.php?cs_go=archiv&cs_startpos=460 HTTP/1.1" 200 11477 "-" "Mozilla/5.0 (iPhone; CPU iPhone OS 6_0 like Mac OS X) AppleWebKit/536.26 (KHTML, like Gecko) Version/6.0 Mobile/10A5376e Safari/8536.25 (compatible; Googlebot/2.1; +http://www.google.com/bot.html)"
66.249.69.8 - - [10/Apr/2015:14:02:41 +0200] "GET /lexikon.php?cs_go=3&cs_id=1 HTTP/1.1" 200 11466 "-" "Mozilla/5.0 (compatible; Googlebot/2.1; +http://www.google.com/bot.html)"
66.249.69.56 - - [10/Apr/2015:14:11:43 +0200] "GET /robots.txt HTTP/1.1" 404 1256 "-" "Mozilla/5.0 (compatible; Googlebot/2.1; +http://www.google.com/bot.html)"
66.249.69.17 - - [10/Apr/2015:14:05:43 +0200] "GET /lexikon.php?cs_go=3&cs_id=52 HTTP/1.1" 200 11466 "-" "Mozilla/5.0 (iPhone; CPU iPhone OS 6_0 like Mac OS X) AppleWebKit/536.26 (KHTML, like Gecko) Version/6.0 Mobile/10A5376e Safari/8536.25 (compatible; Googlebot/2.1; +http://www.google.com/bot.html)"
66.249.69.17 - - [10/Apr/2015:14:08:43 +0200] "GET /news.php?cs_go=archiv&cs_startpos=460 HTTP/1.1" 200 11477 "-" "Mozilla/5.0 (iPhone; CPU iPhone OS 6_0 like Mac OS X) AppleWebKit/536.26 (KHTML, like Gecko) Version/6.0 Mobile/10A5376e Safari/8536.25 (compatible; Googlebot/2.1; +http://www.google.com/bot.html)"
66.249.69.48 - - [10/Apr/2015:14:11:43 +0200] "GET /news.php?cs_go=archiv&cs_id=4842 HTTP/1.1" 200 11477 "-" "Mozilla/5.0 (compatible; Googlebot/2.1; +http://www.google.com/bot.html)"
66.249.69.9 - - [10/Apr/2015:14:14:43 +0200] "GET /lexikon.php?cs_go=3&cs_id=52 HTTP/1.1" 200 11466 "-" "Mozilla/5.0 (iPhone; CPU iPhone OS 6_0 like Mac OS X) AppleWebKit/536.26 (KHTML, like Gecko) Version/6.0 Mobile/10A5376e Safari/8536.25 (compatible; Googlebot/2.1; +http://www.google.com/bot.html)"
66.249.69.9 - - [10/Apr/2015:14:17:43 +0200] "GET /news.php?cs_go=archiv&cs_startpos=460 HTTP/1.1" 200 11477 "-" "Mozilla/5.0 (iPhone; CPU iPhone OS 6_0 like Mac OS X) AppleWebKit/536.26 (KHTML, like Gecko) Version/6.0 Mobile/10A5376e Safari/8536.25 (compatible; Googlebot/2.1; +http://www.google.com/bot.html)"
66.249.69.48 - - [10/Apr/2015:14:20:43 +0200] "GET /news.php?cs_go=archiv&cs_id=4842 HTTP/1.1" 200 11477 "-" "Mozilla/5.0 (compatible; Googlebot/2.1; +http://www.google.com/bot.html)"
66.249.69.17 - - [10/Apr/2015:14:23:45 +0200] "GET /lexikon.php?cs_go=3&cs_id=52 HTTP/1.1" 200 11466 "-" "Mozilla/5.0 (iPhone; CPU iPhone OS 6_0 like Mac OS X) AppleWebKit/536.26 (KHTML, like Gecko) Version/6.0 Mobile/10A5376e Safari/8536.25 (compatible; Googlebot/2.1; +http://www.google.com/bot.html)"
66.249.69.48 - - [10/Apr/2015:14:27:27 +0200] "GET /news.php?cs_go=archiv&cs_id=4842 HTTP/1.1" 200 11477 "-" "Mozilla/5.0 (compatible; Googlebot/2.1; +http://www.google.com/bot.html)"
66.249.69.97 - - [10/Apr/2015:14:46:03 +0200] "GET / HTTP/1.1" 200 15920 "-" "Mozilla/5.0 (iPhone; CPU iPhone OS 6_0 like Mac OS X) AppleWebKit/536.26 (KHTML, like Gecko) Version/6.0 Mobile/10A5376e Safari/8536.25 (compatible; Googlebot/2.1; +http://www.google.com/bot.html)"
66.249.69.105 - - [10/Apr/2015:14:52:06 +0200] "GET / HTTP/1.1" 200 15920 "-" "Mozilla/5.0 (iPhone; CPU iPhone OS 6_0 like Mac OS X) AppleWebKit/536.26 (KHTML, like Gecko) Version/6.0 Mobile/10A5376e Safari/8536.25 (compatible; Googlebot/2.1; +http://www.google.com/bot.html)"
66.249.69.100 - - [10/Apr/2015:15:01:11 +0200] "GET /robots.txt HTTP/1.1" 404 1256 "-" "Mozilla/5.0 (compatible; Googlebot/2.1; +http://www.google.com/bot.html)"
66.249.69.105 - - [10/Apr/2015:14:58:11 +0200] "GET / HTTP/1.1" 200 15920 "-" "Mozilla/5.0 (iPhone; CPU iPhone OS 6_0 like Mac OS X) AppleWebKit/536.26 (KHTML, like Gecko) Version/6.0 Mobile/10A5376e Safari/8536.25 (compatible; Googlebot/2.1; +http://www.google.com/bot.html)"
66.249.69.92 - - [10/Apr/2015:15:01:12 +0200] "GET / HTTP/1.1" 200 15920 "-" "Mozilla/5.0 (iPhone; CPU iPhone OS 6_0 like Mac OS X) AppleWebKit/536.26 (KHTML, like Gecko) Version/6.0 Mobile/10A5376e Safari/8536.25 (compatible; Googlebot/2.1; +http://www.google.com/bot.html)"
66.249.69.40 - - [10/Apr/2015:15:04:12 +0200] "GET /news.php?cs_go=archiv&cs_startpos=90 HTTP/1.1" 200 11477 "-" "Mozilla/5.0 (compatible; Googlebot/2.1; +http://www.google.com/bot.html)"
66.249.69.84 - - [10/Apr/2015:15:07:53 +0200] "GET / HTTP/1.1" 200 15920 "-" "Mozilla/5.0 (iPhone; CPU iPhone OS 6_0 like Mac OS X) AppleWebKit/536.26 (KHTML, like Gecko) Version/6.0 Mobile/10A5376e Safari/8536.25 (compatible; Googlebot/2.1; +http://www.google.com/bot.html)"
66.249.69.56 - - [10/Apr/2015:15:10:53 +0200] "GET /news.php?cs_go=archiv&cs_startpos=90 HTTP/1.1" 200 11477 "-" "Mozilla/5.0 (compatible; Googlebot/2.1; +http://www.google.com/bot.html)"
66.249.69.84 - - [10/Apr/2015:15:14:21 +0200] "GET / HTTP/1.1" 200 15920 "-" "Mozilla/5.0 (iPhone; CPU iPhone OS 6_0 like Mac OS X) AppleWebKit/536.26 (KHTML, like Gecko) Version/6.0 Mobile/10A5376e Safari/8536.25 (compatible; Googlebot/2.1; +http://www.google.com/bot.html)"
66.249.69.56 - - [10/Apr/2015:15:17:33 +0200] "GET /news.php?cs_go=archiv&cs_startpos=90 HTTP/1.1" 200 11477 "-" "Mozilla/5.0 (compatible; Googlebot/2.1; +http://www.google.com/bot.html)"
123.125.71.60 - - [10/Apr/2015:15:37:17 +0200] "GET / HTTP/1.1" 200 9656 "-" "Mozilla/5.0 (Windows NT 5.1; rv:6.0.2) Gecko/20100101 Firefox/6.0.2"
220.181.108.76 - - [10/Apr/2015:15:38:40 +0200] "GET / HTTP/1.1" 200 9656 "-" "Mozilla/5.0 (Windows NT 5.1; rv:6.0.2) Gecko/20100101 Firefox/6.0.2"
66.249.69.100 - - [10/Apr/2015:16:07:51 +0200] "GET /news.php?cs_go=archiv&cs_id=5129 HTTP/1.1" 200 11477 "-" "Mozilla/5.0 (compatible; Googlebot/2.1; +http://www.google.com/bot.html)"
66.249.69.100 - - [10/Apr/2015:16:13:58 +0200] "GET /news.php?cs_go=archiv&cs_id=5129 HTTP/1.1" 200 11477 "-" "Mozilla/5.0 (compatible; Googlebot/2.1; +http://www.google.com/bot.html)"
123.125.71.12 - - [10/Apr/2015:16:22:32 +0200] "GET / HTTP/1.1" 200 9656 "-" "Mozilla/5.0 (Windows NT 5.1; rv:6.0.2) Gecko/20100101 Firefox/6.0.2"
66.249.69.100 - - [10/Apr/2015:16:20:23 +0200] "GET /news.php?cs_go=archiv&cs_id=5129 HTTP/1.1" 200 11477 "-" "Mozilla/5.0 (compatible; Googlebot/2.1; +http://www.google.com/bot.html)"
220.181.108.123 - - [10/Apr/2015:16:24:08 +0200] "GET / HTTP/1.1" 200 9656 "-" "Mozilla/5.0 (Windows NT 5.1; rv:6.0.2) Gecko/20100101 Firefox/6.0.2"
66.249.69.120 - - [10/Apr/2015:16:38:09 +0200] "GET /lexikon.php?cs_go=3&cs_id=1 HTTP/1.1" 200 11466 "-" "Mozilla/5.0 (compatible; Googlebot/2.1; +http://www.google.com/bot.html)"
66.249.78.135 - - [10/Apr/2015:16:48:24 +0200] "GET /robots.txt HTTP/1.1" 404 1256 "-" "Mozilla/5.0 (compatible; Googlebot/2.1; +http://www.google.com/bot.html)"
66.249.69.8 - - [10/Apr/2015:16:42:24 +0200] "GET /news.php?cs_go=archiv&cs_id=4917 HTTP/1.1" 200 11477 "-" "Mozilla/5.0 (compatible; Googlebot/2.1; +http://www.google.com/bot.html)"
66.249.78.43 - - [10/Apr/2015:16:51:25 +0200] "GET /robots.txt HTTP/1.1" 404 1256 "-" "Mozilla/5.0 (compatible; Googlebot/2.1; +http://www.google.com/bot.html)"
66.249.69.128 - - [10/Apr/2015:16:45:28 +0200] "GET /lexikon.php?cs_go=3&cs_id=1 HTTP/1.1" 200 11466 "-" "Mozilla/5.0 (compatible; Googlebot/2.1; +http://www.google.com/bot.html)"
66.249.78.142 - - [10/Apr/2015:16:48:25 +0200] "GET /news.php?cs_go=archiv&cs_id=4917 HTTP/1.1" 200 11477 "-" "Mozilla/5.0 (compatible; Googlebot/2.1; +http://www.google.com/bot.html)"
66.249.78.36 - - [10/Apr/2015:16:51:25 +0200] "GET /preisentwicklung.php?cs_go=3 HTTP/1.1" 200 9256 "-" "Mozilla/5.0 (iPhone; CPU iPhone OS 6_0 like Mac OS X) AppleWebKit/536.26 (KHTML, like Gecko) Version/6.0 Mobile/10A5376e Safari/8536.25 (compatible; Googlebot/2.1; +http://www.google.com/bot.html)"
66.249.78.135 - - [10/Apr/2015:16:54:25 +0200] "GET /lexikon.php?cs_go=3&cs_id=1 HTTP/1.1" 200 11466 "-" "Mozilla/5.0 (compatible; Googlebot/2.1; +http://www.google.com/bot.html)"
66.249.78.184 - - [10/Apr/2015:17:03:25 +0200] "GET /robots.txt HTTP/1.1" 404 1256 "-" "Mozilla/5.0 (compatible; Googlebot/2.1; +http://www.google.com/bot.html)"
66.249.78.135 - - [10/Apr/2015:16:57:25 +0200] "GET /news.php?cs_go=archiv&cs_id=4917 HTTP/1.1" 200 11477 "-" "Mozilla/5.0 (compatible; Googlebot/2.1; +http://www.google.com/bot.html)"
66.249.78.36 - - [10/Apr/2015:17:00:25 +0200] "GET /preisentwicklung.php?cs_go=3 HTTP/1.1" 200 9256 "-" "Mozilla/5.0 (iPhone; CPU iPhone OS 6_0 like Mac OS X) AppleWebKit/536.26 (KHTML, like Gecko) Version/6.0 Mobile/10A5376e Safari/8536.25 (compatible; Googlebot/2.1; +http://www.google.com/bot.html)"
66.249.78.184 - - [10/Apr/2015:17:03:25 +0200] "GET /news.php?cs_go=archiv&cs_id=5295&cs_search= HTTP/1.1" 200 11477 "-" "Mozilla/5.0 (compatible; Googlebot/2.1; +http://www.google.com/bot.html)"
66.249.78.50 - - [10/Apr/2015:17:07:06 +0200] "GET /preisentwicklung.php?cs_go=3 HTTP/1.1" 200 9256 "-" "Mozilla/5.0 (iPhone; CPU iPhone OS 6_0 like Mac OS X) AppleWebKit/536.26 (KHTML, like Gecko) Version/6.0 Mobile/10A5376e Safari/8536.25 (compatible; Googlebot/2.1; +http://www.google.com/bot.html)"
66.249.78.177 - - [10/Apr/2015:17:10:06 +0200] "GET /news.php?cs_go=archiv&cs_id=5295&cs_search= HTTP/1.1" 200 11477 "-" "Mozilla/5.0 (compatible; Googlebot/2.1; +http://www.google.com/bot.html)"
66.249.78.184 - - [10/Apr/2015:17:16:08 +0200] "GET /news.php?cs_go=archiv&cs_id=5295&cs_search= HTTP/1.1" 200 11477 "-" "Mozilla/5.0 (compatible; Googlebot/2.1; +http://www.google.com/bot.html)"
123.125.71.32 - - [10/Apr/2015:17:36:01 +0200] "GET / HTTP/1.1" 200 9656 "-" "Mozilla/5.0 (Windows NT 5.1; rv:6.0.2) Gecko/20100101 Firefox/6.0.2"
220.181.108.149 - - [10/Apr/2015:17:38:04 +0200] "GET / HTTP/1.1" 200 9656 "-" "Mozilla/5.0 (Windows NT 5.1; rv:6.0.2) Gecko/20100101 Firefox/6.0.2"
66.249.78.50 - - [10/Apr/2015:17:45:31 +0200] "GET /tankanlagen.php HTTP/1.1" 200 11688 "-" "Mozilla/5.0 (compatible; Googlebot/2.1; +http://www.google.com/bot.html)"
66.249.78.36 - - [10/Apr/2015:17:51:37 +0200] "GET /tankanlagen.php HTTP/1.1" 200 11688 "-" "Mozilla/5.0 (compatible; Googlebot/2.1; +http://www.google.com/bot.html)"
207.46.13.29 - - [10/Apr/2015:17:57:00 +0200] "GET / HTTP/1.1" 200 9656 "-" "Mozilla/5.0 (compatible; bingbot/2.0; +http://www.bing.com/bingbot.htm)"
66.249.78.9 - - [10/Apr/2015:18:00:29 +0200] "GET /robots.txt HTTP/1.1" 404 1256 "-" "Mozilla/5.0 (compatible; Googlebot/2.1; +http://www.google.com/bot.html)"
66.249.78.36 - - [10/Apr/2015:17:57:46 +0200] "GET /tankanlagen.php HTTP/1.1" 200 11688 "-" "Mozilla/5.0 (compatible; Googlebot/2.1; +http://www.google.com/bot.html)"
66.249.78.9 - - [10/Apr/2015:18:00:29 +0200] "GET /lexikon.php HTTP/1.1" 200 11466 "-" "Mozilla/5.0 (compatible; Googlebot/2.1; +http://www.google.com/bot.html)"
66.249.78.249 - - [10/Apr/2015:18:06:47 +0200] "GET /lexikon.php HTTP/1.1" 200 11466 "-" "Mozilla/5.0 (compatible; Googlebot/2.1; +http://www.google.com/bot.html)"
66.249.78.112 - - [10/Apr/2015:18:18:38 +0200] "GET /robots.txt HTTP/1.1" 404 1256 "-" "Mozilla/5.0 (compatible; Googlebot/2.1; +http://www.google.com/bot.html)"
66.249.78.149 - - [10/Apr/2015:18:12:38 +0200] "GET /edl.php HTTP/1.1" 200 11816 "-" "Mozilla/5.0 (iPhone; CPU iPhone OS 6_0 like Mac OS X) AppleWebKit/536.26 (KHTML, like Gecko) Version/6.0 Mobile/10A5376e Safari/8536.25 (compatible; Googlebot/2.1; +http://www.google.com/bot.html)"
66.249.78.9 - - [10/Apr/2015:18:15:38 +0200] "GET /lexikon.php HTTP/1.1" 200 11466 "-" "Mozilla/5.0 (compatible; Googlebot/2.1; +http://www.google.com/bot.html)"
66.249.78.119 - - [10/Apr/2015:18:18:38 +0200] "GET /news.php?cs_go=archiv&cs_id=5314 HTTP/1.1" 200 11477 "-" "Mozilla/5.0 (compatible; Googlebot/2.1; +http://www.google.com/bot.html)"
66.249.78.135 - - [10/Apr/2015:18:21:38 +0200] "GET /edl.php HTTP/1.1" 200 11816 "-" "Mozilla/5.0 (iPhone; CPU iPhone OS 6_0 like Mac OS X) AppleWebKit/536.26 (KHTML, like Gecko) Version/6.0 Mobile/10A5376e Safari/8536.25 (compatible; Googlebot/2.1; +http://www.google.com/bot.html)"
66.249.78.126 - - [10/Apr/2015:18:25:22 +0200] "GET /news.php?cs_go=archiv&cs_id=5314 HTTP/1.1" 200 11477 "-" "Mozilla/5.0 (compatible; Googlebot/2.1; +http://www.google.com/bot.html)"
66.249.78.142 - - [10/Apr/2015:18:28:22 +0200] "GET /edl.php HTTP/1.1" 200 11816 "-" "Mozilla/5.0 (iPhone; CPU iPhone OS 6_0 like Mac OS X) AppleWebKit/536.26 (KHTML, like Gecko) Version/6.0 Mobile/10A5376e Safari/8536.25 (compatible; Googlebot/2.1; +http://www.google.com/bot.html)"
66.249.78.36 - - [10/Apr/2015:18:31:22 +0200] "GET /lexikon.php?cs_go=3&cs_id=219 HTTP/1.1" 200 11466 "-" "Mozilla/5.0 (compatible; Googlebot/2.1; +http://www.google.com/bot.html)"
66.249.78.126 - - [10/Apr/2015:18:34:22 +0200] "GET /news.php?cs_go=archiv&cs_id=5314 HTTP/1.1" 200 11477 "-" "Mozilla/5.0 (compatible; Googlebot/2.1; +http://www.google.com/bot.html)"
66.249.78.43 - - [10/Apr/2015:18:37:59 +0200] "GET /lexikon.php?cs_go=3&cs_id=219 HTTP/1.1" 200 11466 "-" "Mozilla/5.0 (compatible; Googlebot/2.1; +http://www.google.com/bot.html)"
66.249.78.43 - - [10/Apr/2015:18:44:07 +0200] "GET /lexikon.php?cs_go=3&cs_id=219 HTTP/1.1" 200 11466 "-" "Mozilla/5.0 (compatible; Googlebot/2.1; +http://www.google.com/bot.html)"
141.8.189.109 - - [10/Apr/2015:19:10:01 +0200] "GET /robots.txt HTTP/1.1" 404 1256 "-" "Mozilla/5.0 (compatible; YandexBot/3.0; +http://yandex.com/bots)"
141.8.189.109 - - [10/Apr/2015:19:10:04 +0200] "GET /seiten/start.htm HTTP/1.1" 404 1256 "-" "Mozilla/5.0 (compatible; YandexBot/3.0; +http://yandex.com/bots)"
66.249.78.135 - - [10/Apr/2015:19:10:26 +0200] "GET /news.php?cs_go=archiv&cs_id=4917 HTTP/1.1" 200 11477 "-" "Mozilla/5.0 (compatible; Googlebot/2.1; +http://www.google.com/bot.html)"
66.249.78.135 - - [10/Apr/2015:19:16:28 +0200] "GET /news.php?cs_go=archiv&cs_id=4917 HTTP/1.1" 200 11477 "-" "Mozilla/5.0 (compatible; Googlebot/2.1; +http://www.google.com/bot.html)"
66.249.64.175 - - [10/Apr/2015:19:22:26 +0200] "GET /news.php?cs_go=archiv&cs_id=4588&cs_search= HTTP/1.1" 200 11477 "-" "Mozilla/5.0 (compatible; Googlebot/2.1; +http://www.google.com/bot.html)"
66.249.64.164 - - [10/Apr/2015:19:25:26 +0200] "GET /news.php?cs_go=archiv&cs_id=4917 HTTP/1.1" 200 11477 "-" "Mozilla/5.0 (compatible; Googlebot/2.1; +http://www.google.com/bot.html)"
66.249.64.179 - - [10/Apr/2015:19:29:04 +0200] "GET /news.php?cs_go=archiv&cs_id=4588&cs_search= HTTP/1.1" 200 11477 "-" "Mozilla/5.0 (compatible; Googlebot/2.1; +http://www.google.com/bot.html)"
66.249.78.36 - - [10/Apr/2015:19:34:26 +0200] "GET /diesel.php HTTP/1.1" 200 11962 "-" "Mozilla/5.0 (compatible; Googlebot/2.1; +http://www.google.com/bot.html)"
66.249.78.36 - - [10/Apr/2015:19:35:08 +0200] "GET /news.php?cs_go=archiv&cs_id=4588&cs_search= HTTP/1.1" 200 11477 "-" "Mozilla/5.0 (compatible; Googlebot/2.1; +http://www.google.com/bot.html)"
66.249.78.50 - - [10/Apr/2015:19:40:40 +0200] "GET /diesel.php HTTP/1.1" 200 11962 "-" "Mozilla/5.0 (compatible; Googlebot/2.1; +http://www.google.com/bot.html)"
66.249.78.249 - - [10/Apr/2015:19:46:00 +0200] "GET /news.php?cs_go=archiv&cs_startpos=460 HTTP/1.1" 200 11477 "-" "Mozilla/5.0 (iPhone; CPU iPhone OS 6_0 like Mac OS X) AppleWebKit/536.26 (KHTML, like Gecko) Version/6.0 Mobile/10A5376e Safari/8536.25 (compatible; Googlebot/2.1; +http://www.google.com/bot.html)"
52.28.48.148 - - [10/Apr/2015:19:54:12 +0200] "GET /robots.txt HTTP/1.0" 404 1256 "-" "BlackCatB/Nutch-1.10-SNAPSHOT"
66.249.78.50 - - [10/Apr/2015:19:49:00 +0200] "GET /news.php?cs_go=archiv&cs_id=5302 HTTP/1.1" 200 11477 "-" "Mozilla/5.0 (compatible; Googlebot/2.1; +http://www.google.com/bot.html)"
66.249.78.36 - - [10/Apr/2015:19:52:00 +0200] "GET /diesel.php HTTP/1.1" 200 11962 "-" "Mozilla/5.0 (compatible; Googlebot/2.1; +http://www.google.com/bot.html)"
123.125.71.21 - - [10/Apr/2015:19:58:07 +0200] "GET / HTTP/1.1" 200 9656 "-" "Mozilla/5.0 (Windows NT 5.1; rv:6.0.2) Gecko/20100101 Firefox/6.0.2"
66.249.78.36 - - [10/Apr/2015:19:55:00 +0200] "GET /lexikon.php?cs_go=3&cs_id=209 HTTP/1.1" 200 11466 "-" "Mozilla/5.0 (iPhone; CPU iPhone OS 6_0 like Mac OS X) AppleWebKit/536.26 (KHTML, like Gecko) Version/6.0 Mobile/10A5376e Safari/8536.25 (compatible; Googlebot/2.1; +http://www.google.com/bot.html)"
107.170.109.99 - - [10/Apr/2015:19:52:52 +0200] "GET / HTTP/1.0" 200 16125 "-" "Mozilla/5.0 (compatible; NetcraftSurveyAgent/1.0; +info@netcraft.com)"
220.181.108.187 - - [10/Apr/2015:19:59:55 +0200] "GET / HTTP/1.1" 200 9656 "-" "Mozilla/5.0 (Windows NT 5.1; rv:6.0.2) Gecko/20100101 Firefox/6.0.2"
52.28.48.148 - - [10/Apr/2015:19:54:12 +0200] "GET / HTTP/1.0" 200 16125 "-" "BlackCatB/Nutch-1.10-SNAPSHOT"
66.249.78.43 - - [10/Apr/2015:19:58:00 +0200] "GET /news.php?cs_go=archiv&cs_id=5302 HTTP/1.1" 200 11477 "-" "Mozilla/5.0 (compatible; Googlebot/2.1; +http://www.google.com/bot.html)"
66.249.78.249 - - [10/Apr/2015:20:01:00 +0200] "GET / HTTP/1.1" 200 15920 "-" "Mozilla/5.0 (compatible; Googlebot/2.1; +http://www.google.com/bot.html)"
107.170.58.26 - - [10/Apr/2015:19:59:58 +0200] "GET / HTTP/1.0" 200 16125 "-" "Mozilla/5.0 (compatible; NetcraftSurveyAgent/1.0; +info@netcraft.com)"
66.249.78.249 - - [10/Apr/2015:20:04:00 +0200] "GET /lexikon.php?cs_go=3&cs_id=52 HTTP/1.1" 200 11466 "-" "Mozilla/5.0 (iPhone; CPU iPhone OS 6_0 like Mac OS X) AppleWebKit/536.26 (KHTML, like Gecko) Version/6.0 Mobile/10A5376e Safari/8536.25 (compatible; Googlebot/2.1; +http://www.google.com/bot.html)"
104.131.231.127 - - [10/Apr/2015:20:01:05 +0200] "GET / HTTP/1.0" 200 16125 "-" "Mozilla/5.0 (compatible; NetcraftSurveyAgent/1.0; +info@netcraft.com)"
66.249.78.249 - - [10/Apr/2015:20:04:44 +0200] "GET /news.php?cs_go=archiv&cs_startpos=460 HTTP/1.1" 200 11477 "-" "Mozilla/5.0 (iPhone; CPU iPhone OS 6_0 like Mac OS X) AppleWebKit/536.26 (KHTML, like Gecko) Version/6.0 Mobile/10A5376e Safari/8536.25 (compatible; Googlebot/2.1; +http://www.google.com/bot.html)"
46.29.20.219 - - [10/Apr/2015:20:13:58 +0200] "HEAD / HTTP/1.1" 200 - "-" "Mozilla/4.0 (compatible; MSIE 5.01; Windows NT 5.0)"
66.249.78.50 - - [10/Apr/2015:20:07:44 +0200] "GET /news.php?cs_go=archiv&cs_id=5302 HTTP/1.1" 200 11477 "-" "Mozilla/5.0 (compatible; Googlebot/2.1; +http://www.google.com/bot.html)"
66.249.78.249 - - [10/Apr/2015:20:10:44 +0200] "GET / HTTP/1.1" 200 15920 "-" "Mozilla/5.0 (compatible; Googlebot/2.1; +http://www.google.com/bot.html)"
66.249.78.50 - - [10/Apr/2015:20:13:44 +0200] "GET /lexikon.php?cs_go=3&cs_id=209 HTTP/1.1" 200 11466 "-" "Mozilla/5.0 (iPhone; CPU iPhone OS 6_0 like Mac OS X) AppleWebKit/536.26 (KHTML, like Gecko) Version/6.0 Mobile/10A5376e Safari/8536.25 (compatible; Googlebot/2.1; +http://www.google.com/bot.html)"
66.249.78.249 - - [10/Apr/2015:20:16:45 +0200] "GET /lexikon.php?cs_go=3&cs_id=52 HTTP/1.1" 200 11466 "-" "Mozilla/5.0 (iPhone; CPU iPhone OS 6_0 like Mac OS X) AppleWebKit/536.26 (KHTML, like Gecko) Version/6.0 Mobile/10A5376e Safari/8536.25 (compatible; Googlebot/2.1; +http://www.google.com/bot.html)"
52.28.48.148 - - [10/Apr/2015:20:23:12 +0200] "GET /robots.txt HTTP/1.0" 404 1256 "-" "BlackCatB/Nutch-1.10-SNAPSHOT"
52.28.48.148 - - [10/Apr/2015:20:25:09 +0200] "GET /robots.txt HTTP/1.0" 404 1256 "-" "BlackCatB/Nutch-1.10-SNAPSHOT"
104.131.215.24 - - [10/Apr/2015:20:15:51 +0200] "GET / HTTP/1.0" 200 16125 "-" "Mozilla/5.0 (compatible; NetcraftSurveyAgent/1.0; +info@netcraft.com)"
66.249.78.2 - - [10/Apr/2015:20:19:45 +0200] "GET / HTTP/1.1" 200 15920 "-" "Mozilla/5.0 (compatible; Googlebot/2.1; +http://www.google.com/bot.html)"
66.249.78.249 - - [10/Apr/2015:20:22:45 +0200] "GET /news.php?cs_go=archiv&cs_startpos=460 HTTP/1.1" 200 11477 "-" "Mozilla/5.0 (iPhone; CPU iPhone OS 6_0 like Mac OS X) AppleWebKit/536.26 (KHTML, like Gecko) Version/6.0 Mobile/10A5376e Safari/8536.25 (compatible; Googlebot/2.1; +http://www.google.com/bot.html)"
66.249.78.249 - - [10/Apr/2015:20:25:45 +0200] "GET /news.php?cs_go=archiv&cs_id=4885 HTTP/1.1" 200 11477 "-" "Mozilla/5.0 (compatible; Googlebot/2.1; +http://www.google.com/bot.html)"
192.241.184.75 - - [10/Apr/2015:20:22:46 +0200] "GET / HTTP/1.0" 200 16125 "-" "Mozilla/5.0 (compatible; NetcraftSurveyAgent/1.0; +info@netcraft.com)"
52.28.48.148 - - [10/Apr/2015:20:23:12 +0200] "GET / HTTP/1.0" 200 16125 "-" "BlackCatB/Nutch-1.10-SNAPSHOT"
104.131.210.134 - - [10/Apr/2015:20:23:31 +0200] "GET / HTTP/1.0" 200 16125 "-" "Mozilla/5.0 (compatible; NetcraftSurveyAgent/1.0; +info@netcraft.com)"
52.28.48.148 - - [10/Apr/2015:20:25:09 +0200] "GET / HTTP/1.0" 200 16125 "-" "BlackCatB/Nutch-1.10-SNAPSHOT"
66.249.78.36 - - [10/Apr/2015:20:28:45 +0200] "GET /lexikon.php?cs_go=3&cs_id=209 HTTP/1.1" 200 11466 "-" "Mozilla/5.0 (iPhone; CPU iPhone OS 6_0 like Mac OS X) AppleWebKit/536.26 (KHTML, like Gecko) Version/6.0 Mobile/10A5376e Safari/8536.25 (compatible; Googlebot/2.1; +http://www.google.com/bot.html)"
66.249.64.169 - - [10/Apr/2015:20:32:14 +0200] "GET /lexikon.php?cs_go=3&cs_id=52 HTTP/1.1" 200 11466 "-" "Mozilla/5.0 (iPhone; CPU iPhone OS 6_0 like Mac OS X) AppleWebKit/536.26 (KHTML, like Gecko) Version/6.0 Mobile/10A5376e Safari/8536.25 (compatible; Googlebot/2.1; +http://www.google.com/bot.html)"
66.249.78.177 - - [10/Apr/2015:20:40:58 +0200] "GET /video/jwplayer.js HTTP/1.1" 200 132411 "-" "Mozilla/5.0 (compatible; Googlebot/2.1; +http://www.google.com/bot.html)"
66.249.78.2 - - [10/Apr/2015:20:35:14 +0200] "GET /news.php?cs_go=archiv&cs_id=4885 HTTP/1.1" 200 11477 "-" "Mozilla/5.0 (compatible; Googlebot/2.1; +http://www.google.com/bot.html)"
52.28.48.148 - - [10/Apr/2015:20:45:36 +0200] "GET /robots.txt HTTP/1.0" 404 1256 "-" "BlackCatB/Nutch-1.10-SNAPSHOT"
66.249.78.9 - - [10/Apr/2015:20:41:18 +0200] "GET /news.php?cs_go=archiv&cs_id=4885 HTTP/1.1" 200 11477 "-" "Mozilla/5.0 (compatible; Googlebot/2.1; +http://www.google.com/bot.html)"
104.131.214.217 - - [10/Apr/2015:20:42:33 +0200] "GET / HTTP/1.0" 200 16125 "-" "Mozilla/5.0 (compatible; NetcraftSurveyAgent/1.0; +info@netcraft.com)"
52.28.48.148 - - [10/Apr/2015:20:45:36 +0200] "GET / HTTP/1.0" 200 16125 "-" "BlackCatB/Nutch-1.10-SNAPSHOT"
66.249.78.135 - - [10/Apr/2015:20:53:03 +0200] "GET /preisanfrage.php HTTP/1.1" 200 11493 "-" "Mozilla/5.0 (compatible; Googlebot/2.1; +http://www.google.com/bot.html)"
66.249.78.135 - - [10/Apr/2015:20:59:33 +0200] "GET /preisanfrage.php HTTP/1.1" 200 11493 "-" "Mozilla/5.0 (compatible; Googlebot/2.1; +http://www.google.com/bot.html)"
66.249.78.50 - - [10/Apr/2015:21:03:35 +0200] "GET /script%3E HTTP/1.1" 404 1256 "-" "Mozilla/5.0 (iPhone; CPU iPhone OS 6_0 like Mac OS X) AppleWebKit/536.26 (KHTML, like Gecko) Version/6.0 Mobile/10A5376e Safari/8536.25 (compatible; Googlebot/2.1; +http://www.google.com/bot.html)"
66.249.78.142 - - [10/Apr/2015:21:08:04 +0200] "GET /preisanfrage.php HTTP/1.1" 200 11493 "-" "Mozilla/5.0 (compatible; Googlebot/2.1; +http://www.google.com/bot.html)"
66.249.78.9 - - [10/Apr/2015:21:05:04 +0200] "GET /baustellenbetankung.php HTTP/1.1" 200 12527 "-" "Mozilla/5.0 (compatible; Googlebot/2.1; +http://www.google.com/bot.html)"
104.131.210.130 - - [10/Apr/2015:21:03:04 +0200] "GET / HTTP/1.0" 200 16125 "-" "Mozilla/5.0 (compatible; NetcraftSurveyAgent/1.0; +info@netcraft.com)"
66.249.78.2 - - [10/Apr/2015:21:11:40 +0200] "GET /baustellenbetankung.php HTTP/1.1" 200 12527 "-" "Mozilla/5.0 (compatible; Googlebot/2.1; +http://www.google.com/bot.html)"
104.131.211.120 - - [10/Apr/2015:21:09:28 +0200] "GET / HTTP/1.0" 200 16125 "-" "Mozilla/5.0 (compatible; NetcraftSurveyAgent/1.0; +info@netcraft.com)"
66.249.78.9 - - [10/Apr/2015:21:18:12 +0200] "GET /baustellenbetankung.php HTTP/1.1" 200 12527 "-" "Mozilla/5.0 (compatible; Googlebot/2.1; +http://www.google.com/bot.html)"
66.249.78.142 - - [10/Apr/2015:21:29:04 +0200] "GET /lexikon.php?cs_go=3&cs_id=40 HTTP/1.1" 200 11466 "-" "Mozilla/5.0 (compatible; Googlebot/2.1; +http://www.google.com/bot.html)"
66.249.78.50 - - [10/Apr/2015:21:32:04 +0200] "GET /essocard.php HTTP/1.1" 200 13196 "-" "Mozilla/5.0 (iPhone; CPU iPhone OS 6_0 like Mac OS X) AppleWebKit/536.26 (KHTML, like Gecko) Version/6.0 Mobile/10A5376e Safari/8536.25 (compatible; Googlebot/2.1; +http://www.google.com/bot.html)"
66.249.78.135 - - [10/Apr/2015:21:35:14 +0200] "GET /lexikon.php?cs_go=3&cs_id=40 HTTP/1.1" 200 11466 "-" "Mozilla/5.0 (compatible; Googlebot/2.1; +http://www.google.com/bot.html)"
66.249.78.50 - - [10/Apr/2015:21:38:13 +0200] "GET /essocard.php HTTP/1.1" 200 13196 "-" "Mozilla/5.0 (iPhone; CPU iPhone OS 6_0 like Mac OS X) AppleWebKit/536.26 (KHTML, like Gecko) Version/6.0 Mobile/10A5376e Safari/8536.25 (compatible; Googlebot/2.1; +http://www.google.com/bot.html)"
66.249.78.142 - - [10/Apr/2015:21:41:13 +0200] "GET /news.php?cs_go=archiv&cs_startpos=70 HTTP/1.1" 200 11477 "-" "Mozilla/5.0 (compatible; Googlebot/2.1; +http://www.google.com/bot.html)"
66.249.78.135 - - [10/Apr/2015:21:44:13 +0200] "GET /lexikon.php?cs_go=3&cs_id=40 HTTP/1.1" 200 11466 "-" "Mozilla/5.0 (compatible; Googlebot/2.1; +http://www.google.com/bot.html)"
192.241.184.75 - - [10/Apr/2015:21:42:17 +0200] "GET / HTTP/1.0" 200 16125 "-" "Mozilla/5.0 (compatible; NetcraftSurveyAgent/1.0; +info@netcraft.com)"
66.249.78.154 - - [10/Apr/2015:21:53:13 +0200] "GET /robots.txt HTTP/1.1" 404 1256 "-" "Mozilla/5.0 (compatible; Googlebot/2.1; +http://www.google.com/bot.html)"
66.249.64.179 - - [10/Apr/2015:21:47:13 +0200] "GET /essocard.php HTTP/1.1" 200 13196 "-" "Mozilla/5.0 (iPhone; CPU iPhone OS 6_0 like Mac OS X) AppleWebKit/536.26 (KHTML, like Gecko) Version/6.0 Mobile/10A5376e Safari/8536.25 (compatible; Googlebot/2.1; +http://www.google.com/bot.html)"
66.249.78.135 - - [10/Apr/2015:21:50:13 +0200] "GET /news.php?cs_go=archiv&cs_startpos=70 HTTP/1.1" 200 11477 "-" "Mozilla/5.0 (compatible; Googlebot/2.1; +http://www.google.com/bot.html)"
107.170.102.66 - - [10/Apr/2015:21:48:20 +0200] "GET / HTTP/1.0" 200 16125 "-" "Mozilla/5.0 (compatible; NetcraftSurveyAgent/1.0; +info@netcraft.com)"
66.249.78.147 - - [10/Apr/2015:21:53:14 +0200] "GET / HTTP/1.1" 200 15920 "-" "Mozilla/5.0 (iPhone; CPU iPhone OS 6_0 like Mac OS X) AppleWebKit/536.26 (KHTML, like Gecko) Version/6.0 Mobile/10A5376e Safari/8536.25 (compatible; Googlebot/2.1; +http://www.google.com/bot.html)"
66.249.78.50 - - [10/Apr/2015:21:56:13 +0200] "GET /news.php?cs_go=archiv&cs_id=4171 HTTP/1.1" 200 11477 "-" "Mozilla/5.0 (compatible; Googlebot/2.1; +http://www.google.com/bot.html)"
66.249.64.160 - - [10/Apr/2015:21:59:14 +0200] "GET /news.php?cs_go=archiv&cs_startpos=70 HTTP/1.1" 200 11477 "-" "Mozilla/5.0 (compatible; Googlebot/2.1; +http://www.google.com/bot.html)"
66.249.78.154 - - [10/Apr/2015:22:02:13 +0200] "GET / HTTP/1.1" 200 15920 "-" "Mozilla/5.0 (iPhone; CPU iPhone OS 6_0 like Mac OS X) AppleWebKit/536.26 (KHTML, like Gecko) Version/6.0 Mobile/10A5376e Safari/8536.25 (compatible; Googlebot/2.1; +http://www.google.com/bot.html)"
66.249.78.43 - - [10/Apr/2015:22:05:14 +0200] "GET /news.php?cs_go=archiv&cs_id=4171 HTTP/1.1" 200 11477 "-" "Mozilla/5.0 (compatible; Googlebot/2.1; +http://www.google.com/bot.html)"
66.249.78.154 - - [10/Apr/2015:22:08:43 +0200] "GET / HTTP/1.1" 200 15920 "-" "Mozilla/5.0 (iPhone; CPU iPhone OS 6_0 like Mac OS X) AppleWebKit/536.26 (KHTML, like Gecko) Version/6.0 Mobile/10A5376e Safari/8536.25 (compatible; Googlebot/2.1; +http://www.google.com/bot.html)"
66.249.78.50 - - [10/Apr/2015:22:11:43 +0200] "GET /news.php?cs_go=archiv&cs_id=4171 HTTP/1.1" 200 11477 "-" "Mozilla/5.0 (compatible; Googlebot/2.1; +http://www.google.com/bot.html)"
66.249.78.50 - - [10/Apr/2015:22:31:22 +0200] "GET /news.php?cs_go=archiv&cs_id=4790 HTTP/1.1" 200 11477 "-" "Mozilla/5.0 (compatible; Googlebot/2.1; +http://www.google.com/bot.html)"
66.249.78.36 - - [10/Apr/2015:22:37:29 +0200] "GET /news.php?cs_go=archiv&cs_id=4790 HTTP/1.1" 200 11477 "-" "Mozilla/5.0 (compatible; Googlebot/2.1; +http://www.google.com/bot.html)"
66.249.78.50 - - [10/Apr/2015:22:40:30 +0200] "GET /news.php?cs_go=archiv&cs_id=2515 HTTP/1.1" 200 11477 "-" "Mozilla/5.0 (compatible; Googlebot/2.1; +http://www.google.com/bot.html)"
66.249.78.50 - - [10/Apr/2015:22:44:03 +0200] "GET /news.php?cs_go=archiv&cs_id=4790 HTTP/1.1" 200 11477 "-" "Mozilla/5.0 (compatible; Googlebot/2.1; +http://www.google.com/bot.html)"
66.249.78.43 - - [10/Apr/2015:22:47:03 +0200] "GET /news.php?cs_go=archiv&cs_id=2515 HTTP/1.1" 200 11477 "-" "Mozilla/5.0 (compatible; Googlebot/2.1; +http://www.google.com/bot.html)"
66.249.78.43 - - [10/Apr/2015:22:50:24 +0200] "GET /news.php?cs_go=archiv&cs_id=5045&cs_search= HTTP/1.1" 200 11477 "-" "Mozilla/5.0 (compatible; Googlebot/2.1; +http://www.google.com/bot.html)"
66.249.78.43 - - [10/Apr/2015:22:53:26 +0200] "GET /news.php?cs_go=archiv&cs_id=2515 HTTP/1.1" 200 11477 "-" "Mozilla/5.0 (compatible; Googlebot/2.1; +http://www.google.com/bot.html)"
66.249.78.36 - - [10/Apr/2015:22:56:47 +0200] "GET /news.php?cs_go=archiv&cs_id=5045&cs_search= HTTP/1.1" 200 11477 "-" "Mozilla/5.0 (compatible; Googlebot/2.1; +http://www.google.com/bot.html)"
66.249.78.36 - - [10/Apr/2015:23:01:04 +0200] "GET /news.php?cs_go=archiv&cs_id=4061 HTTP/1.1" 200 11477 "-" "Mozilla/5.0 (compatible; Googlebot/2.1; +http://www.google.com/bot.html)"
66.249.78.36 - - [10/Apr/2015:23:04:07 +0200] "GET /news.php?cs_go=archiv&cs_id=5045&cs_search= HTTP/1.1" 200 11477 "-" "Mozilla/5.0 (compatible; Googlebot/2.1; +http://www.google.com/bot.html)"
66.249.78.36 - - [10/Apr/2015:23:08:07 +0200] "GET /news.php?cs_go=archiv&cs_id=4061 HTTP/1.1" 200 11477 "-" "Mozilla/5.0 (compatible; Googlebot/2.1; +http://www.google.com/bot.html)"
66.249.78.43 - - [10/Apr/2015:23:14:48 +0200] "GET /news.php?cs_go=archiv&cs_id=4061 HTTP/1.1" 200 11477 "-" "Mozilla/5.0 (compatible; Googlebot/2.1; +http://www.google.com/bot.html)"
162.210.196.97 - - [10/Apr/2015:23:35:33 +0200] "GET /robots.txt HTTP/1.0" 404 1256 "-" "Mozilla/5.0 (compatible; MJ12bot/v1.4.5; http://www.majestic12.co.uk/bot.php?+)"
162.210.196.97 - - [10/Apr/2015:23:35:35 +0200] "GET /tabmenu/md_feuer.php HTTP/1.0" 200 - "-" "Mozilla/5.0 (compatible; MJ12bot/v1.4.5; http://www.majestic12.co.uk/bot.php?+)"
162.210.196.97 - - [10/Apr/2015:23:35:39 +0200] "GET /tabmenu/md_hel.php HTTP/1.0" 200 - "-" "Mozilla/5.0 (compatible; MJ12bot/v1.4.5; http://www.majestic12.co.uk/bot.php?+)"
162.210.196.97 - - [10/Apr/2015:23:35:44 +0200] "GET /tabmenu/md_kohle_b.php HTTP/1.0" 200 - "-" "Mozilla/5.0 (compatible; MJ12bot/v1.4.5; http://www.majestic12.co.uk/bot.php?+)"
66.249.78.50 - - [10/Apr/2015:23:35:09 +0200] "GET /news.php?cs_go=archiv&cs_id=4688 HTTP/1.1" 200 11477 "-" "Mozilla/5.0 (compatible; Googlebot/2.1; +http://www.google.com/bot.html)"
162.210.196.97 - - [10/Apr/2015:23:37:12 +0200] "GET /waermekonto.php HTTP/1.0" 200 12036 "-" "Mozilla/5.0 (compatible; MJ12bot/v1.4.5; http://www.majestic12.co.uk/bot.php?+)"
162.210.196.97 - - [10/Apr/2015:23:35:48 +0200] "GET /tankanlagen.php HTTP/1.0" 200 11893 "-" "Mozilla/5.0 (compatible; MJ12bot/v1.4.5; http://www.majestic12.co.uk/bot.php?+)"
162.210.196.97 - - [10/Apr/2015:23:36:30 +0200] "GET /tankreinigung.php HTTP/1.0" 200 11962 "-" "Mozilla/5.0 (compatible; MJ12bot/v1.4.5; http://www.majestic12.co.uk/bot.php?+)"
162.210.196.97 - - [10/Apr/2015:23:37:57 +0200] "GET /wunschpreis.php HTTP/1.0" 200 11851 "-" "Mozilla/5.0 (compatible; MJ12bot/v1.4.5; http://www.majestic12.co.uk/bot.php?+)"
66.249.78.36 - - [10/Apr/2015:23:41:28 +0200] "GET /news.php?cs_go=archiv&cs_id=4688 HTTP/1.1" 200 11477 "-" "Mozilla/5.0 (compatible; Googlebot/2.1; +http://www.google.com/bot.html)"
66.249.78.43 - - [10/Apr/2015:23:44:41 +0200] "GET /news.php?cs_go=archiv&cs_id=4380 HTTP/1.1" 200 11477 "-" "Mozilla/5.0 (compatible; Googlebot/2.1; +http://www.google.com/bot.html)"
66.249.78.50 - - [10/Apr/2015:23:47:41 +0200] "GET /news.php?cs_go=archiv&cs_id=4688 HTTP/1.1" 200 11477 "-" "Mozilla/5.0 (compatible; Googlebot/2.1; +http://www.google.com/bot.html)"
66.249.78.36 - - [10/Apr/2015:23:50:54 +0200] "GET /news.php?cs_go=archiv&cs_id=4380 HTTP/1.1" 200 11477 "-" "Mozilla/5.0 (compatible; Googlebot/2.1; +http://www.google.com/bot.html)"
66.249.78.43 - - [10/Apr/2015:23:54:22 +0200] "GET /news.php?cs_go=archiv&cs_id=4366&cs_search= HTTP/1.1" 200 11477 "-" "Mozilla/5.0 (compatible; Googlebot/2.1; +http://www.google.com/bot.html)"
66.249.64.179 - - [10/Apr/2015:23:57:26 +0200] "GET /news.php?cs_go=archiv&cs_id=4380 HTTP/1.1" 200 11477 "-" "Mozilla/5.0 (compatible; Googlebot/2.1; +http://www.google.com/bot.html)"
66.249.78.50 - - [11/Apr/2015:00:00:54 +0200] "GET /news.php?cs_go=archiv&cs_id=4366&cs_search= HTTP/1.1" 200 11477 "-" "Mozilla/5.0 (compatible; Googlebot/2.1; +http://www.google.com/bot.html)"
66.249.78.36 - - [11/Apr/2015:00:04:14 +0200] "GET /news.php?cs_go=archiv&cs_id=5133 HTTP/1.1" 200 11477 "-" "Mozilla/5.0 (compatible; Googlebot/2.1; +http://www.google.com/bot.html)"
66.249.78.36 - - [11/Apr/2015:00:07:21 +0200] "GET /news.php?cs_go=archiv&cs_id=4366&cs_search= HTTP/1.1" 200 11477 "-" "Mozilla/5.0 (compatible; Googlebot/2.1; +http://www.google.com/bot.html)"
66.249.78.43 - - [11/Apr/2015:00:10:40 +0200] "GET /news.php?cs_go=archiv&cs_id=5133 HTTP/1.1" 200 11477 "-" "Mozilla/5.0 (compatible; Googlebot/2.1; +http://www.google.com/bot.html)"
66.249.78.50 - - [11/Apr/2015:00:14:20 +0200] "GET /news.php?cs_go=archiv&cs_id=3265 HTTP/1.1" 200 11477 "-" "Mozilla/5.0 (compatible; Googlebot/2.1; +http://www.google.com/bot.html)"
66.249.78.43 - - [11/Apr/2015:00:17:21 +0200] "GET /news.php?cs_go=archiv&cs_id=5133 HTTP/1.1" 200 11477 "-" "Mozilla/5.0 (compatible; Googlebot/2.1; +http://www.google.com/bot.html)"
66.249.78.50 - - [11/Apr/2015:00:20:44 +0200] "GET /news.php?cs_go=archiv&cs_id=3265 HTTP/1.1" 200 11477 "-" "Mozilla/5.0 (compatible; Googlebot/2.1; +http://www.google.com/bot.html)"
66.249.78.43 - - [11/Apr/2015:00:27:26 +0200] "GET /news.php?cs_go=archiv&cs_id=3265 HTTP/1.1" 200 11477 "-" "Mozilla/5.0 (compatible; Googlebot/2.1; +http://www.google.com/bot.html)"
66.249.78.149 - - [11/Apr/2015:00:36:52 +0200] "GET /kwk.php?cs_go=2 HTTP/1.1" 200 11474 "-" "Mozilla/5.0 (compatible; Googlebot/2.1; +http://www.google.com/bot.html)"
141.8.189.118 - - [11/Apr/2015:00:44:10 +0200] "GET /robots.txt HTTP/1.1" 404 1256 "-" "Mozilla/5.0 (compatible; YandexBot/3.0; +http://yandex.com/bots)"
66.249.64.160 - - [11/Apr/2015:00:43:12 +0200] "GET /kwk.php?cs_go=2 HTTP/1.1" 200 11474 "-" "Mozilla/5.0 (compatible; Googlebot/2.1; +http://www.google.com/bot.html)"
157.55.39.233 - - [11/Apr/2015:00:51:01 +0200] "GET /robots.txt HTTP/1.1" 404 1256 "-" "Mozilla/5.0 (compatible; bingbot/2.0; +http://www.bing.com/bingbot.htm)"
157.55.39.109 - - [11/Apr/2015:00:51:01 +0200] "GET /robots.txt HTTP/1.1" 404 1256 "-" "Mozilla/5.0 (compatible; bingbot/2.0; +http://www.bing.com/bingbot.htm)"
66.249.78.50 - - [11/Apr/2015:00:49:30 +0200] "GET /energiekostenvergleich.php HTTP/1.1" 200 17945 "-" "SAMSUNG-SGH-E250/1.0 Profile/MIDP-2.0 Configuration/CLDC-1.1 UP.Browser/6.2.3.3.c.1.101 (GUI) MMP/2.0 (compatible; Googlebot-Mobile/2.1; +http://www.google.com/bot.html)"
157.55.39.109 - - [11/Apr/2015:00:51:07 +0200] "GET /news.php?cs_go=archiv&cs_id=5390 HTTP/1.1" 200 9055 "-" "Mozilla/5.0 (compatible; bingbot/2.0; +http://www.bing.com/bingbot.htm)"
157.55.39.233 - - [11/Apr/2015:00:51:37 +0200] "GET /news.php?cs_go=archiv&cs_startpos=0 HTTP/1.1" 200 9055 "-" "Mozilla/5.0 (compatible; bingbot/2.0; +http://www.bing.com/bingbot.htm)"
157.55.39.233 - - [11/Apr/2015:00:52:27 +0200] "GET /news.php?cs_go=archiv&cs_id=5391 HTTP/1.1" 200 9055 "-" "Mozilla/5.0 (compatible; bingbot/2.0; +http://www.bing.com/bingbot.htm)"
66.249.78.50 - - [11/Apr/2015:00:56:29 +0200] "GET /energiekostenvergleich.php HTTP/1.1" 200 17945 "-" "SAMSUNG-SGH-E250/1.0 Profile/MIDP-2.0 Configuration/CLDC-1.1 UP.Browser/6.2.3.3.c.1.101 (GUI) MMP/2.0 (compatible; Googlebot-Mobile/2.1; +http://www.google.com/bot.html)"
66.249.78.142 - - [11/Apr/2015:00:53:29 +0200] "GET /kwk.php?cs_go=2 HTTP/1.1" 200 11474 "-" "Mozilla/5.0 (compatible; Googlebot/2.1; +http://www.google.com/bot.html)"
66.249.78.170 - - [11/Apr/2015:01:03:05 +0200] "GET /Scripts/AC_RunActiveContent.js HTTP/1.1" 200 8029 "-" "Mozilla/5.0 (compatible; Googlebot/2.1; +http://www.google.com/bot.html)"
66.249.78.50 - - [11/Apr/2015:01:03:05 +0200] "GET /energiekostenvergleich.php HTTP/1.1" 200 17945 "-" "SAMSUNG-SGH-E250/1.0 Profile/MIDP-2.0 Configuration/CLDC-1.1 UP.Browser/6.2.3.3.c.1.101 (GUI) MMP/2.0 (compatible; Googlebot-Mobile/2.1; +http://www.google.com/bot.html)"
66.249.78.142 - - [11/Apr/2015:01:00:05 +0200] "GET /kwk.php?cs_go=2 HTTP/1.1" 200 11474 "-" "Mozilla/5.0 (compatible; Googlebot/2.1; +http://www.google.com/bot.html)"
207.46.13.31 - - [11/Apr/2015:01:04:49 +0200] "GET /news.php?cs_go=archiv&cs_id=5389 HTTP/1.1" 200 9055 "-" "Mozilla/5.0 (compatible; bingbot/2.0; +http://www.bing.com/bingbot.htm)"
66.249.64.179 - - [11/Apr/2015:01:13:00 +0200] "GET /news.php?cs_go=archiv&cs_id=5258 HTTP/1.1" 200 11477 "-" "Mozilla/5.0 (compatible; Googlebot/2.1; +http://www.google.com/bot.html)"
66.249.78.36 - - [11/Apr/2015:01:19:07 +0200] "GET /news.php?cs_go=archiv&cs_id=5258 HTTP/1.1" 200 11477 "-" "Mozilla/5.0 (compatible; Googlebot/2.1; +http://www.google.com/bot.html)"
66.249.64.175 - - [11/Apr/2015:01:23:25 +0200] "GET /news.php?cs_go=archiv&cs_id=4595 HTTP/1.1" 200 11477 "-" "Mozilla/5.0 (compatible; Googlebot/2.1; +http://www.google.com/bot.html)"
66.249.78.36 - - [11/Apr/2015:01:26:26 +0200] "GET /news.php?cs_go=archiv&cs_id=5258 HTTP/1.1" 200 11477 "-" "Mozilla/5.0 (compatible; Googlebot/2.1; +http://www.google.com/bot.html)"
66.249.64.179 - - [11/Apr/2015:01:29:48 +0200] "GET /news.php?cs_go=archiv&cs_id=4595 HTTP/1.1" 200 11477 "-" "Mozilla/5.0 (compatible; Googlebot/2.1; +http://www.google.com/bot.html)"
66.249.78.36 - - [11/Apr/2015:01:34:04 +0200] "GET /news.php?cs_go=archiv&cs_id=4790 HTTP/1.1" 200 11477 "-" "Mozilla/5.0 (compatible; Googlebot/2.1; +http://www.google.com/bot.html)"
66.249.78.50 - - [11/Apr/2015:01:37:04 +0200] "GET /news.php?cs_go=archiv&cs_id=4595 HTTP/1.1" 200 11477 "-" "Mozilla/5.0 (compatible; Googlebot/2.1; +http://www.google.com/bot.html)"
66.249.78.43 - - [11/Apr/2015:01:40:35 +0200] "GET /news.php?cs_go=archiv&cs_id=4790 HTTP/1.1" 200 11477 "-" "Mozilla/5.0 (compatible; Googlebot/2.1; +http://www.google.com/bot.html)"
66.249.78.135 - - [11/Apr/2015:01:44:22 +0200] "GET /edl.php HTTP/1.1" 200 11816 "-" "Mozilla/5.0 (iPhone; CPU iPhone OS 6_0 like Mac OS X) AppleWebKit/536.26 (KHTML, like Gecko) Version/6.0 Mobile/10A5376e Safari/8536.25 (compatible; Googlebot/2.1; +http://www.google.com/bot.html)"
66.249.78.50 - - [11/Apr/2015:01:47:22 +0200] "GET /news.php?cs_go=archiv&cs_id=4790 HTTP/1.1" 200 11477 "-" "Mozilla/5.0 (compatible; Googlebot/2.1; +http://www.google.com/bot.html)"
66.249.78.142 - - [11/Apr/2015:01:50:38 +0200] "GET /edl.php HTTP/1.1" 200 11816 "-" "Mozilla/5.0 (iPhone; CPU iPhone OS 6_0 like Mac OS X) AppleWebKit/536.26 (KHTML, like Gecko) Version/6.0 Mobile/10A5376e Safari/8536.25 (compatible; Googlebot/2.1; +http://www.google.com/bot.html)"
66.249.78.149 - - [11/Apr/2015:01:57:22 +0200] "GET /edl.php HTTP/1.1" 200 11816 "-" "Mozilla/5.0 (iPhone; CPU iPhone OS 6_0 like Mac OS X) AppleWebKit/536.26 (KHTML, like Gecko) Version/6.0 Mobile/10A5376e Safari/8536.25 (compatible; Googlebot/2.1; +http://www.google.com/bot.html)"
66.249.78.50 - - [11/Apr/2015:02:12:27 +0200] "GET /news.php?cs_go=archiv&cs_id=3897 HTTP/1.1" 200 11477 "-" "Mozilla/5.0 (compatible; Googlebot/2.1; +http://www.google.com/bot.html)"
207.46.13.29 - - [11/Apr/2015:02:20:35 +0200] "GET /robots.txt HTTP/1.1" 404 1256 "-" "Mozilla/5.0 (compatible; bingbot/2.0; +http://www.bing.com/bingbot.htm)"
207.46.13.29 - - [11/Apr/2015:02:22:00 +0200] "GET / HTTP/1.1" 200 9656 "-" "Mozilla/5.0 (compatible; bingbot/2.0; +http://www.bing.com/bingbot.htm)"
66.249.78.43 - - [11/Apr/2015:02:19:10 +0200] "GET /news.php?cs_go=archiv&cs_id=3897 HTTP/1.1" 200 11477 "-" "Mozilla/5.0 (compatible; Googlebot/2.1; +http://www.google.com/bot.html)"
66.249.78.50 - - [11/Apr/2015:02:21:57 +0200] "GET /news.php?cs_go=archiv&cs_id=3306 HTTP/1.1" 200 11477 "-" "Mozilla/5.0 (compatible; Googlebot/2.1; +http://www.google.com/bot.html)"
66.249.78.36 - - [11/Apr/2015:02:25:46 +0200] "GET /news.php?cs_go=archiv&cs_id=3897 HTTP/1.1" 200 11477 "-" "Mozilla/5.0 (compatible; Googlebot/2.1; +http://www.google.com/bot.html)"
66.249.78.36 - - [11/Apr/2015:02:28:46 +0200] "GET /news.php?cs_go=archiv&cs_id=3306 HTTP/1.1" 200 11477 "-" "Mozilla/5.0 (compatible; Googlebot/2.1; +http://www.google.com/bot.html)"
66.249.78.43 - - [11/Apr/2015:02:31:46 +0200] "GET /news.php?cs_go=archiv&cs_id=3966 HTTP/1.1" 200 11477 "-" "Mozilla/5.0 (compatible; Googlebot/2.1; +http://www.google.com/bot.html)"
66.249.78.50 - - [11/Apr/2015:02:34:50 +0200] "GET /news.php?cs_go=archiv&cs_id=3306 HTTP/1.1" 200 11477 "-" "Mozilla/5.0 (compatible; Googlebot/2.1; +http://www.google.com/bot.html)"
52.28.48.148 - - [11/Apr/2015:02:44:00 +0200] "GET /robots.txt HTTP/1.0" 404 1256 "-" "BlackCatB/Nutch-1.10-SNAPSHOT"
66.249.64.175 - - [11/Apr/2015:02:37:51 +0200] "GET /news.php?cs_go=archiv&cs_id=3966 HTTP/1.1" 200 11477 "-" "Mozilla/5.0 (compatible; Googlebot/2.1; +http://www.google.com/bot.html)"
66.249.64.171 - - [11/Apr/2015:02:44:07 +0200] "GET /news.php?cs_go=archiv&cs_id=3966 HTTP/1.1" 200 11477 "-" "Mozilla/5.0 (compatible; Googlebot/2.1; +http://www.google.com/bot.html)"
52.28.48.148 - - [11/Apr/2015:02:44:00 +0200] "GET / HTTP/1.0" 200 16125 "-" "BlackCatB/Nutch-1.10-SNAPSHOT"
178.255.215.83 - - [11/Apr/2015:03:11:03 +0200] "GET /news.php?cs_go=archiv&cs_id=4912 HTTP/1.1" 200 11477 "-" "Mozilla/5.0 (compatible; Exabot/3.0; +http://www.exabot.com/go/robot)"
66.249.78.210 - - [11/Apr/2015:03:18:03 +0200] "GET /robots.txt HTTP/1.1" 404 1256 "-" "Mozilla/5.0 (compatible; Googlebot/2.1; +http://www.google.com/bot.html)"
66.249.78.217 - - [11/Apr/2015:03:18:03 +0200] "GET /news.php?cs_go=archiv&cs_id=1794&cs_search= HTTP/1.1" 200 11477 "-" "Mozilla/5.0 (compatible; Googlebot/2.1; +http://www.google.com/bot.html)"
66.249.78.217 - - [11/Apr/2015:03:24:15 +0200] "GET /news.php?cs_go=archiv&cs_id=1794&cs_search= HTTP/1.1" 200 11477 "-" "Mozilla/5.0 (compatible; Googlebot/2.1; +http://www.google.com/bot.html)"
66.249.78.224 - - [11/Apr/2015:03:30:27 +0200] "GET /news.php?cs_go=archiv&cs_id=1794&cs_search= HTTP/1.1" 200 11477 "-" "Mozilla/5.0 (compatible; Googlebot/2.1; +http://www.google.com/bot.html)"
66.249.78.43 - - [11/Apr/2015:03:42:55 +0200] "GET /news.php?cs_go=archiv&cs_id=4864 HTTP/1.1" 200 11477 "-" "Mozilla/5.0 (compatible; Googlebot/2.1; +http://www.google.com/bot.html)"
66.249.78.50 - - [11/Apr/2015:03:48:59 +0200] "GET /news.php?cs_go=archiv&cs_id=4864 HTTP/1.1" 200 11477 "-" "Mozilla/5.0 (compatible; Googlebot/2.1; +http://www.google.com/bot.html)"
66.249.78.50 - - [11/Apr/2015:03:54:21 +0200] "GET /news.php?cs_go=archiv&cs_id=4762 HTTP/1.1" 200 11477 "-" "Mozilla/5.0 (compatible; Googlebot/2.1; +http://www.google.com/bot.html)"
141.8.189.118 - - [11/Apr/2015:04:02:24 +0200] "GET /seiten/start.htm HTTP/1.1" 404 1256 "-" "Mozilla/5.0 (compatible; YandexBot/3.0; +http://yandex.com/bots)"
66.249.78.50 - - [11/Apr/2015:03:57:21 +0200] "GET /news.php?cs_go=archiv&cs_id=4864 HTTP/1.1" 200 11477 "-" "Mozilla/5.0 (compatible; Googlebot/2.1; +http://www.google.com/bot.html)"
66.249.78.43 - - [11/Apr/2015:04:00:38 +0200] "GET /news.php?cs_go=archiv&cs_id=4762 HTTP/1.1" 200 11477 "-" "Mozilla/5.0 (compatible; Googlebot/2.1; +http://www.google.com/bot.html)"
93.158.143.18 - - [11/Apr/2015:04:02:26 +0200] "GET / HTTP/1.1" 200 15920 "-" "Mozilla/5.0 (compatible; YandexBot/3.0; +http://yandex.com/bots)"
66.249.78.50 - - [11/Apr/2015:04:03:38 +0200] "GET /brennwerttechnik.php HTTP/1.1" 200 11859 "-" "SAMSUNG-SGH-E250/1.0 Profile/MIDP-2.0 Configuration/CLDC-1.1 UP.Browser/6.2.3.3.c.1.101 (GUI) MMP/2.0 (compatible; Googlebot-Mobile/2.1; +http://www.google.com/bot.html)"
93.158.143.18 - - [11/Apr/2015:04:03:43 +0200] "GET / HTTP/1.1" 200 15920 "-" "Mozilla/5.0 (compatible; YandexBot/3.0; +http://yandex.com/bots)"
93.158.143.18 - - [11/Apr/2015:04:05:00 +0200] "GET / HTTP/1.1" 200 15920 "-" "Mozilla/5.0 (compatible; YandexBot/3.0; +http://yandex.com/bots)"
93.158.143.18 - - [11/Apr/2015:04:06:17 +0200] "GET / HTTP/1.1" 200 15920 "-" "Mozilla/5.0 (compatible; YandexBot/3.0; +http://yandex.com/bots)"
66.249.78.36 - - [11/Apr/2015:04:06:39 +0200] "GET /news.php?cs_go=archiv&cs_id=4762 HTTP/1.1" 200 11477 "-" "Mozilla/5.0 (compatible; Googlebot/2.1; +http://www.google.com/bot.html)"
157.55.39.109 - - [11/Apr/2015:04:10:19 +0200] "GET /news.php?cs_go=archiv&cs_id=5390 HTTP/1.1" 200 9055 "-" "Mozilla/5.0 (compatible; bingbot/2.0; +http://www.bing.com/bingbot.htm)"
157.55.39.233 - - [11/Apr/2015:04:10:40 +0200] "GET /news.php?cs_go=archiv&cs_startpos=0 HTTP/1.1" 200 9055 "-" "Mozilla/5.0 (compatible; bingbot/2.0; +http://www.bing.com/bingbot.htm)"
157.55.39.233 - - [11/Apr/2015:04:10:40 +0200] "GET /news.php?cs_go=archiv&cs_id=5391 HTTP/1.1" 200 9055 "-" "Mozilla/5.0 (compatible; bingbot/2.0; +http://www.bing.com/bingbot.htm)"
66.249.78.50 - - [11/Apr/2015:04:09:45 +0200] "GET /brennwerttechnik.php HTTP/1.1" 200 11859 "-" "SAMSUNG-SGH-E250/1.0 Profile/MIDP-2.0 Configuration/CLDC-1.1 UP.Browser/6.2.3.3.c.1.101 (GUI) MMP/2.0 (compatible; Googlebot-Mobile/2.1; +http://www.google.com/bot.html)"
207.46.13.31 - - [11/Apr/2015:04:19:28 +0200] "GET /news.php?cs_go=archiv&cs_id=5389 HTTP/1.1" 200 9055 "-" "Mozilla/5.0 (compatible; bingbot/2.0; +http://www.bing.com/bingbot.htm)"
