66.249.78.36 - - [05/Apr/2015:13:16:57 +0200] "GET /news.php?cs_go=archiv&cs_id=4264 HTTP/1.1" 200 11477 "-" "Mozilla/5.0 (compatible; Googlebot/2.1; +http://www.google.com/bot.html)"
78.46.36.226 - - [05/Apr/2015:13:25:14 +0200] "GET /robots.txt HTTP/1.1" 404 1256 "-" "Mozilla/5.0 (Windows; U; Windows NT 5.1; rv:1.7.3) Gecko/20041001 Firefox/0.10.1"
78.46.36.226 - - [05/Apr/2015:13:25:56 +0200] "GET /robots.txt HTTP/1.1" 404 1256 "-" "Mozilla/5.0 (Windows; U; Windows NT 5.1; rv:1.7.3) Gecko/20041001 Firefox/0.10.1"
78.46.36.226 - - [05/Apr/2015:13:25:57 +0200] "GET /robots.txt HTTP/1.1" 404 1256 "-" "Mozilla/5.0 (Windows; U; Windows NT 5.1; rv:1.7.3) Gecko/20041001 Firefox/0.10.1"
78.46.36.226 - - [05/Apr/2015:13:26:32 +0200] "GET /robots.txt HTTP/1.1" 404 1256 "-" "Mozilla/5.0 (Windows; U; Windows NT 5.1; rv:1.7.3) Gecko/20041001 Firefox/0.10.1"
66.249.78.43 - - [05/Apr/2015:13:23:24 +0200] "GET /news.php?cs_go=archiv&cs_id=4264 HTTP/1.1" 200 11477 "-" "Mozilla/5.0 (compatible; Googlebot/2.1; +http://www.google.com/bot.html)"
66.249.78.43 - - [05/Apr/2015:13:42:49 +0200] "GET /news.php?cs_go=archiv&cs_id=5303 HTTP/1.1" 200 11477 "-" "Mozilla/5.0 (compatible; Googlebot/2.1; +http://www.google.com/bot.html)"
66.249.78.36 - - [05/Apr/2015:13:48:49 +0200] "GET /kwk.php HTTP/1.1" 200 11474 "-" "Mozilla/5.0 (iPhone; CPU iPhone OS 6_0 like Mac OS X) AppleWebKit/536.26 (KHTML, like Gecko) Version/6.0 Mobile/10A5376e Safari/8536.25 (compatible; Googlebot/2.1; +http://www.google.com/bot.html)"
66.249.78.50 - - [05/Apr/2015:13:51:49 +0200] "GET /news.php?cs_go=archiv&cs_id=5303 HTTP/1.1" 200 11477 "-" "Mozilla/5.0 (compatible; Googlebot/2.1; +http://www.google.com/bot.html)"
66.249.78.43 - - [05/Apr/2015:13:54:50 +0200] "GET /news.php?cs_go=archiv&cs_id=4896&cs_search= HTTP/1.1" 200 11477 "-" "Mozilla/5.0 (compatible; Googlebot/2.1; +http://www.google.com/bot.html)"
66.249.78.36 - - [05/Apr/2015:13:57:50 +0200] "GET /kwk.php HTTP/1.1" 200 11474 "-" "Mozilla/5.0 (iPhone; CPU iPhone OS 6_0 like Mac OS X) AppleWebKit/536.26 (KHTML, like Gecko) Version/6.0 Mobile/10A5376e Safari/8536.25 (compatible; Googlebot/2.1; +http://www.google.com/bot.html)"
66.249.78.50 - - [05/Apr/2015:14:00:49 +0200] "GET /news.php?cs_go=archiv&cs_id=5303 HTTP/1.1" 200 11477 "-" "Mozilla/5.0 (compatible; Googlebot/2.1; +http://www.google.com/bot.html)"
66.249.78.36 - - [05/Apr/2015:14:03:49 +0200] "GET /news.php?cs_go=archiv&cs_id=4896&cs_search= HTTP/1.1" 200 11477 "-" "Mozilla/5.0 (compatible; Googlebot/2.1; +http://www.google.com/bot.html)"
66.249.78.43 - - [05/Apr/2015:14:06:49 +0200] "GET /kwk.php HTTP/1.1" 200 11474 "-" "Mozilla/5.0 (iPhone; CPU iPhone OS 6_0 like Mac OS X) AppleWebKit/536.26 (KHTML, like Gecko) Version/6.0 Mobile/10A5376e Safari/8536.25 (compatible; Googlebot/2.1; +http://www.google.com/bot.html)"
66.249.64.175 - - [05/Apr/2015:14:10:19 +0200] "GET /news.php?cs_go=archiv&cs_id=3664 HTTP/1.1" 200 11477 "-" "Mozilla/5.0 (compatible; Googlebot/2.1; +http://www.google.com/bot.html)"
64.246.165.190 - - [05/Apr/2015:14:18:23 +0200] "GET /robots.txt HTTP/1.0" 404 1256 "-" "Mozilla/5.0 (Windows; U; Windows NT 5.1; en; rv:1.9.0.13) Gecko/2009073022 Firefox/3.5.2 (.NET CLR 3.5.30729) SurveyBot/2.3 (DomainTools)"
66.249.78.43 - - [05/Apr/2015:14:13:19 +0200] "GET /news.php?cs_go=archiv&cs_id=4896&cs_search= HTTP/1.1" 200 11477 "-" "Mozilla/5.0 (compatible; Googlebot/2.1; +http://www.google.com/bot.html)"
66.249.78.36 - - [05/Apr/2015:14:16:49 +0200] "GET /news.php?cs_go=archiv&cs_id=3664 HTTP/1.1" 200 11477 "-" "Mozilla/5.0 (compatible; Googlebot/2.1; +http://www.google.com/bot.html)"
64.246.165.190 - - [05/Apr/2015:14:18:23 +0200] "GET / HTTP/1.1" 200 15920 "http://whois.domaintools.com/essodiesel.de" "Mozilla/5.0 (Windows; U; Windows NT 5.1; en; rv:1.9.0.13) Gecko/2009073022 Firefox/3.5.2 (.NET CLR 3.5.30729) SurveyBot/2.3 (DomainTools)"
66.249.78.50 - - [05/Apr/2015:14:19:49 +0200] "GET /news.php?cs_go=archiv&cs_id=4799&cs_search= HTTP/1.1" 200 11477 "-" "Mozilla/5.0 (compatible; Googlebot/2.1; +http://www.google.com/bot.html)"
66.249.78.36 - - [05/Apr/2015:14:23:10 +0200] "GET /news.php?cs_go=archiv&cs_id=3664 HTTP/1.1" 200 11477 "-" "Mozilla/5.0 (compatible; Googlebot/2.1; +http://www.google.com/bot.html)"
66.249.78.50 - - [05/Apr/2015:14:26:11 +0200] "GET /news.php?cs_go=archiv&cs_id=4799&cs_search= HTTP/1.1" 200 11477 "-" "Mozilla/5.0 (compatible; Googlebot/2.1; +http://www.google.com/bot.html)"
66.249.78.36 - - [05/Apr/2015:14:29:11 +0200] "GET /news.php?cs_go=archiv&cs_id=5087&cs_search= HTTP/1.1" 200 11477 "-" "Mozilla/5.0 (compatible; Googlebot/2.1; +http://www.google.com/bot.html)"
66.249.78.43 - - [05/Apr/2015:14:32:12 +0200] "GET /news.php?cs_go=archiv&cs_id=4799&cs_search= HTTP/1.1" 200 11477 "-" "Mozilla/5.0 (compatible; Googlebot/2.1; +http://www.google.com/bot.html)"
66.249.64.175 - - [05/Apr/2015:14:35:13 +0200] "GET /news.php?cs_go=archiv&cs_id=5087&cs_search= HTTP/1.1" 200 11477 "-" "Mozilla/5.0 (compatible; Googlebot/2.1; +http://www.google.com/bot.html)"
64.246.165.50 - - [05/Apr/2015:14:47:50 +0200] "GET /robots.txt HTTP/1.0" 404 1256 "-" "Mozilla/5.0 (Windows; U; Windows NT 5.1; en; rv:1.9.0.13) Gecko/2009073022 Firefox/3.5.2 (.NET CLR 3.5.30729) SurveyBot/2.3 (DomainTools)"
66.249.64.179 - - [05/Apr/2015:14:41:42 +0200] "GET /news.php?cs_go=archiv&cs_id=5087&cs_search= HTTP/1.1" 200 11477 "-" "Mozilla/5.0 (compatible; Googlebot/2.1; +http://www.google.com/bot.html)"
66.249.78.43 - - [05/Apr/2015:14:42:26 +0200] "GET /news.php?cs_go=archiv&cs_id=4776 HTTP/1.1" 200 11477 "-" "Mozilla/5.0 (iPhone; CPU iPhone OS 6_0 like Mac OS X) AppleWebKit/536.26 (KHTML, like Gecko) Version/6.0 Mobile/10A5376e Safari/8536.25 (compatible; Googlebot/2.1; +http://www.google.com/bot.html)"
64.246.165.50 - - [05/Apr/2015:14:47:50 +0200] "GET / HTTP/1.1" 200 15920 "http://whois.domaintools.com/esso-berlin.de" "Mozilla/5.0 (Windows; U; Windows NT 5.1; en; rv:1.9.0.13) Gecko/2009073022 Firefox/3.5.2 (.NET CLR 3.5.30729) SurveyBot/2.3 (DomainTools)"
66.249.78.50 - - [05/Apr/2015:14:49:02 +0200] "GET /news.php?cs_go=archiv&cs_id=4776 HTTP/1.1" 200 11477 "-" "Mozilla/5.0 (iPhone; CPU iPhone OS 6_0 like Mac OS X) AppleWebKit/536.26 (KHTML, like Gecko) Version/6.0 Mobile/10A5376e Safari/8536.25 (compatible; Googlebot/2.1; +http://www.google.com/bot.html)"
64.246.165.10 - - [05/Apr/2015:15:01:19 +0200] "GET /robots.txt HTTP/1.0" 404 1256 "-" "Mozilla/5.0 (Windows; U; Windows NT 5.1; en; rv:1.9.0.13) Gecko/2009073022 Firefox/3.5.2 (.NET CLR 3.5.30729) SurveyBot/2.3 (DomainTools)"
66.249.78.50 - - [05/Apr/2015:14:55:05 +0200] "GET /news.php?cs_go=archiv&cs_id=4776 HTTP/1.1" 200 11477 "-" "Mozilla/5.0 (iPhone; CPU iPhone OS 6_0 like Mac OS X) AppleWebKit/536.26 (KHTML, like Gecko) Version/6.0 Mobile/10A5376e Safari/8536.25 (compatible; Googlebot/2.1; +http://www.google.com/bot.html)"
64.246.165.10 - - [05/Apr/2015:15:01:20 +0200] "GET / HTTP/1.1" 200 15920 "http://whois.domaintools.com/essoberlin.de" "Mozilla/5.0 (Windows; U; Windows NT 5.1; en; rv:1.9.0.13) Gecko/2009073022 Firefox/3.5.2 (.NET CLR 3.5.30729) SurveyBot/2.3 (DomainTools)"
85.25.202.18 - - [05/Apr/2015:15:12:04 +0200] "GET / HTTP/1.1" 200 9656 "http://www.sumaja.de/?such_wert=berlin" "T-Online Browser (Windows NT 6.1; de)"
66.249.78.50 - - [05/Apr/2015:15:23:32 +0200] "GET /news.php?cs_go=archiv&cs_id=4048&cs_search= HTTP/1.1" 200 11477 "-" "Mozilla/5.0 (compatible; Googlebot/2.1; +http://www.google.com/bot.html)"
216.145.17.190 - - [05/Apr/2015:15:36:08 +0200] "GET /robots.txt HTTP/1.0" 404 1256 "-" "Mozilla/5.0 (Windows; U; Windows NT 5.1; en; rv:1.9.0.13) Gecko/2009073022 Firefox/3.5.2 (.NET CLR 3.5.30729) SurveyBot/2.3 (DomainTools)"
66.249.64.179 - - [05/Apr/2015:15:30:06 +0200] "GET /news.php?cs_go=archiv&cs_id=4048&cs_search= HTTP/1.1" 200 11477 "-" "Mozilla/5.0 (compatible; Googlebot/2.1; +http://www.google.com/bot.html)"
178.255.215.83 - - [05/Apr/2015:15:39:49 +0200] "GET /robots.txt HTTP/1.1" 404 1256 "-" "Mozilla/5.0 (compatible; Exabot/3.0; +http://www.exabot.com/go/robot)"
216.145.17.190 - - [05/Apr/2015:15:36:08 +0200] "GET / HTTP/1.1" 200 15920 "http://whois.domaintools.com/essoschmierstoffe.de" "Mozilla/5.0 (Windows; U; Windows NT 5.1; en; rv:1.9.0.13) Gecko/2009073022 Firefox/3.5.2 (.NET CLR 3.5.30729) SurveyBot/2.3 (DomainTools)"
66.249.78.50 - - [05/Apr/2015:15:36:45 +0200] "GET /news.php?cs_go=archiv&cs_id=4048&cs_search= HTTP/1.1" 200 11477 "-" "Mozilla/5.0 (compatible; Googlebot/2.1; +http://www.google.com/bot.html)"
66.249.64.171 - - [05/Apr/2015:15:39:45 +0200] "GET /news.php?cs_go=archiv&cs_id=5252&cs_search= HTTP/1.1" 200 11477 "-" "Mozilla/5.0 (compatible; Googlebot/2.1; +http://www.google.com/bot.html)"
178.255.215.83 - - [05/Apr/2015:15:39:50 +0200] "GET / HTTP/1.1" 200 15920 "-" "Mozilla/5.0 (compatible; Exabot/3.0; +http://www.exabot.com/go/robot)"
66.249.78.50 - - [05/Apr/2015:15:46:04 +0200] "GET /news.php?cs_go=archiv&cs_id=5252&cs_search= HTTP/1.1" 200 11477 "-" "Mozilla/5.0 (compatible; Googlebot/2.1; +http://www.google.com/bot.html)"
66.249.78.36 - - [05/Apr/2015:15:52:30 +0200] "GET /news.php?cs_go=archiv&cs_id=5252&cs_search= HTTP/1.1" 200 11477 "-" "Mozilla/5.0 (compatible; Googlebot/2.1; +http://www.google.com/bot.html)"
66.249.78.50 - - [05/Apr/2015:15:55:30 +0200] "GET /news.php?cs_go=archiv&cs_id=3732 HTTP/1.1" 200 11477 "-" "Mozilla/5.0 (compatible; Googlebot/2.1; +http://www.google.com/bot.html)"
66.249.78.50 - - [05/Apr/2015:16:01:51 +0200] "GET /news.php?cs_go=archiv&cs_id=3732 HTTP/1.1" 200 11477 "-" "Mozilla/5.0 (compatible; Googlebot/2.1; +http://www.google.com/bot.html)"
66.249.78.36 - - [05/Apr/2015:16:08:19 +0200] "GET /news.php?cs_go=archiv&cs_id=3732 HTTP/1.1" 200 11477 "-" "Mozilla/5.0 (compatible; Googlebot/2.1; +http://www.google.com/bot.html)"
66.249.78.50 - - [05/Apr/2015:16:11:50 +0200] "GET /news.php?cs_go=archiv&cs_id=5057 HTTP/1.1" 200 11477 "-" "Mozilla/5.0 (compatible; Googlebot/2.1; +http://www.google.com/bot.html)"
66.249.78.43 - - [05/Apr/2015:16:18:21 +0200] "GET /news.php?cs_go=archiv&cs_id=5057 HTTP/1.1" 200 11477 "-" "Mozilla/5.0 (compatible; Googlebot/2.1; +http://www.google.com/bot.html)"
66.249.78.43 - - [05/Apr/2015:16:24:53 +0200] "GET /news.php?cs_go=archiv&cs_id=5057 HTTP/1.1" 200 11477 "-" "Mozilla/5.0 (compatible; Googlebot/2.1; +http://www.google.com/bot.html)"
66.249.78.224 - - [05/Apr/2015:16:33:01 +0200] "GET /robots.txt HTTP/1.1" 404 1256 "-" "Mozilla/5.0 (compatible; Googlebot/2.1; +http://www.google.com/bot.html)"
66.249.78.217 - - [05/Apr/2015:16:33:01 +0200] "GET / HTTP/1.1" 200 15920 "-" "Mozilla/5.0 (compatible; Googlebot/2.1; +http://www.google.com/bot.html)"
66.249.78.210 - - [05/Apr/2015:16:39:24 +0200] "GET / HTTP/1.1" 200 15920 "-" "Mozilla/5.0 (compatible; Googlebot/2.1; +http://www.google.com/bot.html)"
66.249.78.210 - - [05/Apr/2015:16:46:01 +0200] "GET / HTTP/1.1" 200 15920 "-" "Mozilla/5.0 (compatible; Googlebot/2.1; +http://www.google.com/bot.html)"
66.249.78.43 - - [05/Apr/2015:17:07:32 +0200] "GET /robots.txt HTTP/1.1" 404 1256 "-" "Mozilla/5.0 (compatible; Googlebot/2.1; +http://www.google.com/bot.html)"
66.249.78.43 - - [05/Apr/2015:17:07:32 +0200] "GET /news.php?cs_go=archiv&cs_id=4746 HTTP/1.1" 200 11477 "-" "Mozilla/5.0 (compatible; Googlebot/2.1; +http://www.google.com/bot.html)"
66.249.78.36 - - [05/Apr/2015:17:14:14 +0200] "GET /news.php?cs_go=archiv&cs_id=4746 HTTP/1.1" 200 11477 "-" "Mozilla/5.0 (compatible; Googlebot/2.1; +http://www.google.com/bot.html)"
66.249.78.43 - - [05/Apr/2015:17:20:53 +0200] "GET /news.php?cs_go=archiv&cs_id=4746 HTTP/1.1" 200 11477 "-" "Mozilla/5.0 (compatible; Googlebot/2.1; +http://www.google.com/bot.html)"
66.249.78.142 - - [05/Apr/2015:17:23:53 +0200] "GET /marktdaten.php?cs_caid=2&cs_coid= HTTP/1.1" 200 12103 "-" "Mozilla/5.0 (compatible; Googlebot/2.1; +http://www.google.com/bot.html)"
66.249.78.149 - - [05/Apr/2015:17:30:36 +0200] "GET /marktdaten.php?cs_caid=2&cs_coid= HTTP/1.1" 200 12103 "-" "Mozilla/5.0 (compatible; Googlebot/2.1; +http://www.google.com/bot.html)"
66.249.78.149 - - [05/Apr/2015:17:36:40 +0200] "GET /marktdaten.php?cs_caid=2&cs_coid= HTTP/1.1" 200 12103 "-" "Mozilla/5.0 (compatible; Googlebot/2.1; +http://www.google.com/bot.html)"
66.249.78.50 - - [05/Apr/2015:17:57:32 +0200] "GET /news.php?cs_go=archiv&cs_id=5110 HTTP/1.1" 200 11477 "-" "Mozilla/5.0 (compatible; Googlebot/2.1; +http://www.google.com/bot.html)"
66.249.78.43 - - [05/Apr/2015:18:03:52 +0200] "GET /news.php?cs_go=archiv&cs_id=5110 HTTP/1.1" 200 11477 "-" "Mozilla/5.0 (compatible; Googlebot/2.1; +http://www.google.com/bot.html)"
66.249.78.36 - - [05/Apr/2015:18:10:22 +0200] "GET /news.php?cs_go=archiv&cs_id=5110 HTTP/1.1" 200 11477 "-" "Mozilla/5.0 (compatible; Googlebot/2.1; +http://www.google.com/bot.html)"
66.249.78.9 - - [05/Apr/2015:18:23:52 +0200] "GET /robots.txt HTTP/1.1" 404 1256 "-" "Mozilla/5.0 (compatible; Googlebot/2.1; +http://www.google.com/bot.html)"
66.249.78.9 - - [05/Apr/2015:18:23:52 +0200] "GET /news.php?cs_go=archiv&cs_id=1985&cs_search= HTTP/1.1" 200 11477 "-" "Mozilla/5.0 (compatible; Googlebot/2.1; +http://www.google.com/bot.html)"
66.249.78.2 - - [05/Apr/2015:18:30:15 +0200] "GET /news.php?cs_go=archiv&cs_id=1985&cs_search= HTTP/1.1" 200 11477 "-" "Mozilla/5.0 (compatible; Googlebot/2.1; +http://www.google.com/bot.html)"
66.249.78.9 - - [05/Apr/2015:18:36:31 +0200] "GET /news.php?cs_go=archiv&cs_id=1985&cs_search= HTTP/1.1" 200 11477 "-" "Mozilla/5.0 (compatible; Googlebot/2.1; +http://www.google.com/bot.html)"
66.249.78.184 - - [05/Apr/2015:18:52:58 +0200] "GET /robots.txt HTTP/1.1" 404 1256 "-" "Mozilla/5.0 (compatible; Googlebot/2.1; +http://www.google.com/bot.html)"
66.249.78.177 - - [05/Apr/2015:18:52:58 +0200] "GET /news.php?cs_go=archiv&cs_id=259&cs_search= HTTP/1.1" 200 11477 "-" "Mozilla/5.0 (compatible; Googlebot/2.1; +http://www.google.com/bot.html)"
66.249.78.170 - - [05/Apr/2015:18:59:32 +0200] "GET /news.php?cs_go=archiv&cs_id=259&cs_search= HTTP/1.1" 200 11477 "-" "Mozilla/5.0 (compatible; Googlebot/2.1; +http://www.google.com/bot.html)"
66.249.78.170 - - [05/Apr/2015:19:06:02 +0200] "GET /news.php?cs_go=archiv&cs_id=259&cs_search= HTTP/1.1" 200 11477 "-" "Mozilla/5.0 (compatible; Googlebot/2.1; +http://www.google.com/bot.html)"
66.249.78.43 - - [05/Apr/2015:19:46:46 +0200] "GET /news.php?cs_go=archiv&cs_id=4473 HTTP/1.1" 200 11477 "-" "Mozilla/5.0 (iPhone; CPU iPhone OS 6_0 like Mac OS X) AppleWebKit/536.26 (KHTML, like Gecko) Version/6.0 Mobile/10A5376e Safari/8536.25 (compatible; Googlebot/2.1; +http://www.google.com/bot.html)"
66.249.78.43 - - [05/Apr/2015:19:52:47 +0200] "GET /news.php?cs_go=archiv&cs_id=4473 HTTP/1.1" 200 11477 "-" "Mozilla/5.0 (iPhone; CPU iPhone OS 6_0 like Mac OS X) AppleWebKit/536.26 (KHTML, like Gecko) Version/6.0 Mobile/10A5376e Safari/8536.25 (compatible; Googlebot/2.1; +http://www.google.com/bot.html)"
66.249.78.50 - - [05/Apr/2015:19:59:21 +0200] "GET /news.php?cs_go=archiv&cs_id=4473 HTTP/1.1" 200 11477 "-" "Mozilla/5.0 (iPhone; CPU iPhone OS 6_0 like Mac OS X) AppleWebKit/536.26 (KHTML, like Gecko) Version/6.0 Mobile/10A5376e Safari/8536.25 (compatible; Googlebot/2.1; +http://www.google.com/bot.html)"
66.249.78.50 - - [05/Apr/2015:20:02:21 +0200] "GET /news.php?cs_go=archiv&cs_id=4776 HTTP/1.1" 200 11477 "-" "Mozilla/5.0 (iPhone; CPU iPhone OS 6_0 like Mac OS X) AppleWebKit/536.26 (KHTML, like Gecko) Version/6.0 Mobile/10A5376e Safari/8536.25 (compatible; Googlebot/2.1; +http://www.google.com/bot.html)"
66.249.78.36 - - [05/Apr/2015:20:08:38 +0200] "GET /news.php?cs_go=archiv&cs_id=4776 HTTP/1.1" 200 11477 "-" "Mozilla/5.0 (iPhone; CPU iPhone OS 6_0 like Mac OS X) AppleWebKit/536.26 (KHTML, like Gecko) Version/6.0 Mobile/10A5376e Safari/8536.25 (compatible; Googlebot/2.1; +http://www.google.com/bot.html)"
66.249.78.43 - - [05/Apr/2015:20:12:08 +0200] "GET / HTTP/1.1" 200 15920 "-" "Mozilla/5.0 (iPhone; CPU iPhone OS 6_0 like Mac OS X) AppleWebKit/536.26 (KHTML, like Gecko) Version/6.0 Mobile/10A5376e Safari/8536.25 (compatible; Googlebot/2.1; +http://www.google.com/bot.html)"
66.249.78.36 - - [05/Apr/2015:20:15:08 +0200] "GET /news.php?cs_go=archiv&cs_id=4776 HTTP/1.1" 200 11477 "-" "Mozilla/5.0 (iPhone; CPU iPhone OS 6_0 like Mac OS X) AppleWebKit/536.26 (KHTML, like Gecko) Version/6.0 Mobile/10A5376e Safari/8536.25 (compatible; Googlebot/2.1; +http://www.google.com/bot.html)"
66.249.64.171 - - [05/Apr/2015:20:18:22 +0200] "GET / HTTP/1.1" 200 15920 "-" "Mozilla/5.0 (iPhone; CPU iPhone OS 6_0 like Mac OS X) AppleWebKit/536.26 (KHTML, like Gecko) Version/6.0 Mobile/10A5376e Safari/8536.25 (compatible; Googlebot/2.1; +http://www.google.com/bot.html)"
66.249.78.36 - - [05/Apr/2015:20:21:22 +0200] "GET / HTTP/1.1" 200 15920 "-" "Mozilla/5.0 (compatible; Googlebot/2.1; +http://www.google.com/bot.html)"
66.249.78.43 - - [05/Apr/2015:20:24:44 +0200] "GET / HTTP/1.1" 200 15920 "-" "Mozilla/5.0 (iPhone; CPU iPhone OS 6_0 like Mac OS X) AppleWebKit/536.26 (KHTML, like Gecko) Version/6.0 Mobile/10A5376e Safari/8536.25 (compatible; Googlebot/2.1; +http://www.google.com/bot.html)"
66.249.78.43 - - [05/Apr/2015:20:27:44 +0200] "GET / HTTP/1.1" 200 15920 "-" "Mozilla/5.0 (compatible; Googlebot/2.1; +http://www.google.com/bot.html)"
66.249.78.43 - - [05/Apr/2015:20:34:19 +0200] "GET / HTTP/1.1" 200 15920 "-" "Mozilla/5.0 (compatible; Googlebot/2.1; +http://www.google.com/bot.html)"
66.249.78.9 - - [05/Apr/2015:20:45:23 +0200] "GET /news.php?cs_go=archiv&cs_id=1985&cs_search= HTTP/1.1" 200 11477 "-" "Mozilla/5.0 (compatible; Googlebot/2.1; +http://www.google.com/bot.html)"
66.249.78.2 - - [05/Apr/2015:20:51:29 +0200] "GET /news.php?cs_go=archiv&cs_id=1985&cs_search= HTTP/1.1" 200 11477 "-" "Mozilla/5.0 (compatible; Googlebot/2.1; +http://www.google.com/bot.html)"
66.249.78.249 - - [05/Apr/2015:20:57:53 +0200] "GET /news.php?cs_go=archiv&cs_id=1985&cs_search= HTTP/1.1" 200 11477 "-" "Mozilla/5.0 (compatible; Googlebot/2.1; +http://www.google.com/bot.html)"
207.46.13.29 - - [05/Apr/2015:21:30:27 +0200] "GET /robots.txt HTTP/1.1" 404 1256 "-" "Mozilla/5.0 (compatible; bingbot/2.0; +http://www.bing.com/bingbot.htm)"
207.46.13.29 - - [05/Apr/2015:21:31:32 +0200] "GET / HTTP/1.1" 200 9656 "-" "Mozilla/5.0 (compatible; bingbot/2.0; +http://www.bing.com/bingbot.htm)"
157.55.39.72 - - [05/Apr/2015:21:46:14 +0200] "GET /robots.txt HTTP/1.1" 404 1256 "-" "Mozilla/5.0 (compatible; bingbot/2.0; +http://www.bing.com/bingbot.htm)"
157.55.39.72 - - [05/Apr/2015:21:46:21 +0200] "GET /essoschmierstoffe.php HTTP/1.1" 200 15387 "-" "Mozilla/5.0 (compatible; bingbot/2.0; +http://www.bing.com/bingbot.htm)"
66.249.78.210 - - [05/Apr/2015:22:15:10 +0200] "GET /news.php?cs_go=archiv&cs_id=5359 HTTP/1.1" 200 11477 "-" "Mozilla/5.0 (compatible; Googlebot/2.1; +http://www.google.com/bot.html)"
66.249.78.217 - - [05/Apr/2015:22:21:33 +0200] "GET /news.php?cs_go=archiv&cs_id=5359 HTTP/1.1" 200 11477 "-" "Mozilla/5.0 (compatible; Googlebot/2.1; +http://www.google.com/bot.html)"
66.249.78.210 - - [05/Apr/2015:22:27:40 +0200] "GET /news.php?cs_go=archiv&cs_id=5359 HTTP/1.1" 200 11477 "-" "Mozilla/5.0 (compatible; Googlebot/2.1; +http://www.google.com/bot.html)"
178.255.215.83 - - [05/Apr/2015:22:34:08 +0200] "GET /robots.txt HTTP/1.1" 404 1256 "-" "Mozilla/5.0 (compatible; Exabot/3.0; +http://www.exabot.com/go/robot)"
178.255.215.83 - - [05/Apr/2015:22:34:08 +0200] "GET /foerdermittel.php HTTP/1.1" 200 11824 "-" "Mozilla/5.0 (compatible; Exabot/3.0; +http://www.exabot.com/go/robot)"
66.249.78.210 - - [05/Apr/2015:22:46:10 +0200] "GET /energiesparcheck.php HTTP/1.1" 200 11549 "-" "Mozilla/5.0 (compatible; Googlebot/2.1; +http://www.google.com/bot.html)"
66.249.78.224 - - [05/Apr/2015:22:52:36 +0200] "GET /energiesparcheck.php HTTP/1.1" 200 11549 "-" "Mozilla/5.0 (compatible; Googlebot/2.1; +http://www.google.com/bot.html)"
66.249.78.224 - - [05/Apr/2015:22:59:13 +0200] "GET /energiesparcheck.php HTTP/1.1" 200 11549 "-" "Mozilla/5.0 (compatible; Googlebot/2.1; +http://www.google.com/bot.html)"
123.125.71.49 - - [05/Apr/2015:23:10:12 +0200] "GET / HTTP/1.1" 200 9656 "-" "Mozilla/5.0 (Windows NT 5.1; rv:6.0.2) Gecko/20100101 Firefox/6.0.2"
220.181.108.91 - - [05/Apr/2015:23:16:19 +0200] "GET / HTTP/1.1" 200 16125 "-" "Mozilla/5.0 (Windows NT 5.1; rv:6.0.2) Gecko/20100101 Firefox/6.0.2"
123.125.71.27 - - [06/Apr/2015:00:06:24 +0200] "GET / HTTP/1.1" 200 9656 "-" "Mozilla/5.0 (Windows NT 5.1; rv:6.0.2) Gecko/20100101 Firefox/6.0.2"
220.181.108.113 - - [06/Apr/2015:00:14:09 +0200] "GET / HTTP/1.1" 200 9656 "-" "Mozilla/5.0 (Windows NT 5.1; rv:6.0.2) Gecko/20100101 Firefox/6.0.2"
66.249.78.50 - - [06/Apr/2015:00:23:36 +0200] "GET /news.php?cs_go=archiv&cs_id=3569&cs_search= HTTP/1.1" 200 11477 "-" "Mozilla/5.0 (compatible; Googlebot/2.1; +http://www.google.com/bot.html)"
66.249.78.43 - - [06/Apr/2015:00:30:04 +0200] "GET /news.php?cs_go=archiv&cs_id=3569&cs_search= HTTP/1.1" 200 11477 "-" "Mozilla/5.0 (compatible; Googlebot/2.1; +http://www.google.com/bot.html)"
66.249.78.36 - - [06/Apr/2015:00:36:48 +0200] "GET /news.php?cs_go=archiv&cs_id=3569&cs_search= HTTP/1.1" 200 11477 "-" "Mozilla/5.0 (compatible; Googlebot/2.1; +http://www.google.com/bot.html)"
66.249.78.43 - - [06/Apr/2015:00:40:17 +0200] "GET /news.php?cs_go=archiv&cs_id=4819 HTTP/1.1" 200 11477 "-" "Mozilla/5.0 (compatible; Googlebot/2.1; +http://www.google.com/bot.html)"
66.249.78.36 - - [06/Apr/2015:00:46:33 +0200] "GET /news.php?cs_go=archiv&cs_id=4819 HTTP/1.1" 200 11477 "-" "Mozilla/5.0 (compatible; Googlebot/2.1; +http://www.google.com/bot.html)"
66.249.78.50 - - [06/Apr/2015:00:52:38 +0200] "GET /news.php?cs_go=archiv&cs_id=4819 HTTP/1.1" 200 11477 "-" "Mozilla/5.0 (compatible; Googlebot/2.1; +http://www.google.com/bot.html)"
37.59.55.128 - - [06/Apr/2015:01:14:11 +0200] "GET /robots.txt HTTP/1.0" 404 1256 "-" ""
37.59.55.128 - - [06/Apr/2015:01:14:11 +0200] "GET / HTTP/1.1" 200 16125 "-" "Mozilla/5.0 (Windows; U; Windows NT 6.1; en-US) AppleWebKit/534.17 (KHTML, like Gecko) Chrome/10.0.649.0 Safari/534.17"
148.251.75.46 - - [06/Apr/2015:01:58:47 +0200] "GET /news.php?cs_go=archiv&cs_id=4586 HTTP/1.1" 200 11682 "-" "Mozilla/5.0 (X11; Ubuntu; Linux i686; rv:15.0) Gecko/20100101 Firefox/15.0.1"
148.251.75.46 - - [06/Apr/2015:01:58:55 +0200] "GET /news.php?cs_go=archiv&cs_id=4586 HTTP/1.1" 200 11682 "-" "Mozilla/5.0 (compatible; Windows; U; Windows NT 6.2; WOW64; en-US; rv:12.0) Gecko/20120403211507 Firefox/12.0"
37.187.56.76 - - [06/Apr/2015:02:21:54 +0200] "GET /robots.txt HTTP/1.0" 404 1256 "-" ""
66.249.78.36 - - [06/Apr/2015:02:18:38 +0200] "GET /news.php?cs_go=archiv&cs_id=5317 HTTP/1.1" 200 11477 "-" "Mozilla/5.0 (compatible; Googlebot/2.1; +http://www.google.com/bot.html)"
66.249.78.43 - - [06/Apr/2015:02:24:52 +0200] "GET /news.php?cs_go=archiv&cs_id=5317 HTTP/1.1" 200 11477 "-" "Mozilla/5.0 (compatible; Googlebot/2.1; +http://www.google.com/bot.html)"
37.187.56.76 - - [06/Apr/2015:02:21:54 +0200] "GET / HTTP/1.1" 200 16125 "-" "Mozilla/5.0 (X11; Linux i686; rv:21.0) Gecko/20100101 Firefox/21.0"
66.249.78.50 - - [06/Apr/2015:02:31:27 +0200] "GET /news.php?cs_go=archiv&cs_id=5317 HTTP/1.1" 200 11477 "-" "Mozilla/5.0 (compatible; Googlebot/2.1; +http://www.google.com/bot.html)"
183.57.153.85 - - [06/Apr/2015:02:37:48 +0200] "GET / HTTP/1.1" 200 15920 "http://www.soberlin.de/" "Mozilla/5.0 (compatible; MSIE 9.0; Windows NT 6.1; Trident/5.0)"
188.165.233.34 - - [06/Apr/2015:02:58:14 +0200] "GET /robots.txt HTTP/1.0" 404 1256 "-" ""
66.249.78.50 - - [06/Apr/2015:02:57:00 +0200] "GET /news.php?cs_go=archiv&cs_id=4473 HTTP/1.1" 200 11477 "-" "Mozilla/5.0 (iPhone; CPU iPhone OS 6_0 like Mac OS X) AppleWebKit/536.26 (KHTML, like Gecko) Version/6.0 Mobile/10A5376e Safari/8536.25 (compatible; Googlebot/2.1; +http://www.google.com/bot.html)"
188.165.233.34 - - [06/Apr/2015:02:58:14 +0200] "GET / HTTP/1.1" 200 15920 "-" "Mozilla/5.0 (X11; Ubuntu; Linux x86_64; rv:21.0) Gecko/20130331 Firefox/21.0"
66.249.78.43 - - [06/Apr/2015:03:03:26 +0200] "GET /news.php?cs_go=archiv&cs_id=4473 HTTP/1.1" 200 11477 "-" "Mozilla/5.0 (iPhone; CPU iPhone OS 6_0 like Mac OS X) AppleWebKit/536.26 (KHTML, like Gecko) Version/6.0 Mobile/10A5376e Safari/8536.25 (compatible; Googlebot/2.1; +http://www.google.com/bot.html)"
66.249.78.43 - - [06/Apr/2015:03:09:57 +0200] "GET /news.php?cs_go=archiv&cs_id=4473 HTTP/1.1" 200 11477 "-" "Mozilla/5.0 (iPhone; CPU iPhone OS 6_0 like Mac OS X) AppleWebKit/536.26 (KHTML, like Gecko) Version/6.0 Mobile/10A5376e Safari/8536.25 (compatible; Googlebot/2.1; +http://www.google.com/bot.html)"
66.249.78.36 - - [06/Apr/2015:03:18:46 +0200] "GET / HTTP/1.1" 200 15920 "-" "Mozilla/5.0 (compatible; Googlebot/2.1; +http://www.google.com/bot.html)"
193.252.118.167 - - [06/Apr/2015:03:28:52 +0200] "GET /robots.txt HTTP/1.1" 404 1256 "-" "Mozilla/5.0 (compatible; OrangeBot/2.0; support.orangebot@orange.com)"
66.249.78.36 - - [06/Apr/2015:03:24:54 +0200] "GET / HTTP/1.1" 200 15920 "-" "Mozilla/5.0 (compatible; Googlebot/2.1; +http://www.google.com/bot.html)"
66.249.78.36 - - [06/Apr/2015:03:30:57 +0200] "GET / HTTP/1.1" 200 15920 "-" "Mozilla/5.0 (compatible; Googlebot/2.1; +http://www.google.com/bot.html)"
193.252.118.167 - - [06/Apr/2015:03:28:58 +0200] "GET / HTTP/1.1" 200 16125 "-" "Mozilla/5.0 (compatible; OrangeBot/2.0; support.orangebot@orange.com)"
66.249.78.119 - - [06/Apr/2015:04:06:20 +0200] "GET /robots.txt HTTP/1.1" 404 1256 "-" "Mozilla/5.0 (compatible; Googlebot/2.1; +http://www.google.com/bot.html)"
66.249.78.126 - - [06/Apr/2015:04:06:21 +0200] "GET /news.php?cs_go=archiv&cs_id=4473&cs_search= HTTP/1.1" 200 11477 "-" "Mozilla/5.0 (compatible; Googlebot/2.1; +http://www.google.com/bot.html)"
66.249.78.126 - - [06/Apr/2015:04:12:23 +0200] "GET /news.php?cs_go=archiv&cs_id=4473&cs_search= HTTP/1.1" 200 11477 "-" "Mozilla/5.0 (compatible; Googlebot/2.1; +http://www.google.com/bot.html)"
66.249.78.112 - - [06/Apr/2015:04:19:05 +0200] "GET /news.php?cs_go=archiv&cs_id=4473&cs_search= HTTP/1.1" 200 11477 "-" "Mozilla/5.0 (compatible; Googlebot/2.1; +http://www.google.com/bot.html)"
74.52.245.146 - - [06/Apr/2015:05:59:42 +0200] "GET / HTTP/1.0" 200 15920 "-" "Mozilla/5.0 (X11; U; Linux i686; en-US; rv:1.7.5) Gecko/20041107 Firefox/1.0"
66.249.78.43 - - [06/Apr/2015:06:13:26 +0200] "GET /robots.txt HTTP/1.1" 404 1256 "-" "Mozilla/5.0 (compatible; Googlebot/2.1; +http://www.google.com/bot.html)"
66.249.78.36 - - [06/Apr/2015:06:13:26 +0200] "GET /news.php?cs_go=archiv&cs_id=2242 HTTP/1.1" 200 11477 "-" "Mozilla/5.0 (compatible; Googlebot/2.1; +http://www.google.com/bot.html)"
66.249.78.36 - - [06/Apr/2015:06:20:02 +0200] "GET /news.php?cs_go=archiv&cs_id=2242 HTTP/1.1" 200 11477 "-" "Mozilla/5.0 (compatible; Googlebot/2.1; +http://www.google.com/bot.html)"
66.249.78.177 - - [06/Apr/2015:06:26:21 +0200] "GET / HTTP/1.1" 200 15920 "-" "Mozilla/5.0 (iPhone; CPU iPhone OS 6_0 like Mac OS X) AppleWebKit/536.26 (KHTML, like Gecko) Version/6.0 Mobile/10A5376e Safari/8536.25 (compatible; Googlebot/2.1; +http://www.google.com/bot.html)"
66.249.78.154 - - [06/Apr/2015:06:35:30 +0200] "GET /robots.txt HTTP/1.1" 404 1256 "-" "Mozilla/5.0 (compatible; Googlebot/2.1; +http://www.google.com/bot.html)"
66.249.64.171 - - [06/Apr/2015:06:29:21 +0200] "GET /news.php?cs_go=archiv&cs_id=2242 HTTP/1.1" 200 11477 "-" "Mozilla/5.0 (compatible; Googlebot/2.1; +http://www.google.com/bot.html)"
66.249.78.184 - - [06/Apr/2015:06:32:30 +0200] "GET / HTTP/1.1" 200 15920 "-" "Mozilla/5.0 (iPhone; CPU iPhone OS 6_0 like Mac OS X) AppleWebKit/536.26 (KHTML, like Gecko) Version/6.0 Mobile/10A5376e Safari/8536.25 (compatible; Googlebot/2.1; +http://www.google.com/bot.html)"
66.249.78.161 - - [06/Apr/2015:06:35:30 +0200] "GET /news.php?cs_go=archiv&cs_id=1938&cs_search= HTTP/1.1" 200 11477 "-" "Mozilla/5.0 (compatible; Googlebot/2.1; +http://www.google.com/bot.html)"
66.249.78.177 - - [06/Apr/2015:06:38:57 +0200] "GET / HTTP/1.1" 200 15920 "-" "Mozilla/5.0 (iPhone; CPU iPhone OS 6_0 like Mac OS X) AppleWebKit/536.26 (KHTML, like Gecko) Version/6.0 Mobile/10A5376e Safari/8536.25 (compatible; Googlebot/2.1; +http://www.google.com/bot.html)"
66.249.78.154 - - [06/Apr/2015:06:41:57 +0200] "GET /news.php?cs_go=archiv&cs_id=1938&cs_search= HTTP/1.1" 200 11477 "-" "Mozilla/5.0 (compatible; Googlebot/2.1; +http://www.google.com/bot.html)"
66.249.64.60 - - [06/Apr/2015:06:44:57 +0200] "GET / HTTP/1.1" 200 15920 "-" "Mozilla/5.0 (iPhone; CPU iPhone OS 6_0 like Mac OS X) AppleWebKit/536.26 (KHTML, like Gecko) Version/6.0 Mobile/10A5376e Safari/8536.25 (compatible; Googlebot/2.1; +http://www.google.com/bot.html)"
66.249.78.154 - - [06/Apr/2015:06:48:11 +0200] "GET /news.php?cs_go=archiv&cs_id=1938&cs_search= HTTP/1.1" 200 11477 "-" "Mozilla/5.0 (compatible; Googlebot/2.1; +http://www.google.com/bot.html)"
66.249.78.112 - - [06/Apr/2015:06:51:23 +0200] "GET / HTTP/1.1" 200 15920 "-" "Mozilla/5.0 (iPhone; CPU iPhone OS 6_0 like Mac OS X) AppleWebKit/536.26 (KHTML, like Gecko) Version/6.0 Mobile/10A5376e Safari/8536.25 (compatible; Googlebot/2.1; +http://www.google.com/bot.html)"
66.249.78.36 - - [06/Apr/2015:06:55:47 +0200] "GET /news.php?cs_go=archiv&cs_id=2740 HTTP/1.1" 200 11477 "-" "Mozilla/5.0 (compatible; Googlebot/2.1; +http://www.google.com/bot.html)"
66.249.78.112 - - [06/Apr/2015:06:58:47 +0200] "GET / HTTP/1.1" 200 15920 "-" "Mozilla/5.0 (iPhone; CPU iPhone OS 6_0 like Mac OS X) AppleWebKit/536.26 (KHTML, like Gecko) Version/6.0 Mobile/10A5376e Safari/8536.25 (compatible; Googlebot/2.1; +http://www.google.com/bot.html)"
66.249.78.43 - - [06/Apr/2015:07:01:47 +0200] "GET /news.php?cs_go=archiv&cs_id=2740 HTTP/1.1" 200 11477 "-" "Mozilla/5.0 (compatible; Googlebot/2.1; +http://www.google.com/bot.html)"
66.249.78.184 - - [06/Apr/2015:07:12:47 +0200] "GET /robots.txt HTTP/1.1" 404 1256 "-" "Mozilla/5.0 (compatible; Googlebot/2.1; +http://www.google.com/bot.html)"
66.249.64.179 - - [06/Apr/2015:07:07:49 +0200] "GET /news.php?cs_go=archiv&cs_id=2740 HTTP/1.1" 200 11477 "-" "Mozilla/5.0 (compatible; Googlebot/2.1; +http://www.google.com/bot.html)"
66.249.78.177 - - [06/Apr/2015:07:12:47 +0200] "GET /ansprechpartner.php HTTP/1.1" 200 13907 "-" "Mozilla/5.0 (compatible; Googlebot/2.1; +http://www.google.com/bot.html)"
66.249.78.36 - - [06/Apr/2015:07:16:58 +0200] "GET /news.php?cs_go=archiv&cs_id=2296 HTTP/1.1" 200 11477 "-" "Mozilla/5.0 (compatible; Googlebot/2.1; +http://www.google.com/bot.html)"
66.249.78.184 - - [06/Apr/2015:07:19:58 +0200] "GET /ansprechpartner.php HTTP/1.1" 200 13907 "-" "Mozilla/5.0 (compatible; Googlebot/2.1; +http://www.google.com/bot.html)"
66.249.78.43 - - [06/Apr/2015:07:23:18 +0200] "GET /news.php?cs_go=archiv&cs_id=2296 HTTP/1.1" 200 11477 "-" "Mozilla/5.0 (compatible; Googlebot/2.1; +http://www.google.com/bot.html)"
66.249.78.184 - - [06/Apr/2015:07:26:19 +0200] "GET /ansprechpartner.php HTTP/1.1" 200 13907 "-" "Mozilla/5.0 (compatible; Googlebot/2.1; +http://www.google.com/bot.html)"
66.249.78.50 - - [06/Apr/2015:07:29:54 +0200] "GET /news.php?cs_go=archiv&cs_id=2296 HTTP/1.1" 200 11477 "-" "Mozilla/5.0 (compatible; Googlebot/2.1; +http://www.google.com/bot.html)"
66.249.78.36 - - [06/Apr/2015:07:33:56 +0200] "GET /news.php?cs_go=archiv&cs_id=4484 HTTP/1.1" 200 11477 "-" "Mozilla/5.0 (iPhone; CPU iPhone OS 6_0 like Mac OS X) AppleWebKit/536.26 (KHTML, like Gecko) Version/6.0 Mobile/10A5376e Safari/8536.25 (compatible; Googlebot/2.1; +http://www.google.com/bot.html)"
66.249.78.36 - - [06/Apr/2015:07:40:33 +0200] "GET /news.php?cs_go=archiv&cs_id=4484 HTTP/1.1" 200 11477 "-" "Mozilla/5.0 (iPhone; CPU iPhone OS 6_0 like Mac OS X) AppleWebKit/536.26 (KHTML, like Gecko) Version/6.0 Mobile/10A5376e Safari/8536.25 (compatible; Googlebot/2.1; +http://www.google.com/bot.html)"
66.249.78.50 - - [06/Apr/2015:07:47:15 +0200] "GET /news.php?cs_go=archiv&cs_id=4484 HTTP/1.1" 200 11477 "-" "Mozilla/5.0 (iPhone; CPU iPhone OS 6_0 like Mac OS X) AppleWebKit/536.26 (KHTML, like Gecko) Version/6.0 Mobile/10A5376e Safari/8536.25 (compatible; Googlebot/2.1; +http://www.google.com/bot.html)"
66.249.78.135 - - [06/Apr/2015:08:18:36 +0200] "GET /robots.txt HTTP/1.1" 404 1256 "-" "Mozilla/5.0 (compatible; Googlebot/2.1; +http://www.google.com/bot.html)"
207.46.13.27 - - [06/Apr/2015:08:21:56 +0200] "GET /robots.txt HTTP/1.1" 404 1256 "-" "Mozilla/5.0 (compatible; bingbot/2.0; +http://www.bing.com/bingbot.htm)"
207.46.13.27 - - [06/Apr/2015:08:21:58 +0200] "GET /downloads/Imagebroschuere%20team%20energie%20-%20TE%20Verwaltung%20Energiehandel_klein.pdf HTTP/1.1" 200 893384 "-" "Mozilla/5.0 (compatible; bingbot/2.0; +http://www.bing.com/bingbot.htm)"
66.249.78.149 - - [06/Apr/2015:08:18:36 +0200] "GET /lexikon.php?cs_go=3&cs_id=1 HTTP/1.1" 200 11466 "-" "Mozilla/5.0 (compatible; Googlebot/2.1; +http://www.google.com/bot.html)"
66.249.78.149 - - [06/Apr/2015:08:25:21 +0200] "GET /lexikon.php?cs_go=3&cs_id=1 HTTP/1.1" 200 11466 "-" "Mozilla/5.0 (compatible; Googlebot/2.1; +http://www.google.com/bot.html)"
66.249.78.149 - - [06/Apr/2015:08:31:37 +0200] "GET /lexikon.php?cs_go=3&cs_id=1 HTTP/1.1" 200 11466 "-" "Mozilla/5.0 (compatible; Googlebot/2.1; +http://www.google.com/bot.html)"
66.249.78.135 - - [06/Apr/2015:08:55:59 +0200] "GET /news.php?cs_go=archiv&cs_id=973&cs_search= HTTP/1.1" 200 11477 "-" "Mozilla/5.0 (compatible; Googlebot/2.1; +http://www.google.com/bot.html)"
66.249.78.43 - - [06/Apr/2015:09:00:46 +0200] "GET /news.php?cs_go=archiv&cs_id=4473 HTTP/1.1" 200 11477 "-" "Mozilla/5.0 (iPhone; CPU iPhone OS 6_0 like Mac OS X) AppleWebKit/536.26 (KHTML, like Gecko) Version/6.0 Mobile/10A5376e Safari/8536.25 (compatible; Googlebot/2.1; +http://www.google.com/bot.html)"
66.249.78.142 - - [06/Apr/2015:09:03:46 +0200] "GET /news.php?cs_go=archiv&cs_id=973&cs_search= HTTP/1.1" 200 11477 "-" "Mozilla/5.0 (compatible; Googlebot/2.1; +http://www.google.com/bot.html)"
66.249.78.133 - - [06/Apr/2015:09:13:16 +0200] "GET /robots.txt HTTP/1.1" 404 1256 "-" "Mozilla/5.0 (compatible; Googlebot/2.1; +http://www.google.com/bot.html)"
66.249.78.50 - - [06/Apr/2015:09:07:17 +0200] "GET /news.php?cs_go=archiv&cs_id=4473 HTTP/1.1" 200 11477 "-" "Mozilla/5.0 (iPhone; CPU iPhone OS 6_0 like Mac OS X) AppleWebKit/536.26 (KHTML, like Gecko) Version/6.0 Mobile/10A5376e Safari/8536.25 (compatible; Googlebot/2.1; +http://www.google.com/bot.html)"
66.249.78.135 - - [06/Apr/2015:09:10:16 +0200] "GET /news.php?cs_go=archiv&cs_id=973&cs_search= HTTP/1.1" 200 11477 "-" "Mozilla/5.0 (compatible; Googlebot/2.1; +http://www.google.com/bot.html)"
66.249.78.140 - - [06/Apr/2015:09:13:17 +0200] "GET /news.php?cs_go=archiv&cs_id=1578&cs_search= HTTP/1.1" 200 11477 "-" "Mozilla/5.0 (compatible; Googlebot/2.1; +http://www.google.com/bot.html)"
66.249.64.171 - - [06/Apr/2015:09:16:17 +0200] "GET /news.php?cs_go=archiv&cs_id=4473 HTTP/1.1" 200 11477 "-" "Mozilla/5.0 (iPhone; CPU iPhone OS 6_0 like Mac OS X) AppleWebKit/536.26 (KHTML, like Gecko) Version/6.0 Mobile/10A5376e Safari/8536.25 (compatible; Googlebot/2.1; +http://www.google.com/bot.html)"
157.55.39.162 - - [06/Apr/2015:09:21:15 +0200] "GET /adblue.php HTTP/1.1" 200 15638 "-" "msnbot-media/1.1 (+http://search.msn.com/msnbot.htm)"
66.249.78.184 - - [06/Apr/2015:09:19:17 +0200] "GET /ansprechpartner.php HTTP/1.1" 200 13907 "-" "Mozilla/5.0 (compatible; Googlebot/2.1; +http://www.google.com/bot.html)"
66.249.78.224 - - [06/Apr/2015:09:24:40 +0200] "GET /news.php?cs_go=archiv&cs_id=1578&cs_search= HTTP/1.1" 200 11477 "-" "Mozilla/5.0 (compatible; Googlebot/2.1; +http://www.google.com/bot.html)"
66.249.78.177 - - [06/Apr/2015:09:27:40 +0200] "GET /ansprechpartner.php HTTP/1.1" 200 13907 "-" "Mozilla/5.0 (compatible; Googlebot/2.1; +http://www.google.com/bot.html)"
66.249.78.210 - - [06/Apr/2015:09:31:11 +0200] "GET /news.php?cs_go=archiv&cs_id=1578&cs_search= HTTP/1.1" 200 11477 "-" "Mozilla/5.0 (compatible; Googlebot/2.1; +http://www.google.com/bot.html)"
66.249.78.184 - - [06/Apr/2015:09:34:11 +0200] "GET /ansprechpartner.php HTTP/1.1" 200 13907 "-" "Mozilla/5.0 (compatible; Googlebot/2.1; +http://www.google.com/bot.html)"
207.46.13.29 - - [06/Apr/2015:09:41:25 +0200] "GET /robots.txt HTTP/1.1" 404 1256 "-" "Mozilla/5.0 (compatible; bingbot/2.0; +http://www.bing.com/bingbot.htm)"
216.107.155.114 - - [06/Apr/2015:09:42:25 +0200] "GET /robots.txt HTTP/1.0" 404 1256 "-" "Mozilla/5.0 (compatible; MJ12bot/v1.4.5; http://www.majestic12.co.uk/bot.php?+)"
216.107.155.114 - - [06/Apr/2015:09:42:27 +0200] "GET / HTTP/1.0" 200 16125 "-" "Mozilla/5.0 (compatible; MJ12bot/v1.4.5; http://www.majestic12.co.uk/bot.php?+)"
66.249.78.36 - - [06/Apr/2015:10:25:41 +0200] "GET /news.php?cs_go=archiv&cs_id=4648 HTTP/1.1" 200 11477 "-" "Mozilla/5.0 (compatible; Googlebot/2.1; +http://www.google.com/bot.html)"
66.249.78.50 - - [06/Apr/2015:10:32:21 +0200] "GET /news.php?cs_go=archiv&cs_id=4648 HTTP/1.1" 200 11477 "-" "Mozilla/5.0 (compatible; Googlebot/2.1; +http://www.google.com/bot.html)"
66.249.78.36 - - [06/Apr/2015:10:38:42 +0200] "GET /news.php?cs_go=archiv&cs_id=4648 HTTP/1.1" 200 11477 "-" "Mozilla/5.0 (compatible; Googlebot/2.1; +http://www.google.com/bot.html)"
66.249.78.149 - - [06/Apr/2015:10:42:03 +0200] "GET /news.php?cs_go=archiv&cs_id=717&cs_search= HTTP/1.1" 200 11477 "-" "Mozilla/5.0 (compatible; Googlebot/2.1; +http://www.google.com/bot.html)"
66.249.78.142 - - [06/Apr/2015:10:48:40 +0200] "GET /news.php?cs_go=archiv&cs_id=717&cs_search= HTTP/1.1" 200 11477 "-" "Mozilla/5.0 (compatible; Googlebot/2.1; +http://www.google.com/bot.html)"
66.249.78.149 - - [06/Apr/2015:10:55:08 +0200] "GET /news.php?cs_go=archiv&cs_id=717&cs_search= HTTP/1.1" 200 11477 "-" "Mozilla/5.0 (compatible; Googlebot/2.1; +http://www.google.com/bot.html)"
66.249.78.112 - - [06/Apr/2015:10:58:25 +0200] "GET /news.php?cs_go=archiv&cs_id=5289 HTTP/1.1" 200 11477 "-" "Mozilla/5.0 (compatible; Googlebot/2.1; +http://www.google.com/bot.html)"
66.249.78.170 - - [06/Apr/2015:11:10:51 +0200] "GET /modul.css HTTP/1.1" 200 36485 "-" "Mozilla/5.0 (compatible; Googlebot/2.1; +http://www.google.com/bot.html)"
66.249.78.119 - - [06/Apr/2015:11:04:57 +0200] "GET /news.php?cs_go=archiv&cs_id=5289 HTTP/1.1" 200 11477 "-" "Mozilla/5.0 (compatible; Googlebot/2.1; +http://www.google.com/bot.html)"
66.249.78.126 - - [06/Apr/2015:11:11:18 +0200] "GET /news.php?cs_go=archiv&cs_id=5289 HTTP/1.1" 200 11477 "-" "Mozilla/5.0 (compatible; Googlebot/2.1; +http://www.google.com/bot.html)"
46.4.12.20 - - [06/Apr/2015:11:34:15 +0200] "GET /robots.txt HTTP/1.0" 404 1256 "-" "Mozilla/5.0 (compatible; MJ12bot/v1.4.5; http://www.majestic12.co.uk/bot.php?+)"
46.4.12.20 - - [06/Apr/2015:11:34:17 +0200] "GET /news.php?cs_go=archiv&cs_id=4742 HTTP/1.0" 200 11477 "-" "Mozilla/5.0 (compatible; MJ12bot/v1.4.5; http://www.majestic12.co.uk/bot.php?+)"
46.4.12.20 - - [06/Apr/2015:11:35:10 +0200] "GET /news.php?cs_go=archiv&cs_id=4758 HTTP/1.0" 200 11477 "-" "Mozilla/5.0 (compatible; MJ12bot/v1.4.5; http://www.majestic12.co.uk/bot.php?+)"
46.4.12.20 - - [06/Apr/2015:11:35:52 +0200] "GET /news.php?cs_go=archiv&cs_id=4761 HTTP/1.0" 200 11477 "-" "Mozilla/5.0 (compatible; MJ12bot/v1.4.5; http://www.majestic12.co.uk/bot.php?+)"
46.4.12.20 - - [06/Apr/2015:11:36:50 +0200] "GET /news.php?cs_go=archiv&cs_id=4762 HTTP/1.0" 200 11477 "-" "Mozilla/5.0 (compatible; MJ12bot/v1.4.5; http://www.majestic12.co.uk/bot.php?+)"
46.4.12.20 - - [06/Apr/2015:11:37:43 +0200] "GET /news.php?cs_go=archiv&cs_id=4763 HTTP/1.0" 200 11477 "-" "Mozilla/5.0 (compatible; MJ12bot/v1.4.5; http://www.majestic12.co.uk/bot.php?+)"
46.4.12.20 - - [06/Apr/2015:11:38:32 +0200] "GET /news.php?cs_go=archiv&cs_id=4764 HTTP/1.0" 200 11477 "-" "Mozilla/5.0 (compatible; MJ12bot/v1.4.5; http://www.majestic12.co.uk/bot.php?+)"
46.4.12.20 - - [06/Apr/2015:11:39:23 +0200] "GET /news.php?cs_go=archiv&cs_id=4919 HTTP/1.0" 200 11477 "-" "Mozilla/5.0 (compatible; MJ12bot/v1.4.5; http://www.majestic12.co.uk/bot.php?+)"
46.4.12.20 - - [06/Apr/2015:11:40:13 +0200] "GET /news.php?cs_go=archiv&cs_id=4921 HTTP/1.0" 200 11477 "-" "Mozilla/5.0 (compatible; MJ12bot/v1.4.5; http://www.majestic12.co.uk/bot.php?+)"
46.4.12.20 - - [06/Apr/2015:11:41:06 +0200] "GET /news.php?cs_go=archiv&cs_id=5162 HTTP/1.0" 200 11477 "-" "Mozilla/5.0 (compatible; MJ12bot/v1.4.5; http://www.majestic12.co.uk/bot.php?+)"
46.4.12.20 - - [06/Apr/2015:11:41:52 +0200] "GET /news.php?cs_go=archiv&cs_id=5163 HTTP/1.0" 200 11477 "-" "Mozilla/5.0 (compatible; MJ12bot/v1.4.5; http://www.majestic12.co.uk/bot.php?+)"
46.4.12.20 - - [06/Apr/2015:11:42:39 +0200] "GET /news.php?cs_go=archiv&cs_id=5164 HTTP/1.0" 200 11477 "-" "Mozilla/5.0 (compatible; MJ12bot/v1.4.5; http://www.majestic12.co.uk/bot.php?+)"
46.4.12.20 - - [06/Apr/2015:11:43:40 +0200] "GET /news.php?cs_go=archiv&cs_id=5165 HTTP/1.0" 200 11477 "-" "Mozilla/5.0 (compatible; MJ12bot/v1.4.5; http://www.majestic12.co.uk/bot.php?+)"
66.249.78.217 - - [06/Apr/2015:11:47:31 +0200] "GET /kwk.php HTTP/1.1" 200 11474 "-" "Mozilla/5.0 (compatible; Googlebot/2.1; +http://www.google.com/bot.html)"
66.249.78.210 - - [06/Apr/2015:11:53:57 +0200] "GET /kwk.php HTTP/1.1" 200 11474 "-" "Mozilla/5.0 (compatible; Googlebot/2.1; +http://www.google.com/bot.html)"
66.249.78.249 - - [06/Apr/2015:12:03:53 +0200] "GET /robots.txt HTTP/1.1" 404 1256 "-" "Mozilla/5.0 (compatible; Googlebot/2.1; +http://www.google.com/bot.html)"
66.249.78.224 - - [06/Apr/2015:12:00:17 +0200] "GET /kwk.php HTTP/1.1" 200 11474 "-" "Mozilla/5.0 (compatible; Googlebot/2.1; +http://www.google.com/bot.html)"
66.249.78.9 - - [06/Apr/2015:12:03:53 +0200] "GET /news.php?cs_go=archiv&cs_id=5305&cs_search= HTTP/1.1" 200 11477 "-" "Mozilla/5.0 (compatible; Googlebot/2.1; +http://www.google.com/bot.html)"
66.249.78.9 - - [06/Apr/2015:12:10:19 +0200] "GET /news.php?cs_go=archiv&cs_id=5305&cs_search= HTTP/1.1" 200 11477 "-" "Mozilla/5.0 (compatible; Googlebot/2.1; +http://www.google.com/bot.html)"
66.249.78.249 - - [06/Apr/2015:12:16:47 +0200] "GET /news.php?cs_go=archiv&cs_id=5305&cs_search= HTTP/1.1" 200 11477 "-" "Mozilla/5.0 (compatible; Googlebot/2.1; +http://www.google.com/bot.html)"
5.9.41.104 - - [06/Apr/2015:12:44:42 +0200] "GET /robots.txt HTTP/1.1" 404 1256 "-" "Mozilla/5.0 (compatible; SearchmetricsBot; http://www.searchmetrics.com/en/searchmetrics-bot/)"
5.9.41.104 - - [06/Apr/2015:12:48:43 +0200] "GET /../kwk.php HTTP/1.1" 400 1200 "-" "Mozilla/5.0 (compatible; SearchmetricsBot; http://www.searchmetrics.com/en/searchmetrics-bot/)"
5.9.41.104 - - [06/Apr/2015:12:45:12 +0200] "GET /biogasanlage.php HTTP/1.1" 200 11909 "-" "Mozilla/5.0 (compatible; SearchmetricsBot; http://www.searchmetrics.com/en/searchmetrics-bot/)"
5.9.41.104 - - [06/Apr/2015:12:45:23 +0200] "GET /adblue.php HTTP/1.1" 200 15843 "-" "Mozilla/5.0 (compatible; SearchmetricsBot; http://www.searchmetrics.com/en/searchmetrics-bot/)"
5.9.41.104 - - [06/Apr/2015:12:46:04 +0200] "GET /impressum.php HTTP/1.1" 200 12936 "-" "Mozilla/5.0 (compatible; SearchmetricsBot; http://www.searchmetrics.com/en/searchmetrics-bot/)"
5.9.41.104 - - [06/Apr/2015:12:46:14 +0200] "GET /jobs.php HTTP/1.1" 200 11716 "-" "Mozilla/5.0 (compatible; SearchmetricsBot; http://www.searchmetrics.com/en/searchmetrics-bot/)"
5.9.41.104 - - [06/Apr/2015:12:46:24 +0200] "GET /schmierstoffe.php HTTP/1.1" 200 14431 "-" "Mozilla/5.0 (compatible; SearchmetricsBot; http://www.searchmetrics.com/en/searchmetrics-bot/)"
5.9.41.104 - - [06/Apr/2015:12:46:34 +0200] "GET /preisanfrage.php HTTP/1.1" 200 11698 "-" "Mozilla/5.0 (compatible; SearchmetricsBot; http://www.searchmetrics.com/en/searchmetrics-bot/)"
5.9.41.104 - - [06/Apr/2015:12:47:18 +0200] "GET /baustellenbetankung.php HTTP/1.1" 200 12527 "-" "Mozilla/5.0 (compatible; SearchmetricsBot; http://www.searchmetrics.com/en/searchmetrics-bot/)"
5.9.41.104 - - [06/Apr/2015:12:47:38 +0200] "GET /marktdaten.php HTTP/1.1" 200 12103 "-" "Mozilla/5.0 (compatible; SearchmetricsBot; http://www.searchmetrics.com/en/searchmetrics-bot/)"
5.9.41.104 - - [06/Apr/2015:12:44:42 +0200] "GET / HTTP/1.1" 200 16125 "-" "Mozilla/5.0 (compatible; SearchmetricsBot; http://www.searchmetrics.com/en/searchmetrics-bot/)"
5.9.41.104 - - [06/Apr/2015:12:44:52 +0200] "GET /kontakt.php HTTP/1.1" 200 11672 "-" "Mozilla/5.0 (compatible; SearchmetricsBot; http://www.searchmetrics.com/en/searchmetrics-bot/)"
5.9.41.104 - - [06/Apr/2015:12:48:02 +0200] "GET /essoschmierstoffe.php HTTP/1.1" 200 15592 "-" "Mozilla/5.0 (compatible; SearchmetricsBot; http://www.searchmetrics.com/en/searchmetrics-bot/)"
5.9.41.104 - - [06/Apr/2015:12:45:02 +0200] "GET /tankreinigung.php HTTP/1.1" 200 11962 "-" "Mozilla/5.0 (compatible; SearchmetricsBot; http://www.searchmetrics.com/en/searchmetrics-bot/)"
5.9.41.104 - - [06/Apr/2015:12:48:12 +0200] "GET /premiumheizoel.php HTTP/1.1" 200 12235 "-" "Mozilla/5.0 (compatible; SearchmetricsBot; http://www.searchmetrics.com/en/searchmetrics-bot/)"
5.9.41.104 - - [06/Apr/2015:12:45:33 +0200] "GET /heizoel.php HTTP/1.1" 200 12204 "-" "Mozilla/5.0 (compatible; SearchmetricsBot; http://www.searchmetrics.com/en/searchmetrics-bot/)"
5.9.41.104 - - [06/Apr/2015:12:45:43 +0200] "GET /diesel.php HTTP/1.1" 200 12167 "-" "Mozilla/5.0 (compatible; SearchmetricsBot; http://www.searchmetrics.com/en/searchmetrics-bot/)"
5.9.41.104 - - [06/Apr/2015:12:45:53 +0200] "GET /ec.php HTTP/1.1" 200 11821 "-" "Mozilla/5.0 (compatible; SearchmetricsBot; http://www.searchmetrics.com/en/searchmetrics-bot/)"
5.9.41.104 - - [06/Apr/2015:12:49:03 +0200] "GET /waermekonto.php HTTP/1.1" 200 12036 "-" "Mozilla/5.0 (compatible; SearchmetricsBot; http://www.searchmetrics.com/en/searchmetrics-bot/)"
5.9.41.104 - - [06/Apr/2015:12:49:47 +0200] "GET /notdienst.php HTTP/1.1" 200 12433 "-" "Mozilla/5.0 (compatible; SearchmetricsBot; http://www.searchmetrics.com/en/searchmetrics-bot/)"
5.9.41.104 - - [06/Apr/2015:12:49:57 +0200] "GET /ansprechpartner.php HTTP/1.1" 200 13907 "-" "Mozilla/5.0 (compatible; SearchmetricsBot; http://www.searchmetrics.com/en/searchmetrics-bot/)"
5.9.41.104 - - [06/Apr/2015:12:46:58 +0200] "GET /brennwerttechnik.php HTTP/1.1" 200 12064 "-" "Mozilla/5.0 (compatible; SearchmetricsBot; http://www.searchmetrics.com/en/searchmetrics-bot/)"
5.9.41.104 - - [06/Apr/2015:12:47:08 +0200] "GET /edl.php HTTP/1.1" 200 12021 "-" "Mozilla/5.0 (compatible; SearchmetricsBot; http://www.searchmetrics.com/en/searchmetrics-bot/)"
5.9.41.104 - - [06/Apr/2015:12:47:28 +0200] "GET /faq.php HTTP/1.1" 200 11681 "-" "Mozilla/5.0 (compatible; SearchmetricsBot; http://www.searchmetrics.com/en/searchmetrics-bot/)"
5.9.41.104 - - [06/Apr/2015:12:47:52 +0200] "GET /energiesparcheck.php HTTP/1.1" 200 11754 "-" "Mozilla/5.0 (compatible; SearchmetricsBot; http://www.searchmetrics.com/en/searchmetrics-bot/)"
5.9.41.104 - - [06/Apr/2015:12:48:22 +0200] "GET /foerdermittel.php HTTP/1.1" 200 12029 "-" "Mozilla/5.0 (compatible; SearchmetricsBot; http://www.searchmetrics.com/en/searchmetrics-bot/)"
66.249.78.9 - - [06/Apr/2015:12:51:37 +0200] "GET /news.php?cs_go=archiv&cs_id=1720&cs_search= HTTP/1.1" 200 11477 "-" "Mozilla/5.0 (compatible; Googlebot/2.1; +http://www.google.com/bot.html)"
5.9.41.104 - - [06/Apr/2015:12:48:32 +0200] "GET /lexikon.php HTTP/1.1" 200 11671 "-" "Mozilla/5.0 (compatible; SearchmetricsBot; http://www.searchmetrics.com/en/searchmetrics-bot/)"
5.9.41.104 - - [06/Apr/2015:12:48:43 +0200] "GET /ofenbau.php HTTP/1.1" 200 11901 "-" "Mozilla/5.0 (compatible; SearchmetricsBot; http://www.searchmetrics.com/en/searchmetrics-bot/)"
5.9.41.104 - - [06/Apr/2015:12:48:53 +0200] "GET /news.php HTTP/1.1" 200 11682 "-" "Mozilla/5.0 (compatible; SearchmetricsBot; http://www.searchmetrics.com/en/searchmetrics-bot/)"
5.9.41.104 - - [06/Apr/2015:12:49:16 +0200] "GET /wunschpreis.php HTTP/1.1" 200 11851 "-" "Mozilla/5.0 (compatible; SearchmetricsBot; http://www.searchmetrics.com/en/searchmetrics-bot/)"
5.9.41.104 - - [06/Apr/2015:12:49:26 +0200] "GET /index.php HTTP/1.1" 200 16125 "-" "Mozilla/5.0 (compatible; SearchmetricsBot; http://www.searchmetrics.com/en/searchmetrics-bot/)"
5.9.41.104 - - [06/Apr/2015:12:49:37 +0200] "GET /tankanlagen.php HTTP/1.1" 200 11893 "-" "Mozilla/5.0 (compatible; SearchmetricsBot; http://www.searchmetrics.com/en/searchmetrics-bot/)"
207.46.13.29 - - [06/Apr/2015:12:56:06 +0200] "GET / HTTP/1.1" 200 9656 "-" "Mozilla/5.0 (compatible; bingbot/2.0; +http://www.bing.com/bingbot.htm)"
5.9.41.104 - - [06/Apr/2015:12:46:44 +0200] "GET /energiekostenvergleich.php HTTP/1.1" 200 24259 "-" "Mozilla/5.0 (compatible; SearchmetricsBot; http://www.searchmetrics.com/en/searchmetrics-bot/)"
66.249.78.249 - - [06/Apr/2015:12:57:47 +0200] "GET /news.php?cs_go=archiv&cs_id=1720&cs_search= HTTP/1.1" 200 11477 "-" "Mozilla/5.0 (compatible; Googlebot/2.1; +http://www.google.com/bot.html)"
66.249.78.9 - - [06/Apr/2015:13:04:26 +0200] "GET /news.php?cs_go=archiv&cs_id=1720&cs_search= HTTP/1.1" 200 11477 "-" "Mozilla/5.0 (compatible; Googlebot/2.1; +http://www.google.com/bot.html)"
66.249.78.184 - - [06/Apr/2015:13:07:55 +0200] "GET /news.php?cs_go=archiv&cs_id=1964&cs_search= HTTP/1.1" 200 11477 "-" "Mozilla/5.0 (compatible; Googlebot/2.1; +http://www.google.com/bot.html)"
66.249.78.170 - - [06/Apr/2015:13:13:57 +0200] "GET /news.php?cs_go=archiv&cs_id=1964&cs_search= HTTP/1.1" 200 11477 "-" "Mozilla/5.0 (compatible; Googlebot/2.1; +http://www.google.com/bot.html)"
66.249.78.177 - - [06/Apr/2015:13:20:42 +0200] "GET /news.php?cs_go=archiv&cs_id=1964&cs_search= HTTP/1.1" 200 11477 "-" "Mozilla/5.0 (compatible; Googlebot/2.1; +http://www.google.com/bot.html)"
66.249.78.142 - - [06/Apr/2015:13:23:42 +0200] "GET /lexikon.php?cs_go=3&cs_id=40 HTTP/1.1" 200 11466 "-" "Mozilla/5.0 (compatible; Googlebot/2.1; +http://www.google.com/bot.html)"
66.249.78.142 - - [06/Apr/2015:13:30:18 +0200] "GET /lexikon.php?cs_go=3&cs_id=40 HTTP/1.1" 200 11466 "-" "Mozilla/5.0 (compatible; Googlebot/2.1; +http://www.google.com/bot.html)"
