82.80.249.170 - - [08/Apr/2015:23:28:58 +0200] "GET /baustellenbetankung.php HTTP/1.1" 200 12527 "http://www.schmierstoffeberlin.de/" "Mozilla/5.0 (compatible; MSIE 10.0; Windows NT 6.1; WOW64; Trident/6.0)"
82.80.249.170 - - [08/Apr/2015:23:28:58 +0200] "GET /kontakt.php HTTP/1.1" 200 11467 "http://www.schmierstoffeberlin.de/" "Mozilla/5.0 (Windows NT 6.1; WOW64) AppleWebKit/537.36 (KHTML, like Gecko) Chrome/31.0.1650.57 Safari/537.36"
82.80.249.170 - - [08/Apr/2015:23:28:58 +0200] "GET /brennwerttechnik.php HTTP/1.1" 200 11859 "http://www.schmierstoffeberlin.de/" "Mozilla/5.0 (compatible; MSIE 10.0; Windows NT 6.1; WOW64; Trident/6.0)"
82.80.249.170 - - [08/Apr/2015:23:28:58 +0200] "GET /impressum.php HTTP/1.1" 200 12936 "http://www.schmierstoffeberlin.de/" "Mozilla/5.0 (Windows NT 6.1; WOW64; rv:25.0) Gecko/20100101 Firefox/25.0"
82.80.249.170 - - [08/Apr/2015:23:28:59 +0200] "GET /newsletter.php HTTP/1.1" 200 11480 "http://www.schmierstoffeberlin.de/premiumheizoel.php" "Mozilla/6.0 (compatible)"
157.55.39.162 - - [08/Apr/2015:23:42:28 +0200] "GET /adblue.php HTTP/1.1" 200 15638 "-" "msnbot-media/1.1 (+http://search.msn.com/msnbot.htm)"
104.131.211.33 - - [09/Apr/2015:00:13:18 +0200] "GET / HTTP/1.0" 200 16125 "-" "Mozilla/5.0 (compatible; NetcraftSurveyAgent/1.0; +info@netcraft.com)"
192.114.71.13 - - [09/Apr/2015:00:27:29 +0200] "GET /images/adblue_vorn.jpg HTTP/1.1" 200 17750 "-" "Mozilla/5.0 (Windows NT 6.3; WOW64; Trident/7.0; rv:11.0) like Gecko"
82.80.234.142 - - [09/Apr/2015:00:27:29 +0200] "GET /images/gleichbleibend.png HTTP/1.1" 404 1256 "-" "Mozilla/5.0 (Windows NT 6.1; WOW64) AppleWebKit/537.36 (KHTML, like Gecko) Chrome/41.0.2227.0 Safari/537.36"
192.114.71.13 - - [09/Apr/2015:00:27:31 +0200] "GET /images/adblue_tankzug.jpg HTTP/1.1" 200 39542 "-" "Mozilla/5.0 (Windows NT 6.3; WOW64; Trident/7.0; rv:11.0) like Gecko"
192.114.71.13 - - [09/Apr/2015:00:27:32 +0200] "GET /images/f3.jpg HTTP/1.1" 200 3305 "-" "Mozilla/5.0 (Windows NT 6.1; WOW64; rv:25.0) Gecko/20100101 Firefox/25.0"
192.114.71.13 - - [09/Apr/2015:00:27:34 +0200] "GET /images/f2.jpg HTTP/1.1" 200 4024 "-" "Mozilla/5.0 (Macintosh; Intel Mac OS X 10.7; rv:26.0) Gecko/20100101 Firefox/26.0"
82.80.244.58 - - [09/Apr/2015:00:27:36 +0200] "GET /images/Industrieschmierstoffe_Katalog.jpg HTTP/1.1" 200 9403 "-" "Mozilla/5.0 (Windows NT 6.1; WOW64; Trident/7.0; rv:11.0) like Gecko"
192.114.71.13 - - [09/Apr/2015:00:27:41 +0200] "GET /images/premium.png HTTP/1.1" 200 67543 "-" "Mozilla/5.0 (Windows NT 6.1; WOW64; rv:27.0) Gecko/20100101 Firefox/27.0"
82.80.249.164 - - [09/Apr/2015:00:27:46 +0200] "GET /images/umwelt.gif HTTP/1.1" 200 1731 "-" "Mozilla/5.0 (Windows NT 6.2; Win64; x64; rv:27.0) Gecko/20100101 Firefox/27.0"
192.114.71.13 - - [09/Apr/2015:00:27:47 +0200] "GET /images/wunschpreis.jpg HTTP/1.1" 200 5550 "-" "Mozilla/5.0 (Windows NT 6.1; WOW64; Trident/7.0; rv:11.0) like Gecko"
192.114.71.13 - - [09/Apr/2015:00:27:48 +0200] "GET /images/ral.jpg HTTP/1.1" 200 6136 "-" "Mozilla/5.0 (Macintosh; Intel Mac OS X 10_9_1) AppleWebKit/537.36 (KHTML, like Gecko) Chrome/31.0.1650.57 Safari/537.36"
192.114.71.13 - - [09/Apr/2015:00:27:48 +0200] "GET /images/content_bg.jpg HTTP/1.1" 200 437 "-" "Mozilla/5.0 (Windows NT 6.1; rv:24.0) Gecko/20100101 Firefox/24.0"
82.80.244.58 - - [09/Apr/2015:00:27:49 +0200] "GET /images/not1.jpg HTTP/1.1" 200 4464 "-" "Mozilla/5.0 (Windows NT 6.1; WOW64) AppleWebKit/537.36 (KHTML, like Gecko) Chrome/41.0.2227.0 Safari/537.36"
192.114.71.13 - - [09/Apr/2015:00:27:49 +0200] "GET /images/nud.jpg HTTP/1.1" 200 6158 "-" "Mozilla/5.0 (Windows NT 6.3; WOW64; Trident/7.0; rv:11.0) like Gecko"
192.114.71.13 - - [09/Apr/2015:00:27:51 +0200] "GET /images/oks_masch.jpg HTTP/1.1" 200 4182 "-" "Mozilla/5.0 (Macintosh; Intel Mac OS X 10_7_5) AppleWebKit/537.36 (KHTML, like Gecko) Chrome/31.0.1650.63 Safari/537.36"
192.114.71.13 - - [09/Apr/2015:00:27:52 +0200] "GET /images/Imagebroschuere_team_energie.png HTTP/1.1" 200 64117 "-" "Mozilla/5.0 (Windows NT 5.1) AppleWebKit/537.36 (KHTML, like Gecko) Chrome/31.0.1650.63 Safari/537.36"
192.114.71.13 - - [09/Apr/2015:00:27:54 +0200] "GET /images/heizoelbestellung.jpg HTTP/1.1" 200 6281 "-" "Mozilla/5.0 (Macintosh; Intel Mac OS X 10_7_5) AppleWebKit/537.73.11 (KHTML, like Gecko) Version/6.1.1 Safari/537.73.11"
192.114.71.13 - - [09/Apr/2015:00:27:54 +0200] "GET /images/steigend.png HTTP/1.1" 404 1256 "-" "Mozilla/5.0 (Macintosh; Intel Mac OS X 10_9_1) AppleWebKit/537.36 (KHTML, like Gecko) Chrome/31.0.1650.63 Safari/537.36"
192.114.71.13 - - [09/Apr/2015:00:27:56 +0200] "GET /images/h1.jpg HTTP/1.1" 200 6259 "-" "Mozilla/5.0 (Windows NT 6.1; WOW64; rv:29.0) Gecko/20100101 Firefox/29.0"
192.114.71.13 - - [09/Apr/2015:00:27:58 +0200] "GET /images/m4.jpg HTTP/1.1" 200 2968 "-" "Mozilla/5.0 (Windows NT 6.1; WOW64; rv:26.0) Gecko/20100101 Firefox/26.0"
192.114.71.13 - - [09/Apr/2015:00:27:59 +0200] "GET /images/newsletter.jpg HTTP/1.1" 200 13127 "-" "Mozilla/5.0 (Windows NT 5.1; rv:25.0) Gecko/20100101 Firefox/25.0"
192.114.71.13 - - [09/Apr/2015:00:28:00 +0200] "GET /images/header.jpg HTTP/1.1" 200 23758 "-" "Mozilla/5.0 (Windows NT 6.1) AppleWebKit/537.36 (KHTML, like Gecko) Chrome/31.0.1650.63 Safari/537.36"
192.114.71.13 - - [09/Apr/2015:00:28:02 +0200] "GET /images/frost.jpg HTTP/1.1" 200 2934 "-" "Mozilla/5.0 (Windows NT 6.1; WOW64) AppleWebKit/537.36 (KHTML, like Gecko) Chrome/32.0.1700.41 Safari/537.36"
192.114.71.13 - - [09/Apr/2015:00:28:03 +0200] "GET /images/ral.png HTTP/1.1" 200 25696 "-" "Mozilla/5.0 (Windows NT 6.0) AppleWebKit/537.36 (KHTML, like Gecko) Chrome/31.0.1650.63 Safari/537.36"
192.114.71.13 - - [09/Apr/2015:00:28:04 +0200] "GET /images/logos.jpg HTTP/1.1" 200 1205 "-" "Mozilla/5.0 (X11; Linux x86_64) AppleWebKit/537.36 (KHTML, like Gecko) Chrome/31.0.1650.63 Safari/537.36"
192.114.71.13 - - [09/Apr/2015:00:28:04 +0200] "GET /images/adblue_hinten.jpg HTTP/1.1" 200 13027 "-" "Mozilla/5.0 (Windows NT 5.1) AppleWebKit/537.36 (KHTML, like Gecko) Chrome/31.0.1650.63 Safari/537.36"
192.114.71.13 - - [09/Apr/2015:00:28:05 +0200] "GET /images/freecall.png HTTP/1.1" 200 15914 "-" "Mozilla/5.0 (Windows NT 6.2; WOW64) AppleWebKit/537.36 (KHTML, like Gecko) Chrome/31.0.1650.63 Safari/537.36"
82.80.244.52 - - [09/Apr/2015:00:28:05 +0200] "GET /images/umwelt2.jpg HTTP/1.1" 200 4531 "-" "Mozilla/5.0 (Macintosh; Intel Mac OS X 10.6; rv:26.0) Gecko/20100101 Firefox/26.0"
82.80.234.142 - - [09/Apr/2015:00:28:06 +0200] "GET /images/f1.jpg HTTP/1.1" 200 2145 "-" "Mozilla/5.0 (Windows NT 6.1; WOW64; rv:29.0) Gecko/20100101 Firefox/29.0"
192.114.71.13 - - [09/Apr/2015:00:28:09 +0200] "GET /images/mobil.jpg HTTP/1.1" 200 25293 "-" "Mozilla/5.0 (Windows NT 6.3; WOW64; Trident/7.0; rv:11.0) like Gecko"
192.114.71.13 - - [09/Apr/2015:00:28:11 +0200] "GET /images/umwelt1.jpg HTTP/1.1" 200 3546 "-" "Mozilla/5.0 (Windows NT 6.1; WOW64) AppleWebKit/537.36 (KHTML, like Gecko) Chrome/31.0.1650.63 Safari/537.36"
192.114.71.13 - - [09/Apr/2015:00:28:14 +0200] "GET /images/oks_logo.gif HTTP/1.1" 200 1287 "-" "Mozilla/5.0 (Macintosh; Intel Mac OS X 10_8_5) AppleWebKit/537.73.11 (KHTML, like Gecko) Version/6.1.1 Safari/537.73.11"
82.80.249.164 - - [09/Apr/2015:00:28:15 +0200] "GET /images/g1.jpg HTTP/1.1" 200 2537 "-" "Mozilla/5.0 (Windows NT 6.1; WOW64) AppleWebKit/537.36 (KHTML, like Gecko) Chrome/31.0.1650.63 Safari/537.36"
192.114.71.13 - - [09/Apr/2015:00:28:17 +0200] "GET /images/biogasanlage.png HTTP/1.1" 200 167976 "-" "Mozilla/5.0 (Macintosh; Intel Mac OS X 10_9_0) AppleWebKit/537.36 (KHTML, like Gecko) Chrome/31.0.1650.57 Safari/537.36"
192.114.71.13 - - [09/Apr/2015:00:28:18 +0200] "GET /images/g3.jpg HTTP/1.1" 200 3138 "-" "Mozilla/5.0 (Windows NT 6.1; WOW64; rv:31.0) Gecko/20100101 Firefox/31.0"
192.114.71.13 - - [09/Apr/2015:00:28:19 +0200] "GET /images/m1.jpg HTTP/1.1" 200 2619 "-" "Mozilla/5.0 (Macintosh; Intel Mac OS X 10.6; rv:26.0) Gecko/20100101 Firefox/26.0"
192.114.71.13 - - [09/Apr/2015:00:28:20 +0200] "GET /images/oks_prod.jpg HTTP/1.1" 200 6803 "-" "Mozilla/5.0 (Windows NT 6.0; WOW64) AppleWebKit/534.30 (KHTML, like Gecko) Chrome/12.0.742.91 Safari/534.30"
192.114.71.13 - - [09/Apr/2015:00:28:21 +0200] "GET /images/g2.jpg HTTP/1.1" 200 4027 "-" "Mozilla/5.0 (Windows NT 6.1; WOW64; rv:24.0) Gecko/20100101 Firefox/24.0"
192.114.71.13 - - [09/Apr/2015:00:28:22 +0200] "GET /images/adblue_neu.png HTTP/1.1" 200 30982 "-" "Mozilla/5.0 (Windows NT 6.1) AppleWebKit/537.36 (KHTML, like Gecko) Chrome/32.0.1700.72 Safari/537.36"
192.114.71.13 - - [09/Apr/2015:00:28:26 +0200] "GET /images/markenoelewerbung.jpg HTTP/1.1" 200 39902 "-" "Mozilla/5.0 (Windows NT 6.3; WOW64; rv:26.0) Gecko/20100101 Firefox/26.0"
82.80.244.58 - - [09/Apr/2015:00:28:28 +0200] "GET /images/m3.jpg HTTP/1.1" 200 3366 "-" "Mozilla/5.0 (Macintosh; Intel Mac OS X 10.6; rv:26.0) Gecko/20100101 Firefox/26.0"
192.114.71.13 - - [09/Apr/2015:00:28:28 +0200] "GET /images/kwk.png HTTP/1.1" 200 15949 "-" "Mozilla/5.0 (Windows NT 6.1; WOW64) AppleWebKit/537.36 (KHTML, like Gecko) Chrome/31.0.1650.57 Safari/537.36"
82.80.249.164 - - [09/Apr/2015:00:28:29 +0200] "GET /images/m2.jpg HTTP/1.1" 200 3303 "-" "Mozilla/5.0 (Windows NT 6.1; WOW64; rv:28.0) Gecko/20100101 Firefox/28.0"
82.80.244.58 - - [09/Apr/2015:00:28:29 +0200] "GET /images/ani_logo.jpg HTTP/1.1" 200 2501 "-" "Mozilla/6.0 (compatible)"
82.80.244.58 - - [09/Apr/2015:00:28:29 +0200] "GET /images/fallend.png HTTP/1.1" 404 1256 "-" "Mozilla/5.0 (Macintosh; Intel Mac OS X 10.7; rv:26.0) Gecko/20100101 Firefox/26.0"
66.249.64.179 - - [09/Apr/2015:00:34:41 +0200] "GET /news.php?cs_go=archiv&cs_id=4595 HTTP/1.1" 200 11477 "-" "Mozilla/5.0 (iPhone; CPU iPhone OS 6_0 like Mac OS X) AppleWebKit/536.26 (KHTML, like Gecko) Version/6.0 Mobile/10A5376e Safari/8536.25 (compatible; Googlebot/2.1; +http://www.google.com/bot.html)"
207.46.13.31 - - [09/Apr/2015:00:43:57 +0200] "GET /news.php?cs_go=archiv&cs_id=5382 HTTP/1.1" 200 9055 "-" "Mozilla/5.0 (compatible; bingbot/2.0; +http://www.bing.com/bingbot.htm)"
207.46.13.141 - - [09/Apr/2015:00:44:02 +0200] "GET /faq.php HTTP/1.1" 200 9054 "-" "Mozilla/5.0 (compatible; bingbot/2.0; +http://www.bing.com/bingbot.htm)"
66.249.78.43 - - [09/Apr/2015:00:41:18 +0200] "GET /news.php?cs_go=archiv&cs_id=4595 HTTP/1.1" 200 11477 "-" "Mozilla/5.0 (iPhone; CPU iPhone OS 6_0 like Mac OS X) AppleWebKit/536.26 (KHTML, like Gecko) Version/6.0 Mobile/10A5376e Safari/8536.25 (compatible; Googlebot/2.1; +http://www.google.com/bot.html)"
207.46.13.141 - - [09/Apr/2015:00:44:35 +0200] "GET /energiesparcheck.php HTTP/1.1" 200 9127 "-" "Mozilla/5.0 (compatible; bingbot/2.0; +http://www.bing.com/bingbot.htm)"
207.46.13.141 - - [09/Apr/2015:00:45:10 +0200] "GET /baustellenbetankung.php HTTP/1.1" 200 12322 "-" "Mozilla/5.0 (compatible; bingbot/2.0; +http://www.bing.com/bingbot.htm)"
104.131.211.13 - - [09/Apr/2015:00:39:22 +0200] "GET / HTTP/1.0" 200 16125 "-" "Mozilla/5.0 (compatible; NetcraftSurveyAgent/1.0; +info@netcraft.com)"
207.46.13.141 - - [09/Apr/2015:00:45:47 +0200] "GET /schmierstoffe.php HTTP/1.1" 200 14226 "-" "Mozilla/5.0 (compatible; bingbot/2.0; +http://www.bing.com/bingbot.htm)"
207.46.13.141 - - [09/Apr/2015:00:46:28 +0200] "GET /notdienst.php HTTP/1.1" 200 9302 "-" "Mozilla/5.0 (compatible; bingbot/2.0; +http://www.bing.com/bingbot.htm)"
207.46.13.141 - - [09/Apr/2015:00:47:06 +0200] "GET /newsletter.php HTTP/1.1" 200 9058 "-" "Mozilla/5.0 (compatible; bingbot/2.0; +http://www.bing.com/bingbot.htm)"
207.46.13.141 - - [09/Apr/2015:00:47:42 +0200] "GET /news.php?cs_go=archiv&cs_id=5388 HTTP/1.1" 200 9055 "-" "Mozilla/5.0 (compatible; bingbot/2.0; +http://www.bing.com/bingbot.htm)"
207.46.13.141 - - [09/Apr/2015:00:48:17 +0200] "GET /news.php?cs_go=archiv&cs_id=5384 HTTP/1.1" 200 9055 "-" "Mozilla/5.0 (compatible; bingbot/2.0; +http://www.bing.com/bingbot.htm)"
207.46.13.135 - - [09/Apr/2015:00:48:53 +0200] "GET /news.php?cs_go=archiv&cs_id=5383 HTTP/1.1" 200 9055 "-" "Mozilla/5.0 (compatible; bingbot/2.0; +http://www.bing.com/bingbot.htm)"
207.46.13.141 - - [09/Apr/2015:00:49:27 +0200] "GET /lexikon.php HTTP/1.1" 200 9042 "-" "Mozilla/5.0 (compatible; bingbot/2.0; +http://www.bing.com/bingbot.htm)"
207.46.13.141 - - [09/Apr/2015:00:50:02 +0200] "GET /foerdermittel.php HTTP/1.1" 200 9402 "-" "Mozilla/5.0 (compatible; bingbot/2.0; +http://www.bing.com/bingbot.htm)"
66.249.78.50 - - [09/Apr/2015:00:47:44 +0200] "GET /news.php?cs_go=archiv&cs_id=4595 HTTP/1.1" 200 11477 "-" "Mozilla/5.0 (iPhone; CPU iPhone OS 6_0 like Mac OS X) AppleWebKit/536.26 (KHTML, like Gecko) Version/6.0 Mobile/10A5376e Safari/8536.25 (compatible; Googlebot/2.1; +http://www.google.com/bot.html)"
66.249.78.36 - - [09/Apr/2015:00:57:22 +0200] "GET /robots.txt HTTP/1.1" 404 1256 "-" "Mozilla/5.0 (compatible; Googlebot/2.1; +http://www.google.com/bot.html)"
217.69.133.220 - - [09/Apr/2015:00:58:27 +0200] "GET /robots.txt HTTP/1.0" 404 1256 "-" "Mozilla/5.0 (compatible; Linux x86_64; Mail.RU_Bot/2.0; +http://go.mail.ru/help/robots)"
66.249.64.175 - - [09/Apr/2015:00:57:23 +0200] "GET /news.php?cs_go=archiv&cs_id=2296 HTTP/1.1" 200 11477 "-" "Mozilla/5.0 (compatible; Googlebot/2.1; +http://www.google.com/bot.html)"
217.69.133.226 - - [09/Apr/2015:00:58:28 +0200] "GET / HTTP/1.1" 200 15920 "-" "Mozilla/5.0 (compatible; Linux x86_64; Mail.RU_Bot/2.0; +http://go.mail.ru/help/robots)"
66.249.78.36 - - [09/Apr/2015:01:04:00 +0200] "GET /news.php?cs_go=archiv&cs_id=2296 HTTP/1.1" 200 11477 "-" "Mozilla/5.0 (compatible; Googlebot/2.1; +http://www.google.com/bot.html)"
66.249.78.112 - - [09/Apr/2015:01:07:16 +0200] "GET /news.php?cs_go=archiv&cs_id=5151 HTTP/1.1" 200 11477 "-" "Mozilla/5.0 (compatible; Googlebot/2.1; +http://www.google.com/bot.html)"
66.249.78.43 - - [09/Apr/2015:01:10:17 +0200] "GET /news.php?cs_go=archiv&cs_id=2296 HTTP/1.1" 200 11477 "-" "Mozilla/5.0 (compatible; Googlebot/2.1; +http://www.google.com/bot.html)"
66.249.78.119 - - [09/Apr/2015:01:13:34 +0200] "GET /news.php?cs_go=archiv&cs_id=5151 HTTP/1.1" 200 11477 "-" "Mozilla/5.0 (compatible; Googlebot/2.1; +http://www.google.com/bot.html)"
66.249.78.142 - - [09/Apr/2015:01:18:43 +0200] "GET /lexikon.php?cs_go=3&cs_id=1 HTTP/1.1" 200 11466 "-" "Mozilla/5.0 (compatible; Googlebot/2.1; +http://www.google.com/bot.html)"
66.249.67.28 - - [09/Apr/2015:01:21:43 +0200] "GET /news.php?cs_go=archiv&cs_id=5151 HTTP/1.1" 200 11477 "-" "Mozilla/5.0 (compatible; Googlebot/2.1; +http://www.google.com/bot.html)"
66.249.78.149 - - [09/Apr/2015:01:25:03 +0200] "GET /lexikon.php?cs_go=3&cs_id=1 HTTP/1.1" 200 11466 "-" "Mozilla/5.0 (compatible; Googlebot/2.1; +http://www.google.com/bot.html)"
66.249.64.164 - - [09/Apr/2015:01:31:42 +0200] "GET /lexikon.php?cs_go=3&cs_id=1 HTTP/1.1" 200 11466 "-" "Mozilla/5.0 (compatible; Googlebot/2.1; +http://www.google.com/bot.html)"
91.121.79.180 - - [09/Apr/2015:02:07:30 +0200] "GET /robots.txt HTTP/1.0" 404 1256 "-" ""
91.121.79.180 - - [09/Apr/2015:02:07:31 +0200] "GET / HTTP/1.1" 200 16125 "-" "Mozilla/5.0 (Windows; U; Windows NT 6.1; de-DE) AppleWebKit/534.17 (KHTML, like Gecko) Chrome/10.0.649.0 Safari/534.17"
66.249.78.210 - - [09/Apr/2015:02:15:11 +0200] "GET /news.php?cs_go=archiv&cs_startpos=90 HTTP/1.1" 200 11477 "-" "Mozilla/5.0 (compatible; Googlebot/2.1; +http://www.google.com/bot.html)"
66.249.64.12 - - [09/Apr/2015:02:21:53 +0200] "GET /news.php?cs_go=archiv&cs_startpos=90 HTTP/1.1" 200 11477 "-" "Mozilla/5.0 (compatible; Googlebot/2.1; +http://www.google.com/bot.html)"
66.249.78.135 - - [09/Apr/2015:02:25:12 +0200] "GET /news.php?cs_go=archiv&cs_id=717&cs_search= HTTP/1.1" 200 11477 "-" "Mozilla/5.0 (compatible; Googlebot/2.1; +http://www.google.com/bot.html)"
66.249.78.224 - - [09/Apr/2015:02:28:12 +0200] "GET /news.php?cs_go=archiv&cs_startpos=90 HTTP/1.1" 200 11477 "-" "Mozilla/5.0 (compatible; Googlebot/2.1; +http://www.google.com/bot.html)"
66.249.78.177 - - [09/Apr/2015:02:35:46 +0200] "GET /robots.txt HTTP/1.1" 404 1256 "-" "Mozilla/5.0 (compatible; Googlebot/2.1; +http://www.google.com/bot.html)"
66.249.78.135 - - [09/Apr/2015:02:31:50 +0200] "GET /news.php?cs_go=archiv&cs_id=717&cs_search= HTTP/1.1" 200 11477 "-" "Mozilla/5.0 (compatible; Googlebot/2.1; +http://www.google.com/bot.html)"
66.249.78.170 - - [09/Apr/2015:02:35:46 +0200] "GET /ansprechpartner.php HTTP/1.1" 200 13907 "-" "Mozilla/5.0 (compatible; Googlebot/2.1; +http://www.google.com/bot.html)"
66.249.78.142 - - [09/Apr/2015:02:38:46 +0200] "GET /news.php?cs_go=archiv&cs_id=717&cs_search= HTTP/1.1" 200 11477 "-" "Mozilla/5.0 (compatible; Googlebot/2.1; +http://www.google.com/bot.html)"
66.249.78.249 - - [09/Apr/2015:02:45:31 +0200] "GET /robots.txt HTTP/1.1" 404 1256 "-" "Mozilla/5.0 (compatible; Googlebot/2.1; +http://www.google.com/bot.html)"
66.249.78.184 - - [09/Apr/2015:02:42:26 +0200] "GET /ansprechpartner.php HTTP/1.1" 200 13907 "-" "Mozilla/5.0 (compatible; Googlebot/2.1; +http://www.google.com/bot.html)"
66.249.78.2 - - [09/Apr/2015:02:45:31 +0200] "GET /news.php?cs_go=archiv&cs_id=1720&cs_search= HTTP/1.1" 200 11477 "-" "Mozilla/5.0 (compatible; Googlebot/2.1; +http://www.google.com/bot.html)"
66.249.78.170 - - [09/Apr/2015:02:48:39 +0200] "GET /ansprechpartner.php HTTP/1.1" 200 13907 "-" "Mozilla/5.0 (compatible; Googlebot/2.1; +http://www.google.com/bot.html)"
66.249.78.2 - - [09/Apr/2015:02:51:44 +0200] "GET /news.php?cs_go=archiv&cs_id=1720&cs_search= HTTP/1.1" 200 11477 "-" "Mozilla/5.0 (compatible; Googlebot/2.1; +http://www.google.com/bot.html)"
66.249.78.9 - - [09/Apr/2015:02:57:46 +0200] "GET /news.php?cs_go=archiv&cs_id=1720&cs_search= HTTP/1.1" 200 11477 "-" "Mozilla/5.0 (compatible; Googlebot/2.1; +http://www.google.com/bot.html)"
66.249.78.36 - - [09/Apr/2015:03:17:24 +0200] "GET /lexikon.php?cs_go=3&cs_id=219 HTTP/1.1" 200 11466 "-" "Mozilla/5.0 (compatible; Googlebot/2.1; +http://www.google.com/bot.html)"
66.249.78.50 - - [09/Apr/2015:03:23:40 +0200] "GET /lexikon.php?cs_go=3&cs_id=219 HTTP/1.1" 200 11466 "-" "Mozilla/5.0 (compatible; Googlebot/2.1; +http://www.google.com/bot.html)"
66.249.78.36 - - [09/Apr/2015:03:29:47 +0200] "GET /lexikon.php?cs_go=3&cs_id=219 HTTP/1.1" 200 11466 "-" "Mozilla/5.0 (compatible; Googlebot/2.1; +http://www.google.com/bot.html)"
66.249.78.177 - - [09/Apr/2015:03:40:01 +0200] "GET / HTTP/1.1" 200 15920 "-" "Mozilla/5.0 (iPhone; CPU iPhone OS 6_0 like Mac OS X) AppleWebKit/536.26 (KHTML, like Gecko) Version/6.0 Mobile/10A5376e Safari/8536.25 (compatible; Googlebot/2.1; +http://www.google.com/bot.html)"
66.249.78.170 - - [09/Apr/2015:03:46:06 +0200] "GET / HTTP/1.1" 200 15920 "-" "Mozilla/5.0 (iPhone; CPU iPhone OS 6_0 like Mac OS X) AppleWebKit/536.26 (KHTML, like Gecko) Version/6.0 Mobile/10A5376e Safari/8536.25 (compatible; Googlebot/2.1; +http://www.google.com/bot.html)"
66.249.78.43 - - [09/Apr/2015:03:51:00 +0200] "GET / HTTP/1.1" 200 15920 "-" "Mozilla/5.0 (iPhone; CPU iPhone OS 6_0 like Mac OS X) AppleWebKit/536.26 (KHTML, like Gecko) Version/6.0 Mobile/10A5376e Safari/8536.25 (compatible; Googlebot/2.1; +http://www.google.com/bot.html)"
66.249.78.177 - - [09/Apr/2015:03:53:59 +0200] "GET / HTTP/1.1" 200 15920 "-" "Mozilla/5.0 (iPhone; CPU iPhone OS 6_0 like Mac OS X) AppleWebKit/536.26 (KHTML, like Gecko) Version/6.0 Mobile/10A5376e Safari/8536.25 (compatible; Googlebot/2.1; +http://www.google.com/bot.html)"
66.249.78.217 - - [09/Apr/2015:04:01:03 +0200] "GET /robots.txt HTTP/1.1" 404 1256 "-" "Mozilla/5.0 (compatible; Googlebot/2.1; +http://www.google.com/bot.html)"
66.249.78.36 - - [09/Apr/2015:03:57:02 +0200] "GET / HTTP/1.1" 200 15920 "-" "Mozilla/5.0 (iPhone; CPU iPhone OS 6_0 like Mac OS X) AppleWebKit/536.26 (KHTML, like Gecko) Version/6.0 Mobile/10A5376e Safari/8536.25 (compatible; Googlebot/2.1; +http://www.google.com/bot.html)"
66.249.78.217 - - [09/Apr/2015:04:01:03 +0200] "GET /news.php?cs_go=archiv&cs_id=4842 HTTP/1.1" 200 11477 "-" "Mozilla/5.0 (compatible; Googlebot/2.1; +http://www.google.com/bot.html)"
66.249.78.119 - - [09/Apr/2015:04:04:03 +0200] "GET / HTTP/1.1" 200 15920 "-" "Mozilla/5.0 (iPhone; CPU iPhone OS 6_0 like Mac OS X) AppleWebKit/536.26 (KHTML, like Gecko) Version/6.0 Mobile/10A5376e Safari/8536.25 (compatible; Googlebot/2.1; +http://www.google.com/bot.html)"
66.249.78.43 - - [09/Apr/2015:04:07:03 +0200] "GET / HTTP/1.1" 200 15920 "-" "Mozilla/5.0 (iPhone; CPU iPhone OS 6_0 like Mac OS X) AppleWebKit/536.26 (KHTML, like Gecko) Version/6.0 Mobile/10A5376e Safari/8536.25 (compatible; Googlebot/2.1; +http://www.google.com/bot.html)"
66.249.78.217 - - [09/Apr/2015:04:10:03 +0200] "GET /news.php?cs_go=archiv&cs_id=4842 HTTP/1.1" 200 11477 "-" "Mozilla/5.0 (compatible; Googlebot/2.1; +http://www.google.com/bot.html)"
66.249.78.2 - - [09/Apr/2015:04:13:03 +0200] "GET /news.php?cs_go=archiv&cs_id=5305&cs_search= HTTP/1.1" 200 11477 "-" "Mozilla/5.0 (compatible; Googlebot/2.1; +http://www.google.com/bot.html)"
66.249.64.60 - - [09/Apr/2015:04:16:04 +0200] "GET / HTTP/1.1" 200 15920 "-" "Mozilla/5.0 (iPhone; CPU iPhone OS 6_0 like Mac OS X) AppleWebKit/536.26 (KHTML, like Gecko) Version/6.0 Mobile/10A5376e Safari/8536.25 (compatible; Googlebot/2.1; +http://www.google.com/bot.html)"
66.249.78.210 - - [09/Apr/2015:04:20:01 +0200] "GET /news.php?cs_go=archiv&cs_id=4842 HTTP/1.1" 200 11477 "-" "Mozilla/5.0 (compatible; Googlebot/2.1; +http://www.google.com/bot.html)"
66.249.78.2 - - [09/Apr/2015:04:23:00 +0200] "GET /news.php?cs_go=archiv&cs_id=5305&cs_search= HTTP/1.1" 200 11477 "-" "Mozilla/5.0 (compatible; Googlebot/2.1; +http://www.google.com/bot.html)"
66.249.78.126 - - [09/Apr/2015:04:26:55 +0200] "GET / HTTP/1.1" 200 15920 "-" "Mozilla/5.0 (iPhone; CPU iPhone OS 6_0 like Mac OS X) AppleWebKit/536.26 (KHTML, like Gecko) Version/6.0 Mobile/10A5376e Safari/8536.25 (compatible; Googlebot/2.1; +http://www.google.com/bot.html)"
66.249.64.185 - - [09/Apr/2015:04:29:55 +0200] "GET /news.php?cs_go=archiv&cs_id=1964&cs_search= HTTP/1.1" 200 11477 "-" "Mozilla/5.0 (compatible; Googlebot/2.1; +http://www.google.com/bot.html)"
66.249.78.249 - - [09/Apr/2015:04:32:56 +0200] "GET /news.php?cs_go=archiv&cs_id=5305&cs_search= HTTP/1.1" 200 11477 "-" "Mozilla/5.0 (compatible; Googlebot/2.1; +http://www.google.com/bot.html)"
66.249.78.170 - - [09/Apr/2015:04:36:23 +0200] "GET /news.php?cs_go=archiv&cs_id=1964&cs_search= HTTP/1.1" 200 11477 "-" "Mozilla/5.0 (compatible; Googlebot/2.1; +http://www.google.com/bot.html)"
66.249.64.185 - - [09/Apr/2015:04:43:06 +0200] "GET /news.php?cs_go=archiv&cs_id=1964&cs_search= HTTP/1.1" 200 11477 "-" "Mozilla/5.0 (compatible; Googlebot/2.1; +http://www.google.com/bot.html)"
107.170.172.127 - - [09/Apr/2015:04:40:33 +0200] "GET / HTTP/1.0" 200 16125 "-" "Mozilla/5.0 (compatible; NetcraftSurveyAgent/1.0; +info@netcraft.com)"
66.249.78.161 - - [09/Apr/2015:05:06:54 +0200] "GET /news.php?cs_go=archiv&cs_id=1717&cs_search= HTTP/1.1" 200 11477 "-" "Mozilla/5.0 (compatible; Googlebot/2.1; +http://www.google.com/bot.html)"
66.249.64.124 - - [09/Apr/2015:05:13:31 +0200] "GET /news.php?cs_go=archiv&cs_id=1717&cs_search= HTTP/1.1" 200 11477 "-" "Mozilla/5.0 (compatible; Googlebot/2.1; +http://www.google.com/bot.html)"
66.249.78.147 - - [09/Apr/2015:05:19:35 +0200] "GET /news.php?cs_go=archiv&cs_id=1717&cs_search= HTTP/1.1" 200 11477 "-" "Mozilla/5.0 (compatible; Googlebot/2.1; +http://www.google.com/bot.html)"
66.249.78.135 - - [09/Apr/2015:05:28:43 +0200] "GET /robots.txt HTTP/1.1" 404 1256 "-" "Mozilla/5.0 (compatible; Googlebot/2.1; +http://www.google.com/bot.html)"
66.249.78.142 - - [09/Apr/2015:05:28:44 +0200] "GET /news.php?cs_go=archiv&cs_id=973&cs_search= HTTP/1.1" 200 11477 "-" "Mozilla/5.0 (compatible; Googlebot/2.1; +http://www.google.com/bot.html)"
66.249.78.149 - - [09/Apr/2015:05:34:51 +0200] "GET /news.php?cs_go=archiv&cs_id=973&cs_search= HTTP/1.1" 200 11477 "-" "Mozilla/5.0 (compatible; Googlebot/2.1; +http://www.google.com/bot.html)"
104.131.253.93 - - [09/Apr/2015:05:33:38 +0200] "GET / HTTP/1.0" 200 16125 "-" "Mozilla/5.0 (compatible; NetcraftSurveyAgent/1.0; +info@netcraft.com)"
66.249.64.193 - - [09/Apr/2015:05:38:26 +0200] "GET /news.php?cs_go=archiv&cs_id=2265&cs_search= HTTP/1.1" 200 11477 "-" "Mozilla/5.0 (compatible; Googlebot/2.1; +http://www.google.com/bot.html)"
66.249.64.164 - - [09/Apr/2015:05:41:26 +0200] "GET /news.php?cs_go=archiv&cs_id=973&cs_search= HTTP/1.1" 200 11477 "-" "Mozilla/5.0 (compatible; Googlebot/2.1; +http://www.google.com/bot.html)"
141.8.189.118 - - [09/Apr/2015:05:48:26 +0200] "GET /robots.txt HTTP/1.1" 404 1256 "-" "Mozilla/5.0 (compatible; YandexBot/3.0; +http://yandex.com/bots)"
192.0.100.18 - - [09/Apr/2015:05:49:18 +0200] "GET /style.css HTTP/1.1" 200 8056 "http://www.esso-berlin.de/" "Mozilla/5.0 (X11; Linux x86_64; rv:10.0.12) Gecko/20100101 Firefox/21.0 WordPress.com mShots"
192.0.100.18 - - [09/Apr/2015:05:49:18 +0200] "GET /js/ddaccordion.js HTTP/1.1" 200 12534 "http://www.esso-berlin.de/" "Mozilla/5.0 (X11; Linux x86_64; rv:10.0.12) Gecko/20100101 Firefox/21.0 WordPress.com mShots"
192.0.100.18 - - [09/Apr/2015:05:49:18 +0200] "GET /modul.css HTTP/1.1" 200 36485 "http://www.esso-berlin.de/" "Mozilla/5.0 (X11; Linux x86_64; rv:10.0.12) Gecko/20100101 Firefox/21.0 WordPress.com mShots"
192.0.100.18 - - [09/Apr/2015:05:49:18 +0200] "GET /js/slider.js HTTP/1.1" 200 773 "http://www.esso-berlin.de/" "Mozilla/5.0 (X11; Linux x86_64; rv:10.0.12) Gecko/20100101 Firefox/21.0 WordPress.com mShots"
192.0.100.18 - - [09/Apr/2015:05:49:18 +0200] "GET /js/jquery.min.js HTTP/1.1" 200 57254 "http://www.esso-berlin.de/" "Mozilla/5.0 (X11; Linux x86_64; rv:10.0.12) Gecko/20100101 Firefox/21.0 WordPress.com mShots"
192.0.100.18 - - [09/Apr/2015:05:49:19 +0200] "GET /Scripts/AC_ActiveX.js HTTP/1.1" 200 2068 "http://www.esso-berlin.de/" "Mozilla/5.0 (X11; Linux x86_64; rv:10.0.12) Gecko/20100101 Firefox/21.0 WordPress.com mShots"
192.0.100.18 - - [09/Apr/2015:05:49:19 +0200] "GET /Scripts/AC_RunActiveContent.js HTTP/1.1" 200 8029 "http://www.esso-berlin.de/" "Mozilla/5.0 (X11; Linux x86_64; rv:10.0.12) Gecko/20100101 Firefox/21.0 WordPress.com mShots"
192.0.100.18 - - [09/Apr/2015:05:49:18 +0200] "GET /video/jwplayer.js HTTP/1.1" 200 132411 "http://www.esso-berlin.de/" "Mozilla/5.0 (X11; Linux x86_64; rv:10.0.12) Gecko/20100101 Firefox/21.0 WordPress.com mShots"
192.0.100.18 - - [09/Apr/2015:05:49:21 +0200] "GET /images/header.jpg HTTP/1.1" 200 23758 "http://www.esso-berlin.de/" "Mozilla/5.0 (X11; Linux x86_64; rv:10.0.12) Gecko/20100101 Firefox/21.0 WordPress.com mShots"
192.0.100.18 - - [09/Apr/2015:05:49:21 +0200] "GET /images/content_bg.jpg HTTP/1.1" 200 437 "http://www.esso-berlin.de/" "Mozilla/5.0 (X11; Linux x86_64; rv:10.0.12) Gecko/20100101 Firefox/21.0 WordPress.com mShots"
192.0.100.18 - - [09/Apr/2015:05:49:21 +0200] "GET /images/logos.jpg HTTP/1.1" 200 1205 "http://www.esso-berlin.de/" "Mozilla/5.0 (X11; Linux x86_64; rv:10.0.12) Gecko/20100101 Firefox/21.0 WordPress.com mShots"
66.249.78.184 - - [09/Apr/2015:05:44:46 +0200] "GET /news.php?cs_go=archiv&cs_id=2265&cs_search= HTTP/1.1" 200 11477 "-" "Mozilla/5.0 (compatible; Googlebot/2.1; +http://www.google.com/bot.html)"
192.0.100.18 - - [09/Apr/2015:05:49:18 +0200] "GET / HTTP/1.1" 200 15920 "-" "Mozilla/5.0 (X11; Linux x86_64; rv:10.0.12) Gecko/20100101 Firefox/21.0 WordPress.com mShots"
66.249.64.185 - - [09/Apr/2015:05:50:53 +0200] "GET /news.php?cs_go=archiv&cs_id=2265&cs_search= HTTP/1.1" 200 11477 "-" "Mozilla/5.0 (compatible; Googlebot/2.1; +http://www.google.com/bot.html)"
141.8.189.118 - - [09/Apr/2015:06:09:41 +0200] "GET /images/oks_prod.jpg HTTP/1.1" 304 - "-" "Mozilla/5.0 (compatible; YandexImages/3.0; +http://yandex.com/bots)"
141.8.189.118 - - [09/Apr/2015:06:09:44 +0200] "GET /seiten/start.htm HTTP/1.1" 404 1256 "-" "Mozilla/5.0 (compatible; YandexBot/3.0; +http://yandex.com/bots)"
141.8.189.118 - - [09/Apr/2015:06:09:46 +0200] "GET /images/umwelt.gif HTTP/1.1" 304 - "-" "Mozilla/5.0 (compatible; YandexImages/3.0; +http://yandex.com/bots)"
220.181.132.220 - - [09/Apr/2015:06:16:04 +0200] "GET / HTTP/1.1" 200 15920 "http://www.esso-berlin.de/" "Mozilla/4.0 (compatible; MSIE 8.0; Windows NT 6.1; Trident/4.0; SLCC2; .NET CLR 2.0.50727; .NET CLR 3.5.30729; .NET CLR 3.0.30729; Media Center PC 6.0; Tablet PC 2.0)"
171.13.14.146 - - [09/Apr/2015:06:16:16 +0200] "GET / HTTP/1.1" 200 15920 "http://www.esso-berlin.de/" "Mozilla/4.0 (compatible; MSIE 8.0; Windows NT 6.1; Trident/4.0; SLCC2; .NET CLR 2.0.50727; .NET CLR 3.5.30729; .NET CLR 3.0.30729; Media Center PC 6.0; Tablet PC 2.0)"
66.249.78.217 - - [09/Apr/2015:06:19:29 +0200] "GET /news.php?cs_go=archiv&cs_id=1578&cs_search= HTTP/1.1" 200 11477 "-" "Mozilla/5.0 (compatible; Googlebot/2.1; +http://www.google.com/bot.html)"
207.46.13.29 - - [09/Apr/2015:06:27:45 +0200] "GET /robots.txt HTTP/1.1" 404 1256 "-" "Mozilla/5.0 (compatible; bingbot/2.0; +http://www.bing.com/bingbot.htm)"
66.249.78.50 - - [09/Apr/2015:06:22:29 +0200] "GET /news.php?cs_go=archiv&cs_id=5221 HTTP/1.1" 200 11477 "-" "Mozilla/5.0 (compatible; Googlebot/2.1; +http://www.google.com/bot.html)"
66.249.78.217 - - [09/Apr/2015:06:25:52 +0200] "GET /news.php?cs_go=archiv&cs_id=1578&cs_search= HTTP/1.1" 200 11477 "-" "Mozilla/5.0 (compatible; Googlebot/2.1; +http://www.google.com/bot.html)"
66.249.78.43 - - [09/Apr/2015:06:28:52 +0200] "GET /news.php?cs_go=archiv&cs_id=5221 HTTP/1.1" 200 11477 "-" "Mozilla/5.0 (compatible; Googlebot/2.1; +http://www.google.com/bot.html)"
207.46.13.29 - - [09/Apr/2015:06:32:03 +0200] "GET / HTTP/1.1" 200 9656 "-" "Mozilla/5.0 (compatible; bingbot/2.0; +http://www.bing.com/bingbot.htm)"
66.249.78.224 - - [09/Apr/2015:06:32:27 +0200] "GET /news.php?cs_go=archiv&cs_id=1578&cs_search= HTTP/1.1" 200 11477 "-" "Mozilla/5.0 (compatible; Googlebot/2.1; +http://www.google.com/bot.html)"
66.249.64.179 - - [09/Apr/2015:06:35:27 +0200] "GET /news.php?cs_go=archiv&cs_id=5221 HTTP/1.1" 200 11477 "-" "Mozilla/5.0 (compatible; Googlebot/2.1; +http://www.google.com/bot.html)"
66.249.78.112 - - [09/Apr/2015:06:38:27 +0200] "GET /news.php?cs_go=archiv&cs_id=5314 HTTP/1.1" 200 11477 "-" "Mozilla/5.0 (compatible; Googlebot/2.1; +http://www.google.com/bot.html)"
104.131.218.4 - - [09/Apr/2015:06:36:38 +0200] "GET / HTTP/1.0" 200 16125 "-" "Mozilla/5.0 (compatible; NetcraftSurveyAgent/1.0; +info@netcraft.com)"
157.55.39.101 - - [09/Apr/2015:06:47:12 +0200] "GET /robots.txt HTTP/1.1" 404 1256 "-" "Mozilla/5.0 (compatible; bingbot/2.0; +http://www.bing.com/bingbot.htm)"
162.243.88.97 - - [09/Apr/2015:06:39:33 +0200] "GET / HTTP/1.0" 200 16125 "-" "Mozilla/5.0 (compatible; NetcraftSurveyAgent/1.0; +info@netcraft.com)"
157.55.39.101 - - [09/Apr/2015:06:47:56 +0200] "GET /marktdaten.php HTTP/1.1" 200 11898 "-" "Mozilla/5.0 (compatible; bingbot/2.0; +http://www.bing.com/bingbot.htm)"
66.249.78.126 - - [09/Apr/2015:06:44:52 +0200] "GET /news.php?cs_go=archiv&cs_id=5314 HTTP/1.1" 200 11477 "-" "Mozilla/5.0 (compatible; Googlebot/2.1; +http://www.google.com/bot.html)"
144.76.201.69 - - [09/Apr/2015:06:43:45 +0200] "GET /news.php?cs_go=archiv&cs_id=4470&cs_search= HTTP/1.1" 200 11682 "-" "Mozilla/5.0 (Macintosh; Intel Mac OS X 10.8; rv:21.0) Gecko/20100101 Firefox/21.0"
144.76.185.173 - - [09/Apr/2015:06:43:45 +0200] "GET /news.php?cs_go=archiv&cs_id=4470&cs_search HTTP/1.1" 200 11682 "-" "Mozilla/5.0 (Windows NT 6.2; rv:16.0) Gecko/20100101 Firefox/16.0"
144.76.185.173 - - [09/Apr/2015:06:43:45 +0200] "GET /news.php?cs_go=archiv&cs_id=4470&cs_search= HTTP/1.1" 200 11682 "-" "Mozilla/5.0 (Windows NT 6.1; rv:12.0) Gecko/20120403211507 Firefox/12.0"
5.9.106.81 - - [09/Apr/2015:06:43:45 +0200] "GET /news.php?cs_go=archiv&cs_id=4470 HTTP/1.1" 200 11682 "-" "Mozilla/5.0 (Macintosh; Intel Mac OS X 10_7_5) AppleWebKit/537.31 (KHTML, like Gecko) Chrome/26.0.1410.65 Safari/537.31"
144.76.201.69 - - [09/Apr/2015:06:43:53 +0200] "GET /news.php?cs_go=archiv&cs_id=4470&cs_search= HTTP/1.1" 200 11682 "-" "Mozilla/5.0 (Windows NT 6.1; WOW64; rv:21.0) Gecko/20130331 Firefox/21.0"
144.76.185.173 - - [09/Apr/2015:06:43:53 +0200] "GET /news.php?cs_go=archiv&cs_id=4470&cs_search HTTP/1.1" 200 11682 "-" "Mozilla/5.0 (compatible; MSIE 10.0; Windows NT 6.1; Trident/5.0)"
144.76.185.173 - - [09/Apr/2015:06:43:53 +0200] "GET /news.php?cs_go=archiv&cs_id=4470&cs_search= HTTP/1.1" 200 11682 "-" "Mozilla/5.0 (X11; Ubuntu; Linux i686; rv:15.0) Gecko/20100101 Firefox/15.0.1"
5.9.106.81 - - [09/Apr/2015:06:43:53 +0200] "GET /news.php?cs_go=archiv&cs_id=4470 HTTP/1.1" 200 11682 "-" "Mozilla/5.0 (Windows NT 6.1; rv:21.0) Gecko/20130328 Firefox/21.0"
66.249.78.126 - - [09/Apr/2015:06:50:54 +0200] "GET /news.php?cs_go=archiv&cs_id=5314 HTTP/1.1" 200 11477 "-" "Mozilla/5.0 (compatible; Googlebot/2.1; +http://www.google.com/bot.html)"
66.249.78.50 - - [09/Apr/2015:06:53:56 +0200] "GET /news.php?cs_go=archiv&cs_id=4595 HTTP/1.1" 200 11477 "-" "Mozilla/5.0 (iPhone; CPU iPhone OS 6_0 like Mac OS X) AppleWebKit/536.26 (KHTML, like Gecko) Version/6.0 Mobile/10A5376e Safari/8536.25 (compatible; Googlebot/2.1; +http://www.google.com/bot.html)"
66.249.78.43 - - [09/Apr/2015:07:00:34 +0200] "GET /news.php?cs_go=archiv&cs_id=4595 HTTP/1.1" 200 11477 "-" "Mozilla/5.0 (iPhone; CPU iPhone OS 6_0 like Mac OS X) AppleWebKit/536.26 (KHTML, like Gecko) Version/6.0 Mobile/10A5376e Safari/8536.25 (compatible; Googlebot/2.1; +http://www.google.com/bot.html)"
66.249.78.43 - - [09/Apr/2015:07:04:55 +0200] "GET /news.php?cs_go=archiv&cs_id=4764 HTTP/1.1" 200 11477 "-" "Mozilla/5.0 (compatible; Googlebot/2.1; +http://www.google.com/bot.html)"
66.249.78.50 - - [09/Apr/2015:07:07:55 +0200] "GET /news.php?cs_go=archiv&cs_id=4595 HTTP/1.1" 200 11477 "-" "Mozilla/5.0 (iPhone; CPU iPhone OS 6_0 like Mac OS X) AppleWebKit/536.26 (KHTML, like Gecko) Version/6.0 Mobile/10A5376e Safari/8536.25 (compatible; Googlebot/2.1; +http://www.google.com/bot.html)"
66.249.78.43 - - [09/Apr/2015:07:17:09 +0200] "GET /downloads/biogasanlage%20inhalt.pdf HTTP/1.1" 200 393011 "-" "Mozilla/5.0 (iPhone; CPU iPhone OS 6_0 like Mac OS X) AppleWebKit/536.26 (KHTML, like Gecko) Version/6.0 Mobile/10A5376e Safari/8536.25 (compatible; Googlebot/2.1; +http://www.google.com/bot.html)"
66.249.78.36 - - [09/Apr/2015:07:11:25 +0200] "GET /news.php?cs_go=archiv&cs_id=4764 HTTP/1.1" 200 11477 "-" "Mozilla/5.0 (compatible; Googlebot/2.1; +http://www.google.com/bot.html)"
66.249.78.36 - - [09/Apr/2015:07:17:50 +0200] "GET /news.php?cs_go=archiv&cs_id=4764 HTTP/1.1" 200 11477 "-" "Mozilla/5.0 (compatible; Googlebot/2.1; +http://www.google.com/bot.html)"
66.249.78.149 - - [09/Apr/2015:07:51:44 +0200] "GET /news.php?cs_go=archiv&cs_id=1129&cs_search= HTTP/1.1" 200 11477 "-" "Mozilla/5.0 (compatible; Googlebot/2.1; +http://www.google.com/bot.html)"
66.249.64.160 - - [09/Apr/2015:07:57:59 +0200] "GET /news.php?cs_go=archiv&cs_id=1129&cs_search= HTTP/1.1" 200 11477 "-" "Mozilla/5.0 (compatible; Googlebot/2.1; +http://www.google.com/bot.html)"
66.249.78.135 - - [09/Apr/2015:08:04:36 +0200] "GET /news.php?cs_go=archiv&cs_id=1129&cs_search= HTTP/1.1" 200 11477 "-" "Mozilla/5.0 (compatible; Googlebot/2.1; +http://www.google.com/bot.html)"
66.249.78.43 - - [09/Apr/2015:08:07:36 +0200] "GET /news.php?cs_go=archiv&cs_id=4718&cs_search= HTTP/1.1" 200 11477 "-" "Mozilla/5.0 (compatible; Googlebot/2.1; +http://www.google.com/bot.html)"
66.249.78.43 - - [09/Apr/2015:08:12:55 +0200] "GET / HTTP/1.1" 200 15920 "-" "Mozilla/5.0 (compatible; Googlebot/2.1; +http://www.google.com/bot.html)"
66.249.78.36 - - [09/Apr/2015:08:14:13 +0200] "GET /news.php?cs_go=archiv&cs_id=4718&cs_search= HTTP/1.1" 200 11477 "-" "Mozilla/5.0 (compatible; Googlebot/2.1; +http://www.google.com/bot.html)"
66.249.78.43 - - [09/Apr/2015:08:15:55 +0200] "GET /news.php?cs_go=archiv&cs_id=4865&cs_search= HTTP/1.1" 200 11477 "-" "Mozilla/5.0 (compatible; Googlebot/2.1; +http://www.google.com/bot.html)"
66.249.78.50 - - [09/Apr/2015:08:19:24 +0200] "GET / HTTP/1.1" 200 15920 "-" "Mozilla/5.0 (compatible; Googlebot/2.1; +http://www.google.com/bot.html)"
66.249.78.43 - - [09/Apr/2015:08:22:24 +0200] "GET /news.php?cs_go=archiv&cs_id=4718&cs_search= HTTP/1.1" 200 11477 "-" "Mozilla/5.0 (compatible; Googlebot/2.1; +http://www.google.com/bot.html)"
66.249.78.43 - - [09/Apr/2015:08:25:25 +0200] "GET /news.php?cs_go=archiv&cs_id=4619&cs_search= HTTP/1.1" 200 11477 "-" "Mozilla/5.0 (compatible; Googlebot/2.1; +http://www.google.com/bot.html)"
66.249.64.179 - - [09/Apr/2015:08:28:27 +0200] "GET / HTTP/1.1" 200 15920 "-" "Mozilla/5.0 (compatible; Googlebot/2.1; +http://www.google.com/bot.html)"
66.249.78.50 - - [09/Apr/2015:08:31:27 +0200] "GET /news.php?cs_go=archiv&cs_id=4865&cs_search= HTTP/1.1" 200 11477 "-" "Mozilla/5.0 (compatible; Googlebot/2.1; +http://www.google.com/bot.html)"
66.249.64.175 - - [09/Apr/2015:08:34:27 +0200] "GET /news.php?cs_go=archiv&cs_id=4169 HTTP/1.1" 200 11477 "-" "Mozilla/5.0 (compatible; Googlebot/2.1; +http://www.google.com/bot.html)"
66.249.78.43 - - [09/Apr/2015:08:37:27 +0200] "GET /news.php?cs_go=archiv&cs_id=4619&cs_search= HTTP/1.1" 200 11477 "-" "Mozilla/5.0 (compatible; Googlebot/2.1; +http://www.google.com/bot.html)"
66.249.78.43 - - [09/Apr/2015:08:40:27 +0200] "GET /news.php?cs_go=archiv&cs_id=4865&cs_search= HTTP/1.1" 200 11477 "-" "Mozilla/5.0 (compatible; Googlebot/2.1; +http://www.google.com/bot.html)"
66.249.64.175 - - [09/Apr/2015:08:43:27 +0200] "GET /news.php?cs_go=archiv&cs_id=4169 HTTP/1.1" 200 11477 "-" "Mozilla/5.0 (compatible; Googlebot/2.1; +http://www.google.com/bot.html)"
66.249.78.43 - - [09/Apr/2015:08:46:27 +0200] "GET /news.php?cs_go=archiv&cs_id=4619&cs_search= HTTP/1.1" 200 11477 "-" "Mozilla/5.0 (compatible; Googlebot/2.1; +http://www.google.com/bot.html)"
123.125.71.17 - - [09/Apr/2015:08:51:01 +0200] "GET / HTTP/1.1" 200 9656 "-" "Mozilla/5.0 (Windows NT 5.1; rv:6.0.2) Gecko/20100101 Firefox/6.0.2"
66.249.78.36 - - [09/Apr/2015:08:49:37 +0200] "GET /news.php?cs_go=archiv&cs_id=4169 HTTP/1.1" 200 11477 "-" "Mozilla/5.0 (compatible; Googlebot/2.1; +http://www.google.com/bot.html)"
220.181.108.83 - - [09/Apr/2015:08:52:59 +0200] "GET / HTTP/1.1" 200 9656 "-" "Mozilla/5.0 (Windows NT 5.1; rv:6.0.2) Gecko/20100101 Firefox/6.0.2"
66.249.78.36 - - [09/Apr/2015:09:31:47 +0200] "GET /news.php?cs_go=archiv&cs_id=5221 HTTP/1.1" 200 11477 "-" "Mozilla/5.0 (compatible; Googlebot/2.1; +http://www.google.com/bot.html)"
66.249.78.43 - - [09/Apr/2015:09:38:19 +0200] "GET /news.php?cs_go=archiv&cs_id=5221 HTTP/1.1" 200 11477 "-" "Mozilla/5.0 (compatible; Googlebot/2.1; +http://www.google.com/bot.html)"
66.249.78.36 - - [09/Apr/2015:09:41:19 +0200] "GET /news.php?cs_go=archiv&cs_id=5140 HTTP/1.1" 200 11477 "-" "Mozilla/5.0 (compatible; Googlebot/2.1; +http://www.google.com/bot.html)"
66.249.78.43 - - [09/Apr/2015:09:44:45 +0200] "GET /news.php?cs_go=archiv&cs_id=5221 HTTP/1.1" 200 11477 "-" "Mozilla/5.0 (compatible; Googlebot/2.1; +http://www.google.com/bot.html)"
66.249.78.210 - - [09/Apr/2015:09:47:45 +0200] "GET /lexikon.php?cs_go=3&cs_id=43 HTTP/1.1" 200 11466 "-" "Mozilla/5.0 (compatible; Googlebot/2.1; +http://www.google.com/bot.html)"
66.249.78.36 - - [09/Apr/2015:09:50:45 +0200] "GET /news.php?cs_go=archiv&cs_id=5140 HTTP/1.1" 200 11477 "-" "Mozilla/5.0 (compatible; Googlebot/2.1; +http://www.google.com/bot.html)"
66.249.78.36 - - [09/Apr/2015:09:53:45 +0200] "GET /news.php?cs_go=archiv&cs_id=4872&cs_search= HTTP/1.1" 200 11477 "-" "Mozilla/5.0 (compatible; Googlebot/2.1; +http://www.google.com/bot.html)"
66.249.78.224 - - [09/Apr/2015:09:56:45 +0200] "GET /lexikon.php?cs_go=3&cs_id=43 HTTP/1.1" 200 11466 "-" "Mozilla/5.0 (compatible; Googlebot/2.1; +http://www.google.com/bot.html)"
66.249.78.36 - - [09/Apr/2015:09:59:46 +0200] "GET /news.php?cs_go=archiv&cs_id=5140 HTTP/1.1" 200 11477 "-" "Mozilla/5.0 (compatible; Googlebot/2.1; +http://www.google.com/bot.html)"
66.249.78.36 - - [09/Apr/2015:10:02:46 +0200] "GET /news.php?cs_go=archiv&cs_id=4872&cs_search= HTTP/1.1" 200 11477 "-" "Mozilla/5.0 (compatible; Googlebot/2.1; +http://www.google.com/bot.html)"
66.249.78.210 - - [09/Apr/2015:10:05:46 +0200] "GET /lexikon.php?cs_go=3&cs_id=43 HTTP/1.1" 200 11466 "-" "Mozilla/5.0 (compatible; Googlebot/2.1; +http://www.google.com/bot.html)"
66.249.78.43 - - [09/Apr/2015:10:08:46 +0200] "GET /news.php?cs_go=archiv&cs_id=3990 HTTP/1.1" 200 11477 "-" "Mozilla/5.0 (compatible; Googlebot/2.1; +http://www.google.com/bot.html)"
66.249.78.36 - - [09/Apr/2015:10:11:46 +0200] "GET /news.php?cs_go=archiv&cs_id=4872&cs_search= HTTP/1.1" 200 11477 "-" "Mozilla/5.0 (compatible; Googlebot/2.1; +http://www.google.com/bot.html)"
71.238.158.233 - - [09/Apr/2015:10:21:16 +0200] "GET /robots.txt HTTP/1.0" 404 1256 "-" "Mozilla/5.0 (compatible; MJ12bot/v1.4.5; http://www.majestic12.co.uk/bot.php?+)"
66.249.78.36 - - [09/Apr/2015:10:15:05 +0200] "GET /news.php?cs_go=archiv&cs_id=3990 HTTP/1.1" 200 11477 "-" "Mozilla/5.0 (compatible; Googlebot/2.1; +http://www.google.com/bot.html)"
66.249.78.50 - - [09/Apr/2015:10:21:45 +0200] "GET /news.php?cs_go=archiv&cs_id=3990 HTTP/1.1" 200 11477 "-" "Mozilla/5.0 (compatible; Googlebot/2.1; +http://www.google.com/bot.html)"
71.238.158.233 - - [09/Apr/2015:10:21:21 +0200] "GET /news.php?cs_go=archiv&cs_id=4530&cs_search= HTTP/1.0" 200 11682 "-" "Mozilla/5.0 (compatible; MJ12bot/v1.4.5; http://www.majestic12.co.uk/bot.php?+)"
71.238.158.233 - - [09/Apr/2015:10:22:07 +0200] "GET /news.php?cs_go=archiv&cs_id=4532&cs_search= HTTP/1.0" 200 11682 "-" "Mozilla/5.0 (compatible; MJ12bot/v1.4.5; http://www.majestic12.co.uk/bot.php?+)"
71.238.158.233 - - [09/Apr/2015:10:22:50 +0200] "GET /news.php?cs_go=archiv&cs_id=4698 HTTP/1.0" 200 11682 "-" "Mozilla/5.0 (compatible; MJ12bot/v1.4.5; http://www.majestic12.co.uk/bot.php?+)"
71.238.158.233 - - [09/Apr/2015:10:23:38 +0200] "GET /news.php?cs_go=archiv&cs_id=4698&cs_search= HTTP/1.0" 200 11682 "-" "Mozilla/5.0 (compatible; MJ12bot/v1.4.5; http://www.majestic12.co.uk/bot.php?+)"
66.249.78.43 - - [09/Apr/2015:10:27:09 +0200] "GET /news.php?cs_go=archiv&cs_id=4610&cs_search= HTTP/1.1" 200 11477 "-" "Mozilla/5.0 (compatible; Googlebot/2.1; +http://www.google.com/bot.html)"
71.238.158.233 - - [09/Apr/2015:10:24:20 +0200] "GET /news.php?cs_go=archiv&cs_id=4701 HTTP/1.0" 200 11682 "-" "Mozilla/5.0 (compatible; MJ12bot/v1.4.5; http://www.majestic12.co.uk/bot.php?+)"
71.238.158.233 - - [09/Apr/2015:10:25:03 +0200] "GET /news.php?cs_go=archiv&cs_id=5371 HTTP/1.0" 200 11682 "-" "Mozilla/5.0 (compatible; MJ12bot/v1.4.5; http://www.majestic12.co.uk/bot.php?+)"
71.238.158.233 - - [09/Apr/2015:10:25:46 +0200] "GET /news.php?cs_go=archiv&cs_id=5372 HTTP/1.0" 200 11682 "-" "Mozilla/5.0 (compatible; MJ12bot/v1.4.5; http://www.majestic12.co.uk/bot.php?+)"
71.238.158.233 - - [09/Apr/2015:10:26:29 +0200] "GET /news.php?cs_go=archiv&cs_id=5373 HTTP/1.0" 200 11682 "-" "Mozilla/5.0 (compatible; MJ12bot/v1.4.5; http://www.majestic12.co.uk/bot.php?+)"
71.238.158.233 - - [09/Apr/2015:10:27:37 +0200] "GET /news.php?cs_go=archiv&cs_id=5374 HTTP/1.0" 200 11682 "-" "Mozilla/5.0 (compatible; MJ12bot/v1.4.5; http://www.majestic12.co.uk/bot.php?+)"
71.238.158.233 - - [09/Apr/2015:10:28:22 +0200] "GET /news.php?cs_go=archiv&cs_id=5375 HTTP/1.0" 200 11682 "-" "Mozilla/5.0 (compatible; MJ12bot/v1.4.5; http://www.majestic12.co.uk/bot.php?+)"
66.249.78.50 - - [09/Apr/2015:10:33:12 +0200] "GET /news.php?cs_go=archiv&cs_id=4610&cs_search= HTTP/1.1" 200 11477 "-" "Mozilla/5.0 (compatible; Googlebot/2.1; +http://www.google.com/bot.html)"
66.249.78.50 - - [09/Apr/2015:10:39:23 +0200] "GET /news.php?cs_go=archiv&cs_id=4764 HTTP/1.1" 200 11477 "-" "Mozilla/5.0 (compatible; Googlebot/2.1; +http://www.google.com/bot.html)"
66.249.78.50 - - [09/Apr/2015:10:42:23 +0200] "GET /news.php?cs_go=archiv&cs_id=4610&cs_search= HTTP/1.1" 200 11477 "-" "Mozilla/5.0 (compatible; Googlebot/2.1; +http://www.google.com/bot.html)"
66.249.78.43 - - [09/Apr/2015:10:46:05 +0200] "GET /news.php?cs_go=archiv&cs_id=4764 HTTP/1.1" 200 11477 "-" "Mozilla/5.0 (compatible; Googlebot/2.1; +http://www.google.com/bot.html)"
66.249.78.43 - - [09/Apr/2015:10:52:27 +0200] "GET /news.php?cs_go=archiv&cs_id=4764 HTTP/1.1" 200 11477 "-" "Mozilla/5.0 (compatible; Googlebot/2.1; +http://www.google.com/bot.html)"
66.249.78.9 - - [09/Apr/2015:11:37:43 +0200] "GET /modul.css HTTP/1.1" 200 36485 "http://www.optiplusberlin.de/news.php?cs_go=archiv&cs_id=4108" "Mozilla/5.0 (compatible; Googlebot/2.1; +http://www.google.com/bot.html)"
66.249.78.9 - - [09/Apr/2015:11:37:43 +0200] "GET /js/ddaccordion.js HTTP/1.1" 200 12534 "http://www.optiplusberlin.de/news.php?cs_go=archiv&cs_id=4108" "Mozilla/5.0 (compatible; Googlebot/2.1; +http://www.google.com/bot.html)"
66.249.78.9 - - [09/Apr/2015:11:38:12 +0200] "GET /js/jquery.min.js HTTP/1.1" 200 57254 "http://www.optiplusberlin.de/news.php?cs_go=archiv&cs_id=4108" "Mozilla/5.0 (compatible; Googlebot/2.1; +http://www.google.com/bot.html)"
66.249.78.2 - - [09/Apr/2015:11:38:41 +0200] "GET /js/slider.js HTTP/1.1" 200 773 "-" "Mozilla/5.0 (compatible; Googlebot/2.1; +http://www.google.com/bot.html)"
66.249.78.119 - - [09/Apr/2015:11:39:10 +0200] "GET /robots.txt HTTP/1.1" 404 1256 "-" "Mozilla/5.0 (compatible; Googlebot/2.1; +http://www.google.com/bot.html)"
66.249.78.149 - - [09/Apr/2015:11:34:43 +0200] "GET /news.php?cs_go=archiv&cs_startpos=10 HTTP/1.1" 200 11477 "-" "Mozilla/5.0 (compatible; Googlebot/2.1; +http://www.google.com/bot.html)"
66.249.78.112 - - [09/Apr/2015:11:39:10 +0200] "GET /news.php?cs_go=archiv&cs_id=5129 HTTP/1.1" 200 11477 "-" "Mozilla/5.0 (compatible; Googlebot/2.1; +http://www.google.com/bot.html)"
123.125.71.15 - - [09/Apr/2015:11:44:25 +0200] "GET / HTTP/1.1" 200 9656 "-" "Mozilla/5.0 (Windows NT 5.1; rv:6.0.2) Gecko/20100101 Firefox/6.0.2"
66.249.78.149 - - [09/Apr/2015:11:45:11 +0200] "GET /preisanfrage.php HTTP/1.1" 200 11493 "-" "Mozilla/5.0 (compatible; Googlebot/2.1; +http://www.google.com/bot.html)"
66.249.78.43 - - [09/Apr/2015:11:42:11 +0200] "GET /news.php?cs_go=archiv&cs_id=4588&cs_search= HTTP/1.1" 200 11477 "-" "Mozilla/5.0 (compatible; Googlebot/2.1; +http://www.google.com/bot.html)"
220.181.108.185 - - [09/Apr/2015:11:47:08 +0200] "GET / HTTP/1.1" 200 9656 "-" "Mozilla/5.0 (Windows NT 5.1; rv:6.0.2) Gecko/20100101 Firefox/6.0.2"
66.249.78.142 - - [09/Apr/2015:11:51:13 +0200] "GET /preisanfrage.php HTTP/1.1" 200 11493 "-" "Mozilla/5.0 (compatible; Googlebot/2.1; +http://www.google.com/bot.html)"
66.249.78.149 - - [09/Apr/2015:11:48:10 +0200] "GET /news.php?cs_go=archiv&cs_id=4917 HTTP/1.1" 200 11477 "-" "Mozilla/5.0 (compatible; Googlebot/2.1; +http://www.google.com/bot.html)"
66.249.78.135 - - [09/Apr/2015:11:54:13 +0200] "GET /lexikon.php?cs_go=3&cs_id=40 HTTP/1.1" 200 11466 "-" "Mozilla/5.0 (compatible; Googlebot/2.1; +http://www.google.com/bot.html)"
66.249.64.164 - - [09/Apr/2015:12:00:14 +0200] "GET /preisanfrage.php HTTP/1.1" 200 11493 "-" "Mozilla/5.0 (compatible; Googlebot/2.1; +http://www.google.com/bot.html)"
66.249.78.112 - - [09/Apr/2015:11:57:14 +0200] "GET /news.php?cs_go=archiv&cs_id=5129 HTTP/1.1" 200 11477 "-" "Mozilla/5.0 (compatible; Googlebot/2.1; +http://www.google.com/bot.html)"
183.57.154.84 - - [09/Apr/2015:12:00:29 +0200] "GET / HTTP/1.1" 200 15920 "http://www.essoschmierstoffe.de/" "Mozilla/5.0 (compatible; MSIE 9.0; Windows NT 6.1; Trident/5.0)"
66.249.78.142 - - [09/Apr/2015:12:03:14 +0200] "GET /lexikon.php?cs_go=3&cs_id=40 HTTP/1.1" 200 11466 "-" "Mozilla/5.0 (compatible; Googlebot/2.1; +http://www.google.com/bot.html)"
66.249.78.112 - - [09/Apr/2015:12:06:13 +0200] "GET /news.php?cs_go=archiv&cs_id=5129 HTTP/1.1" 200 11477 "-" "Mozilla/5.0 (compatible; Googlebot/2.1; +http://www.google.com/bot.html)"
66.249.78.149 - - [09/Apr/2015:12:09:13 +0200] "GET /news.php?cs_go=archiv&cs_startpos=70 HTTP/1.1" 200 11477 "-" "Mozilla/5.0 (compatible; Googlebot/2.1; +http://www.google.com/bot.html)"
66.249.78.135 - - [09/Apr/2015:12:12:14 +0200] "GET /lexikon.php?cs_go=3&cs_id=40 HTTP/1.1" 200 11466 "-" "Mozilla/5.0 (compatible; Googlebot/2.1; +http://www.google.com/bot.html)"
87.178.167.34 - - [09/Apr/2015:12:21:00 +0200] "GET /favicon.ico HTTP/1.1" 404 1256 "-" "Mozilla/5.0 (Windows NT 6.1; WOW64; rv:37.0) Gecko/20100101 Firefox/37.0"
87.178.167.34 - - [09/Apr/2015:12:21:00 +0200] "GET /favicon.ico HTTP/1.1" 404 1256 "-" "Mozilla/5.0 (Windows NT 6.1; WOW64; rv:37.0) Gecko/20100101 Firefox/37.0"
66.249.78.112 - - [09/Apr/2015:12:15:15 +0200] "GET /news.php?cs_go=archiv&cs_id=5129 HTTP/1.1" 200 11477 "-" "Mozilla/5.0 (compatible; Googlebot/2.1; +http://www.google.com/bot.html)"
66.249.78.149 - - [09/Apr/2015:12:18:15 +0200] "GET /news.php?cs_go=archiv&cs_startpos=70 HTTP/1.1" 200 11477 "-" "Mozilla/5.0 (compatible; Googlebot/2.1; +http://www.google.com/bot.html)"
87.178.167.34 - - [09/Apr/2015:12:20:45 +0200] "GET / HTTP/1.1" 200 15920 "-" "Mozilla/5.0 (Windows NT 6.1; WOW64; rv:37.0) Gecko/20100101 Firefox/37.0"
88.198.16.153 - - [09/Apr/2015:12:27:34 +0200] "GET /robots.txt HTTP/1.0" 404 1256 "-" "Mozilla/5.0 (compatible; MJ12bot/v1.4.5; http://www.majestic12.co.uk/bot.php?+)"
87.178.167.34 - - [09/Apr/2015:12:22:10 +0200] "GET /preisanfrage.php HTTP/1.1" 200 11698 "http://www.esso-berlin.de/" "Mozilla/5.0 (Windows NT 6.1; WOW64; rv:37.0) Gecko/20100101 Firefox/37.0"
66.249.64.164 - - [09/Apr/2015:12:24:25 +0200] "GET /news.php?cs_go=archiv&cs_startpos=70 HTTP/1.1" 200 11477 "-" "Mozilla/5.0 (compatible; Googlebot/2.1; +http://www.google.com/bot.html)"
87.178.167.34 - - [09/Apr/2015:12:21:01 +0200] "GET /heizoel.php HTTP/1.1" 200 9577 "http://www.esso-berlin.de/" "Mozilla/5.0 (Windows NT 6.1; WOW64; rv:37.0) Gecko/20100101 Firefox/37.0"
88.198.16.153 - - [09/Apr/2015:12:27:37 +0200] "GET /news.php?cs_go=archiv&cs_id=4756&cs_search= HTTP/1.0" 200 11477 "-" "Mozilla/5.0 (compatible; MJ12bot/v1.4.5; http://www.majestic12.co.uk/bot.php?+)"
