104.193.9.137 - - [19/Apr/2015:19:26:40 +0200] "GET /news.php?cs_go=archiv&cs_id=2444&cs_search= HTTP/1.0" 200 11477 "-" "Mozilla/5.0 (compatible; MJ12bot/v1.4.5; http://www.majestic12.co.uk/bot.php?+)"
104.193.9.137 - - [19/Apr/2015:19:27:01 +0200] "GET /news.php?cs_go=archiv&cs_id=2475&cs_search= HTTP/1.0" 200 11477 "-" "Mozilla/5.0 (compatible; MJ12bot/v1.4.5; http://www.majestic12.co.uk/bot.php?+)"
104.193.9.137 - - [19/Apr/2015:19:27:34 +0200] "GET /news.php?cs_go=archiv&cs_id=5017 HTTP/1.0" 200 11477 "-" "Mozilla/5.0 (compatible; MJ12bot/v1.4.5; http://www.majestic12.co.uk/bot.php?+)"
104.193.9.137 - - [19/Apr/2015:19:27:58 +0200] "GET /news.php?cs_go=archiv&cs_id=5018 HTTP/1.0" 200 11477 "-" "Mozilla/5.0 (compatible; MJ12bot/v1.4.5; http://www.majestic12.co.uk/bot.php?+)"
104.193.9.137 - - [19/Apr/2015:19:28:27 +0200] "GET /news.php?cs_go=archiv&cs_id=5019 HTTP/1.0" 200 11477 "-" "Mozilla/5.0 (compatible; MJ12bot/v1.4.5; http://www.majestic12.co.uk/bot.php?+)"
104.193.9.137 - - [19/Apr/2015:19:29:09 +0200] "GET /news.php?cs_go=archiv&cs_id=5184 HTTP/1.0" 200 11477 "-" "Mozilla/5.0 (compatible; MJ12bot/v1.4.5; http://www.majestic12.co.uk/bot.php?+)"
104.193.9.137 - - [19/Apr/2015:19:29:32 +0200] "GET /news.php?cs_go=archiv&cs_id=5192 HTTP/1.0" 200 11477 "-" "Mozilla/5.0 (compatible; MJ12bot/v1.4.5; http://www.majestic12.co.uk/bot.php?+)"
66.249.79.88 - - [19/Apr/2015:19:29:39 +0200] "GET /adblue.php HTTP/1.1" 200 15843 "-" "Mozilla/5.0 (compatible; Googlebot/2.1; +http://www.google.com/bot.html)"
104.193.9.137 - - [19/Apr/2015:19:29:54 +0200] "GET /news.php?cs_go=archiv&cs_id=5199 HTTP/1.0" 200 11477 "-" "Mozilla/5.0 (compatible; MJ12bot/v1.4.5; http://www.majestic12.co.uk/bot.php?+)"
104.193.9.137 - - [19/Apr/2015:19:30:15 +0200] "GET /news.php?cs_go=archiv&cs_id=5385 HTTP/1.0" 200 11477 "-" "Mozilla/5.0 (compatible; MJ12bot/v1.4.5; http://www.majestic12.co.uk/bot.php?+)"
104.193.9.137 - - [19/Apr/2015:19:30:38 +0200] "GET /news.php?cs_go=archiv&cs_id=5386 HTTP/1.0" 200 11477 "-" "Mozilla/5.0 (compatible; MJ12bot/v1.4.5; http://www.majestic12.co.uk/bot.php?+)"
104.193.9.137 - - [19/Apr/2015:19:31:05 +0200] "GET /news.php?cs_go=archiv&cs_id=5394 HTTP/1.0" 200 11477 "-" "Mozilla/5.0 (compatible; MJ12bot/v1.4.5; http://www.majestic12.co.uk/bot.php?+)"
66.249.79.88 - - [19/Apr/2015:19:35:42 +0200] "GET /adblue.php HTTP/1.1" 200 15843 "-" "Mozilla/5.0 (compatible; Googlebot/2.1; +http://www.google.com/bot.html)"
157.55.39.48 - - [19/Apr/2015:19:49:37 +0200] "GET /robots.txt HTTP/1.1" 404 1256 "-" "Mozilla/5.0 (compatible; bingbot/2.0; +http://www.bing.com/bingbot.htm)"
157.55.39.48 - - [19/Apr/2015:19:49:40 +0200] "GET /images/ral.png HTTP/1.1" 200 25696 "-" "msnbot-media/1.1 (+http://search.msn.com/msnbot.htm)"
207.46.13.15 - - [19/Apr/2015:20:06:12 +0200] "GET / HTTP/1.1" 200 9656 "-" "Mozilla/5.0 (compatible; bingbot/2.0; +http://www.bing.com/bingbot.htm)"
66.249.79.31 - - [19/Apr/2015:20:38:57 +0200] "GET /news.php?cs_go=archiv&cs_id=4859&cs_search= HTTP/1.1" 200 11477 "-" "Mozilla/5.0 (compatible; Googlebot/2.1; +http://www.google.com/bot.html)"
66.249.79.31 - - [19/Apr/2015:20:45:15 +0200] "GET /news.php?cs_go=archiv&cs_id=4859&cs_search= HTTP/1.1" 200 11477 "-" "Mozilla/5.0 (compatible; Googlebot/2.1; +http://www.google.com/bot.html)"
66.249.79.23 - - [19/Apr/2015:20:51:33 +0200] "GET /news.php?cs_go=archiv&cs_id=4859&cs_search= HTTP/1.1" 200 11477 "-" "Mozilla/5.0 (compatible; Googlebot/2.1; +http://www.google.com/bot.html)"
66.249.79.31 - - [19/Apr/2015:20:59:13 +0200] "GET /modul.css HTTP/1.1" 200 36485 "http://www.esso-berlin.de/news.php?cs_go=archiv&cs_id=4859&cs_search=" "Mozilla/5.0 (compatible; Googlebot/2.1; +http://www.google.com/bot.html)"
66.249.79.23 - - [19/Apr/2015:20:59:15 +0200] "GET /style.css HTTP/1.1" 200 8056 "http://www.esso-berlin.de/news.php?cs_go=archiv&cs_id=4859&cs_search=" "Mozilla/5.0 (compatible; Googlebot/2.1; +http://www.google.com/bot.html)"
66.249.79.23 - - [19/Apr/2015:20:59:15 +0200] "GET /js/slider.js HTTP/1.1" 200 773 "http://www.esso-berlin.de/news.php?cs_go=archiv&cs_id=4859&cs_search=" "Mozilla/5.0 (compatible; Googlebot/2.1; +http://www.google.com/bot.html)"
66.249.79.15 - - [19/Apr/2015:20:59:16 +0200] "GET /js/ddaccordion.js HTTP/1.1" 200 12534 "http://www.esso-berlin.de/news.php?cs_go=archiv&cs_id=4859&cs_search=" "Mozilla/5.0 (compatible; Googlebot/2.1; +http://www.google.com/bot.html)"
66.249.79.23 - - [19/Apr/2015:20:59:16 +0200] "GET /js/jquery.min.js HTTP/1.1" 200 57254 "http://www.esso-berlin.de/news.php?cs_go=archiv&cs_id=4859&cs_search=" "Mozilla/5.0 (compatible; Googlebot/2.1; +http://www.google.com/bot.html)"
66.249.79.136 - - [19/Apr/2015:21:24:09 +0200] "GET /robots.txt HTTP/1.1" 404 1256 "-" "Mozilla/5.0 (compatible; Googlebot/2.1; +http://www.google.com/bot.html)"
66.249.79.152 - - [19/Apr/2015:21:24:09 +0200] "GET /news.php?cs_go=archiv&cs_startpos=90 HTTP/1.1" 200 11477 "-" "Mozilla/5.0 (compatible; Googlebot/2.1; +http://www.google.com/bot.html)"
66.249.79.136 - - [19/Apr/2015:21:30:22 +0200] "GET /news.php?cs_go=archiv&cs_startpos=90 HTTP/1.1" 200 11477 "-" "Mozilla/5.0 (compatible; Googlebot/2.1; +http://www.google.com/bot.html)"
66.249.79.152 - - [19/Apr/2015:21:36:41 +0200] "GET /news.php?cs_go=archiv&cs_startpos=90 HTTP/1.1" 200 11477 "-" "Mozilla/5.0 (compatible; Googlebot/2.1; +http://www.google.com/bot.html)"
66.249.79.15 - - [19/Apr/2015:21:50:08 +0200] "GET /news.php?cs_go=archiv&cs_id=3925 HTTP/1.1" 200 11477 "-" "Mozilla/5.0 (iPhone; CPU iPhone OS 6_0 like Mac OS X) AppleWebKit/536.26 (KHTML, like Gecko) Version/6.0 Mobile/10A5376e Safari/8536.25 (compatible; Googlebot/2.1; +http://www.google.com/bot.html)"
207.46.13.103 - - [19/Apr/2015:22:02:21 +0200] "GET /robots.txt HTTP/1.1" 404 1256 "-" "Mozilla/5.0 (compatible; bingbot/2.0; +http://www.bing.com/bingbot.htm)"
207.46.13.103 - - [19/Apr/2015:22:02:26 +0200] "GET /images/RAL_Guetezeichen_Energiehandel.pdf HTTP/1.1" 200 538987 "-" "Mozilla/5.0 (compatible; bingbot/2.0; +http://www.bing.com/bingbot.htm)"
66.249.79.31 - - [19/Apr/2015:21:56:25 +0200] "GET /news.php?cs_go=archiv&cs_id=3925 HTTP/1.1" 200 11477 "-" "Mozilla/5.0 (iPhone; CPU iPhone OS 6_0 like Mac OS X) AppleWebKit/536.26 (KHTML, like Gecko) Version/6.0 Mobile/10A5376e Safari/8536.25 (compatible; Googlebot/2.1; +http://www.google.com/bot.html)"
66.249.79.23 - - [19/Apr/2015:22:02:29 +0200] "GET /news.php?cs_go=archiv&cs_id=3925 HTTP/1.1" 200 11477 "-" "Mozilla/5.0 (iPhone; CPU iPhone OS 6_0 like Mac OS X) AppleWebKit/536.26 (KHTML, like Gecko) Version/6.0 Mobile/10A5376e Safari/8536.25 (compatible; Googlebot/2.1; +http://www.google.com/bot.html)"
5.9.106.81 - - [19/Apr/2015:22:03:09 +0200] "GET /news.php?cs_go=archiv&cs_id=4268&cs_search= HTTP/1.1" 200 11682 "-" "Mozilla/5.0 (Windows; U; Windows NT 6.1; WOW64; en-US; rv:2.0.4) Gecko/20120718 AskTbAVR-IDW/3.12.5.17700 Firefox/14.0.1"
188.40.112.210 - - [19/Apr/2015:22:03:09 +0200] "GET /news.php?cs_go=archiv&cs_id=4268 HTTP/1.1" 200 11682 "-" "Mozilla/5.0 (Windows NT 6.1; WOW64; rv:11.0) Gecko Firefox/11.0"
5.9.106.81 - - [19/Apr/2015:22:03:17 +0200] "GET /news.php?cs_go=archiv&cs_id=4268&cs_search= HTTP/1.1" 200 11682 "-" "Mozilla/5.0 (Windows NT 6.1) AppleWebKit/537.36 (KHTML, like Gecko) Chrome/27.0.1453.90 Safari/537.36"
188.40.112.210 - - [19/Apr/2015:22:03:17 +0200] "GET /news.php?cs_go=archiv&cs_id=4268 HTTP/1.1" 200 11682 "-" "Mozilla/5.0 (Macintosh; Intel Mac OS X 10_8_2) AppleWebKit/536.26.17 (KHTML, like Gecko) Version/6.0.2 Safari/536.26.17"
93.186.202.244 - - [19/Apr/2015:22:03:23 +0200] "GET /news.php?cs_go=archiv&cs_id=4268 HTTP/1.1" 200 11682 "-" "Mozilla/5.0 (Windows NT 6.1; rv:12.0) Gecko/20120403211507 Firefox/12.0"
5.9.145.132 - - [19/Apr/2015:22:03:23 +0200] "GET /news.php?cs_go=archiv&cs_id=4268&cs_search= HTTP/1.1" 200 11682 "-" "Mozilla/5.0 (Macintosh; Intel Mac OS X 10_6_8) AppleWebKit/535.19 (KHTML, like Gecko) Chrome/18.0.1025.166 Safari/535.19"
5.9.145.132 - - [19/Apr/2015:22:03:31 +0200] "GET /news.php?cs_go=archiv&cs_id=4268&cs_search= HTTP/1.1" 200 11682 "-" "Mozilla/5.0 (Windows NT 5.1; rv:21.0) Gecko/20100101 Firefox/21.0"
93.186.202.244 - - [19/Apr/2015:22:03:32 +0200] "GET /news.php?cs_go=archiv&cs_id=4268 HTTP/1.1" 200 11682 "-" "Mozilla/5.0 (Windows NT 6.0; rv:14.0) Gecko/20100101 Firefox/14.0.1"
93.186.202.239 - - [19/Apr/2015:22:03:37 +0200] "GET /news.php?cs_go=archiv&cs_id=4268&cs_search= HTTP/1.1" 200 11682 "-" "Mozilla/5.0 (X11; U; Linux i686; en-US; rv:1.9.1.16) Gecko/20120421 Gecko Firefox/11.0"
136.243.17.161 - - [19/Apr/2015:22:03:37 +0200] "GET /news.php?cs_go=archiv&cs_id=4268 HTTP/1.1" 200 11682 "-" "Mozilla/5.0 (Windows NT 6.1; WOW64; rv:18.0) Gecko/20100101 Firefox/18.0"
93.186.202.239 - - [19/Apr/2015:22:03:45 +0200] "GET /news.php?cs_go=archiv&cs_id=4268&cs_search= HTTP/1.1" 200 11682 "-" "Mozilla/5.0 (compatible; MSIE 10.0; Windows NT 6.1; WOW64; Trident/6.0)"
136.243.17.161 - - [19/Apr/2015:22:03:46 +0200] "GET /news.php?cs_go=archiv&cs_id=4268 HTTP/1.1" 200 11682 "-" "Mozilla/5.0 (Windows NT 6.1; rv:12.0) Gecko/20120403211507 Firefox/14.0.1"
207.46.13.40 - - [19/Apr/2015:22:22:23 +0200] "GET /adblue.php HTTP/1.1" 200 9102 "-" "msnbot-media/1.1 (+http://search.msn.com/msnbot.htm)"
207.46.13.108 - - [19/Apr/2015:22:26:58 +0200] "GET /newsletter.php HTTP/1.1" 200 9058 "-" "Mozilla/5.0 (compatible; bingbot/2.0; +http://www.bing.com/bingbot.htm)"
66.249.79.1 - - [19/Apr/2015:22:37:07 +0200] "GET /robots.txt HTTP/1.1" 404 1256 "-" "Mozilla/5.0 (compatible; Googlebot/2.1; +http://www.google.com/bot.html)"
66.249.79.1 - - [19/Apr/2015:22:37:08 +0200] "GET /news.php?cs_go=archiv&cs_startpos=0 HTTP/1.1" 200 11477 "-" "Mozilla/5.0 (compatible; Googlebot/2.1; +http://www.google.com/bot.html)"
66.249.79.9 - - [19/Apr/2015:22:43:32 +0200] "GET /news.php?cs_go=archiv&cs_startpos=0 HTTP/1.1" 200 11477 "-" "Mozilla/5.0 (compatible; Googlebot/2.1; +http://www.google.com/bot.html)"
66.249.79.9 - - [19/Apr/2015:22:49:52 +0200] "GET /news.php?cs_go=archiv&cs_startpos=0 HTTP/1.1" 200 11477 "-" "Mozilla/5.0 (compatible; Googlebot/2.1; +http://www.google.com/bot.html)"
66.249.79.15 - - [19/Apr/2015:23:15:02 +0200] "GET /essocard.php HTTP/1.1" 200 13196 "-" "Mozilla/5.0 (iPhone; CPU iPhone OS 6_0 like Mac OS X) AppleWebKit/536.26 (KHTML, like Gecko) Version/6.0 Mobile/10A5376e Safari/8536.25 (compatible; Googlebot/2.1; +http://www.google.com/bot.html)"
66.249.79.15 - - [19/Apr/2015:23:21:10 +0200] "GET /essocard.php HTTP/1.1" 200 13196 "-" "Mozilla/5.0 (iPhone; CPU iPhone OS 6_0 like Mac OS X) AppleWebKit/536.26 (KHTML, like Gecko) Version/6.0 Mobile/10A5376e Safari/8536.25 (compatible; Googlebot/2.1; +http://www.google.com/bot.html)"
66.249.79.1 - - [19/Apr/2015:23:30:52 +0200] "GET /js/ddaccordion.js HTTP/1.1" 200 12534 "http://www.optiplusberlin.de/news.php?cs_go=archiv&cs_startpos=0" "Mozilla/5.0 (compatible; Googlebot/2.1; +http://www.google.com/bot.html)"
66.249.79.17 - - [19/Apr/2015:23:30:53 +0200] "GET /js/jquery.min.js HTTP/1.1" 200 57254 "http://www.optiplusberlin.de/news.php?cs_go=archiv&cs_startpos=0" "Mozilla/5.0 (compatible; Googlebot/2.1; +http://www.google.com/bot.html)"
66.249.79.1 - - [19/Apr/2015:23:30:54 +0200] "GET /modul.css HTTP/1.1" 200 36485 "http://www.optiplusberlin.de/news.php?cs_go=archiv&cs_startpos=0" "Mozilla/5.0 (compatible; Googlebot/2.1; +http://www.google.com/bot.html)"
66.249.79.17 - - [19/Apr/2015:23:30:55 +0200] "GET /style.css HTTP/1.1" 200 8056 "http://www.optiplusberlin.de/news.php?cs_go=archiv&cs_startpos=0" "Mozilla/5.0 (compatible; Googlebot/2.1; +http://www.google.com/bot.html)"
66.249.79.9 - - [19/Apr/2015:23:30:56 +0200] "GET /js/slider.js HTTP/1.1" 200 773 "http://www.optiplusberlin.de/news.php?cs_go=archiv&cs_startpos=0" "Mozilla/5.0 (compatible; Googlebot/2.1; +http://www.google.com/bot.html)"
66.249.79.15 - - [19/Apr/2015:23:27:52 +0200] "GET /essocard.php HTTP/1.1" 200 13196 "-" "Mozilla/5.0 (iPhone; CPU iPhone OS 6_0 like Mac OS X) AppleWebKit/536.26 (KHTML, like Gecko) Version/6.0 Mobile/10A5376e Safari/8536.25 (compatible; Googlebot/2.1; +http://www.google.com/bot.html)"
66.249.79.36 - - [19/Apr/2015:23:34:15 +0200] "GET / HTTP/1.1" 200 15920 "-" "Mozilla/5.0 (compatible; Googlebot/2.1; +http://www.google.com/bot.html)"
66.249.79.36 - - [19/Apr/2015:23:40:21 +0200] "GET / HTTP/1.1" 200 15920 "-" "Mozilla/5.0 (compatible; Googlebot/2.1; +http://www.google.com/bot.html)"
66.249.79.36 - - [19/Apr/2015:23:47:05 +0200] "GET / HTTP/1.1" 200 15920 "-" "Mozilla/5.0 (compatible; Googlebot/2.1; +http://www.google.com/bot.html)"
66.249.79.15 - - [20/Apr/2015:00:30:41 +0200] "GET /kwk.php HTTP/1.1" 200 11474 "-" "Mozilla/5.0 (compatible; Googlebot/2.1; +http://www.google.com/bot.html)"
66.249.79.15 - - [20/Apr/2015:00:36:47 +0200] "GET /kwk.php HTTP/1.1" 200 11474 "-" "Mozilla/5.0 (compatible; Googlebot/2.1; +http://www.google.com/bot.html)"
66.249.79.31 - - [20/Apr/2015:00:43:32 +0200] "GET /kwk.php HTTP/1.1" 200 11474 "-" "Mozilla/5.0 (compatible; Googlebot/2.1; +http://www.google.com/bot.html)"
66.249.79.23 - - [20/Apr/2015:01:07:01 +0200] "GET /adblue.php HTTP/1.1" 200 15843 "-" "Mozilla/5.0 (iPhone; CPU iPhone OS 6_0 like Mac OS X) AppleWebKit/536.26 (KHTML, like Gecko) Version/6.0 Mobile/10A5376e Safari/8536.25 (compatible; Googlebot/2.1; +http://www.google.com/bot.html)"
66.249.79.23 - - [20/Apr/2015:01:13:09 +0200] "GET /adblue.php HTTP/1.1" 200 15843 "-" "Mozilla/5.0 (iPhone; CPU iPhone OS 6_0 like Mac OS X) AppleWebKit/536.26 (KHTML, like Gecko) Version/6.0 Mobile/10A5376e Safari/8536.25 (compatible; Googlebot/2.1; +http://www.google.com/bot.html)"
66.249.79.15 - - [20/Apr/2015:01:16:09 +0200] "GET /news.php?cs_go=archiv&cs_id=5338&cs_search= HTTP/1.1" 200 11477 "-" "Mozilla/5.0 (compatible; Googlebot/2.1; +http://www.google.com/bot.html)"
66.249.79.15 - - [20/Apr/2015:01:19:14 +0200] "GET /adblue.php HTTP/1.1" 200 15843 "-" "Mozilla/5.0 (iPhone; CPU iPhone OS 6_0 like Mac OS X) AppleWebKit/536.26 (KHTML, like Gecko) Version/6.0 Mobile/10A5376e Safari/8536.25 (compatible; Googlebot/2.1; +http://www.google.com/bot.html)"
188.165.196.25 - - [20/Apr/2015:01:25:58 +0200] "GET /robots.txt HTTP/1.0" 404 1256 "-" ""
66.249.79.23 - - [20/Apr/2015:01:22:27 +0200] "GET /news.php?cs_go=archiv&cs_id=5338&cs_search= HTTP/1.1" 200 11477 "-" "Mozilla/5.0 (compatible; Googlebot/2.1; +http://www.google.com/bot.html)"
104.155.71.213 - - [20/Apr/2015:01:24:07 +0200] "GET / HTTP/1.1" 200 15920 "-" "python-requests/2.2.1 CPython/2.7.6 Linux/3.16.0-31-generic"
188.165.196.25 - - [20/Apr/2015:01:25:58 +0200] "GET / HTTP/1.1" 200 15920 "-" "Mozilla/5.0 (X11; Linux i686) AppleWebKit/534.30 (KHTML, like Gecko) Ubuntu/11.04 Chromium/12.0.742.112 Chrome/12.0.742.112 Safari/534.30"
66.249.79.23 - - [20/Apr/2015:01:29:01 +0200] "GET /news.php?cs_go=archiv&cs_id=5338&cs_search= HTTP/1.1" 200 11477 "-" "Mozilla/5.0 (compatible; Googlebot/2.1; +http://www.google.com/bot.html)"
37.187.56.76 - - [20/Apr/2015:01:37:16 +0200] "GET /robots.txt HTTP/1.0" 404 1256 "-" ""
37.187.56.76 - - [20/Apr/2015:01:37:16 +0200] "GET / HTTP/1.1" 200 16125 "-" "Mozilla/5.0 (X11; Linux i686; rv:21.0) Gecko/20100101 Firefox/21.0"
66.249.79.15 - - [20/Apr/2015:02:02:12 +0200] "GET /news.php?cs_go=archiv&cs_id=5139 HTTP/1.1" 200 11477 "-" "Mozilla/5.0 (compatible; Googlebot/2.1; +http://www.google.com/bot.html)"
66.249.79.15 - - [20/Apr/2015:02:08:35 +0200] "GET /news.php?cs_go=archiv&cs_id=5139 HTTP/1.1" 200 11477 "-" "Mozilla/5.0 (compatible; Googlebot/2.1; +http://www.google.com/bot.html)"
66.249.79.20 - - [20/Apr/2015:02:11:35 +0200] "GET /news.php?cs_go=archiv&cs_startpos=50 HTTP/1.1" 200 11477 "-" "Mozilla/5.0 (compatible; Googlebot/2.1; +http://www.google.com/bot.html)"
66.249.79.31 - - [20/Apr/2015:02:14:40 +0200] "GET /news.php?cs_go=archiv&cs_id=5139 HTTP/1.1" 200 11477 "-" "Mozilla/5.0 (compatible; Googlebot/2.1; +http://www.google.com/bot.html)"
66.249.79.20 - - [20/Apr/2015:02:17:40 +0200] "GET /news.php?cs_go=archiv&cs_startpos=50 HTTP/1.1" 200 11477 "-" "Mozilla/5.0 (compatible; Googlebot/2.1; +http://www.google.com/bot.html)"
66.249.79.28 - - [20/Apr/2015:02:24:04 +0200] "GET /news.php?cs_go=archiv&cs_startpos=50 HTTP/1.1" 200 11477 "-" "Mozilla/5.0 (compatible; Googlebot/2.1; +http://www.google.com/bot.html)"
188.165.234.52 - - [20/Apr/2015:02:56:03 +0200] "GET /robots.txt HTTP/1.0" 404 1256 "-" ""
188.165.234.52 - - [20/Apr/2015:02:56:03 +0200] "GET / HTTP/1.1" 200 15920 "-" "Mozilla/5.0 (X11; U; Linux i586; en-US) AppleWebKit/533.2 (KHTML, like Gecko) Chrome/5.0.342.1 Safari/533.2"
66.249.79.16 - - [20/Apr/2015:03:25:57 +0200] "GET /robots.txt HTTP/1.1" 404 1256 "-" "Mozilla/5.0 (compatible; Googlebot/2.1; +http://www.google.com/bot.html)"
66.249.79.16 - - [20/Apr/2015:03:25:57 +0200] "GET / HTTP/1.1" 200 15920 "-" "Mozilla/5.0 (compatible; Googlebot/2.1; +http://www.google.com/bot.html)"
66.249.79.31 - - [20/Apr/2015:03:28:57 +0200] "GET /kwk.php HTTP/1.1" 200 11474 "-" "Mozilla/5.0 (iPhone; CPU iPhone OS 6_0 like Mac OS X) AppleWebKit/536.26 (KHTML, like Gecko) Version/6.0 Mobile/10A5376e Safari/8536.25 (compatible; Googlebot/2.1; +http://www.google.com/bot.html)"
66.249.79.23 - - [20/Apr/2015:03:31:57 +0200] "GET /news.php?cs_go=archiv&cs_id=3925 HTTP/1.1" 200 11477 "-" "Mozilla/5.0 (iPhone; CPU iPhone OS 6_0 like Mac OS X) AppleWebKit/536.26 (KHTML, like Gecko) Version/6.0 Mobile/10A5376e Safari/8536.25 (compatible; Googlebot/2.1; +http://www.google.com/bot.html)"
66.249.79.8 - - [20/Apr/2015:03:34:57 +0200] "GET / HTTP/1.1" 200 15920 "-" "Mozilla/5.0 (compatible; Googlebot/2.1; +http://www.google.com/bot.html)"
66.249.79.17 - - [20/Apr/2015:03:37:57 +0200] "GET /lexikon.php HTTP/1.1" 200 11466 "-" "Mozilla/5.0 (compatible; Googlebot/2.1; +http://www.google.com/bot.html)"
66.249.79.23 - - [20/Apr/2015:03:40:57 +0200] "GET /news.php?cs_go=archiv&cs_id=3925 HTTP/1.1" 200 11477 "-" "Mozilla/5.0 (iPhone; CPU iPhone OS 6_0 like Mac OS X) AppleWebKit/536.26 (KHTML, like Gecko) Version/6.0 Mobile/10A5376e Safari/8536.25 (compatible; Googlebot/2.1; +http://www.google.com/bot.html)"
66.249.79.36 - - [20/Apr/2015:03:43:57 +0200] "GET /news.php?cs_go=archiv&cs_id=5151 HTTP/1.1" 200 11477 "-" "Mozilla/5.0 (compatible; Googlebot/2.1; +http://www.google.com/bot.html)"
66.249.79.16 - - [20/Apr/2015:03:52:57 +0200] "GET /js/slider.js HTTP/1.1" 200 773 "-" "Mozilla/5.0 (compatible; Googlebot/2.1; +http://www.google.com/bot.html)"
66.249.79.24 - - [20/Apr/2015:03:52:58 +0200] "GET /js/ddaccordion.js HTTP/1.1" 200 12534 "-" "Mozilla/5.0 (compatible; Googlebot/2.1; +http://www.google.com/bot.html)"
66.249.79.8 - - [20/Apr/2015:03:46:57 +0200] "GET / HTTP/1.1" 200 15920 "-" "Mozilla/5.0 (compatible; Googlebot/2.1; +http://www.google.com/bot.html)"
66.249.79.1 - - [20/Apr/2015:03:49:57 +0200] "GET /lexikon.php HTTP/1.1" 200 11466 "-" "Mozilla/5.0 (compatible; Googlebot/2.1; +http://www.google.com/bot.html)"
66.249.79.31 - - [20/Apr/2015:03:53:00 +0200] "GET /kwk.php HTTP/1.1" 200 11474 "-" "Mozilla/5.0 (iPhone; CPU iPhone OS 6_0 like Mac OS X) AppleWebKit/536.26 (KHTML, like Gecko) Version/6.0 Mobile/10A5376e Safari/8536.25 (compatible; Googlebot/2.1; +http://www.google.com/bot.html)"
66.249.79.31 - - [20/Apr/2015:03:54:37 +0200] "GET /news.php?cs_go=archiv&cs_id=3925 HTTP/1.1" 200 11477 "-" "Mozilla/5.0 (iPhone; CPU iPhone OS 6_0 like Mac OS X) AppleWebKit/536.26 (KHTML, like Gecko) Version/6.0 Mobile/10A5376e Safari/8536.25 (compatible; Googlebot/2.1; +http://www.google.com/bot.html)"
66.249.79.36 - - [20/Apr/2015:03:57:37 +0200] "GET /news.php?cs_go=archiv&cs_id=5151 HTTP/1.1" 200 11477 "-" "Mozilla/5.0 (compatible; Googlebot/2.1; +http://www.google.com/bot.html)"
66.249.79.9 - - [20/Apr/2015:04:00:38 +0200] "GET /lexikon.php HTTP/1.1" 200 11466 "-" "Mozilla/5.0 (compatible; Googlebot/2.1; +http://www.google.com/bot.html)"
66.249.79.23 - - [20/Apr/2015:04:03:38 +0200] "GET /kwk.php HTTP/1.1" 200 11474 "-" "Mozilla/5.0 (iPhone; CPU iPhone OS 6_0 like Mac OS X) AppleWebKit/536.26 (KHTML, like Gecko) Version/6.0 Mobile/10A5376e Safari/8536.25 (compatible; Googlebot/2.1; +http://www.google.com/bot.html)"
66.249.79.20 - - [20/Apr/2015:04:06:39 +0200] "GET /edl.php HTTP/1.1" 200 11816 "-" "Mozilla/5.0 (iPhone; CPU iPhone OS 6_0 like Mac OS X) AppleWebKit/536.26 (KHTML, like Gecko) Version/6.0 Mobile/10A5376e Safari/8536.25 (compatible; Googlebot/2.1; +http://www.google.com/bot.html)"
66.249.79.28 - - [20/Apr/2015:04:09:39 +0200] "GET /news.php?cs_go=archiv&cs_id=5151 HTTP/1.1" 200 11477 "-" "Mozilla/5.0 (compatible; Googlebot/2.1; +http://www.google.com/bot.html)"
66.249.79.28 - - [20/Apr/2015:04:13:26 +0200] "GET /edl.php HTTP/1.1" 200 11816 "-" "Mozilla/5.0 (iPhone; CPU iPhone OS 6_0 like Mac OS X) AppleWebKit/536.26 (KHTML, like Gecko) Version/6.0 Mobile/10A5376e Safari/8536.25 (compatible; Googlebot/2.1; +http://www.google.com/bot.html)"
66.249.79.31 - - [20/Apr/2015:04:19:24 +0200] "GET /news.php?cs_go=archiv&cs_id=2712 HTTP/1.1" 200 11477 "-" "Mozilla/5.0 (compatible; Googlebot/2.1; +http://www.google.com/bot.html)"
66.249.79.20 - - [20/Apr/2015:04:22:24 +0200] "GET /edl.php HTTP/1.1" 200 11816 "-" "Mozilla/5.0 (iPhone; CPU iPhone OS 6_0 like Mac OS X) AppleWebKit/536.26 (KHTML, like Gecko) Version/6.0 Mobile/10A5376e Safari/8536.25 (compatible; Googlebot/2.1; +http://www.google.com/bot.html)"
66.249.79.23 - - [20/Apr/2015:04:25:24 +0200] "GET /news.php?cs_go=archiv&cs_id=3579 HTTP/1.1" 200 11477 "-" "Mozilla/5.0 (compatible; Googlebot/2.1; +http://www.google.com/bot.html)"
66.249.79.152 - - [20/Apr/2015:04:31:25 +0200] "GET /preisanfrage.php HTTP/1.1" 200 11493 "-" "Mozilla/5.0 (iPhone; CPU iPhone OS 6_0 like Mac OS X) AppleWebKit/536.26 (KHTML, like Gecko) Version/6.0 Mobile/10A5376e Safari/8536.25 (compatible; Googlebot/2.1; +http://www.google.com/bot.html)"
66.249.79.15 - - [20/Apr/2015:04:28:25 +0200] "GET /news.php?cs_go=archiv&cs_id=2712 HTTP/1.1" 200 11477 "-" "Mozilla/5.0 (compatible; Googlebot/2.1; +http://www.google.com/bot.html)"
66.249.79.23 - - [20/Apr/2015:04:34:25 +0200] "GET /news.php?cs_go=archiv&cs_id=4072&cs_search= HTTP/1.1" 200 11477 "-" "Mozilla/5.0 (compatible; Googlebot/2.1; +http://www.google.com/bot.html)"
66.249.79.136 - - [20/Apr/2015:04:40:25 +0200] "GET /preisanfrage.php HTTP/1.1" 200 11493 "-" "Mozilla/5.0 (iPhone; CPU iPhone OS 6_0 like Mac OS X) AppleWebKit/536.26 (KHTML, like Gecko) Version/6.0 Mobile/10A5376e Safari/8536.25 (compatible; Googlebot/2.1; +http://www.google.com/bot.html)"
66.249.79.15 - - [20/Apr/2015:04:37:25 +0200] "GET /news.php?cs_go=archiv&cs_id=3579 HTTP/1.1" 200 11477 "-" "Mozilla/5.0 (compatible; Googlebot/2.1; +http://www.google.com/bot.html)"
66.249.79.15 - - [20/Apr/2015:04:43:25 +0200] "GET /news.php?cs_go=archiv&cs_id=2712 HTTP/1.1" 200 11477 "-" "Mozilla/5.0 (compatible; Googlebot/2.1; +http://www.google.com/bot.html)"
66.249.79.152 - - [20/Apr/2015:04:49:26 +0200] "GET /preisanfrage.php HTTP/1.1" 200 11493 "-" "Mozilla/5.0 (iPhone; CPU iPhone OS 6_0 like Mac OS X) AppleWebKit/536.26 (KHTML, like Gecko) Version/6.0 Mobile/10A5376e Safari/8536.25 (compatible; Googlebot/2.1; +http://www.google.com/bot.html)"
66.249.79.31 - - [20/Apr/2015:04:46:26 +0200] "GET /news.php?cs_go=archiv&cs_id=4072&cs_search= HTTP/1.1" 200 11477 "-" "Mozilla/5.0 (compatible; Googlebot/2.1; +http://www.google.com/bot.html)"
66.249.79.31 - - [20/Apr/2015:04:52:26 +0200] "GET /news.php?cs_go=archiv&cs_id=3579 HTTP/1.1" 200 11477 "-" "Mozilla/5.0 (compatible; Googlebot/2.1; +http://www.google.com/bot.html)"
66.249.79.23 - - [20/Apr/2015:04:55:27 +0200] "GET /news.php?cs_go=archiv&cs_id=4072&cs_search= HTTP/1.1" 200 11477 "-" "Mozilla/5.0 (compatible; Googlebot/2.1; +http://www.google.com/bot.html)"
66.249.79.136 - - [20/Apr/2015:05:01:55 +0200] "GET /modul.css HTTP/1.1" 200 36485 "-" "Mozilla/5.0 (compatible; Googlebot/2.1; +http://www.google.com/bot.html)"
66.249.79.136 - - [20/Apr/2015:05:01:56 +0200] "GET /js/slider.js HTTP/1.1" 200 773 "-" "Mozilla/5.0 (compatible; Googlebot/2.1; +http://www.google.com/bot.html)"
66.249.79.152 - - [20/Apr/2015:05:01:57 +0200] "GET /js/jquery.min.js HTTP/1.1" 200 57254 "-" "Mozilla/5.0 (compatible; Googlebot/2.1; +http://www.google.com/bot.html)"
66.249.79.152 - - [20/Apr/2015:05:01:58 +0200] "GET /js/ddaccordion.js HTTP/1.1" 200 12534 "-" "Mozilla/5.0 (compatible; Googlebot/2.1; +http://www.google.com/bot.html)"
66.249.79.152 - - [20/Apr/2015:05:01:58 +0200] "GET /style.css HTTP/1.1" 200 8056 "-" "Mozilla/5.0 (compatible; Googlebot/2.1; +http://www.google.com/bot.html)"
66.249.79.89 - - [20/Apr/2015:05:02:08 +0200] "GET /robots.txt HTTP/1.1" 404 1256 "-" "Mozilla/5.0 (compatible; Googlebot/2.1; +http://www.google.com/bot.html)"
66.249.79.89 - - [20/Apr/2015:05:02:08 +0200] "GET /news.php?cs_go=archiv&cs_id=4917 HTTP/1.1" 200 11477 "-" "Mozilla/5.0 (compatible; Googlebot/2.1; +http://www.google.com/bot.html)"
66.249.79.89 - - [20/Apr/2015:05:05:39 +0200] "GET / HTTP/1.1" 200 15920 "-" "Mozilla/5.0 (compatible; Googlebot/2.1; +http://www.google.com/bot.html)"
66.249.79.89 - - [20/Apr/2015:05:08:39 +0200] "GET /news.php?cs_go=archiv&cs_id=4917 HTTP/1.1" 200 11477 "-" "Mozilla/5.0 (compatible; Googlebot/2.1; +http://www.google.com/bot.html)"
66.249.79.105 - - [20/Apr/2015:05:11:45 +0200] "GET / HTTP/1.1" 200 15920 "-" "Mozilla/5.0 (compatible; Googlebot/2.1; +http://www.google.com/bot.html)"
66.249.79.15 - - [20/Apr/2015:05:14:45 +0200] "GET /news.php?cs_go=archiv&cs_id=4729 HTTP/1.1" 200 11477 "-" "Mozilla/5.0 (compatible; Googlebot/2.1; +http://www.google.com/bot.html)"
66.249.79.89 - - [20/Apr/2015:05:23:54 +0200] "GET /js/slider.js HTTP/1.1" 200 773 "-" "Mozilla/5.0 (compatible; Googlebot/2.1; +http://www.google.com/bot.html)"
66.249.79.97 - - [20/Apr/2015:05:24:02 +0200] "GET /style.css HTTP/1.1" 200 8056 "-" "Mozilla/5.0 (compatible; Googlebot/2.1; +http://www.google.com/bot.html)"
66.249.79.105 - - [20/Apr/2015:05:17:45 +0200] "GET /news.php?cs_go=archiv&cs_id=4917 HTTP/1.1" 200 11477 "-" "Mozilla/5.0 (compatible; Googlebot/2.1; +http://www.google.com/bot.html)"
66.249.79.97 - - [20/Apr/2015:05:24:11 +0200] "GET /modul.css HTTP/1.1" 200 36485 "-" "Mozilla/5.0 (compatible; Googlebot/2.1; +http://www.google.com/bot.html)"
66.249.79.97 - - [20/Apr/2015:05:24:27 +0200] "GET /js/jquery.min.js HTTP/1.1" 200 57254 "-" "Mozilla/5.0 (compatible; Googlebot/2.1; +http://www.google.com/bot.html)"
66.249.79.105 - - [20/Apr/2015:05:24:52 +0200] "GET /js/ddaccordion.js HTTP/1.1" 200 12534 "http://www.essodiesel.de/" "Mozilla/5.0 (compatible; Googlebot/2.1; +http://www.google.com/bot.html)"
66.249.79.89 - - [20/Apr/2015:05:20:45 +0200] "GET / HTTP/1.1" 200 15920 "-" "Mozilla/5.0 (compatible; Googlebot/2.1; +http://www.google.com/bot.html)"
66.249.79.23 - - [20/Apr/2015:05:25:08 +0200] "GET /news.php?cs_go=archiv&cs_id=5191&cs_search= HTTP/1.1" 200 11477 "-" "Mozilla/5.0 (compatible; Googlebot/2.1; +http://www.google.com/bot.html)"
66.249.79.31 - - [20/Apr/2015:05:28:09 +0200] "GET /news.php?cs_go=archiv&cs_id=4729 HTTP/1.1" 200 11477 "-" "Mozilla/5.0 (compatible; Googlebot/2.1; +http://www.google.com/bot.html)"
66.249.79.15 - - [20/Apr/2015:05:31:43 +0200] "GET /news.php?cs_go=archiv&cs_id=5191&cs_search= HTTP/1.1" 200 11477 "-" "Mozilla/5.0 (compatible; Googlebot/2.1; +http://www.google.com/bot.html)"
66.249.79.31 - - [20/Apr/2015:05:38:18 +0200] "GET /robots.txt HTTP/1.1" 404 1256 "-" "Mozilla/5.0 (compatible; Googlebot/2.1; +http://www.google.com/bot.html)"
66.249.79.23 - - [20/Apr/2015:05:34:44 +0200] "GET /news.php?cs_go=archiv&cs_id=4729 HTTP/1.1" 200 11477 "-" "Mozilla/5.0 (compatible; Googlebot/2.1; +http://www.google.com/bot.html)"
66.249.79.15 - - [20/Apr/2015:05:38:18 +0200] "GET /news.php?cs_go=archiv&cs_id=5191&cs_search= HTTP/1.1" 200 11477 "-" "Mozilla/5.0 (compatible; Googlebot/2.1; +http://www.google.com/bot.html)"
66.249.79.15 - - [20/Apr/2015:06:36:11 +0200] "GET /news.php?cs_go=archiv&cs_id=3811 HTTP/1.1" 200 11477 "-" "Mozilla/5.0 (compatible; Googlebot/2.1; +http://www.google.com/bot.html)"
123.125.71.18 - - [20/Apr/2015:06:40:07 +0200] "GET / HTTP/1.1" 200 9656 "-" "Mozilla/5.0 (Windows NT 5.1; rv:6.0.2) Gecko/20100101 Firefox/6.0.2"
171.13.14.147 - - [20/Apr/2015:06:40:07 +0200] "GET / HTTP/1.1" 200 9656 "http://www.esso-berlin.de/" "Mozilla/4.0 (compatible; MSIE 8.0; Windows NT 6.1; Trident/4.0; SLCC2; .NET CLR 2.0.50727; .NET CLR 3.5.30729; .NET CLR 3.0.30729; Media Center PC 6.0; Tablet PC 2.0)"
220.181.132.220 - - [20/Apr/2015:06:39:33 +0200] "GET / HTTP/1.1" 200 15920 "http://www.esso-berlin.de/" "Mozilla/4.0 (compatible; MSIE 8.0; Windows NT 6.1; Trident/4.0; SLCC2; .NET CLR 2.0.50727; .NET CLR 3.5.30729; .NET CLR 3.0.30729; Media Center PC 6.0; Tablet PC 2.0)"
171.13.14.132 - - [20/Apr/2015:06:39:47 +0200] "GET / HTTP/1.1" 200 15920 "http://www.esso-berlin.de/" "Mozilla/4.0 (compatible; MSIE 8.0; Windows NT 6.1; Trident/4.0; SLCC2; .NET CLR 2.0.50727; .NET CLR 3.5.30729; .NET CLR 3.0.30729; Media Center PC 6.0; Tablet PC 2.0)"
66.249.79.23 - - [20/Apr/2015:06:42:34 +0200] "GET /news.php?cs_go=archiv&cs_id=3811 HTTP/1.1" 200 11477 "-" "Mozilla/5.0 (compatible; Googlebot/2.1; +http://www.google.com/bot.html)"
66.249.79.15 - - [20/Apr/2015:06:48:36 +0200] "GET /news.php?cs_go=archiv&cs_id=3811 HTTP/1.1" 200 11477 "-" "Mozilla/5.0 (compatible; Googlebot/2.1; +http://www.google.com/bot.html)"
108.59.8.70 - - [20/Apr/2015:07:00:30 +0200] "GET /robots.txt HTTP/1.0" 404 1256 "-" "Mozilla/5.0 (compatible; MJ12bot/v1.4.5; http://www.majestic12.co.uk/bot.php?+)"
78.46.50.246 - - [20/Apr/2015:07:05:02 +0200] "GET /robots.txt HTTP/1.0" 404 1256 "-" "Mozilla/5.0 (compatible; MJ12bot/v1.4.5; http://www.majestic12.co.uk/bot.php?+)"
108.59.8.70 - - [20/Apr/2015:07:00:31 +0200] "GET / HTTP/1.0" 200 16125 "-" "Mozilla/5.0 (compatible; MJ12bot/v1.4.5; http://www.majestic12.co.uk/bot.php?+)"
78.46.50.246 - - [20/Apr/2015:07:05:04 +0200] "GET /lexikon.php?cs_go=3&cs_id=149 HTTP/1.0" 200 11466 "-" "Mozilla/5.0 (compatible; MJ12bot/v1.4.5; http://www.majestic12.co.uk/bot.php?+)"
78.46.50.246 - - [20/Apr/2015:07:05:47 +0200] "GET /news.php?cs_go=archiv&cs_id=5298&cs_search= HTTP/1.0" 200 11477 "-" "Mozilla/5.0 (compatible; MJ12bot/v1.4.5; http://www.majestic12.co.uk/bot.php?+)"
78.46.50.246 - - [20/Apr/2015:07:06:30 +0200] "GET /news.php?cs_go=archiv&cs_id=5299&cs_search= HTTP/1.0" 200 11477 "-" "Mozilla/5.0 (compatible; MJ12bot/v1.4.5; http://www.majestic12.co.uk/bot.php?+)"
78.46.50.246 - - [20/Apr/2015:07:07:13 +0200] "GET /news.php?cs_go=archiv&cs_id=5301&cs_search= HTTP/1.0" 200 11477 "-" "Mozilla/5.0 (compatible; MJ12bot/v1.4.5; http://www.majestic12.co.uk/bot.php?+)"
78.46.50.246 - - [20/Apr/2015:07:08:00 +0200] "GET /news.php?cs_go=archiv&cs_id=5303&cs_search= HTTP/1.0" 200 11477 "-" "Mozilla/5.0 (compatible; MJ12bot/v1.4.5; http://www.majestic12.co.uk/bot.php?+)"
78.46.50.246 - - [20/Apr/2015:07:08:44 +0200] "GET /news.php?cs_go=archiv&cs_id=5304&cs_search= HTTP/1.0" 200 11477 "-" "Mozilla/5.0 (compatible; MJ12bot/v1.4.5; http://www.majestic12.co.uk/bot.php?+)"
78.46.50.246 - - [20/Apr/2015:07:09:26 +0200] "GET /news.php?cs_go=archiv&cs_id=5305&cs_search= HTTP/1.0" 200 11477 "-" "Mozilla/5.0 (compatible; MJ12bot/v1.4.5; http://www.majestic12.co.uk/bot.php?+)"
78.46.50.246 - - [20/Apr/2015:07:10:09 +0200] "GET /news.php?cs_go=archiv&cs_id=5306&cs_search= HTTP/1.0" 200 11477 "-" "Mozilla/5.0 (compatible; MJ12bot/v1.4.5; http://www.majestic12.co.uk/bot.php?+)"
78.46.50.246 - - [20/Apr/2015:07:10:52 +0200] "GET /news.php?cs_go=archiv&cs_id=5307&cs_search= HTTP/1.0" 200 11477 "-" "Mozilla/5.0 (compatible; MJ12bot/v1.4.5; http://www.majestic12.co.uk/bot.php?+)"
78.46.50.246 - - [20/Apr/2015:07:11:34 +0200] "GET /news.php?cs_go=archiv&cs_id=5308&cs_search= HTTP/1.0" 200 11477 "-" "Mozilla/5.0 (compatible; MJ12bot/v1.4.5; http://www.majestic12.co.uk/bot.php?+)"
78.46.50.246 - - [20/Apr/2015:07:12:17 +0200] "GET /news.php?cs_go=archiv&cs_id=5310&cs_search= HTTP/1.0" 200 11477 "-" "Mozilla/5.0 (compatible; MJ12bot/v1.4.5; http://www.majestic12.co.uk/bot.php?+)"
78.46.50.246 - - [20/Apr/2015:07:12:59 +0200] "GET /news.php?cs_go=archiv&cs_id=5311&cs_search= HTTP/1.0" 200 11477 "-" "Mozilla/5.0 (compatible; MJ12bot/v1.4.5; http://www.majestic12.co.uk/bot.php?+)"
78.46.50.246 - - [20/Apr/2015:07:13:42 +0200] "GET /news.php?cs_go=archiv&cs_id=5312&cs_search= HTTP/1.0" 200 11477 "-" "Mozilla/5.0 (compatible; MJ12bot/v1.4.5; http://www.majestic12.co.uk/bot.php?+)"
78.46.50.246 - - [20/Apr/2015:07:14:25 +0200] "GET /news.php?cs_go=archiv&cs_id=5313&cs_search= HTTP/1.0" 200 11477 "-" "Mozilla/5.0 (compatible; MJ12bot/v1.4.5; http://www.majestic12.co.uk/bot.php?+)"
78.46.50.246 - - [20/Apr/2015:07:15:10 +0200] "GET /news.php?cs_go=archiv&cs_id=5315&cs_search= HTTP/1.0" 200 11477 "-" "Mozilla/5.0 (compatible; MJ12bot/v1.4.5; http://www.majestic12.co.uk/bot.php?+)"
78.46.50.246 - - [20/Apr/2015:07:16:04 +0200] "GET /news.php?cs_go=archiv&cs_id=5317&cs_search= HTTP/1.0" 200 11477 "-" "Mozilla/5.0 (compatible; MJ12bot/v1.4.5; http://www.majestic12.co.uk/bot.php?+)"
78.46.50.246 - - [20/Apr/2015:07:16:48 +0200] "GET /news.php?cs_go=archiv&cs_id=5318&cs_search= HTTP/1.0" 200 11477 "-" "Mozilla/5.0 (compatible; MJ12bot/v1.4.5; http://www.majestic12.co.uk/bot.php?+)"
78.46.50.246 - - [20/Apr/2015:07:17:30 +0200] "GET /news.php?cs_go=archiv&cs_id=5319&cs_search= HTTP/1.0" 200 11477 "-" "Mozilla/5.0 (compatible; MJ12bot/v1.4.5; http://www.majestic12.co.uk/bot.php?+)"
78.46.50.246 - - [20/Apr/2015:07:18:14 +0200] "GET /news.php?cs_go=archiv&cs_id=5320&cs_search= HTTP/1.0" 200 11477 "-" "Mozilla/5.0 (compatible; MJ12bot/v1.4.5; http://www.majestic12.co.uk/bot.php?+)"
78.46.50.246 - - [20/Apr/2015:07:18:56 +0200] "GET /news.php?cs_go=archiv&cs_id=5321&cs_search= HTTP/1.0" 200 11477 "-" "Mozilla/5.0 (compatible; MJ12bot/v1.4.5; http://www.majestic12.co.uk/bot.php?+)"
78.46.50.246 - - [20/Apr/2015:07:19:42 +0200] "GET /news.php?cs_go=archiv&cs_id=5323&cs_search= HTTP/1.0" 200 11477 "-" "Mozilla/5.0 (compatible; MJ12bot/v1.4.5; http://www.majestic12.co.uk/bot.php?+)"
78.46.50.246 - - [20/Apr/2015:07:20:26 +0200] "GET /news.php?cs_go=archiv&cs_id=5324&cs_search= HTTP/1.0" 200 11477 "-" "Mozilla/5.0 (compatible; MJ12bot/v1.4.5; http://www.majestic12.co.uk/bot.php?+)"
78.46.50.246 - - [20/Apr/2015:07:21:08 +0200] "GET /news.php?cs_go=archiv&cs_id=5325&cs_search= HTTP/1.0" 200 11477 "-" "Mozilla/5.0 (compatible; MJ12bot/v1.4.5; http://www.majestic12.co.uk/bot.php?+)"
66.249.79.15 - - [20/Apr/2015:07:21:13 +0200] "GET /kwk.php HTTP/1.1" 200 11474 "-" "Mozilla/5.0 (iPhone; CPU iPhone OS 6_0 like Mac OS X) AppleWebKit/536.26 (KHTML, like Gecko) Version/6.0 Mobile/10A5376e Safari/8536.25 (compatible; Googlebot/2.1; +http://www.google.com/bot.html)"
78.46.50.246 - - [20/Apr/2015:07:21:50 +0200] "GET /news.php?cs_go=archiv&cs_id=5328&cs_search= HTTP/1.0" 200 11477 "-" "Mozilla/5.0 (compatible; MJ12bot/v1.4.5; http://www.majestic12.co.uk/bot.php?+)"
78.46.50.246 - - [20/Apr/2015:07:22:45 +0200] "GET /news.php?cs_go=archiv&cs_id=5329&cs_search= HTTP/1.0" 200 11477 "-" "Mozilla/5.0 (compatible; MJ12bot/v1.4.5; http://www.majestic12.co.uk/bot.php?+)"
78.46.50.246 - - [20/Apr/2015:07:23:37 +0200] "GET /news.php?cs_go=archiv&cs_id=5332&cs_search= HTTP/1.0" 200 11477 "-" "Mozilla/5.0 (compatible; MJ12bot/v1.4.5; http://www.majestic12.co.uk/bot.php?+)"
78.46.50.246 - - [20/Apr/2015:07:24:31 +0200] "GET /news.php?cs_go=archiv&cs_id=5334&cs_search= HTTP/1.0" 200 11477 "-" "Mozilla/5.0 (compatible; MJ12bot/v1.4.5; http://www.majestic12.co.uk/bot.php?+)"
78.46.50.246 - - [20/Apr/2015:07:25:25 +0200] "GET /news.php?cs_go=archiv&cs_id=5335&cs_search= HTTP/1.0" 200 11477 "-" "Mozilla/5.0 (compatible; MJ12bot/v1.4.5; http://www.majestic12.co.uk/bot.php?+)"
78.46.50.246 - - [20/Apr/2015:07:26:17 +0200] "GET /news.php?cs_go=archiv&cs_id=5336&cs_search= HTTP/1.0" 200 11477 "-" "Mozilla/5.0 (compatible; MJ12bot/v1.4.5; http://www.majestic12.co.uk/bot.php?+)"
66.249.79.15 - - [20/Apr/2015:07:26:42 +0200] "GET /news.php?cs_go=archiv&cs_id=4729&cs_search= HTTP/1.1" 200 11477 "-" "Mozilla/5.0 (compatible; Googlebot/2.1; +http://www.google.com/bot.html)"
78.46.50.246 - - [20/Apr/2015:07:27:00 +0200] "GET /news.php?cs_go=archiv&cs_id=5337&cs_search= HTTP/1.0" 200 11477 "-" "Mozilla/5.0 (compatible; MJ12bot/v1.4.5; http://www.majestic12.co.uk/bot.php?+)"
78.46.50.246 - - [20/Apr/2015:07:27:42 +0200] "GET /news.php?cs_go=archiv&cs_id=5338&cs_search= HTTP/1.0" 200 11477 "-" "Mozilla/5.0 (compatible; MJ12bot/v1.4.5; http://www.majestic12.co.uk/bot.php?+)"
78.46.50.246 - - [20/Apr/2015:07:28:24 +0200] "GET /news.php?cs_go=archiv&cs_id=5339&cs_search= HTTP/1.0" 200 11477 "-" "Mozilla/5.0 (compatible; MJ12bot/v1.4.5; http://www.majestic12.co.uk/bot.php?+)"
78.46.50.246 - - [20/Apr/2015:07:29:07 +0200] "GET /news.php?cs_go=archiv&cs_id=5340&cs_search= HTTP/1.0" 200 11477 "-" "Mozilla/5.0 (compatible; MJ12bot/v1.4.5; http://www.majestic12.co.uk/bot.php?+)"
66.249.79.23 - - [20/Apr/2015:07:29:42 +0200] "GET /kwk.php HTTP/1.1" 200 11474 "-" "Mozilla/5.0 (iPhone; CPU iPhone OS 6_0 like Mac OS X) AppleWebKit/536.26 (KHTML, like Gecko) Version/6.0 Mobile/10A5376e Safari/8536.25 (compatible; Googlebot/2.1; +http://www.google.com/bot.html)"
78.46.50.246 - - [20/Apr/2015:07:29:50 +0200] "GET /news.php?cs_go=archiv&cs_id=5341&cs_search= HTTP/1.0" 200 11477 "-" "Mozilla/5.0 (compatible; MJ12bot/v1.4.5; http://www.majestic12.co.uk/bot.php?+)"
78.46.50.246 - - [20/Apr/2015:07:30:33 +0200] "GET /news.php?cs_go=archiv&cs_id=5343&cs_search= HTTP/1.0" 200 11477 "-" "Mozilla/5.0 (compatible; MJ12bot/v1.4.5; http://www.majestic12.co.uk/bot.php?+)"
78.46.50.246 - - [20/Apr/2015:07:31:16 +0200] "GET /news.php?cs_go=archiv&cs_id=5344&cs_search= HTTP/1.0" 200 11477 "-" "Mozilla/5.0 (compatible; MJ12bot/v1.4.5; http://www.majestic12.co.uk/bot.php?+)"
78.46.50.246 - - [20/Apr/2015:07:31:59 +0200] "GET /news.php?cs_go=archiv&cs_id=5346&cs_search= HTTP/1.0" 200 11477 "-" "Mozilla/5.0 (compatible; MJ12bot/v1.4.5; http://www.majestic12.co.uk/bot.php?+)"
78.46.50.246 - - [20/Apr/2015:07:32:41 +0200] "GET /news.php?cs_go=archiv&cs_id=5347&cs_search= HTTP/1.0" 200 11477 "-" "Mozilla/5.0 (compatible; MJ12bot/v1.4.5; http://www.majestic12.co.uk/bot.php?+)"
66.249.79.15 - - [20/Apr/2015:07:33:14 +0200] "GET /news.php?cs_go=archiv&cs_id=4729&cs_search= HTTP/1.1" 200 11477 "-" "Mozilla/5.0 (compatible; Googlebot/2.1; +http://www.google.com/bot.html)"
78.46.50.246 - - [20/Apr/2015:07:33:24 +0200] "GET /news.php?cs_go=archiv&cs_id=5349&cs_search= HTTP/1.0" 200 11477 "-" "Mozilla/5.0 (compatible; MJ12bot/v1.4.5; http://www.majestic12.co.uk/bot.php?+)"
78.46.50.246 - - [20/Apr/2015:07:34:07 +0200] "GET /news.php?cs_go=archiv&cs_id=5350&cs_search= HTTP/1.0" 200 11477 "-" "Mozilla/5.0 (compatible; MJ12bot/v1.4.5; http://www.majestic12.co.uk/bot.php?+)"
78.46.50.246 - - [20/Apr/2015:07:34:50 +0200] "GET /news.php?cs_go=archiv&cs_id=5351&cs_search= HTTP/1.0" 200 11477 "-" "Mozilla/5.0 (compatible; MJ12bot/v1.4.5; http://www.majestic12.co.uk/bot.php?+)"
78.46.50.246 - - [20/Apr/2015:07:35:11 +0200] "GET /news.php?cs_go=archiv&cs_id=5352&cs_search= HTTP/1.0" 200 11477 "-" "Mozilla/5.0 (compatible; MJ12bot/v1.4.5; http://www.majestic12.co.uk/bot.php?+)"
78.46.50.246 - - [20/Apr/2015:07:35:34 +0200] "GET /news.php?cs_go=archiv&cs_id=5353&cs_search= HTTP/1.0" 200 11477 "-" "Mozilla/5.0 (compatible; MJ12bot/v1.4.5; http://www.majestic12.co.uk/bot.php?+)"
78.46.50.246 - - [20/Apr/2015:07:35:56 +0200] "GET /news.php?cs_go=archiv&cs_startpos=111 HTTP/1.0" 200 11477 "-" "Mozilla/5.0 (compatible; MJ12bot/v1.4.5; http://www.majestic12.co.uk/bot.php?+)"
66.249.79.23 - - [20/Apr/2015:07:36:14 +0200] "GET /news.php?cs_go=archiv&cs_id=4876 HTTP/1.1" 200 11477 "-" "Mozilla/5.0 (compatible; Googlebot/2.1; +http://www.google.com/bot.html)"
66.249.79.31 - - [20/Apr/2015:07:39:14 +0200] "GET /kwk.php HTTP/1.1" 200 11474 "-" "Mozilla/5.0 (iPhone; CPU iPhone OS 6_0 like Mac OS X) AppleWebKit/536.26 (KHTML, like Gecko) Version/6.0 Mobile/10A5376e Safari/8536.25 (compatible; Googlebot/2.1; +http://www.google.com/bot.html)"
83.149.126.98 - - [20/Apr/2015:07:45:57 +0200] "GET /robots.txt HTTP/1.0" 404 1256 "-" "Mozilla/5.0 (compatible; MJ12bot/v1.4.5; http://www.majestic12.co.uk/bot.php?+)"
66.249.79.15 - - [20/Apr/2015:07:42:14 +0200] "GET /news.php?cs_go=archiv&cs_id=4729&cs_search= HTTP/1.1" 200 11477 "-" "Mozilla/5.0 (compatible; Googlebot/2.1; +http://www.google.com/bot.html)"
66.249.79.15 - - [20/Apr/2015:07:45:15 +0200] "GET /news.php?cs_go=archiv&cs_id=4876 HTTP/1.1" 200 11477 "-" "Mozilla/5.0 (compatible; Googlebot/2.1; +http://www.google.com/bot.html)"
83.149.126.98 - - [20/Apr/2015:07:45:59 +0200] "GET /faq.php HTTP/1.0" 200 11681 "-" "Mozilla/5.0 (compatible; MJ12bot/v1.4.5; http://www.majestic12.co.uk/bot.php?+)"
83.149.126.98 - - [20/Apr/2015:07:46:41 +0200] "GET /foerdermittel.php HTTP/1.0" 200 12029 "-" "Mozilla/5.0 (compatible; MJ12bot/v1.4.5; http://www.majestic12.co.uk/bot.php?+)"
66.249.79.23 - - [20/Apr/2015:07:51:07 +0200] "GET / HTTP/1.1" 200 15920 "-" "Mozilla/5.0 (compatible; Googlebot/2.1; +http://www.google.com/bot.html)"
66.249.79.23 - - [20/Apr/2015:07:54:07 +0200] "GET /news.php?cs_go=archiv&cs_id=4876 HTTP/1.1" 200 11477 "-" "Mozilla/5.0 (compatible; Googlebot/2.1; +http://www.google.com/bot.html)"
178.63.13.15 - - [20/Apr/2015:08:01:25 +0200] "GET /robots.txt HTTP/1.0" 404 1256 "-" "Mozilla/5.0 (compatible; MJ12bot/v1.4.5; http://www.majestic12.co.uk/bot.php?+)"
66.249.79.15 - - [20/Apr/2015:07:57:10 +0200] "GET / HTTP/1.1" 200 15920 "-" "Mozilla/5.0 (compatible; Googlebot/2.1; +http://www.google.com/bot.html)"
66.249.79.105 - - [20/Apr/2015:08:00:10 +0200] "GET /news.php?cs_go=archiv&cs_startpos=30 HTTP/1.1" 200 11477 "-" "Mozilla/5.0 (compatible; Googlebot/2.1; +http://www.google.com/bot.html)"
178.63.13.15 - - [20/Apr/2015:08:01:26 +0200] "GET /edl.php HTTP/1.0" 200 11816 "-" "Mozilla/5.0 (compatible; MJ12bot/v1.4.5; http://www.majestic12.co.uk/bot.php?+)"
66.249.79.31 - - [20/Apr/2015:08:03:14 +0200] "GET / HTTP/1.1" 200 15920 "-" "Mozilla/5.0 (compatible; Googlebot/2.1; +http://www.google.com/bot.html)"
66.249.79.31 - - [20/Apr/2015:08:06:14 +0200] "GET /news.php?cs_go=archiv&cs_id=3070 HTTP/1.1" 200 11477 "-" "Mozilla/5.0 (compatible; Googlebot/2.1; +http://www.google.com/bot.html)"
66.249.79.105 - - [20/Apr/2015:08:09:14 +0200] "GET /news.php?cs_go=archiv&cs_startpos=30 HTTP/1.1" 200 11477 "-" "Mozilla/5.0 (compatible; Googlebot/2.1; +http://www.google.com/bot.html)"
207.46.13.88 - - [20/Apr/2015:08:12:31 +0200] "GET / HTTP/1.1" 200 9656 "-" "Mozilla/5.0 (compatible; bingbot/2.0; +http://www.bing.com/bingbot.htm)"
207.46.13.88 - - [20/Apr/2015:08:13:11 +0200] "GET / HTTP/1.1" 200 9656 "-" "Mozilla/5.0 (compatible; bingbot/2.0; +http://www.bing.com/bingbot.htm)"
66.249.79.23 - - [20/Apr/2015:08:12:31 +0200] "GET /news.php?cs_go=archiv&cs_id=3070 HTTP/1.1" 200 11477 "-" "Mozilla/5.0 (compatible; Googlebot/2.1; +http://www.google.com/bot.html)"
66.249.79.89 - - [20/Apr/2015:08:15:34 +0200] "GET /news.php?cs_go=archiv&cs_startpos=30 HTTP/1.1" 200 11477 "-" "Mozilla/5.0 (compatible; Googlebot/2.1; +http://www.google.com/bot.html)"
66.249.79.31 - - [20/Apr/2015:08:18:50 +0200] "GET /news.php?cs_go=archiv&cs_id=3070 HTTP/1.1" 200 11477 "-" "Mozilla/5.0 (compatible; Googlebot/2.1; +http://www.google.com/bot.html)"
198.27.65.39 - - [20/Apr/2015:08:27:49 +0200] "GET /robots.txt HTTP/1.0" 404 1256 "-" "Mozilla/5.0 (compatible; MJ12bot/v1.4.5; http://www.majestic12.co.uk/bot.php?+)"
198.27.65.39 - - [20/Apr/2015:08:28:19 +0200] "GET /robots.txt HTTP/1.0" 404 1256 "-" "Mozilla/5.0 (compatible; MJ12bot/v1.4.5; http://www.majestic12.co.uk/bot.php?+)"
198.27.65.39 - - [20/Apr/2015:08:27:50 +0200] "GET /news.php?cs_go=archiv&cs_id=4461&cs_search= HTTP/1.0" 200 11477 "-" "Mozilla/5.0 (compatible; MJ12bot/v1.4.5; http://www.majestic12.co.uk/bot.php?+)"
198.27.65.39 - - [20/Apr/2015:08:28:20 +0200] "GET /news.php?cs_go=archiv&cs_id=5196 HTTP/1.0" 200 11477 "-" "Mozilla/5.0 (compatible; MJ12bot/v1.4.5; http://www.majestic12.co.uk/bot.php?+)"
198.27.65.39 - - [20/Apr/2015:08:28:33 +0200] "GET /news.php?cs_go=archiv&cs_id=4463&cs_search= HTTP/1.0" 200 11477 "-" "Mozilla/5.0 (compatible; MJ12bot/v1.4.5; http://www.majestic12.co.uk/bot.php?+)"
198.27.65.39 - - [20/Apr/2015:08:29:02 +0200] "GET /news.php?cs_go=archiv&cs_id=5197 HTTP/1.0" 200 11477 "-" "Mozilla/5.0 (compatible; MJ12bot/v1.4.5; http://www.majestic12.co.uk/bot.php?+)"
198.27.65.39 - - [20/Apr/2015:08:29:20 +0200] "GET /news.php?cs_go=archiv&cs_id=4464&cs_search= HTTP/1.0" 200 11477 "-" "Mozilla/5.0 (compatible; MJ12bot/v1.4.5; http://www.majestic12.co.uk/bot.php?+)"
198.27.65.39 - - [20/Apr/2015:08:29:46 +0200] "GET /news.php?cs_go=archiv&cs_id=5198 HTTP/1.0" 200 11477 "-" "Mozilla/5.0 (compatible; MJ12bot/v1.4.5; http://www.majestic12.co.uk/bot.php?+)"
198.27.65.39 - - [20/Apr/2015:08:30:04 +0200] "GET /news.php?cs_go=archiv&cs_id=4477&cs_search= HTTP/1.0" 200 11477 "-" "Mozilla/5.0 (compatible; MJ12bot/v1.4.5; http://www.majestic12.co.uk/bot.php?+)"
198.27.65.39 - - [20/Apr/2015:08:30:31 +0200] "GET /news.php?cs_go=archiv&cs_id=5200 HTTP/1.0" 200 11477 "-" "Mozilla/5.0 (compatible; MJ12bot/v1.4.5; http://www.majestic12.co.uk/bot.php?+)"
198.27.65.39 - - [20/Apr/2015:08:31:14 +0200] "GET /news.php?cs_go=archiv&cs_id=4478&cs_search= HTTP/1.0" 200 11477 "-" "Mozilla/5.0 (compatible; MJ12bot/v1.4.5; http://www.majestic12.co.uk/bot.php?+)"
198.27.65.39 - - [20/Apr/2015:08:31:16 +0200] "GET /news.php?cs_go=archiv&cs_id=5201 HTTP/1.0" 200 11477 "-" "Mozilla/5.0 (compatible; MJ12bot/v1.4.5; http://www.majestic12.co.uk/bot.php?+)"
198.27.65.39 - - [20/Apr/2015:08:31:58 +0200] "GET /news.php?cs_go=archiv&cs_id=4479&cs_search= HTTP/1.0" 200 11477 "-" "Mozilla/5.0 (compatible; MJ12bot/v1.4.5; http://www.majestic12.co.uk/bot.php?+)"
198.27.65.39 - - [20/Apr/2015:08:31:59 +0200] "GET /news.php?cs_go=archiv&cs_id=5202 HTTP/1.0" 200 11477 "-" "Mozilla/5.0 (compatible; MJ12bot/v1.4.5; http://www.majestic12.co.uk/bot.php?+)"
198.27.65.39 - - [20/Apr/2015:08:32:41 +0200] "GET /news.php?cs_go=archiv&cs_id=5203 HTTP/1.0" 200 11477 "-" "Mozilla/5.0 (compatible; MJ12bot/v1.4.5; http://www.majestic12.co.uk/bot.php?+)"
198.27.65.39 - - [20/Apr/2015:08:32:42 +0200] "GET /news.php?cs_go=archiv&cs_id=4480&cs_search= HTTP/1.0" 200 11477 "-" "Mozilla/5.0 (compatible; MJ12bot/v1.4.5; http://www.majestic12.co.uk/bot.php?+)"
198.27.65.39 - - [20/Apr/2015:08:33:26 +0200] "GET /news.php?cs_go=archiv&cs_id=4481&cs_search= HTTP/1.0" 200 11477 "-" "Mozilla/5.0 (compatible; MJ12bot/v1.4.5; http://www.majestic12.co.uk/bot.php?+)"
198.27.65.39 - - [20/Apr/2015:08:34:09 +0200] "GET /news.php?cs_go=archiv&cs_id=4482&cs_search= HTTP/1.0" 200 11477 "-" "Mozilla/5.0 (compatible; MJ12bot/v1.4.5; http://www.majestic12.co.uk/bot.php?+)"
198.27.65.39 - - [20/Apr/2015:08:34:51 +0200] "GET /news.php?cs_go=archiv&cs_id=4484&cs_search= HTTP/1.0" 200 11477 "-" "Mozilla/5.0 (compatible; MJ12bot/v1.4.5; http://www.majestic12.co.uk/bot.php?+)"
198.27.65.39 - - [20/Apr/2015:08:35:33 +0200] "GET /news.php?cs_go=archiv&cs_id=4485&cs_search= HTTP/1.0" 200 11477 "-" "Mozilla/5.0 (compatible; MJ12bot/v1.4.5; http://www.majestic12.co.uk/bot.php?+)"
198.27.65.39 - - [20/Apr/2015:08:36:15 +0200] "GET /news.php?cs_go=archiv&cs_id=4486&cs_search= HTTP/1.0" 200 11477 "-" "Mozilla/5.0 (compatible; MJ12bot/v1.4.5; http://www.majestic12.co.uk/bot.php?+)"
198.27.65.39 - - [20/Apr/2015:08:36:57 +0200] "GET /news.php?cs_go=archiv&cs_id=4487&cs_search= HTTP/1.0" 200 11477 "-" "Mozilla/5.0 (compatible; MJ12bot/v1.4.5; http://www.majestic12.co.uk/bot.php?+)"
198.27.65.39 - - [20/Apr/2015:08:37:39 +0200] "GET /news.php?cs_go=archiv&cs_id=4491&cs_search= HTTP/1.0" 200 11477 "-" "Mozilla/5.0 (compatible; MJ12bot/v1.4.5; http://www.majestic12.co.uk/bot.php?+)"
198.27.65.39 - - [20/Apr/2015:08:38:22 +0200] "GET /news.php?cs_go=archiv&cs_id=4493&cs_search= HTTP/1.0" 200 11477 "-" "Mozilla/5.0 (compatible; MJ12bot/v1.4.5; http://www.majestic12.co.uk/bot.php?+)"
198.27.65.39 - - [20/Apr/2015:08:39:04 +0200] "GET /news.php?cs_go=archiv&cs_id=4494&cs_search= HTTP/1.0" 200 11477 "-" "Mozilla/5.0 (compatible; MJ12bot/v1.4.5; http://www.majestic12.co.uk/bot.php?+)"
198.27.65.39 - - [20/Apr/2015:08:39:46 +0200] "GET /news.php?cs_go=archiv&cs_id=4495&cs_search= HTTP/1.0" 200 11477 "-" "Mozilla/5.0 (compatible; MJ12bot/v1.4.5; http://www.majestic12.co.uk/bot.php?+)"
198.27.65.39 - - [20/Apr/2015:08:40:28 +0200] "GET /news.php?cs_go=archiv&cs_id=4501&cs_search= HTTP/1.0" 200 11477 "-" "Mozilla/5.0 (compatible; MJ12bot/v1.4.5; http://www.majestic12.co.uk/bot.php?+)"
198.27.65.39 - - [20/Apr/2015:08:41:13 +0200] "GET /news.php?cs_go=archiv&cs_id=4502&cs_search= HTTP/1.0" 200 11477 "-" "Mozilla/5.0 (compatible; MJ12bot/v1.4.5; http://www.majestic12.co.uk/bot.php?+)"
198.27.65.39 - - [20/Apr/2015:08:41:56 +0200] "GET /news.php?cs_go=archiv&cs_id=4504&cs_search= HTTP/1.0" 200 11477 "-" "Mozilla/5.0 (compatible; MJ12bot/v1.4.5; http://www.majestic12.co.uk/bot.php?+)"
198.27.65.39 - - [20/Apr/2015:08:42:17 +0200] "GET /news.php?cs_go=archiv&cs_id=4549&cs_search= HTTP/1.0" 200 11477 "-" "Mozilla/5.0 (compatible; MJ12bot/v1.4.5; http://www.majestic12.co.uk/bot.php?+)"
198.27.65.39 - - [20/Apr/2015:08:42:39 +0200] "GET /news.php?cs_go=archiv&cs_id=4550&cs_search= HTTP/1.0" 200 11477 "-" "Mozilla/5.0 (compatible; MJ12bot/v1.4.5; http://www.majestic12.co.uk/bot.php?+)"
198.27.65.39 - - [20/Apr/2015:08:43:02 +0200] "GET /news.php?cs_go=archiv&cs_id=4551&cs_search= HTTP/1.0" 200 11477 "-" "Mozilla/5.0 (compatible; MJ12bot/v1.4.5; http://www.majestic12.co.uk/bot.php?+)"
