157.55.39.54 - - [14/Apr/2015:11:50:55 +0200] "GET /ec.php HTTP/1.1" 200 9194 "-" "Mozilla/5.0 (compatible; bingbot/2.0; +http://www.bing.com/bingbot.htm)"
66.249.78.36 - - [14/Apr/2015:11:54:12 +0200] "GET /robots.txt HTTP/1.1" 404 1256 "-" "Mozilla/5.0 (compatible; Googlebot/2.1; +http://www.google.com/bot.html)"
66.249.78.43 - - [14/Apr/2015:11:54:12 +0200] "GET /mobile/ HTTP/1.1" 404 1256 "-" "Mozilla/5.0 (compatible; Googlebot/2.1; +http://www.google.com/bot.html)"
66.249.78.224 - - [14/Apr/2015:12:00:11 +0200] "GET /tankanlagen.php HTTP/1.1" 200 11688 "-" "Mozilla/5.0 (iPhone; CPU iPhone OS 6_0 like Mac OS X) AppleWebKit/536.26 (KHTML, like Gecko) Version/6.0 Mobile/10A5376e Safari/8536.25 (compatible; Googlebot/2.1; +http://www.google.com/bot.html)"
66.249.78.210 - - [14/Apr/2015:12:06:39 +0200] "GET /tankanlagen.php HTTP/1.1" 200 11688 "-" "Mozilla/5.0 (iPhone; CPU iPhone OS 6_0 like Mac OS X) AppleWebKit/536.26 (KHTML, like Gecko) Version/6.0 Mobile/10A5376e Safari/8536.25 (compatible; Googlebot/2.1; +http://www.google.com/bot.html)"
46.165.197.141 - - [14/Apr/2015:12:15:56 +0200] "GET /robots.txt HTTP/1.0" 404 1256 "-" "Mozilla/5.0 (compatible; MJ12bot/v1.4.5; http://www.majestic12.co.uk/bot.php?+)"
66.249.78.210 - - [14/Apr/2015:12:12:58 +0200] "GET /tankanlagen.php HTTP/1.1" 200 11688 "-" "Mozilla/5.0 (iPhone; CPU iPhone OS 6_0 like Mac OS X) AppleWebKit/536.26 (KHTML, like Gecko) Version/6.0 Mobile/10A5376e Safari/8536.25 (compatible; Googlebot/2.1; +http://www.google.com/bot.html)"
46.165.197.141 - - [14/Apr/2015:12:15:58 +0200] "GET /kwk.php?cs_go=1 HTTP/1.0" 200 11679 "-" "Mozilla/5.0 (compatible; MJ12bot/v1.4.5; http://www.majestic12.co.uk/bot.php?+)"
46.165.197.141 - - [14/Apr/2015:12:16:40 +0200] "GET /kwk.php?cs_go=2 HTTP/1.0" 200 11679 "-" "Mozilla/5.0 (compatible; MJ12bot/v1.4.5; http://www.majestic12.co.uk/bot.php?+)"
46.165.197.141 - - [14/Apr/2015:12:17:21 +0200] "GET /kwk.php?cs_go=3 HTTP/1.0" 200 11679 "-" "Mozilla/5.0 (compatible; MJ12bot/v1.4.5; http://www.majestic12.co.uk/bot.php?+)"
46.165.197.141 - - [14/Apr/2015:12:18:03 +0200] "GET /lexikon.php?cs_go=2&cs_char=a HTTP/1.0" 200 11671 "-" "Mozilla/5.0 (compatible; MJ12bot/v1.4.5; http://www.majestic12.co.uk/bot.php?+)"
46.165.197.141 - - [14/Apr/2015:12:18:44 +0200] "GET /lexikon.php?cs_go=2&cs_char=b HTTP/1.0" 200 11671 "-" "Mozilla/5.0 (compatible; MJ12bot/v1.4.5; http://www.majestic12.co.uk/bot.php?+)"
46.165.197.141 - - [14/Apr/2015:12:19:26 +0200] "GET /lexikon.php?cs_go=2&cs_char=c HTTP/1.0" 200 11671 "-" "Mozilla/5.0 (compatible; MJ12bot/v1.4.5; http://www.majestic12.co.uk/bot.php?+)"
46.165.197.141 - - [14/Apr/2015:12:20:07 +0200] "GET /lexikon.php?cs_go=2&cs_char=d HTTP/1.0" 200 11671 "-" "Mozilla/5.0 (compatible; MJ12bot/v1.4.5; http://www.majestic12.co.uk/bot.php?+)"
46.165.197.141 - - [14/Apr/2015:12:20:50 +0200] "GET /lexikon.php?cs_go=2&cs_char=e HTTP/1.0" 200 11671 "-" "Mozilla/5.0 (compatible; MJ12bot/v1.4.5; http://www.majestic12.co.uk/bot.php?+)"
46.165.197.141 - - [14/Apr/2015:12:21:32 +0200] "GET /lexikon.php?cs_go=2&cs_char=f HTTP/1.0" 200 11671 "-" "Mozilla/5.0 (compatible; MJ12bot/v1.4.5; http://www.majestic12.co.uk/bot.php?+)"
46.165.197.141 - - [14/Apr/2015:12:22:13 +0200] "GET /lexikon.php?cs_go=2&cs_char=g HTTP/1.0" 200 11671 "-" "Mozilla/5.0 (compatible; MJ12bot/v1.4.5; http://www.majestic12.co.uk/bot.php?+)"
46.165.197.141 - - [14/Apr/2015:12:22:54 +0200] "GET /lexikon.php?cs_go=2&cs_char=h HTTP/1.0" 200 11671 "-" "Mozilla/5.0 (compatible; MJ12bot/v1.4.5; http://www.majestic12.co.uk/bot.php?+)"
46.165.197.141 - - [14/Apr/2015:12:23:37 +0200] "GET /lexikon.php?cs_go=2&cs_char=i HTTP/1.0" 200 11671 "-" "Mozilla/5.0 (compatible; MJ12bot/v1.4.5; http://www.majestic12.co.uk/bot.php?+)"
46.165.197.141 - - [14/Apr/2015:12:24:19 +0200] "GET /lexikon.php?cs_go=2&cs_char=j HTTP/1.0" 200 11671 "-" "Mozilla/5.0 (compatible; MJ12bot/v1.4.5; http://www.majestic12.co.uk/bot.php?+)"
46.165.197.141 - - [14/Apr/2015:12:25:02 +0200] "GET /lexikon.php?cs_go=2&cs_char=k HTTP/1.0" 200 11671 "-" "Mozilla/5.0 (compatible; MJ12bot/v1.4.5; http://www.majestic12.co.uk/bot.php?+)"
46.165.197.141 - - [14/Apr/2015:12:25:43 +0200] "GET /lexikon.php?cs_go=2&cs_char=l HTTP/1.0" 200 11671 "-" "Mozilla/5.0 (compatible; MJ12bot/v1.4.5; http://www.majestic12.co.uk/bot.php?+)"
46.165.197.141 - - [14/Apr/2015:12:26:25 +0200] "GET /lexikon.php?cs_go=2&cs_char=m HTTP/1.0" 200 11671 "-" "Mozilla/5.0 (compatible; MJ12bot/v1.4.5; http://www.majestic12.co.uk/bot.php?+)"
46.165.197.141 - - [14/Apr/2015:12:27:07 +0200] "GET /lexikon.php?cs_go=2&cs_char=n HTTP/1.0" 200 11671 "-" "Mozilla/5.0 (compatible; MJ12bot/v1.4.5; http://www.majestic12.co.uk/bot.php?+)"
46.165.197.141 - - [14/Apr/2015:12:27:50 +0200] "GET /lexikon.php?cs_go=2&cs_char=o HTTP/1.0" 200 11671 "-" "Mozilla/5.0 (compatible; MJ12bot/v1.4.5; http://www.majestic12.co.uk/bot.php?+)"
46.165.197.141 - - [14/Apr/2015:12:28:32 +0200] "GET /lexikon.php?cs_go=2&cs_char=p HTTP/1.0" 200 11671 "-" "Mozilla/5.0 (compatible; MJ12bot/v1.4.5; http://www.majestic12.co.uk/bot.php?+)"
5.9.41.104 - - [14/Apr/2015:12:38:07 +0200] "GET /robots.txt HTTP/1.1" 404 1256 "-" "Mozilla/5.0 (compatible; SearchmetricsBot; http://www.searchmetrics.com/en/searchmetrics-bot/)"
46.165.197.141 - - [14/Apr/2015:12:29:14 +0200] "GET /lexikon.php?cs_go=2&cs_char=q HTTP/1.0" 200 11671 "-" "Mozilla/5.0 (compatible; MJ12bot/v1.4.5; http://www.majestic12.co.uk/bot.php?+)"
46.165.197.141 - - [14/Apr/2015:12:29:56 +0200] "GET /lexikon.php?cs_go=2&cs_char=r HTTP/1.0" 200 11671 "-" "Mozilla/5.0 (compatible; MJ12bot/v1.4.5; http://www.majestic12.co.uk/bot.php?+)"
46.165.197.141 - - [14/Apr/2015:12:30:38 +0200] "GET /lexikon.php?cs_go=2&cs_char=s HTTP/1.0" 200 11671 "-" "Mozilla/5.0 (compatible; MJ12bot/v1.4.5; http://www.majestic12.co.uk/bot.php?+)"
46.165.197.141 - - [14/Apr/2015:12:31:20 +0200] "GET /lexikon.php?cs_go=2&cs_char=t HTTP/1.0" 200 11671 "-" "Mozilla/5.0 (compatible; MJ12bot/v1.4.5; http://www.majestic12.co.uk/bot.php?+)"
46.165.197.141 - - [14/Apr/2015:12:32:02 +0200] "GET /lexikon.php?cs_go=2&cs_char=u HTTP/1.0" 200 11671 "-" "Mozilla/5.0 (compatible; MJ12bot/v1.4.5; http://www.majestic12.co.uk/bot.php?+)"
5.9.41.104 - - [14/Apr/2015:12:42:08 +0200] "GET /../kwk.php HTTP/1.1" 400 1200 "-" "Mozilla/5.0 (compatible; SearchmetricsBot; http://www.searchmetrics.com/en/searchmetrics-bot/)"
46.165.197.141 - - [14/Apr/2015:12:32:44 +0200] "GET /lexikon.php?cs_go=2&cs_char=v HTTP/1.0" 200 11671 "-" "Mozilla/5.0 (compatible; MJ12bot/v1.4.5; http://www.majestic12.co.uk/bot.php?+)"
46.165.197.141 - - [14/Apr/2015:12:33:25 +0200] "GET /lexikon.php?cs_go=2&cs_char=w HTTP/1.0" 200 11671 "-" "Mozilla/5.0 (compatible; MJ12bot/v1.4.5; http://www.majestic12.co.uk/bot.php?+)"
46.165.197.141 - - [14/Apr/2015:12:34:07 +0200] "GET /lexikon.php?cs_go=2&cs_char=x HTTP/1.0" 200 11671 "-" "Mozilla/5.0 (compatible; MJ12bot/v1.4.5; http://www.majestic12.co.uk/bot.php?+)"
46.165.197.141 - - [14/Apr/2015:12:34:28 +0200] "GET /lexikon.php?cs_go=2&cs_char=y HTTP/1.0" 200 11671 "-" "Mozilla/5.0 (compatible; MJ12bot/v1.4.5; http://www.majestic12.co.uk/bot.php?+)"
46.165.197.141 - - [14/Apr/2015:12:34:50 +0200] "GET /lexikon.php?cs_go=2&cs_char=z HTTP/1.0" 200 11671 "-" "Mozilla/5.0 (compatible; MJ12bot/v1.4.5; http://www.majestic12.co.uk/bot.php?+)"
46.165.197.141 - - [14/Apr/2015:12:35:11 +0200] "GET /news.php?cs_go=archiv HTTP/1.0" 200 11682 "-" "Mozilla/5.0 (compatible; MJ12bot/v1.4.5; http://www.majestic12.co.uk/bot.php?+)"
5.9.41.104 - - [14/Apr/2015:12:38:38 +0200] "GET /biogasanlage.php HTTP/1.1" 200 11909 "-" "Mozilla/5.0 (compatible; SearchmetricsBot; http://www.searchmetrics.com/en/searchmetrics-bot/)"
46.165.197.141 - - [14/Apr/2015:12:35:32 +0200] "GET /news.php?cs_go=archiv&cs_id=5371 HTTP/1.0" 200 11682 "-" "Mozilla/5.0 (compatible; MJ12bot/v1.4.5; http://www.majestic12.co.uk/bot.php?+)"
5.9.41.104 - - [14/Apr/2015:12:38:48 +0200] "GET /adblue.php HTTP/1.1" 200 15843 "-" "Mozilla/5.0 (compatible; SearchmetricsBot; http://www.searchmetrics.com/en/searchmetrics-bot/)"
46.165.197.141 - - [14/Apr/2015:12:35:54 +0200] "GET /news.php?cs_go=archiv&cs_id=5374 HTTP/1.0" 200 11682 "-" "Mozilla/5.0 (compatible; MJ12bot/v1.4.5; http://www.majestic12.co.uk/bot.php?+)"
46.165.197.141 - - [14/Apr/2015:12:36:15 +0200] "GET /news.php?cs_go=archiv&cs_id=5376 HTTP/1.0" 200 11682 "-" "Mozilla/5.0 (compatible; MJ12bot/v1.4.5; http://www.majestic12.co.uk/bot.php?+)"
5.9.41.104 - - [14/Apr/2015:12:39:29 +0200] "GET /impressum.php HTTP/1.1" 200 12936 "-" "Mozilla/5.0 (compatible; SearchmetricsBot; http://www.searchmetrics.com/en/searchmetrics-bot/)"
5.9.41.104 - - [14/Apr/2015:12:39:39 +0200] "GET /jobs.php HTTP/1.1" 200 11716 "-" "Mozilla/5.0 (compatible; SearchmetricsBot; http://www.searchmetrics.com/en/searchmetrics-bot/)"
46.165.197.141 - - [14/Apr/2015:12:36:38 +0200] "GET /news.php?cs_go=archiv&cs_id=5376&cs_search= HTTP/1.0" 200 11682 "-" "Mozilla/5.0 (compatible; MJ12bot/v1.4.5; http://www.majestic12.co.uk/bot.php?+)"
5.9.41.104 - - [14/Apr/2015:12:39:49 +0200] "GET /schmierstoffe.php HTTP/1.1" 200 14431 "-" "Mozilla/5.0 (compatible; SearchmetricsBot; http://www.searchmetrics.com/en/searchmetrics-bot/)"
5.9.41.104 - - [14/Apr/2015:12:39:59 +0200] "GET /preisanfrage.php HTTP/1.1" 200 11698 "-" "Mozilla/5.0 (compatible; SearchmetricsBot; http://www.searchmetrics.com/en/searchmetrics-bot/)"
46.165.197.141 - - [14/Apr/2015:12:37:00 +0200] "GET /news.php?cs_go=archiv&cs_id=5377&cs_search= HTTP/1.0" 200 11682 "-" "Mozilla/5.0 (compatible; MJ12bot/v1.4.5; http://www.majestic12.co.uk/bot.php?+)"
46.165.197.141 - - [14/Apr/2015:12:37:22 +0200] "GET /news.php?cs_go=archiv&cs_id=5378&cs_search= HTTP/1.0" 200 11682 "-" "Mozilla/5.0 (compatible; MJ12bot/v1.4.5; http://www.majestic12.co.uk/bot.php?+)"
5.9.41.104 - - [14/Apr/2015:12:40:43 +0200] "GET /baustellenbetankung.php HTTP/1.1" 200 12527 "-" "Mozilla/5.0 (compatible; SearchmetricsBot; http://www.searchmetrics.com/en/searchmetrics-bot/)"
46.165.197.141 - - [14/Apr/2015:12:37:44 +0200] "GET /news.php?cs_go=archiv&cs_id=5379&cs_search= HTTP/1.0" 200 11682 "-" "Mozilla/5.0 (compatible; MJ12bot/v1.4.5; http://www.majestic12.co.uk/bot.php?+)"
5.9.41.104 - - [14/Apr/2015:12:41:04 +0200] "GET /marktdaten.php HTTP/1.1" 200 12103 "-" "Mozilla/5.0 (compatible; SearchmetricsBot; http://www.searchmetrics.com/en/searchmetrics-bot/)"
46.165.197.141 - - [14/Apr/2015:12:38:06 +0200] "GET /news.php?cs_go=archiv&cs_id=5380&cs_search= HTTP/1.0" 200 11682 "-" "Mozilla/5.0 (compatible; MJ12bot/v1.4.5; http://www.majestic12.co.uk/bot.php?+)"
5.9.41.104 - - [14/Apr/2015:12:38:07 +0200] "GET / HTTP/1.1" 200 16125 "-" "Mozilla/5.0 (compatible; SearchmetricsBot; http://www.searchmetrics.com/en/searchmetrics-bot/)"
5.9.41.104 - - [14/Apr/2015:12:38:17 +0200] "GET /kontakt.php HTTP/1.1" 200 11672 "-" "Mozilla/5.0 (compatible; SearchmetricsBot; http://www.searchmetrics.com/en/searchmetrics-bot/)"
5.9.41.104 - - [14/Apr/2015:12:41:27 +0200] "GET /essoschmierstoffe.php HTTP/1.1" 200 15592 "-" "Mozilla/5.0 (compatible; SearchmetricsBot; http://www.searchmetrics.com/en/searchmetrics-bot/)"
5.9.41.104 - - [14/Apr/2015:12:38:27 +0200] "GET /tankreinigung.php HTTP/1.1" 200 11962 "-" "Mozilla/5.0 (compatible; SearchmetricsBot; http://www.searchmetrics.com/en/searchmetrics-bot/)"
5.9.41.104 - - [14/Apr/2015:12:41:37 +0200] "GET /premiumheizoel.php HTTP/1.1" 200 12235 "-" "Mozilla/5.0 (compatible; SearchmetricsBot; http://www.searchmetrics.com/en/searchmetrics-bot/)"
46.165.197.141 - - [14/Apr/2015:12:38:28 +0200] "GET /news.php?cs_go=archiv&cs_id=5381 HTTP/1.0" 200 11682 "-" "Mozilla/5.0 (compatible; MJ12bot/v1.4.5; http://www.majestic12.co.uk/bot.php?+)"
46.165.197.141 - - [14/Apr/2015:12:38:50 +0200] "GET /news.php?cs_go=archiv&cs_id=5381&cs_search= HTTP/1.0" 200 11682 "-" "Mozilla/5.0 (compatible; MJ12bot/v1.4.5; http://www.majestic12.co.uk/bot.php?+)"
5.9.41.104 - - [14/Apr/2015:12:38:58 +0200] "GET /heizoel.php HTTP/1.1" 200 12204 "-" "Mozilla/5.0 (compatible; SearchmetricsBot; http://www.searchmetrics.com/en/searchmetrics-bot/)"
5.9.41.104 - - [14/Apr/2015:12:39:08 +0200] "GET /diesel.php HTTP/1.1" 200 12167 "-" "Mozilla/5.0 (compatible; SearchmetricsBot; http://www.searchmetrics.com/en/searchmetrics-bot/)"
46.165.197.141 - - [14/Apr/2015:12:39:13 +0200] "GET /news.php?cs_go=archiv&cs_id=5382&cs_search= HTTP/1.0" 200 11682 "-" "Mozilla/5.0 (compatible; MJ12bot/v1.4.5; http://www.majestic12.co.uk/bot.php?+)"
5.9.41.104 - - [14/Apr/2015:12:39:19 +0200] "GET /ec.php HTTP/1.1" 200 11821 "-" "Mozilla/5.0 (compatible; SearchmetricsBot; http://www.searchmetrics.com/en/searchmetrics-bot/)"
5.9.41.104 - - [14/Apr/2015:12:42:28 +0200] "GET /waermekonto.php HTTP/1.1" 200 12036 "-" "Mozilla/5.0 (compatible; SearchmetricsBot; http://www.searchmetrics.com/en/searchmetrics-bot/)"
46.165.197.141 - - [14/Apr/2015:12:39:35 +0200] "GET /news.php?cs_go=archiv&cs_id=5383 HTTP/1.0" 200 11682 "-" "Mozilla/5.0 (compatible; MJ12bot/v1.4.5; http://www.majestic12.co.uk/bot.php?+)"
5.9.41.104 - - [14/Apr/2015:12:43:12 +0200] "GET /notdienst.php HTTP/1.1" 200 12433 "-" "Mozilla/5.0 (compatible; SearchmetricsBot; http://www.searchmetrics.com/en/searchmetrics-bot/)"
5.9.41.104 - - [14/Apr/2015:12:43:22 +0200] "GET /ansprechpartner.php HTTP/1.1" 200 13907 "-" "Mozilla/5.0 (compatible; SearchmetricsBot; http://www.searchmetrics.com/en/searchmetrics-bot/)"
5.9.41.104 - - [14/Apr/2015:12:40:23 +0200] "GET /brennwerttechnik.php HTTP/1.1" 200 12064 "-" "Mozilla/5.0 (compatible; SearchmetricsBot; http://www.searchmetrics.com/en/searchmetrics-bot/)"
5.9.41.104 - - [14/Apr/2015:12:40:33 +0200] "GET /edl.php HTTP/1.1" 200 12021 "-" "Mozilla/5.0 (compatible; SearchmetricsBot; http://www.searchmetrics.com/en/searchmetrics-bot/)"
5.9.41.104 - - [14/Apr/2015:12:40:53 +0200] "GET /faq.php HTTP/1.1" 200 11681 "-" "Mozilla/5.0 (compatible; SearchmetricsBot; http://www.searchmetrics.com/en/searchmetrics-bot/)"
5.9.41.104 - - [14/Apr/2015:12:41:17 +0200] "GET /energiesparcheck.php HTTP/1.1" 200 11754 "-" "Mozilla/5.0 (compatible; SearchmetricsBot; http://www.searchmetrics.com/en/searchmetrics-bot/)"
5.9.41.104 - - [14/Apr/2015:12:41:47 +0200] "GET /foerdermittel.php HTTP/1.1" 200 12029 "-" "Mozilla/5.0 (compatible; SearchmetricsBot; http://www.searchmetrics.com/en/searchmetrics-bot/)"
5.9.41.104 - - [14/Apr/2015:12:41:58 +0200] "GET /lexikon.php HTTP/1.1" 200 11671 "-" "Mozilla/5.0 (compatible; SearchmetricsBot; http://www.searchmetrics.com/en/searchmetrics-bot/)"
5.9.41.104 - - [14/Apr/2015:12:42:08 +0200] "GET /ofenbau.php HTTP/1.1" 200 11901 "-" "Mozilla/5.0 (compatible; SearchmetricsBot; http://www.searchmetrics.com/en/searchmetrics-bot/)"
5.9.41.104 - - [14/Apr/2015:12:42:18 +0200] "GET /news.php HTTP/1.1" 200 11682 "-" "Mozilla/5.0 (compatible; SearchmetricsBot; http://www.searchmetrics.com/en/searchmetrics-bot/)"
5.9.41.104 - - [14/Apr/2015:12:42:41 +0200] "GET /wunschpreis.php HTTP/1.1" 200 11851 "-" "Mozilla/5.0 (compatible; SearchmetricsBot; http://www.searchmetrics.com/en/searchmetrics-bot/)"
5.9.41.104 - - [14/Apr/2015:12:42:52 +0200] "GET /index.php HTTP/1.1" 200 16125 "-" "Mozilla/5.0 (compatible; SearchmetricsBot; http://www.searchmetrics.com/en/searchmetrics-bot/)"
5.9.41.104 - - [14/Apr/2015:12:43:02 +0200] "GET /tankanlagen.php HTTP/1.1" 200 11893 "-" "Mozilla/5.0 (compatible; SearchmetricsBot; http://www.searchmetrics.com/en/searchmetrics-bot/)"
5.9.41.104 - - [14/Apr/2015:12:40:10 +0200] "GET /energiekostenvergleich.php HTTP/1.1" 200 24259 "-" "Mozilla/5.0 (compatible; SearchmetricsBot; http://www.searchmetrics.com/en/searchmetrics-bot/)"
46.4.87.105 - - [14/Apr/2015:12:53:32 +0200] "GET /robots.txt HTTP/1.0" 404 1256 "-" "Mozilla/5.0 (compatible; MJ12bot/v1.4.5; http://www.majestic12.co.uk/bot.php?+)"
46.4.87.105 - - [14/Apr/2015:12:53:34 +0200] "GET /news.php?cs_go=archiv&cs_id=5383&cs_search= HTTP/1.0" 200 11477 "-" "Mozilla/5.0 (compatible; MJ12bot/v1.4.5; http://www.majestic12.co.uk/bot.php?+)"
46.4.87.105 - - [14/Apr/2015:12:54:17 +0200] "GET /news.php?cs_go=archiv&cs_id=5384 HTTP/1.0" 200 11477 "-" "Mozilla/5.0 (compatible; MJ12bot/v1.4.5; http://www.majestic12.co.uk/bot.php?+)"
46.4.87.105 - - [14/Apr/2015:12:55:02 +0200] "GET /news.php?cs_go=archiv&cs_id=5384&cs_search= HTTP/1.0" 200 11477 "-" "Mozilla/5.0 (compatible; MJ12bot/v1.4.5; http://www.majestic12.co.uk/bot.php?+)"
66.249.78.36 - - [14/Apr/2015:13:02:02 +0200] "GET /m/ HTTP/1.1" 404 1256 "-" "Mozilla/5.0 (compatible; Googlebot/2.1; +http://www.google.com/bot.html)"
46.4.87.105 - - [14/Apr/2015:12:55:46 +0200] "GET /news.php?cs_go=archiv&cs_startpos=10 HTTP/1.0" 200 11477 "-" "Mozilla/5.0 (compatible; MJ12bot/v1.4.5; http://www.majestic12.co.uk/bot.php?+)"
46.4.87.105 - - [14/Apr/2015:12:56:30 +0200] "GET /news.php?cs_go=archiv&cs_startpos=110 HTTP/1.0" 200 11477 "-" "Mozilla/5.0 (compatible; MJ12bot/v1.4.5; http://www.majestic12.co.uk/bot.php?+)"
46.4.87.105 - - [14/Apr/2015:12:57:15 +0200] "GET /news.php?cs_go=archiv&cs_startpos=120 HTTP/1.0" 200 11477 "-" "Mozilla/5.0 (compatible; MJ12bot/v1.4.5; http://www.majestic12.co.uk/bot.php?+)"
46.4.87.105 - - [14/Apr/2015:12:57:57 +0200] "GET /news.php?cs_go=archiv&cs_startpos=130 HTTP/1.0" 200 11477 "-" "Mozilla/5.0 (compatible; MJ12bot/v1.4.5; http://www.majestic12.co.uk/bot.php?+)"
46.4.87.105 - - [14/Apr/2015:12:58:44 +0200] "GET /news.php?cs_go=archiv&cs_startpos=140 HTTP/1.0" 200 11477 "-" "Mozilla/5.0 (compatible; MJ12bot/v1.4.5; http://www.majestic12.co.uk/bot.php?+)"
46.4.87.105 - - [14/Apr/2015:12:59:27 +0200] "GET /news.php?cs_go=archiv&cs_startpos=150 HTTP/1.0" 200 11477 "-" "Mozilla/5.0 (compatible; MJ12bot/v1.4.5; http://www.majestic12.co.uk/bot.php?+)"
46.4.87.105 - - [14/Apr/2015:13:00:12 +0200] "GET /news.php?cs_go=archiv&cs_startpos=151 HTTP/1.0" 200 11477 "-" "Mozilla/5.0 (compatible; MJ12bot/v1.4.5; http://www.majestic12.co.uk/bot.php?+)"
46.4.87.105 - - [14/Apr/2015:13:00:57 +0200] "GET /news.php?cs_go=archiv&cs_startpos=160 HTTP/1.0" 200 11477 "-" "Mozilla/5.0 (compatible; MJ12bot/v1.4.5; http://www.majestic12.co.uk/bot.php?+)"
46.4.87.105 - - [14/Apr/2015:13:01:45 +0200] "GET /news.php?cs_go=archiv&cs_startpos=161 HTTP/1.0" 200 11477 "-" "Mozilla/5.0 (compatible; MJ12bot/v1.4.5; http://www.majestic12.co.uk/bot.php?+)"
46.4.87.105 - - [14/Apr/2015:13:02:32 +0200] "GET /news.php?cs_go=archiv&cs_startpos=170 HTTP/1.0" 200 11477 "-" "Mozilla/5.0 (compatible; MJ12bot/v1.4.5; http://www.majestic12.co.uk/bot.php?+)"
46.4.87.105 - - [14/Apr/2015:13:09:12 +0200] "GET /tabmenu/md_diesel.php HTTP/1.0" 200 - "-" "Mozilla/5.0 (compatible; MJ12bot/v1.4.5; http://www.majestic12.co.uk/bot.php?+)"
46.4.87.105 - - [14/Apr/2015:13:09:17 +0200] "GET /tabmenu/md_feuer.php HTTP/1.0" 200 - "-" "Mozilla/5.0 (compatible; MJ12bot/v1.4.5; http://www.majestic12.co.uk/bot.php?+)"
46.4.87.105 - - [14/Apr/2015:13:09:23 +0200] "GET /tabmenu/md_hel.php HTTP/1.0" 200 - "-" "Mozilla/5.0 (compatible; MJ12bot/v1.4.5; http://www.majestic12.co.uk/bot.php?+)"
46.4.87.105 - - [14/Apr/2015:13:09:30 +0200] "GET /tabmenu/md_kohle_b.php HTTP/1.0" 200 - "-" "Mozilla/5.0 (compatible; MJ12bot/v1.4.5; http://www.majestic12.co.uk/bot.php?+)"
46.4.87.105 - - [14/Apr/2015:13:03:17 +0200] "GET /news.php?cs_go=archiv&cs_startpos=180 HTTP/1.0" 200 11477 "-" "Mozilla/5.0 (compatible; MJ12bot/v1.4.5; http://www.majestic12.co.uk/bot.php?+)"
46.4.87.105 - - [14/Apr/2015:13:04:02 +0200] "GET /news.php?cs_go=archiv&cs_startpos=181 HTTP/1.0" 200 11477 "-" "Mozilla/5.0 (compatible; MJ12bot/v1.4.5; http://www.majestic12.co.uk/bot.php?+)"
46.4.87.105 - - [14/Apr/2015:13:04:47 +0200] "GET /news.php?cs_go=archiv&cs_startpos=190 HTTP/1.0" 200 11477 "-" "Mozilla/5.0 (compatible; MJ12bot/v1.4.5; http://www.majestic12.co.uk/bot.php?+)"
46.4.87.105 - - [14/Apr/2015:13:05:32 +0200] "GET /news.php?cs_go=archiv&cs_startpos=20 HTTP/1.0" 200 11477 "-" "Mozilla/5.0 (compatible; MJ12bot/v1.4.5; http://www.majestic12.co.uk/bot.php?+)"
46.4.87.105 - - [14/Apr/2015:13:06:16 +0200] "GET /news.php?cs_go=archiv&cs_startpos=30 HTTP/1.0" 200 11477 "-" "Mozilla/5.0 (compatible; MJ12bot/v1.4.5; http://www.majestic12.co.uk/bot.php?+)"
46.4.87.105 - - [14/Apr/2015:13:07:00 +0200] "GET /news.php?cs_go=archiv&cs_startpos=40 HTTP/1.0" 200 11477 "-" "Mozilla/5.0 (compatible; MJ12bot/v1.4.5; http://www.majestic12.co.uk/bot.php?+)"
46.4.87.105 - - [14/Apr/2015:13:07:43 +0200] "GET /news.php?cs_go=archiv&cs_startpos=50 HTTP/1.0" 200 11477 "-" "Mozilla/5.0 (compatible; MJ12bot/v1.4.5; http://www.majestic12.co.uk/bot.php?+)"
46.4.87.105 - - [14/Apr/2015:13:08:29 +0200] "GET /newsletter.php HTTP/1.0" 200 11480 "-" "Mozilla/5.0 (compatible; MJ12bot/v1.4.5; http://www.majestic12.co.uk/bot.php?+)"
217.103.97.99 - - [14/Apr/2015:13:36:46 +0200] "GET /robots.txt HTTP/1.0" 404 1256 "-" "Mozilla/5.0 (compatible; MJ12bot/v1.4.5; http://www.majestic12.co.uk/bot.php?+)"
217.103.97.99 - - [14/Apr/2015:13:36:46 +0200] "GET /robots.txt HTTP/1.0" 404 1256 "-" "Mozilla/5.0 (compatible; MJ12bot/v1.4.5; http://www.majestic12.co.uk/bot.php?+)"
141.8.147.7 - - [14/Apr/2015:13:38:45 +0200] "GET /robots.txt HTTP/1.1" 404 1256 "-" "Mozilla/5.0 (compatible; YandexBot/3.0; +http://yandex.com/bots)"
141.8.189.118 - - [14/Apr/2015:13:38:49 +0200] "GET / HTTP/1.1" 200 15920 "-" "Mozilla/5.0 (compatible; YandexBot/3.0; +http://yandex.com/bots)"
217.103.97.99 - - [14/Apr/2015:13:36:48 +0200] "GET /news.php?cs_go=archiv&cs_id=4519&cs_search= HTTP/1.1" 200 11682 "-" "Mozilla/5.0 (compatible; MJ12bot/v1.4.5; http://www.majestic12.co.uk/bot.php?+)"
217.103.97.99 - - [14/Apr/2015:13:36:49 +0200] "GET /news.php?cs_go=archiv&cs_id=5190 HTTP/1.1" 200 11682 "-" "Mozilla/5.0 (compatible; MJ12bot/v1.4.5; http://www.majestic12.co.uk/bot.php?+)"
141.8.189.118 - - [14/Apr/2015:13:40:06 +0200] "GET / HTTP/1.1" 200 15920 "-" "Mozilla/5.0 (compatible; YandexBot/3.0; +http://yandex.com/bots)"
217.103.97.99 - - [14/Apr/2015:13:43:25 +0200] "GET /news.php?cs_go=archiv&cs_id=4538&cs_search= HTTP/1.1" 200 9055 "-" "Mozilla/5.0 (compatible; MJ12bot/v1.4.5; http://www.majestic12.co.uk/bot.php?+)"
217.103.97.99 - - [14/Apr/2015:13:37:32 +0200] "GET /news.php?cs_go=archiv&cs_id=4520&cs_search= HTTP/1.1" 200 11682 "-" "Mozilla/5.0 (compatible; MJ12bot/v1.4.5; http://www.majestic12.co.uk/bot.php?+)"
217.103.97.99 - - [14/Apr/2015:13:37:32 +0200] "GET /news.php?cs_go=archiv&cs_id=5191 HTTP/1.1" 200 11682 "-" "Mozilla/5.0 (compatible; MJ12bot/v1.4.5; http://www.majestic12.co.uk/bot.php?+)"
141.8.189.118 - - [14/Apr/2015:13:41:23 +0200] "GET / HTTP/1.1" 200 15920 "-" "Mozilla/5.0 (compatible; YandexBot/3.0; +http://yandex.com/bots)"
217.103.97.99 - - [14/Apr/2015:13:38:15 +0200] "GET /news.php?cs_go=archiv&cs_id=4522&cs_search= HTTP/1.1" 200 11682 "-" "Mozilla/5.0 (compatible; MJ12bot/v1.4.5; http://www.majestic12.co.uk/bot.php?+)"
217.103.97.99 - - [14/Apr/2015:13:38:15 +0200] "GET /news.php?cs_go=archiv&cs_id=5193 HTTP/1.1" 200 11682 "-" "Mozilla/5.0 (compatible; MJ12bot/v1.4.5; http://www.majestic12.co.uk/bot.php?+)"
217.103.97.99 - - [14/Apr/2015:13:39:00 +0200] "GET /news.php?cs_go=archiv&cs_id=5194 HTTP/1.1" 200 11682 "-" "Mozilla/5.0 (compatible; MJ12bot/v1.4.5; http://www.majestic12.co.uk/bot.php?+)"
217.103.97.99 - - [14/Apr/2015:13:39:00 +0200] "GET /news.php?cs_go=archiv&cs_id=4528&cs_search= HTTP/1.1" 200 11682 "-" "Mozilla/5.0 (compatible; MJ12bot/v1.4.5; http://www.majestic12.co.uk/bot.php?+)"
141.8.189.118 - - [14/Apr/2015:13:42:40 +0200] "GET / HTTP/1.1" 200 15920 "-" "Mozilla/5.0 (compatible; YandexBot/3.0; +http://yandex.com/bots)"
217.103.97.99 - - [14/Apr/2015:13:39:42 +0200] "GET /news.php?cs_go=archiv&cs_id=5380 HTTP/1.1" 200 11682 "-" "Mozilla/5.0 (compatible; MJ12bot/v1.4.5; http://www.majestic12.co.uk/bot.php?+)"
217.103.97.99 - - [14/Apr/2015:13:39:42 +0200] "GET /news.php?cs_go=archiv&cs_id=4530&cs_search= HTTP/1.1" 200 11682 "-" "Mozilla/5.0 (compatible; MJ12bot/v1.4.5; http://www.majestic12.co.uk/bot.php?+)"
217.103.97.99 - - [14/Apr/2015:13:40:24 +0200] "GET /news.php?cs_go=archiv&cs_id=5381 HTTP/1.1" 200 11682 "-" "Mozilla/5.0 (compatible; MJ12bot/v1.4.5; http://www.majestic12.co.uk/bot.php?+)"
217.103.97.99 - - [14/Apr/2015:13:40:24 +0200] "GET /news.php?cs_go=archiv&cs_id=4533&cs_search= HTTP/1.1" 200 11682 "-" "Mozilla/5.0 (compatible; MJ12bot/v1.4.5; http://www.majestic12.co.uk/bot.php?+)"
217.103.97.99 - - [14/Apr/2015:13:47:13 +0200] "GET /news.php?cs_go=archiv&cs_id=4612&cs_search= HTTP/1.1" 200 9055 "-" "Mozilla/5.0 (compatible; MJ12bot/v1.4.5; http://www.majestic12.co.uk/bot.php?+)"
217.103.97.99 - - [14/Apr/2015:13:41:06 +0200] "GET /news.php?cs_go=archiv&cs_id=4534&cs_search= HTTP/1.1" 200 11682 "-" "Mozilla/5.0 (compatible; MJ12bot/v1.4.5; http://www.majestic12.co.uk/bot.php?+)"
217.103.97.99 - - [14/Apr/2015:13:41:06 +0200] "GET /news.php?cs_go=archiv&cs_id=5382 HTTP/1.1" 200 11682 "-" "Mozilla/5.0 (compatible; MJ12bot/v1.4.5; http://www.majestic12.co.uk/bot.php?+)"
217.103.97.99 - - [14/Apr/2015:13:44:49 +0200] "GET /news.php?cs_go=archiv&cs_id=4546&cs_search= HTTP/1.1" 200 11477 "-" "Mozilla/5.0 (compatible; MJ12bot/v1.4.5; http://www.majestic12.co.uk/bot.php?+)"
217.103.97.99 - - [14/Apr/2015:13:41:49 +0200] "GET /news.php?cs_go=archiv&cs_id=4535&cs_search= HTTP/1.1" 200 11682 "-" "Mozilla/5.0 (compatible; MJ12bot/v1.4.5; http://www.majestic12.co.uk/bot.php?+)"
217.103.97.99 - - [14/Apr/2015:13:42:32 +0200] "GET /news.php?cs_go=archiv&cs_id=4536&cs_search= HTTP/1.1" 200 11682 "-" "Mozilla/5.0 (compatible; MJ12bot/v1.4.5; http://www.majestic12.co.uk/bot.php?+)"
217.103.97.99 - - [14/Apr/2015:13:43:15 +0200] "GET /news.php?cs_go=archiv&cs_id=4537&cs_search= HTTP/1.1" 200 11682 "-" "Mozilla/5.0 (compatible; MJ12bot/v1.4.5; http://www.majestic12.co.uk/bot.php?+)"
217.103.97.99 - - [14/Apr/2015:13:44:07 +0200] "GET /news.php?cs_go=archiv&cs_id=4542&cs_search= HTTP/1.1" 200 11682 "-" "Mozilla/5.0 (compatible; MJ12bot/v1.4.5; http://www.majestic12.co.uk/bot.php?+)"
217.103.97.99 - - [14/Apr/2015:13:47:55 +0200] "GET /news.php?cs_go=archiv&cs_id=4613&cs_search= HTTP/1.1" 200 11682 "-" "Mozilla/5.0 (compatible; MJ12bot/v1.4.5; http://www.majestic12.co.uk/bot.php?+)"
217.103.97.99 - - [14/Apr/2015:13:48:37 +0200] "GET /news.php?cs_go=archiv&cs_id=4615&cs_search= HTTP/1.1" 200 11682 "-" "Mozilla/5.0 (compatible; MJ12bot/v1.4.5; http://www.majestic12.co.uk/bot.php?+)"
217.103.97.99 - - [14/Apr/2015:13:49:20 +0200] "GET /news.php?cs_go=archiv&cs_id=4616&cs_search= HTTP/1.1" 200 11682 "-" "Mozilla/5.0 (compatible; MJ12bot/v1.4.5; http://www.majestic12.co.uk/bot.php?+)"
217.103.97.99 - - [14/Apr/2015:13:50:03 +0200] "GET /news.php?cs_go=archiv&cs_id=4617 HTTP/1.1" 200 11682 "-" "Mozilla/5.0 (compatible; MJ12bot/v1.4.5; http://www.majestic12.co.uk/bot.php?+)"
217.103.97.99 - - [14/Apr/2015:13:50:45 +0200] "GET /news.php?cs_go=archiv&cs_id=4617&cs_search= HTTP/1.1" 200 11682 "-" "Mozilla/5.0 (compatible; MJ12bot/v1.4.5; http://www.majestic12.co.uk/bot.php?+)"
217.103.97.99 - - [14/Apr/2015:13:51:28 +0200] "GET /news.php?cs_go=archiv&cs_id=4618&cs_search= HTTP/1.1" 200 11682 "-" "Mozilla/5.0 (compatible; MJ12bot/v1.4.5; http://www.majestic12.co.uk/bot.php?+)"
217.103.97.99 - - [14/Apr/2015:13:52:11 +0200] "GET /news.php?cs_go=archiv&cs_id=4619&cs_search= HTTP/1.1" 200 11682 "-" "Mozilla/5.0 (compatible; MJ12bot/v1.4.5; http://www.majestic12.co.uk/bot.php?+)"
217.103.97.99 - - [14/Apr/2015:13:52:42 +0200] "GET /news.php?cs_go=archiv&cs_id=4606 HTTP/1.1" 200 11682 "-" "Mozilla/5.0 (compatible; MJ12bot/v1.4.5; http://www.majestic12.co.uk/bot.php?+)"
217.103.97.99 - - [14/Apr/2015:13:52:54 +0200] "GET /news.php?cs_go=archiv&cs_id=4620&cs_search= HTTP/1.1" 200 11682 "-" "Mozilla/5.0 (compatible; MJ12bot/v1.4.5; http://www.majestic12.co.uk/bot.php?+)"
217.103.97.99 - - [14/Apr/2015:13:53:36 +0200] "GET /news.php?cs_go=archiv&cs_id=4621&cs_search= HTTP/1.1" 200 11682 "-" "Mozilla/5.0 (compatible; MJ12bot/v1.4.5; http://www.majestic12.co.uk/bot.php?+)"
217.103.97.99 - - [14/Apr/2015:13:53:59 +0200] "GET /news.php?cs_go=archiv&cs_id=4623&cs_search= HTTP/1.1" 200 11682 "-" "Mozilla/5.0 (compatible; MJ12bot/v1.4.5; http://www.majestic12.co.uk/bot.php?+)"
217.103.97.99 - - [14/Apr/2015:13:54:22 +0200] "GET /news.php?cs_go=archiv&cs_id=4624&cs_search= HTTP/1.1" 200 11682 "-" "Mozilla/5.0 (compatible; MJ12bot/v1.4.5; http://www.majestic12.co.uk/bot.php?+)"
217.103.97.99 - - [14/Apr/2015:13:54:44 +0200] "GET /news.php?cs_go=archiv&cs_id=4625&cs_search= HTTP/1.1" 200 11682 "-" "Mozilla/5.0 (compatible; MJ12bot/v1.4.5; http://www.majestic12.co.uk/bot.php?+)"
217.103.97.99 - - [14/Apr/2015:13:55:06 +0200] "GET /news.php?cs_go=archiv&cs_id=4627&cs_search= HTTP/1.1" 200 11682 "-" "Mozilla/5.0 (compatible; MJ12bot/v1.4.5; http://www.majestic12.co.uk/bot.php?+)"
217.103.97.99 - - [14/Apr/2015:13:55:29 +0200] "GET /news.php?cs_go=archiv&cs_id=4628&cs_search= HTTP/1.1" 200 11682 "-" "Mozilla/5.0 (compatible; MJ12bot/v1.4.5; http://www.majestic12.co.uk/bot.php?+)"
217.103.97.99 - - [14/Apr/2015:13:55:52 +0200] "GET /news.php?cs_go=archiv&cs_id=4630 HTTP/1.1" 200 11682 "-" "Mozilla/5.0 (compatible; MJ12bot/v1.4.5; http://www.majestic12.co.uk/bot.php?+)"
217.103.97.99 - - [14/Apr/2015:13:56:16 +0200] "GET /news.php?cs_go=archiv&cs_id=4630&cs_search= HTTP/1.1" 200 11682 "-" "Mozilla/5.0 (compatible; MJ12bot/v1.4.5; http://www.majestic12.co.uk/bot.php?+)"
217.103.97.99 - - [14/Apr/2015:13:56:40 +0200] "GET /news.php?cs_go=archiv&cs_id=4631 HTTP/1.1" 200 11682 "-" "Mozilla/5.0 (compatible; MJ12bot/v1.4.5; http://www.majestic12.co.uk/bot.php?+)"
217.103.97.99 - - [14/Apr/2015:13:57:03 +0200] "GET /news.php?cs_go=archiv&cs_id=4631&cs_search= HTTP/1.1" 200 11682 "-" "Mozilla/5.0 (compatible; MJ12bot/v1.4.5; http://www.majestic12.co.uk/bot.php?+)"
217.103.97.99 - - [14/Apr/2015:13:57:26 +0200] "GET /news.php?cs_go=archiv&cs_id=4632 HTTP/1.1" 200 11682 "-" "Mozilla/5.0 (compatible; MJ12bot/v1.4.5; http://www.majestic12.co.uk/bot.php?+)"
217.103.97.99 - - [14/Apr/2015:13:57:48 +0200] "GET /news.php?cs_go=archiv&cs_id=4632&cs_search= HTTP/1.1" 200 11682 "-" "Mozilla/5.0 (compatible; MJ12bot/v1.4.5; http://www.majestic12.co.uk/bot.php?+)"
217.103.97.99 - - [14/Apr/2015:13:58:14 +0200] "GET /news.php?cs_go=archiv&cs_id=4633&cs_search= HTTP/1.1" 200 11682 "-" "Mozilla/5.0 (compatible; MJ12bot/v1.4.5; http://www.majestic12.co.uk/bot.php?+)"
217.103.97.99 - - [14/Apr/2015:13:58:36 +0200] "GET /news.php?cs_go=archiv&cs_id=4634&cs_search= HTTP/1.1" 200 11682 "-" "Mozilla/5.0 (compatible; MJ12bot/v1.4.5; http://www.majestic12.co.uk/bot.php?+)"
217.103.97.99 - - [14/Apr/2015:13:58:59 +0200] "GET /news.php?cs_go=archiv&cs_id=4636&cs_search= HTTP/1.1" 200 11682 "-" "Mozilla/5.0 (compatible; MJ12bot/v1.4.5; http://www.majestic12.co.uk/bot.php?+)"
217.103.97.99 - - [14/Apr/2015:13:59:21 +0200] "GET /news.php?cs_go=archiv&cs_id=4637&cs_search= HTTP/1.1" 200 11682 "-" "Mozilla/5.0 (compatible; MJ12bot/v1.4.5; http://www.majestic12.co.uk/bot.php?+)"
217.103.97.99 - - [14/Apr/2015:13:59:44 +0200] "GET /news.php?cs_go=archiv&cs_id=4769&cs_search= HTTP/1.1" 200 11682 "-" "Mozilla/5.0 (compatible; MJ12bot/v1.4.5; http://www.majestic12.co.uk/bot.php?+)"
217.103.97.99 - - [14/Apr/2015:14:00:06 +0200] "GET /news.php?cs_go=archiv&cs_id=4770&cs_search= HTTP/1.1" 200 11682 "-" "Mozilla/5.0 (compatible; MJ12bot/v1.4.5; http://www.majestic12.co.uk/bot.php?+)"
217.103.97.99 - - [14/Apr/2015:14:00:29 +0200] "GET /news.php?cs_go=archiv&cs_id=4771&cs_search= HTTP/1.1" 200 11682 "-" "Mozilla/5.0 (compatible; MJ12bot/v1.4.5; http://www.majestic12.co.uk/bot.php?+)"
217.103.97.99 - - [14/Apr/2015:14:00:51 +0200] "GET /news.php?cs_go=archiv&cs_id=4772&cs_search= HTTP/1.1" 200 11682 "-" "Mozilla/5.0 (compatible; MJ12bot/v1.4.5; http://www.majestic12.co.uk/bot.php?+)"
217.103.97.99 - - [14/Apr/2015:14:01:15 +0200] "GET /news.php?cs_go=archiv&cs_id=4773&cs_search= HTTP/1.1" 200 11682 "-" "Mozilla/5.0 (compatible; MJ12bot/v1.4.5; http://www.majestic12.co.uk/bot.php?+)"
217.103.97.99 - - [14/Apr/2015:14:01:38 +0200] "GET /news.php?cs_go=archiv&cs_id=4774&cs_search= HTTP/1.1" 200 11682 "-" "Mozilla/5.0 (compatible; MJ12bot/v1.4.5; http://www.majestic12.co.uk/bot.php?+)"
217.103.97.99 - - [14/Apr/2015:14:02:02 +0200] "GET /news.php?cs_go=archiv&cs_id=4775&cs_search= HTTP/1.1" 200 11682 "-" "Mozilla/5.0 (compatible; MJ12bot/v1.4.5; http://www.majestic12.co.uk/bot.php?+)"
217.103.97.99 - - [14/Apr/2015:14:02:24 +0200] "GET /news.php?cs_go=archiv&cs_id=4930 HTTP/1.1" 200 11682 "-" "Mozilla/5.0 (compatible; MJ12bot/v1.4.5; http://www.majestic12.co.uk/bot.php?+)"
217.103.97.99 - - [14/Apr/2015:14:02:47 +0200] "GET /news.php?cs_go=archiv&cs_id=4933 HTTP/1.1" 200 11682 "-" "Mozilla/5.0 (compatible; MJ12bot/v1.4.5; http://www.majestic12.co.uk/bot.php?+)"
217.103.97.99 - - [14/Apr/2015:14:03:10 +0200] "GET /news.php?cs_go=archiv&cs_id=4934 HTTP/1.1" 200 11682 "-" "Mozilla/5.0 (compatible; MJ12bot/v1.4.5; http://www.majestic12.co.uk/bot.php?+)"
217.103.97.99 - - [14/Apr/2015:14:03:33 +0200] "GET /news.php?cs_go=archiv&cs_id=4948 HTTP/1.1" 200 11682 "-" "Mozilla/5.0 (compatible; MJ12bot/v1.4.5; http://www.majestic12.co.uk/bot.php?+)"
217.103.97.99 - - [14/Apr/2015:14:03:55 +0200] "GET /news.php?cs_go=archiv&cs_id=5181&cs_search= HTTP/1.1" 200 11682 "-" "Mozilla/5.0 (compatible; MJ12bot/v1.4.5; http://www.majestic12.co.uk/bot.php?+)"
217.103.97.99 - - [14/Apr/2015:14:04:18 +0200] "GET /news.php?cs_go=archiv&cs_id=5187&cs_search= HTTP/1.1" 200 11682 "-" "Mozilla/5.0 (compatible; MJ12bot/v1.4.5; http://www.majestic12.co.uk/bot.php?+)"
217.103.97.99 - - [14/Apr/2015:14:04:40 +0200] "GET /news.php?cs_go=archiv&cs_id=5190 HTTP/1.1" 200 11682 "-" "Mozilla/5.0 (compatible; MJ12bot/v1.4.5; http://www.majestic12.co.uk/bot.php?+)"
217.103.97.99 - - [14/Apr/2015:14:05:03 +0200] "GET /news.php?cs_go=archiv&cs_id=5190&cs_search= HTTP/1.1" 200 11682 "-" "Mozilla/5.0 (compatible; MJ12bot/v1.4.5; http://www.majestic12.co.uk/bot.php?+)"
217.103.97.99 - - [14/Apr/2015:14:05:26 +0200] "GET /news.php?cs_go=archiv&cs_id=5193 HTTP/1.1" 200 11682 "-" "Mozilla/5.0 (compatible; MJ12bot/v1.4.5; http://www.majestic12.co.uk/bot.php?+)"
217.103.97.99 - - [14/Apr/2015:14:05:48 +0200] "GET /news.php?cs_go=archiv&cs_id=5194 HTTP/1.1" 200 11682 "-" "Mozilla/5.0 (compatible; MJ12bot/v1.4.5; http://www.majestic12.co.uk/bot.php?+)"
217.103.97.99 - - [14/Apr/2015:14:06:11 +0200] "GET /news.php?cs_go=archiv&cs_id=5194&cs_search= HTTP/1.1" 200 11682 "-" "Mozilla/5.0 (compatible; MJ12bot/v1.4.5; http://www.majestic12.co.uk/bot.php?+)"
66.249.78.142 - - [14/Apr/2015:14:43:27 +0200] "GET /robots.txt HTTP/1.1" 404 1256 "-" "Mozilla/5.0 (compatible; Googlebot/2.1; +http://www.google.com/bot.html)"
66.249.78.142 - - [14/Apr/2015:14:43:27 +0200] "GET / HTTP/1.1" 200 15920 "-" "Mozilla/5.0 (compatible; Googlebot/2.1; +http://www.google.com/bot.html)"
66.249.78.142 - - [14/Apr/2015:14:49:49 +0200] "GET / HTTP/1.1" 200 15920 "-" "Mozilla/5.0 (compatible; Googlebot/2.1; +http://www.google.com/bot.html)"
212.202.250.217 - - [14/Apr/2015:14:55:25 +0200] "GET / HTTP/1.1" 200 9656 "http://www.google.de/url?sa=t&rct=j&q=&esrc=s&source=web&cd=9&ved=0CEoQFjAI&url=http%3A%2F%2Fwww.esso-berlin.de%2F&ei=Ig4tVeLLKsTwaLD4gIAC&usg=AFQjCNFHOo9v_t_ximOj4ObOswMV2lDDow&bvm=bv.90790515,d.d2s" "Mozilla/5.0 (Windows NT 6.1; rv:31.0) Gecko/20100101 Firefox/31.0"
66.249.78.149 - - [14/Apr/2015:14:55:52 +0200] "GET / HTTP/1.1" 200 13249 "-" "Mozilla/5.0 (compatible; Googlebot/2.1; +http://www.google.com/bot.html)"
66.249.78.149 - - [14/Apr/2015:15:04:04 +0200] "GET /news.php?cs_go=archiv&cs_id=4171 HTTP/1.1" 200 11477 "-" "Mozilla/5.0 (compatible; Googlebot/2.1; +http://www.google.com/bot.html)"
66.249.78.210 - - [14/Apr/2015:15:12:11 +0200] "GET /robots.txt HTTP/1.1" 404 1256 "-" "Mozilla/5.0 (compatible; Googlebot/2.1; +http://www.google.com/bot.html)"
66.249.78.217 - - [14/Apr/2015:15:12:11 +0200] "GET /tankanlagen.php HTTP/1.1" 200 11688 "-" "Mozilla/5.0 (iPhone; CPU iPhone OS 6_0 like Mac OS X) AppleWebKit/536.26 (KHTML, like Gecko) Version/6.0 Mobile/10A5376e Safari/8536.25 (compatible; Googlebot/2.1; +http://www.google.com/bot.html)"
66.249.78.217 - - [14/Apr/2015:15:18:51 +0200] "GET /tankanlagen.php HTTP/1.1" 200 11688 "-" "Mozilla/5.0 (iPhone; CPU iPhone OS 6_0 like Mac OS X) AppleWebKit/536.26 (KHTML, like Gecko) Version/6.0 Mobile/10A5376e Safari/8536.25 (compatible; Googlebot/2.1; +http://www.google.com/bot.html)"
194.158.202.9 - - [14/Apr/2015:15:29:29 +0200] "GET /images/adblue_tankzug.jpg HTTP/1.1" 200 39542 "-" "Mozilla/5.0 (compatible; MSIE 10.0; Windows NT 6.2; WOW64; Trident/6.0)"
66.249.78.210 - - [14/Apr/2015:15:25:35 +0200] "GET /tankanlagen.php HTTP/1.1" 200 11688 "-" "Mozilla/5.0 (iPhone; CPU iPhone OS 6_0 like Mac OS X) AppleWebKit/536.26 (KHTML, like Gecko) Version/6.0 Mobile/10A5376e Safari/8536.25 (compatible; Googlebot/2.1; +http://www.google.com/bot.html)"
66.249.78.43 - - [14/Apr/2015:15:30:11 +0200] "GET / HTTP/1.1" 200 15920 "-" "Mozilla/5.0 (compatible; Googlebot/2.1; +http://www.google.com/bot.html)"
194.158.202.9 - - [14/Apr/2015:15:39:49 +0200] "GET /images/adblue_vorn.jpg HTTP/1.1" 200 17750 "-" "Mozilla/5.0 (compatible; MSIE 10.0; Windows NT 6.2; WOW64; Trident/6.0)"
66.249.78.36 - - [14/Apr/2015:15:36:17 +0200] "GET / HTTP/1.1" 200 15920 "-" "Mozilla/5.0 (compatible; Googlebot/2.1; +http://www.google.com/bot.html)"
66.249.78.50 - - [14/Apr/2015:15:42:27 +0200] "GET / HTTP/1.1" 200 15920 "-" "Mozilla/5.0 (compatible; Googlebot/2.1; +http://www.google.com/bot.html)"
66.249.78.50 - - [14/Apr/2015:16:12:59 +0200] "GET /diesel.php HTTP/1.1" 200 11962 "-" "Mozilla/5.0 (compatible; Googlebot/2.1; +http://www.google.com/bot.html)"
66.249.78.2 - - [14/Apr/2015:16:22:21 +0200] "GET /robots.txt HTTP/1.1" 404 1256 "-" "Mozilla/5.0 (compatible; Googlebot/2.1; +http://www.google.com/bot.html)"
66.249.78.43 - - [14/Apr/2015:16:19:21 +0200] "GET /diesel.php HTTP/1.1" 200 11962 "-" "Mozilla/5.0 (compatible; Googlebot/2.1; +http://www.google.com/bot.html)"
66.249.78.2 - - [14/Apr/2015:16:22:21 +0200] "GET / HTTP/1.1" 200 15920 "-" "Mozilla/5.0 (compatible; Googlebot/2.1; +http://www.google.com/bot.html)"
66.249.78.43 - - [14/Apr/2015:16:25:28 +0200] "GET /diesel.php HTTP/1.1" 200 11962 "-" "Mozilla/5.0 (compatible; Googlebot/2.1; +http://www.google.com/bot.html)"
66.249.64.173 - - [14/Apr/2015:16:28:29 +0200] "GET / HTTP/1.1" 200 15920 "-" "Mozilla/5.0 (compatible; Googlebot/2.1; +http://www.google.com/bot.html)"
66.249.78.2 - - [14/Apr/2015:16:35:02 +0200] "GET / HTTP/1.1" 200 15920 "-" "Mozilla/5.0 (compatible; Googlebot/2.1; +http://www.google.com/bot.html)"
66.249.78.135 - - [14/Apr/2015:17:08:36 +0200] "GET / HTTP/1.1" 200 15920 "-" "Mozilla/5.0 (compatible; Googlebot/2.1; +http://www.google.com/bot.html)"
66.249.78.149 - - [14/Apr/2015:17:14:48 +0200] "GET / HTTP/1.1" 200 15920 "-" "Mozilla/5.0 (compatible; Googlebot/2.1; +http://www.google.com/bot.html)"
66.249.78.149 - - [14/Apr/2015:17:21:14 +0200] "GET / HTTP/1.1" 200 15920 "-" "Mozilla/5.0 (compatible; Googlebot/2.1; +http://www.google.com/bot.html)"
88.198.210.14 - - [14/Apr/2015:17:31:01 +0200] "GET / HTTP/1.1" 200 16125 "-" "Mozilla/5.0 (Macintosh; Intel Mac OS X 10.6; rv:22.0) Gecko/20100101 Firefox/22.0"
66.249.78.135 - - [14/Apr/2015:17:43:25 +0200] "GET /kwk.php HTTP/1.1" 200 11474 "-" "Mozilla/5.0 (iPhone; CPU iPhone OS 6_0 like Mac OS X) AppleWebKit/536.26 (KHTML, like Gecko) Version/6.0 Mobile/10A5376e Safari/8536.25 (compatible; Googlebot/2.1; +http://www.google.com/bot.html)"
66.249.78.142 - - [14/Apr/2015:17:49:56 +0200] "GET /kwk.php HTTP/1.1" 200 11474 "-" "Mozilla/5.0 (iPhone; CPU iPhone OS 6_0 like Mac OS X) AppleWebKit/536.26 (KHTML, like Gecko) Version/6.0 Mobile/10A5376e Safari/8536.25 (compatible; Googlebot/2.1; +http://www.google.com/bot.html)"
123.125.71.74 - - [14/Apr/2015:17:58:57 +0200] "GET / HTTP/1.1" 200 9656 "-" "Mozilla/5.0 (Windows NT 5.1; rv:6.0.2) Gecko/20100101 Firefox/6.0.2"
66.249.78.149 - - [14/Apr/2015:17:56:23 +0200] "GET /kwk.php HTTP/1.1" 200 11474 "-" "Mozilla/5.0 (iPhone; CPU iPhone OS 6_0 like Mac OS X) AppleWebKit/536.26 (KHTML, like Gecko) Version/6.0 Mobile/10A5376e Safari/8536.25 (compatible; Googlebot/2.1; +http://www.google.com/bot.html)"
220.181.108.76 - - [14/Apr/2015:18:06:05 +0200] "GET / HTTP/1.1" 200 9656 "-" "Mozilla/5.0 (Windows NT 5.1; rv:6.0.2) Gecko/20100101 Firefox/6.0.2"
66.249.78.210 - - [14/Apr/2015:18:12:47 +0200] "GET /ec.php HTTP/1.1" 200 11616 "-" "Mozilla/5.0 (iPhone; CPU iPhone OS 6_0 like Mac OS X) AppleWebKit/536.26 (KHTML, like Gecko) Version/6.0 Mobile/10A5376e Safari/8536.25 (compatible; Googlebot/2.1; +http://www.google.com/bot.html)"
66.249.78.217 - - [14/Apr/2015:18:19:21 +0200] "GET /ec.php HTTP/1.1" 200 11616 "-" "Mozilla/5.0 (iPhone; CPU iPhone OS 6_0 like Mac OS X) AppleWebKit/536.26 (KHTML, like Gecko) Version/6.0 Mobile/10A5376e Safari/8536.25 (compatible; Googlebot/2.1; +http://www.google.com/bot.html)"
66.249.78.210 - - [14/Apr/2015:18:25:43 +0200] "GET /ec.php HTTP/1.1" 200 11616 "-" "Mozilla/5.0 (iPhone; CPU iPhone OS 6_0 like Mac OS X) AppleWebKit/536.26 (KHTML, like Gecko) Version/6.0 Mobile/10A5376e Safari/8536.25 (compatible; Googlebot/2.1; +http://www.google.com/bot.html)"
66.249.78.161 - - [14/Apr/2015:18:50:44 +0200] "GET /robots.txt HTTP/1.1" 404 1256 "-" "Mozilla/5.0 (compatible; Googlebot/2.1; +http://www.google.com/bot.html)"
66.249.78.154 - - [14/Apr/2015:18:50:44 +0200] "GET / HTTP/1.1" 200 15920 "-" "Mozilla/5.0 (compatible; Googlebot/2.1; +http://www.google.com/bot.html)"
66.249.78.161 - - [14/Apr/2015:18:57:09 +0200] "GET / HTTP/1.1" 200 15920 "-" "Mozilla/5.0 (compatible; Googlebot/2.1; +http://www.google.com/bot.html)"
79.244.64.192 - - [14/Apr/2015:19:07:28 +0200] "GET /img/favicon.ico HTTP/1.1" 404 1256 "-" "Mozilla/5.0 (Windows NT 6.1; Win64; x64; Trident/7.0; rv:11.0) like Gecko"
79.244.64.192 - - [14/Apr/2015:19:07:28 +0200] "GET /favicon.ico HTTP/1.1" 404 1256 "-" "Mozilla/5.0 (Windows NT 6.1; Win64; x64; Trident/7.0; rv:11.0) like Gecko"
66.249.78.154 - - [14/Apr/2015:19:03:38 +0200] "GET / HTTP/1.1" 200 15920 "-" "Mozilla/5.0 (compatible; Googlebot/2.1; +http://www.google.com/bot.html)"
66.249.78.36 - - [14/Apr/2015:19:42:31 +0200] "GET / HTTP/1.1" 200 15920 "-" "Mozilla/5.0 (compatible; Googlebot/2.1; +http://www.google.com/bot.html)"
66.249.78.50 - - [14/Apr/2015:19:49:08 +0200] "GET / HTTP/1.1" 200 15920 "-" "Mozilla/5.0 (compatible; Googlebot/2.1; +http://www.google.com/bot.html)"
66.249.78.43 - - [14/Apr/2015:19:55:38 +0200] "GET / HTTP/1.1" 200 15920 "-" "Mozilla/5.0 (compatible; Googlebot/2.1; +http://www.google.com/bot.html)"
66.249.78.126 - - [14/Apr/2015:20:39:47 +0200] "GET /robots.txt HTTP/1.1" 404 1256 "-" "Mozilla/5.0 (compatible; Googlebot/2.1; +http://www.google.com/bot.html)"
66.249.78.112 - - [14/Apr/2015:20:39:47 +0200] "GET /style.css HTTP/1.1" 200 8056 "-" "Mozilla/5.0 (compatible; Googlebot/2.1; +http://www.google.com/bot.html)"
66.249.78.126 - - [14/Apr/2015:20:39:48 +0200] "GET /js/slider.js HTTP/1.1" 200 773 "-" "Mozilla/5.0 (compatible; Googlebot/2.1; +http://www.google.com/bot.html)"
66.249.78.119 - - [14/Apr/2015:20:39:48 +0200] "GET /js/jquery.min.js HTTP/1.1" 200 57254 "-" "Mozilla/5.0 (compatible; Googlebot/2.1; +http://www.google.com/bot.html)"
66.249.78.126 - - [14/Apr/2015:20:39:49 +0200] "GET /js/ddaccordion.js HTTP/1.1" 200 12534 "-" "Mozilla/5.0 (compatible; Googlebot/2.1; +http://www.google.com/bot.html)"
66.249.78.119 - - [14/Apr/2015:20:39:49 +0200] "GET /modul.css HTTP/1.1" 200 36485 "-" "Mozilla/5.0 (compatible; Googlebot/2.1; +http://www.google.com/bot.html)"
157.55.39.146 - - [14/Apr/2015:21:27:55 +0200] "GET /robots.txt HTTP/1.1" 404 1256 "-" "Mozilla/5.0 (compatible; bingbot/2.0; +http://www.bing.com/bingbot.htm)"
207.46.13.20 - - [14/Apr/2015:21:26:24 +0200] "GET / HTTP/1.1" 200 9656 "-" "Mozilla/5.0 (compatible; bingbot/2.0; +http://www.bing.com/bingbot.htm)"
157.55.39.146 - - [14/Apr/2015:21:28:48 +0200] "GET /preisentwicklung.php HTTP/1.1" 200 3519 "-" "Mozilla/5.0 (compatible; bingbot/2.0; +http://www.bing.com/bingbot.htm)"
88.198.208.74 - - [14/Apr/2015:21:32:05 +0200] "GET / HTTP/1.1" 200 16125 "-" "Mozilla/5.0 (Macintosh; Intel Mac OS X 10.6; rv:22.0) Gecko/20100101 Firefox/22.0"
123.125.71.99 - - [14/Apr/2015:22:05:44 +0200] "GET / HTTP/1.1" 200 9656 "-" "Mozilla/5.0 (Windows NT 5.1; rv:6.0.2) Gecko/20100101 Firefox/6.0.2"
220.181.108.85 - - [14/Apr/2015:22:11:04 +0200] "GET / HTTP/1.1" 200 9656 "-" "Mozilla/5.0 (Windows NT 5.1; rv:6.0.2) Gecko/20100101 Firefox/6.0.2"
66.249.78.135 - - [14/Apr/2015:22:14:08 +0200] "GET /news.php?cs_go=archiv&cs_id=4171 HTTP/1.1" 200 11477 "-" "Mozilla/5.0 (compatible; Googlebot/2.1; +http://www.google.com/bot.html)"
66.249.78.142 - - [14/Apr/2015:22:20:31 +0200] "GET /news.php?cs_go=archiv&cs_id=4171 HTTP/1.1" 200 11477 "-" "Mozilla/5.0 (compatible; Googlebot/2.1; +http://www.google.com/bot.html)"
66.249.78.142 - - [14/Apr/2015:22:26:58 +0200] "GET /news.php?cs_go=archiv&cs_id=4171 HTTP/1.1" 200 11477 "-" "Mozilla/5.0 (compatible; Googlebot/2.1; +http://www.google.com/bot.html)"
66.249.78.36 - - [15/Apr/2015:00:08:10 +0200] "GET /robots.txt HTTP/1.1" 404 1256 "-" "Mozilla/5.0 (compatible; Googlebot/2.1; +http://www.google.com/bot.html)"
66.249.78.36 - - [15/Apr/2015:00:08:10 +0200] "GET /tankanlagen.php HTTP/1.1" 200 11688 "-" "SAMSUNG-SGH-E250/1.0 Profile/MIDP-2.0 Configuration/CLDC-1.1 UP.Browser/6.2.3.3.c.1.101 (GUI) MMP/2.0 (compatible; Googlebot-Mobile/2.1; +http://www.google.com/bot.html)"
66.249.78.50 - - [15/Apr/2015:00:14:53 +0200] "GET /tankanlagen.php HTTP/1.1" 200 11688 "-" "SAMSUNG-SGH-E250/1.0 Profile/MIDP-2.0 Configuration/CLDC-1.1 UP.Browser/6.2.3.3.c.1.101 (GUI) MMP/2.0 (compatible; Googlebot-Mobile/2.1; +http://www.google.com/bot.html)"
66.249.78.50 - - [15/Apr/2015:00:21:22 +0200] "GET /tankanlagen.php HTTP/1.1" 200 11688 "-" "SAMSUNG-SGH-E250/1.0 Profile/MIDP-2.0 Configuration/CLDC-1.1 UP.Browser/6.2.3.3.c.1.101 (GUI) MMP/2.0 (compatible; Googlebot-Mobile/2.1; +http://www.google.com/bot.html)"
66.249.78.149 - - [15/Apr/2015:02:26:10 +0200] "GET /kwk.php HTTP/1.1" 200 11474 "-" "Mozilla/5.0 (iPhone; CPU iPhone OS 6_0 like Mac OS X) AppleWebKit/536.26 (KHTML, like Gecko) Version/6.0 Mobile/10A5376e Safari/8536.25 (compatible; Googlebot/2.1; +http://www.google.com/bot.html)"
66.249.64.156 - - [15/Apr/2015:02:32:20 +0200] "GET /kwk.php HTTP/1.1" 200 11474 "-" "Mozilla/5.0 (iPhone; CPU iPhone OS 6_0 like Mac OS X) AppleWebKit/536.26 (KHTML, like Gecko) Version/6.0 Mobile/10A5376e Safari/8536.25 (compatible; Googlebot/2.1; +http://www.google.com/bot.html)"
66.249.64.156 - - [15/Apr/2015:02:38:37 +0200] "GET /kwk.php HTTP/1.1" 200 11474 "-" "Mozilla/5.0 (iPhone; CPU iPhone OS 6_0 like Mac OS X) AppleWebKit/536.26 (KHTML, like Gecko) Version/6.0 Mobile/10A5376e Safari/8536.25 (compatible; Googlebot/2.1; +http://www.google.com/bot.html)"
66.249.78.135 - - [15/Apr/2015:02:52:37 +0200] "GET /robots.txt HTTP/1.1" 404 1256 "-" "Mozilla/5.0 (compatible; Googlebot/2.1; +http://www.google.com/bot.html)"
66.249.78.149 - - [15/Apr/2015:02:52:37 +0200] "GET /style.css HTTP/1.1" 200 8056 "-" "Mozilla/5.0 (compatible; Googlebot/2.1; +http://www.google.com/bot.html)"
66.249.78.142 - - [15/Apr/2015:02:52:37 +0200] "GET /modul.css HTTP/1.1" 200 36485 "-" "Mozilla/5.0 (compatible; Googlebot/2.1; +http://www.google.com/bot.html)"
123.125.71.79 - - [15/Apr/2015:04:02:07 +0200] "GET / HTTP/1.1" 200 9656 "-" "Mozilla/5.0 (Windows NT 5.1; rv:6.0.2) Gecko/20100101 Firefox/6.0.2"
220.181.108.96 - - [15/Apr/2015:04:07:33 +0200] "GET / HTTP/1.1" 200 9656 "-" "Mozilla/5.0 (Windows NT 5.1; rv:6.0.2) Gecko/20100101 Firefox/6.0.2"
66.249.64.171 - - [15/Apr/2015:05:10:12 +0200] "GET /news.php?cs_go=archiv&cs_id=5258 HTTP/1.1" 200 11477 "-" "Mozilla/5.0 (compatible; Googlebot/2.1; +http://www.google.com/bot.html)"
66.249.78.43 - - [15/Apr/2015:05:16:21 +0200] "GET /news.php?cs_go=archiv&cs_id=5258 HTTP/1.1" 200 11477 "-" "Mozilla/5.0 (compatible; Googlebot/2.1; +http://www.google.com/bot.html)"
66.249.78.50 - - [15/Apr/2015:05:22:32 +0200] "GET /news.php?cs_go=archiv&cs_id=5258 HTTP/1.1" 200 11477 "-" "Mozilla/5.0 (compatible; Googlebot/2.1; +http://www.google.com/bot.html)"
66.249.78.43 - - [15/Apr/2015:06:29:55 +0200] "GET /m/ HTTP/1.1" 404 1256 "-" "Mozilla/5.0 (iPhone; CPU iPhone OS 6_0 like Mac OS X) AppleWebKit/536.26 (KHTML, like Gecko) Version/6.0 Mobile/10A5376e Safari/8536.25 (compatible; Googlebot/2.1; +http://www.google.com/bot.html)"
157.55.39.163 - - [15/Apr/2015:06:49:34 +0200] "GET /images/adblue_vorn.jpg HTTP/1.1" 200 17750 "-" "msnbot-media/1.1 (+http://search.msn.com/msnbot.htm)"
220.181.132.220 - - [15/Apr/2015:07:23:12 +0200] "GET / HTTP/1.1" 200 15920 "http://www.esso-berlin.de/" "Mozilla/4.0 (compatible; MSIE 8.0; Windows NT 6.1; Trident/4.0; SLCC2; .NET CLR 2.0.50727; .NET CLR 3.5.30729; .NET CLR 3.0.30729; Media Center PC 6.0; Tablet PC 2.0)"
157.55.39.198 - - [15/Apr/2015:07:53:19 +0200] "GET /agb.php HTTP/1.1" 200 9146 "-" "Mozilla/5.0 (compatible; bingbot/2.0; +http://www.bing.com/bingbot.htm)"
157.55.39.125 - - [15/Apr/2015:07:56:39 +0200] "GET /images/adblue.png HTTP/1.1" 200 10428 "-" "msnbot-media/1.1 (+http://search.msn.com/msnbot.htm)"
198.27.82.147 - - [15/Apr/2015:07:59:13 +0200] "GET /robots.txt HTTP/1.0" 404 1256 "-" "Mozilla/5.0 (compatible; MJ12bot/v1.4.5; http://www.majestic12.co.uk/bot.php?+)"
198.27.82.147 - - [15/Apr/2015:07:59:14 +0200] "GET /news.php?cs_go=archiv&cs_id=5209&cs_search= HTTP/1.0" 200 11477 "-" "Mozilla/5.0 (compatible; MJ12bot/v1.4.5; http://www.majestic12.co.uk/bot.php?+)"
198.27.82.147 - - [15/Apr/2015:07:59:58 +0200] "GET /news.php?cs_go=archiv&cs_id=5210&cs_search= HTTP/1.0" 200 11477 "-" "Mozilla/5.0 (compatible; MJ12bot/v1.4.5; http://www.majestic12.co.uk/bot.php?+)"
