66.249.78.50 - - [16/Apr/2015:18:04:21 +0200] "GET /news.php?cs_go=archiv&cs_id=5258 HTTP/1.1" 200 11477 "-" "Mozilla/5.0 (compatible; Googlebot/2.1; +http://www.google.com/bot.html)"
66.249.78.36 - - [16/Apr/2015:18:19:43 +0200] "GET /m/ HTTP/1.1" 404 1256 "-" "Mozilla/5.0 (iPhone; CPU iPhone OS 6_0 like Mac OS X) AppleWebKit/536.26 (KHTML, like Gecko) Version/6.0 Mobile/10A5376e Safari/8536.25 (compatible; Googlebot/2.1; +http://www.google.com/bot.html)"
66.249.78.43 - - [16/Apr/2015:18:30:26 +0200] "GET /tankanlagen.php HTTP/1.1" 200 11688 "-" "Mozilla/5.0 (iPhone; CPU iPhone OS 6_0 like Mac OS X) AppleWebKit/536.26 (KHTML, like Gecko) Version/6.0 Mobile/10A5376e Safari/8536.25 (compatible; Googlebot/2.1; +http://www.google.com/bot.html)"
66.249.78.50 - - [16/Apr/2015:18:36:55 +0200] "GET /tankanlagen.php HTTP/1.1" 200 11688 "-" "Mozilla/5.0 (iPhone; CPU iPhone OS 6_0 like Mac OS X) AppleWebKit/536.26 (KHTML, like Gecko) Version/6.0 Mobile/10A5376e Safari/8536.25 (compatible; Googlebot/2.1; +http://www.google.com/bot.html)"
66.249.78.43 - - [16/Apr/2015:18:43:09 +0200] "GET /tankanlagen.php HTTP/1.1" 200 11688 "-" "Mozilla/5.0 (iPhone; CPU iPhone OS 6_0 like Mac OS X) AppleWebKit/536.26 (KHTML, like Gecko) Version/6.0 Mobile/10A5376e Safari/8536.25 (compatible; Googlebot/2.1; +http://www.google.com/bot.html)"
66.249.78.210 - - [16/Apr/2015:18:52:17 +0200] "GET /robots.txt HTTP/1.1" 404 1256 "-" "Mozilla/5.0 (compatible; Googlebot/2.1; +http://www.google.com/bot.html)"
66.249.78.217 - - [16/Apr/2015:18:52:17 +0200] "GET /preisanfrage.php HTTP/1.1" 200 11493 "-" "Mozilla/5.0 (iPhone; CPU iPhone OS 6_0 like Mac OS X) AppleWebKit/536.26 (KHTML, like Gecko) Version/6.0 Mobile/10A5376e Safari/8536.25 (compatible; Googlebot/2.1; +http://www.google.com/bot.html)"
66.249.78.50 - - [16/Apr/2015:18:49:16 +0200] "GET /tankanlagen.php HTTP/1.1" 200 11688 "-" "Mozilla/5.0 (iPhone; CPU iPhone OS 6_0 like Mac OS X) AppleWebKit/536.26 (KHTML, like Gecko) Version/6.0 Mobile/10A5376e Safari/8536.25 (compatible; Googlebot/2.1; +http://www.google.com/bot.html)"
66.249.78.217 - - [16/Apr/2015:18:58:52 +0200] "GET /preisanfrage.php HTTP/1.1" 200 11493 "-" "Mozilla/5.0 (iPhone; CPU iPhone OS 6_0 like Mac OS X) AppleWebKit/536.26 (KHTML, like Gecko) Version/6.0 Mobile/10A5376e Safari/8536.25 (compatible; Googlebot/2.1; +http://www.google.com/bot.html)"
66.249.78.50 - - [16/Apr/2015:18:55:52 +0200] "GET /tankanlagen.php HTTP/1.1" 200 11688 "-" "Mozilla/5.0 (iPhone; CPU iPhone OS 6_0 like Mac OS X) AppleWebKit/536.26 (KHTML, like Gecko) Version/6.0 Mobile/10A5376e Safari/8536.25 (compatible; Googlebot/2.1; +http://www.google.com/bot.html)"
66.249.78.217 - - [16/Apr/2015:19:05:32 +0200] "GET /preisanfrage.php HTTP/1.1" 200 11493 "-" "Mozilla/5.0 (iPhone; CPU iPhone OS 6_0 like Mac OS X) AppleWebKit/536.26 (KHTML, like Gecko) Version/6.0 Mobile/10A5376e Safari/8536.25 (compatible; Googlebot/2.1; +http://www.google.com/bot.html)"
188.165.15.176 - - [16/Apr/2015:19:15:43 +0200] "GET /robots.txt HTTP/1.1" 404 1256 "-" "Mozilla/5.0 (compatible; AhrefsBot/5.0; +http://ahrefs.com/robot/)"
66.249.78.50 - - [16/Apr/2015:19:10:03 +0200] "GET /diesel.php HTTP/1.1" 200 11962 "-" "Mozilla/5.0 (compatible; Googlebot/2.1; +http://www.google.com/bot.html)"
66.249.78.126 - - [16/Apr/2015:19:19:19 +0200] "GET /robots.txt HTTP/1.1" 404 1256 "-" "Mozilla/5.0 (compatible; Googlebot/2.1; +http://www.google.com/bot.html)"
66.249.78.36 - - [16/Apr/2015:19:16:19 +0200] "GET /diesel.php HTTP/1.1" 200 11962 "-" "Mozilla/5.0 (compatible; Googlebot/2.1; +http://www.google.com/bot.html)"
66.249.78.126 - - [16/Apr/2015:19:19:19 +0200] "GET /news.php?cs_go=archiv&cs_startpos=30 HTTP/1.1" 200 11477 "-" "Mozilla/5.0 (compatible; Googlebot/2.1; +http://www.google.com/bot.html)"
66.249.78.36 - - [16/Apr/2015:19:22:37 +0200] "GET /diesel.php HTTP/1.1" 200 11962 "-" "Mozilla/5.0 (compatible; Googlebot/2.1; +http://www.google.com/bot.html)"
66.249.78.126 - - [16/Apr/2015:19:25:37 +0200] "GET /news.php?cs_go=archiv&cs_startpos=30 HTTP/1.1" 200 11477 "-" "Mozilla/5.0 (compatible; Googlebot/2.1; +http://www.google.com/bot.html)"
66.249.78.119 - - [16/Apr/2015:19:32:05 +0200] "GET /news.php?cs_go=archiv&cs_startpos=30 HTTP/1.1" 200 11477 "-" "Mozilla/5.0 (compatible; Googlebot/2.1; +http://www.google.com/bot.html)"
66.249.78.50 - - [16/Apr/2015:19:53:01 +0200] "GET /kwk.php HTTP/1.1" 200 11474 "-" "Mozilla/5.0 (iPhone; CPU iPhone OS 6_0 like Mac OS X) AppleWebKit/536.26 (KHTML, like Gecko) Version/6.0 Mobile/10A5376e Safari/8536.25 (compatible; Googlebot/2.1; +http://www.google.com/bot.html)"
66.249.78.43 - - [16/Apr/2015:19:59:11 +0200] "GET /kwk.php HTTP/1.1" 200 11474 "-" "Mozilla/5.0 (iPhone; CPU iPhone OS 6_0 like Mac OS X) AppleWebKit/536.26 (KHTML, like Gecko) Version/6.0 Mobile/10A5376e Safari/8536.25 (compatible; Googlebot/2.1; +http://www.google.com/bot.html)"
66.249.78.135 - - [16/Apr/2015:20:10:19 +0200] "GET /robots.txt HTTP/1.1" 404 1256 "-" "Mozilla/5.0 (compatible; Googlebot/2.1; +http://www.google.com/bot.html)"
66.249.78.50 - - [16/Apr/2015:20:05:35 +0200] "GET /kwk.php HTTP/1.1" 200 11474 "-" "Mozilla/5.0 (iPhone; CPU iPhone OS 6_0 like Mac OS X) AppleWebKit/536.26 (KHTML, like Gecko) Version/6.0 Mobile/10A5376e Safari/8536.25 (compatible; Googlebot/2.1; +http://www.google.com/bot.html)"
66.249.78.142 - - [16/Apr/2015:20:10:19 +0200] "GET /news.php?cs_go=archiv&cs_id=4917 HTTP/1.1" 200 11477 "-" "Mozilla/5.0 (compatible; Googlebot/2.1; +http://www.google.com/bot.html)"
66.249.78.135 - - [16/Apr/2015:20:16:31 +0200] "GET /news.php?cs_go=archiv&cs_id=4917 HTTP/1.1" 200 11477 "-" "Mozilla/5.0 (compatible; Googlebot/2.1; +http://www.google.com/bot.html)"
66.249.78.135 - - [16/Apr/2015:20:22:36 +0200] "GET /news.php?cs_go=archiv&cs_id=4917 HTTP/1.1" 200 11477 "-" "Mozilla/5.0 (compatible; Googlebot/2.1; +http://www.google.com/bot.html)"
66.249.78.184 - - [16/Apr/2015:20:34:19 +0200] "GET /robots.txt HTTP/1.1" 404 1256 "-" "Mozilla/5.0 (compatible; Googlebot/2.1; +http://www.google.com/bot.html)"
66.249.78.177 - - [16/Apr/2015:20:34:19 +0200] "GET /news.php?cs_go=archiv&cs_id=4917 HTTP/1.1" 200 11477 "-" "Mozilla/5.0 (compatible; Googlebot/2.1; +http://www.google.com/bot.html)"
66.249.78.170 - - [16/Apr/2015:20:37:53 +0200] "GET /news.php?cs_go=archiv&cs_id=4917 HTTP/1.1" 200 11477 "-" "Mozilla/5.0 (compatible; Googlebot/2.1; +http://www.google.com/bot.html)"
66.249.78.36 - - [16/Apr/2015:20:45:35 +0200] "GET /preisanfrage.php HTTP/1.1" 200 11493 "-" "Mozilla/5.0 (iPhone; CPU iPhone OS 6_0 like Mac OS X) AppleWebKit/536.26 (KHTML, like Gecko) Version/6.0 Mobile/10A5376e Safari/8536.25 (compatible; Googlebot/2.1; +http://www.google.com/bot.html)"
66.249.78.36 - - [16/Apr/2015:20:48:35 +0200] "GET /news.php?cs_go=archiv&cs_id=5258 HTTP/1.1" 200 11477 "-" "Mozilla/5.0 (compatible; Googlebot/2.1; +http://www.google.com/bot.html)"
66.249.64.89 - - [16/Apr/2015:20:52:05 +0200] "GET /preisanfrage.php HTTP/1.1" 200 11493 "-" "Mozilla/5.0 (iPhone; CPU iPhone OS 6_0 like Mac OS X) AppleWebKit/536.26 (KHTML, like Gecko) Version/6.0 Mobile/10A5376e Safari/8536.25 (compatible; Googlebot/2.1; +http://www.google.com/bot.html)"
66.249.78.50 - - [16/Apr/2015:20:55:05 +0200] "GET /news.php?cs_go=archiv&cs_id=5258 HTTP/1.1" 200 11477 "-" "Mozilla/5.0 (compatible; Googlebot/2.1; +http://www.google.com/bot.html)"
66.249.64.89 - - [16/Apr/2015:20:58:45 +0200] "GET /preisanfrage.php HTTP/1.1" 200 11493 "-" "Mozilla/5.0 (iPhone; CPU iPhone OS 6_0 like Mac OS X) AppleWebKit/536.26 (KHTML, like Gecko) Version/6.0 Mobile/10A5376e Safari/8536.25 (compatible; Googlebot/2.1; +http://www.google.com/bot.html)"
66.249.78.43 - - [16/Apr/2015:21:01:45 +0200] "GET /news.php?cs_go=archiv&cs_id=5258 HTTP/1.1" 200 11477 "-" "Mozilla/5.0 (compatible; Googlebot/2.1; +http://www.google.com/bot.html)"
66.249.78.43 - - [16/Apr/2015:21:09:18 +0200] "GET /modul.css HTTP/1.1" 200 36485 "-" "Mozilla/5.0 (compatible; Googlebot/2.1; +http://www.google.com/bot.html)"
66.249.78.50 - - [16/Apr/2015:21:09:19 +0200] "GET /style.css HTTP/1.1" 200 8056 "-" "Mozilla/5.0 (compatible; Googlebot/2.1; +http://www.google.com/bot.html)"
123.125.71.15 - - [16/Apr/2015:21:16:18 +0200] "GET / HTTP/1.1" 200 9656 "-" "Mozilla/5.0 (Windows NT 5.1; rv:6.0.2) Gecko/20100101 Firefox/6.0.2"
207.46.13.3 - - [16/Apr/2015:21:34:02 +0200] "GET /robots.txt HTTP/1.1" 404 1256 "-" "Mozilla/5.0 (compatible; bingbot/2.0; +http://www.bing.com/bingbot.htm)"
207.46.13.137 - - [16/Apr/2015:21:35:08 +0200] "GET /images/Industrieschmierstoffe_Katalog_March_2012.pdf HTTP/1.1" 200 1284222 "-" "Mozilla/5.0 (compatible; bingbot/2.0; +http://www.bing.com/bingbot.htm)"
207.46.13.137 - - [16/Apr/2015:21:35:39 +0200] "GET /robots.txt HTTP/1.1" 404 1256 "-" "Mozilla/5.0 (compatible; bingbot/2.0; +http://www.bing.com/bingbot.htm)"
207.46.13.73 - - [16/Apr/2015:21:36:20 +0200] "GET /robots.txt HTTP/1.1" 404 1256 "-" "Mozilla/5.0 (compatible; bingbot/2.0; +http://www.bing.com/bingbot.htm)"
207.46.13.3 - - [16/Apr/2015:21:33:13 +0200] "GET /index.php HTTP/1.1" 200 9656 "-" "Mozilla/5.0 (compatible; bingbot/2.0; +http://www.bing.com/bingbot.htm)"
207.46.13.3 - - [16/Apr/2015:21:33:13 +0200] "GET /heizoel.php HTTP/1.1" 200 9577 "-" "Mozilla/5.0 (compatible; bingbot/2.0; +http://www.bing.com/bingbot.htm)"
207.46.13.109 - - [16/Apr/2015:21:33:26 +0200] "GET /news.php?cs_go=archiv&cs_id=5335 HTTP/1.1" 200 9055 "-" "Mozilla/5.0 (compatible; bingbot/2.0; +http://www.bing.com/bingbot.htm)"
207.46.13.137 - - [16/Apr/2015:21:33:36 +0200] "GET /news.php?cs_go=archiv&cs_id=5336 HTTP/1.1" 200 9055 "-" "Mozilla/5.0 (compatible; bingbot/2.0; +http://www.bing.com/bingbot.htm)"
207.46.13.73 - - [16/Apr/2015:21:33:55 +0200] "GET /news.php?cs_go=archiv&cs_id=5334 HTTP/1.1" 200 9055 "-" "Mozilla/5.0 (compatible; bingbot/2.0; +http://www.bing.com/bingbot.htm)"
207.46.13.3 - - [16/Apr/2015:21:33:58 +0200] "GET /news.php?cs_go=archiv&cs_id=5368 HTTP/1.1" 200 9055 "-" "Mozilla/5.0 (compatible; bingbot/2.0; +http://www.bing.com/bingbot.htm)"
207.46.13.3 - - [16/Apr/2015:21:34:02 +0200] "GET /news.php?cs_go=archiv&cs_id=5374 HTTP/1.1" 200 9055 "-" "Mozilla/5.0 (compatible; bingbot/2.0; +http://www.bing.com/bingbot.htm)"
207.46.13.109 - - [16/Apr/2015:21:34:07 +0200] "GET /news.php?cs_go=archiv&cs_id=5332 HTTP/1.1" 200 9055 "-" "Mozilla/5.0 (compatible; bingbot/2.0; +http://www.bing.com/bingbot.htm)"
207.46.13.137 - - [16/Apr/2015:21:34:22 +0200] "GET /news.php?cs_go=archiv&cs_id=5257 HTTP/1.1" 200 9055 "-" "Mozilla/5.0 (compatible; bingbot/2.0; +http://www.bing.com/bingbot.htm)"
207.46.13.73 - - [16/Apr/2015:21:34:38 +0200] "GET /news.php?cs_go=archiv&cs_id=5333 HTTP/1.1" 200 9055 "-" "Mozilla/5.0 (compatible; bingbot/2.0; +http://www.bing.com/bingbot.htm)"
207.46.13.3 - - [16/Apr/2015:21:34:49 +0200] "GET /news.php?cs_go=archiv&cs_id=5364 HTTP/1.1" 200 9055 "-" "Mozilla/5.0 (compatible; bingbot/2.0; +http://www.bing.com/bingbot.htm)"
207.46.13.109 - - [16/Apr/2015:21:34:52 +0200] "GET /news.php?cs_go=archiv&cs_id=5258 HTTP/1.1" 200 9055 "-" "Mozilla/5.0 (compatible; bingbot/2.0; +http://www.bing.com/bingbot.htm)"
207.46.13.137 - - [16/Apr/2015:21:35:09 +0200] "GET /energiekostenvergleich.php HTTP/1.1" 200 9203 "-" "Mozilla/5.0 (compatible; bingbot/2.0; +http://www.bing.com/bingbot.htm)"
207.46.13.73 - - [16/Apr/2015:21:35:19 +0200] "GET /news.php?cs_go=archiv&cs_id=5255 HTTP/1.1" 200 9055 "-" "Mozilla/5.0 (compatible; bingbot/2.0; +http://www.bing.com/bingbot.htm)"
207.46.13.109 - - [16/Apr/2015:21:35:26 +0200] "GET /news.php?cs_go=archiv&cs_id=5254 HTTP/1.1" 200 9055 "-" "Mozilla/5.0 (compatible; bingbot/2.0; +http://www.bing.com/bingbot.htm)"
207.46.13.3 - - [16/Apr/2015:21:35:33 +0200] "GET /news.php?cs_go=archiv&cs_id=5363 HTTP/1.1" 200 9055 "-" "Mozilla/5.0 (compatible; bingbot/2.0; +http://www.bing.com/bingbot.htm)"
207.46.13.137 - - [16/Apr/2015:21:35:47 +0200] "GET /news.php?cs_go=archiv&cs_id=5369 HTTP/1.1" 200 9055 "-" "Mozilla/5.0 (compatible; bingbot/2.0; +http://www.bing.com/bingbot.htm)"
207.46.13.73 - - [16/Apr/2015:21:35:56 +0200] "GET /news.php?cs_go=archiv&cs_id=5252 HTTP/1.1" 200 9055 "-" "Mozilla/5.0 (compatible; bingbot/2.0; +http://www.bing.com/bingbot.htm)"
207.46.13.109 - - [16/Apr/2015:21:36:01 +0200] "GET /news.php?cs_go=archiv&cs_id=5253 HTTP/1.1" 200 9055 "-" "Mozilla/5.0 (compatible; bingbot/2.0; +http://www.bing.com/bingbot.htm)"
207.46.13.3 - - [16/Apr/2015:21:36:19 +0200] "GET /news.php?cs_go=archiv&cs_id=5337 HTTP/1.1" 200 9055 "-" "Mozilla/5.0 (compatible; bingbot/2.0; +http://www.bing.com/bingbot.htm)"
207.46.13.137 - - [16/Apr/2015:21:36:28 +0200] "GET /news.php?cs_go=archiv&cs_id=5375 HTTP/1.1" 200 9055 "-" "Mozilla/5.0 (compatible; bingbot/2.0; +http://www.bing.com/bingbot.htm)"
207.46.13.73 - - [16/Apr/2015:21:36:34 +0200] "GET /news.php?cs_go=archiv HTTP/1.1" 200 9055 "-" "Mozilla/5.0 (compatible; bingbot/2.0; +http://www.bing.com/bingbot.htm)"
207.46.13.109 - - [16/Apr/2015:21:36:52 +0200] "GET /foerdermittel.php HTTP/1.1" 200 9402 "-" "Mozilla/5.0 (compatible; bingbot/2.0; +http://www.bing.com/bingbot.htm)"
207.46.13.109 - - [16/Apr/2015:21:36:56 +0200] "GET /news.php?cs_go=archiv&cs_id=5376 HTTP/1.1" 200 9055 "-" "Mozilla/5.0 (compatible; bingbot/2.0; +http://www.bing.com/bingbot.htm)"
207.46.13.137 - - [16/Apr/2015:21:37:09 +0200] "GET /news.php?cs_go=archiv&cs_id=5365 HTTP/1.1" 200 9055 "-" "Mozilla/5.0 (compatible; bingbot/2.0; +http://www.bing.com/bingbot.htm)"
207.46.13.73 - - [16/Apr/2015:21:37:13 +0200] "GET /marktdaten.php HTTP/1.1" 200 11898 "-" "Mozilla/5.0 (compatible; bingbot/2.0; +http://www.bing.com/bingbot.htm)"
207.46.13.109 - - [16/Apr/2015:21:37:32 +0200] "GET /news.php?cs_go=archiv&cs_id=5366 HTTP/1.1" 200 9055 "-" "Mozilla/5.0 (compatible; bingbot/2.0; +http://www.bing.com/bingbot.htm)"
207.46.13.137 - - [16/Apr/2015:21:37:44 +0200] "GET /news.php?cs_go=archiv&cs_id=5362 HTTP/1.1" 200 9055 "-" "Mozilla/5.0 (compatible; bingbot/2.0; +http://www.bing.com/bingbot.htm)"
207.46.13.73 - - [16/Apr/2015:21:37:58 +0200] "GET /news.php?cs_go=archiv&cs_id=5367 HTTP/1.1" 200 9055 "-" "Mozilla/5.0 (compatible; bingbot/2.0; +http://www.bing.com/bingbot.htm)"
207.46.13.73 - - [16/Apr/2015:21:38:33 +0200] "GET /news.php?cs_go=archiv&cs_id=5370 HTTP/1.1" 200 9055 "-" "Mozilla/5.0 (compatible; bingbot/2.0; +http://www.bing.com/bingbot.htm)"
66.249.78.149 - - [16/Apr/2015:21:40:44 +0200] "GET /edl.php HTTP/1.1" 200 11816 "-" "Mozilla/5.0 (compatible; Googlebot/2.1; +http://www.google.com/bot.html)"
66.249.78.149 - - [16/Apr/2015:21:47:03 +0200] "GET /edl.php HTTP/1.1" 200 11816 "-" "Mozilla/5.0 (compatible; Googlebot/2.1; +http://www.google.com/bot.html)"
66.249.78.135 - - [16/Apr/2015:21:50:33 +0200] "GET /lexikon.php?cs_go=3&cs_id=1 HTTP/1.1" 200 11466 "-" "Mozilla/5.0 (compatible; Googlebot/2.1; +http://www.google.com/bot.html)"
66.249.78.142 - - [16/Apr/2015:21:53:33 +0200] "GET /edl.php HTTP/1.1" 200 11816 "-" "Mozilla/5.0 (compatible; Googlebot/2.1; +http://www.google.com/bot.html)"
66.249.78.135 - - [16/Apr/2015:21:56:59 +0200] "GET /lexikon.php?cs_go=3&cs_id=1 HTTP/1.1" 200 11466 "-" "Mozilla/5.0 (compatible; Googlebot/2.1; +http://www.google.com/bot.html)"
66.249.78.142 - - [16/Apr/2015:22:03:19 +0200] "GET /lexikon.php?cs_go=3&cs_id=1 HTTP/1.1" 200 11466 "-" "Mozilla/5.0 (compatible; Googlebot/2.1; +http://www.google.com/bot.html)"
123.125.71.56 - - [16/Apr/2015:22:20:58 +0200] "GET / HTTP/1.1" 200 9656 "-" "Mozilla/5.0 (Windows NT 5.1; rv:6.0.2) Gecko/20100101 Firefox/6.0.2"
66.249.78.126 - - [16/Apr/2015:22:32:49 +0200] "GET /news.php?cs_go=archiv&cs_id=5129 HTTP/1.1" 200 11477 "-" "Mozilla/5.0 (compatible; Googlebot/2.1; +http://www.google.com/bot.html)"
66.249.78.126 - - [16/Apr/2015:22:38:56 +0200] "GET /news.php?cs_go=archiv&cs_id=5129 HTTP/1.1" 200 11477 "-" "Mozilla/5.0 (compatible; Googlebot/2.1; +http://www.google.com/bot.html)"
66.249.78.210 - - [16/Apr/2015:22:41:56 +0200] "GET /news.php?cs_go=archiv&cs_startpos=90 HTTP/1.1" 200 11477 "-" "Mozilla/5.0 (compatible; Googlebot/2.1; +http://www.google.com/bot.html)"
66.249.78.112 - - [16/Apr/2015:22:45:04 +0200] "GET /news.php?cs_go=archiv&cs_id=5129 HTTP/1.1" 200 11477 "-" "Mozilla/5.0 (compatible; Googlebot/2.1; +http://www.google.com/bot.html)"
66.249.78.217 - - [16/Apr/2015:22:48:04 +0200] "GET /news.php?cs_go=archiv&cs_startpos=90 HTTP/1.1" 200 11477 "-" "Mozilla/5.0 (compatible; Googlebot/2.1; +http://www.google.com/bot.html)"
66.249.78.217 - - [16/Apr/2015:22:54:22 +0200] "GET /news.php?cs_go=archiv&cs_startpos=90 HTTP/1.1" 200 11477 "-" "Mozilla/5.0 (compatible; Googlebot/2.1; +http://www.google.com/bot.html)"
188.165.15.239 - - [16/Apr/2015:23:11:45 +0200] "GET /robots.txt HTTP/1.1" 404 1256 "-" "Mozilla/5.0 (compatible; AhrefsBot/5.0; +http://ahrefs.com/robot/)"
66.249.78.126 - - [16/Apr/2015:23:13:13 +0200] "GET /news.php?cs_go=archiv&cs_startpos=50 HTTP/1.1" 200 11477 "-" "Mozilla/5.0 (compatible; Googlebot/2.1; +http://www.google.com/bot.html)"
66.249.78.126 - - [16/Apr/2015:23:19:38 +0200] "GET /news.php?cs_go=archiv&cs_startpos=50 HTTP/1.1" 200 11477 "-" "Mozilla/5.0 (compatible; Googlebot/2.1; +http://www.google.com/bot.html)"
66.249.64.85 - - [16/Apr/2015:23:22:38 +0200] "GET / HTTP/1.1" 200 15920 "-" "DoCoMo/2.0 N905i(c100;TB;W24H16) (compatible; Googlebot-Mobile/2.1; +http://www.google.com/bot.html)"
66.249.64.95 - - [16/Apr/2015:23:25:39 +0200] "GET /news.php?cs_go=archiv&cs_id=5295&cs_search= HTTP/1.1" 200 11477 "-" "Mozilla/5.0 (compatible; Googlebot/2.1; +http://www.google.com/bot.html)"
66.249.78.126 - - [16/Apr/2015:23:28:39 +0200] "GET /news.php?cs_go=archiv&cs_startpos=50 HTTP/1.1" 200 11477 "-" "Mozilla/5.0 (compatible; Googlebot/2.1; +http://www.google.com/bot.html)"
66.249.64.87 - - [16/Apr/2015:23:31:39 +0200] "GET / HTTP/1.1" 200 15920 "-" "DoCoMo/2.0 N905i(c100;TB;W24H16) (compatible; Googlebot-Mobile/2.1; +http://www.google.com/bot.html)"
66.249.78.170 - - [16/Apr/2015:23:35:08 +0200] "GET /news.php?cs_go=archiv&cs_id=5295&cs_search= HTTP/1.1" 200 11477 "-" "Mozilla/5.0 (compatible; Googlebot/2.1; +http://www.google.com/bot.html)"
66.249.64.89 - - [16/Apr/2015:23:38:11 +0200] "GET / HTTP/1.1" 200 15920 "-" "DoCoMo/2.0 N905i(c100;TB;W24H16) (compatible; Googlebot-Mobile/2.1; +http://www.google.com/bot.html)"
66.249.78.177 - - [16/Apr/2015:23:41:40 +0200] "GET /news.php?cs_go=archiv&cs_id=5295&cs_search= HTTP/1.1" 200 11477 "-" "Mozilla/5.0 (compatible; Googlebot/2.1; +http://www.google.com/bot.html)"
66.249.78.170 - - [17/Apr/2015:00:11:38 +0200] "GET /news.php?cs_go=archiv&cs_id=4917 HTTP/1.1" 200 11477 "-" "Mozilla/5.0 (compatible; Googlebot/2.1; +http://www.google.com/bot.html)"
66.249.78.184 - - [17/Apr/2015:00:17:57 +0200] "GET /news.php?cs_go=archiv&cs_id=4917 HTTP/1.1" 200 11477 "-" "Mozilla/5.0 (compatible; Googlebot/2.1; +http://www.google.com/bot.html)"
66.249.78.249 - - [17/Apr/2015:00:28:41 +0200] "GET /robots.txt HTTP/1.1" 404 1256 "-" "Mozilla/5.0 (compatible; Googlebot/2.1; +http://www.google.com/bot.html)"
66.249.78.170 - - [17/Apr/2015:00:24:33 +0200] "GET /news.php?cs_go=archiv&cs_id=4917 HTTP/1.1" 200 11477 "-" "Mozilla/5.0 (compatible; Googlebot/2.1; +http://www.google.com/bot.html)"
66.249.78.249 - - [17/Apr/2015:00:28:41 +0200] "GET /lexikon.php HTTP/1.1" 200 11466 "-" "Mozilla/5.0 (compatible; Googlebot/2.1; +http://www.google.com/bot.html)"
66.249.64.87 - - [17/Apr/2015:00:35:06 +0200] "GET /lexikon.php HTTP/1.1" 200 11466 "-" "Mozilla/5.0 (compatible; Googlebot/2.1; +http://www.google.com/bot.html)"
123.125.71.86 - - [17/Apr/2015:00:38:58 +0200] "GET / HTTP/1.1" 200 9656 "-" "Mozilla/5.0 (Windows NT 5.1; rv:6.0.2) Gecko/20100101 Firefox/6.0.2"
66.249.78.249 - - [17/Apr/2015:00:46:43 +0200] "GET /style.css HTTP/1.1" 200 8056 "-" "Mozilla/5.0 (compatible; Googlebot/2.1; +http://www.google.com/bot.html)"
66.249.78.9 - - [17/Apr/2015:00:46:44 +0200] "GET /modul.css HTTP/1.1" 200 36485 "-" "Mozilla/5.0 (compatible; Googlebot/2.1; +http://www.google.com/bot.html)"
66.249.64.89 - - [17/Apr/2015:00:41:23 +0200] "GET /lexikon.php HTTP/1.1" 200 11466 "-" "Mozilla/5.0 (compatible; Googlebot/2.1; +http://www.google.com/bot.html)"
220.181.108.165 - - [17/Apr/2015:00:40:17 +0200] "GET / HTTP/1.1" 200 16125 "-" "Mozilla/5.0 (Windows NT 5.1; rv:6.0.2) Gecko/20100101 Firefox/6.0.2"
141.8.147.7 - - [17/Apr/2015:00:55:55 +0200] "GET /images/team-energie.png HTTP/1.1" 304 - "-" "Mozilla/5.0 (compatible; YandexImages/3.0; +http://yandex.com/bots)"
178.255.215.83 - - [17/Apr/2015:01:12:11 +0200] "GET /robots.txt HTTP/1.1" 404 1256 "-" "Mozilla/5.0 (compatible; Exabot/3.0; +http://www.exabot.com/go/robot)"
178.255.215.83 - - [17/Apr/2015:01:12:11 +0200] "GET / HTTP/1.1" 200 15920 "-" "Mozilla/5.0 (compatible; Exabot/3.0; +http://www.exabot.com/go/robot)"
66.249.78.112 - - [17/Apr/2015:01:19:34 +0200] "GET /news.php?cs_go=archiv&cs_id=5314 HTTP/1.1" 200 11477 "-" "Mozilla/5.0 (compatible; Googlebot/2.1; +http://www.google.com/bot.html)"
66.249.78.161 - - [17/Apr/2015:01:29:05 +0200] "GET /robots.txt HTTP/1.1" 404 1256 "-" "Mozilla/5.0 (compatible; Googlebot/2.1; +http://www.google.com/bot.html)"
66.249.78.126 - - [17/Apr/2015:01:26:05 +0200] "GET /news.php?cs_go=archiv&cs_id=5314 HTTP/1.1" 200 11477 "-" "Mozilla/5.0 (compatible; Googlebot/2.1; +http://www.google.com/bot.html)"
66.249.78.147 - - [17/Apr/2015:01:29:05 +0200] "GET /news.php?cs_go=archiv&cs_id=1163&cs_search= HTTP/1.1" 200 11477 "-" "Mozilla/5.0 (compatible; Googlebot/2.1; +http://www.google.com/bot.html)"
66.249.78.119 - - [17/Apr/2015:01:32:12 +0200] "GET /news.php?cs_go=archiv&cs_id=5314 HTTP/1.1" 200 11477 "-" "Mozilla/5.0 (compatible; Googlebot/2.1; +http://www.google.com/bot.html)"
66.249.78.161 - - [17/Apr/2015:01:37:35 +0200] "GET /news.php?cs_go=archiv&cs_id=1163&cs_search= HTTP/1.1" 200 11477 "-" "Mozilla/5.0 (compatible; Googlebot/2.1; +http://www.google.com/bot.html)"
66.249.78.161 - - [17/Apr/2015:01:43:40 +0200] "GET /news.php?cs_go=archiv&cs_id=1163&cs_search= HTTP/1.1" 200 11477 "-" "Mozilla/5.0 (compatible; Googlebot/2.1; +http://www.google.com/bot.html)"
66.249.78.2 - - [17/Apr/2015:01:50:34 +0200] "GET / HTTP/1.1" 200 15920 "-" "Mozilla/5.0 (iPhone; CPU iPhone OS 6_0 like Mac OS X) AppleWebKit/536.26 (KHTML, like Gecko) Version/6.0 Mobile/10A5376e Safari/8536.25 (compatible; Googlebot/2.1; +http://www.google.com/bot.html)"
66.249.78.249 - - [17/Apr/2015:01:56:57 +0200] "GET / HTTP/1.1" 200 15920 "-" "Mozilla/5.0 (iPhone; CPU iPhone OS 6_0 like Mac OS X) AppleWebKit/536.26 (KHTML, like Gecko) Version/6.0 Mobile/10A5376e Safari/8536.25 (compatible; Googlebot/2.1; +http://www.google.com/bot.html)"
66.249.78.112 - - [17/Apr/2015:02:04:51 +0200] "GET / HTTP/1.1" 200 15920 "-" "Mozilla/5.0 (compatible; Googlebot/2.1; +http://www.google.com/bot.html)"
66.249.78.112 - - [17/Apr/2015:02:09:53 +0200] "GET /news.php?cs_go=archiv&cs_id=5151 HTTP/1.1" 200 11477 "-" "Mozilla/5.0 (compatible; Googlebot/2.1; +http://www.google.com/bot.html)"
66.249.78.2 - - [17/Apr/2015:02:12:53 +0200] "GET / HTTP/1.1" 200 15920 "-" "Mozilla/5.0 (iPhone; CPU iPhone OS 6_0 like Mac OS X) AppleWebKit/536.26 (KHTML, like Gecko) Version/6.0 Mobile/10A5376e Safari/8536.25 (compatible; Googlebot/2.1; +http://www.google.com/bot.html)"
66.249.78.126 - - [17/Apr/2015:02:15:53 +0200] "GET / HTTP/1.1" 200 15920 "-" "Mozilla/5.0 (compatible; Googlebot/2.1; +http://www.google.com/bot.html)"
66.249.78.112 - - [17/Apr/2015:02:18:53 +0200] "GET /news.php?cs_go=archiv&cs_id=5151 HTTP/1.1" 200 11477 "-" "Mozilla/5.0 (compatible; Googlebot/2.1; +http://www.google.com/bot.html)"
66.249.78.119 - - [17/Apr/2015:02:22:32 +0200] "GET / HTTP/1.1" 200 15920 "-" "Mozilla/5.0 (compatible; Googlebot/2.1; +http://www.google.com/bot.html)"
66.249.78.112 - - [17/Apr/2015:02:25:31 +0200] "GET /news.php?cs_go=archiv&cs_id=5151 HTTP/1.1" 200 11477 "-" "Mozilla/5.0 (compatible; Googlebot/2.1; +http://www.google.com/bot.html)"
66.249.78.50 - - [17/Apr/2015:02:28:31 +0200] "GET /news.php?cs_go=archiv&cs_id=3021 HTTP/1.1" 200 11477 "-" "Mozilla/5.0 (compatible; Googlebot/2.1; +http://www.google.com/bot.html)"
66.249.78.36 - - [17/Apr/2015:02:34:49 +0200] "GET /news.php?cs_go=archiv&cs_id=3021 HTTP/1.1" 200 11477 "-" "Mozilla/5.0 (compatible; Googlebot/2.1; +http://www.google.com/bot.html)"
66.249.78.36 - - [17/Apr/2015:02:41:31 +0200] "GET /robots.txt HTTP/1.1" 404 1256 "-" "Mozilla/5.0 (compatible; Googlebot/2.1; +http://www.google.com/bot.html)"
66.249.78.43 - - [17/Apr/2015:02:41:31 +0200] "GET /news.php?cs_go=archiv&cs_id=3021 HTTP/1.1" 200 11477 "-" "Mozilla/5.0 (compatible; Googlebot/2.1; +http://www.google.com/bot.html)"
66.249.78.36 - - [17/Apr/2015:02:59:43 +0200] "GET /tankanlagen.php HTTP/1.1" 200 11688 "-" "Mozilla/5.0 (iPhone; CPU iPhone OS 6_0 like Mac OS X) AppleWebKit/536.26 (KHTML, like Gecko) Version/6.0 Mobile/10A5376e Safari/8536.25 (compatible; Googlebot/2.1; +http://www.google.com/bot.html)"
141.8.189.109 - - [17/Apr/2015:03:11:25 +0200] "GET /robots.txt HTTP/1.1" 404 1256 "-" "Mozilla/5.0 (compatible; YandexBot/3.0; +http://yandex.com/bots)"
66.249.78.50 - - [17/Apr/2015:03:05:48 +0200] "GET /tankanlagen.php HTTP/1.1" 200 11688 "-" "Mozilla/5.0 (iPhone; CPU iPhone OS 6_0 like Mac OS X) AppleWebKit/536.26 (KHTML, like Gecko) Version/6.0 Mobile/10A5376e Safari/8536.25 (compatible; Googlebot/2.1; +http://www.google.com/bot.html)"
66.249.78.210 - - [17/Apr/2015:03:09:18 +0200] "GET /preisanfrage.php HTTP/1.1" 200 11493 "-" "Mozilla/5.0 (iPhone; CPU iPhone OS 6_0 like Mac OS X) AppleWebKit/536.26 (KHTML, like Gecko) Version/6.0 Mobile/10A5376e Safari/8536.25 (compatible; Googlebot/2.1; +http://www.google.com/bot.html)"
66.249.78.36 - - [17/Apr/2015:03:12:18 +0200] "GET /kwk.php HTTP/1.1" 200 11474 "-" "Mozilla/5.0 (iPhone; CPU iPhone OS 6_0 like Mac OS X) AppleWebKit/536.26 (KHTML, like Gecko) Version/6.0 Mobile/10A5376e Safari/8536.25 (compatible; Googlebot/2.1; +http://www.google.com/bot.html)"
66.249.78.50 - - [17/Apr/2015:03:15:17 +0200] "GET /tankanlagen.php HTTP/1.1" 200 11688 "-" "Mozilla/5.0 (iPhone; CPU iPhone OS 6_0 like Mac OS X) AppleWebKit/536.26 (KHTML, like Gecko) Version/6.0 Mobile/10A5376e Safari/8536.25 (compatible; Googlebot/2.1; +http://www.google.com/bot.html)"
66.249.64.6 - - [17/Apr/2015:03:21:17 +0200] "GET /preisanfrage.php HTTP/1.1" 200 11493 "-" "Mozilla/5.0 (iPhone; CPU iPhone OS 6_0 like Mac OS X) AppleWebKit/536.26 (KHTML, like Gecko) Version/6.0 Mobile/10A5376e Safari/8536.25 (compatible; Googlebot/2.1; +http://www.google.com/bot.html)"
66.249.78.36 - - [17/Apr/2015:03:18:17 +0200] "GET /kwk.php HTTP/1.1" 200 11474 "-" "Mozilla/5.0 (compatible; Googlebot/2.1; +http://www.google.com/bot.html)"
66.249.78.43 - - [17/Apr/2015:03:24:17 +0200] "GET /preisanfrage.php HTTP/1.1" 200 11493 "-" "Mozilla/5.0 (iPhone; CPU iPhone OS 6_0 like Mac OS X) AppleWebKit/536.26 (KHTML, like Gecko) Version/6.0 Mobile/10A5376e Safari/8536.25 (compatible; Googlebot/2.1; +http://www.google.com/bot.html)"
66.249.78.50 - - [17/Apr/2015:03:27:17 +0200] "GET /kwk.php HTTP/1.1" 200 11474 "-" "Mozilla/5.0 (compatible; Googlebot/2.1; +http://www.google.com/bot.html)"
66.249.78.36 - - [17/Apr/2015:03:30:46 +0200] "GET /kwk.php HTTP/1.1" 200 11474 "-" "Mozilla/5.0 (iPhone; CPU iPhone OS 6_0 like Mac OS X) AppleWebKit/536.26 (KHTML, like Gecko) Version/6.0 Mobile/10A5376e Safari/8536.25 (compatible; Googlebot/2.1; +http://www.google.com/bot.html)"
66.249.78.36 - - [17/Apr/2015:03:33:46 +0200] "GET /kwk.php HTTP/1.1" 200 11474 "-" "Mozilla/5.0 (compatible; Googlebot/2.1; +http://www.google.com/bot.html)"
66.249.78.210 - - [17/Apr/2015:03:40:15 +0200] "GET /preisanfrage.php HTTP/1.1" 200 11493 "-" "Mozilla/5.0 (iPhone; CPU iPhone OS 6_0 like Mac OS X) AppleWebKit/536.26 (KHTML, like Gecko) Version/6.0 Mobile/10A5376e Safari/8536.25 (compatible; Googlebot/2.1; +http://www.google.com/bot.html)"
66.249.78.50 - - [17/Apr/2015:03:37:15 +0200] "GET /news.php?cs_go=archiv&cs_id=3566 HTTP/1.1" 200 11477 "-" "Mozilla/5.0 (compatible; Googlebot/2.1; +http://www.google.com/bot.html)"
66.249.78.36 - - [17/Apr/2015:03:43:15 +0200] "GET /preisanfrage.php HTTP/1.1" 200 11493 "-" "Mozilla/5.0 (iPhone; CPU iPhone OS 6_0 like Mac OS X) AppleWebKit/536.26 (KHTML, like Gecko) Version/6.0 Mobile/10A5376e Safari/8536.25 (compatible; Googlebot/2.1; +http://www.google.com/bot.html)"
66.249.78.43 - - [17/Apr/2015:03:46:15 +0200] "GET /news.php?cs_go=archiv&cs_id=3566 HTTP/1.1" 200 11477 "-" "Mozilla/5.0 (compatible; Googlebot/2.1; +http://www.google.com/bot.html)"
66.249.78.43 - - [17/Apr/2015:03:49:15 +0200] "GET /news.php?cs_go=archiv&cs_id=4369&cs_search= HTTP/1.1" 200 11477 "-" "Mozilla/5.0 (compatible; Googlebot/2.1; +http://www.google.com/bot.html)"
66.249.78.36 - - [17/Apr/2015:03:52:15 +0200] "GET /kwk.php HTTP/1.1" 200 11474 "-" "Mozilla/5.0 (iPhone; CPU iPhone OS 6_0 like Mac OS X) AppleWebKit/536.26 (KHTML, like Gecko) Version/6.0 Mobile/10A5376e Safari/8536.25 (compatible; Googlebot/2.1; +http://www.google.com/bot.html)"
66.249.78.50 - - [17/Apr/2015:03:58:15 +0200] "GET /preisanfrage.php HTTP/1.1" 200 11493 "-" "Mozilla/5.0 (iPhone; CPU iPhone OS 6_0 like Mac OS X) AppleWebKit/536.26 (KHTML, like Gecko) Version/6.0 Mobile/10A5376e Safari/8536.25 (compatible; Googlebot/2.1; +http://www.google.com/bot.html)"
66.249.64.85 - - [17/Apr/2015:03:55:16 +0200] "GET /news.php?cs_go=archiv&cs_id=3566 HTTP/1.1" 200 11477 "-" "Mozilla/5.0 (compatible; Googlebot/2.1; +http://www.google.com/bot.html)"
66.249.78.50 - - [17/Apr/2015:04:01:16 +0200] "GET /news.php?cs_go=archiv&cs_id=4369&cs_search= HTTP/1.1" 200 11477 "-" "Mozilla/5.0 (compatible; Googlebot/2.1; +http://www.google.com/bot.html)"
66.249.78.50 - - [17/Apr/2015:04:07:30 +0200] "GET /news.php?cs_go=archiv&cs_id=4369&cs_search= HTTP/1.1" 200 11477 "-" "Mozilla/5.0 (compatible; Googlebot/2.1; +http://www.google.com/bot.html)"
123.125.71.116 - - [17/Apr/2015:04:22:17 +0200] "GET / HTTP/1.1" 200 9656 "-" "Mozilla/5.0 (Windows NT 5.1; rv:6.0.2) Gecko/20100101 Firefox/6.0.2"
220.181.108.140 - - [17/Apr/2015:04:29:30 +0200] "GET / HTTP/1.1" 200 9656 "-" "Mozilla/5.0 (Windows NT 5.1; rv:6.0.2) Gecko/20100101 Firefox/6.0.2"
66.249.78.36 - - [17/Apr/2015:04:27:10 +0200] "GET /news.php?cs_go=archiv&cs_id=4538 HTTP/1.1" 200 11477 "-" "Mozilla/5.0 (compatible; Googlebot/2.1; +http://www.google.com/bot.html)"
66.249.78.36 - - [17/Apr/2015:04:33:39 +0200] "GET /lexikon.php?cs_go=3&cs_id=41 HTTP/1.1" 200 11466 "-" "Mozilla/5.0 (compatible; Googlebot/2.1; +http://www.google.com/bot.html)"
66.249.78.36 - - [17/Apr/2015:04:36:39 +0200] "GET /news.php?cs_go=archiv&cs_id=4538 HTTP/1.1" 200 11477 "-" "Mozilla/5.0 (compatible; Googlebot/2.1; +http://www.google.com/bot.html)"
207.46.13.109 - - [17/Apr/2015:04:44:26 +0200] "GET /robots.txt HTTP/1.1" 404 1256 "-" "Mozilla/5.0 (compatible; bingbot/2.0; +http://www.bing.com/bingbot.htm)"
66.249.78.50 - - [17/Apr/2015:04:39:39 +0200] "GET /kwk.php?cs_go=2 HTTP/1.1" 200 11474 "-" "Mozilla/5.0 (compatible; Googlebot/2.1; +http://www.google.com/bot.html)"
207.46.13.109 - - [17/Apr/2015:04:44:31 +0200] "GET /news.php?cs_go=archiv&cs_id=5335 HTTP/1.1" 200 9055 "-" "Mozilla/5.0 (compatible; bingbot/2.0; +http://www.bing.com/bingbot.htm)"
207.46.13.109 - - [17/Apr/2015:04:45:07 +0200] "GET /news.php?cs_go=archiv&cs_id=5332 HTTP/1.1" 200 9055 "-" "Mozilla/5.0 (compatible; bingbot/2.0; +http://www.bing.com/bingbot.htm)"
207.46.13.109 - - [17/Apr/2015:04:45:42 +0200] "GET /news.php?cs_go=archiv&cs_id=5258 HTTP/1.1" 200 9055 "-" "Mozilla/5.0 (compatible; bingbot/2.0; +http://www.bing.com/bingbot.htm)"
66.249.78.50 - - [17/Apr/2015:04:42:39 +0200] "GET /lexikon.php?cs_go=3&cs_id=41 HTTP/1.1" 200 11466 "-" "Mozilla/5.0 (compatible; Googlebot/2.1; +http://www.google.com/bot.html)"
207.46.13.109 - - [17/Apr/2015:04:46:18 +0200] "GET /news.php?cs_go=archiv&cs_id=5254 HTTP/1.1" 200 9055 "-" "Mozilla/5.0 (compatible; bingbot/2.0; +http://www.bing.com/bingbot.htm)"
66.249.78.43 - - [17/Apr/2015:04:45:38 +0200] "GET /news.php?cs_go=archiv&cs_id=4538 HTTP/1.1" 200 11477 "-" "Mozilla/5.0 (compatible; Googlebot/2.1; +http://www.google.com/bot.html)"
66.249.78.50 - - [17/Apr/2015:04:48:39 +0200] "GET /kwk.php?cs_go=2 HTTP/1.1" 200 11474 "-" "Mozilla/5.0 (compatible; Googlebot/2.1; +http://www.google.com/bot.html)"
66.249.78.50 - - [17/Apr/2015:04:51:39 +0200] "GET /lexikon.php?cs_go=3&cs_id=41 HTTP/1.1" 200 11466 "-" "Mozilla/5.0 (compatible; Googlebot/2.1; +http://www.google.com/bot.html)"
66.249.78.36 - - [17/Apr/2015:04:55:03 +0200] "GET /kwk.php?cs_go=2 HTTP/1.1" 200 11474 "-" "Mozilla/5.0 (compatible; Googlebot/2.1; +http://www.google.com/bot.html)"
66.249.78.36 - - [17/Apr/2015:05:09:52 +0200] "GET /essocard.php HTTP/1.1" 200 13196 "-" "Mozilla/5.0 (compatible; Googlebot/2.1; +http://www.google.com/bot.html)"
66.249.78.36 - - [17/Apr/2015:05:16:36 +0200] "GET /essocard.php HTTP/1.1" 200 13196 "-" "Mozilla/5.0 (compatible; Googlebot/2.1; +http://www.google.com/bot.html)"
66.249.78.50 - - [17/Apr/2015:05:18:27 +0200] "GET /news.php?cs_go=archiv&cs_id=4083&cs_search= HTTP/1.1" 200 11477 "-" "Mozilla/5.0 (compatible; Googlebot/2.1; +http://www.google.com/bot.html)"
68.180.228.160 - - [17/Apr/2015:05:25:06 +0200] "GET /robots.txt HTTP/1.1" 404 1256 "-" "Mozilla/5.0 (compatible; Yahoo! Slurp; http://help.yahoo.com/help/us/ysearch/slurp)"
66.249.78.50 - - [17/Apr/2015:05:22:58 +0200] "GET /essocard.php HTTP/1.1" 200 13196 "-" "Mozilla/5.0 (compatible; Googlebot/2.1; +http://www.google.com/bot.html)"
68.180.228.160 - - [17/Apr/2015:05:25:07 +0200] "GET /baustellenbetankung.php HTTP/1.1" 200 12527 "-" "Mozilla/5.0 (compatible; Yahoo! Slurp; http://help.yahoo.com/help/us/ysearch/slurp)"
66.249.78.50 - - [17/Apr/2015:05:25:59 +0200] "GET /news.php?cs_go=archiv&cs_id=4083&cs_search= HTTP/1.1" 200 11477 "-" "Mozilla/5.0 (compatible; Googlebot/2.1; +http://www.google.com/bot.html)"
66.249.78.43 - - [17/Apr/2015:05:28:59 +0200] "GET /news.php?cs_go=archiv&cs_id=3740&cs_search= HTTP/1.1" 200 11477 "-" "Mozilla/5.0 (compatible; Googlebot/2.1; +http://www.google.com/bot.html)"
66.249.78.43 - - [17/Apr/2015:05:32:08 +0200] "GET /news.php?cs_go=archiv&cs_id=4083&cs_search= HTTP/1.1" 200 11477 "-" "Mozilla/5.0 (compatible; Googlebot/2.1; +http://www.google.com/bot.html)"
66.249.78.36 - - [17/Apr/2015:05:35:09 +0200] "GET /news.php?cs_go=archiv&cs_id=3740&cs_search= HTTP/1.1" 200 11477 "-" "Mozilla/5.0 (compatible; Googlebot/2.1; +http://www.google.com/bot.html)"
81.169.245.221 - - [17/Apr/2015:05:40:16 +0200] "GET /essoschmierstoffe.php HTTP/1.1" 200 15592 "-" "Mozilla/5.0 (compatible; Cliqzbot/0.1 +http://cliqz.com/company/cliqzbot)"
81.169.245.221 - - [17/Apr/2015:05:40:29 +0200] "GET /essoschmierstoffe.php HTTP/1.1" 200 15592 "-" "Mozilla/5.0 (compatible; Cliqzbot/0.1 +http://cliqz.com/company/cliqzbot)"
81.169.245.221 - - [17/Apr/2015:05:40:56 +0200] "GET /essoschmierstoffe.php HTTP/1.1" 200 15592 "-" "Mozilla/5.0 (compatible; Cliqzbot/0.1 +http://cliqz.com/company/cliqzbot)"
66.249.78.50 - - [17/Apr/2015:05:41:24 +0200] "GET /news.php?cs_go=archiv&cs_id=3740&cs_search= HTTP/1.1" 200 11477 "-" "Mozilla/5.0 (compatible; Googlebot/2.1; +http://www.google.com/bot.html)"
87.145.219.33 - - [17/Apr/2015:05:55:03 +0200] "GET / HTTP/1.1" 200 9656 "http://www.bigfinder.de/?c=ws&q=online&v=1" "Mozilla/4.0 (compatible; MSIE 8.0; Windows NT 6.1; Trident/4.0; SLCC2; .NET CLR 2.0.50727; .NET CLR 3.5.30729; .NET CLR 3.0.30729; Media Center PC 6.0)"
66.249.78.9 - - [17/Apr/2015:06:02:22 +0200] "GET /news.php?cs_go=archiv&cs_startpos=0 HTTP/1.1" 200 11477 "-" "Mozilla/5.0 (compatible; Googlebot/2.1; +http://www.google.com/bot.html)"
66.249.78.249 - - [17/Apr/2015:06:08:40 +0200] "GET /news.php?cs_go=archiv&cs_startpos=0 HTTP/1.1" 200 11477 "-" "Mozilla/5.0 (compatible; Googlebot/2.1; +http://www.google.com/bot.html)"
66.249.78.249 - - [17/Apr/2015:06:15:02 +0200] "GET /news.php?cs_go=archiv&cs_startpos=0 HTTP/1.1" 200 11477 "-" "Mozilla/5.0 (compatible; Googlebot/2.1; +http://www.google.com/bot.html)"
91.192.15.76 - - [17/Apr/2015:06:44:40 +0200] "GET /favicon.ico HTTP/1.1" 404 1256 "-" "Mozilla/5.0 (compatible; MSIE 9.0; Windows NT 6.1; WOW64; Trident/5.0)"
91.192.15.76 - - [17/Apr/2015:06:41:07 +0200] "GET / HTTP/1.1" 200 15920 "http://www.google.de/url?sa=t&rct=j&q=&esrc=s&frm=1&source=web&cd=9&ved=0CFkQFjAI&url=http%3A%2F%2Fwww.esso-berlin.de%2F&ei=po4wVczCHtPaaNHZgdgN&usg=AFQjCNFHOo9v_t_ximOj4ObOswMV2lDDow&bvm=bv.91071109,d.d2s" "Mozilla/5.0 (compatible; MSIE 9.0; Windows NT 6.1; WOW64; Trident/5.0)"
91.192.15.76 - - [17/Apr/2015:06:42:38 +0200] "GET / HTTP/1.1" 200 15920 "http://www.google.de/url?sa=t&rct=j&q=&esrc=s&frm=1&source=web&cd=9&ved=0CFkQFjAI&url=http%3A%2F%2Fwww.esso-berlin.de%2F&ei=po4wVczCHtPaaNHZgdgN&usg=AFQjCNFHOo9v_t_ximOj4ObOswMV2lDDow&bvm=bv.91071109,d.d2s" "Mozilla/5.0 (compatible; MSIE 9.0; Windows NT 6.1; WOW64; Trident/5.0)"
91.192.15.76 - - [17/Apr/2015:06:46:38 +0200] "GET / HTTP/1.1" 200 16125 "http://www.google.de/url?sa=t&rct=j&q=&esrc=s&frm=1&source=web&cd=10&ved=0CHcQFjAJ&url=http%3A%2F%2Fwww.esso-berlin.de%2F&ei=8I8wVdm_CdDoaNqugJAL&usg=AFQjCNFHOo9v_t_ximOj4ObOswMV2lDDow&bvm=bv.91071109,d.d2s" "Mozilla/5.0 (compatible; MSIE 9.0; Windows NT 6.1; WOW64; Trident/5.0)"
66.249.78.249 - - [17/Apr/2015:06:59:13 +0200] "GET /baustellenbetankung.php HTTP/1.1" 200 12527 "-" "Mozilla/5.0 (compatible; Googlebot/2.1; +http://www.google.com/bot.html)"
66.249.78.9 - - [17/Apr/2015:07:05:57 +0200] "GET /baustellenbetankung.php HTTP/1.1" 200 12527 "-" "Mozilla/5.0 (compatible; Googlebot/2.1; +http://www.google.com/bot.html)"
66.249.78.36 - - [17/Apr/2015:07:08:57 +0200] "GET /lexikon.php?cs_go=3&cs_id=41 HTTP/1.1" 200 11466 "-" "Mozilla/5.0 (compatible; Googlebot/2.1; +http://www.google.com/bot.html)"
66.249.78.249 - - [17/Apr/2015:07:12:06 +0200] "GET /baustellenbetankung.php HTTP/1.1" 200 12527 "-" "Mozilla/5.0 (compatible; Googlebot/2.1; +http://www.google.com/bot.html)"
66.249.78.36 - - [17/Apr/2015:07:15:06 +0200] "GET /lexikon.php?cs_go=3&cs_id=41 HTTP/1.1" 200 11466 "-" "Mozilla/5.0 (compatible; Googlebot/2.1; +http://www.google.com/bot.html)"
66.249.78.50 - - [17/Apr/2015:07:21:24 +0200] "GET /lexikon.php?cs_go=3&cs_id=41 HTTP/1.1" 200 11466 "-" "Mozilla/5.0 (compatible; Googlebot/2.1; +http://www.google.com/bot.html)"
188.165.15.84 - - [17/Apr/2015:07:35:29 +0200] "GET /robots.txt HTTP/1.1" 404 1256 "-" "Mozilla/5.0 (compatible; AhrefsBot/5.0; +http://ahrefs.com/robot/)"
66.249.78.43 - - [17/Apr/2015:07:43:38 +0200] "GET / HTTP/1.1" 200 15920 "-" "SAMSUNG-SGH-E250/1.0 Profile/MIDP-2.0 Configuration/CLDC-1.1 UP.Browser/6.2.3.3.c.1.101 (GUI) MMP/2.0 (compatible; Googlebot-Mobile/2.1; +http://www.google.com/bot.html)"
66.249.78.43 - - [17/Apr/2015:07:49:58 +0200] "GET / HTTP/1.1" 200 15920 "-" "SAMSUNG-SGH-E250/1.0 Profile/MIDP-2.0 Configuration/CLDC-1.1 UP.Browser/6.2.3.3.c.1.101 (GUI) MMP/2.0 (compatible; Googlebot-Mobile/2.1; +http://www.google.com/bot.html)"
66.249.78.43 - - [17/Apr/2015:07:56:06 +0200] "GET / HTTP/1.1" 200 15920 "-" "SAMSUNG-SGH-E250/1.0 Profile/MIDP-2.0 Configuration/CLDC-1.1 UP.Browser/6.2.3.3.c.1.101 (GUI) MMP/2.0 (compatible; Googlebot-Mobile/2.1; +http://www.google.com/bot.html)"
141.8.189.109 - - [17/Apr/2015:08:24:36 +0200] "GET /images/team-energie.png HTTP/1.1" 200 17383 "-" "Mozilla/5.0 (compatible; YandexBot/3.0; +http://yandex.com/bots)"
66.249.78.43 - - [17/Apr/2015:08:24:19 +0200] "GET /news.php?cs_go=archiv&cs_id=2913 HTTP/1.1" 200 11477 "-" "Mozilla/5.0 (compatible; Googlebot/2.1; +http://www.google.com/bot.html)"
66.249.78.50 - - [17/Apr/2015:08:30:44 +0200] "GET /news.php?cs_go=archiv&cs_id=2913 HTTP/1.1" 200 11477 "-" "Mozilla/5.0 (compatible; Googlebot/2.1; +http://www.google.com/bot.html)"
66.249.78.36 - - [17/Apr/2015:08:36:48 +0200] "GET /news.php?cs_go=archiv&cs_id=2913 HTTP/1.1" 200 11477 "-" "Mozilla/5.0 (compatible; Googlebot/2.1; +http://www.google.com/bot.html)"
151.80.143.144 - - [17/Apr/2015:08:53:39 +0200] "GET /robots.txt HTTP/1.0" 404 1256 "-" "Mozilla/5.0 (compatible; MJ12bot/v1.4.5; http://www.majestic12.co.uk/bot.php?+)"
46.4.87.105 - - [17/Apr/2015:08:55:57 +0200] "GET /robots.txt HTTP/1.0" 404 1256 "-" "Mozilla/5.0 (compatible; MJ12bot/v1.4.5; http://www.majestic12.co.uk/bot.php?+)"
151.80.143.144 - - [17/Apr/2015:08:53:48 +0200] "GET /news.php?cs_go=archiv&cs_id=4512 HTTP/1.0" 200 11477 "-" "Mozilla/5.0 (compatible; MJ12bot/v1.4.5; http://www.majestic12.co.uk/bot.php?+)"
151.80.143.144 - - [17/Apr/2015:08:54:32 +0200] "GET /news.php?cs_go=archiv&cs_id=4715 HTTP/1.0" 200 11477 "-" "Mozilla/5.0 (compatible; MJ12bot/v1.4.5; http://www.majestic12.co.uk/bot.php?+)"
151.80.143.144 - - [17/Apr/2015:08:55:29 +0200] "GET /news.php?cs_go=archiv&cs_id=4717 HTTP/1.0" 200 11477 "-" "Mozilla/5.0 (compatible; MJ12bot/v1.4.5; http://www.majestic12.co.uk/bot.php?+)"
46.4.87.105 - - [17/Apr/2015:08:56:01 +0200] "GET /news.php?cs_go=archiv&cs_id=5385 HTTP/1.0" 200 11477 "-" "Mozilla/5.0 (compatible; MJ12bot/v1.4.5; http://www.majestic12.co.uk/bot.php?+)"
151.80.143.144 - - [17/Apr/2015:08:56:19 +0200] "GET /news.php?cs_go=archiv&cs_id=4718 HTTP/1.0" 200 11477 "-" "Mozilla/5.0 (compatible; MJ12bot/v1.4.5; http://www.majestic12.co.uk/bot.php?+)"
46.4.87.105 - - [17/Apr/2015:08:56:45 +0200] "GET /news.php?cs_go=archiv&cs_id=5389 HTTP/1.0" 200 11477 "-" "Mozilla/5.0 (compatible; MJ12bot/v1.4.5; http://www.majestic12.co.uk/bot.php?+)"
151.80.143.144 - - [17/Apr/2015:08:57:05 +0200] "GET /news.php?cs_go=archiv&cs_id=4719 HTTP/1.0" 200 11477 "-" "Mozilla/5.0 (compatible; MJ12bot/v1.4.5; http://www.majestic12.co.uk/bot.php?+)"
46.4.87.105 - - [17/Apr/2015:08:57:28 +0200] "GET /news.php?cs_go=archiv&cs_id=5391 HTTP/1.0" 200 11477 "-" "Mozilla/5.0 (compatible; MJ12bot/v1.4.5; http://www.majestic12.co.uk/bot.php?+)"
151.80.143.144 - - [17/Apr/2015:08:57:50 +0200] "GET /news.php?cs_go=archiv&cs_id=4720 HTTP/1.0" 200 11477 "-" "Mozilla/5.0 (compatible; MJ12bot/v1.4.5; http://www.majestic12.co.uk/bot.php?+)"
46.4.87.105 - - [17/Apr/2015:08:58:13 +0200] "GET /news.php?cs_go=archiv&cs_startpos=121 HTTP/1.0" 200 11477 "-" "Mozilla/5.0 (compatible; MJ12bot/v1.4.5; http://www.majestic12.co.uk/bot.php?+)"
151.80.143.144 - - [17/Apr/2015:08:58:39 +0200] "GET /news.php?cs_go=archiv&cs_id=4781 HTTP/1.0" 200 11477 "-" "Mozilla/5.0 (compatible; MJ12bot/v1.4.5; http://www.majestic12.co.uk/bot.php?+)"
46.4.87.105 - - [17/Apr/2015:08:58:55 +0200] "GET /news.php?cs_go=archiv&cs_startpos=131 HTTP/1.0" 200 11477 "-" "Mozilla/5.0 (compatible; MJ12bot/v1.4.5; http://www.majestic12.co.uk/bot.php?+)"
151.80.143.144 - - [17/Apr/2015:08:59:30 +0200] "GET /news.php?cs_go=archiv&cs_id=4782 HTTP/1.0" 200 11477 "-" "Mozilla/5.0 (compatible; MJ12bot/v1.4.5; http://www.majestic12.co.uk/bot.php?+)"
151.80.143.144 - - [17/Apr/2015:09:00:27 +0200] "GET /news.php?cs_go=archiv&cs_id=4783 HTTP/1.0" 200 11477 "-" "Mozilla/5.0 (compatible; MJ12bot/v1.4.5; http://www.majestic12.co.uk/bot.php?+)"
66.249.78.36 - - [17/Apr/2015:09:00:46 +0200] "GET / HTTP/1.1" 200 15920 "-" "Mozilla/5.0 (compatible; Googlebot/2.1; +http://www.google.com/bot.html)"
151.80.143.144 - - [17/Apr/2015:09:01:10 +0200] "GET /news.php?cs_go=archiv&cs_id=4785 HTTP/1.0" 200 11477 "-" "Mozilla/5.0 (compatible; MJ12bot/v1.4.5; http://www.majestic12.co.uk/bot.php?+)"
151.80.143.144 - - [17/Apr/2015:09:01:57 +0200] "GET /news.php?cs_go=archiv&cs_id=4786 HTTP/1.0" 200 11477 "-" "Mozilla/5.0 (compatible; MJ12bot/v1.4.5; http://www.majestic12.co.uk/bot.php?+)"
151.80.143.144 - - [17/Apr/2015:09:02:51 +0200] "GET /news.php?cs_go=archiv&cs_id=4950 HTTP/1.0" 200 11477 "-" "Mozilla/5.0 (compatible; MJ12bot/v1.4.5; http://www.majestic12.co.uk/bot.php?+)"
151.80.143.144 - - [17/Apr/2015:09:03:34 +0200] "GET /news.php?cs_go=archiv&cs_id=4952 HTTP/1.0" 200 11477 "-" "Mozilla/5.0 (compatible; MJ12bot/v1.4.5; http://www.majestic12.co.uk/bot.php?+)"
151.80.143.144 - - [17/Apr/2015:09:04:18 +0200] "GET /news.php?cs_go=archiv&cs_id=5190 HTTP/1.0" 200 11477 "-" "Mozilla/5.0 (compatible; MJ12bot/v1.4.5; http://www.majestic12.co.uk/bot.php?+)"
151.80.143.144 - - [17/Apr/2015:09:05:10 +0200] "GET /news.php?cs_go=archiv&cs_id=5191 HTTP/1.0" 200 11477 "-" "Mozilla/5.0 (compatible; MJ12bot/v1.4.5; http://www.majestic12.co.uk/bot.php?+)"
151.80.143.144 - - [17/Apr/2015:09:06:01 +0200] "GET /news.php?cs_go=archiv&cs_id=5192 HTTP/1.0" 200 11477 "-" "Mozilla/5.0 (compatible; MJ12bot/v1.4.5; http://www.majestic12.co.uk/bot.php?+)"
151.80.143.144 - - [17/Apr/2015:09:06:50 +0200] "GET /news.php?cs_go=archiv&cs_id=5194 HTTP/1.0" 200 11477 "-" "Mozilla/5.0 (compatible; MJ12bot/v1.4.5; http://www.majestic12.co.uk/bot.php?+)"
66.249.78.43 - - [17/Apr/2015:09:07:17 +0200] "GET / HTTP/1.1" 200 15920 "-" "Mozilla/5.0 (compatible; Googlebot/2.1; +http://www.google.com/bot.html)"
151.80.143.144 - - [17/Apr/2015:09:07:35 +0200] "GET /news.php?cs_go=archiv&cs_id=5383 HTTP/1.0" 200 11477 "-" "Mozilla/5.0 (compatible; MJ12bot/v1.4.5; http://www.majestic12.co.uk/bot.php?+)"
151.80.143.144 - - [17/Apr/2015:09:08:27 +0200] "GET /news.php?cs_go=archiv&cs_id=5384 HTTP/1.0" 200 11477 "-" "Mozilla/5.0 (compatible; MJ12bot/v1.4.5; http://www.majestic12.co.uk/bot.php?+)"
66.249.78.43 - - [17/Apr/2015:09:09:55 +0200] "GET /news.php?cs_go=archiv&cs_id=4463&cs_search= HTTP/1.1" 200 11477 "-" "Mozilla/5.0 (compatible; Googlebot/2.1; +http://www.google.com/bot.html)"
66.249.78.36 - - [17/Apr/2015:09:13:46 +0200] "GET / HTTP/1.1" 200 15920 "-" "Mozilla/5.0 (compatible; Googlebot/2.1; +http://www.google.com/bot.html)"
66.249.78.43 - - [17/Apr/2015:09:16:45 +0200] "GET /news.php?cs_go=archiv&cs_id=4463&cs_search= HTTP/1.1" 200 11477 "-" "Mozilla/5.0 (compatible; Googlebot/2.1; +http://www.google.com/bot.html)"
66.249.78.43 - - [17/Apr/2015:09:23:29 +0200] "GET /news.php?cs_go=archiv&cs_id=4463&cs_search= HTTP/1.1" 200 11477 "-" "Mozilla/5.0 (compatible; Googlebot/2.1; +http://www.google.com/bot.html)"
188.165.15.97 - - [17/Apr/2015:09:37:00 +0200] "GET /robots.txt HTTP/1.1" 404 1256 "-" "Mozilla/5.0 (compatible; AhrefsBot/5.0; +http://ahrefs.com/robot/)"
88.198.56.239 - - [17/Apr/2015:09:47:35 +0200] "GET /news.php?cs_go=archiv&cs_id=4470&cs_search HTTP/1.1" 200 11682 "-" "Mozilla/5.0 (X11; Ubuntu; Linux x86_64; rv:14.0) Gecko/20100101 Firefox/14.0.1"
5.9.17.118 - - [17/Apr/2015:09:47:35 +0200] "GET /news.php?cs_go=archiv&cs_id=4470 HTTP/1.1" 200 11682 "-" "Mozilla/5.0 (Windows NT 5.1; rv:11.0) Gecko Firefox/11.0"
144.76.201.69 - - [17/Apr/2015:09:47:35 +0200] "GET /news.php?cs_go=archiv&cs_id=4470&cs_search= HTTP/1.1" 200 11682 "-" "Mozilla/5.0 (X11; Linux x86_64) AppleWebKit/534.24 (KHTML, like Gecko) Chrome/11.0.696.34 Safari/534.24"
5.9.106.81 - - [17/Apr/2015:09:47:35 +0200] "GET /news.php?cs_go=archiv&cs_id=4470&cs_search= HTTP/1.1" 200 11682 "-" "Mozilla/5.0 (Windows NT 6.0; WOW64) AppleWebKit/534.24 (KHTML, like Gecko) Chrome/11.0.696.34 Safari/534.24"
5.9.17.118 - - [17/Apr/2015:09:47:43 +0200] "GET /news.php?cs_go=archiv&cs_id=4470 HTTP/1.1" 200 11682 "-" "Mozilla/5.0 (Macintosh; Intel Mac OS X 10.8; rv:21.0) Gecko/20100101 Firefox/21.0"
88.198.56.239 - - [17/Apr/2015:09:47:43 +0200] "GET /news.php?cs_go=archiv&cs_id=4470&cs_search HTTP/1.1" 200 11682 "-" "Mozilla/5.0 (Macintosh; Intel Mac OS X 1084) AppleWebKit/536.28.10 (KHTML like Gecko) Version/6.0.3 Safari/536.28.10"
5.9.106.81 - - [17/Apr/2015:09:47:43 +0200] "GET /news.php?cs_go=archiv&cs_id=4470&cs_search= HTTP/1.1" 200 11682 "-" "Mozilla/5.0 (X11; Ubuntu; Linux i686; rv:15.0) Gecko/20100101 Firefox/15.0.1"
144.76.201.69 - - [17/Apr/2015:09:47:44 +0200] "GET /news.php?cs_go=archiv&cs_id=4470&cs_search= HTTP/1.1" 200 11682 "-" "Mozilla/5.0 (Windows NT 6.2; Win64; x64;) Gecko/20100101 Firefox/20.0"
144.76.29.162 - - [17/Apr/2015:10:01:17 +0200] "GET /robots.txt HTTP/1.0" 404 1256 "-" "Mozilla/5.0 (compatible; MJ12bot/v1.4.5; http://www.majestic12.co.uk/bot.php?+)"
144.76.29.162 - - [17/Apr/2015:10:01:54 +0200] "GET /robots.txt HTTP/1.0" 404 1256 "-" "Mozilla/5.0 (compatible; MJ12bot/v1.4.5; http://www.majestic12.co.uk/bot.php?+)"
123.125.71.77 - - [17/Apr/2015:10:03:32 +0200] "GET / HTTP/1.1" 200 9656 "-" "Mozilla/5.0 (Windows NT 5.1; rv:6.0.2) Gecko/20100101 Firefox/6.0.2"
144.76.29.162 - - [17/Apr/2015:10:01:22 +0200] "GET /news.php?cs_go=archiv&cs_id=4780 HTTP/1.0" 200 11477 "-" "Mozilla/5.0 (compatible; MJ12bot/v1.4.5; http://www.majestic12.co.uk/bot.php?+)"
220.181.108.152 - - [17/Apr/2015:10:04:49 +0200] "GET / HTTP/1.1" 200 9656 "-" "Mozilla/5.0 (Windows NT 5.1; rv:6.0.2) Gecko/20100101 Firefox/6.0.2"
144.76.29.162 - - [17/Apr/2015:10:01:56 +0200] "GET /news.php?cs_go=archiv&cs_id=5007 HTTP/1.0" 200 11477 "-" "Mozilla/5.0 (compatible; MJ12bot/v1.4.5; http://www.majestic12.co.uk/bot.php?+)"
144.76.29.162 - - [17/Apr/2015:10:02:06 +0200] "GET /news.php?cs_go=archiv&cs_id=4788&cs_search= HTTP/1.0" 200 11477 "-" "Mozilla/5.0 (compatible; MJ12bot/v1.4.5; http://www.majestic12.co.uk/bot.php?+)"
144.76.29.162 - - [17/Apr/2015:10:02:51 +0200] "GET /news.php?cs_go=archiv&cs_id=4789&cs_search= HTTP/1.0" 200 11477 "-" "Mozilla/5.0 (compatible; MJ12bot/v1.4.5; http://www.majestic12.co.uk/bot.php?+)"
144.76.29.162 - - [17/Apr/2015:10:02:51 +0200] "GET /news.php?cs_go=archiv&cs_id=5009 HTTP/1.0" 200 11477 "-" "Mozilla/5.0 (compatible; MJ12bot/v1.4.5; http://www.majestic12.co.uk/bot.php?+)"
87.145.219.33 - - [17/Apr/2015:10:06:25 +0200] "GET / HTTP/1.1" 200 9656 "http://www.bigfinder.de/?c=ws&q=online&v=1" "Mozilla/5.0 (Windows NT 6.1; WOW64; rv:19.0) Gecko/20100101 Firefox/19.0"
144.76.29.162 - - [17/Apr/2015:10:03:33 +0200] "GET /news.php?cs_go=archiv&cs_id=4790&cs_search= HTTP/1.0" 200 11477 "-" "Mozilla/5.0 (compatible; MJ12bot/v1.4.5; http://www.majestic12.co.uk/bot.php?+)"
