66.249.78.36 - - [19/Apr/2015:04:32:14 +0200] "GET /news.php?cs_go=archiv&cs_id=3128&cs_search= HTTP/1.1" 200 11477 "-" "Mozilla/5.0 (compatible; Googlebot/2.1; +http://www.google.com/bot.html)"
66.249.78.50 - - [19/Apr/2015:04:35:43 +0200] "GET /news.php?cs_go=archiv&cs_id=5376&cs_search= HTTP/1.1" 200 11477 "-" "Mozilla/5.0 (compatible; Googlebot/2.1; +http://www.google.com/bot.html)"
66.249.64.89 - - [19/Apr/2015:04:38:43 +0200] "GET /news.php?cs_go=archiv&cs_id=3128&cs_search= HTTP/1.1" 200 11477 "-" "Mozilla/5.0 (compatible; Googlebot/2.1; +http://www.google.com/bot.html)"
66.249.78.43 - - [19/Apr/2015:04:42:20 +0200] "GET /news.php?cs_go=archiv&cs_id=5376&cs_search= HTTP/1.1" 200 11477 "-" "Mozilla/5.0 (compatible; Googlebot/2.1; +http://www.google.com/bot.html)"
66.249.78.50 - - [19/Apr/2015:04:48:58 +0200] "GET /robots.txt HTTP/1.1" 404 1256 "-" "Mozilla/5.0 (compatible; Googlebot/2.1; +http://www.google.com/bot.html)"
66.249.78.50 - - [19/Apr/2015:04:48:58 +0200] "GET /news.php?cs_go=archiv&cs_id=5376&cs_search= HTTP/1.1" 200 11477 "-" "Mozilla/5.0 (compatible; Googlebot/2.1; +http://www.google.com/bot.html)"
66.249.78.43 - - [19/Apr/2015:05:21:24 +0200] "GET /diesel.php HTTP/1.1" 200 11962 "-" "Mozilla/5.0 (compatible; Googlebot/2.1; +http://www.google.com/bot.html)"
66.249.78.119 - - [19/Apr/2015:05:25:33 +0200] "GET /ofenbau.php HTTP/1.1" 200 11696 "-" "Mozilla/5.0 (iPhone; CPU iPhone OS 6_0 like Mac OS X) AppleWebKit/536.26 (KHTML, like Gecko) Version/6.0 Mobile/10A5376e Safari/8536.25 (compatible; Googlebot/2.1; +http://www.google.com/bot.html)"
66.249.78.50 - - [19/Apr/2015:05:28:33 +0200] "GET /diesel.php HTTP/1.1" 200 11962 "-" "Mozilla/5.0 (compatible; Googlebot/2.1; +http://www.google.com/bot.html)"
89.234.68.105 - - [19/Apr/2015:05:25:48 +0200] "GET / HTTP/1.1" 200 16125 "-" "Mozilla/5.0 (Windows; U; Windows NT 5.1; en-US; rv:1.9.2.8) Gecko/20100721 Firefox/3.6.8"
89.234.68.105 - - [19/Apr/2015:05:26:24 +0200] "GET / HTTP/1.1" 200 16125 "-" "Mozilla/5.0 (Windows; U; Windows NT 5.1; en-US; rv:1.9.2.8) Gecko/20100721 Firefox/3.6.8"
89.234.68.105 - - [19/Apr/2015:05:26:59 +0200] "GET / HTTP/1.1" 200 16125 "-" "Mozilla/5.0 (Windows; U; Windows NT 5.1; en-US; rv:1.9.2.8) Gecko/20100721 Firefox/3.6.8"
89.234.68.105 - - [19/Apr/2015:05:27:34 +0200] "GET / HTTP/1.1" 200 16125 "-" "Mozilla/5.0 (Windows; U; Windows NT 5.1; en-US; rv:1.9.2.8) Gecko/20100721 Firefox/3.6.8"
89.234.68.105 - - [19/Apr/2015:05:28:10 +0200] "GET / HTTP/1.1" 200 16125 "-" "Mozilla/5.0 (Windows; U; Windows NT 5.1; en-US; rv:1.9.2.8) Gecko/20100721 Firefox/3.6.8"
89.234.68.105 - - [19/Apr/2015:05:28:45 +0200] "GET / HTTP/1.1" 200 16125 "-" "Mozilla/5.0 (Windows; U; Windows NT 5.1; en-US; rv:1.9.2.8) Gecko/20100721 Firefox/3.6.8"
66.249.78.126 - - [19/Apr/2015:05:31:58 +0200] "GET /ofenbau.php HTTP/1.1" 200 11696 "-" "Mozilla/5.0 (iPhone; CPU iPhone OS 6_0 like Mac OS X) AppleWebKit/536.26 (KHTML, like Gecko) Version/6.0 Mobile/10A5376e Safari/8536.25 (compatible; Googlebot/2.1; +http://www.google.com/bot.html)"
89.234.68.105 - - [19/Apr/2015:05:29:20 +0200] "GET / HTTP/1.1" 200 16125 "-" "Mozilla/5.0 (Windows; U; Windows NT 5.1; en-US; rv:1.9.2.8) Gecko/20100721 Firefox/3.6.8"
89.234.68.105 - - [19/Apr/2015:05:29:56 +0200] "GET / HTTP/1.1" 200 16125 "-" "Mozilla/5.0 (Windows; U; Windows NT 5.1; en-US; rv:1.9.2.8) Gecko/20100721 Firefox/3.6.8"
66.249.78.112 - - [19/Apr/2015:05:34:58 +0200] "GET /news.php?cs_go=archiv&cs_startpos=30 HTTP/1.1" 200 11477 "-" "Mozilla/5.0 (compatible; Googlebot/2.1; +http://www.google.com/bot.html)"
66.249.78.50 - - [19/Apr/2015:05:37:58 +0200] "GET /diesel.php HTTP/1.1" 200 11962 "-" "Mozilla/5.0 (compatible; Googlebot/2.1; +http://www.google.com/bot.html)"
66.249.78.119 - - [19/Apr/2015:05:40:58 +0200] "GET /ofenbau.php HTTP/1.1" 200 11696 "-" "Mozilla/5.0 (iPhone; CPU iPhone OS 6_0 like Mac OS X) AppleWebKit/536.26 (KHTML, like Gecko) Version/6.0 Mobile/10A5376e Safari/8536.25 (compatible; Googlebot/2.1; +http://www.google.com/bot.html)"
66.249.78.112 - - [19/Apr/2015:05:43:58 +0200] "GET /news.php?cs_go=archiv&cs_startpos=30 HTTP/1.1" 200 11477 "-" "Mozilla/5.0 (compatible; Googlebot/2.1; +http://www.google.com/bot.html)"
66.249.78.135 - - [19/Apr/2015:05:47:27 +0200] "GET /adblue.php HTTP/1.1" 200 15843 "-" "Mozilla/5.0 (compatible; Googlebot/2.1; +http://www.google.com/bot.html)"
157.55.39.198 - - [19/Apr/2015:05:53:09 +0200] "GET /news.php?cs_go=archiv&cs_id=5389 HTTP/1.1" 200 9055 "-" "Mozilla/5.0 (compatible; bingbot/2.0; +http://www.bing.com/bingbot.htm)"
157.55.39.198 - - [19/Apr/2015:05:53:44 +0200] "GET /news.php?cs_go=archiv&cs_id=5392 HTTP/1.1" 200 9055 "-" "Mozilla/5.0 (compatible; bingbot/2.0; +http://www.bing.com/bingbot.htm)"
66.249.78.126 - - [19/Apr/2015:05:50:57 +0200] "GET /news.php?cs_go=archiv&cs_startpos=30 HTTP/1.1" 200 11477 "-" "Mozilla/5.0 (compatible; Googlebot/2.1; +http://www.google.com/bot.html)"
157.55.39.211 - - [19/Apr/2015:05:55:43 +0200] "GET /news.php?cs_go=archiv&cs_id=5394 HTTP/1.1" 200 9055 "-" "Mozilla/5.0 (compatible; bingbot/2.0; +http://www.bing.com/bingbot.htm)"
66.249.78.43 - - [19/Apr/2015:06:05:03 +0200] "GET /diesel.php HTTP/1.1" 200 11962 "-" "Mozilla/5.0 (iPhone; CPU iPhone OS 6_0 like Mac OS X) AppleWebKit/536.26 (KHTML, like Gecko) Version/6.0 Mobile/10A5376e Safari/8536.25 (compatible; Googlebot/2.1; +http://www.google.com/bot.html)"
66.249.78.36 - - [19/Apr/2015:06:11:28 +0200] "GET /diesel.php HTTP/1.1" 200 11962 "-" "Mozilla/5.0 (iPhone; CPU iPhone OS 6_0 like Mac OS X) AppleWebKit/536.26 (KHTML, like Gecko) Version/6.0 Mobile/10A5376e Safari/8536.25 (compatible; Googlebot/2.1; +http://www.google.com/bot.html)"
220.181.132.220 - - [19/Apr/2015:06:11:48 +0200] "GET / HTTP/1.1" 200 15920 "http://www.esso-berlin.de/" "Mozilla/4.0 (compatible; MSIE 8.0; Windows NT 6.1; Trident/4.0; SLCC2; .NET CLR 2.0.50727; .NET CLR 3.5.30729; .NET CLR 3.0.30729; Media Center PC 6.0; Tablet PC 2.0)"
171.13.14.148 - - [19/Apr/2015:06:12:08 +0200] "GET / HTTP/1.1" 200 15920 "http://www.esso-berlin.de/" "Mozilla/4.0 (compatible; MSIE 8.0; Windows NT 6.1; Trident/4.0; SLCC2; .NET CLR 2.0.50727; .NET CLR 3.5.30729; .NET CLR 3.0.30729; Media Center PC 6.0; Tablet PC 2.0)"
66.249.78.36 - - [19/Apr/2015:06:18:05 +0200] "GET /diesel.php HTTP/1.1" 200 11962 "-" "Mozilla/5.0 (iPhone; CPU iPhone OS 6_0 like Mac OS X) AppleWebKit/536.26 (KHTML, like Gecko) Version/6.0 Mobile/10A5376e Safari/8536.25 (compatible; Googlebot/2.1; +http://www.google.com/bot.html)"
66.249.78.149 - - [19/Apr/2015:06:30:49 +0200] "GET /edl.php HTTP/1.1" 200 11816 "-" "Mozilla/5.0 (iPhone; CPU iPhone OS 6_0 like Mac OS X) AppleWebKit/536.26 (KHTML, like Gecko) Version/6.0 Mobile/10A5376e Safari/8536.25 (compatible; Googlebot/2.1; +http://www.google.com/bot.html)"
66.249.78.50 - - [19/Apr/2015:06:35:48 +0200] "GET /news.php?cs_go=archiv&cs_id=4859&cs_search= HTTP/1.1" 200 11477 "-" "Mozilla/5.0 (compatible; Googlebot/2.1; +http://www.google.com/bot.html)"
66.249.64.80 - - [19/Apr/2015:06:38:48 +0200] "GET /edl.php HTTP/1.1" 200 11816 "-" "Mozilla/5.0 (iPhone; CPU iPhone OS 6_0 like Mac OS X) AppleWebKit/536.26 (KHTML, like Gecko) Version/6.0 Mobile/10A5376e Safari/8536.25 (compatible; Googlebot/2.1; +http://www.google.com/bot.html)"
66.249.78.36 - - [19/Apr/2015:06:42:32 +0200] "GET /news.php?cs_go=archiv&cs_id=4859&cs_search= HTTP/1.1" 200 11477 "-" "Mozilla/5.0 (compatible; Googlebot/2.1; +http://www.google.com/bot.html)"
46.4.100.231 - - [19/Apr/2015:06:49:28 +0200] "GET /robots.txt HTTP/1.1" 404 1256 "-" "BacklinkCrawler (http://www.backlinktest.com/crawler.html)"
46.4.100.231 - - [19/Apr/2015:06:49:28 +0200] "GET /sitemap.xml HTTP/1.1" 404 1256 "-" "BacklinkCrawler (http://www.backlinktest.com/crawler.html)"
66.249.78.149 - - [19/Apr/2015:06:52:08 +0200] "GET /modul.css HTTP/1.1" 200 36485 "http://www.essoschmierstoffe.de/edl.php" "Mozilla/5.0 (compatible; Googlebot/2.1; +http://www.google.com/bot.html)"
66.249.78.135 - - [19/Apr/2015:06:52:08 +0200] "GET /style.css HTTP/1.1" 200 8056 "http://www.essoschmierstoffe.de/edl.php" "Mozilla/5.0 (compatible; Googlebot/2.1; +http://www.google.com/bot.html)"
66.249.78.142 - - [19/Apr/2015:06:46:02 +0200] "GET /news.php?cs_go=archiv&cs_startpos=70 HTTP/1.1" 200 11477 "-" "Mozilla/5.0 (compatible; Googlebot/2.1; +http://www.google.com/bot.html)"
46.4.100.231 - - [19/Apr/2015:06:51:15 +0200] "GET /jobs.php HTTP/1.1" 200 11511 "-" "BacklinkCrawler (http://www.backlinktest.com/crawler.html)"
66.249.78.43 - - [19/Apr/2015:06:49:08 +0200] "GET /news.php?cs_go=archiv&cs_id=4859&cs_search= HTTP/1.1" 200 11477 "-" "Mozilla/5.0 (compatible; Googlebot/2.1; +http://www.google.com/bot.html)"
46.4.100.231 - - [19/Apr/2015:06:49:31 +0200] "GET / HTTP/1.1" 200 15920 "-" "BacklinkCrawler (http://www.backlinktest.com/crawler.html)"
46.4.100.231 - - [19/Apr/2015:06:49:41 +0200] "GET /marktdaten.php HTTP/1.1" 200 12103 "-" "BacklinkCrawler (http://www.backlinktest.com/crawler.html)"
46.4.100.231 - - [19/Apr/2015:06:49:54 +0200] "GET /tankanlagen.php HTTP/1.1" 200 11688 "-" "BacklinkCrawler (http://www.backlinktest.com/crawler.html)"
46.4.100.231 - - [19/Apr/2015:06:50:04 +0200] "GET /wunschpreis.php HTTP/1.1" 200 11646 "-" "BacklinkCrawler (http://www.backlinktest.com/crawler.html)"
46.4.100.231 - - [19/Apr/2015:06:53:07 +0200] "GET /waermekonto.php HTTP/1.1" 200 11831 "-" "BacklinkCrawler (http://www.backlinktest.com/crawler.html)"
46.4.100.231 - - [19/Apr/2015:06:50:14 +0200] "GET /foerdermittel.php HTTP/1.1" 200 11824 "-" "BacklinkCrawler (http://www.backlinktest.com/crawler.html)"
46.4.100.231 - - [19/Apr/2015:06:53:21 +0200] "GET /preisanfrage.php HTTP/1.1" 200 11493 "-" "BacklinkCrawler (http://www.backlinktest.com/crawler.html)"
46.4.100.231 - - [19/Apr/2015:06:50:24 +0200] "GET /essoschmierstoffe.php HTTP/1.1" 200 15592 "-" "BacklinkCrawler (http://www.backlinktest.com/crawler.html)"
46.4.100.231 - - [19/Apr/2015:06:50:35 +0200] "GET /ec.php HTTP/1.1" 200 11616 "-" "BacklinkCrawler (http://www.backlinktest.com/crawler.html)"
46.4.100.231 - - [19/Apr/2015:06:50:45 +0200] "GET /faq.php HTTP/1.1" 200 11476 "-" "BacklinkCrawler (http://www.backlinktest.com/crawler.html)"
46.4.100.231 - - [19/Apr/2015:06:50:55 +0200] "GET /kwk.php HTTP/1.1" 200 11474 "-" "BacklinkCrawler (http://www.backlinktest.com/crawler.html)"
46.4.100.231 - - [19/Apr/2015:06:51:05 +0200] "GET /edl.php HTTP/1.1" 200 11816 "-" "BacklinkCrawler (http://www.backlinktest.com/crawler.html)"
46.4.100.231 - - [19/Apr/2015:06:51:26 +0200] "GET /news.php HTTP/1.1" 200 11477 "-" "BacklinkCrawler (http://www.backlinktest.com/crawler.html)"
46.4.100.231 - - [19/Apr/2015:06:51:36 +0200] "GET /index.php HTTP/1.1" 200 15920 "-" "BacklinkCrawler (http://www.backlinktest.com/crawler.html)"
46.4.100.231 - - [19/Apr/2015:06:51:46 +0200] "GET /adblue.php HTTP/1.1" 200 15843 "-" "BacklinkCrawler (http://www.backlinktest.com/crawler.html)"
46.4.100.231 - - [19/Apr/2015:06:51:56 +0200] "GET /diesel.php HTTP/1.1" 200 11962 "-" "BacklinkCrawler (http://www.backlinktest.com/crawler.html)"
46.4.100.231 - - [19/Apr/2015:06:55:02 +0200] "GET /energiekostenvergleich.php HTTP/1.1" 200 17945 "-" "BacklinkCrawler (http://www.backlinktest.com/crawler.html)"
46.4.100.231 - - [19/Apr/2015:06:52:06 +0200] "GET /ofenbau.php HTTP/1.1" 200 11696 "-" "BacklinkCrawler (http://www.backlinktest.com/crawler.html)"
46.4.100.231 - - [19/Apr/2015:06:52:17 +0200] "GET /kontakt.php HTTP/1.1" 200 11467 "-" "BacklinkCrawler (http://www.backlinktest.com/crawler.html)"
46.4.100.231 - - [19/Apr/2015:06:52:27 +0200] "GET /heizoel.php HTTP/1.1" 200 11999 "-" "BacklinkCrawler (http://www.backlinktest.com/crawler.html)"
46.4.100.231 - - [19/Apr/2015:06:52:37 +0200] "GET /lexikon.php HTTP/1.1" 200 11466 "-" "BacklinkCrawler (http://www.backlinktest.com/crawler.html)"
66.249.64.80 - - [19/Apr/2015:06:52:37 +0200] "GET /news.php?cs_go=archiv&cs_startpos=70 HTTP/1.1" 200 11477 "-" "Mozilla/5.0 (compatible; Googlebot/2.1; +http://www.google.com/bot.html)"
46.4.100.231 - - [19/Apr/2015:06:52:47 +0200] "GET /notdienst.php HTTP/1.1" 200 12433 "-" "BacklinkCrawler (http://www.backlinktest.com/crawler.html)"
46.4.100.231 - - [19/Apr/2015:06:52:57 +0200] "GET /impressum.php HTTP/1.1" 200 12936 "-" "BacklinkCrawler (http://www.backlinktest.com/crawler.html)"
46.4.100.231 - - [19/Apr/2015:06:53:31 +0200] "GET /biogasanlage.php HTTP/1.1" 200 11909 "-" "BacklinkCrawler (http://www.backlinktest.com/crawler.html)"
46.4.100.231 - - [19/Apr/2015:06:53:41 +0200] "GET /tankreinigung.php HTTP/1.1" 200 11757 "-" "BacklinkCrawler (http://www.backlinktest.com/crawler.html)"
46.4.100.231 - - [19/Apr/2015:06:53:51 +0200] "GET /schmierstoffe.php HTTP/1.1" 200 14431 "-" "BacklinkCrawler (http://www.backlinktest.com/crawler.html)"
46.4.100.231 - - [19/Apr/2015:06:54:01 +0200] "GET /premiumheizoel.php HTTP/1.1" 200 12235 "-" "BacklinkCrawler (http://www.backlinktest.com/crawler.html)"
46.4.100.231 - - [19/Apr/2015:06:54:12 +0200] "GET /ansprechpartner.php HTTP/1.1" 200 13907 "-" "BacklinkCrawler (http://www.backlinktest.com/crawler.html)"
46.4.100.231 - - [19/Apr/2015:06:54:22 +0200] "GET /brennwerttechnik.php HTTP/1.1" 200 11859 "-" "BacklinkCrawler (http://www.backlinktest.com/crawler.html)"
46.4.100.231 - - [19/Apr/2015:06:54:32 +0200] "GET /energiesparcheck.php HTTP/1.1" 200 11549 "-" "BacklinkCrawler (http://www.backlinktest.com/crawler.html)"
46.4.100.231 - - [19/Apr/2015:06:54:42 +0200] "GET /news.php?cs_go=archiv HTTP/1.1" 200 11477 "-" "BacklinkCrawler (http://www.backlinktest.com/crawler.html)"
46.4.100.231 - - [19/Apr/2015:06:54:52 +0200] "GET /baustellenbetankung.php HTTP/1.1" 200 12527 "-" "BacklinkCrawler (http://www.backlinktest.com/crawler.html)"
46.4.100.231 - - [19/Apr/2015:06:55:16 +0200] "GET /news.php?cs_go=archiv&cs_id=5301 HTTP/1.1" 200 11477 "-" "BacklinkCrawler (http://www.backlinktest.com/crawler.html)"
46.4.100.231 - - [19/Apr/2015:06:55:26 +0200] "GET /news.php?cs_go=archiv&cs_id=5298 HTTP/1.1" 200 11477 "-" "BacklinkCrawler (http://www.backlinktest.com/crawler.html)"
66.249.78.142 - - [19/Apr/2015:06:59:12 +0200] "GET /news.php?cs_go=archiv&cs_startpos=70 HTTP/1.1" 200 11477 "-" "Mozilla/5.0 (compatible; Googlebot/2.1; +http://www.google.com/bot.html)"
66.249.78.36 - - [19/Apr/2015:07:50:48 +0200] "GET /news.php?cs_go=archiv&cs_id=4377&cs_search= HTTP/1.1" 200 11477 "-" "Mozilla/5.0 (compatible; Googlebot/2.1; +http://www.google.com/bot.html)"
66.249.78.50 - - [19/Apr/2015:07:57:19 +0200] "GET /news.php?cs_go=archiv&cs_id=4377&cs_search= HTTP/1.1" 200 11477 "-" "Mozilla/5.0 (compatible; Googlebot/2.1; +http://www.google.com/bot.html)"
157.55.39.58 - - [19/Apr/2015:08:04:51 +0200] "GET /robots.txt HTTP/1.1" 404 1256 "-" "Mozilla/5.0 (compatible; bingbot/2.0; +http://www.bing.com/bingbot.htm)"
157.55.39.58 - - [19/Apr/2015:08:04:55 +0200] "GET /images/Industrieschmierstoffe_Katalog_March_2012.pdf HTTP/1.1" 200 1284222 "-" "Mozilla/5.0 (compatible; bingbot/2.0; +http://www.bing.com/bingbot.htm)"
66.249.78.43 - - [19/Apr/2015:08:00:19 +0200] "GET /news.php?cs_go=archiv&cs_id=3704 HTTP/1.1" 200 11477 "-" "Mozilla/5.0 (compatible; Googlebot/2.1; +http://www.google.com/bot.html)"
66.249.78.43 - - [19/Apr/2015:08:03:26 +0200] "GET /news.php?cs_go=archiv&cs_id=4377&cs_search= HTTP/1.1" 200 11477 "-" "Mozilla/5.0 (compatible; Googlebot/2.1; +http://www.google.com/bot.html)"
66.249.78.50 - - [19/Apr/2015:08:06:26 +0200] "GET /news.php?cs_go=archiv&cs_id=3704 HTTP/1.1" 200 11477 "-" "Mozilla/5.0 (compatible; Googlebot/2.1; +http://www.google.com/bot.html)"
66.249.78.50 - - [19/Apr/2015:08:12:46 +0200] "GET /news.php?cs_go=archiv&cs_id=3704 HTTP/1.1" 200 11477 "-" "Mozilla/5.0 (compatible; Googlebot/2.1; +http://www.google.com/bot.html)"
66.249.78.210 - - [19/Apr/2015:08:22:45 +0200] "GET / HTTP/1.1" 200 15920 "-" "Mozilla/5.0 (iPhone; CPU iPhone OS 6_0 like Mac OS X) AppleWebKit/536.26 (KHTML, like Gecko) Version/6.0 Mobile/10A5376e Safari/8536.25 (compatible; Googlebot/2.1; +http://www.google.com/bot.html)"
66.249.78.224 - - [19/Apr/2015:08:29:07 +0200] "GET / HTTP/1.1" 200 15920 "-" "Mozilla/5.0 (iPhone; CPU iPhone OS 6_0 like Mac OS X) AppleWebKit/536.26 (KHTML, like Gecko) Version/6.0 Mobile/10A5376e Safari/8536.25 (compatible; Googlebot/2.1; +http://www.google.com/bot.html)"
66.249.78.210 - - [19/Apr/2015:08:35:44 +0200] "GET / HTTP/1.1" 200 15920 "-" "Mozilla/5.0 (iPhone; CPU iPhone OS 6_0 like Mac OS X) AppleWebKit/536.26 (KHTML, like Gecko) Version/6.0 Mobile/10A5376e Safari/8536.25 (compatible; Googlebot/2.1; +http://www.google.com/bot.html)"
66.249.78.142 - - [19/Apr/2015:08:38:44 +0200] "GET /adblue.php HTTP/1.1" 200 15843 "-" "Mozilla/5.0 (compatible; Googlebot/2.1; +http://www.google.com/bot.html)"
66.249.64.93 - - [19/Apr/2015:08:42:20 +0200] "GET / HTTP/1.1" 200 15920 "-" "Mozilla/5.0 (iPhone; CPU iPhone OS 6_0 like Mac OS X) AppleWebKit/536.26 (KHTML, like Gecko) Version/6.0 Mobile/10A5376e Safari/8536.25 (compatible; Googlebot/2.1; +http://www.google.com/bot.html)"
66.249.78.142 - - [19/Apr/2015:08:45:20 +0200] "GET /adblue.php HTTP/1.1" 200 15843 "-" "Mozilla/5.0 (compatible; Googlebot/2.1; +http://www.google.com/bot.html)"
66.249.78.177 - - [19/Apr/2015:08:48:49 +0200] "GET / HTTP/1.1" 200 15920 "-" "Mozilla/5.0 (iPhone; CPU iPhone OS 6_0 like Mac OS X) AppleWebKit/536.26 (KHTML, like Gecko) Version/6.0 Mobile/10A5376e Safari/8536.25 (compatible; Googlebot/2.1; +http://www.google.com/bot.html)"
123.125.71.57 - - [19/Apr/2015:08:54:24 +0200] "GET / HTTP/1.1" 200 9656 "-" "Mozilla/5.0 (Windows NT 5.1; rv:6.0.2) Gecko/20100101 Firefox/6.0.2"
66.249.78.135 - - [19/Apr/2015:08:51:49 +0200] "GET /adblue.php HTTP/1.1" 200 15843 "-" "Mozilla/5.0 (compatible; Googlebot/2.1; +http://www.google.com/bot.html)"
220.181.108.95 - - [19/Apr/2015:08:56:02 +0200] "GET / HTTP/1.1" 200 9656 "-" "Mozilla/5.0 (Windows NT 5.1; rv:6.0.2) Gecko/20100101 Firefox/6.0.2"
66.249.78.184 - - [19/Apr/2015:08:55:34 +0200] "GET / HTTP/1.1" 200 15920 "-" "Mozilla/5.0 (iPhone; CPU iPhone OS 6_0 like Mac OS X) AppleWebKit/536.26 (KHTML, like Gecko) Version/6.0 Mobile/10A5376e Safari/8536.25 (compatible; Googlebot/2.1; +http://www.google.com/bot.html)"
66.249.78.126 - - [19/Apr/2015:09:02:01 +0200] "GET / HTTP/1.1" 200 15920 "-" "Mozilla/5.0 (iPhone; CPU iPhone OS 6_0 like Mac OS X) AppleWebKit/536.26 (KHTML, like Gecko) Version/6.0 Mobile/10A5376e Safari/8536.25 (compatible; Googlebot/2.1; +http://www.google.com/bot.html)"
66.249.78.126 - - [19/Apr/2015:09:08:05 +0200] "GET / HTTP/1.1" 200 15920 "-" "Mozilla/5.0 (iPhone; CPU iPhone OS 6_0 like Mac OS X) AppleWebKit/536.26 (KHTML, like Gecko) Version/6.0 Mobile/10A5376e Safari/8536.25 (compatible; Googlebot/2.1; +http://www.google.com/bot.html)"
66.249.78.36 - - [19/Apr/2015:09:13:03 +0200] "GET /news.php?cs_go=archiv&cs_id=5003&cs_search= HTTP/1.1" 200 11477 "-" "Mozilla/5.0 (compatible; Googlebot/2.1; +http://www.google.com/bot.html)"
66.249.78.112 - - [19/Apr/2015:09:16:03 +0200] "GET / HTTP/1.1" 200 15920 "-" "Mozilla/5.0 (iPhone; CPU iPhone OS 6_0 like Mac OS X) AppleWebKit/536.26 (KHTML, like Gecko) Version/6.0 Mobile/10A5376e Safari/8536.25 (compatible; Googlebot/2.1; +http://www.google.com/bot.html)"
66.249.78.36 - - [19/Apr/2015:09:19:43 +0200] "GET /news.php?cs_go=archiv&cs_id=5003&cs_search= HTTP/1.1" 200 11477 "-" "Mozilla/5.0 (compatible; Googlebot/2.1; +http://www.google.com/bot.html)"
66.249.64.89 - - [19/Apr/2015:09:25:45 +0200] "GET /news.php?cs_go=archiv&cs_id=5003&cs_search= HTTP/1.1" 200 11477 "-" "Mozilla/5.0 (compatible; Googlebot/2.1; +http://www.google.com/bot.html)"
66.249.78.36 - - [19/Apr/2015:09:48:59 +0200] "GET /js/ddaccordion.js HTTP/1.1" 200 12534 "-" "Mozilla/5.0 (compatible; Googlebot/2.1; +http://www.google.com/bot.html)"
66.249.64.87 - - [19/Apr/2015:10:24:36 +0200] "GET /news.php?cs_go=archiv&cs_id=4160&cs_search= HTTP/1.1" 200 11477 "-" "Mozilla/5.0 (compatible; Googlebot/2.1; +http://www.google.com/bot.html)"
66.249.78.50 - - [19/Apr/2015:10:31:15 +0200] "GET /news.php?cs_go=archiv&cs_id=4160&cs_search= HTTP/1.1" 200 11477 "-" "Mozilla/5.0 (compatible; Googlebot/2.1; +http://www.google.com/bot.html)"
66.249.64.85 - - [19/Apr/2015:10:37:47 +0200] "GET /news.php?cs_go=archiv&cs_id=4160&cs_search= HTTP/1.1" 200 11477 "-" "Mozilla/5.0 (compatible; Googlebot/2.1; +http://www.google.com/bot.html)"
66.249.78.50 - - [19/Apr/2015:10:53:58 +0200] "GET /js/slider.js HTTP/1.1" 200 773 "-" "Mozilla/5.0 (compatible; Googlebot/2.1; +http://www.google.com/bot.html)"
66.249.64.85 - - [19/Apr/2015:10:53:59 +0200] "GET /js/jquery.min.js HTTP/1.1" 200 57254 "-" "Mozilla/5.0 (compatible; Googlebot/2.1; +http://www.google.com/bot.html)"
66.249.78.43 - - [19/Apr/2015:12:17:53 +0200] "GET /news.php?cs_go=archiv&cs_id=3813&cs_search= HTTP/1.1" 200 11477 "-" "Mozilla/5.0 (compatible; Googlebot/2.1; +http://www.google.com/bot.html)"
66.249.78.50 - - [19/Apr/2015:12:24:27 +0200] "GET /news.php?cs_go=archiv&cs_id=3813&cs_search= HTTP/1.1" 200 11477 "-" "Mozilla/5.0 (compatible; Googlebot/2.1; +http://www.google.com/bot.html)"
93.202.156.178 - - [19/Apr/2015:12:23:06 +0200] "GET / HTTP/1.1" 200 16125 "http://www.wlw.de/redirect?url=http%3A%2F%2Fwww.essoberlin.de&checksum=0c81f174198fc67d6df78296de2ce419fbe71ec35aae1e3e834b5ddfe1f6aad7" "Mozilla/5.0 (Windows NT 6.3; WOW64; rv:37.0) Gecko/20100101 Firefox/37.0"
93.202.156.178 - - [19/Apr/2015:12:23:15 +0200] "GET / HTTP/1.1" 200 16125 "http://www.wlw.de/redirect?url=http%3A%2F%2Fwww.essoberlin.de&checksum=0c81f174198fc67d6df78296de2ce419fbe71ec35aae1e3e834b5ddfe1f6aad7" "Mozilla/5.0 (Windows NT 6.3; WOW64; rv:37.0) Gecko/20100101 Firefox/37.0"
5.9.41.104 - - [19/Apr/2015:12:32:45 +0200] "GET /robots.txt HTTP/1.1" 404 1256 "-" "Mozilla/5.0 (compatible; SearchmetricsBot; http://www.searchmetrics.com/en/searchmetrics-bot/)"
93.202.156.178 - - [19/Apr/2015:12:23:21 +0200] "GET / HTTP/1.1" 200 16125 "http://www.wlw.de/redirect?url=http%3A%2F%2Fwww.essoberlin.de&checksum=0c81f174198fc67d6df78296de2ce419fbe71ec35aae1e3e834b5ddfe1f6aad7" "Mozilla/5.0 (Windows NT 6.3; WOW64; rv:37.0) Gecko/20100101 Firefox/37.0"
93.202.156.178 - - [19/Apr/2015:12:23:25 +0200] "GET / HTTP/1.1" 200 16125 "http://www.wlw.de/redirect?url=http%3A%2F%2Fwww.essoberlin.de&checksum=0c81f174198fc67d6df78296de2ce419fbe71ec35aae1e3e834b5ddfe1f6aad7" "Mozilla/5.0 (Windows NT 6.3; WOW64; rv:37.0) Gecko/20100101 Firefox/37.0"
5.9.41.104 - - [19/Apr/2015:12:36:46 +0200] "GET /../kwk.php HTTP/1.1" 400 1200 "-" "Mozilla/5.0 (compatible; SearchmetricsBot; http://www.searchmetrics.com/en/searchmetrics-bot/)"
66.249.78.36 - - [19/Apr/2015:12:30:53 +0200] "GET /news.php?cs_go=archiv&cs_id=3813&cs_search= HTTP/1.1" 200 11477 "-" "Mozilla/5.0 (compatible; Googlebot/2.1; +http://www.google.com/bot.html)"
5.9.41.104 - - [19/Apr/2015:12:33:16 +0200] "GET /biogasanlage.php HTTP/1.1" 200 11909 "-" "Mozilla/5.0 (compatible; SearchmetricsBot; http://www.searchmetrics.com/en/searchmetrics-bot/)"
5.9.41.104 - - [19/Apr/2015:12:33:26 +0200] "GET /adblue.php HTTP/1.1" 200 15843 "-" "Mozilla/5.0 (compatible; SearchmetricsBot; http://www.searchmetrics.com/en/searchmetrics-bot/)"
5.9.41.104 - - [19/Apr/2015:12:34:07 +0200] "GET /impressum.php HTTP/1.1" 200 12936 "-" "Mozilla/5.0 (compatible; SearchmetricsBot; http://www.searchmetrics.com/en/searchmetrics-bot/)"
5.9.41.104 - - [19/Apr/2015:12:34:17 +0200] "GET /jobs.php HTTP/1.1" 200 11716 "-" "Mozilla/5.0 (compatible; SearchmetricsBot; http://www.searchmetrics.com/en/searchmetrics-bot/)"
5.9.41.104 - - [19/Apr/2015:12:34:27 +0200] "GET /schmierstoffe.php HTTP/1.1" 200 14431 "-" "Mozilla/5.0 (compatible; SearchmetricsBot; http://www.searchmetrics.com/en/searchmetrics-bot/)"
5.9.41.104 - - [19/Apr/2015:12:34:37 +0200] "GET /preisanfrage.php HTTP/1.1" 200 11698 "-" "Mozilla/5.0 (compatible; SearchmetricsBot; http://www.searchmetrics.com/en/searchmetrics-bot/)"
5.9.41.104 - - [19/Apr/2015:12:35:21 +0200] "GET /baustellenbetankung.php HTTP/1.1" 200 12527 "-" "Mozilla/5.0 (compatible; SearchmetricsBot; http://www.searchmetrics.com/en/searchmetrics-bot/)"
66.249.78.119 - - [19/Apr/2015:12:41:58 +0200] "GET /robots.txt HTTP/1.1" 404 1256 "-" "Mozilla/5.0 (compatible; Googlebot/2.1; +http://www.google.com/bot.html)"
5.9.41.104 - - [19/Apr/2015:12:35:41 +0200] "GET /marktdaten.php HTTP/1.1" 200 12103 "-" "Mozilla/5.0 (compatible; SearchmetricsBot; http://www.searchmetrics.com/en/searchmetrics-bot/)"
5.9.41.104 - - [19/Apr/2015:12:32:45 +0200] "GET / HTTP/1.1" 200 16125 "-" "Mozilla/5.0 (compatible; SearchmetricsBot; http://www.searchmetrics.com/en/searchmetrics-bot/)"
5.9.41.104 - - [19/Apr/2015:12:32:55 +0200] "GET /kontakt.php HTTP/1.1" 200 11672 "-" "Mozilla/5.0 (compatible; SearchmetricsBot; http://www.searchmetrics.com/en/searchmetrics-bot/)"
5.9.41.104 - - [19/Apr/2015:12:36:05 +0200] "GET /essoschmierstoffe.php HTTP/1.1" 200 15592 "-" "Mozilla/5.0 (compatible; SearchmetricsBot; http://www.searchmetrics.com/en/searchmetrics-bot/)"
5.9.41.104 - - [19/Apr/2015:12:33:05 +0200] "GET /tankreinigung.php HTTP/1.1" 200 11962 "-" "Mozilla/5.0 (compatible; SearchmetricsBot; http://www.searchmetrics.com/en/searchmetrics-bot/)"
5.9.41.104 - - [19/Apr/2015:12:36:15 +0200] "GET /premiumheizoel.php HTTP/1.1" 200 12235 "-" "Mozilla/5.0 (compatible; SearchmetricsBot; http://www.searchmetrics.com/en/searchmetrics-bot/)"
5.9.41.104 - - [19/Apr/2015:12:33:36 +0200] "GET /heizoel.php HTTP/1.1" 200 12204 "-" "Mozilla/5.0 (compatible; SearchmetricsBot; http://www.searchmetrics.com/en/searchmetrics-bot/)"
5.9.41.104 - - [19/Apr/2015:12:33:46 +0200] "GET /diesel.php HTTP/1.1" 200 12167 "-" "Mozilla/5.0 (compatible; SearchmetricsBot; http://www.searchmetrics.com/en/searchmetrics-bot/)"
5.9.41.104 - - [19/Apr/2015:12:33:56 +0200] "GET /ec.php HTTP/1.1" 200 11821 "-" "Mozilla/5.0 (compatible; SearchmetricsBot; http://www.searchmetrics.com/en/searchmetrics-bot/)"
5.9.41.104 - - [19/Apr/2015:12:37:06 +0200] "GET /waermekonto.php HTTP/1.1" 200 12036 "-" "Mozilla/5.0 (compatible; SearchmetricsBot; http://www.searchmetrics.com/en/searchmetrics-bot/)"
5.9.41.104 - - [19/Apr/2015:12:37:50 +0200] "GET /notdienst.php HTTP/1.1" 200 12433 "-" "Mozilla/5.0 (compatible; SearchmetricsBot; http://www.searchmetrics.com/en/searchmetrics-bot/)"
5.9.41.104 - - [19/Apr/2015:12:38:00 +0200] "GET /ansprechpartner.php HTTP/1.1" 200 13907 "-" "Mozilla/5.0 (compatible; SearchmetricsBot; http://www.searchmetrics.com/en/searchmetrics-bot/)"
5.9.41.104 - - [19/Apr/2015:12:35:01 +0200] "GET /brennwerttechnik.php HTTP/1.1" 200 12064 "-" "Mozilla/5.0 (compatible; SearchmetricsBot; http://www.searchmetrics.com/en/searchmetrics-bot/)"
5.9.41.104 - - [19/Apr/2015:12:35:11 +0200] "GET /edl.php HTTP/1.1" 200 12021 "-" "Mozilla/5.0 (compatible; SearchmetricsBot; http://www.searchmetrics.com/en/searchmetrics-bot/)"
5.9.41.104 - - [19/Apr/2015:12:35:31 +0200] "GET /faq.php HTTP/1.1" 200 11681 "-" "Mozilla/5.0 (compatible; SearchmetricsBot; http://www.searchmetrics.com/en/searchmetrics-bot/)"
5.9.41.104 - - [19/Apr/2015:12:35:55 +0200] "GET /energiesparcheck.php HTTP/1.1" 200 11754 "-" "Mozilla/5.0 (compatible; SearchmetricsBot; http://www.searchmetrics.com/en/searchmetrics-bot/)"
5.9.41.104 - - [19/Apr/2015:12:36:25 +0200] "GET /foerdermittel.php HTTP/1.1" 200 12029 "-" "Mozilla/5.0 (compatible; SearchmetricsBot; http://www.searchmetrics.com/en/searchmetrics-bot/)"
5.9.41.104 - - [19/Apr/2015:12:36:35 +0200] "GET /lexikon.php HTTP/1.1" 200 11671 "-" "Mozilla/5.0 (compatible; SearchmetricsBot; http://www.searchmetrics.com/en/searchmetrics-bot/)"
5.9.41.104 - - [19/Apr/2015:12:36:46 +0200] "GET /ofenbau.php HTTP/1.1" 200 11901 "-" "Mozilla/5.0 (compatible; SearchmetricsBot; http://www.searchmetrics.com/en/searchmetrics-bot/)"
5.9.41.104 - - [19/Apr/2015:12:36:56 +0200] "GET /news.php HTTP/1.1" 200 11682 "-" "Mozilla/5.0 (compatible; SearchmetricsBot; http://www.searchmetrics.com/en/searchmetrics-bot/)"
5.9.41.104 - - [19/Apr/2015:12:37:19 +0200] "GET /wunschpreis.php HTTP/1.1" 200 11851 "-" "Mozilla/5.0 (compatible; SearchmetricsBot; http://www.searchmetrics.com/en/searchmetrics-bot/)"
5.9.41.104 - - [19/Apr/2015:12:37:29 +0200] "GET /index.php HTTP/1.1" 200 16125 "-" "Mozilla/5.0 (compatible; SearchmetricsBot; http://www.searchmetrics.com/en/searchmetrics-bot/)"
5.9.41.104 - - [19/Apr/2015:12:37:40 +0200] "GET /tankanlagen.php HTTP/1.1" 200 11893 "-" "Mozilla/5.0 (compatible; SearchmetricsBot; http://www.searchmetrics.com/en/searchmetrics-bot/)"
5.9.41.104 - - [19/Apr/2015:12:34:48 +0200] "GET /energiekostenvergleich.php HTTP/1.1" 200 24259 "-" "Mozilla/5.0 (compatible; SearchmetricsBot; http://www.searchmetrics.com/en/searchmetrics-bot/)"
66.249.78.126 - - [19/Apr/2015:12:41:58 +0200] "GET / HTTP/1.1" 200 15920 "-" "Mozilla/5.0 (compatible; Googlebot/2.1; +http://www.google.com/bot.html)"
104.255.68.191 - - [19/Apr/2015:12:50:08 +0200] "GET /robots.txt HTTP/1.0" 404 1256 "-" "Mozilla/5.0 (compatible; MJ12bot/v1.4.5; http://www.majestic12.co.uk/bot.php?+)"
66.249.78.112 - - [19/Apr/2015:12:48:23 +0200] "GET / HTTP/1.1" 200 15920 "-" "Mozilla/5.0 (compatible; Googlebot/2.1; +http://www.google.com/bot.html)"
104.255.68.191 - - [19/Apr/2015:12:50:11 +0200] "GET /ansprechpartner.php HTTP/1.0" 200 13907 "-" "Mozilla/5.0 (compatible; MJ12bot/v1.4.5; http://www.majestic12.co.uk/bot.php?+)"
104.255.68.191 - - [19/Apr/2015:12:50:54 +0200] "GET /baustellenbetankung.php HTTP/1.0" 200 12527 "-" "Mozilla/5.0 (compatible; MJ12bot/v1.4.5; http://www.majestic12.co.uk/bot.php?+)"
104.255.68.191 - - [19/Apr/2015:12:51:36 +0200] "GET /brennwerttechnik.php HTTP/1.0" 200 11859 "-" "Mozilla/5.0 (compatible; MJ12bot/v1.4.5; http://www.majestic12.co.uk/bot.php?+)"
104.255.68.191 - - [19/Apr/2015:12:52:19 +0200] "GET /diesel.php HTTP/1.0" 200 11962 "-" "Mozilla/5.0 (compatible; MJ12bot/v1.4.5; http://www.majestic12.co.uk/bot.php?+)"
66.249.78.112 - - [19/Apr/2015:12:55:06 +0200] "GET / HTTP/1.1" 200 15920 "-" "Mozilla/5.0 (compatible; Googlebot/2.1; +http://www.google.com/bot.html)"
178.63.13.15 - - [19/Apr/2015:14:25:53 +0200] "GET /robots.txt HTTP/1.0" 404 1256 "-" "Mozilla/5.0 (compatible; MJ12bot/v1.4.5; http://www.majestic12.co.uk/bot.php?+)"
178.63.13.15 - - [19/Apr/2015:14:25:57 +0200] "GET /kwk.php?cs_go=1 HTTP/1.0" 200 11474 "-" "Mozilla/5.0 (compatible; MJ12bot/v1.4.5; http://www.majestic12.co.uk/bot.php?+)"
178.63.13.15 - - [19/Apr/2015:14:26:42 +0200] "GET /kwk.php?cs_go=2 HTTP/1.0" 200 11474 "-" "Mozilla/5.0 (compatible; MJ12bot/v1.4.5; http://www.majestic12.co.uk/bot.php?+)"
178.63.13.15 - - [19/Apr/2015:14:27:26 +0200] "GET /kwk.php?cs_go=3 HTTP/1.0" 200 11474 "-" "Mozilla/5.0 (compatible; MJ12bot/v1.4.5; http://www.majestic12.co.uk/bot.php?+)"
178.63.13.15 - - [19/Apr/2015:14:28:12 +0200] "GET /lexikon.php?cs_go=2&cs_char=a HTTP/1.0" 200 11466 "-" "Mozilla/5.0 (compatible; MJ12bot/v1.4.5; http://www.majestic12.co.uk/bot.php?+)"
178.63.13.15 - - [19/Apr/2015:14:28:55 +0200] "GET /lexikon.php?cs_go=2&cs_char=b HTTP/1.0" 200 11466 "-" "Mozilla/5.0 (compatible; MJ12bot/v1.4.5; http://www.majestic12.co.uk/bot.php?+)"
178.63.13.15 - - [19/Apr/2015:14:29:42 +0200] "GET /lexikon.php?cs_go=2&cs_char=c HTTP/1.0" 200 11466 "-" "Mozilla/5.0 (compatible; MJ12bot/v1.4.5; http://www.majestic12.co.uk/bot.php?+)"
178.63.13.15 - - [19/Apr/2015:14:30:30 +0200] "GET /lexikon.php?cs_go=2&cs_char=d HTTP/1.0" 200 11466 "-" "Mozilla/5.0 (compatible; MJ12bot/v1.4.5; http://www.majestic12.co.uk/bot.php?+)"
178.63.13.15 - - [19/Apr/2015:14:31:15 +0200] "GET /lexikon.php?cs_go=2&cs_char=e HTTP/1.0" 200 11466 "-" "Mozilla/5.0 (compatible; MJ12bot/v1.4.5; http://www.majestic12.co.uk/bot.php?+)"
178.63.13.15 - - [19/Apr/2015:14:31:58 +0200] "GET /lexikon.php?cs_go=2&cs_char=f HTTP/1.0" 200 11466 "-" "Mozilla/5.0 (compatible; MJ12bot/v1.4.5; http://www.majestic12.co.uk/bot.php?+)"
178.63.13.15 - - [19/Apr/2015:14:32:41 +0200] "GET /lexikon.php?cs_go=2&cs_char=g HTTP/1.0" 200 11466 "-" "Mozilla/5.0 (compatible; MJ12bot/v1.4.5; http://www.majestic12.co.uk/bot.php?+)"
178.63.13.15 - - [19/Apr/2015:14:33:24 +0200] "GET /lexikon.php?cs_go=2&cs_char=h HTTP/1.0" 200 11466 "-" "Mozilla/5.0 (compatible; MJ12bot/v1.4.5; http://www.majestic12.co.uk/bot.php?+)"
178.63.13.15 - - [19/Apr/2015:14:34:07 +0200] "GET /lexikon.php?cs_go=2&cs_char=i HTTP/1.0" 200 11466 "-" "Mozilla/5.0 (compatible; MJ12bot/v1.4.5; http://www.majestic12.co.uk/bot.php?+)"
66.249.78.147 - - [19/Apr/2015:14:40:53 +0200] "GET /robots.txt HTTP/1.1" 404 1256 "-" "Mozilla/5.0 (compatible; Googlebot/2.1; +http://www.google.com/bot.html)"
178.63.13.15 - - [19/Apr/2015:14:34:50 +0200] "GET /lexikon.php?cs_go=2&cs_char=j HTTP/1.0" 200 11466 "-" "Mozilla/5.0 (compatible; MJ12bot/v1.4.5; http://www.majestic12.co.uk/bot.php?+)"
178.63.13.15 - - [19/Apr/2015:14:35:35 +0200] "GET /lexikon.php?cs_go=2&cs_char=k HTTP/1.0" 200 11466 "-" "Mozilla/5.0 (compatible; MJ12bot/v1.4.5; http://www.majestic12.co.uk/bot.php?+)"
178.63.13.15 - - [19/Apr/2015:14:36:19 +0200] "GET /lexikon.php?cs_go=2&cs_char=l HTTP/1.0" 200 11466 "-" "Mozilla/5.0 (compatible; MJ12bot/v1.4.5; http://www.majestic12.co.uk/bot.php?+)"
178.63.13.15 - - [19/Apr/2015:14:37:01 +0200] "GET /lexikon.php?cs_go=2&cs_char=m HTTP/1.0" 200 11466 "-" "Mozilla/5.0 (compatible; MJ12bot/v1.4.5; http://www.majestic12.co.uk/bot.php?+)"
178.63.13.15 - - [19/Apr/2015:14:37:43 +0200] "GET /lexikon.php?cs_go=2&cs_char=n HTTP/1.0" 200 11466 "-" "Mozilla/5.0 (compatible; MJ12bot/v1.4.5; http://www.majestic12.co.uk/bot.php?+)"
178.63.13.15 - - [19/Apr/2015:14:38:27 +0200] "GET /lexikon.php?cs_go=2&cs_char=o HTTP/1.0" 200 11466 "-" "Mozilla/5.0 (compatible; MJ12bot/v1.4.5; http://www.majestic12.co.uk/bot.php?+)"
178.63.13.15 - - [19/Apr/2015:14:39:16 +0200] "GET /lexikon.php?cs_go=2&cs_char=p HTTP/1.0" 200 11466 "-" "Mozilla/5.0 (compatible; MJ12bot/v1.4.5; http://www.majestic12.co.uk/bot.php?+)"
178.63.13.15 - - [19/Apr/2015:14:39:59 +0200] "GET /lexikon.php?cs_go=2&cs_char=q HTTP/1.0" 200 11466 "-" "Mozilla/5.0 (compatible; MJ12bot/v1.4.5; http://www.majestic12.co.uk/bot.php?+)"
178.63.13.15 - - [19/Apr/2015:14:40:42 +0200] "GET /lexikon.php?cs_go=2&cs_char=r HTTP/1.0" 200 11466 "-" "Mozilla/5.0 (compatible; MJ12bot/v1.4.5; http://www.majestic12.co.uk/bot.php?+)"
66.249.78.161 - - [19/Apr/2015:14:40:53 +0200] "GET /news.php?cs_go=archiv&cs_id=1163&cs_search= HTTP/1.1" 200 11477 "-" "Mozilla/5.0 (compatible; Googlebot/2.1; +http://www.google.com/bot.html)"
178.63.13.15 - - [19/Apr/2015:14:41:26 +0200] "GET /lexikon.php?cs_go=2&cs_char=s HTTP/1.0" 200 11466 "-" "Mozilla/5.0 (compatible; MJ12bot/v1.4.5; http://www.majestic12.co.uk/bot.php?+)"
178.63.13.15 - - [19/Apr/2015:14:42:14 +0200] "GET /lexikon.php?cs_go=2&cs_char=t HTTP/1.0" 200 11466 "-" "Mozilla/5.0 (compatible; MJ12bot/v1.4.5; http://www.majestic12.co.uk/bot.php?+)"
178.63.13.15 - - [19/Apr/2015:14:43:00 +0200] "GET /lexikon.php?cs_go=2&cs_char=u HTTP/1.0" 200 11466 "-" "Mozilla/5.0 (compatible; MJ12bot/v1.4.5; http://www.majestic12.co.uk/bot.php?+)"
178.63.13.15 - - [19/Apr/2015:14:43:45 +0200] "GET /lexikon.php?cs_go=2&cs_char=v HTTP/1.0" 200 11466 "-" "Mozilla/5.0 (compatible; MJ12bot/v1.4.5; http://www.majestic12.co.uk/bot.php?+)"
178.63.13.15 - - [19/Apr/2015:14:44:29 +0200] "GET /lexikon.php?cs_go=2&cs_char=w HTTP/1.0" 200 11466 "-" "Mozilla/5.0 (compatible; MJ12bot/v1.4.5; http://www.majestic12.co.uk/bot.php?+)"
178.63.13.15 - - [19/Apr/2015:14:45:12 +0200] "GET /lexikon.php?cs_go=2&cs_char=x HTTP/1.0" 200 11466 "-" "Mozilla/5.0 (compatible; MJ12bot/v1.4.5; http://www.majestic12.co.uk/bot.php?+)"
178.63.13.15 - - [19/Apr/2015:14:45:54 +0200] "GET /lexikon.php?cs_go=2&cs_char=y HTTP/1.0" 200 11466 "-" "Mozilla/5.0 (compatible; MJ12bot/v1.4.5; http://www.majestic12.co.uk/bot.php?+)"
178.63.13.15 - - [19/Apr/2015:14:46:37 +0200] "GET /lexikon.php?cs_go=2&cs_char=z HTTP/1.0" 200 11466 "-" "Mozilla/5.0 (compatible; MJ12bot/v1.4.5; http://www.majestic12.co.uk/bot.php?+)"
123.125.71.34 - - [19/Apr/2015:14:49:59 +0200] "GET / HTTP/1.1" 200 9656 "-" "Mozilla/5.0 (Windows NT 5.1; rv:6.0.2) Gecko/20100101 Firefox/6.0.2"
178.63.13.15 - - [19/Apr/2015:14:47:21 +0200] "GET /news.php?cs_go=archiv&cs_id=3743&cs_search= HTTP/1.0" 200 11477 "-" "Mozilla/5.0 (compatible; MJ12bot/v1.4.5; http://www.majestic12.co.uk/bot.php?+)"
66.249.78.161 - - [19/Apr/2015:14:47:36 +0200] "GET /news.php?cs_go=archiv&cs_id=1163&cs_search= HTTP/1.1" 200 11477 "-" "Mozilla/5.0 (compatible; Googlebot/2.1; +http://www.google.com/bot.html)"
178.63.13.15 - - [19/Apr/2015:14:48:07 +0200] "GET /news.php?cs_go=archiv&cs_id=3750&cs_search= HTTP/1.0" 200 11477 "-" "Mozilla/5.0 (compatible; MJ12bot/v1.4.5; http://www.majestic12.co.uk/bot.php?+)"
178.63.13.15 - - [19/Apr/2015:14:48:51 +0200] "GET /news.php?cs_go=archiv&cs_id=3821&cs_search= HTTP/1.0" 200 11477 "-" "Mozilla/5.0 (compatible; MJ12bot/v1.4.5; http://www.majestic12.co.uk/bot.php?+)"
220.181.108.106 - - [19/Apr/2015:14:52:29 +0200] "GET / HTTP/1.1" 200 9656 "-" "Mozilla/5.0 (Windows NT 5.1; rv:6.0.2) Gecko/20100101 Firefox/6.0.2"
178.63.13.15 - - [19/Apr/2015:14:49:36 +0200] "GET /news.php?cs_go=archiv&cs_id=3822&cs_search= HTTP/1.0" 200 11477 "-" "Mozilla/5.0 (compatible; MJ12bot/v1.4.5; http://www.majestic12.co.uk/bot.php?+)"
178.63.13.15 - - [19/Apr/2015:14:50:19 +0200] "GET /news.php?cs_go=archiv&cs_id=3852&cs_search= HTTP/1.0" 200 11477 "-" "Mozilla/5.0 (compatible; MJ12bot/v1.4.5; http://www.majestic12.co.uk/bot.php?+)"
178.63.13.15 - - [19/Apr/2015:14:51:03 +0200] "GET /news.php?cs_go=archiv&cs_id=3871&cs_search= HTTP/1.0" 200 11477 "-" "Mozilla/5.0 (compatible; MJ12bot/v1.4.5; http://www.majestic12.co.uk/bot.php?+)"
178.63.13.15 - - [19/Apr/2015:14:51:48 +0200] "GET /news.php?cs_go=archiv&cs_id=3890&cs_search= HTTP/1.0" 200 11477 "-" "Mozilla/5.0 (compatible; MJ12bot/v1.4.5; http://www.majestic12.co.uk/bot.php?+)"
178.63.13.15 - - [19/Apr/2015:14:52:32 +0200] "GET /news.php?cs_go=archiv&cs_id=3912&cs_search= HTTP/1.0" 200 11477 "-" "Mozilla/5.0 (compatible; MJ12bot/v1.4.5; http://www.majestic12.co.uk/bot.php?+)"
178.63.13.15 - - [19/Apr/2015:14:53:14 +0200] "GET /news.php?cs_go=archiv&cs_id=3915&cs_search= HTTP/1.0" 200 11477 "-" "Mozilla/5.0 (compatible; MJ12bot/v1.4.5; http://www.majestic12.co.uk/bot.php?+)"
178.63.13.15 - - [19/Apr/2015:14:53:58 +0200] "GET /news.php?cs_go=archiv&cs_id=3925&cs_search= HTTP/1.0" 200 11477 "-" "Mozilla/5.0 (compatible; MJ12bot/v1.4.5; http://www.majestic12.co.uk/bot.php?+)"
66.249.78.147 - - [19/Apr/2015:14:54:08 +0200] "GET /news.php?cs_go=archiv&cs_id=1163&cs_search= HTTP/1.1" 200 11477 "-" "Mozilla/5.0 (compatible; Googlebot/2.1; +http://www.google.com/bot.html)"
178.63.13.15 - - [19/Apr/2015:14:54:41 +0200] "GET /news.php?cs_go=archiv&cs_id=3932&cs_search= HTTP/1.0" 200 11477 "-" "Mozilla/5.0 (compatible; MJ12bot/v1.4.5; http://www.majestic12.co.uk/bot.php?+)"
178.63.13.15 - - [19/Apr/2015:14:55:26 +0200] "GET /news.php?cs_go=archiv&cs_id=3933&cs_search= HTTP/1.0" 200 11477 "-" "Mozilla/5.0 (compatible; MJ12bot/v1.4.5; http://www.majestic12.co.uk/bot.php?+)"
178.63.13.15 - - [19/Apr/2015:14:56:14 +0200] "GET /news.php?cs_go=archiv&cs_id=3936&cs_search= HTTP/1.0" 200 11477 "-" "Mozilla/5.0 (compatible; MJ12bot/v1.4.5; http://www.majestic12.co.uk/bot.php?+)"
178.63.13.15 - - [19/Apr/2015:14:57:03 +0200] "GET /news.php?cs_go=archiv&cs_id=4798&cs_search= HTTP/1.0" 200 11477 "-" "Mozilla/5.0 (compatible; MJ12bot/v1.4.5; http://www.majestic12.co.uk/bot.php?+)"
178.63.13.15 - - [19/Apr/2015:14:57:47 +0200] "GET /news.php?cs_go=archiv&cs_id=4810&cs_search= HTTP/1.0" 200 11477 "-" "Mozilla/5.0 (compatible; MJ12bot/v1.4.5; http://www.majestic12.co.uk/bot.php?+)"
178.63.13.15 - - [19/Apr/2015:14:58:30 +0200] "GET /news.php?cs_go=archiv&cs_id=4813&cs_search= HTTP/1.0" 200 11477 "-" "Mozilla/5.0 (compatible; MJ12bot/v1.4.5; http://www.majestic12.co.uk/bot.php?+)"
178.63.13.15 - - [19/Apr/2015:14:59:17 +0200] "GET /news.php?cs_go=archiv&cs_id=4814&cs_search= HTTP/1.0" 200 11477 "-" "Mozilla/5.0 (compatible; MJ12bot/v1.4.5; http://www.majestic12.co.uk/bot.php?+)"
178.63.13.15 - - [19/Apr/2015:15:00:08 +0200] "GET /news.php?cs_go=archiv&cs_id=4815&cs_search= HTTP/1.0" 200 11477 "-" "Mozilla/5.0 (compatible; MJ12bot/v1.4.5; http://www.majestic12.co.uk/bot.php?+)"
178.63.13.15 - - [19/Apr/2015:15:00:39 +0200] "GET /news.php?cs_go=archiv&cs_id=4816&cs_search= HTTP/1.0" 200 11477 "-" "Mozilla/5.0 (compatible; MJ12bot/v1.4.5; http://www.majestic12.co.uk/bot.php?+)"
178.63.13.15 - - [19/Apr/2015:15:01:02 +0200] "GET /news.php?cs_go=archiv&cs_id=4817&cs_search= HTTP/1.0" 200 11477 "-" "Mozilla/5.0 (compatible; MJ12bot/v1.4.5; http://www.majestic12.co.uk/bot.php?+)"
178.63.13.15 - - [19/Apr/2015:15:01:27 +0200] "GET /news.php?cs_go=archiv&cs_id=4818&cs_search= HTTP/1.0" 200 11477 "-" "Mozilla/5.0 (compatible; MJ12bot/v1.4.5; http://www.majestic12.co.uk/bot.php?+)"
178.63.13.15 - - [19/Apr/2015:15:01:50 +0200] "GET /news.php?cs_go=archiv&cs_id=4819&cs_search= HTTP/1.0" 200 11477 "-" "Mozilla/5.0 (compatible; MJ12bot/v1.4.5; http://www.majestic12.co.uk/bot.php?+)"
178.63.13.15 - - [19/Apr/2015:15:02:13 +0200] "GET /news.php?cs_go=archiv&cs_id=5003 HTTP/1.0" 200 11477 "-" "Mozilla/5.0 (compatible; MJ12bot/v1.4.5; http://www.majestic12.co.uk/bot.php?+)"
178.63.13.15 - - [19/Apr/2015:15:02:36 +0200] "GET /news.php?cs_go=archiv&cs_id=5006 HTTP/1.0" 200 11477 "-" "Mozilla/5.0 (compatible; MJ12bot/v1.4.5; http://www.majestic12.co.uk/bot.php?+)"
178.63.13.15 - - [19/Apr/2015:15:02:57 +0200] "GET /news.php?cs_go=archiv&cs_id=5010 HTTP/1.0" 200 11477 "-" "Mozilla/5.0 (compatible; MJ12bot/v1.4.5; http://www.majestic12.co.uk/bot.php?+)"
178.63.13.15 - - [19/Apr/2015:15:03:21 +0200] "GET /news.php?cs_go=archiv&cs_id=5012 HTTP/1.0" 200 11477 "-" "Mozilla/5.0 (compatible; MJ12bot/v1.4.5; http://www.majestic12.co.uk/bot.php?+)"
178.63.13.15 - - [19/Apr/2015:15:03:42 +0200] "GET /news.php?cs_go=archiv&cs_id=5018 HTTP/1.0" 200 11477 "-" "Mozilla/5.0 (compatible; MJ12bot/v1.4.5; http://www.majestic12.co.uk/bot.php?+)"
178.63.13.15 - - [19/Apr/2015:15:04:04 +0200] "GET /news.php?cs_go=archiv&cs_id=5019 HTTP/1.0" 200 11477 "-" "Mozilla/5.0 (compatible; MJ12bot/v1.4.5; http://www.majestic12.co.uk/bot.php?+)"
178.63.13.15 - - [19/Apr/2015:15:04:27 +0200] "GET /news.php?cs_go=archiv&cs_id=5193 HTTP/1.0" 200 11477 "-" "Mozilla/5.0 (compatible; MJ12bot/v1.4.5; http://www.majestic12.co.uk/bot.php?+)"
178.63.13.15 - - [19/Apr/2015:15:04:50 +0200] "GET /news.php?cs_go=archiv&cs_id=5196 HTTP/1.0" 200 11477 "-" "Mozilla/5.0 (compatible; MJ12bot/v1.4.5; http://www.majestic12.co.uk/bot.php?+)"
178.63.13.15 - - [19/Apr/2015:15:05:12 +0200] "GET /news.php?cs_go=archiv&cs_id=5197 HTTP/1.0" 200 11477 "-" "Mozilla/5.0 (compatible; MJ12bot/v1.4.5; http://www.majestic12.co.uk/bot.php?+)"
178.63.13.15 - - [19/Apr/2015:15:05:37 +0200] "GET /news.php?cs_go=archiv&cs_id=5198 HTTP/1.0" 200 11477 "-" "Mozilla/5.0 (compatible; MJ12bot/v1.4.5; http://www.majestic12.co.uk/bot.php?+)"
178.63.13.15 - - [19/Apr/2015:15:06:02 +0200] "GET /news.php?cs_go=archiv&cs_id=5385 HTTP/1.0" 200 11477 "-" "Mozilla/5.0 (compatible; MJ12bot/v1.4.5; http://www.majestic12.co.uk/bot.php?+)"
178.63.13.15 - - [19/Apr/2015:15:06:26 +0200] "GET /news.php?cs_go=archiv&cs_id=5386 HTTP/1.0" 200 11477 "-" "Mozilla/5.0 (compatible; MJ12bot/v1.4.5; http://www.majestic12.co.uk/bot.php?+)"
178.63.13.15 - - [19/Apr/2015:15:06:48 +0200] "GET /news.php?cs_go=archiv&cs_id=5388 HTTP/1.0" 200 11477 "-" "Mozilla/5.0 (compatible; MJ12bot/v1.4.5; http://www.majestic12.co.uk/bot.php?+)"
178.63.13.15 - - [19/Apr/2015:15:07:11 +0200] "GET /news.php?cs_go=archiv&cs_id=5389 HTTP/1.0" 200 11477 "-" "Mozilla/5.0 (compatible; MJ12bot/v1.4.5; http://www.majestic12.co.uk/bot.php?+)"
178.63.13.15 - - [19/Apr/2015:15:07:33 +0200] "GET /news.php?cs_go=archiv&cs_id=5390 HTTP/1.0" 200 11477 "-" "Mozilla/5.0 (compatible; MJ12bot/v1.4.5; http://www.majestic12.co.uk/bot.php?+)"
178.63.13.15 - - [19/Apr/2015:15:07:56 +0200] "GET /news.php?cs_go=archiv&cs_id=5391 HTTP/1.0" 200 11477 "-" "Mozilla/5.0 (compatible; MJ12bot/v1.4.5; http://www.majestic12.co.uk/bot.php?+)"
178.63.13.15 - - [19/Apr/2015:15:08:26 +0200] "GET /news.php?cs_go=archiv&cs_id=5392 HTTP/1.0" 200 11477 "-" "Mozilla/5.0 (compatible; MJ12bot/v1.4.5; http://www.majestic12.co.uk/bot.php?+)"
178.63.13.15 - - [19/Apr/2015:15:08:50 +0200] "GET /news.php?cs_go=archiv&cs_id=5393 HTTP/1.0" 200 11477 "-" "Mozilla/5.0 (compatible; MJ12bot/v1.4.5; http://www.majestic12.co.uk/bot.php?+)"
178.63.13.15 - - [19/Apr/2015:15:09:14 +0200] "GET /news.php?cs_go=archiv&cs_id=5394 HTTP/1.0" 200 11477 "-" "Mozilla/5.0 (compatible; MJ12bot/v1.4.5; http://www.majestic12.co.uk/bot.php?+)"
178.63.13.15 - - [19/Apr/2015:15:09:38 +0200] "GET /news.php?cs_go=archiv&cs_startpos=130 HTTP/1.0" 200 11477 "-" "Mozilla/5.0 (compatible; MJ12bot/v1.4.5; http://www.majestic12.co.uk/bot.php?+)"
178.63.13.15 - - [19/Apr/2015:15:10:01 +0200] "GET /news.php?cs_go=archiv&cs_startpos=140 HTTP/1.0" 200 11477 "-" "Mozilla/5.0 (compatible; MJ12bot/v1.4.5; http://www.majestic12.co.uk/bot.php?+)"
178.63.13.15 - - [19/Apr/2015:15:10:24 +0200] "GET /news.php?cs_go=archiv&cs_startpos=141 HTTP/1.0" 200 11477 "-" "Mozilla/5.0 (compatible; MJ12bot/v1.4.5; http://www.majestic12.co.uk/bot.php?+)"
178.63.13.15 - - [19/Apr/2015:15:10:49 +0200] "GET /news.php?cs_go=archiv&cs_startpos=151 HTTP/1.0" 200 11477 "-" "Mozilla/5.0 (compatible; MJ12bot/v1.4.5; http://www.majestic12.co.uk/bot.php?+)"
178.63.13.15 - - [19/Apr/2015:15:11:10 +0200] "GET /news.php?cs_go=archiv&cs_startpos=171 HTTP/1.0" 200 11477 "-" "Mozilla/5.0 (compatible; MJ12bot/v1.4.5; http://www.majestic12.co.uk/bot.php?+)"
178.63.13.15 - - [19/Apr/2015:15:11:33 +0200] "GET /news.php?cs_go=archiv&cs_startpos=180 HTTP/1.0" 200 11477 "-" "Mozilla/5.0 (compatible; MJ12bot/v1.4.5; http://www.majestic12.co.uk/bot.php?+)"
178.63.13.15 - - [19/Apr/2015:15:11:58 +0200] "GET /news.php?cs_go=archiv&cs_startpos=181 HTTP/1.0" 200 11477 "-" "Mozilla/5.0 (compatible; MJ12bot/v1.4.5; http://www.majestic12.co.uk/bot.php?+)"
178.63.13.15 - - [19/Apr/2015:15:12:26 +0200] "GET /news.php?cs_go=archiv&cs_startpos=190 HTTP/1.0" 200 11477 "-" "Mozilla/5.0 (compatible; MJ12bot/v1.4.5; http://www.majestic12.co.uk/bot.php?+)"
178.63.13.15 - - [19/Apr/2015:15:12:49 +0200] "GET /news.php?cs_go=archiv&cs_startpos=191 HTTP/1.0" 200 11477 "-" "Mozilla/5.0 (compatible; MJ12bot/v1.4.5; http://www.majestic12.co.uk/bot.php?+)"
178.63.13.15 - - [19/Apr/2015:15:13:12 +0200] "GET /news.php?cs_go=archiv&cs_startpos=201 HTTP/1.0" 200 11477 "-" "Mozilla/5.0 (compatible; MJ12bot/v1.4.5; http://www.majestic12.co.uk/bot.php?+)"
178.63.13.15 - - [19/Apr/2015:15:13:34 +0200] "GET /news.php?cs_go=archiv&cs_startpos=210 HTTP/1.0" 200 11477 "-" "Mozilla/5.0 (compatible; MJ12bot/v1.4.5; http://www.majestic12.co.uk/bot.php?+)"
178.63.13.15 - - [19/Apr/2015:15:13:56 +0200] "GET /news.php?cs_go=archiv&cs_startpos=211 HTTP/1.0" 200 11477 "-" "Mozilla/5.0 (compatible; MJ12bot/v1.4.5; http://www.majestic12.co.uk/bot.php?+)"
178.63.13.15 - - [19/Apr/2015:15:14:18 +0200] "GET /news.php?cs_go=archiv&cs_startpos=220 HTTP/1.0" 200 11477 "-" "Mozilla/5.0 (compatible; MJ12bot/v1.4.5; http://www.majestic12.co.uk/bot.php?+)"
178.63.13.15 - - [19/Apr/2015:15:14:43 +0200] "GET /news.php?cs_go=archiv&cs_startpos=221 HTTP/1.0" 200 11477 "-" "Mozilla/5.0 (compatible; MJ12bot/v1.4.5; http://www.majestic12.co.uk/bot.php?+)"
178.63.13.15 - - [19/Apr/2015:15:15:06 +0200] "GET /news.php?cs_go=archiv&cs_startpos=260 HTTP/1.0" 200 11477 "-" "Mozilla/5.0 (compatible; MJ12bot/v1.4.5; http://www.majestic12.co.uk/bot.php?+)"
66.249.78.50 - - [19/Apr/2015:15:26:30 +0200] "GET /news.php?cs_go=archiv&cs_id=3925 HTTP/1.1" 200 11477 "-" "Mozilla/5.0 (iPhone; CPU iPhone OS 6_0 like Mac OS X) AppleWebKit/536.26 (KHTML, like Gecko) Version/6.0 Mobile/10A5376e Safari/8536.25 (compatible; Googlebot/2.1; +http://www.google.com/bot.html)"
66.249.78.36 - - [19/Apr/2015:15:32:05 +0200] "GET /news.php?cs_go=archiv&cs_id=5177 HTTP/1.1" 200 11477 "-" "Mozilla/5.0 (compatible; Googlebot/2.1; +http://www.google.com/bot.html)"
66.249.78.50 - - [19/Apr/2015:15:35:05 +0200] "GET /news.php?cs_go=archiv&cs_id=3925 HTTP/1.1" 200 11477 "-" "Mozilla/5.0 (iPhone; CPU iPhone OS 6_0 like Mac OS X) AppleWebKit/536.26 (KHTML, like Gecko) Version/6.0 Mobile/10A5376e Safari/8536.25 (compatible; Googlebot/2.1; +http://www.google.com/bot.html)"
66.249.78.43 - - [19/Apr/2015:15:38:31 +0200] "GET /news.php?cs_go=archiv&cs_id=5177 HTTP/1.1" 200 11477 "-" "Mozilla/5.0 (compatible; Googlebot/2.1; +http://www.google.com/bot.html)"
66.249.78.50 - - [19/Apr/2015:15:41:31 +0200] "GET /news.php?cs_go=archiv&cs_id=3925 HTTP/1.1" 200 11477 "-" "Mozilla/5.0 (iPhone; CPU iPhone OS 6_0 like Mac OS X) AppleWebKit/536.26 (KHTML, like Gecko) Version/6.0 Mobile/10A5376e Safari/8536.25 (compatible; Googlebot/2.1; +http://www.google.com/bot.html)"
66.249.78.43 - - [19/Apr/2015:15:44:37 +0200] "GET /news.php?cs_go=archiv&cs_id=5177 HTTP/1.1" 200 11477 "-" "Mozilla/5.0 (compatible; Googlebot/2.1; +http://www.google.com/bot.html)"
66.249.78.210 - - [19/Apr/2015:15:52:28 +0200] "GET /robots.txt HTTP/1.1" 404 1256 "-" "Mozilla/5.0 (compatible; Googlebot/2.1; +http://www.google.com/bot.html)"
66.249.78.135 - - [19/Apr/2015:15:55:28 +0200] "GET /robots.txt HTTP/1.1" 404 1256 "-" "Mozilla/5.0 (compatible; Googlebot/2.1; +http://www.google.com/bot.html)"
66.249.78.217 - - [19/Apr/2015:15:52:28 +0200] "GET / HTTP/1.1" 200 15920 "-" "Mozilla/5.0 (iPhone; CPU iPhone OS 6_0 like Mac OS X) AppleWebKit/536.26 (KHTML, like Gecko) Version/6.0 Mobile/10A5376e Safari/8536.25 (compatible; Googlebot/2.1; +http://www.google.com/bot.html)"
