182.118.25.214 - - [01/Mar/2015:10:41:55 +0100] "GET /robots.txt HTTP/1.1" 404 1256 "http://www.die-sehnsucht.com/robots.txt" "Mozilla/5.0 (compatible; MSIE 9.0; Windows NT 6.1; Trident/5.0); 360Spider(compatible; HaosouSpider; http://www.haosou.com/help/help_3_2.html)"
66.249.78.141 - - [02/Mar/2015:00:11:50 +0100] "GET /robots.txt HTTP/1.1" 404 1256 "-" "Mozilla/5.0 (compatible; Googlebot/2.1; +http://www.google.com/bot.html)"
66.249.64.42 - - [02/Mar/2015:00:11:51 +0100] "GET / HTTP/1.1" 200 876 "-" "Mozilla/5.0 (iPhone; CPU iPhone OS 6_0 like Mac OS X) AppleWebKit/536.26 (KHTML, like Gecko) Version/6.0 Mobile/10A5376e Safari/8536.25 (compatible; Googlebot/2.1; +http://www.google.com/bot.html)"
180.153.236.122 - - [02/Mar/2015:03:36:52 +0100] "GET / HTTP/1.1" 200 876 "http://www.die-sehnsucht.com/" "Mozilla/5.0 (compatible; MSIE 9.0; Windows NT 6.1; Trident/5.0); 360Spider(compatible; HaosouSpider; http://www.haosou.com/help/help_3_2.html)"
66.249.78.141 - - [02/Mar/2015:06:27:20 +0100] "GET /frameset/top.htm HTTP/1.1" 200 244 "-" "Mozilla/5.0 (compatible; Googlebot/2.1; +http://www.google.com/bot.html)"
182.118.22.213 - - [02/Mar/2015:13:37:25 +0100] "GET /robots.txt HTTP/1.1" 404 1256 "http://www.die-sehnsucht.com/robots.txt" "Mozilla/5.0 (compatible; MSIE 9.0; Windows NT 6.1; Trident/5.0); 360Spider(compatible; HaosouSpider; http://www.haosou.com/help/help_3_2.html)"
167.114.162.101 - - [02/Mar/2015:13:51:32 +0100] "GET / HTTP/1.1" 200 876 "-" "Mozilla/5.0 (Macintosh; Intel Mac OS X 10_10_2) AppleWebKit/537.36 (KHTML, like Gecko) Chrome/40.0.2214.111 Safari/537.36"
180.153.236.121 - - [02/Mar/2015:15:56:00 +0100] "GET / HTTP/1.1" 200 876 "http://www.die-sehnsucht.com/" "Mozilla/5.0 (compatible; MSIE 9.0; Windows NT 6.1; Trident/5.0); 360Spider(compatible; HaosouSpider; http://www.haosou.com/help/help_3_2.html)"
182.118.55.146 - - [02/Mar/2015:15:56:02 +0100] "GET / HTTP/1.1" 200 876 "-" "Mozilla/4.0 (compatible; MSIE 8.0; Windows NT 6.1; Trident/4.0; SLCC2; .NET CLR 2.0.50727; .NET CLR 3.5.30729; .NET CLR 3.0.30729; Media Center PC 6.0)"
182.118.55.146 - - [02/Mar/2015:15:56:03 +0100] "GET /frameset/left.htm HTTP/1.1" 200 244 "http://www.die-sehnsucht.com/" "Mozilla/4.0 (compatible; MSIE 8.0; Windows NT 6.1; Trident/4.0; SLCC2; .NET CLR 2.0.50727; .NET CLR 3.5.30729; .NET CLR 3.0.30729; Media Center PC 6.0)"
182.118.55.146 - - [02/Mar/2015:15:56:04 +0100] "GET /frameset/top.htm HTTP/1.1" 200 244 "http://www.die-sehnsucht.com/" "Mozilla/4.0 (compatible; MSIE 8.0; Windows NT 6.1; Trident/4.0; SLCC2; .NET CLR 2.0.50727; .NET CLR 3.5.30729; .NET CLR 3.0.30729; Media Center PC 6.0)"
182.118.55.146 - - [02/Mar/2015:15:56:04 +0100] "GET /frameset/bottom.htm HTTP/1.1" 200 244 "http://www.die-sehnsucht.com/" "Mozilla/4.0 (compatible; MSIE 8.0; Windows NT 6.1; Trident/4.0; SLCC2; .NET CLR 2.0.50727; .NET CLR 3.5.30729; .NET CLR 3.0.30729; Media Center PC 6.0)"
182.118.55.146 - - [02/Mar/2015:15:56:04 +0100] "GET /frameset/right.htm HTTP/1.1" 200 244 "http://www.die-sehnsucht.com/" "Mozilla/4.0 (compatible; MSIE 8.0; Windows NT 6.1; Trident/4.0; SLCC2; .NET CLR 2.0.50727; .NET CLR 3.5.30729; .NET CLR 3.0.30729; Media Center PC 6.0)"
182.118.55.146 - - [02/Mar/2015:15:56:04 +0100] "GET /neue_seite_1.htm HTTP/1.1" 200 405 "http://www.die-sehnsucht.com/" "Mozilla/4.0 (compatible; MSIE 8.0; Windows NT 6.1; Trident/4.0; SLCC2; .NET CLR 2.0.50727; .NET CLR 3.5.30729; .NET CLR 3.0.30729; Media Center PC 6.0)"
66.249.78.134 - - [03/Mar/2015:00:28:36 +0100] "GET /robots.txt HTTP/1.1" 404 1256 "-" "Mozilla/5.0 (compatible; Googlebot/2.1; +http://www.google.com/bot.html)"
66.249.78.148 - - [03/Mar/2015:00:28:36 +0100] "GET / HTTP/1.1" 200 876 "-" "Mozilla/5.0 (iPhone; CPU iPhone OS 6_0 like Mac OS X) AppleWebKit/536.26 (KHTML, like Gecko) Version/6.0 Mobile/10A5376e Safari/8536.25 (compatible; Googlebot/2.1; +http://www.google.com/bot.html)"
167.114.156.59 - - [03/Mar/2015:08:07:45 +0100] "GET / HTTP/1.0" 200 876 "-" "-"
148.251.124.42 - - [03/Mar/2015:10:05:41 +0100] "GET / HTTP/1.1" 200 876 "-" "Mozilla/5.0 (Macintosh; Intel Mac OS X 10_8_3) AppleWebKit/537.36 (KHTML, like Gecko) Chrome/27.0.1453.93 Safari/537.36"
148.251.124.174 - - [03/Mar/2015:11:38:25 +0100] "GET /robots.txt HTTP/1.0" 404 1256 "-" "Mozilla/5.0 (compatible; MJ12bot/v1.4.5; http://www.majestic12.co.uk/bot.php?+)"
148.251.124.174 - - [03/Mar/2015:11:38:48 +0100] "GET /neue_seite_1.htm HTTP/1.0" 200 405 "-" "Mozilla/5.0 (compatible; MJ12bot/v1.4.5; http://www.majestic12.co.uk/bot.php?+)"
66.249.79.58 - - [04/Mar/2015:00:47:39 +0100] "GET /robots.txt HTTP/1.1" 404 1256 "-" "Mozilla/5.0 (compatible; Googlebot/2.1; +http://www.google.com/bot.html)"
66.249.79.58 - - [04/Mar/2015:00:47:40 +0100] "GET / HTTP/1.1" 200 876 "-" "Mozilla/5.0 (iPhone; CPU iPhone OS 6_0 like Mac OS X) AppleWebKit/536.26 (KHTML, like Gecko) Version/6.0 Mobile/10A5376e Safari/8536.25 (compatible; Googlebot/2.1; +http://www.google.com/bot.html)"
188.165.15.204 - - [04/Mar/2015:04:31:19 +0100] "GET /robots.txt HTTP/1.1" 404 1256 "-" "Mozilla/5.0 (compatible; AhrefsBot/5.0; +http://ahrefs.com/robot/)"
66.249.78.240 - - [04/Mar/2015:21:09:22 +0100] "GET /robots.txt HTTP/1.1" 404 1256 "-" "Mozilla/5.0 (compatible; Googlebot/2.1; +http://www.google.com/bot.html)"
66.249.78.240 - - [04/Mar/2015:21:09:22 +0100] "GET / HTTP/1.1" 200 876 "-" "Mozilla/5.0 (iPhone; CPU iPhone OS 6_0 like Mac OS X) AppleWebKit/536.26 (KHTML, like Gecko) Version/6.0 Mobile/10A5376e Safari/8536.25 (compatible; Googlebot/2.1; +http://www.google.com/bot.html)"
65.181.123.23 - - [05/Mar/2015:02:06:09 +0100] "GET / HTTP/1.1" 200 876 "-" "AdnormCrawler www.adnorm.com/crawler"
65.181.123.23 - - [05/Mar/2015:02:06:21 +0100] "GET /images/menu/localizacao_n_es.gif HTTP/1.1" 404 1256 "-" "AdnormCrawler www.adnorm.com/crawler"
65.181.123.23 - - [05/Mar/2015:02:06:44 +0100] "GET /robots.txt HTTP/1.1" 404 1256 "-" "AdnormCrawler www.adnorm.com/crawler"
213.47.217.101 - - [05/Mar/2015:07:31:41 +0100] "GET / HTTP/1.1" 200 876 "-" "Mozilla/5.0 (Windows NT 6.1; WOW64) AppleWebKit/537.36 (KHTML, like Gecko) Chrome/40.0.2214.115 Safari/537.36"
66.249.78.141 - - [05/Mar/2015:17:59:48 +0100] "GET /robots.txt HTTP/1.1" 404 1256 "-" "Mozilla/5.0 (compatible; Googlebot/2.1; +http://www.google.com/bot.html)"
66.249.78.134 - - [05/Mar/2015:17:59:48 +0100] "GET / HTTP/1.1" 200 876 "-" "Mozilla/5.0 (iPhone; CPU iPhone OS 6_0 like Mac OS X) AppleWebKit/536.26 (KHTML, like Gecko) Version/6.0 Mobile/10A5376e Safari/8536.25 (compatible; Googlebot/2.1; +http://www.google.com/bot.html)"
107.170.106.220 - - [05/Mar/2015:23:42:23 +0100] "GET / HTTP/1.0" 200 876 "-" "Mozilla/5.0 (compatible; NetcraftSurveyAgent/1.0; +info@netcraft.com)"
107.170.106.220 - - [05/Mar/2015:23:42:28 +0100] "GET /frameset/left.htm HTTP/1.0" 200 244 "-" "Mozilla/5.0 (compatible; NetcraftSurveyAgent/1.0; +info@netcraft.com)"
107.170.106.220 - - [05/Mar/2015:23:42:34 +0100] "GET /frameset/top.htm HTTP/1.0" 200 244 "-" "Mozilla/5.0 (compatible; NetcraftSurveyAgent/1.0; +info@netcraft.com)"
107.170.106.220 - - [05/Mar/2015:23:42:40 +0100] "GET /neue_seite_1.htm HTTP/1.0" 200 405 "-" "Mozilla/5.0 (compatible; NetcraftSurveyAgent/1.0; +info@netcraft.com)"
107.170.106.220 - - [05/Mar/2015:23:42:46 +0100] "GET /frameset/bottom.htm HTTP/1.0" 200 244 "-" "Mozilla/5.0 (compatible; NetcraftSurveyAgent/1.0; +info@netcraft.com)"
107.170.106.220 - - [05/Mar/2015:23:42:51 +0100] "GET /frameset/right.htm HTTP/1.0" 200 244 "-" "Mozilla/5.0 (compatible; NetcraftSurveyAgent/1.0; +info@netcraft.com)"
66.249.78.134 - - [06/Mar/2015:05:14:59 +0100] "GET /robots.txt HTTP/1.1" 404 1256 "-" "Mozilla/5.0 (compatible; Googlebot/2.1; +http://www.google.com/bot.html)"
66.249.78.141 - - [06/Mar/2015:05:14:59 +0100] "GET / HTTP/1.1" 200 876 "-" "Mozilla/5.0 (iPhone; CPU iPhone OS 6_0 like Mac OS X) AppleWebKit/536.26 (KHTML, like Gecko) Version/6.0 Mobile/10A5376e Safari/8536.25 (compatible; Googlebot/2.1; +http://www.google.com/bot.html)"
62.212.73.211 - - [06/Mar/2015:12:24:25 +0100] "GET /robots.txt HTTP/1.0" 404 1256 "-" "Mozilla/5.0 (compatible; MJ12bot/v1.4.5; http://www.majestic12.co.uk/bot.php?+)"
62.212.73.211 - - [06/Mar/2015:12:24:27 +0100] "GET / HTTP/1.0" 200 876 "-" "Mozilla/5.0 (compatible; MJ12bot/v1.4.5; http://www.majestic12.co.uk/bot.php?+)"
46.4.68.142 - - [06/Mar/2015:14:10:26 +0100] "GET /robots.txt HTTP/1.0" 404 1256 "-" "Mozilla/5.0 (compatible; SEOkicks-Robot; +http://www.seokicks.de/robot.html)"
46.4.68.142 - - [06/Mar/2015:14:10:29 +0100] "GET / HTTP/1.0" 200 876 "-" "Mozilla/5.0 (compatible; SEOkicks-Robot; +http://www.seokicks.de/robot.html)"
46.4.68.142 - - [06/Mar/2015:14:10:31 +0100] "GET /frameset/left.htm HTTP/1.0" 200 244 "http://www.die-sehnsucht.com/" "Mozilla/5.0 (compatible; SEOkicks-Robot; +http://www.seokicks.de/robot.html)"
46.4.68.142 - - [06/Mar/2015:14:10:34 +0100] "GET /frameset/top.htm HTTP/1.0" 200 244 "http://www.die-sehnsucht.com/" "Mozilla/5.0 (compatible; SEOkicks-Robot; +http://www.seokicks.de/robot.html)"
46.4.68.142 - - [06/Mar/2015:14:10:36 +0100] "GET /neue_seite_1.htm HTTP/1.0" 200 405 "http://www.die-sehnsucht.com/" "Mozilla/5.0 (compatible; SEOkicks-Robot; +http://www.seokicks.de/robot.html)"
46.4.68.142 - - [06/Mar/2015:14:10:38 +0100] "GET /frameset/bottom.htm HTTP/1.0" 200 244 "http://www.die-sehnsucht.com/" "Mozilla/5.0 (compatible; SEOkicks-Robot; +http://www.seokicks.de/robot.html)"
46.4.68.142 - - [06/Mar/2015:14:10:40 +0100] "GET /frameset/right.htm HTTP/1.0" 200 244 "http://www.die-sehnsucht.com/" "Mozilla/5.0 (compatible; SEOkicks-Robot; +http://www.seokicks.de/robot.html)"
66.249.78.134 - - [06/Mar/2015:18:29:15 +0100] "GET /robots.txt HTTP/1.1" 404 1256 "-" "Mozilla/5.0 (compatible; Googlebot/2.1; +http://www.google.com/bot.html)"
66.249.78.134 - - [06/Mar/2015:18:29:16 +0100] "GET / HTTP/1.1" 200 876 "-" "Mozilla/5.0 (iPhone; CPU iPhone OS 6_0 like Mac OS X) AppleWebKit/536.26 (KHTML, like Gecko) Version/6.0 Mobile/10A5376e Safari/8536.25 (compatible; Googlebot/2.1; +http://www.google.com/bot.html)"
162.243.106.111 - - [06/Mar/2015:21:26:55 +0100] "GET /robots.txt HTTP/1.1" 404 1256 "-" "Mozilla/5.0 (compatible; spbot/4.4.2; +http://OpenLinkProfiler.org/bot )"
162.243.106.111 - - [06/Mar/2015:21:27:00 +0100] "GET / HTTP/1.1" 200 876 "-" "Mozilla/5.0 (compatible; spbot/4.4.2; +http://OpenLinkProfiler.org/bot )"
66.249.78.148 - - [07/Mar/2015:04:08:07 +0100] "GET / HTTP/1.1" 200 876 "-" "Mozilla/5.0 (compatible; Googlebot/2.1; +http://www.google.com/bot.html)"
66.249.78.148 - - [07/Mar/2015:07:03:08 +0100] "GET /robots.txt HTTP/1.1" 404 1256 "-" "Mozilla/5.0 (compatible; Googlebot/2.1; +http://www.google.com/bot.html)"
66.249.78.148 - - [07/Mar/2015:07:03:08 +0100] "GET /frameset/top.htm HTTP/1.1" 200 244 "-" "Mozilla/5.0 (compatible; Googlebot/2.1; +http://www.google.com/bot.html)"
188.165.15.209 - - [07/Mar/2015:14:02:00 +0100] "GET /robots.txt HTTP/1.1" 404 1256 "-" "Mozilla/5.0 (compatible; AhrefsBot/5.0; +http://ahrefs.com/robot/)"
66.249.78.148 - - [07/Mar/2015:21:49:28 +0100] "GET /robots.txt HTTP/1.1" 404 1256 "-" "Mozilla/5.0 (compatible; Googlebot/2.1; +http://www.google.com/bot.html)"
66.249.78.141 - - [07/Mar/2015:21:49:28 +0100] "GET / HTTP/1.1" 200 876 "-" "Mozilla/5.0 (iPhone; CPU iPhone OS 6_0 like Mac OS X) AppleWebKit/536.26 (KHTML, like Gecko) Version/6.0 Mobile/10A5376e Safari/8536.25 (compatible; Googlebot/2.1; +http://www.google.com/bot.html)"
66.249.78.141 - - [08/Mar/2015:01:02:39 +0100] "GET /images/sehnsucht%20start-mit%20schrift.gif HTTP/1.1" 200 167462 "-" "Googlebot-Image/1.0"
66.249.73.193 - - [08/Mar/2015:16:00:00 +0100] "GET /robots.txt HTTP/1.1" 404 1256 "-" "Mozilla/5.0 (compatible; Googlebot/2.1; +http://www.google.com/bot.html)"
66.249.73.185 - - [08/Mar/2015:16:00:00 +0100] "GET / HTTP/1.1" 200 876 "-" "Mozilla/5.0 (iPhone; CPU iPhone OS 6_0 like Mac OS X) AppleWebKit/536.26 (KHTML, like Gecko) Version/6.0 Mobile/10A5376e Safari/8536.25 (compatible; Googlebot/2.1; +http://www.google.com/bot.html)"
174.108.86.2 - - [08/Mar/2015:16:21:33 +0100] "GET /images/sehnsucht%20start-mit%20schrift.gif HTTP/1.1" 200 167462 "-" "Mozilla/5.0 (Windows NT 5.1; rv:35.0) Gecko/20100101 Firefox/35.0"
66.249.73.193 - - [09/Mar/2015:00:37:41 +0100] "GET /favicon.ico HTTP/1.1" 404 1256 "-" "Googlebot-Image/1.0"
216.145.17.190 - - [09/Mar/2015:02:46:42 +0100] "GET /robots.txt HTTP/1.0" 404 1256 "-" "Mozilla/5.0 (Windows; U; Windows NT 5.1; en; rv:1.9.0.13) Gecko/2009073022 Firefox/3.5.2 (.NET CLR 3.5.30729) SurveyBot/2.3 (DomainTools)"
216.145.17.190 - - [09/Mar/2015:02:46:43 +0100] "GET / HTTP/1.1" 200 876 "http://whois.domaintools.com/die-sehnsucht.com" "Mozilla/5.0 (Windows; U; Windows NT 5.1; en; rv:1.9.0.13) Gecko/2009073022 Firefox/3.5.2 (.NET CLR 3.5.30729) SurveyBot/2.3 (DomainTools)"
82.146.32.60 - - [09/Mar/2015:08:32:32 +0100] "GET /wp-login.php HTTP/1.0" 404 1256 "-" "Mozilla/5.0 (Windows NT 6.1; rv:19.0) Gecko/20100101 Firefox/19.0"
182.118.20.207 - - [09/Mar/2015:09:22:03 +0100] "GET /robots.txt HTTP/1.1" 404 1256 "http://www.die-sehnsucht.com/robots.txt" "Mozilla/5.0 (compatible; MSIE 9.0; Windows NT 6.1; Trident/5.0); 360Spider(compatible; HaosouSpider; http://www.haosou.com/help/help_3_2.html)"
101.226.169.206 - - [09/Mar/2015:10:24:11 +0100] "GET / HTTP/1.1" 200 876 "http://www.die-sehnsucht.com/" "Mozilla/5.0 (Windows NT 6.1) AppleWebKit/537.1 (KHTML, like Gecko) Chrome/21.0.1180.89 Safari/537.1; 360Spider(compatible; HaosouSpider; http://www.haosou.com/help/help_3_2.html)"
182.118.45.247 - - [09/Mar/2015:10:24:15 +0100] "GET / HTTP/1.1" 200 876 "-" "Mozilla/4.0 (compatible; MSIE 8.0; Windows NT 6.1; Trident/4.0; SLCC2; .NET CLR 2.0.50727; .NET CLR 3.5.30729; .NET CLR 3.0.30729; Media Center PC 6.0)"
182.118.45.247 - - [09/Mar/2015:10:24:16 +0100] "GET /frameset/left.htm HTTP/1.1" 200 244 "http://www.die-sehnsucht.com/" "Mozilla/4.0 (compatible; MSIE 8.0; Windows NT 6.1; Trident/4.0; SLCC2; .NET CLR 2.0.50727; .NET CLR 3.5.30729; .NET CLR 3.0.30729; Media Center PC 6.0)"
182.118.45.247 - - [09/Mar/2015:10:24:16 +0100] "GET /frameset/top.htm HTTP/1.1" 200 244 "http://www.die-sehnsucht.com/" "Mozilla/4.0 (compatible; MSIE 8.0; Windows NT 6.1; Trident/4.0; SLCC2; .NET CLR 2.0.50727; .NET CLR 3.5.30729; .NET CLR 3.0.30729; Media Center PC 6.0)"
182.118.45.247 - - [09/Mar/2015:10:24:16 +0100] "GET /frameset/bottom.htm HTTP/1.1" 200 244 "http://www.die-sehnsucht.com/" "Mozilla/4.0 (compatible; MSIE 8.0; Windows NT 6.1; Trident/4.0; SLCC2; .NET CLR 2.0.50727; .NET CLR 3.5.30729; .NET CLR 3.0.30729; Media Center PC 6.0)"
182.118.45.247 - - [09/Mar/2015:10:24:16 +0100] "GET /frameset/right.htm HTTP/1.1" 200 244 "http://www.die-sehnsucht.com/" "Mozilla/4.0 (compatible; MSIE 8.0; Windows NT 6.1; Trident/4.0; SLCC2; .NET CLR 2.0.50727; .NET CLR 3.5.30729; .NET CLR 3.0.30729; Media Center PC 6.0)"
182.118.45.247 - - [09/Mar/2015:10:24:16 +0100] "GET /neue_seite_1.htm HTTP/1.1" 200 405 "http://www.die-sehnsucht.com/" "Mozilla/4.0 (compatible; MSIE 8.0; Windows NT 6.1; Trident/4.0; SLCC2; .NET CLR 2.0.50727; .NET CLR 3.5.30729; .NET CLR 3.0.30729; Media Center PC 6.0)"
62.210.90.118 - - [09/Mar/2015:12:41:46 +0100] "GET /robots.txt HTTP/1.0" 404 1256 "-" "Mozilla/5.0 (compatible; MJ12bot/v1.4.5; http://www.majestic12.co.uk/bot.php?+)"
62.210.90.118 - - [09/Mar/2015:12:41:47 +0100] "GET /frameset/bottom.htm HTTP/1.0" 200 244 "-" "Mozilla/5.0 (compatible; MJ12bot/v1.4.5; http://www.majestic12.co.uk/bot.php?+)"
62.210.90.118 - - [09/Mar/2015:12:41:48 +0100] "GET /frameset/left.htm HTTP/1.0" 200 244 "-" "Mozilla/5.0 (compatible; MJ12bot/v1.4.5; http://www.majestic12.co.uk/bot.php?+)"
62.210.90.118 - - [09/Mar/2015:12:41:50 +0100] "GET /frameset/right.htm HTTP/1.0" 200 244 "-" "Mozilla/5.0 (compatible; MJ12bot/v1.4.5; http://www.majestic12.co.uk/bot.php?+)"
62.210.90.118 - - [09/Mar/2015:12:41:52 +0100] "GET /frameset/top.htm HTTP/1.0" 200 244 "-" "Mozilla/5.0 (compatible; MJ12bot/v1.4.5; http://www.majestic12.co.uk/bot.php?+)"
66.249.78.134 - - [09/Mar/2015:14:38:52 +0100] "GET /robots.txt HTTP/1.1" 404 1256 "-" "Mozilla/5.0 (compatible; Googlebot/2.1; +http://www.google.com/bot.html)"
66.249.78.148 - - [09/Mar/2015:14:38:52 +0100] "GET / HTTP/1.1" 200 876 "-" "Mozilla/5.0 (iPhone; CPU iPhone OS 6_0 like Mac OS X) AppleWebKit/536.26 (KHTML, like Gecko) Version/6.0 Mobile/10A5376e Safari/8536.25 (compatible; Googlebot/2.1; +http://www.google.com/bot.html)"
167.114.162.203 - - [09/Mar/2015:15:21:17 +0100] "GET / HTTP/1.1" 200 876 "-" "Mozilla/5.0 (Macintosh; Intel Mac OS X 10_10_2) AppleWebKit/537.36 (KHTML, like Gecko) Chrome/40.0.2214.111 Safari/537.36"
66.249.78.134 - - [09/Mar/2015:15:41:39 +0100] "GET /frameset/top.htm HTTP/1.1" 200 244 "-" "Mozilla/5.0 (compatible; Googlebot/2.1; +http://www.google.com/bot.html)"
89.144.207.75 - - [09/Mar/2015:20:24:51 +0100] "GET /images/sehnsucht%20start-mit%20schrift.gif HTTP/1.1" 200 167462 "https://www.google.at/" "Mozilla/5.0 (iPhone; CPU iPhone OS 8_0_2 like Mac OS X) AppleWebKit/600.1.4 (KHTML, like Gecko) Version/8.0 Mobile/12A405 Safari/600.1.4"
182.118.20.201 - - [09/Mar/2015:22:43:56 +0100] "GET /robots.txt HTTP/1.1" 404 1256 "http://www.die-sehnsucht.com/robots.txt" "Mozilla/5.0 (compatible; MSIE 9.0; Windows NT 6.1; Trident/5.0); 360Spider(compatible; HaosouSpider; http://www.haosou.com/help/help_3_2.html)"
167.114.162.210 - - [10/Mar/2015:00:46:15 +0100] "GET / HTTP/1.1" 200 876 "-" "Mozilla/5.0 (Macintosh; Intel Mac OS X 10_10_2) AppleWebKit/537.36 (KHTML, like Gecko) Chrome/40.0.2214.111 Safari/537.36"
148.251.124.42 - - [10/Mar/2015:10:09:05 +0100] "GET / HTTP/1.1" 200 876 "-" "Mozilla/5.0 (Windows NT 6.2; Win64; x64;) Gecko/20100101 Firefox/20.0"
66.249.78.148 - - [10/Mar/2015:11:43:09 +0100] "GET /robots.txt HTTP/1.1" 404 1256 "-" "Mozilla/5.0 (compatible; Googlebot/2.1; +http://www.google.com/bot.html)"
66.249.78.148 - - [10/Mar/2015:11:43:09 +0100] "GET / HTTP/1.1" 200 876 "-" "Mozilla/5.0 (iPhone; CPU iPhone OS 6_0 like Mac OS X) AppleWebKit/536.26 (KHTML, like Gecko) Version/6.0 Mobile/10A5376e Safari/8536.25 (compatible; Googlebot/2.1; +http://www.google.com/bot.html)"
157.55.39.48 - - [10/Mar/2015:14:58:13 +0100] "GET /robots.txt HTTP/1.1" 404 1256 "-" "Mozilla/5.0 (compatible; bingbot/2.0; +http://www.bing.com/bingbot.htm)"
157.55.39.48 - - [10/Mar/2015:14:58:20 +0100] "GET /frameset/left.htm HTTP/1.1" 304 - "-" "Mozilla/5.0 (compatible; bingbot/2.0; +http://www.bing.com/bingbot.htm)"
69.58.178.58 - - [11/Mar/2015:05:47:31 +0100] "GET /robots.txt HTTP/1.1" 404 1256 "-" "Mozilla/5.0 (X11; Ubuntu; Linux i686; rv:14.0; ips-agent) Gecko/20100101 Firefox/14.0.1"
69.58.178.58 - - [11/Mar/2015:05:47:32 +0100] "GET / HTTP/1.1" 200 876 "-" "Mozilla/5.0 (X11; Ubuntu; Linux i686; rv:14.0; ips-agent) Gecko/20100101 Firefox/14.0.1"
69.58.178.58 - - [11/Mar/2015:05:47:39 +0100] "GET / HTTP/1.1" 200 876 "-" "BlackBerry9000/4.6.0.167 Profile/MIDP-2.0 Configuration/CLDC-1.1 VendorID/102 ips-agent"
69.58.178.58 - - [11/Mar/2015:05:47:41 +0100] "GET /frameset/left.htm HTTP/1.1" 200 244 "-" "Mozilla/5.0 (X11; Ubuntu; Linux i686; rv:14.0; ips-agent) Gecko/20100101 Firefox/14.0.1"
69.58.178.58 - - [11/Mar/2015:05:47:43 +0100] "GET /frameset/top.htm HTTP/1.1" 200 244 "-" "Mozilla/5.0 (X11; Ubuntu; Linux i686; rv:14.0; ips-agent) Gecko/20100101 Firefox/14.0.1"
69.58.178.58 - - [11/Mar/2015:05:47:45 +0100] "GET /neue_seite_1.htm HTTP/1.1" 200 405 "-" "Mozilla/5.0 (X11; Ubuntu; Linux i686; rv:14.0; ips-agent) Gecko/20100101 Firefox/14.0.1"
69.58.178.58 - - [11/Mar/2015:05:47:46 +0100] "GET /frameset/bottom.htm HTTP/1.1" 200 244 "-" "Mozilla/5.0 (X11; Ubuntu; Linux i686; rv:14.0; ips-agent) Gecko/20100101 Firefox/14.0.1"
69.58.178.58 - - [11/Mar/2015:05:47:48 +0100] "GET /frameset/right.htm HTTP/1.1" 200 244 "-" "Mozilla/5.0 (X11; Ubuntu; Linux i686; rv:14.0; ips-agent) Gecko/20100101 Firefox/14.0.1"
66.249.78.134 - - [11/Mar/2015:06:26:57 +0100] "GET /robots.txt HTTP/1.1" 404 1256 "-" "Mozilla/5.0 (compatible; Googlebot/2.1; +http://www.google.com/bot.html)"
66.249.78.141 - - [11/Mar/2015:06:26:58 +0100] "GET / HTTP/1.1" 200 876 "-" "Mozilla/5.0 (iPhone; CPU iPhone OS 6_0 like Mac OS X) AppleWebKit/536.26 (KHTML, like Gecko) Version/6.0 Mobile/10A5376e Safari/8536.25 (compatible; Googlebot/2.1; +http://www.google.com/bot.html)"
148.251.69.136 - - [11/Mar/2015:20:19:44 +0100] "GET / HTTP/1.1" 200 876 "-" "Mozilla/5.0 (Macintosh; Intel Mac OS X 10_7_5) AppleWebKit/537.31 (KHTML, like Gecko) Chrome/26.0.1410.65 Safari/537.31"
148.251.69.136 - - [11/Mar/2015:20:19:44 +0100] "GET /images/sehnsucht%252520start-mit%252520schrift.gif HTTP/1.1" 404 1256 "-" "Mozilla/5.0 (Windows NT 6.2; WOW64) AppleWebKit/537.36 (KHTML, like Gecko) Chrome/27.0.1453.93 Safari/537.36"
188.165.15.14 - - [11/Mar/2015:23:02:30 +0100] "GET /robots.txt HTTP/1.1" 404 1256 "-" "Mozilla/5.0 (compatible; AhrefsBot/5.0; +http://ahrefs.com/robot/)"
66.249.78.148 - - [12/Mar/2015:08:38:11 +0100] "GET /robots.txt HTTP/1.1" 404 1256 "-" "Mozilla/5.0 (compatible; Googlebot/2.1; +http://www.google.com/bot.html)"
66.249.64.42 - - [12/Mar/2015:08:38:11 +0100] "GET / HTTP/1.1" 200 876 "-" "Mozilla/5.0 (iPhone; CPU iPhone OS 6_0 like Mac OS X) AppleWebKit/536.26 (KHTML, like Gecko) Version/6.0 Mobile/10A5376e Safari/8536.25 (compatible; Googlebot/2.1; +http://www.google.com/bot.html)"
94.23.27.166 - - [12/Mar/2015:09:09:38 +0100] "GET /robots.txt HTTP/1.0" 404 1256 "-" ""
94.23.27.166 - - [12/Mar/2015:09:09:38 +0100] "GET / HTTP/1.1" 206 876 "-" "Mozilla/5.0 (X11; Linux x86_64) AppleWebKit/534.30 (KHTML, like Gecko) Ubuntu/10.04 Chromium/12.0.742.112 Chrome/12.0.742.112 Safari/534.30"
66.249.78.141 - - [13/Mar/2015:04:48:29 +0100] "GET /robots.txt HTTP/1.1" 404 1256 "-" "Mozilla/5.0 (compatible; Googlebot/2.1; +http://www.google.com/bot.html)"
66.249.78.141 - - [13/Mar/2015:04:48:29 +0100] "GET / HTTP/1.1" 200 876 "-" "Mozilla/5.0 (iPhone; CPU iPhone OS 6_0 like Mac OS X) AppleWebKit/536.26 (KHTML, like Gecko) Version/6.0 Mobile/10A5376e Safari/8536.25 (compatible; Googlebot/2.1; +http://www.google.com/bot.html)"
171.116.198.16 - - [13/Mar/2015:07:59:33 +0100] "GET /index.php HTTP/1.1" 404 1256 "-" "-"
74.52.245.146 - - [13/Mar/2015:21:07:19 +0100] "GET / HTTP/1.0" 200 876 "-" "Mozilla/5.0 (X11; U; Linux i686; en-US; rv:1.7.5) Gecko/20041107 Firefox/1.0"
74.52.245.146 - - [13/Mar/2015:21:07:20 +0100] "GET /frameset/left.htm HTTP/1.0" 200 244 "-" "Mozilla/5.0 (X11; U; Linux i686; en-US; rv:1.7.5) Gecko/20041107 Firefox/1.0"
74.52.245.146 - - [13/Mar/2015:21:07:20 +0100] "GET /frameset/top.htm HTTP/1.0" 200 244 "-" "Mozilla/5.0 (X11; U; Linux i686; en-US; rv:1.7.5) Gecko/20041107 Firefox/1.0"
74.52.245.146 - - [13/Mar/2015:21:07:20 +0100] "GET /neue_seite_1.htm HTTP/1.0" 200 405 "-" "Mozilla/5.0 (X11; U; Linux i686; en-US; rv:1.7.5) Gecko/20041107 Firefox/1.0"
74.52.245.146 - - [13/Mar/2015:21:07:21 +0100] "GET /frameset/bottom.htm HTTP/1.0" 200 244 "-" "Mozilla/5.0 (X11; U; Linux i686; en-US; rv:1.7.5) Gecko/20041107 Firefox/1.0"
74.52.245.146 - - [13/Mar/2015:21:07:21 +0100] "GET /frameset/right.htm HTTP/1.0" 200 244 "-" "Mozilla/5.0 (X11; U; Linux i686; en-US; rv:1.7.5) Gecko/20041107 Firefox/1.0"
144.76.85.195 - - [14/Mar/2015:01:17:10 +0100] "GET / HTTP/1.1" 200 876 "-" "Mozilla/5.0 (compatible; 007ac9 Crawler; http://crawler.007ac9.net/)"
144.76.85.195 - - [14/Mar/2015:01:17:10 +0100] "GET /robots.txt HTTP/1.1" 404 1256 "-" "Mozilla/5.0 (compatible; 007ac9 Crawler; http://crawler.007ac9.net/)"
144.76.85.195 - - [14/Mar/2015:01:17:10 +0100] "GET / HTTP/1.1" 200 876 "-" "Mozilla/5.0 (compatible; 007ac9 Crawler; http://crawler.007ac9.net/)"
144.76.85.195 - - [14/Mar/2015:01:17:10 +0100] "GET /frameset/left.htm HTTP/1.1" 200 244 "-" "Mozilla/5.0 (compatible; 007ac9 Crawler; http://crawler.007ac9.net/)"
144.76.85.195 - - [14/Mar/2015:01:17:11 +0100] "GET /frameset/top.htm HTTP/1.1" 200 244 "-" "Mozilla/5.0 (compatible; 007ac9 Crawler; http://crawler.007ac9.net/)"
144.76.85.195 - - [14/Mar/2015:01:17:11 +0100] "GET /neue_seite_1.htm HTTP/1.1" 200 405 "-" "Mozilla/5.0 (compatible; 007ac9 Crawler; http://crawler.007ac9.net/)"
144.76.85.195 - - [14/Mar/2015:01:17:11 +0100] "GET /frameset/bottom.htm HTTP/1.1" 200 244 "-" "Mozilla/5.0 (compatible; 007ac9 Crawler; http://crawler.007ac9.net/)"
144.76.85.195 - - [14/Mar/2015:01:17:11 +0100] "GET /frameset/right.htm HTTP/1.1" 200 244 "-" "Mozilla/5.0 (compatible; 007ac9 Crawler; http://crawler.007ac9.net/)"
66.249.78.141 - - [14/Mar/2015:04:33:01 +0100] "GET /robots.txt HTTP/1.1" 404 1256 "-" "Mozilla/5.0 (compatible; Googlebot/2.1; +http://www.google.com/bot.html)"
66.249.78.141 - - [14/Mar/2015:04:33:01 +0100] "GET /frameset/top.htm HTTP/1.1" 200 244 "-" "Mozilla/5.0 (compatible; Googlebot/2.1; +http://www.google.com/bot.html)"
66.249.78.148 - - [14/Mar/2015:09:29:20 +0100] "GET / HTTP/1.1" 200 876 "-" "Mozilla/5.0 (iPhone; CPU iPhone OS 6_0 like Mac OS X) AppleWebKit/536.26 (KHTML, like Gecko) Version/6.0 Mobile/10A5376e Safari/8536.25 (compatible; Googlebot/2.1; +http://www.google.com/bot.html)"
221.204.37.214 - - [14/Mar/2015:14:46:57 +0100] "GET /phpinfo.php HTTP/1.1" 404 1256 "-" "-"
148.251.69.136 - - [15/Mar/2015:04:27:35 +0100] "GET /images/sehnsucht%252520start-mit%252520schrift.gif HTTP/1.1" 404 1256 "-" "Mozilla/5.0 (Windows NT 6.1; WOW64) AppleWebKit/537.31 (KHTML, like Gecko) Chrome/26.0.1410.64 Safari/537.31"
148.251.69.136 - - [15/Mar/2015:04:27:35 +0100] "GET / HTTP/1.1" 200 876 "-" "Mozilla/5.0 (Windows NT 6.0; WOW64) AppleWebKit/534.24 (KHTML, like Gecko) Chrome/11.0.696.34 Safari/534.24"
66.249.78.134 - - [15/Mar/2015:11:24:02 +0100] "GET /robots.txt HTTP/1.1" 404 1256 "-" "Mozilla/5.0 (compatible; Googlebot/2.1; +http://www.google.com/bot.html)"
66.249.78.148 - - [15/Mar/2015:11:24:02 +0100] "GET / HTTP/1.1" 200 876 "-" "Mozilla/5.0 (iPhone; CPU iPhone OS 6_0 like Mac OS X) AppleWebKit/536.26 (KHTML, like Gecko) Version/6.0 Mobile/10A5376e Safari/8536.25 (compatible; Googlebot/2.1; +http://www.google.com/bot.html)"
194.6.233.33 - - [16/Mar/2015:05:21:28 +0100] "GET / HTTP/1.1" 200 876 "-" "Mozilla/5.0 (Windows NT 5.1) AppleWebKit/537.1 (KHTML, like Gecko) Chrome/23.0.1271.6 Safari/537.11"
194.6.233.33 - - [16/Mar/2015:05:21:28 +0100] "GET /index.php?option=com_myblog&category=aca%27%20/*!union*//**//*!select*/%20group_concat(username,0x3a,password,0x3a,usertype)%20from%20jos_users%20where%20usertype=%27Super%20Administrator%27%20--%20%27 HTTP/1.1" 404 1256 "-" "Mozilla/5.0 (Windows NT 5.1) AppleWebKit/537.1 (KHTML, like Gecko) Chrome/23.0.1271.6 Safari/537.11"
194.6.233.33 - - [16/Mar/2015:05:21:49 +0100] "GET /index.php?option=com_myblog&category=aca%27%20/*!union*//**//*!select*/%20group_concat(username,0x3a,password,0x3a,usertype)%20from%20jos_users%20where%20usertype=%27Super%20Administrator%27%20--%20%27 HTTP/1.1" 404 1256 "-" "Mozilla/5.0 (Windows NT 5.1) AppleWebKit/537.1 (KHTML, like Gecko) Chrome/23.0.1271.6 Safari/537.11"
194.6.233.33 - - [16/Mar/2015:05:22:08 +0100] "GET /index.php?option=com_tag&controller=tag&task=add&tmpl=component&article_id=9876543210+union+select+concat_ws(0x3a,username,password,usertype)+from+jos_users+where%20usertype=0x53757065722041646d696e6973747261746f72 HTTP/1.1" 404 1256 "-" "Mozilla/5.0 (Windows NT 5.1) AppleWebKit/537.1 (KHTML, like Gecko) Chrome/23.0.1271.6 Safari/537.11"
194.6.233.33 - - [16/Mar/2015:05:22:28 +0100] "GET /index.php?option=com_aist&view=vacancylist&contact_id=1+union+select+1,2,3,4,group_concat(username,0x3a,password,0x3a,usertype),6,7,8,9,10,11,12,13,14,15,16,17,18,19,20,21,22,23,24,25,26,27,28,29,30,31,32,33,34,35,36+from+jos_users-- HTTP/1.1" 404 1256 "-" "Mozilla/5.0 (Windows NT 5.1) AppleWebKit/537.1 (KHTML, like Gecko) Chrome/23.0.1271.6 Safari/537.11"
66.249.67.74 - - [16/Mar/2015:09:23:42 +0100] "GET /robots.txt HTTP/1.1" 404 1256 "-" "Mozilla/5.0 (compatible; Googlebot/2.1; +http://www.google.com/bot.html)"
66.249.67.58 - - [16/Mar/2015:09:23:42 +0100] "GET / HTTP/1.1" 200 876 "-" "Mozilla/5.0 (iPhone; CPU iPhone OS 6_0 like Mac OS X) AppleWebKit/536.26 (KHTML, like Gecko) Version/6.0 Mobile/10A5376e Safari/8536.25 (compatible; Googlebot/2.1; +http://www.google.com/bot.html)"
66.249.67.58 - - [16/Mar/2015:18:18:37 +0100] "GET /frameset/top.htm HTTP/1.1" 200 244 "-" "Mozilla/5.0 (compatible; Googlebot/2.1; +http://www.google.com/bot.html)"
177.94.232.238 - - [16/Mar/2015:20:03:48 +0100] "GET / HTTP/1.1" 200 876 "-" "Mozilla/5.0 (Windows NT 6.1; WOW64) AppleWebKit/537.36 (KHTML, like Gecko) Chrome/34.0.1847.131 Safari/537.36"
66.249.67.58 - - [17/Mar/2015:02:07:15 +0100] "GET /robots.txt HTTP/1.1" 404 1256 "-" "Mozilla/5.0 (compatible; Googlebot/2.1; +http://www.google.com/bot.html)"
66.249.67.58 - - [17/Mar/2015:02:07:16 +0100] "GET / HTTP/1.1" 200 876 "-" "Mozilla/5.0 (iPhone; CPU iPhone OS 6_0 like Mac OS X) AppleWebKit/536.26 (KHTML, like Gecko) Version/6.0 Mobile/10A5376e Safari/8536.25 (compatible; Googlebot/2.1; +http://www.google.com/bot.html)"
176.57.143.60 - - [17/Mar/2015:10:11:54 +0100] "GET / HTTP/1.1" 200 876 "-" "Mozilla/5.0 (X11; U; Linux i686; en-US; rv:1.9.1.16) Gecko/20120421 Firefox/11.0"
192.99.107.219 - - [17/Mar/2015:20:58:53 +0100] "GET /robots.txt HTTP/1.1" 404 1256 "-" "Mozilla/5.0 (compatible; meanpathbot/1.0; +http://www.meanpath.com/meanpathbot.html)"
192.99.107.217 - - [17/Mar/2015:20:58:53 +0100] "GET / HTTP/1.1" 200 876 "-" "Mozilla/5.0 (compatible; meanpathbot/1.0; +http://www.meanpath.com/meanpathbot.html)"
68.180.229.38 - - [18/Mar/2015:05:15:56 +0100] "GET /robots.txt HTTP/1.1" 404 1256 "-" "Mozilla/5.0 (compatible; Yahoo! Slurp; http://help.yahoo.com/help/us/ysearch/slurp)"
68.180.229.38 - - [18/Mar/2015:05:15:57 +0100] "GET / HTTP/1.1" 200 876 "-" "Mozilla/5.0 (compatible; Yahoo! Slurp; http://help.yahoo.com/help/us/ysearch/slurp)"
68.180.229.38 - - [18/Mar/2015:05:15:57 +0100] "GET /frameset/left.htm HTTP/1.1" 200 244 "-" "Mozilla/5.0 (compatible; Yahoo! Slurp; http://help.yahoo.com/help/us/ysearch/slurp)"
68.180.229.38 - - [18/Mar/2015:05:15:58 +0100] "GET /frameset/top.htm HTTP/1.1" 200 244 "-" "Mozilla/5.0 (compatible; Yahoo! Slurp; http://help.yahoo.com/help/us/ysearch/slurp)"
68.180.229.38 - - [18/Mar/2015:05:15:58 +0100] "GET /neue_seite_1.htm HTTP/1.1" 200 405 "-" "Mozilla/5.0 (compatible; Yahoo! Slurp; http://help.yahoo.com/help/us/ysearch/slurp)"
68.180.229.38 - - [18/Mar/2015:05:15:59 +0100] "GET /frameset/bottom.htm HTTP/1.1" 200 244 "-" "Mozilla/5.0 (compatible; Yahoo! Slurp; http://help.yahoo.com/help/us/ysearch/slurp)"
68.180.229.38 - - [18/Mar/2015:05:15:59 +0100] "GET /frameset/right.htm HTTP/1.1" 200 244 "-" "Mozilla/5.0 (compatible; Yahoo! Slurp; http://help.yahoo.com/help/us/ysearch/slurp)"
66.249.67.74 - - [18/Mar/2015:07:18:12 +0100] "GET /robots.txt HTTP/1.1" 404 1256 "-" "Mozilla/5.0 (compatible; Googlebot/2.1; +http://www.google.com/bot.html)"
66.249.67.74 - - [18/Mar/2015:07:18:12 +0100] "GET / HTTP/1.1" 200 876 "-" "Mozilla/5.0 (iPhone; CPU iPhone OS 6_0 like Mac OS X) AppleWebKit/536.26 (KHTML, like Gecko) Version/6.0 Mobile/10A5376e Safari/8536.25 (compatible; Googlebot/2.1; +http://www.google.com/bot.html)"
66.249.67.74 - - [18/Mar/2015:07:28:35 +0100] "GET /frameset/top.htm HTTP/1.1" 200 244 "-" "Mozilla/5.0 (compatible; Googlebot/2.1; +http://www.google.com/bot.html)"
192.99.107.50 - - [18/Mar/2015:19:31:49 +0100] "GET /robots.txt HTTP/1.1" 404 1256 "-" "Mozilla/5.0 (compatible; meanpathbot/1.0; +http://www.meanpath.com/meanpathbot.html)"
192.99.107.58 - - [18/Mar/2015:19:31:49 +0100] "GET / HTTP/1.1" 200 876 "-" "Mozilla/5.0 (compatible; meanpathbot/1.0; +http://www.meanpath.com/meanpathbot.html)"
66.249.67.66 - - [19/Mar/2015:04:46:57 +0100] "GET /robots.txt HTTP/1.1" 404 1256 "-" "Mozilla/5.0 (compatible; Googlebot/2.1; +http://www.google.com/bot.html)"
66.249.67.74 - - [19/Mar/2015:04:46:57 +0100] "GET / HTTP/1.1" 200 876 "-" "Mozilla/5.0 (iPhone; CPU iPhone OS 6_0 like Mac OS X) AppleWebKit/536.26 (KHTML, like Gecko) Version/6.0 Mobile/10A5376e Safari/8536.25 (compatible; Googlebot/2.1; +http://www.google.com/bot.html)"
192.99.107.218 - - [19/Mar/2015:09:12:15 +0100] "GET /robots.txt HTTP/1.1" 404 1256 "-" "Mozilla/5.0 (compatible; meanpathbot/1.0; +http://www.meanpath.com/meanpathbot.html)"
192.99.107.218 - - [19/Mar/2015:09:12:16 +0100] "GET / HTTP/1.1" 200 876 "-" "Mozilla/5.0 (compatible; meanpathbot/1.0; +http://www.meanpath.com/meanpathbot.html)"
144.76.64.115 - - [19/Mar/2015:15:26:38 +0100] "GET / HTTP/1.1" 200 876 "-" "Mozilla/5.0 (Windows; U; Windows NT 6.0; en-US) AppleWebKit/534.16 (KHTML, like Gecko) Chrome/10.0.648.133 Safari/534.16"
188.165.15.90 - - [19/Mar/2015:22:28:54 +0100] "GET /robots.txt HTTP/1.1" 404 1256 "-" "Mozilla/5.0 (compatible; AhrefsBot/5.0; +http://ahrefs.com/robot/)"
66.249.67.66 - - [20/Mar/2015:02:23:09 +0100] "GET /robots.txt HTTP/1.1" 404 1256 "-" "Mozilla/5.0 (compatible; Googlebot/2.1; +http://www.google.com/bot.html)"
66.249.67.58 - - [20/Mar/2015:02:23:09 +0100] "GET / HTTP/1.1" 200 876 "-" "Mozilla/5.0 (iPhone; CPU iPhone OS 6_0 like Mac OS X) AppleWebKit/536.26 (KHTML, like Gecko) Version/6.0 Mobile/10A5376e Safari/8536.25 (compatible; Googlebot/2.1; +http://www.google.com/bot.html)"
148.251.77.34 - - [20/Mar/2015:03:53:30 +0100] "GET / HTTP/1.1" 200 876 "http://pizza-tycoon.de/" "Mozilla/5.0 (Windows NT 6.1; WOW64) AppleWebKit/537.36 (KHTML, like Gecko) Chrome/41.0.2272.89 Safari/537.36"
192.99.107.190 - - [20/Mar/2015:06:51:31 +0100] "GET /robots.txt HTTP/1.1" 404 1256 "-" "Mozilla/5.0 (compatible; meanpathbot/1.0; +http://www.meanpath.com/meanpathbot.html)"
192.99.107.190 - - [20/Mar/2015:06:51:31 +0100] "GET / HTTP/1.1" 200 876 "-" "Mozilla/5.0 (compatible; meanpathbot/1.0; +http://www.meanpath.com/meanpathbot.html)"
162.210.196.97 - - [20/Mar/2015:15:59:39 +0100] "GET /robots.txt HTTP/1.0" 404 1256 "-" "Mozilla/5.0 (compatible; MJ12bot/v1.4.5; http://www.majestic12.co.uk/bot.php?+)"
162.210.196.97 - - [20/Mar/2015:15:59:40 +0100] "GET / HTTP/1.0" 200 876 "-" "Mozilla/5.0 (compatible; MJ12bot/v1.4.5; http://www.majestic12.co.uk/bot.php?+)"
157.55.39.14 - - [20/Mar/2015:18:38:32 +0100] "GET /robots.txt HTTP/1.1" 404 1256 "-" "Mozilla/5.0 (compatible; bingbot/2.0; +http://www.bing.com/bingbot.htm)"
157.55.39.14 - - [20/Mar/2015:18:39:01 +0100] "GET /frameset/bottom.htm HTTP/1.1" 304 - "-" "Mozilla/5.0 (compatible; bingbot/2.0; +http://www.bing.com/bingbot.htm)"
66.249.79.66 - - [21/Mar/2015:05:39:28 +0100] "GET /robots.txt HTTP/1.1" 404 1256 "-" "Mozilla/5.0 (compatible; Googlebot/2.1; +http://www.google.com/bot.html)"
66.249.79.58 - - [21/Mar/2015:05:39:29 +0100] "GET / HTTP/1.1" 200 876 "-" "Mozilla/5.0 (iPhone; CPU iPhone OS 6_0 like Mac OS X) AppleWebKit/536.26 (KHTML, like Gecko) Version/6.0 Mobile/10A5376e Safari/8536.25 (compatible; Googlebot/2.1; +http://www.google.com/bot.html)"
66.249.79.66 - - [21/Mar/2015:07:57:02 +0100] "GET / HTTP/1.1" 200 876 "-" "Mozilla/5.0 (compatible; Googlebot/2.1; +http://www.google.com/bot.html)"
107.170.58.12 - - [21/Mar/2015:13:32:04 +0100] "GET /robots.txt HTTP/1.1" 404 1256 "-" "Mozilla/5.0 (compatible; spbot/4.4.2; +http://OpenLinkProfiler.org/bot )"
107.170.58.12 - - [21/Mar/2015:13:32:08 +0100] "GET / HTTP/1.1" 200 876 "-" "Mozilla/5.0 (compatible; spbot/4.4.2; +http://OpenLinkProfiler.org/bot )"
66.249.78.141 - - [21/Mar/2015:13:37:19 +0100] "GET /robots.txt HTTP/1.1" 404 1256 "-" "Mozilla/5.0 (compatible; Googlebot/2.1; +http://www.google.com/bot.html)"
66.249.78.134 - - [21/Mar/2015:13:37:20 +0100] "GET /frameset/top.htm HTTP/1.1" 200 244 "-" "Mozilla/5.0 (compatible; Googlebot/2.1; +http://www.google.com/bot.html)"
148.251.75.46 - - [21/Mar/2015:22:33:35 +0100] "GET /images/sehnsucht%252520start-mit%252520schrift.gif HTTP/1.1" 404 1256 "-" "Mozilla/5.0 (Windows NT 6.1; rv:21.0) Gecko/20130328 Firefox/21.0"
148.251.75.46 - - [21/Mar/2015:22:33:35 +0100] "GET / HTTP/1.1" 200 876 "-" "Mozilla/5.0 (compatible; MSIE 10.0; Windows NT 6.1; Trident/5.0)"
144.76.201.69 - - [21/Mar/2015:22:33:35 +0100] "GET /images/sehnsucht%2520start-mit%2520schrift.gif HTTP/1.1" 404 1256 "-" "Mozilla/5.0 (compatible; MSIE 10.0; Windows NT 6.1; Trident/4.0; InfoPath.2; SV1; .NET CLR 2.0.50727; WOW64)"
144.76.201.69 - - [21/Mar/2015:22:33:35 +0100] "GET / HTTP/1.1" 200 876 "-" "Mozilla/5.0 (X11; Ubuntu; Linux x86_64; rv:21.0) Gecko/20100101 Firefox/21.0"
66.249.78.148 - - [22/Mar/2015:01:20:27 +0100] "GET / HTTP/1.1" 200 876 "-" "Mozilla/5.0 (iPhone; CPU iPhone OS 6_0 like Mac OS X) AppleWebKit/536.26 (KHTML, like Gecko) Version/6.0 Mobile/10A5376e Safari/8536.25 (compatible; Googlebot/2.1; +http://www.google.com/bot.html)"
66.249.78.141 - - [22/Mar/2015:01:30:35 +0100] "GET /frameset/top.htm HTTP/1.1" 200 244 "-" "Mozilla/5.0 (compatible; Googlebot/2.1; +http://www.google.com/bot.html)"
66.249.73.201 - - [22/Mar/2015:23:37:50 +0100] "GET /robots.txt HTTP/1.1" 404 1256 "-" "Mozilla/5.0 (compatible; Googlebot/2.1; +http://www.google.com/bot.html)"
66.249.73.185 - - [22/Mar/2015:23:37:50 +0100] "GET / HTTP/1.1" 200 876 "-" "Mozilla/5.0 (iPhone; CPU iPhone OS 6_0 like Mac OS X) AppleWebKit/536.26 (KHTML, like Gecko) Version/6.0 Mobile/10A5376e Safari/8536.25 (compatible; Googlebot/2.1; +http://www.google.com/bot.html)"
64.246.165.160 - - [23/Mar/2015:01:45:29 +0100] "GET /robots.txt HTTP/1.0" 404 1256 "-" "Mozilla/5.0 (Windows; U; Windows NT 5.1; en; rv:1.9.0.13) Gecko/2009073022 Firefox/3.5.2 (.NET CLR 3.5.30729) SurveyBot/2.3 (DomainTools)"
64.246.165.160 - - [23/Mar/2015:01:45:30 +0100] "GET / HTTP/1.1" 200 876 "http://whois.domaintools.com/die-sehnsucht.com" "Mozilla/5.0 (Windows; U; Windows NT 5.1; en; rv:1.9.0.13) Gecko/2009073022 Firefox/3.5.2 (.NET CLR 3.5.30729) SurveyBot/2.3 (DomainTools)"
31.220.42.202 - - [23/Mar/2015:13:20:28 +0100] "GET /administrator/ HTTP/1.1" 404 1256 "-" "Mozilla/5.0 (Windows; U; Windows NT 6.1; ru; rv:1.9.2.13) Gecko/20101203 Firefox/3.6.13 sputnik 2.1.0.18 YB/4.3.0"
157.55.39.247 - - [23/Mar/2015:13:25:44 +0100] "GET /robots.txt HTTP/1.1" 404 1256 "-" "Mozilla/5.0 (compatible; bingbot/2.0; +http://www.bing.com/bingbot.htm)"
157.55.39.247 - - [23/Mar/2015:13:25:55 +0100] "GET /neue_seite_1.htm HTTP/1.1" 200 405 "-" "Mozilla/5.0 (compatible; bingbot/2.0; +http://www.bing.com/bingbot.htm)"
207.46.13.27 - - [23/Mar/2015:13:26:03 +0100] "GET /robots.txt HTTP/1.1" 404 1256 "-" "Mozilla/5.0 (compatible; bingbot/2.0; +http://www.bing.com/bingbot.htm)"
66.249.73.193 - - [23/Mar/2015:18:55:42 +0100] "GET /robots.txt HTTP/1.1" 404 1256 "-" "Mozilla/5.0 (compatible; Googlebot/2.1; +http://www.google.com/bot.html)"
66.249.73.201 - - [23/Mar/2015:18:55:42 +0100] "GET / HTTP/1.1" 200 876 "-" "Mozilla/5.0 (iPhone; CPU iPhone OS 6_0 like Mac OS X) AppleWebKit/536.26 (KHTML, like Gecko) Version/6.0 Mobile/10A5376e Safari/8536.25 (compatible; Googlebot/2.1; +http://www.google.com/bot.html)"
192.99.107.78 - - [23/Mar/2015:20:05:00 +0100] "GET /robots.txt HTTP/1.1" 404 1256 "-" "Mozilla/5.0 (compatible; meanpathbot/1.0; +http://www.meanpath.com/meanpathbot.html)"
192.99.107.78 - - [23/Mar/2015:20:05:14 +0100] "GET / HTTP/1.1" 200 876 "-" "Mozilla/5.0 (compatible; meanpathbot/1.0; +http://www.meanpath.com/meanpathbot.html)"
188.165.15.85 - - [24/Mar/2015:06:10:31 +0100] "GET /robots.txt HTTP/1.1" 404 1256 "-" "Mozilla/5.0 (compatible; AhrefsBot/5.0; +http://ahrefs.com/robot/)"
66.249.73.185 - - [24/Mar/2015:11:55:00 +0100] "GET /robots.txt HTTP/1.1" 404 1256 "-" "Mozilla/5.0 (compatible; Googlebot/2.1; +http://www.google.com/bot.html)"
66.249.73.193 - - [24/Mar/2015:11:55:00 +0100] "GET / HTTP/1.1" 200 876 "-" "Mozilla/5.0 (iPhone; CPU iPhone OS 6_0 like Mac OS X) AppleWebKit/536.26 (KHTML, like Gecko) Version/6.0 Mobile/10A5376e Safari/8536.25 (compatible; Googlebot/2.1; +http://www.google.com/bot.html)"
148.251.75.46 - - [24/Mar/2015:12:35:17 +0100] "GET / HTTP/1.1" 200 876 "-" "Mozilla/5.0 (X11; Ubuntu; Linux x86_64; rv:14.0) Gecko/20100101 Firefox/14.0.1"
66.249.73.193 - - [25/Mar/2015:10:31:26 +0100] "GET /robots.txt HTTP/1.1" 404 1256 "-" "Mozilla/5.0 (compatible; Googlebot/2.1; +http://www.google.com/bot.html)"
66.249.73.185 - - [25/Mar/2015:10:31:27 +0100] "GET / HTTP/1.1" 200 876 "-" "Mozilla/5.0 (iPhone; CPU iPhone OS 6_0 like Mac OS X) AppleWebKit/536.26 (KHTML, like Gecko) Version/6.0 Mobile/10A5376e Safari/8536.25 (compatible; Googlebot/2.1; +http://www.google.com/bot.html)"
66.249.73.201 - - [25/Mar/2015:10:39:26 +0100] "GET /frameset/right.htm HTTP/1.1" 200 244 "-" "Mozilla/5.0 (compatible; Googlebot/2.1; +http://www.google.com/bot.html)"
157.55.39.247 - - [25/Mar/2015:15:00:39 +0100] "GET /robots.txt HTTP/1.1" 404 1256 "-" "Mozilla/5.0 (compatible; bingbot/2.0; +http://www.bing.com/bingbot.htm)"
157.55.39.247 - - [25/Mar/2015:15:00:47 +0100] "GET / HTTP/1.1" 200 876 "-" "Mozilla/5.0 (compatible; bingbot/2.0; +http://www.bing.com/bingbot.htm)"
157.55.39.247 - - [25/Mar/2015:15:00:47 +0100] "GET /neue_seite_1.htm HTTP/1.1" 200 405 "-" "Mozilla/5.0 (compatible; bingbot/2.0; +http://www.bing.com/bingbot.htm)"
157.55.39.14 - - [25/Mar/2015:15:01:21 +0100] "GET /frameset/bottom.htm HTTP/1.1" 200 244 "-" "Mozilla/5.0 (compatible; bingbot/2.0; +http://www.bing.com/bingbot.htm)"
157.55.39.14 - - [25/Mar/2015:15:01:21 +0100] "GET /frameset/bottom.htm HTTP/1.1" 200 244 "-" "Mozilla/5.0 (compatible; bingbot/2.0; +http://www.bing.com/bingbot.htm)"
157.55.39.247 - - [25/Mar/2015:15:01:26 +0100] "GET /neue_seite_1.htm HTTP/1.1" 200 405 "-" "Mozilla/5.0 (compatible; bingbot/2.0; +http://www.bing.com/bingbot.htm)"
157.55.39.247 - - [25/Mar/2015:15:01:26 +0100] "GET /neue_seite_1.htm HTTP/1.1" 200 405 "-" "Mozilla/5.0 (compatible; bingbot/2.0; +http://www.bing.com/bingbot.htm)"
207.46.13.27 - - [25/Mar/2015:15:06:33 +0100] "GET /frameset/left.htm HTTP/1.1" 200 244 "-" "Mozilla/5.0 (compatible; bingbot/2.0; +http://www.bing.com/bingbot.htm)"
207.46.13.27 - - [25/Mar/2015:15:06:33 +0100] "GET /frameset/top.htm HTTP/1.1" 200 244 "-" "Mozilla/5.0 (compatible; bingbot/2.0; +http://www.bing.com/bingbot.htm)"
207.46.13.27 - - [25/Mar/2015:15:06:33 +0100] "GET /frameset/left.htm HTTP/1.1" 200 244 "-" "Mozilla/5.0 (compatible; bingbot/2.0; +http://www.bing.com/bingbot.htm)"
207.46.13.27 - - [25/Mar/2015:15:06:33 +0100] "GET /frameset/top.htm HTTP/1.1" 200 244 "-" "Mozilla/5.0 (compatible; bingbot/2.0; +http://www.bing.com/bingbot.htm)"
207.46.13.23 - - [25/Mar/2015:15:22:35 +0100] "GET /frameset/right.htm HTTP/1.1" 200 244 "-" "Mozilla/5.0 (compatible; bingbot/2.0; +http://www.bing.com/bingbot.htm)"
207.46.13.23 - - [25/Mar/2015:15:22:35 +0100] "GET /frameset/right.htm HTTP/1.1" 200 244 "-" "Mozilla/5.0 (compatible; bingbot/2.0; +http://www.bing.com/bingbot.htm)"
173.70.141.168 - - [25/Mar/2015:15:40:57 +0100] "GET /robots.txt HTTP/1.1" 404 1256 "-" "panscient.com"
173.70.141.168 - - [25/Mar/2015:15:40:58 +0100] "GET / HTTP/1.1" 200 876 "-" "panscient.com"
173.70.141.168 - - [25/Mar/2015:15:40:59 +0100] "GET /frameset/top.htm HTTP/1.1" 200 244 "-" "panscient.com"
173.70.141.168 - - [25/Mar/2015:15:41:01 +0100] "GET /frameset/left.htm HTTP/1.1" 200 244 "-" "panscient.com"
173.70.141.168 - - [25/Mar/2015:15:41:02 +0100] "GET /frameset/bottom.htm HTTP/1.1" 200 244 "-" "panscient.com"
173.70.141.168 - - [25/Mar/2015:15:41:03 +0100] "GET /neue_seite_1.htm HTTP/1.1" 200 405 "-" "panscient.com"
173.70.141.168 - - [25/Mar/2015:15:41:04 +0100] "GET /frameset/right.htm HTTP/1.1" 200 244 "-" "panscient.com"
173.70.141.168 - - [25/Mar/2015:15:41:05 +0100] "GET /frameset/top.htm HTTP/1.1" 200 244 "-" "panscient.com"
173.70.141.168 - - [25/Mar/2015:15:41:06 +0100] "GET /frameset/left.htm HTTP/1.1" 200 244 "-" "panscient.com"
173.70.141.168 - - [25/Mar/2015:15:41:07 +0100] "GET /frameset/bottom.htm HTTP/1.1" 200 244 "-" "panscient.com"
173.70.141.168 - - [25/Mar/2015:15:41:08 +0100] "GET /neue_seite_1.htm HTTP/1.1" 200 405 "-" "panscient.com"
173.70.141.168 - - [25/Mar/2015:15:41:09 +0100] "GET /frameset/right.htm HTTP/1.1" 200 244 "-" "panscient.com"
69.162.139.9 - - [25/Mar/2015:22:41:43 +0100] "GET / HTTP/1.1" 200 876 "http://hundejo.com/" "Mozilla/5.0 (X11; Linux x86_64) AppleWebKit/537.36 (KHTML, like Gecko) Chrome/37.0.2062.120 Safari/537.36"
50.93.249.212 - - [26/Mar/2015:04:19:34 +0100] "GET /robots.txt HTTP/1.1" 404 1256 "-" "Mozilla/5.0 (Windows NT 6.3; rv:36.0) Gecko/20100101 Firefox/36.0"
50.93.249.212 - - [26/Mar/2015:04:19:34 +0100] "GET /favicon.ico HTTP/1.1" 404 1256 "-" "Mozilla/5.0 (Windows NT 6.3; rv:36.0) Gecko/20100101 Firefox/36.0"
50.93.249.212 - - [26/Mar/2015:04:19:35 +0100] "GET / HTTP/1.1" 200 876 "-" "Wget/1.13.4 (linux-gnu)"
50.93.249.212 - - [26/Mar/2015:04:19:35 +0100] "GET / HTTP/1.1" 200 876 "-" "Mozilla/5.0 (Windows NT 6.3; rv:36.0) Gecko/20100101 Firefox/36.0"
50.93.249.212 - - [26/Mar/2015:04:19:35 +0100] "GET / HTTP/1.1" 200 876 "-" "Mozilla/5.0 (X11; Linux x86_64) AppleWebKit/534.34 (KHTML, like Gecko) Qt/4.8.2 Safari/534.34"
50.93.249.212 - - [26/Mar/2015:04:19:36 +0100] "GET /frameset/left.htm HTTP/1.1" 200 244 "http://www.die-sehnsucht.com/" "Mozilla/5.0 (X11; Linux x86_64) AppleWebKit/534.34 (KHTML, like Gecko) Qt/4.8.2 Safari/534.34"
50.93.249.212 - - [26/Mar/2015:04:19:36 +0100] "GET /frameset/top.htm HTTP/1.1" 200 244 "http://www.die-sehnsucht.com/" "Mozilla/5.0 (X11; Linux x86_64) AppleWebKit/534.34 (KHTML, like Gecko) Qt/4.8.2 Safari/534.34"
50.93.249.212 - - [26/Mar/2015:04:19:36 +0100] "GET /neue_seite_1.htm HTTP/1.1" 200 405 "http://www.die-sehnsucht.com/" "Mozilla/5.0 (X11; Linux x86_64) AppleWebKit/534.34 (KHTML, like Gecko) Qt/4.8.2 Safari/534.34"
50.93.249.212 - - [26/Mar/2015:04:19:36 +0100] "GET /frameset/bottom.htm HTTP/1.1" 200 244 "http://www.die-sehnsucht.com/" "Mozilla/5.0 (X11; Linux x86_64) AppleWebKit/534.34 (KHTML, like Gecko) Qt/4.8.2 Safari/534.34"
50.93.249.212 - - [26/Mar/2015:04:19:36 +0100] "GET /frameset/right.htm HTTP/1.1" 200 244 "http://www.die-sehnsucht.com/" "Mozilla/5.0 (X11; Linux x86_64) AppleWebKit/534.34 (KHTML, like Gecko) Qt/4.8.2 Safari/534.34"
50.93.249.212 - - [26/Mar/2015:04:19:36 +0100] "GET /images/sehnsucht%20start-mit%20schrift.gif HTTP/1.1" 200 167462 "http://www.die-sehnsucht.com/neue_seite_1.htm" "Mozilla/5.0 (X11; Linux x86_64) AppleWebKit/534.34 (KHTML, like Gecko) Qt/4.8.2 Safari/534.34"
5.199.130.188 - - [26/Mar/2015:06:38:10 +0100] "GET / HTTP/1.1" 200 876 "http://hvd-store.com/" "Mozilla/5.0 (X11; Linux x86_64) AppleWebKit/537.36 (KHTML, like Gecko) Chrome/37.0.2062.120 Safari/537.36"
66.249.73.193 - - [26/Mar/2015:06:41:38 +0100] "GET /robots.txt HTTP/1.1" 404 1256 "-" "Mozilla/5.0 (compatible; Googlebot/2.1; +http://www.google.com/bot.html)"
66.249.73.185 - - [26/Mar/2015:06:41:38 +0100] "GET / HTTP/1.1" 200 876 "-" "Mozilla/5.0 (iPhone; CPU iPhone OS 6_0 like Mac OS X) AppleWebKit/536.26 (KHTML, like Gecko) Version/6.0 Mobile/10A5376e Safari/8536.25 (compatible; Googlebot/2.1; +http://www.google.com/bot.html)"
188.165.234.68 - - [26/Mar/2015:06:44:00 +0100] "GET /robots.txt HTTP/1.0" 404 1256 "-" ""
188.165.234.68 - - [26/Mar/2015:06:44:00 +0100] "GET / HTTP/1.1" 206 876 "-" "Mozilla/5.0 (X11; U; Linux x86_64; en-US) AppleWebKit/533.2 (KHTML, like Gecko) Chrome/5.0.342.1 Safari/533.2"
188.138.17.15 - - [26/Mar/2015:15:18:13 +0100] "GET / HTTP/1.1" 200 876 "http://specialdessous.com/" "Mozilla/5.0 (X11; Linux x86_64) AppleWebKit/537.36 (KHTML, like Gecko) Chrome/37.0.2062.120 Safari/537.36"
144.76.201.69 - - [26/Mar/2015:22:27:06 +0100] "GET /images/sehnsucht%252520start-mit%252520schrift.gif HTTP/1.1" 404 1256 "-" "Mozilla/5.0 (Windows NT 6.1; WOW64) AppleWebKit/537.31 (KHTML, like Gecko) Chrome/26.0.1410.64 Safari/537.31"
144.76.201.69 - - [26/Mar/2015:22:27:06 +0100] "GET / HTTP/1.1" 200 876 "-" "Mozilla/5.0 (X11; U; Linux i686; en-US; rv:1.9.1.16) Gecko/20120421 Gecko Firefox/11.0"
66.249.78.134 - - [27/Mar/2015:18:19:13 +0100] "GET /robots.txt HTTP/1.1" 404 1256 "-" "Mozilla/5.0 (compatible; Googlebot/2.1; +http://www.google.com/bot.html)"
66.249.78.141 - - [27/Mar/2015:18:19:13 +0100] "GET / HTTP/1.1" 200 876 "-" "Mozilla/5.0 (iPhone; CPU iPhone OS 6_0 like Mac OS X) AppleWebKit/536.26 (KHTML, like Gecko) Version/6.0 Mobile/10A5376e Safari/8536.25 (compatible; Googlebot/2.1; +http://www.google.com/bot.html)"
144.76.163.48 - - [28/Mar/2015:04:40:18 +0100] "GET / HTTP/1.1" 200 876 "-" "Mozilla/5.0 (Macintosh; Intel Mac OS X 10_6_8) AppleWebKit/534.58.2 (KHTML, like Gecko) Version/5.1.8 Safari/534.58.2"
144.76.163.48 - - [28/Mar/2015:04:40:18 +0100] "GET /images/sehnsucht%252520start-mit%252520schrift.gif HTTP/1.1" 404 1256 "-" "Mozilla/5.0 (X11; Linux i686; rv:21.0) Gecko/20100101 Firefox/21.0"
66.249.78.141 - - [28/Mar/2015:14:47:42 +0100] "GET /robots.txt HTTP/1.1" 404 1256 "-" "Mozilla/5.0 (compatible; Googlebot/2.1; +http://www.google.com/bot.html)"
66.249.78.141 - - [28/Mar/2015:14:47:43 +0100] "GET /frameset/top.htm HTTP/1.1" 200 244 "-" "Mozilla/5.0 (compatible; Googlebot/2.1; +http://www.google.com/bot.html)"
66.249.75.74 - - [29/Mar/2015:06:46:51 +0200] "GET /robots.txt HTTP/1.1" 404 1256 "-" "Mozilla/5.0 (compatible; Googlebot/2.1; +http://www.google.com/bot.html)"
66.249.75.66 - - [29/Mar/2015:06:46:51 +0200] "GET / HTTP/1.1" 200 876 "-" "Mozilla/5.0 (iPhone; CPU iPhone OS 6_0 like Mac OS X) AppleWebKit/536.26 (KHTML, like Gecko) Version/6.0 Mobile/10A5376e Safari/8536.25 (compatible; Googlebot/2.1; +http://www.google.com/bot.html)"
207.46.13.23 - - [29/Mar/2015:08:04:58 +0200] "GET /robots.txt HTTP/1.1" 404 1256 "-" "Mozilla/5.0 (compatible; bingbot/2.0; +http://www.bing.com/bingbot.htm)"
207.46.13.23 - - [29/Mar/2015:08:05:02 +0200] "GET /frameset/right.htm HTTP/1.1" 304 - "-" "Mozilla/5.0 (compatible; bingbot/2.0; +http://www.bing.com/bingbot.htm)"
66.249.78.134 - - [30/Mar/2015:08:07:39 +0200] "GET /robots.txt HTTP/1.1" 404 1256 "-" "Mozilla/5.0 (compatible; Googlebot/2.1; +http://www.google.com/bot.html)"
