213.187.82.225 - - [13/Oct/2015:13:28:28 +0200] "GET /img/men06.gif HTTP/1.1" 304 - "http://www.dialyse-borna.de/seiten/start.htm" "Mozilla/4.0 (compatible; MSIE 8.0; Windows NT 6.1; Trident/4.0; SLCC2; .NET CLR 2.0.50727; .NET CLR 3.5.30729; .NET CLR 3.0.30729; Media Center PC 6.0; .NET4.0C; .NET4.0E; CMDTDF)"
213.187.82.225 - - [13/Oct/2015:13:28:28 +0200] "GET /img/men03.gif HTTP/1.1" 304 - "http://www.dialyse-borna.de/seiten/start.htm" "Mozilla/4.0 (compatible; MSIE 8.0; Windows NT 6.1; Trident/4.0; SLCC2; .NET CLR 2.0.50727; .NET CLR 3.5.30729; .NET CLR 3.0.30729; Media Center PC 6.0; .NET4.0C; .NET4.0E; CMDTDF)"
213.187.82.225 - - [13/Oct/2015:13:28:28 +0200] "GET /img/lay03.gif HTTP/1.1" 304 - "http://www.dialyse-borna.de/seiten/start.htm" "Mozilla/4.0 (compatible; MSIE 8.0; Windows NT 6.1; Trident/4.0; SLCC2; .NET CLR 2.0.50727; .NET CLR 3.5.30729; .NET CLR 3.0.30729; Media Center PC 6.0; .NET4.0C; .NET4.0E; CMDTDF)"
213.187.82.225 - - [13/Oct/2015:13:28:28 +0200] "GET /img/men08.gif HTTP/1.1" 200 1642 "http://www.dialyse-borna.de/seiten/start.htm" "Mozilla/4.0 (compatible; MSIE 8.0; Windows NT 6.1; Trident/4.0; SLCC2; .NET CLR 2.0.50727; .NET CLR 3.5.30729; .NET CLR 3.0.30729; Media Center PC 6.0; .NET4.0C; .NET4.0E; CMDTDF)"
213.187.82.225 - - [13/Oct/2015:13:28:28 +0200] "GET /img/main_pic.jpg HTTP/1.1" 200 14864 "http://www.dialyse-borna.de/seiten/start.htm" "Mozilla/4.0 (compatible; MSIE 8.0; Windows NT 6.1; Trident/4.0; SLCC2; .NET CLR 2.0.50727; .NET CLR 3.5.30729; .NET CLR 3.0.30729; Media Center PC 6.0; .NET4.0C; .NET4.0E; CMDTDF)"
213.187.82.225 - - [13/Oct/2015:13:28:28 +0200] "GET /img/men02a.gif HTTP/1.1" 304 - "http://www.dialyse-borna.de/seiten/start.htm" "Mozilla/4.0 (compatible; MSIE 8.0; Windows NT 6.1; Trident/4.0; SLCC2; .NET CLR 2.0.50727; .NET CLR 3.5.30729; .NET CLR 3.0.30729; Media Center PC 6.0; .NET4.0C; .NET4.0E; CMDTDF)"
213.187.82.225 - - [13/Oct/2015:13:28:28 +0200] "GET /img/1pixel.gif HTTP/1.1" 304 - "http://www.dialyse-borna.de/seiten/start.htm" "Mozilla/4.0 (compatible; MSIE 8.0; Windows NT 6.1; Trident/4.0; SLCC2; .NET CLR 2.0.50727; .NET CLR 3.5.30729; .NET CLR 3.0.30729; Media Center PC 6.0; .NET4.0C; .NET4.0E; CMDTDF)"
213.187.82.225 - - [13/Oct/2015:13:28:28 +0200] "GET /img/men07.gif HTTP/1.1" 304 - "http://www.dialyse-borna.de/seiten/start.htm" "Mozilla/4.0 (compatible; MSIE 8.0; Windows NT 6.1; Trident/4.0; SLCC2; .NET CLR 2.0.50727; .NET CLR 3.5.30729; .NET CLR 3.0.30729; Media Center PC 6.0; .NET4.0C; .NET4.0E; CMDTDF)"
213.187.82.225 - - [13/Oct/2015:13:28:28 +0200] "GET /img/men04.gif HTTP/1.1" 304 - "http://www.dialyse-borna.de/seiten/start.htm" "Mozilla/4.0 (compatible; MSIE 8.0; Windows NT 6.1; Trident/4.0; SLCC2; .NET CLR 2.0.50727; .NET CLR 3.5.30729; .NET CLR 3.0.30729; Media Center PC 6.0; .NET4.0C; .NET4.0E; CMDTDF)"
213.187.82.225 - - [13/Oct/2015:13:28:28 +0200] "GET /img/men09.gif HTTP/1.1" 304 - "http://www.dialyse-borna.de/seiten/start.htm" "Mozilla/4.0 (compatible; MSIE 8.0; Windows NT 6.1; Trident/4.0; SLCC2; .NET CLR 2.0.50727; .NET CLR 3.5.30729; .NET CLR 3.0.30729; Media Center PC 6.0; .NET4.0C; .NET4.0E; CMDTDF)"
213.187.82.225 - - [13/Oct/2015:13:28:28 +0200] "GET /img/pfeil.jpg HTTP/1.1" 200 380 "http://www.dialyse-borna.de/seiten/start.htm" "Mozilla/4.0 (compatible; MSIE 8.0; Windows NT 6.1; Trident/4.0; SLCC2; .NET CLR 2.0.50727; .NET CLR 3.5.30729; .NET CLR 3.0.30729; Media Center PC 6.0; .NET4.0C; .NET4.0E; CMDTDF)"
213.187.82.225 - - [13/Oct/2015:13:28:28 +0200] "GET /img/lay02.gif HTTP/1.1" 304 - "http://www.dialyse-borna.de/seiten/start.htm" "Mozilla/4.0 (compatible; MSIE 8.0; Windows NT 6.1; Trident/4.0; SLCC2; .NET CLR 2.0.50727; .NET CLR 3.5.30729; .NET CLR 3.0.30729; Media Center PC 6.0; .NET4.0C; .NET4.0E; CMDTDF)"
213.187.82.225 - - [13/Oct/2015:13:28:28 +0200] "GET /img/lay04.gif HTTP/1.1" 304 - "http://www.dialyse-borna.de/seiten/start.htm" "Mozilla/4.0 (compatible; MSIE 8.0; Windows NT 6.1; Trident/4.0; SLCC2; .NET CLR 2.0.50727; .NET CLR 3.5.30729; .NET CLR 3.0.30729; Media Center PC 6.0; .NET4.0C; .NET4.0E; CMDTDF)"
213.187.82.225 - - [13/Oct/2015:13:28:28 +0200] "GET /img/lay08.gif HTTP/1.1" 304 - "http://www.dialyse-borna.de/seiten/start.htm" "Mozilla/4.0 (compatible; MSIE 8.0; Windows NT 6.1; Trident/4.0; SLCC2; .NET CLR 2.0.50727; .NET CLR 3.5.30729; .NET CLR 3.0.30729; Media Center PC 6.0; .NET4.0C; .NET4.0E; CMDTDF)"
213.187.82.225 - - [13/Oct/2015:13:28:28 +0200] "GET /img/bg1.gif HTTP/1.1" 304 - "http://www.dialyse-borna.de/seiten/start.htm" "Mozilla/4.0 (compatible; MSIE 8.0; Windows NT 6.1; Trident/4.0; SLCC2; .NET CLR 2.0.50727; .NET CLR 3.5.30729; .NET CLR 3.0.30729; Media Center PC 6.0; .NET4.0C; .NET4.0E; CMDTDF)"
213.187.82.225 - - [13/Oct/2015:13:28:28 +0200] "GET /img/lay07.gif HTTP/1.1" 304 - "http://www.dialyse-borna.de/seiten/start.htm" "Mozilla/4.0 (compatible; MSIE 8.0; Windows NT 6.1; Trident/4.0; SLCC2; .NET CLR 2.0.50727; .NET CLR 3.5.30729; .NET CLR 3.0.30729; Media Center PC 6.0; .NET4.0C; .NET4.0E; CMDTDF)"
213.187.82.225 - - [13/Oct/2015:13:28:28 +0200] "GET /img/bg3.gif HTTP/1.1" 304 - "http://www.dialyse-borna.de/seiten/start.htm" "Mozilla/4.0 (compatible; MSIE 8.0; Windows NT 6.1; Trident/4.0; SLCC2; .NET CLR 2.0.50727; .NET CLR 3.5.30729; .NET CLR 3.0.30729; Media Center PC 6.0; .NET4.0C; .NET4.0E; CMDTDF)"
213.187.82.225 - - [13/Oct/2015:13:28:29 +0200] "GET /img/bg4.gif HTTP/1.1" 304 - "http://www.dialyse-borna.de/seiten/start.htm" "Mozilla/4.0 (compatible; MSIE 8.0; Windows NT 6.1; Trident/4.0; SLCC2; .NET CLR 2.0.50727; .NET CLR 3.5.30729; .NET CLR 3.0.30729; Media Center PC 6.0; .NET4.0C; .NET4.0E; CMDTDF)"
213.187.82.225 - - [13/Oct/2015:13:28:29 +0200] "GET /img/lay05.gif HTTP/1.1" 304 - "http://www.dialyse-borna.de/seiten/start.htm" "Mozilla/4.0 (compatible; MSIE 8.0; Windows NT 6.1; Trident/4.0; SLCC2; .NET CLR 2.0.50727; .NET CLR 3.5.30729; .NET CLR 3.0.30729; Media Center PC 6.0; .NET4.0C; .NET4.0E; CMDTDF)"
213.187.82.225 - - [13/Oct/2015:13:28:29 +0200] "GET /img/bilder.swf HTTP/1.1" 200 78858 "http://www.dialyse-borna.de/seiten/start.htm" "Mozilla/4.0 (compatible; MSIE 8.0; Windows NT 6.1; Trident/4.0; SLCC2; .NET CLR 2.0.50727; .NET CLR 3.5.30729; .NET CLR 3.0.30729; Media Center PC 6.0; .NET4.0C; .NET4.0E; CMDTDF)"
213.187.82.225 - - [13/Oct/2015:13:28:29 +0200] "GET /img/men03a.gif HTTP/1.1" 304 - "http://www.dialyse-borna.de/seiten/start.htm" "Mozilla/4.0 (compatible; MSIE 8.0; Windows NT 6.1; Trident/4.0; SLCC2; .NET CLR 2.0.50727; .NET CLR 3.5.30729; .NET CLR 3.0.30729; Media Center PC 6.0; .NET4.0C; .NET4.0E; CMDTDF)"
213.187.82.225 - - [13/Oct/2015:13:28:29 +0200] "GET /img/men04a.gif HTTP/1.1" 304 - "http://www.dialyse-borna.de/seiten/start.htm" "Mozilla/4.0 (compatible; MSIE 8.0; Windows NT 6.1; Trident/4.0; SLCC2; .NET CLR 2.0.50727; .NET CLR 3.5.30729; .NET CLR 3.0.30729; Media Center PC 6.0; .NET4.0C; .NET4.0E; CMDTDF)"
213.187.82.225 - - [13/Oct/2015:13:28:29 +0200] "GET /img/men06a.gif HTTP/1.1" 304 - "http://www.dialyse-borna.de/seiten/start.htm" "Mozilla/4.0 (compatible; MSIE 8.0; Windows NT 6.1; Trident/4.0; SLCC2; .NET CLR 2.0.50727; .NET CLR 3.5.30729; .NET CLR 3.0.30729; Media Center PC 6.0; .NET4.0C; .NET4.0E; CMDTDF)"
213.187.82.225 - - [13/Oct/2015:13:28:29 +0200] "GET /img/men07a.gif HTTP/1.1" 304 - "http://www.dialyse-borna.de/seiten/start.htm" "Mozilla/4.0 (compatible; MSIE 8.0; Windows NT 6.1; Trident/4.0; SLCC2; .NET CLR 2.0.50727; .NET CLR 3.5.30729; .NET CLR 3.0.30729; Media Center PC 6.0; .NET4.0C; .NET4.0E; CMDTDF)"
213.187.82.225 - - [13/Oct/2015:13:28:29 +0200] "GET /img/men08a.gif HTTP/1.1" 304 - "http://www.dialyse-borna.de/seiten/start.htm" "Mozilla/4.0 (compatible; MSIE 8.0; Windows NT 6.1; Trident/4.0; SLCC2; .NET CLR 2.0.50727; .NET CLR 3.5.30729; .NET CLR 3.0.30729; Media Center PC 6.0; .NET4.0C; .NET4.0E; CMDTDF)"
213.187.82.225 - - [13/Oct/2015:13:28:29 +0200] "GET /favicon.ico HTTP/1.1" 404 1256 "-" "Mozilla/4.0 (compatible; MSIE 8.0; Windows NT 6.1; Trident/4.0; SLCC2; .NET CLR 2.0.50727; .NET CLR 3.5.30729; .NET CLR 3.0.30729; Media Center PC 6.0; .NET4.0C; .NET4.0E; CMDTDF)"
213.187.82.225 - - [13/Oct/2015:13:28:29 +0200] "GET /img/men05a.gif HTTP/1.1" 304 - "http://www.dialyse-borna.de/seiten/start.htm" "Mozilla/4.0 (compatible; MSIE 8.0; Windows NT 6.1; Trident/4.0; SLCC2; .NET CLR 2.0.50727; .NET CLR 3.5.30729; .NET CLR 3.0.30729; Media Center PC 6.0; .NET4.0C; .NET4.0E; CMDTDF)"
150.70.173.54 - - [13/Oct/2015:13:29:47 +0200] "GET /seiten/impr.htm HTTP/1.1" 200 9648 "-" "Mozilla/4.0 (compatible; MSIE 8.0; Windows NT 5.1; Trident/4.0)"
66.249.78.8 - - [13/Oct/2015:14:45:20 +0200] "GET / HTTP/1.1" 200 2663 "-" "Mozilla/5.0 (compatible; Googlebot/2.1; +http://www.google.com/bot.html)"
85.14.248.165 - - [13/Oct/2015:15:00:25 +0200] "GET /robots.txt HTTP/1.1" 200 157 "-" "Mozilla/5.0 (compatible; seoscanners.net/1; +spider@seoscanners.net)"
85.14.248.165 - - [13/Oct/2015:15:00:25 +0200] "GET /seiten/kont_form.php HTTP/1.1" 200 8561 "-" "Mozilla/5.0 (compatible; seoscanners.net/1; +spider@seoscanners.net)"
66.249.75.84 - - [13/Oct/2015:17:29:46 +0200] "GET /robots.txt HTTP/1.1" 200 157 "-" "Mozilla/5.0 (compatible; Googlebot/2.1; +http://www.google.com/bot.html)"
66.249.75.68 - - [13/Oct/2015:17:29:47 +0200] "GET / HTTP/1.1" 200 2663 "-" "Mozilla/5.0 (compatible; Googlebot/2.1; +http://www.google.com/bot.html)"
85.14.248.165 - - [13/Oct/2015:17:58:44 +0200] "GET /robots.txt HTTP/1.1" 200 157 "-" "Mozilla/5.0 (compatible; seoscanners.net/1; +spider@seoscanners.net)"
85.14.248.165 - - [13/Oct/2015:17:58:44 +0200] "GET /img/lay03.gif HTTP/1.1" 200 671 "-" "Mozilla/5.0 (compatible; seoscanners.net/1; +spider@seoscanners.net)"
87.159.215.49 - - [13/Oct/2015:19:34:02 +0200] "GET / HTTP/1.1" 200 2663 "http://m.bigfinder.de/?c=ws&q=homepage&v=1" "Mozilla/4.0 (compatible; MSIE 8.0; Windows NT 6.0; Trident/4.0; GTB0.0; SLCC1; .NET CLR 2.0.50727; Media Center PC 5.0; .NET CLR 3.5.30729; .NET CLR 3.0.30729; .NET4.0C)"
85.14.248.165 - - [13/Oct/2015:20:31:16 +0200] "GET /robots.txt HTTP/1.1" 200 157 "-" "Mozilla/5.0 (compatible; seoscanners.net/1; +spider@seoscanners.net)"
85.14.248.165 - - [13/Oct/2015:20:31:16 +0200] "GET /img/men02a.gif HTTP/1.1" 200 589 "-" "Mozilla/5.0 (compatible; seoscanners.net/1; +spider@seoscanners.net)"
85.14.248.165 - - [13/Oct/2015:22:11:40 +0200] "GET /robots.txt HTTP/1.1" 200 157 "-" "Mozilla/5.0 (compatible; seoscanners.net/1; +spider@seoscanners.net)"
85.14.248.165 - - [13/Oct/2015:22:11:40 +0200] "GET /img/men09.gif HTTP/1.1" 200 708 "-" "Mozilla/5.0 (compatible; seoscanners.net/1; +spider@seoscanners.net)"
85.14.248.165 - - [13/Oct/2015:23:46:31 +0200] "GET /robots.txt HTTP/1.1" 200 157 "-" "Mozilla/5.0 (compatible; seoscanners.net/1; +spider@seoscanners.net)"
85.14.248.165 - - [13/Oct/2015:23:46:32 +0200] "GET /img/lay07.gif HTTP/1.1" 200 272 "-" "Mozilla/5.0 (compatible; seoscanners.net/1; +spider@seoscanners.net)"
178.137.62.185 - - [14/Oct/2015:02:06:11 +0200] "GET / HTTP/1.1" 200 2663 "http://russintv.fr/" "Mozilla/4.0 (compatible; MSIE 6.0; Windows XP)"
178.137.62.185 - - [14/Oct/2015:02:06:11 +0200] "GET / HTTP/1.1" 200 2663 "http://russintv.fr/" "Mozilla/4.0 (compatible; MSIE 6.0; Windows XP)"
178.137.62.185 - - [14/Oct/2015:02:06:12 +0200] "GET / HTTP/1.1" 200 2663 "http://russintv.fr/" "Mozilla/4.0 (compatible; MSIE 6.0; Windows XP)"
178.255.215.83 - - [14/Oct/2015:02:53:22 +0200] "GET /robots.txt HTTP/1.1" 200 157 "-" "Mozilla/5.0 (compatible; Exabot/3.0; +http://www.exabot.com/go/robot)"
178.255.215.83 - - [14/Oct/2015:02:53:22 +0200] "GET / HTTP/1.1" 304 - "-" "Mozilla/5.0 (compatible; Exabot/3.0; +http://www.exabot.com/go/robot)"
46.118.117.53 - - [14/Oct/2015:03:40:50 +0200] "GET / HTTP/1.1" 200 2663 "http://masterline.pro/" "Mozilla/4.0 (compatible; MSIE 6.0; MSIE 5.5; Windows NT 5.0) Opera 7.02 Bork-edition [en]"
46.118.117.53 - - [14/Oct/2015:03:40:51 +0200] "GET / HTTP/1.1" 200 2663 "http://masterline.pro/" "Mozilla/4.0 (compatible; MSIE 6.0; MSIE 5.5; Windows NT 5.0) Opera 7.02 Bork-edition [en]"
46.118.117.53 - - [14/Oct/2015:03:40:51 +0200] "GET / HTTP/1.1" 200 2663 "http://masterline.pro/" "Mozilla/4.0 (compatible; MSIE 6.0; MSIE 5.5; Windows NT 5.0) Opera 7.02 Bork-edition [en]"
157.55.39.147 - - [14/Oct/2015:04:10:36 +0200] "GET /robots.txt HTTP/1.1" 200 157 "-" "Mozilla/5.0 (compatible; bingbot/2.0; +http://www.bing.com/bingbot.htm)"
157.55.39.147 - - [14/Oct/2015:04:10:42 +0200] "GET /seiten/leist.htm HTTP/1.1" 304 - "-" "Mozilla/5.0 (compatible; bingbot/2.0; +http://www.bing.com/bingbot.htm)"
157.55.39.147 - - [14/Oct/2015:06:02:08 +0200] "GET /seiten/praxis.htm HTTP/1.1" 304 - "-" "Mozilla/5.0 (compatible; bingbot/2.0; +http://www.bing.com/bingbot.htm)"
77.1.223.5 - - [14/Oct/2015:10:09:10 +0200] "GET /seiten/impr.htm HTTP/1.1" 200 9648 "https://www.google.de/" "Mozilla/5.0 (Linux; Android 4.4.2; SM-T230 Build/KOT49H) AppleWebKit/537.36 (KHTML, like Gecko) Chrome/45.0.2454.94 Safari/537.36"
77.1.223.5 - - [14/Oct/2015:10:09:10 +0200] "GET /css/borna.css HTTP/1.1" 200 2909 "http://www.dialyse-borna.de/seiten/impr.htm" "Mozilla/5.0 (Linux; Android 4.4.2; SM-T230 Build/KOT49H) AppleWebKit/537.36 (KHTML, like Gecko) Chrome/45.0.2454.94 Safari/537.36"
77.1.223.5 - - [14/Oct/2015:10:09:10 +0200] "GET /img/men01.gif HTTP/1.1" 200 432 "http://www.dialyse-borna.de/seiten/impr.htm" "Mozilla/5.0 (Linux; Android 4.4.2; SM-T230 Build/KOT49H) AppleWebKit/537.36 (KHTML, like Gecko) Chrome/45.0.2454.94 Safari/537.36"
77.1.223.5 - - [14/Oct/2015:10:09:10 +0200] "GET /img/1pixel.gif HTTP/1.1" 200 45 "http://www.dialyse-borna.de/seiten/impr.htm" "Mozilla/5.0 (Linux; Android 4.4.2; SM-T230 Build/KOT49H) AppleWebKit/537.36 (KHTML, like Gecko) Chrome/45.0.2454.94 Safari/537.36"
77.1.223.5 - - [14/Oct/2015:10:09:10 +0200] "GET /img/men02.gif HTTP/1.1" 200 1273 "http://www.dialyse-borna.de/seiten/impr.htm" "Mozilla/5.0 (Linux; Android 4.4.2; SM-T230 Build/KOT49H) AppleWebKit/537.36 (KHTML, like Gecko) Chrome/45.0.2454.94 Safari/537.36"
77.1.223.5 - - [14/Oct/2015:10:09:10 +0200] "GET /img/men03.gif HTTP/1.1" 200 1621 "http://www.dialyse-borna.de/seiten/impr.htm" "Mozilla/5.0 (Linux; Android 4.4.2; SM-T230 Build/KOT49H) AppleWebKit/537.36 (KHTML, like Gecko) Chrome/45.0.2454.94 Safari/537.36"
77.1.223.5 - - [14/Oct/2015:10:09:10 +0200] "GET /img/men04.gif HTTP/1.1" 200 1395 "http://www.dialyse-borna.de/seiten/impr.htm" "Mozilla/5.0 (Linux; Android 4.4.2; SM-T230 Build/KOT49H) AppleWebKit/537.36 (KHTML, like Gecko) Chrome/45.0.2454.94 Safari/537.36"
77.1.223.5 - - [14/Oct/2015:10:09:10 +0200] "GET /img/men06.gif HTTP/1.1" 200 1162 "http://www.dialyse-borna.de/seiten/impr.htm" "Mozilla/5.0 (Linux; Android 4.4.2; SM-T230 Build/KOT49H) AppleWebKit/537.36 (KHTML, like Gecko) Chrome/45.0.2454.94 Safari/537.36"
77.1.223.5 - - [14/Oct/2015:10:09:10 +0200] "GET /img/men07.gif HTTP/1.1" 200 1396 "http://www.dialyse-borna.de/seiten/impr.htm" "Mozilla/5.0 (Linux; Android 4.4.2; SM-T230 Build/KOT49H) AppleWebKit/537.36 (KHTML, like Gecko) Chrome/45.0.2454.94 Safari/537.36"
77.1.223.5 - - [14/Oct/2015:10:09:10 +0200] "GET /img/men08a.gif HTTP/1.1" 200 819 "http://www.dialyse-borna.de/seiten/impr.htm" "Mozilla/5.0 (Linux; Android 4.4.2; SM-T230 Build/KOT49H) AppleWebKit/537.36 (KHTML, like Gecko) Chrome/45.0.2454.94 Safari/537.36"
77.1.223.5 - - [14/Oct/2015:10:09:10 +0200] "GET /img/men09.gif HTTP/1.1" 200 708 "http://www.dialyse-borna.de/seiten/impr.htm" "Mozilla/5.0 (Linux; Android 4.4.2; SM-T230 Build/KOT49H) AppleWebKit/537.36 (KHTML, like Gecko) Chrome/45.0.2454.94 Safari/537.36"
77.1.223.5 - - [14/Oct/2015:10:09:11 +0200] "GET /img/lay03.gif HTTP/1.1" 200 671 "http://www.dialyse-borna.de/seiten/impr.htm" "Mozilla/5.0 (Linux; Android 4.4.2; SM-T230 Build/KOT49H) AppleWebKit/537.36 (KHTML, like Gecko) Chrome/45.0.2454.94 Safari/537.36"
77.1.223.5 - - [14/Oct/2015:10:09:11 +0200] "GET /img/lay04.gif HTTP/1.1" 200 210 "http://www.dialyse-borna.de/seiten/impr.htm" "Mozilla/5.0 (Linux; Android 4.4.2; SM-T230 Build/KOT49H) AppleWebKit/537.36 (KHTML, like Gecko) Chrome/45.0.2454.94 Safari/537.36"
77.1.223.5 - - [14/Oct/2015:10:09:11 +0200] "GET /img/lay07.gif HTTP/1.1" 200 272 "http://www.dialyse-borna.de/seiten/impr.htm" "Mozilla/5.0 (Linux; Android 4.4.2; SM-T230 Build/KOT49H) AppleWebKit/537.36 (KHTML, like Gecko) Chrome/45.0.2454.94 Safari/537.36"
77.1.223.5 - - [14/Oct/2015:10:09:11 +0200] "GET /img/bg2.gif HTTP/1.1" 200 49 "http://www.dialyse-borna.de/seiten/impr.htm" "Mozilla/5.0 (Linux; Android 4.4.2; SM-T230 Build/KOT49H) AppleWebKit/537.36 (KHTML, like Gecko) Chrome/45.0.2454.94 Safari/537.36"
77.1.223.5 - - [14/Oct/2015:10:09:11 +0200] "GET /img/lay01.gif HTTP/1.1" 200 384 "http://www.dialyse-borna.de/seiten/impr.htm" "Mozilla/5.0 (Linux; Android 4.4.2; SM-T230 Build/KOT49H) AppleWebKit/537.36 (KHTML, like Gecko) Chrome/45.0.2454.94 Safari/537.36"
77.1.223.5 - - [14/Oct/2015:10:09:11 +0200] "GET /img/lay02.gif HTTP/1.1" 200 3503 "http://www.dialyse-borna.de/seiten/impr.htm" "Mozilla/5.0 (Linux; Android 4.4.2; SM-T230 Build/KOT49H) AppleWebKit/537.36 (KHTML, like Gecko) Chrome/45.0.2454.94 Safari/537.36"
77.1.223.5 - - [14/Oct/2015:10:09:11 +0200] "GET /img/bg1.gif HTTP/1.1" 200 54 "http://www.dialyse-borna.de/seiten/impr.htm" "Mozilla/5.0 (Linux; Android 4.4.2; SM-T230 Build/KOT49H) AppleWebKit/537.36 (KHTML, like Gecko) Chrome/45.0.2454.94 Safari/537.36"
77.1.223.5 - - [14/Oct/2015:10:09:11 +0200] "GET /img/lay05.gif HTTP/1.1" 200 541 "http://www.dialyse-borna.de/seiten/impr.htm" "Mozilla/5.0 (Linux; Android 4.4.2; SM-T230 Build/KOT49H) AppleWebKit/537.36 (KHTML, like Gecko) Chrome/45.0.2454.94 Safari/537.36"
77.1.223.5 - - [14/Oct/2015:10:09:11 +0200] "GET /img/bg3.gif HTTP/1.1" 200 143 "http://www.dialyse-borna.de/seiten/impr.htm" "Mozilla/5.0 (Linux; Android 4.4.2; SM-T230 Build/KOT49H) AppleWebKit/537.36 (KHTML, like Gecko) Chrome/45.0.2454.94 Safari/537.36"
77.1.223.5 - - [14/Oct/2015:10:09:11 +0200] "GET /img/lay08.gif HTTP/1.1" 200 322 "http://www.dialyse-borna.de/seiten/impr.htm" "Mozilla/5.0 (Linux; Android 4.4.2; SM-T230 Build/KOT49H) AppleWebKit/537.36 (KHTML, like Gecko) Chrome/45.0.2454.94 Safari/537.36"
77.1.223.5 - - [14/Oct/2015:10:09:11 +0200] "GET /img/bg4.gif HTTP/1.1" 200 135 "http://www.dialyse-borna.de/seiten/impr.htm" "Mozilla/5.0 (Linux; Android 4.4.2; SM-T230 Build/KOT49H) AppleWebKit/537.36 (KHTML, like Gecko) Chrome/45.0.2454.94 Safari/537.36"
77.1.223.5 - - [14/Oct/2015:10:09:11 +0200] "GET /img/men02a.gif HTTP/1.1" 200 589 "http://www.dialyse-borna.de/seiten/impr.htm" "Mozilla/5.0 (Linux; Android 4.4.2; SM-T230 Build/KOT49H) AppleWebKit/537.36 (KHTML, like Gecko) Chrome/45.0.2454.94 Safari/537.36"
77.1.223.5 - - [14/Oct/2015:10:09:11 +0200] "GET /img/men03a.gif HTTP/1.1" 200 820 "http://www.dialyse-borna.de/seiten/impr.htm" "Mozilla/5.0 (Linux; Android 4.4.2; SM-T230 Build/KOT49H) AppleWebKit/537.36 (KHTML, like Gecko) Chrome/45.0.2454.94 Safari/537.36"
77.1.223.5 - - [14/Oct/2015:10:09:11 +0200] "GET /img/men04a.gif HTTP/1.1" 200 669 "http://www.dialyse-borna.de/seiten/impr.htm" "Mozilla/5.0 (Linux; Android 4.4.2; SM-T230 Build/KOT49H) AppleWebKit/537.36 (KHTML, like Gecko) Chrome/45.0.2454.94 Safari/537.36"
77.1.223.5 - - [14/Oct/2015:10:09:11 +0200] "GET /img/men05a.gif HTTP/1.1" 200 556 "http://www.dialyse-borna.de/seiten/impr.htm" "Mozilla/5.0 (Linux; Android 4.4.2; SM-T230 Build/KOT49H) AppleWebKit/537.36 (KHTML, like Gecko) Chrome/45.0.2454.94 Safari/537.36"
77.1.223.5 - - [14/Oct/2015:10:09:11 +0200] "GET /img/men06a.gif HTTP/1.1" 200 518 "http://www.dialyse-borna.de/seiten/impr.htm" "Mozilla/5.0 (Linux; Android 4.4.2; SM-T230 Build/KOT49H) AppleWebKit/537.36 (KHTML, like Gecko) Chrome/45.0.2454.94 Safari/537.36"
77.1.223.5 - - [14/Oct/2015:10:09:11 +0200] "GET /img/men07a.gif HTTP/1.1" 200 666 "http://www.dialyse-borna.de/seiten/impr.htm" "Mozilla/5.0 (Linux; Android 4.4.2; SM-T230 Build/KOT49H) AppleWebKit/537.36 (KHTML, like Gecko) Chrome/45.0.2454.94 Safari/537.36"
77.1.223.5 - - [14/Oct/2015:10:09:11 +0200] "GET /favicon.ico HTTP/1.1" 404 1256 "http://www.dialyse-borna.de/seiten/impr.htm" "Mozilla/5.0 (Linux; Android 4.4.2; SM-T230 Build/KOT49H) AppleWebKit/537.36 (KHTML, like Gecko) Chrome/45.0.2454.94 Safari/537.36"
207.46.13.170 - - [14/Oct/2015:10:12:33 +0200] "GET /seiten/links.htm HTTP/1.1" 304 - "-" "Mozilla/5.0 (compatible; bingbot/2.0; +http://www.bing.com/bingbot.htm)"
213.187.82.225 - - [14/Oct/2015:10:20:00 +0200] "GET / HTTP/1.1" 200 2663 "http://www.google.de/url?url=http://www.dialyse-borna.de/&rct=j&frm=1&q=&esrc=s&sa=U&ved=0CBwQFjABahUKEwjDouXHw8HIAhXLjCwKHdUDDIs&usg=AFQjCNHPJUQhnGG5D8YpfV2TSa2PDioCTQ" "Mozilla/4.0 (compatible; MSIE 8.0; Windows NT 5.1; Trident/4.0; .NET CLR 2.0.50727; .NET CLR 3.0.4506.2152; .NET CLR 3.5.30729; .NET4.0C; .NET4.0E)"
213.187.82.225 - - [14/Oct/2015:10:20:00 +0200] "GET /css/borna.css HTTP/1.1" 200 2909 "http://www.dialyse-borna.de/" "Mozilla/4.0 (compatible; MSIE 8.0; Windows NT 5.1; Trident/4.0; .NET CLR 2.0.50727; .NET CLR 3.0.4506.2152; .NET CLR 3.5.30729; .NET4.0C; .NET4.0E)"
213.187.82.225 - - [14/Oct/2015:10:20:00 +0200] "GET /seiten/start.htm HTTP/1.1" 200 7516 "-" "Mozilla/4.0 (compatible; MSIE 8.0; Windows NT 5.1; Trident/4.0; .NET CLR 2.0.50727; .NET CLR 3.0.4506.2152; .NET CLR 3.5.30729; .NET4.0C; .NET4.0E)"
213.187.82.225 - - [14/Oct/2015:10:20:01 +0200] "GET /img/bg2.gif HTTP/1.1" 200 49 "http://www.dialyse-borna.de/seiten/start.htm" "Mozilla/4.0 (compatible; MSIE 8.0; Windows NT 5.1; Trident/4.0; .NET CLR 2.0.50727; .NET CLR 3.0.4506.2152; .NET CLR 3.5.30729; .NET4.0C; .NET4.0E)"
213.187.82.225 - - [14/Oct/2015:10:20:01 +0200] "GET /img/men01.gif HTTP/1.1" 200 432 "http://www.dialyse-borna.de/seiten/start.htm" "Mozilla/4.0 (compatible; MSIE 8.0; Windows NT 5.1; Trident/4.0; .NET CLR 2.0.50727; .NET CLR 3.0.4506.2152; .NET CLR 3.5.30729; .NET4.0C; .NET4.0E)"
213.187.82.225 - - [14/Oct/2015:10:20:01 +0200] "GET /img/men02a.gif HTTP/1.1" 200 589 "http://www.dialyse-borna.de/seiten/start.htm" "Mozilla/4.0 (compatible; MSIE 8.0; Windows NT 5.1; Trident/4.0; .NET CLR 2.0.50727; .NET CLR 3.0.4506.2152; .NET CLR 3.5.30729; .NET4.0C; .NET4.0E)"
213.187.82.225 - - [14/Oct/2015:10:20:01 +0200] "GET /img/lay03.gif HTTP/1.1" 200 671 "http://www.dialyse-borna.de/seiten/start.htm" "Mozilla/4.0 (compatible; MSIE 8.0; Windows NT 5.1; Trident/4.0; .NET CLR 2.0.50727; .NET CLR 3.0.4506.2152; .NET CLR 3.5.30729; .NET4.0C; .NET4.0E)"
213.187.82.225 - - [14/Oct/2015:10:20:01 +0200] "GET /img/1pixel.gif HTTP/1.1" 200 45 "http://www.dialyse-borna.de/seiten/start.htm" "Mozilla/4.0 (compatible; MSIE 8.0; Windows NT 5.1; Trident/4.0; .NET CLR 2.0.50727; .NET CLR 3.0.4506.2152; .NET CLR 3.5.30729; .NET4.0C; .NET4.0E)"
213.187.82.225 - - [14/Oct/2015:10:20:01 +0200] "GET /img/men09.gif HTTP/1.1" 200 708 "http://www.dialyse-borna.de/seiten/start.htm" "Mozilla/4.0 (compatible; MSIE 8.0; Windows NT 5.1; Trident/4.0; .NET CLR 2.0.50727; .NET CLR 3.0.4506.2152; .NET CLR 3.5.30729; .NET4.0C; .NET4.0E)"
213.187.82.225 - - [14/Oct/2015:10:20:01 +0200] "GET /img/men03.gif HTTP/1.1" 200 1621 "http://www.dialyse-borna.de/seiten/start.htm" "Mozilla/4.0 (compatible; MSIE 8.0; Windows NT 5.1; Trident/4.0; .NET CLR 2.0.50727; .NET CLR 3.0.4506.2152; .NET CLR 3.5.30729; .NET4.0C; .NET4.0E)"
213.187.82.225 - - [14/Oct/2015:10:20:01 +0200] "GET /img/men04.gif HTTP/1.1" 200 1395 "http://www.dialyse-borna.de/seiten/start.htm" "Mozilla/4.0 (compatible; MSIE 8.0; Windows NT 5.1; Trident/4.0; .NET CLR 2.0.50727; .NET CLR 3.0.4506.2152; .NET CLR 3.5.30729; .NET4.0C; .NET4.0E)"
213.187.82.225 - - [14/Oct/2015:10:20:01 +0200] "GET /img/men08.gif HTTP/1.1" 200 1642 "http://www.dialyse-borna.de/seiten/start.htm" "Mozilla/4.0 (compatible; MSIE 8.0; Windows NT 5.1; Trident/4.0; .NET CLR 2.0.50727; .NET CLR 3.0.4506.2152; .NET CLR 3.5.30729; .NET4.0C; .NET4.0E)"
213.187.82.225 - - [14/Oct/2015:10:20:01 +0200] "GET /img/men07.gif HTTP/1.1" 200 1396 "http://www.dialyse-borna.de/seiten/start.htm" "Mozilla/4.0 (compatible; MSIE 8.0; Windows NT 5.1; Trident/4.0; .NET CLR 2.0.50727; .NET CLR 3.0.4506.2152; .NET CLR 3.5.30729; .NET4.0C; .NET4.0E)"
213.187.82.225 - - [14/Oct/2015:10:20:01 +0200] "GET /img/pfeil.jpg HTTP/1.1" 200 380 "http://www.dialyse-borna.de/seiten/start.htm" "Mozilla/4.0 (compatible; MSIE 8.0; Windows NT 5.1; Trident/4.0; .NET CLR 2.0.50727; .NET CLR 3.0.4506.2152; .NET CLR 3.5.30729; .NET4.0C; .NET4.0E)"
213.187.82.225 - - [14/Oct/2015:10:20:01 +0200] "GET /img/lay04.gif HTTP/1.1" 200 210 "http://www.dialyse-borna.de/seiten/start.htm" "Mozilla/4.0 (compatible; MSIE 8.0; Windows NT 5.1; Trident/4.0; .NET CLR 2.0.50727; .NET CLR 3.0.4506.2152; .NET CLR 3.5.30729; .NET4.0C; .NET4.0E)"
213.187.82.225 - - [14/Oct/2015:10:20:01 +0200] "GET /img/main_pic.jpg HTTP/1.1" 200 14864 "http://www.dialyse-borna.de/seiten/start.htm" "Mozilla/4.0 (compatible; MSIE 8.0; Windows NT 5.1; Trident/4.0; .NET CLR 2.0.50727; .NET CLR 3.0.4506.2152; .NET CLR 3.5.30729; .NET4.0C; .NET4.0E)"
213.187.82.225 - - [14/Oct/2015:10:20:01 +0200] "GET /img/lay01.gif HTTP/1.1" 200 384 "http://www.dialyse-borna.de/seiten/start.htm" "Mozilla/4.0 (compatible; MSIE 8.0; Windows NT 5.1; Trident/4.0; .NET CLR 2.0.50727; .NET CLR 3.0.4506.2152; .NET CLR 3.5.30729; .NET4.0C; .NET4.0E)"
213.187.82.225 - - [14/Oct/2015:10:20:01 +0200] "GET /img/lay08.gif HTTP/1.1" 200 322 "http://www.dialyse-borna.de/seiten/start.htm" "Mozilla/4.0 (compatible; MSIE 8.0; Windows NT 5.1; Trident/4.0; .NET CLR 2.0.50727; .NET CLR 3.0.4506.2152; .NET CLR 3.5.30729; .NET4.0C; .NET4.0E)"
213.187.82.225 - - [14/Oct/2015:10:20:01 +0200] "GET /img/lay07.gif HTTP/1.1" 200 272 "http://www.dialyse-borna.de/seiten/start.htm" "Mozilla/4.0 (compatible; MSIE 8.0; Windows NT 5.1; Trident/4.0; .NET CLR 2.0.50727; .NET CLR 3.0.4506.2152; .NET CLR 3.5.30729; .NET4.0C; .NET4.0E)"
213.187.82.225 - - [14/Oct/2015:10:20:01 +0200] "GET /img/bg3.gif HTTP/1.1" 200 143 "http://www.dialyse-borna.de/seiten/start.htm" "Mozilla/4.0 (compatible; MSIE 8.0; Windows NT 5.1; Trident/4.0; .NET CLR 2.0.50727; .NET CLR 3.0.4506.2152; .NET CLR 3.5.30729; .NET4.0C; .NET4.0E)"
213.187.82.225 - - [14/Oct/2015:10:20:01 +0200] "GET /img/bg1.gif HTTP/1.1" 200 54 "http://www.dialyse-borna.de/seiten/start.htm" "Mozilla/4.0 (compatible; MSIE 8.0; Windows NT 5.1; Trident/4.0; .NET CLR 2.0.50727; .NET CLR 3.0.4506.2152; .NET CLR 3.5.30729; .NET4.0C; .NET4.0E)"
213.187.82.225 - - [14/Oct/2015:10:20:01 +0200] "GET /img/lay02.gif HTTP/1.1" 200 3503 "http://www.dialyse-borna.de/seiten/start.htm" "Mozilla/4.0 (compatible; MSIE 8.0; Windows NT 5.1; Trident/4.0; .NET CLR 2.0.50727; .NET CLR 3.0.4506.2152; .NET CLR 3.5.30729; .NET4.0C; .NET4.0E)"
213.187.82.225 - - [14/Oct/2015:10:20:01 +0200] "GET /img/bg4.gif HTTP/1.1" 200 135 "http://www.dialyse-borna.de/seiten/start.htm" "Mozilla/4.0 (compatible; MSIE 8.0; Windows NT 5.1; Trident/4.0; .NET CLR 2.0.50727; .NET CLR 3.0.4506.2152; .NET CLR 3.5.30729; .NET4.0C; .NET4.0E)"
213.187.82.225 - - [14/Oct/2015:10:20:01 +0200] "GET /img/lay05.gif HTTP/1.1" 200 541 "http://www.dialyse-borna.de/seiten/start.htm" "Mozilla/4.0 (compatible; MSIE 8.0; Windows NT 5.1; Trident/4.0; .NET CLR 2.0.50727; .NET CLR 3.0.4506.2152; .NET CLR 3.5.30729; .NET4.0C; .NET4.0E)"
213.187.82.225 - - [14/Oct/2015:10:20:01 +0200] "GET /img/bilder.swf HTTP/1.1" 200 78858 "-" "Mozilla/4.0 (compatible; MSIE 8.0; Windows NT 5.1; Trident/4.0; .NET CLR 2.0.50727; .NET CLR 3.0.4506.2152; .NET CLR 3.5.30729; .NET4.0C; .NET4.0E)"
213.187.82.225 - - [14/Oct/2015:10:20:01 +0200] "GET /img/men06.gif HTTP/1.1" 200 1162 "http://www.dialyse-borna.de/seiten/start.htm" "Mozilla/4.0 (compatible; MSIE 8.0; Windows NT 5.1; Trident/4.0; .NET CLR 2.0.50727; .NET CLR 3.0.4506.2152; .NET CLR 3.5.30729; .NET4.0C; .NET4.0E)"
213.187.82.225 - - [14/Oct/2015:10:20:01 +0200] "GET /favicon.ico HTTP/1.1" 404 1256 "-" "Mozilla/4.0 (compatible; MSIE 8.0; Windows NT 5.1; Trident/4.0; .NET CLR 2.0.50727; .NET CLR 3.0.4506.2152; .NET CLR 3.5.30729; .NET4.0C; .NET4.0E)"
213.187.82.225 - - [14/Oct/2015:10:20:01 +0200] "GET /img/men04a.gif HTTP/1.1" 200 669 "http://www.dialyse-borna.de/seiten/start.htm" "Mozilla/4.0 (compatible; MSIE 8.0; Windows NT 5.1; Trident/4.0; .NET CLR 2.0.50727; .NET CLR 3.0.4506.2152; .NET CLR 3.5.30729; .NET4.0C; .NET4.0E)"
213.187.82.225 - - [14/Oct/2015:10:20:01 +0200] "GET /img/men03a.gif HTTP/1.1" 200 820 "http://www.dialyse-borna.de/seiten/start.htm" "Mozilla/4.0 (compatible; MSIE 8.0; Windows NT 5.1; Trident/4.0; .NET CLR 2.0.50727; .NET CLR 3.0.4506.2152; .NET CLR 3.5.30729; .NET4.0C; .NET4.0E)"
213.187.82.225 - - [14/Oct/2015:10:20:01 +0200] "GET /img/men07a.gif HTTP/1.1" 200 666 "http://www.dialyse-borna.de/seiten/start.htm" "Mozilla/4.0 (compatible; MSIE 8.0; Windows NT 5.1; Trident/4.0; .NET CLR 2.0.50727; .NET CLR 3.0.4506.2152; .NET CLR 3.5.30729; .NET4.0C; .NET4.0E)"
213.187.82.225 - - [14/Oct/2015:10:20:01 +0200] "GET /img/men05a.gif HTTP/1.1" 200 556 "http://www.dialyse-borna.de/seiten/start.htm" "Mozilla/4.0 (compatible; MSIE 8.0; Windows NT 5.1; Trident/4.0; .NET CLR 2.0.50727; .NET CLR 3.0.4506.2152; .NET CLR 3.5.30729; .NET4.0C; .NET4.0E)"
213.187.82.225 - - [14/Oct/2015:10:20:01 +0200] "GET /img/men08a.gif HTTP/1.1" 200 819 "http://www.dialyse-borna.de/seiten/start.htm" "Mozilla/4.0 (compatible; MSIE 8.0; Windows NT 5.1; Trident/4.0; .NET CLR 2.0.50727; .NET CLR 3.0.4506.2152; .NET CLR 3.5.30729; .NET4.0C; .NET4.0E)"
213.187.82.225 - - [14/Oct/2015:10:20:01 +0200] "GET /img/men06a.gif HTTP/1.1" 200 518 "http://www.dialyse-borna.de/seiten/start.htm" "Mozilla/4.0 (compatible; MSIE 8.0; Windows NT 5.1; Trident/4.0; .NET CLR 2.0.50727; .NET CLR 3.0.4506.2152; .NET CLR 3.5.30729; .NET4.0C; .NET4.0E)"
213.187.82.225 - - [14/Oct/2015:10:20:07 +0200] "GET /seiten/kont.htm HTTP/1.1" 200 8048 "http://www.dialyse-borna.de/seiten/start.htm" "Mozilla/4.0 (compatible; MSIE 8.0; Windows NT 5.1; Trident/4.0; .NET CLR 2.0.50727; .NET CLR 3.0.4506.2152; .NET CLR 3.5.30729; .NET4.0C; .NET4.0E)"
213.187.82.225 - - [14/Oct/2015:10:20:07 +0200] "GET /img/men02.gif HTTP/1.1" 200 1273 "http://www.dialyse-borna.de/seiten/kont.htm" "Mozilla/4.0 (compatible; MSIE 8.0; Windows NT 5.1; Trident/4.0; .NET CLR 2.0.50727; .NET CLR 3.0.4506.2152; .NET CLR 3.5.30729; .NET4.0C; .NET4.0E)"
150.70.97.112 - - [14/Oct/2015:10:21:38 +0200] "GET / HTTP/1.1" 200 2663 "-" "Mozilla/4.0 (compatible; MSIE 8.0; Windows NT 5.1; Trident/4.0)"
66.249.75.84 - - [14/Oct/2015:10:56:05 +0200] "GET /seiten/start.htm HTTP/1.1" 304 - "-" "Mozilla/5.0 (iPhone; CPU iPhone OS 8_3 like Mac OS X) AppleWebKit/600.1.4 (KHTML, like Gecko) Version/8.0 Mobile/12F70 Safari/600.1.4 (compatible; Googlebot/2.1; +http://www.google.com/bot.html)"
157.55.39.214 - - [14/Oct/2015:11:07:13 +0200] "GET / HTTP/1.1" 200 2663 "-" "Mozilla/5.0 (compatible; bingbot/2.0; +http://www.bing.com/bingbot.htm)"
157.55.39.147 - - [14/Oct/2015:11:07:34 +0200] "GET /seiten/start.htm HTTP/1.1" 200 7516 "-" "Mozilla/5.0 (compatible; bingbot/2.0; +http://www.bing.com/bingbot.htm)"
66.249.75.76 - - [14/Oct/2015:11:14:56 +0200] "GET / HTTP/1.1" 200 2663 "-" "Mozilla/5.0 (compatible; Googlebot/2.1; +http://www.google.com/bot.html)"
66.249.75.84 - - [14/Oct/2015:11:35:25 +0200] "GET / HTTP/1.1" 200 2663 "-" "Mozilla/5.0 (iPhone; CPU iPhone OS 8_3 like Mac OS X) AppleWebKit/600.1.4 (KHTML, like Gecko) Version/8.0 Mobile/12F70 Safari/600.1.4 (compatible; Googlebot/2.1; +http://www.google.com/bot.html)"
66.249.75.84 - - [14/Oct/2015:11:45:08 +0200] "GET /seiten/start.htm HTTP/1.1" 200 7516 "-" "Mozilla/5.0 (iPhone; CPU iPhone OS 8_3 like Mac OS X) AppleWebKit/600.1.4 (KHTML, like Gecko) Version/8.0 Mobile/12F70 Safari/600.1.4 (compatible; Googlebot/2.1; +http://www.google.com/bot.html)"
66.249.75.76 - - [14/Oct/2015:13:42:14 +0200] "GET / HTTP/1.1" 200 2663 "-" "Mozilla/5.0 (compatible; Googlebot/2.1; +http://www.google.com/bot.html)"
46.118.115.132 - - [14/Oct/2015:17:32:15 +0200] "GET / HTTP/1.1" 200 2663 "http://horoshieokna.com/" "Mozilla/4.0 (compatible; MSIE 6.0; Windows XP)"
46.118.115.132 - - [14/Oct/2015:17:32:15 +0200] "GET / HTTP/1.1" 200 2663 "http://horoshieokna.com/" "Mozilla/4.0 (compatible; MSIE 6.0; Windows XP)"
46.118.115.132 - - [14/Oct/2015:17:32:16 +0200] "GET / HTTP/1.1" 200 2663 "http://horoshieokna.com/" "Mozilla/4.0 (compatible; MSIE 6.0; Windows XP)"
134.249.52.69 - - [14/Oct/2015:18:44:23 +0200] "GET / HTTP/1.1" 200 2663 "http://softtor.com/" "Mozilla/4.0 (compatible; MSIE 6.0; Windows NT 5.1; SV1)"
134.249.52.69 - - [14/Oct/2015:18:44:23 +0200] "GET / HTTP/1.1" 200 2663 "http://softtor.com/" "Mozilla/4.0 (compatible; MSIE 6.0; Windows NT 5.1; SV1)"
134.249.52.69 - - [14/Oct/2015:18:44:24 +0200] "GET / HTTP/1.1" 200 2663 "http://softtor.com/" "Mozilla/4.0 (compatible; MSIE 6.0; Windows NT 5.1; SV1)"
157.55.39.201 - - [14/Oct/2015:20:26:19 +0200] "GET /seiten/impr.htm HTTP/1.1" 200 9648 "-" "Mozilla/5.0 (compatible; bingbot/2.0; +http://www.bing.com/bingbot.htm)"
157.55.39.201 - - [14/Oct/2015:20:26:24 +0200] "GET /robots.txt HTTP/1.1" 200 157 "-" "Mozilla/5.0 (compatible; bingbot/2.0; +http://www.bing.com/bingbot.htm)"
66.249.79.136 - - [14/Oct/2015:22:27:28 +0200] "GET /robots.txt HTTP/1.1" 200 157 "-" "Mozilla/5.0 (compatible; Googlebot/2.1; +http://www.google.com/bot.html)"
66.249.79.248 - - [14/Oct/2015:22:27:28 +0200] "GET / HTTP/1.1" 200 2663 "-" "Mozilla/5.0 (compatible; Googlebot/2.1; +http://www.google.com/bot.html)"
188.165.15.22 - - [14/Oct/2015:22:37:50 +0200] "GET /robots.txt HTTP/1.1" 200 157 "-" "Mozilla/5.0 (compatible; AhrefsBot/5.0; +http://ahrefs.com/robot/)"
148.251.75.46 - - [14/Oct/2015:22:50:56 +0200] "GET /seiten/praxis.htm HTTP/1.1" 200 7847 "-" "Mozilla/5.0 (Windows NT 6.1; WOW64; rv:21.0) Gecko/20100101 Firefox/21.0"
78.46.156.169 - - [14/Oct/2015:22:50:56 +0200] "GET /seiten/kont.htm HTTP/1.1" 200 8048 "-" "Mozilla/5.0 (Windows NT 5.1; rv:21.0) Gecko/20130401 Firefox/21.0"
144.76.185.173 - - [14/Oct/2015:22:50:56 +0200] "GET /seiten/impr.htm HTTP/1.1" 200 9648 "-" "Mozilla/5.0 (Windows NT 6.2; Win64; x64;) Gecko/20100101 Firefox/20.0"
87.163.71.53 - - [15/Oct/2015:03:56:29 +0200] "GET /seiten/impr.htm HTTP/1.1" 200 9648 "-" "Mozilla/5.0 (Windows NT 6.1; rv:14.0) Gecko/20100101 Firefox/14.0.1"
66.249.79.248 - - [15/Oct/2015:07:20:08 +0200] "GET /robots.txt HTTP/1.1" 200 157 "-" "Mozilla/5.0 (compatible; Googlebot/2.1; +http://www.google.com/bot.html)"
66.249.79.136 - - [15/Oct/2015:07:20:08 +0200] "GET / HTTP/1.1" 200 2663 "-" "Mozilla/5.0 (compatible; Googlebot/2.1; +http://www.google.com/bot.html)"
195.154.200.93 - - [15/Oct/2015:09:45:31 +0200] "GET /robots.txt HTTP/1.0" 200 157 "-" "Mozilla/5.0 (compatible; MJ12bot/v1.4.5; http://www.majestic12.co.uk/bot.php?+)"
195.154.200.93 - - [15/Oct/2015:09:45:32 +0200] "GET /seiten/function.include HTTP/1.1" 404 1256 "-" "Mozilla/5.0 (compatible; MJ12bot/v1.4.5; http://www.majestic12.co.uk/bot.php?+)"
85.14.248.165 - - [15/Oct/2015:11:55:23 +0200] "GET /robots.txt HTTP/1.1" 200 157 "-" "Mozilla/5.0 (compatible; seoscanners.net/1; +spider@seoscanners.net)"
85.14.248.165 - - [15/Oct/2015:11:55:23 +0200] "GET /img/lay04.gif HTTP/1.1" 200 210 "-" "Mozilla/5.0 (compatible; seoscanners.net/1; +spider@seoscanners.net)"
134.249.52.69 - - [15/Oct/2015:12:17:01 +0200] "GET / HTTP/1.1" 200 2663 "http://favoritemoney.ru/" "Mozilla/5.0 (Windows NT 5.1; U; en) Opera 8.00"
134.249.52.69 - - [15/Oct/2015:12:17:01 +0200] "GET / HTTP/1.1" 200 2663 "http://favoritemoney.ru/" "Mozilla/5.0 (Windows NT 5.1; U; en) Opera 8.00"
134.249.52.69 - - [15/Oct/2015:12:17:02 +0200] "GET / HTTP/1.1" 200 2663 "http://favoritemoney.ru/" "Mozilla/5.0 (Windows NT 5.1; U; en) Opera 8.00"
85.14.248.165 - - [15/Oct/2015:13:19:04 +0200] "GET /img/men04a.gif HTTP/1.1" 200 669 "-" "Mozilla/5.0 (compatible; seoscanners.net/1; +spider@seoscanners.net)"
157.55.39.147 - - [15/Oct/2015:15:23:05 +0200] "GET /seiten/start.htm HTTP/1.1" 200 7516 "-" "Mozilla/5.0 (compatible; bingbot/2.0; +http://www.bing.com/bingbot.htm)"
85.14.248.165 - - [15/Oct/2015:15:23:18 +0200] "GET /img/men06.gif HTTP/1.1" 200 1162 "-" "Mozilla/5.0 (compatible; seoscanners.net/1; +spider@seoscanners.net)"
46.118.117.53 - - [15/Oct/2015:16:30:55 +0200] "GET / HTTP/1.1" 200 2663 "http://canadianpharcharmyonline.org/" "Mozilla/4.0 (compatible; MSIE 6.0; Windows NT 5.1; MyIE2; Deepnet Explorer)"
46.118.117.53 - - [15/Oct/2015:16:30:56 +0200] "GET / HTTP/1.1" 200 2663 "http://mebel-alait.ru/" "Mozilla/4.0 (compatible; MSIE 6.0; Windows NT 5.0; .NET CLR 1.0.3705; .NET CLR 1.1.4322)"
46.118.117.53 - - [15/Oct/2015:16:30:56 +0200] "GET / HTTP/1.1" 200 2663 "http://canadianpharcharmyonline.org/" "Mozilla/4.0 (compatible; MSIE 6.0; Windows NT 5.1; MyIE2; Deepnet Explorer)"
46.118.117.53 - - [15/Oct/2015:16:30:56 +0200] "GET / HTTP/1.1" 200 2663 "http://mebel-alait.ru/" "Mozilla/4.0 (compatible; MSIE 6.0; Windows NT 5.0; .NET CLR 1.0.3705; .NET CLR 1.1.4322)"
46.118.117.53 - - [15/Oct/2015:16:30:56 +0200] "GET / HTTP/1.1" 200 2663 "http://canadianpharcharmyonline.org/" "Mozilla/4.0 (compatible; MSIE 6.0; Windows NT 5.1; MyIE2; Deepnet Explorer)"
46.118.117.53 - - [15/Oct/2015:16:30:56 +0200] "GET / HTTP/1.1" 200 2663 "http://mebel-alait.ru/" "Mozilla/4.0 (compatible; MSIE 6.0; Windows NT 5.0; .NET CLR 1.0.3705; .NET CLR 1.1.4322)"
85.14.248.165 - - [15/Oct/2015:16:35:49 +0200] "GET /robots.txt HTTP/1.1" 200 157 "-" "Mozilla/5.0 (compatible; seoscanners.net/1; +spider@seoscanners.net)"
85.14.248.165 - - [15/Oct/2015:16:35:49 +0200] "GET /img/links.jpg HTTP/1.1" 200 15669 "-" "Mozilla/5.0 (compatible; seoscanners.net/1; +spider@seoscanners.net)"
157.55.39.14 - - [15/Oct/2015:17:50:15 +0200] "GET /seiten/kont.htm HTTP/1.1" 200 8048 "-" "Mozilla/5.0 (compatible; bingbot/2.0; +http://www.bing.com/bingbot.htm)"
85.14.248.165 - - [15/Oct/2015:18:19:00 +0200] "GET /robots.txt HTTP/1.1" 200 157 "-" "Mozilla/5.0 (compatible; seoscanners.net/1; +spider@seoscanners.net)"
85.14.248.165 - - [15/Oct/2015:18:19:00 +0200] "GET /img/men07a.gif HTTP/1.1" 200 666 "-" "Mozilla/5.0 (compatible; seoscanners.net/1; +spider@seoscanners.net)"
85.14.248.165 - - [15/Oct/2015:19:10:59 +0200] "GET /robots.txt HTTP/1.1" 200 157 "-" "Mozilla/5.0 (compatible; seoscanners.net/1; +spider@seoscanners.net)"
85.14.248.165 - - [15/Oct/2015:19:10:59 +0200] "GET /img/schild.jpg HTTP/1.1" 200 12757 "-" "Mozilla/5.0 (compatible; seoscanners.net/1; +spider@seoscanners.net)"
85.14.248.165 - - [15/Oct/2015:20:09:53 +0200] "GET /img/main_pic.jpg HTTP/1.1" 200 14864 "-" "Mozilla/5.0 (compatible; seoscanners.net/1; +spider@seoscanners.net)"
85.14.248.165 - - [15/Oct/2015:21:36:55 +0200] "GET /robots.txt HTTP/1.1" 200 157 "-" "Mozilla/5.0 (compatible; seoscanners.net/1; +spider@seoscanners.net)"
85.14.248.165 - - [15/Oct/2015:21:36:55 +0200] "GET /img/men08.gif HTTP/1.1" 200 1642 "-" "Mozilla/5.0 (compatible; seoscanners.net/1; +spider@seoscanners.net)"
85.14.248.165 - - [15/Oct/2015:22:25:43 +0200] "GET /img/men01.gif HTTP/1.1" 200 432 "-" "Mozilla/5.0 (compatible; seoscanners.net/1; +spider@seoscanners.net)"
78.46.142.72 - - [15/Oct/2015:22:58:29 +0200] "HEAD / HTTP/1.1" 200 - "-" "-"
85.14.248.165 - - [15/Oct/2015:23:30:45 +0200] "GET /robots.txt HTTP/1.1" 200 157 "-" "Mozilla/5.0 (compatible; seoscanners.net/1; +spider@seoscanners.net)"
85.14.248.165 - - [15/Oct/2015:23:30:45 +0200] "GET /img/men03.gif HTTP/1.1" 200 1621 "-" "Mozilla/5.0 (compatible; seoscanners.net/1; +spider@seoscanners.net)"
66.249.78.1 - - [16/Oct/2015:00:49:04 +0200] "GET /robots.txt HTTP/1.1" 200 157 "-" "Mozilla/5.0 (compatible; Googlebot/2.1; +http://www.google.com/bot.html)"
66.249.78.252 - - [16/Oct/2015:00:49:05 +0200] "GET /seiten/start.htm HTTP/1.1" 304 - "-" "Mozilla/5.0 (iPhone; CPU iPhone OS 8_3 like Mac OS X) AppleWebKit/600.1.4 (KHTML, like Gecko) Version/8.0 Mobile/12F70 Safari/600.1.4 (compatible; Googlebot/2.1; +http://www.google.com/bot.html)"
66.249.78.1 - - [16/Oct/2015:01:13:42 +0200] "GET / HTTP/1.1" 200 2663 "-" "Mozilla/5.0 (iPhone; CPU iPhone OS 8_3 like Mac OS X) AppleWebKit/600.1.4 (KHTML, like Gecko) Version/8.0 Mobile/12F70 Safari/600.1.4 (compatible; Googlebot/2.1; +http://www.google.com/bot.html)"
157.55.39.201 - - [16/Oct/2015:01:16:49 +0200] "GET /robots.txt HTTP/1.1" 200 157 "-" "Mozilla/5.0 (compatible; bingbot/2.0; +http://www.bing.com/bingbot.htm)"
157.55.39.201 - - [16/Oct/2015:01:16:51 +0200] "GET /seiten/impr.htm HTTP/1.1" 200 9648 "-" "Mozilla/5.0 (iPhone; CPU iPhone OS 7_0 like Mac OS X) AppleWebKit/537.51.1 (KHTML, like Gecko) Version/7.0 Mobile/11A465 Safari/9537.53 (compatible; bingbot/2.0; http://www.bing.com/bingbot.htm)"
66.249.78.252 - - [16/Oct/2015:01:33:41 +0200] "GET /seiten/start.htm HTTP/1.1" 200 7516 "-" "Mozilla/5.0 (iPhone; CPU iPhone OS 8_3 like Mac OS X) AppleWebKit/600.1.4 (KHTML, like Gecko) Version/8.0 Mobile/12F70 Safari/600.1.4 (compatible; Googlebot/2.1; +http://www.google.com/bot.html)"
85.14.248.165 - - [16/Oct/2015:01:50:00 +0200] "GET /robots.txt HTTP/1.1" 200 157 "-" "Mozilla/5.0 (compatible; seoscanners.net/1; +spider@seoscanners.net)"
85.14.248.165 - - [16/Oct/2015:01:50:00 +0200] "GET /img/1pixel.gif HTTP/1.1" 200 45 "-" "Mozilla/5.0 (compatible; seoscanners.net/1; +spider@seoscanners.net)"
46.118.115.132 - - [16/Oct/2015:02:20:07 +0200] "GET / HTTP/1.1" 200 2663 "http://cinemaenergy-hd.ru/" "Mozilla/4.0 (compatible; MSIE 6.0; Windows NT 5.1; SV1; .NET CLR 1.1.4322; .NET CLR 2.0.50727)"
46.118.115.132 - - [16/Oct/2015:02:20:08 +0200] "GET / HTTP/1.1" 200 2663 "http://cinemaenergy-hd.ru/" "Mozilla/4.0 (compatible; MSIE 6.0; Windows NT 5.1; SV1; .NET CLR 1.1.4322; .NET CLR 2.0.50727)"
46.118.115.132 - - [16/Oct/2015:02:20:08 +0200] "GET / HTTP/1.1" 200 2663 "http://cinemaenergy-hd.ru/" "Mozilla/4.0 (compatible; MSIE 6.0; Windows NT 5.1; SV1; .NET CLR 1.1.4322; .NET CLR 2.0.50727)"
188.165.233.228 - - [16/Oct/2015:03:44:54 +0200] "GET /robots.txt HTTP/1.0" 200 157 "-" ""
188.165.233.228 - - [16/Oct/2015:03:44:54 +0200] "GET / HTTP/1.1" 206 2663 "-" "Mozilla/5.0 (X11; U; Linux x86_64; en-US; rv:1.9.2.4) Gecko/20100614 Ubuntu/10.04 (lucid) Firefox/3.6.4"
188.165.233.228 - - [16/Oct/2015:03:44:56 +0200] "GET /seiten/start.htm HTTP/1.1" 206 7516 "-" "Mozilla/5.0 (X11; U; Linux x86_64; en-US; rv:1.9.2.4) Gecko/20100614 Ubuntu/10.04 (lucid) Firefox/3.6.4"
188.165.233.228 - - [16/Oct/2015:03:44:58 +0200] "GET /seiten/leist.htm HTTP/1.1" 206 7640 "-" "Mozilla/5.0 (X11; U; Linux x86_64; en-US; rv:1.9.2.4) Gecko/20100614 Ubuntu/10.04 (lucid) Firefox/3.6.4"
188.165.233.228 - - [16/Oct/2015:03:45:00 +0200] "GET /seiten/dialyse.htm HTTP/1.1" 206 7403 "-" "Mozilla/5.0 (X11; U; Linux x86_64; en-US; rv:1.9.2.4) Gecko/20100614 Ubuntu/10.04 (lucid) Firefox/3.6.4"
188.165.233.228 - - [16/Oct/2015:03:45:02 +0200] "GET /seiten/news.php HTTP/1.1" 200 7079 "-" "Mozilla/5.0 (X11; U; Linux x86_64; en-US; rv:1.9.2.4) Gecko/20100614 Ubuntu/10.04 (lucid) Firefox/3.6.4"
188.165.233.228 - - [16/Oct/2015:03:45:04 +0200] "GET /seiten/links.htm HTTP/1.1" 206 7302 "-" "Mozilla/5.0 (X11; U; Linux x86_64; en-US; rv:1.9.2.4) Gecko/20100614 Ubuntu/10.04 (lucid) Firefox/3.6.4"
188.165.233.228 - - [16/Oct/2015:03:45:06 +0200] "GET /seiten/kont.htm HTTP/1.1" 206 8048 "-" "Mozilla/5.0 (X11; U; Linux x86_64; en-US; rv:1.9.2.4) Gecko/20100614 Ubuntu/10.04 (lucid) Firefox/3.6.4"
188.165.233.228 - - [16/Oct/2015:03:45:08 +0200] "GET /seiten/impr.htm HTTP/1.1" 206 9648 "-" "Mozilla/5.0 (X11; U; Linux x86_64; en-US; rv:1.9.2.4) Gecko/20100614 Ubuntu/10.04 (lucid) Firefox/3.6.4"
188.165.233.228 - - [16/Oct/2015:03:45:10 +0200] "GET /seiten/praxis.htm HTTP/1.1" 206 7847 "-" "Mozilla/5.0 (X11; U; Linux x86_64; en-US; rv:1.9.2.4) Gecko/20100614 Ubuntu/10.04 (lucid) Firefox/3.6.4"
188.165.233.228 - - [16/Oct/2015:03:45:12 +0200] "GET /seiten/function.include HTTP/1.1" 404 1256 "-" "Mozilla/5.0 (X11; U; Linux x86_64; en-US; rv:1.9.2.4) Gecko/20100614 Ubuntu/10.04 (lucid) Firefox/3.6.4"
188.165.233.228 - - [16/Oct/2015:03:45:12 +0200] "GET / HTTP/1.1" 206 2663 "-" "Mozilla/5.0 (X11; U; Linux x86_64; en-US; rv:1.9.2.4) Gecko/20100614 Ubuntu/10.04 (lucid) Firefox/3.6.4"
188.165.233.228 - - [16/Oct/2015:03:45:14 +0200] "GET /seiten/kont_form.php HTTP/1.1" 200 8561 "-" "Mozilla/5.0 (X11; U; Linux x86_64; en-US; rv:1.9.2.4) Gecko/20100614 Ubuntu/10.04 (lucid) Firefox/3.6.4"
157.55.39.148 - - [16/Oct/2015:03:59:53 +0200] "GET /seiten/start.htm HTTP/1.1" 200 7516 "-" "Mozilla/5.0 (iPhone; CPU iPhone OS 7_0 like Mac OS X) AppleWebKit/537.51.1 (KHTML, like Gecko) Version/7.0 Mobile/11A465 Safari/9537.53 (compatible; bingbot/2.0; http://www.bing.com/bingbot.htm)"
157.55.39.201 - - [16/Oct/2015:04:00:03 +0200] "GET /img/bilder.swf HTTP/1.1" 200 78858 "-" "Mozilla/5.0 (iPhone; CPU iPhone OS 7_0 like Mac OS X) AppleWebKit/537.51.1 (KHTML, like Gecko) Version/7.0 Mobile/11A465 Safari/9537.53 (compatible; bingbot/2.0; +http://www.bing.com/bingbot.htm)"
157.55.39.201 - - [16/Oct/2015:04:20:54 +0200] "GET /seiten/dialyse.htm HTTP/1.1" 304 - "-" "Mozilla/5.0 (compatible; bingbot/2.0; +http://www.bing.com/bingbot.htm)"
134.249.52.69 - - [16/Oct/2015:04:57:46 +0200] "GET / HTTP/1.1" 200 2663 "http://atlant-auto.info/" "Mozilla/4.0 (compatible; MSIE 6.0; Windows NT 5.1; FREE; .NET CLR 1.1.4322)"
134.249.52.69 - - [16/Oct/2015:04:57:46 +0200] "GET / HTTP/1.1" 200 2663 "http://s-master.biz/" "Mozilla/4.0 (compatible; MSIE 5.0; Windows 95) Opera 6.01 [en]"
134.249.52.69 - - [16/Oct/2015:04:57:47 +0200] "GET / HTTP/1.1" 200 2663 "http://s-master.biz/" "Mozilla/4.0 (compatible; MSIE 5.0; Windows 95) Opera 6.01 [en]"
134.249.52.69 - - [16/Oct/2015:04:57:47 +0200] "GET / HTTP/1.1" 200 2663 "http://atlant-auto.info/" "Mozilla/4.0 (compatible; MSIE 6.0; Windows NT 5.1; FREE; .NET CLR 1.1.4322)"
134.249.52.69 - - [16/Oct/2015:04:57:47 +0200] "GET / HTTP/1.1" 200 2663 "http://s-master.biz/" "Mozilla/4.0 (compatible; MSIE 5.0; Windows 95) Opera 6.01 [en]"
134.249.52.69 - - [16/Oct/2015:04:57:47 +0200] "GET / HTTP/1.1" 200 2663 "http://atlant-auto.info/" "Mozilla/4.0 (compatible; MSIE 6.0; Windows NT 5.1; FREE; .NET CLR 1.1.4322)"
66.249.78.8 - - [16/Oct/2015:05:40:29 +0200] "GET /seiten/start.htm HTTP/1.1" 304 - "-" "Mozilla/5.0 (compatible; Googlebot/2.1; +http://www.google.com/bot.html)"
66.249.78.8 - - [16/Oct/2015:05:44:49 +0200] "GET /seiten/start.htm HTTP/1.1" 200 7516 "-" "Mozilla/5.0 (compatible; Googlebot/2.1; +http://www.google.com/bot.html)"
46.118.117.53 - - [16/Oct/2015:11:55:10 +0200] "GET / HTTP/1.1" 200 2663 "http://moneymaster.ru/" "Mozilla/4.0 (compatible; MSIE 6.0; Windows NT 5.1; SV1; .NET CLR 1.1.4322; XMPP Tiscali Communicator v.10.0.2; .NET CLR 2.0.50727)"
46.118.117.53 - - [16/Oct/2015:11:55:11 +0200] "GET / HTTP/1.1" 200 2663 "http://moneymaster.ru/" "Mozilla/4.0 (compatible; MSIE 6.0; Windows NT 5.1; SV1; .NET CLR 1.1.4322; XMPP Tiscali Communicator v.10.0.2; .NET CLR 2.0.50727)"
46.118.117.53 - - [16/Oct/2015:11:55:11 +0200] "GET / HTTP/1.1" 200 2663 "http://moneymaster.ru/" "Mozilla/4.0 (compatible; MSIE 6.0; Windows NT 5.1; SV1; .NET CLR 1.1.4322; XMPP Tiscali Communicator v.10.0.2; .NET CLR 2.0.50727)"
46.118.115.132 - - [16/Oct/2015:18:14:58 +0200] "GET / HTTP/1.1" 200 2663 "http://sexytrend.ru/" "Mozilla/4.0 (compatible; MSIE 6.0; Windows NT 5.1; KKman2.0)"
46.118.115.132 - - [16/Oct/2015:18:14:59 +0200] "GET / HTTP/1.1" 200 2663 "http://sexytrend.ru/" "Mozilla/4.0 (compatible; MSIE 6.0; Windows NT 5.1; KKman2.0)"
66.249.67.202 - - [16/Oct/2015:18:51:43 +0200] "GET / HTTP/1.1" 200 2663 "-" "Mozilla/5.0 (compatible; Googlebot/2.1; +http://www.google.com/bot.html)"
157.55.39.14 - - [16/Oct/2015:19:06:31 +0200] "GET /seiten/praxis.htm HTTP/1.1" 200 7847 "-" "Mozilla/5.0 (iPhone; CPU iPhone OS 7_0 like Mac OS X) AppleWebKit/537.51.1 (KHTML, like Gecko) Version/7.0 Mobile/11A465 Safari/9537.53 (compatible; bingbot/2.0; http://www.bing.com/bingbot.htm)"
66.249.78.252 - - [16/Oct/2015:19:52:53 +0200] "GET /seiten/start.htm HTTP/1.1" 304 - "-" "Mozilla/5.0 (compatible; Googlebot/2.1; +http://www.google.com/bot.html)"
66.249.78.8 - - [16/Oct/2015:19:54:34 +0200] "GET /seiten/start.htm HTTP/1.1" 200 7516 "-" "Mozilla/5.0 (compatible; Googlebot/2.1; +http://www.google.com/bot.html)"
157.55.39.14 - - [16/Oct/2015:19:56:00 +0200] "GET /seiten/kont.htm HTTP/1.1" 200 8048 "-" "Mozilla/5.0 (iPhone; CPU iPhone OS 7_0 like Mac OS X) AppleWebKit/537.51.1 (KHTML, like Gecko) Version/7.0 Mobile/11A465 Safari/9537.53 (compatible; bingbot/2.0; http://www.bing.com/bingbot.htm)"
66.249.78.1 - - [17/Oct/2015:00:08:30 +0200] "GET /img/links.jpg HTTP/1.1" 304 - "-" "Googlebot-Image/1.0"
66.249.78.8 - - [17/Oct/2015:01:02:17 +0200] "GET /robots.txt HTTP/1.1" 200 157 "-" "Mozilla/5.0 (compatible; Googlebot/2.1; +http://www.google.com/bot.html)"
66.249.78.1 - - [17/Oct/2015:01:02:17 +0200] "GET /img/links.jpg HTTP/1.1" 304 - "-" "Googlebot-Image/1.0"
66.249.78.252 - - [17/Oct/2015:01:27:46 +0200] "GET /img/leist.jpg HTTP/1.1" 200 18546 "-" "Googlebot-Image/1.0"
178.137.62.185 - - [17/Oct/2015:01:39:41 +0200] "GET / HTTP/1.1" 200 2663 "http://prahaprint.cz/" "Mozilla/4.0 (compatible; MSIE 6.0; Windows XP)"
178.137.62.185 - - [17/Oct/2015:01:39:41 +0200] "GET / HTTP/1.1" 200 2663 "http://prahaprint.cz/" "Mozilla/4.0 (compatible; MSIE 6.0; Windows XP)"
178.137.62.185 - - [17/Oct/2015:01:39:41 +0200] "GET / HTTP/1.1" 200 2663 "http://prahaprint.cz/" "Mozilla/4.0 (compatible; MSIE 6.0; Windows XP)"
54.93.70.86 - - [17/Oct/2015:01:41:16 +0200] "GET /robots.txt HTTP/1.1" 200 157 "-" "ImplisenseBot 1.1"
54.93.70.86 - - [17/Oct/2015:01:41:17 +0200] "GET / HTTP/1.1" 200 2663 "-" "ImplisenseBot 1.1"
54.93.70.86 - - [17/Oct/2015:01:41:17 +0200] "GET /seiten/start.htm HTTP/1.1" 200 7516 "-" "ImplisenseBot 1.1"
54.93.70.86 - - [17/Oct/2015:01:41:17 +0200] "GET /seiten/impr.htm HTTP/1.1" 200 9648 "-" "ImplisenseBot 1.1"
54.93.70.86 - - [17/Oct/2015:01:41:18 +0200] "GET /seiten/kont.htm HTTP/1.1" 200 8048 "-" "ImplisenseBot 1.1"
