195.242.218.133 - - [05/Mar/2014:02:31:54 +0100] "GET /seiten/start.htm HTTP/1.1" 200 7516 "http://online-freebee.ru/" "Mozilla/4.0 (compatible; MSIE 6.0; AOL 9.0; Windows NT 5.1)"
195.242.218.133 - - [05/Mar/2014:02:31:55 +0100] "GET /seiten/start.htm HTTP/1.1" 200 7516 "http://online-freebee.ru/" "Mozilla/4.0 (compatible; MSIE 6.0; AOL 9.0; Windows NT 5.1)"
5.255.253.79 - - [05/Mar/2014:04:58:39 +0100] "GET /robots.txt HTTP/1.1" 200 157 "-" "Mozilla/5.0 (compatible; YandexImages/3.0; +http://yandex.com/bots)"
66.249.73.196 - - [05/Mar/2014:05:25:12 +0100] "GET /robots.txt HTTP/1.1" 200 157 "-" "Mozilla/5.0 (compatible; Googlebot/2.1; +http://www.google.com/bot.html)"
66.249.65.20 - - [05/Mar/2014:05:25:12 +0100] "GET /seiten/start.htm HTTP/1.1" 200 7516 "-" "Mozilla/5.0 (compatible; Googlebot/2.1; +http://www.google.com/bot.html)"
94.153.65.49 - - [05/Mar/2014:05:37:11 +0100] "GET /seiten/start.htm HTTP/1.1" 200 7516 "http://www.handsandlegs.ru/" "Mozilla/4.0 (compatible; MSIE 5.5; Windows NT 5.0; .NET CLR 1.1.4322)"
94.153.65.49 - - [05/Mar/2014:05:37:11 +0100] "GET /seiten/start.htm HTTP/1.1" 200 7516 "http://www.handsandlegs.ru/" "Mozilla/4.0 (compatible; MSIE 5.5; Windows NT 5.0; .NET CLR 1.1.4322)"
94.153.65.49 - - [05/Mar/2014:05:37:12 +0100] "GET /seiten/start.htm HTTP/1.1" 200 7516 "http://www.handsandlegs.ru/" "Mozilla/4.0 (compatible; MSIE 5.5; Windows NT 5.0; .NET CLR 1.1.4322)"
5.255.253.79 - - [05/Mar/2014:05:47:21 +0100] "GET /img/schild.jpg HTTP/1.1" 304 - "-" "Mozilla/5.0 (compatible; YandexImages/3.0; +http://yandex.com/bots)"
5.255.253.79 - - [05/Mar/2014:06:36:02 +0100] "GET /img/leist.jpg HTTP/1.1" 304 - "-" "Mozilla/5.0 (compatible; YandexImages/3.0; +http://yandex.com/bots)"
178.255.215.68 - - [05/Mar/2014:07:08:35 +0100] "GET /robots.txt HTTP/1.1" 200 157 "-" "Mozilla/5.0 (compatible; Exabot/3.0; +http://www.exabot.com/go/robot)"
178.255.215.68 - - [05/Mar/2014:07:08:35 +0100] "GET / HTTP/1.1" 304 - "-" "Mozilla/5.0 (compatible; Exabot/3.0; +http://www.exabot.com/go/robot)"
5.255.253.79 - - [05/Mar/2014:07:24:43 +0100] "GET /img/main_pic.jpg HTTP/1.1" 304 - "-" "Mozilla/5.0 (compatible; YandexImages/3.0; +http://yandex.com/bots)"
5.255.253.79 - - [05/Mar/2014:08:13:25 +0100] "GET /img/dialyse.jpg HTTP/1.1" 304 - "-" "Mozilla/5.0 (compatible; YandexImages/3.0; +http://yandex.com/bots)"
5.255.253.79 - - [05/Mar/2014:08:37:45 +0100] "GET /img/links.jpg HTTP/1.1" 304 - "-" "Mozilla/5.0 (compatible; YandexImages/3.0; +http://yandex.com/bots)"
193.150.120.33 - - [05/Mar/2014:12:29:49 +0100] "GET /seiten/start.htm HTTP/1.1" 200 7516 "http://fermersovet.ru/" "Mozilla/4.0 (compatible; MSIE 6.0; Windows 98; Win 9x 4.90; Creative)"
193.150.120.33 - - [05/Mar/2014:12:29:50 +0100] "GET /seiten/start.htm HTTP/1.1" 200 7516 "http://fermersovet.ru/" "Mozilla/4.0 (compatible; MSIE 6.0; Windows 98; Win 9x 4.90; Creative)"
193.150.120.33 - - [05/Mar/2014:12:29:50 +0100] "GET /seiten/start.htm HTTP/1.1" 200 7516 "http://fermersovet.ru/" "Mozilla/4.0 (compatible; MSIE 6.0; Windows 98; Win 9x 4.90; Creative)"
178.137.82.209 - - [05/Mar/2014:13:29:34 +0100] "GET /seiten/start.htm HTTP/1.1" 200 7516 "http://www.vinsit.ru/" "Mozilla/4.0 (compatible; MSIE 6.0; MSIE 5.5; Windows NT 4.0) Opera 7.0 [en]"
178.137.82.209 - - [05/Mar/2014:13:29:35 +0100] "GET /seiten/start.htm HTTP/1.1" 200 7516 "http://www.vinsit.ru/" "Mozilla/4.0 (compatible; MSIE 6.0; MSIE 5.5; Windows NT 4.0) Opera 7.0 [en]"
178.137.82.209 - - [05/Mar/2014:13:29:35 +0100] "GET /seiten/start.htm HTTP/1.1" 200 7516 "http://www.vinsit.ru/" "Mozilla/4.0 (compatible; MSIE 6.0; MSIE 5.5; Windows NT 4.0) Opera 7.0 [en]"
141.8.147.6 - - [05/Mar/2014:14:17:49 +0100] "GET /robots.txt HTTP/1.1" 200 157 "-" "Mozilla/5.0 (compatible; YandexBot/3.0; +http://yandex.com/bots)"
46.118.115.66 - - [05/Mar/2014:14:36:39 +0100] "GET /seiten/start.htm HTTP/1.1" 200 7516 "http://promokodoff.net/" "Mozilla/4.0 (compatible; MSIE 6.0; Windows NT 5.1)"
46.118.115.66 - - [05/Mar/2014:14:36:39 +0100] "GET /seiten/start.htm HTTP/1.1" 200 7516 "http://promokodoff.net/" "Mozilla/4.0 (compatible; MSIE 6.0; Windows NT 5.1)"
46.118.115.66 - - [05/Mar/2014:14:36:40 +0100] "GET /seiten/start.htm HTTP/1.1" 200 7516 "http://promokodoff.net/" "Mozilla/4.0 (compatible; MSIE 6.0; Windows NT 5.1)"
66.249.65.20 - - [05/Mar/2014:14:45:05 +0100] "GET /seiten/dialyse.htm HTTP/1.1" 304 - "-" "Mozilla/5.0 (iPhone; CPU iPhone OS 6_0 like Mac OS X) AppleWebKit/536.26 (KHTML, like Gecko) Version/6.0 Mobile/10A5376e Safari/8536.25 (compatible; Googlebot/2.1; +http://www.google.com/bot.html)"
92.249.127.111 - - [05/Mar/2014:17:08:52 +0100] "GET /seiten/start.htm HTTP/1.1" 200 7516 "http://doska-vsem.ru/" "Opera/7.60 (Windows NT 5.2; U) [en] (IBM EVV/3.0/EAK01AG9/LE)"
92.249.127.111 - - [05/Mar/2014:17:08:53 +0100] "GET /seiten/start.htm HTTP/1.1" 200 7516 "http://doska-vsem.ru/" "Opera/7.60 (Windows NT 5.2; U) [en] (IBM EVV/3.0/EAK01AG9/LE)"
92.249.127.111 - - [05/Mar/2014:17:08:53 +0100] "GET /seiten/start.htm HTTP/1.1" 200 7516 "http://doska-vsem.ru/" "Opera/7.60 (Windows NT 5.2; U) [en] (IBM EVV/3.0/EAK01AG9/LE)"
92.249.127.111 - - [05/Mar/2014:17:09:05 +0100] "GET /seiten/start.htm HTTP/1.1" 200 7516 "http://doska-vsem.ru/" "Mozilla/4.0 (compatible; MSIE 6.0; Windows NT 5.1; SV1; .NET CLR 1.1.4322; .NET CLR 2.0.50727)"
92.249.127.111 - - [05/Mar/2014:17:09:05 +0100] "GET /seiten/start.htm HTTP/1.1" 200 7516 "http://doska-vsem.ru/" "Mozilla/4.0 (compatible; MSIE 6.0; Windows NT 5.1; SV1; .NET CLR 1.1.4322; .NET CLR 2.0.50727)"
92.249.127.111 - - [05/Mar/2014:17:09:06 +0100] "GET /seiten/start.htm HTTP/1.1" 200 7516 "http://doska-vsem.ru/" "Mozilla/4.0 (compatible; MSIE 6.0; Windows NT 5.1; SV1; .NET CLR 1.1.4322; .NET CLR 2.0.50727)"
141.8.147.6 - - [05/Mar/2014:17:10:46 +0100] "GET /seiten/impr.htm HTTP/1.1" 200 9648 "-" "Mozilla/5.0 (compatible; YandexBot/3.0; +http://yandex.com/bots)"
131.253.24.12 - - [05/Mar/2014:17:29:52 +0100] "GET /robots.txt HTTP/1.1" 200 157 "-" "msnbot-media/1.1 (+http://search.msn.com/msnbot.htm)"
131.253.24.12 - - [05/Mar/2014:17:29:52 +0100] "GET /img/dialyse.jpg HTTP/1.1" 200 18017 "-" "msnbot-media/1.1 (+http://search.msn.com/msnbot.htm)"
94.153.65.49 - - [05/Mar/2014:18:38:26 +0100] "GET /seiten/start.htm HTTP/1.1" 200 7516 "http://www.vegascosmetics.ru/" "Mozilla/4.0 (compatible; MSIE 6.0; Windows NT 5.1; SV1; .NET CLR 1.1.4322; .NET CLR 2.0.50727)"
94.153.65.49 - - [05/Mar/2014:18:38:26 +0100] "GET /seiten/start.htm HTTP/1.1" 200 7516 "http://www.vegascosmetics.ru/" "Mozilla/4.0 (compatible; MSIE 6.0; Windows NT 5.1; SV1; .NET CLR 1.1.4322; .NET CLR 2.0.50727)"
94.153.65.49 - - [05/Mar/2014:18:38:27 +0100] "GET /seiten/start.htm HTTP/1.1" 200 7516 "http://www.vegascosmetics.ru/" "Mozilla/4.0 (compatible; MSIE 6.0; Windows NT 5.1; SV1; .NET CLR 1.1.4322; .NET CLR 2.0.50727)"
211.97.159.32 - - [05/Mar/2014:18:57:27 +0100] "GET /seiten/links.htm HTTP/1.0" 200 7302 "http://www.dialyse-borna.de/seiten/links.htm" "Mozilla/4.0 (compatible; MSIE 6.0; MSIE 5.5; Windows NT 5.0) Opera 7.02 Bork-edition [en]"
131.253.24.12 - - [05/Mar/2014:23:01:39 +0100] "GET /robots.txt HTTP/1.1" 200 157 "-" "msnbot-media/1.1 (+http://search.msn.com/msnbot.htm)"
131.253.24.12 - - [05/Mar/2014:23:01:40 +0100] "GET /img/dialyse.jpg HTTP/1.1" 200 18017 "-" "msnbot-media/1.1 (+http://search.msn.com/msnbot.htm)"
178.137.82.209 - - [06/Mar/2014:00:26:03 +0100] "GET /seiten/start.htm HTTP/1.1" 200 7516 "http://pro-solution.su/" "Mozilla/4.0 (compatible; MSIE 5.5; Windows NT 4.0)"
178.137.82.209 - - [06/Mar/2014:00:26:05 +0100] "GET /seiten/start.htm HTTP/1.1" 200 7516 "http://pro-solution.su/" "Mozilla/4.0 (compatible; MSIE 5.5; Windows NT 4.0)"
178.137.82.209 - - [06/Mar/2014:00:26:05 +0100] "GET /seiten/start.htm HTTP/1.1" 200 7516 "http://pro-solution.su/" "Mozilla/4.0 (compatible; MSIE 5.5; Windows NT 4.0)"
157.55.33.112 - - [06/Mar/2014:03:42:02 +0100] "GET /robots.txt HTTP/1.1" 200 157 "-" "Mozilla/5.0 (compatible; bingbot/2.0; +http://www.bing.com/bingbot.htm)"
82.193.99.33 - - [06/Mar/2014:03:47:54 +0100] "GET /seiten/start.htm HTTP/1.1" 200 7516 "http://lovecs.ru/" "Mozilla/4.0 (compatible; MSIE 6.0; Windows NT 5.1; SV1)"
82.193.99.33 - - [06/Mar/2014:03:47:55 +0100] "GET /seiten/start.htm HTTP/1.1" 200 7516 "http://lovecs.ru/" "Mozilla/4.0 (compatible; MSIE 6.0; Windows NT 5.1; SV1)"
82.193.99.33 - - [06/Mar/2014:03:47:55 +0100] "GET /seiten/start.htm HTTP/1.1" 200 7516 "http://lovecs.ru/" "Mozilla/4.0 (compatible; MSIE 6.0; Windows NT 5.1; SV1)"
157.55.33.112 - - [06/Mar/2014:04:07:50 +0100] "GET /seiten/news.php HTTP/1.1" 200 7079 "-" "Mozilla/5.0 (compatible; bingbot/2.0; +http://www.bing.com/bingbot.htm)"
112.111.174.237 - - [06/Mar/2014:04:08:00 +0100] "GET /seiten/links.htm HTTP/1.1" 200 7302 "-" "Mozilla/4.0 (compatible; MSIE 6.0; Windows NT 5.1; SV1;)"
46.115.128.109 - - [06/Mar/2014:05:23:25 +0100] "GET / HTTP/1.1" 200 2663 "https://www.google.de/" "Mozilla/5.0 (Linux; U; Android 4.1.2; de-de; GT-S5310 Build/JZO54K) AppleWebKit/534.30 (KHTML, like Gecko) Version/4.0 Mobile Safari/534.30"
46.115.128.109 - - [06/Mar/2014:05:23:25 +0100] "GET /css/borna.css HTTP/1.1" 200 2909 "http://www.dialyse-borna.de/" "Mozilla/5.0 (Linux; U; Android 4.1.2; de-de; GT-S5310 Build/JZO54K) AppleWebKit/534.30 (KHTML, like Gecko) Version/4.0 Mobile Safari/534.30"
46.115.128.109 - - [06/Mar/2014:05:23:25 +0100] "GET /seiten/start.htm HTTP/1.1" 200 7516 "http://www.dialyse-borna.de/" "Mozilla/5.0 (Linux; U; Android 4.1.2; de-de; GT-S5310 Build/JZO54K) AppleWebKit/534.30 (KHTML, like Gecko) Version/4.0 Mobile Safari/534.30"
46.115.128.109 - - [06/Mar/2014:05:23:25 +0100] "GET /img/bg2.gif HTTP/1.1" 200 49 "http://www.dialyse-borna.de/seiten/start.htm" "Mozilla/5.0 (Linux; U; Android 4.1.2; de-de; GT-S5310 Build/JZO54K) AppleWebKit/534.30 (KHTML, like Gecko) Version/4.0 Mobile Safari/534.30"
46.115.128.109 - - [06/Mar/2014:05:23:25 +0100] "GET /img/lay01.gif HTTP/1.1" 200 384 "http://www.dialyse-borna.de/seiten/start.htm" "Mozilla/5.0 (Linux; U; Android 4.1.2; de-de; GT-S5310 Build/JZO54K) AppleWebKit/534.30 (KHTML, like Gecko) Version/4.0 Mobile Safari/534.30"
46.115.128.109 - - [06/Mar/2014:05:23:25 +0100] "GET /img/1pixel.gif HTTP/1.1" 200 45 "http://www.dialyse-borna.de/seiten/start.htm" "Mozilla/5.0 (Linux; U; Android 4.1.2; de-de; GT-S5310 Build/JZO54K) AppleWebKit/534.30 (KHTML, like Gecko) Version/4.0 Mobile Safari/534.30"
46.115.128.109 - - [06/Mar/2014:05:23:25 +0100] "GET /img/men01.gif HTTP/1.1" 200 432 "http://www.dialyse-borna.de/seiten/start.htm" "Mozilla/5.0 (Linux; U; Android 4.1.2; de-de; GT-S5310 Build/JZO54K) AppleWebKit/534.30 (KHTML, like Gecko) Version/4.0 Mobile Safari/534.30"
46.115.128.109 - - [06/Mar/2014:05:23:25 +0100] "GET /img/lay02.gif HTTP/1.1" 200 3503 "http://www.dialyse-borna.de/seiten/start.htm" "Mozilla/5.0 (Linux; U; Android 4.1.2; de-de; GT-S5310 Build/JZO54K) AppleWebKit/534.30 (KHTML, like Gecko) Version/4.0 Mobile Safari/534.30"
46.115.128.109 - - [06/Mar/2014:05:23:25 +0100] "GET /img/men02a.gif HTTP/1.1" 200 589 "http://www.dialyse-borna.de/seiten/start.htm" "Mozilla/5.0 (Linux; U; Android 4.1.2; de-de; GT-S5310 Build/JZO54K) AppleWebKit/534.30 (KHTML, like Gecko) Version/4.0 Mobile Safari/534.30"
46.115.128.109 - - [06/Mar/2014:05:23:25 +0100] "GET /img/men03.gif HTTP/1.1" 200 1621 "http://www.dialyse-borna.de/seiten/start.htm" "Mozilla/5.0 (Linux; U; Android 4.1.2; de-de; GT-S5310 Build/JZO54K) AppleWebKit/534.30 (KHTML, like Gecko) Version/4.0 Mobile Safari/534.30"
46.115.128.109 - - [06/Mar/2014:05:23:25 +0100] "GET /img/men04.gif HTTP/1.1" 200 1395 "http://www.dialyse-borna.de/seiten/start.htm" "Mozilla/5.0 (Linux; U; Android 4.1.2; de-de; GT-S5310 Build/JZO54K) AppleWebKit/534.30 (KHTML, like Gecko) Version/4.0 Mobile Safari/534.30"
46.115.128.109 - - [06/Mar/2014:05:23:25 +0100] "GET /img/men06.gif HTTP/1.1" 200 1162 "http://www.dialyse-borna.de/seiten/start.htm" "Mozilla/5.0 (Linux; U; Android 4.1.2; de-de; GT-S5310 Build/JZO54K) AppleWebKit/534.30 (KHTML, like Gecko) Version/4.0 Mobile Safari/534.30"
46.115.128.109 - - [06/Mar/2014:05:23:25 +0100] "GET /img/men09.gif HTTP/1.1" 200 708 "http://www.dialyse-borna.de/seiten/start.htm" "Mozilla/5.0 (Linux; U; Android 4.1.2; de-de; GT-S5310 Build/JZO54K) AppleWebKit/534.30 (KHTML, like Gecko) Version/4.0 Mobile Safari/534.30"
46.115.128.109 - - [06/Mar/2014:05:23:25 +0100] "GET /img/bg1.gif HTTP/1.1" 200 54 "http://www.dialyse-borna.de/seiten/start.htm" "Mozilla/5.0 (Linux; U; Android 4.1.2; de-de; GT-S5310 Build/JZO54K) AppleWebKit/534.30 (KHTML, like Gecko) Version/4.0 Mobile Safari/534.30"
46.115.128.109 - - [06/Mar/2014:05:23:25 +0100] "GET /img/main_pic.jpg HTTP/1.1" 200 14864 "http://www.dialyse-borna.de/seiten/start.htm" "Mozilla/5.0 (Linux; U; Android 4.1.2; de-de; GT-S5310 Build/JZO54K) AppleWebKit/534.30 (KHTML, like Gecko) Version/4.0 Mobile Safari/534.30"
46.115.128.109 - - [06/Mar/2014:05:23:25 +0100] "GET /img/pfeil.jpg HTTP/1.1" 200 380 "http://www.dialyse-borna.de/seiten/start.htm" "Mozilla/5.0 (Linux; U; Android 4.1.2; de-de; GT-S5310 Build/JZO54K) AppleWebKit/534.30 (KHTML, like Gecko) Version/4.0 Mobile Safari/534.30"
46.115.128.109 - - [06/Mar/2014:05:23:26 +0100] "GET /img/bg4.gif HTTP/1.1" 200 135 "http://www.dialyse-borna.de/seiten/start.htm" "Mozilla/5.0 (Linux; U; Android 4.1.2; de-de; GT-S5310 Build/JZO54K) AppleWebKit/534.30 (KHTML, like Gecko) Version/4.0 Mobile Safari/534.30"
46.115.128.109 - - [06/Mar/2014:05:23:26 +0100] "GET /img/men07.gif HTTP/1.1" 200 1396 "http://www.dialyse-borna.de/seiten/start.htm" "Mozilla/5.0 (Linux; U; Android 4.1.2; de-de; GT-S5310 Build/JZO54K) AppleWebKit/534.30 (KHTML, like Gecko) Version/4.0 Mobile Safari/534.30"
46.115.128.109 - - [06/Mar/2014:05:23:26 +0100] "GET /img/men08.gif HTTP/1.1" 200 1642 "http://www.dialyse-borna.de/seiten/start.htm" "Mozilla/5.0 (Linux; U; Android 4.1.2; de-de; GT-S5310 Build/JZO54K) AppleWebKit/534.30 (KHTML, like Gecko) Version/4.0 Mobile Safari/534.30"
46.115.128.109 - - [06/Mar/2014:05:23:27 +0100] "GET /img/lay08.gif HTTP/1.1" 200 322 "http://www.dialyse-borna.de/seiten/start.htm" "Mozilla/5.0 (Linux; U; Android 4.1.2; de-de; GT-S5310 Build/JZO54K) AppleWebKit/534.30 (KHTML, like Gecko) Version/4.0 Mobile Safari/534.30"
46.115.128.109 - - [06/Mar/2014:05:23:27 +0100] "GET /img/bg3.gif HTTP/1.1" 200 143 "http://www.dialyse-borna.de/seiten/start.htm" "Mozilla/5.0 (Linux; U; Android 4.1.2; de-de; GT-S5310 Build/JZO54K) AppleWebKit/534.30 (KHTML, like Gecko) Version/4.0 Mobile Safari/534.30"
46.115.128.109 - - [06/Mar/2014:05:23:28 +0100] "GET /img/lay03.gif HTTP/1.1" 200 671 "http://www.dialyse-borna.de/seiten/start.htm" "Mozilla/5.0 (Linux; U; Android 4.1.2; de-de; GT-S5310 Build/JZO54K) AppleWebKit/534.30 (KHTML, like Gecko) Version/4.0 Mobile Safari/534.30"
46.115.128.109 - - [06/Mar/2014:05:23:28 +0100] "GET /img/lay04.gif HTTP/1.1" 200 210 "http://www.dialyse-borna.de/seiten/start.htm" "Mozilla/5.0 (Linux; U; Android 4.1.2; de-de; GT-S5310 Build/JZO54K) AppleWebKit/534.30 (KHTML, like Gecko) Version/4.0 Mobile Safari/534.30"
46.115.128.109 - - [06/Mar/2014:05:23:28 +0100] "GET /img/lay05.gif HTTP/1.1" 200 541 "http://www.dialyse-borna.de/seiten/start.htm" "Mozilla/5.0 (Linux; U; Android 4.1.2; de-de; GT-S5310 Build/JZO54K) AppleWebKit/534.30 (KHTML, like Gecko) Version/4.0 Mobile Safari/534.30"
46.115.128.109 - - [06/Mar/2014:05:23:28 +0100] "GET /img/lay07.gif HTTP/1.1" 200 272 "http://www.dialyse-borna.de/seiten/start.htm" "Mozilla/5.0 (Linux; U; Android 4.1.2; de-de; GT-S5310 Build/JZO54K) AppleWebKit/534.30 (KHTML, like Gecko) Version/4.0 Mobile Safari/534.30"
46.115.128.109 - - [06/Mar/2014:05:23:29 +0100] "GET /img/men03a.gif HTTP/1.1" 200 820 "http://www.dialyse-borna.de/seiten/start.htm" "Mozilla/5.0 (Linux; U; Android 4.1.2; de-de; GT-S5310 Build/JZO54K) AppleWebKit/534.30 (KHTML, like Gecko) Version/4.0 Mobile Safari/534.30"
46.115.128.109 - - [06/Mar/2014:05:23:29 +0100] "GET /img/men04a.gif HTTP/1.1" 200 669 "http://www.dialyse-borna.de/seiten/start.htm" "Mozilla/5.0 (Linux; U; Android 4.1.2; de-de; GT-S5310 Build/JZO54K) AppleWebKit/534.30 (KHTML, like Gecko) Version/4.0 Mobile Safari/534.30"
46.115.128.109 - - [06/Mar/2014:05:23:29 +0100] "GET /img/men05a.gif HTTP/1.1" 200 556 "http://www.dialyse-borna.de/seiten/start.htm" "Mozilla/5.0 (Linux; U; Android 4.1.2; de-de; GT-S5310 Build/JZO54K) AppleWebKit/534.30 (KHTML, like Gecko) Version/4.0 Mobile Safari/534.30"
46.115.128.109 - - [06/Mar/2014:05:23:29 +0100] "GET /favicon.ico HTTP/1.1" 404 1256 "http://www.dialyse-borna.de/seiten/start.htm" "Mozilla/5.0 (Linux; U; Android 4.1.2; de-de; GT-S5310 Build/JZO54K) AppleWebKit/534.30 (KHTML, like Gecko) Version/4.0 Mobile Safari/534.30"
46.115.128.109 - - [06/Mar/2014:05:23:29 +0100] "GET /img/men06a.gif HTTP/1.1" 200 518 "http://www.dialyse-borna.de/seiten/start.htm" "Mozilla/5.0 (Linux; U; Android 4.1.2; de-de; GT-S5310 Build/JZO54K) AppleWebKit/534.30 (KHTML, like Gecko) Version/4.0 Mobile Safari/534.30"
46.115.128.109 - - [06/Mar/2014:05:23:29 +0100] "GET /img/men07a.gif HTTP/1.1" 200 666 "http://www.dialyse-borna.de/seiten/start.htm" "Mozilla/5.0 (Linux; U; Android 4.1.2; de-de; GT-S5310 Build/JZO54K) AppleWebKit/534.30 (KHTML, like Gecko) Version/4.0 Mobile Safari/534.30"
46.115.128.109 - - [06/Mar/2014:05:23:29 +0100] "GET /img/men08a.gif HTTP/1.1" 200 819 "http://www.dialyse-borna.de/seiten/start.htm" "Mozilla/5.0 (Linux; U; Android 4.1.2; de-de; GT-S5310 Build/JZO54K) AppleWebKit/534.30 (KHTML, like Gecko) Version/4.0 Mobile Safari/534.30"
46.115.128.109 - - [06/Mar/2014:05:23:46 +0100] "GET /seiten/dialyse.htm HTTP/1.1" 200 7403 "http://www.dialyse-borna.de/seiten/start.htm" "Mozilla/5.0 (Linux; U; Android 4.1.2; de-de; GT-S5310 Build/JZO54K) AppleWebKit/534.30 (KHTML, like Gecko) Version/4.0 Mobile Safari/534.30"
46.115.128.109 - - [06/Mar/2014:05:23:46 +0100] "GET /img/men02.gif HTTP/1.1" 200 1273 "http://www.dialyse-borna.de/seiten/dialyse.htm" "Mozilla/5.0 (Linux; U; Android 4.1.2; de-de; GT-S5310 Build/JZO54K) AppleWebKit/534.30 (KHTML, like Gecko) Version/4.0 Mobile Safari/534.30"
46.115.128.109 - - [06/Mar/2014:05:23:46 +0100] "GET /img/dialyse.jpg HTTP/1.1" 200 18017 "http://www.dialyse-borna.de/seiten/dialyse.htm" "Mozilla/5.0 (Linux; U; Android 4.1.2; de-de; GT-S5310 Build/JZO54K) AppleWebKit/534.30 (KHTML, like Gecko) Version/4.0 Mobile Safari/534.30"
46.115.128.109 - - [06/Mar/2014:05:24:31 +0100] "GET /seiten/links.htm HTTP/1.1" 200 7302 "http://www.dialyse-borna.de/seiten/dialyse.htm" "Mozilla/5.0 (Linux; U; Android 4.1.2; de-de; GT-S5310 Build/JZO54K) AppleWebKit/534.30 (KHTML, like Gecko) Version/4.0 Mobile Safari/534.30"
46.115.128.109 - - [06/Mar/2014:05:24:32 +0100] "GET /img/links.jpg HTTP/1.1" 200 15669 "http://www.dialyse-borna.de/seiten/links.htm" "Mozilla/5.0 (Linux; U; Android 4.1.2; de-de; GT-S5310 Build/JZO54K) AppleWebKit/534.30 (KHTML, like Gecko) Version/4.0 Mobile Safari/534.30"
46.115.128.109 - - [06/Mar/2014:05:24:53 +0100] "GET /seiten/impr.htm HTTP/1.1" 200 9648 "http://www.dialyse-borna.de/seiten/links.htm" "Mozilla/5.0 (Linux; U; Android 4.1.2; de-de; GT-S5310 Build/JZO54K) AppleWebKit/534.30 (KHTML, like Gecko) Version/4.0 Mobile Safari/534.30"
94.153.65.49 - - [06/Mar/2014:05:49:32 +0100] "GET /seiten/start.htm HTTP/1.1" 200 7516 "http://forex.osobye.ru/dilingovye-centry-v-rosi/bezdepozitnye-bonusy-foreks-ot-kompanii-foreks-brokerov.html" "Mozilla/4.0 (compatible; MSIE 4.01; Digital AlphaServer 1000A 4/233; Windows NT; Powered By 64-Bit Alpha Processor)"
94.153.65.49 - - [06/Mar/2014:05:49:33 +0100] "GET /seiten/start.htm HTTP/1.1" 200 7516 "http://forex.osobye.ru/dilingovye-centry-v-rosi/bezdepozitnye-bonusy-foreks-ot-kompanii-foreks-brokerov.html" "Mozilla/4.0 (compatible; MSIE 4.01; Digital AlphaServer 1000A 4/233; Windows NT; Powered By 64-Bit Alpha Processor)"
94.153.65.49 - - [06/Mar/2014:05:49:33 +0100] "GET /seiten/start.htm HTTP/1.1" 200 7516 "http://forex.osobye.ru/dilingovye-centry-v-rosi/bezdepozitnye-bonusy-foreks-ot-kompanii-foreks-brokerov.html" "Mozilla/4.0 (compatible; MSIE 4.01; Digital AlphaServer 1000A 4/233; Windows NT; Powered By 64-Bit Alpha Processor)"
148.251.69.136 - - [06/Mar/2014:05:56:26 +0100] "GET /seiten/kont.htm HTTP/1.1" 200 8048 "-" "Mozilla/5.0 (X11; Linux i686; rv:6.0) Gecko/20100101 Firefox/6.0"
93.186.202.253 - - [06/Mar/2014:05:56:26 +0100] "GET /seiten/impr.htm HTTP/1.1" 200 9648 "-" "Mozilla/5.0 (X11; Linux i686; rv:6.0) Gecko/20100101 Firefox/6.0"
109.120.157.179 - - [06/Mar/2014:07:13:49 +0100] "GET /seiten/start.htm HTTP/1.1" 200 7516 "http://gfaq.ru/forum" "Mozilla/5.0 (compatible; Add Catalog/2.1;)"
109.120.157.179 - - [06/Mar/2014:07:13:49 +0100] "GET /seiten/start.htm HTTP/1.1" 200 7516 "http://gfaq.ru/forum" "Mozilla/5.0 (compatible; Add Catalog/2.1;)"
157.55.32.143 - - [06/Mar/2014:07:52:46 +0100] "GET /robots.txt HTTP/1.1" 200 157 "-" "Mozilla/5.0 (compatible; bingbot/2.0; +http://www.bing.com/bingbot.htm)"
157.55.32.143 - - [06/Mar/2014:07:57:28 +0100] "GET /seiten/start.htm HTTP/1.1" 304 - "-" "Mozilla/5.0 (compatible; bingbot/2.0; +http://www.bing.com/bingbot.htm)"
208.115.113.89 - - [06/Mar/2014:08:22:12 +0100] "GET /robots.txt HTTP/1.1" 200 157 "-" "Mozilla/5.0 (compatible; Ezooms/1.0; help@moz.com)"
131.253.24.12 - - [06/Mar/2014:09:19:00 +0100] "GET /robots.txt HTTP/1.1" 200 157 "-" "msnbot-media/1.1 (+http://search.msn.com/msnbot.htm)"
131.253.24.12 - - [06/Mar/2014:09:19:00 +0100] "GET /img/dialyse.jpg HTTP/1.1" 200 18017 "-" "msnbot-media/1.1 (+http://search.msn.com/msnbot.htm)"
208.115.113.89 - - [06/Mar/2014:10:19:00 +0100] "GET /seiten/kont.htm HTTP/1.1" 200 8048 "-" "Mozilla/5.0 (compatible; Ezooms/1.0; help@moz.com)"
193.150.120.33 - - [06/Mar/2014:12:41:42 +0100] "GET /seiten/start.htm HTTP/1.1" 200 7516 "http://renault.afora.ru/" "Mozilla/4.0 (compatible; MSIE 6.0; AOL 9.0; Windows NT 5.1)"
193.150.120.33 - - [06/Mar/2014:12:41:42 +0100] "GET /seiten/start.htm HTTP/1.1" 200 7516 "http://kolotiloff.ru/" "Mozilla/4.0 (compatible; MSIE 6.0; Windows NT 5.1; SV1; Media Center PC"
193.150.120.33 - - [06/Mar/2014:12:41:42 +0100] "GET /seiten/start.htm HTTP/1.1" 200 7516 "http://renault.afora.ru/" "Mozilla/4.0 (compatible; MSIE 6.0; AOL 9.0; Windows NT 5.1)"
193.150.120.33 - - [06/Mar/2014:12:41:42 +0100] "GET /seiten/start.htm HTTP/1.1" 200 7516 "http://kolotiloff.ru/" "Mozilla/4.0 (compatible; MSIE 6.0; Windows NT 5.1; SV1; Media Center PC"
193.150.120.33 - - [06/Mar/2014:12:41:43 +0100] "GET /seiten/start.htm HTTP/1.1" 200 7516 "http://renault.afora.ru/" "Mozilla/4.0 (compatible; MSIE 6.0; AOL 9.0; Windows NT 5.1)"
193.150.120.33 - - [06/Mar/2014:12:41:43 +0100] "GET /seiten/start.htm HTTP/1.1" 200 7516 "http://kolotiloff.ru/" "Mozilla/4.0 (compatible; MSIE 6.0; Windows NT 5.1; SV1; Media Center PC"
178.137.167.118 - - [06/Mar/2014:13:57:03 +0100] "GET /seiten/start.htm HTTP/1.1" 200 7516 "http://ublaze.ru/" "Mozilla/4.0 (compatible; MSIE 6.0; Windows NT 5.1; FREE; .NET CLR 1.1.4322)"
178.137.167.118 - - [06/Mar/2014:13:57:03 +0100] "GET /seiten/start.htm HTTP/1.1" 200 7516 "http://ublaze.ru/" "Mozilla/4.0 (compatible; MSIE 6.0; Windows NT 5.1; FREE; .NET CLR 1.1.4322)"
178.137.167.118 - - [06/Mar/2014:13:57:06 +0100] "GET /seiten/start.htm HTTP/1.1" 200 7516 "http://ublaze.ru/" "Mozilla/4.0 (compatible; MSIE 6.0; Windows NT 5.1; FREE; .NET CLR 1.1.4322)"
193.150.120.33 - - [06/Mar/2014:14:52:44 +0100] "GET /seiten/start.htm HTTP/1.1" 200 7516 "http://gdebesplatno.ru/" "Mozilla/4.0 (compatible; MSIE 6.0; Windows NT 5.2; Win64; AMD64)"
193.150.120.33 - - [06/Mar/2014:14:52:44 +0100] "GET /seiten/start.htm HTTP/1.1" 200 7516 "http://gdebesplatno.ru/" "Mozilla/4.0 (compatible; MSIE 6.0; Windows NT 5.2; Win64; AMD64)"
193.150.120.33 - - [06/Mar/2014:14:52:44 +0100] "GET /seiten/start.htm HTTP/1.1" 200 7516 "http://gdebesplatno.ru/" "Mozilla/4.0 (compatible; MSIE 6.0; Windows NT 5.2; Win64; AMD64)"
78.46.45.206 - - [06/Mar/2014:16:11:21 +0100] "GET / HTTP/1.1" 200 2663 "-" "Mozilla/4.0 (compatible; MSIE 7.0; Windows NT 5.1; .NET CLR 2.0.50727)"
78.46.45.206 - - [06/Mar/2014:16:11:21 +0100] "GET /robots.txt HTTP/1.1" 200 157 "-" "libwww-perl/6.05"
78.46.45.206 - - [06/Mar/2014:16:11:21 +0100] "GET / HTTP/1.1" 200 2663 "-" "Mozilla/4.0 (compatible; MSIE 7.0; Windows NT 5.1; .NET CLR 2.0.50727)"
78.46.45.206 - - [06/Mar/2014:16:11:21 +0100] "GET /seiten/start.htm HTTP/1.1" 200 7516 "http://www.dialyse-borna.de/" "Mozilla/4.0 (compatible; MSIE 7.0; Windows NT 5.1; .NET CLR 2.0.50727)"
78.46.45.206 - - [06/Mar/2014:16:11:21 +0100] "GET /seiten/impr.htm HTTP/1.1" 200 9648 "http://www.dialyse-borna.de/seiten/start.htm" "Mozilla/4.0 (compatible; MSIE 7.0; Windows NT 5.1; .NET CLR 2.0.50727)"
78.46.45.206 - - [06/Mar/2014:16:11:21 +0100] "GET /seiten/links.htm HTTP/1.1" 200 7302 "http://www.dialyse-borna.de/seiten/impr.htm" "Mozilla/4.0 (compatible; MSIE 7.0; Windows NT 5.1; .NET CLR 2.0.50727)"
78.46.45.206 - - [06/Mar/2014:16:11:21 +0100] "GET /seiten/dialyse.htm HTTP/1.1" 200 7403 "http://www.dialyse-borna.de/seiten/links.htm" "Mozilla/4.0 (compatible; MSIE 7.0; Windows NT 5.1; .NET CLR 2.0.50727)"
78.46.45.206 - - [06/Mar/2014:16:11:21 +0100] "GET /seiten/praxis.htm HTTP/1.1" 200 7847 "http://www.dialyse-borna.de/seiten/dialyse.htm" "Mozilla/4.0 (compatible; MSIE 7.0; Windows NT 5.1; .NET CLR 2.0.50727)"
78.46.45.206 - - [06/Mar/2014:16:11:21 +0100] "GET /seiten/leist.htm HTTP/1.1" 200 7640 "http://www.dialyse-borna.de/seiten/praxis.htm" "Mozilla/4.0 (compatible; MSIE 7.0; Windows NT 5.1; .NET CLR 2.0.50727)"
78.46.45.206 - - [06/Mar/2014:16:11:21 +0100] "GET /seiten/kont.htm HTTP/1.1" 200 8048 "http://www.dialyse-borna.de/seiten/leist.htm" "Mozilla/4.0 (compatible; MSIE 7.0; Windows NT 5.1; .NET CLR 2.0.50727)"
78.46.45.206 - - [06/Mar/2014:16:11:21 +0100] "GET /seiten/kont_form.php HTTP/1.1" 200 8561 "http://www.dialyse-borna.de/seiten/kont.htm" "Mozilla/4.0 (compatible; MSIE 7.0; Windows NT 5.1; .NET CLR 2.0.50727)"
78.46.45.206 - - [06/Mar/2014:16:11:21 +0100] "GET /seiten/news.php HTTP/1.1" 200 7079 "http://www.dialyse-borna.de/seiten/kont_form.php" "Mozilla/4.0 (compatible; MSIE 7.0; Windows NT 5.1; .NET CLR 2.0.50727)"
78.46.45.206 - - [06/Mar/2014:16:11:21 +0100] "GET /seiten/function.include HTTP/1.1" 404 1256 "http://www.dialyse-borna.de/seiten/news.php" "Mozilla/4.0 (compatible; MSIE 7.0; Windows NT 5.1; .NET CLR 2.0.50727)"
178.137.167.118 - - [06/Mar/2014:16:28:39 +0100] "GET /seiten/start.htm HTTP/1.1" 200 7516 "http://detalizaciya-tut.biz/" "Opera/8.00 (Windows NT 5.1; U; en)"
178.137.167.118 - - [06/Mar/2014:16:28:39 +0100] "GET /seiten/start.htm HTTP/1.1" 200 7516 "http://detalizaciya-tut.biz/" "Opera/8.00 (Windows NT 5.1; U; en)"
178.137.167.118 - - [06/Mar/2014:16:28:40 +0100] "GET /seiten/start.htm HTTP/1.1" 200 7516 "http://detalizaciya-tut.biz/" "Opera/8.00 (Windows NT 5.1; U; en)"
66.249.76.186 - - [06/Mar/2014:19:47:10 +0100] "GET /robots.txt HTTP/1.1" 200 157 "-" "Mozilla/5.0 (compatible; Googlebot/2.1; +http://www.google.com/bot.html)"
66.249.76.186 - - [06/Mar/2014:19:47:10 +0100] "GET /seiten/praxis.htm HTTP/1.1" 304 - "-" "SAMSUNG-SGH-E250/1.0 Profile/MIDP-2.0 Configuration/CLDC-1.1 UP.Browser/6.2.3.3.c.1.101 (GUI) MMP/2.0 (compatible; Googlebot-Mobile/2.1; +http://www.google.com/bot.html)"
198.20.66.122 - - [06/Mar/2014:21:47:18 +0100] "GET /robots.txt HTTP/1.1" 200 157 "-" "Mozilla/5.0 (compatible; BLEXBot/1.0; +http://webmeup-crawler.com/)"
198.20.66.122 - - [06/Mar/2014:21:47:18 +0100] "GET / HTTP/1.1" 200 2663 "-" "Mozilla/5.0 (compatible; BLEXBot/1.0; +http://webmeup-crawler.com/)"
198.20.66.122 - - [06/Mar/2014:21:47:24 +0100] "GET /seiten/start.htm HTTP/1.1" 200 7516 "-" "Mozilla/5.0 (compatible; BLEXBot/1.0; +http://webmeup-crawler.com/)"
198.20.66.122 - - [06/Mar/2014:21:47:28 +0100] "GET /seiten/kont.htm HTTP/1.1" 200 8048 "-" "Mozilla/5.0 (compatible; BLEXBot/1.0; +http://webmeup-crawler.com/)"
198.20.66.122 - - [06/Mar/2014:21:47:32 +0100] "GET /seiten/links.htm HTTP/1.1" 200 7302 "-" "Mozilla/5.0 (compatible; BLEXBot/1.0; +http://webmeup-crawler.com/)"
198.20.66.122 - - [06/Mar/2014:21:47:35 +0100] "GET /seiten/praxis.htm HTTP/1.1" 200 7847 "-" "Mozilla/5.0 (compatible; BLEXBot/1.0; +http://webmeup-crawler.com/)"
198.20.66.122 - - [06/Mar/2014:21:47:38 +0100] "GET /seiten/leist.htm HTTP/1.1" 200 7640 "-" "Mozilla/5.0 (compatible; BLEXBot/1.0; +http://webmeup-crawler.com/)"
198.20.66.122 - - [06/Mar/2014:21:47:41 +0100] "GET /seiten/impr.htm HTTP/1.1" 200 9648 "-" "Mozilla/5.0 (compatible; BLEXBot/1.0; +http://webmeup-crawler.com/)"
198.20.66.122 - - [06/Mar/2014:21:47:44 +0100] "GET /seiten/dialyse.htm HTTP/1.1" 200 7403 "-" "Mozilla/5.0 (compatible; BLEXBot/1.0; +http://webmeup-crawler.com/)"
198.20.66.122 - - [06/Mar/2014:21:47:48 +0100] "GET /seiten/kont_form.php HTTP/1.1" 200 8561 "-" "Mozilla/5.0 (compatible; BLEXBot/1.0; +http://webmeup-crawler.com/)"
198.20.66.122 - - [06/Mar/2014:21:47:51 +0100] "GET /seiten/news.php HTTP/1.1" 200 7079 "-" "Mozilla/5.0 (compatible; BLEXBot/1.0; +http://webmeup-crawler.com/)"
5.10.83.87 - - [06/Mar/2014:21:49:41 +0100] "GET /seiten/function.include HTTP/1.1" 404 1256 "-" "Mozilla/5.0 (compatible; AhrefsBot/5.0; +http://ahrefs.com/robot/)"
107.170.11.53 - - [06/Mar/2014:23:32:59 +0100] "HEAD / HTTP/1.1" 200 - "http://www.netcraft.com/survey/" "Mozilla/4.0 (compatible; Netcraft Web Server Survey)"
66.249.76.186 - - [07/Mar/2014:01:05:44 +0100] "GET / HTTP/1.1" 200 2663 "-" "Mozilla/5.0 (compatible; Googlebot/2.1; +http://www.google.com/bot.html)"
144.76.69.142 - - [07/Mar/2014:01:16:48 +0100] "GET /robots.txt HTTP/1.1" 200 157 "-" "Mozilla/5.0 (compatible; SISTRIX Crawler; http://crawler.sistrix.net/)"
144.76.69.142 - - [07/Mar/2014:01:16:48 +0100] "GET / HTTP/1.1" 206 2663 "-" "Mozilla/5.0 (compatible; SISTRIX Crawler; http://crawler.sistrix.net/)"
66.249.76.186 - - [07/Mar/2014:01:26:40 +0100] "GET /seiten/start.htm HTTP/1.1" 304 - "-" "Mozilla/5.0 (compatible; Googlebot/2.1; +http://www.google.com/bot.html)"
66.249.76.186 - - [07/Mar/2014:01:46:11 +0100] "GET /seiten/start.htm HTTP/1.1" 304 - "-" "Mozilla/5.0 (iPhone; CPU iPhone OS 6_0 like Mac OS X) AppleWebKit/536.26 (KHTML, like Gecko) Version/6.0 Mobile/10A5376e Safari/8536.25 (compatible; Googlebot/2.1; +http://www.google.com/bot.html)"
134.249.76.140 - - [07/Mar/2014:02:01:45 +0100] "GET /seiten/start.htm HTTP/1.1" 200 7516 "http://www.siteexpress.co.il/" "Mozilla/4.0 (compatible; MSIE 6.0; Windows NT 5.1; Q312461)"
134.249.76.140 - - [07/Mar/2014:02:01:45 +0100] "GET /seiten/start.htm HTTP/1.1" 200 7516 "http://www.siteexpress.co.il/" "Mozilla/4.0 (compatible; MSIE 6.0; Windows NT 5.1; Q312461)"
134.249.76.140 - - [07/Mar/2014:02:01:46 +0100] "GET /seiten/start.htm HTTP/1.1" 200 7516 "http://www.siteexpress.co.il/" "Mozilla/4.0 (compatible; MSIE 6.0; Windows NT 5.1; Q312461)"
66.249.76.186 - - [07/Mar/2014:02:38:45 +0100] "GET /njnydvqqtkngxsw.html HTTP/1.1" 404 1256 "-" "Mozilla/5.0 (compatible; Googlebot/2.1; +http://www.google.com/bot.html)"
213.110.133.221 - - [07/Mar/2014:02:53:30 +0100] "GET /seiten/news.php HTTP/1.1" 200 7079 "http://termaten.ya.ru/replies.xml?item_no=13" "Mozilla/4.0 (compatible; Blog Search;)"
213.110.133.221 - - [07/Mar/2014:02:53:31 +0100] "GET /seiten/news.php HTTP/1.1" 200 7079 "http://termaten.ya.ru/replies.xml?item_no=13" "Mozilla/4.0 (compatible; Blog Search;)"
46.118.115.66 - - [07/Mar/2014:04:25:51 +0100] "GET /seiten/start.htm HTTP/1.1" 200 7516 "http://coldfilm.ru/" "Mozilla/4.0 (compatible; MSIE 6.0; Windows NT 5.1; Maxthon; .NET CLR 1.1.4322)"
46.118.115.66 - - [07/Mar/2014:04:25:52 +0100] "GET /seiten/start.htm HTTP/1.1" 200 7516 "http://coldfilm.ru/" "Mozilla/4.0 (compatible; MSIE 6.0; Windows NT 5.1; Maxthon; .NET CLR 1.1.4322)"
46.118.115.66 - - [07/Mar/2014:04:25:52 +0100] "GET /seiten/start.htm HTTP/1.1" 200 7516 "http://coldfilm.ru/" "Mozilla/4.0 (compatible; MSIE 6.0; Windows NT 5.1; Maxthon; .NET CLR 1.1.4322)"
206.253.226.14 - - [07/Mar/2014:06:27:54 +0100] "GET / HTTP/1.1" 200 2663 "-" "Mozilla/5.0 (compatible; oBot/2.3.1; +http://filterdb.iss.net/crawler/)"
62.212.73.211 - - [07/Mar/2014:08:28:04 +0100] "GET /robots.txt HTTP/1.0" 200 157 "-" "Mozilla/5.0 (compatible; MJ12bot/v1.4.4; http://www.majestic12.co.uk/bot.php?+)"
62.212.73.211 - - [07/Mar/2014:08:28:05 +0100] "GET / HTTP/1.0" 200 2663 "-" "Mozilla/5.0 (compatible; MJ12bot/v1.4.4; http://www.majestic12.co.uk/bot.php?+)"
178.255.215.68 - - [07/Mar/2014:11:30:07 +0100] "GET /robots.txt HTTP/1.1" 200 157 "-" "Mozilla/5.0 (compatible; Exabot/3.0; +http://www.exabot.com/go/robot)"
178.255.215.68 - - [07/Mar/2014:11:30:07 +0100] "GET / HTTP/1.1" 304 - "-" "Mozilla/5.0 (compatible; Exabot/3.0; +http://www.exabot.com/go/robot)"
193.150.120.33 - - [07/Mar/2014:13:21:46 +0100] "GET /seiten/start.htm HTTP/1.1" 200 7516 "http://snomer1.ru/" "Opera/9.00 (Windows NT 4.0; U; en)"
193.150.120.33 - - [07/Mar/2014:13:21:46 +0100] "GET /seiten/start.htm HTTP/1.1" 200 7516 "http://snomer1.ru/" "Opera/9.00 (Windows NT 4.0; U; en)"
193.150.120.33 - - [07/Mar/2014:13:21:47 +0100] "GET /seiten/start.htm HTTP/1.1" 200 7516 "http://snomer1.ru/" "Opera/9.00 (Windows NT 4.0; U; en)"
92.249.127.111 - - [07/Mar/2014:13:26:10 +0100] "GET /seiten/start.htm HTTP/1.1" 200 7516 "http://www.artparquet.ru/" "Mozilla/4.0 (compatible; MSIE 6.0; Windows NT 5.1; SV1; InfoPath.1"
92.249.127.111 - - [07/Mar/2014:13:26:10 +0100] "GET /seiten/start.htm HTTP/1.1" 200 7516 "http://www.artparquet.ru/" "Mozilla/4.0 (compatible; MSIE 6.0; Windows NT 5.1; SV1; InfoPath.1"
92.249.127.111 - - [07/Mar/2014:13:26:11 +0100] "GET /seiten/start.htm HTTP/1.1" 200 7516 "http://www.artparquet.ru/" "Mozilla/4.0 (compatible; MSIE 6.0; Windows NT 5.1; SV1; InfoPath.1"
92.249.127.111 - - [07/Mar/2014:13:26:11 +0100] "GET /seiten/start.htm HTTP/1.1" 200 7516 "http://www.artparquet.ru/" "Mozilla/4.0 (compatible; MSIE 6.0; Windows NT 5.1; SV1; InfoPath.1"
92.249.127.111 - - [07/Mar/2014:13:26:11 +0100] "GET /seiten/start.htm HTTP/1.1" 200 7516 "http://www.artparquet.ru/" "Mozilla/4.0 (compatible; MSIE 6.0; Windows NT 5.1; SV1; InfoPath.1"
92.249.127.111 - - [07/Mar/2014:13:26:11 +0100] "GET /seiten/start.htm HTTP/1.1" 200 7516 "http://www.artparquet.ru/" "Mozilla/4.0 (compatible; MSIE 6.0; Windows NT 5.1; SV1; InfoPath.1"
66.249.65.20 - - [07/Mar/2014:19:15:33 +0100] "GET /robots.txt HTTP/1.1" 200 157 "-" "Mozilla/5.0 (compatible; Googlebot/2.1; +http://www.google.com/bot.html)"
66.249.65.52 - - [07/Mar/2014:19:15:33 +0100] "GET /seiten/links.htm HTTP/1.1" 304 - "-" "SAMSUNG-SGH-E250/1.0 Profile/MIDP-2.0 Configuration/CLDC-1.1 UP.Browser/6.2.3.3.c.1.101 (GUI) MMP/2.0 (compatible; Googlebot-Mobile/2.1; +http://www.google.com/bot.html)"
217.230.142.79 - - [07/Mar/2014:20:21:09 +0100] "GET / HTTP/1.1" 200 2663 "http://m.bigfinder.de/?c=ws&q=service&v=1" "Mozilla/5.0 (Windows; U; Windows NT 6.1; de; rv:1.9.2.8) Gecko/20100722 Firefox/3.6.8 GTB7.1"
216.145.17.190 - - [07/Mar/2014:21:27:10 +0100] "GET /robots.txt HTTP/1.0" 200 157 "-" "Mozilla/5.0 (Windows; U; Windows NT 5.1; en; rv:1.9.0.13) Gecko/2009073022 Firefox/3.5.2 (.NET CLR 3.5.30729) SurveyBot/2.3 (DomainTools)"
216.145.17.190 - - [07/Mar/2014:21:27:10 +0100] "GET / HTTP/1.1" 200 2663 "http://whois.domaintools.com/dialyse-borna.de" "Mozilla/5.0 (Windows; U; Windows NT 5.1; en; rv:1.9.0.13) Gecko/2009073022 Firefox/3.5.2 (.NET CLR 3.5.30729) SurveyBot/2.3 (DomainTools)"
94.153.65.49 - - [08/Mar/2014:00:28:43 +0100] "GET /seiten/start.htm HTTP/1.1" 200 7516 "http://www.rospromtest.ru/" "Mozilla/4.0 (compatible; MSIE 6.0; Windows NT 5.1; KKman2.0)"
94.153.65.49 - - [08/Mar/2014:00:28:43 +0100] "GET /seiten/start.htm HTTP/1.1" 200 7516 "http://www.rospromtest.ru/" "Mozilla/4.0 (compatible; MSIE 6.0; Windows NT 5.1; KKman2.0)"
94.153.65.49 - - [08/Mar/2014:00:28:43 +0100] "GET /seiten/start.htm HTTP/1.1" 200 7516 "http://www.rospromtest.ru/" "Mozilla/4.0 (compatible; MSIE 6.0; Windows NT 5.1; KKman2.0)"
134.249.76.140 - - [08/Mar/2014:01:10:55 +0100] "GET /seiten/start.htm HTTP/1.1" 200 7516 "http://zolotoy-lis.ru/" "Mozilla/4.0 (compatible; MSIE 6.0; Windows NT 5.1; SV1; InfoPath.1"
134.249.76.140 - - [08/Mar/2014:01:10:56 +0100] "GET /seiten/start.htm HTTP/1.1" 200 7516 "http://zolotoy-lis.ru/" "Mozilla/4.0 (compatible; MSIE 6.0; Windows NT 5.1; SV1; InfoPath.1"
134.249.76.140 - - [08/Mar/2014:01:10:57 +0100] "GET /seiten/start.htm HTTP/1.1" 200 7516 "http://zolotoy-lis.ru/" "Mozilla/4.0 (compatible; MSIE 6.0; Windows NT 5.1; SV1; InfoPath.1"
82.193.99.33 - - [08/Mar/2014:03:14:33 +0100] "GET /seiten/start.htm HTTP/1.1" 200 7516 "http://lovecs.ru/" "Mozilla/4.0 (compatible; MSIE 6.0; Windows NT 5.0; T312461)"
82.193.99.33 - - [08/Mar/2014:03:14:33 +0100] "GET /seiten/start.htm HTTP/1.1" 200 7516 "http://lovecs.ru/" "Mozilla/4.0 (compatible; MSIE 6.0; Windows NT 5.0; T312461)"
82.193.99.33 - - [08/Mar/2014:03:14:34 +0100] "GET /seiten/start.htm HTTP/1.1" 200 7516 "http://lovecs.ru/" "Mozilla/4.0 (compatible; MSIE 6.0; Windows NT 5.0; T312461)"
148.251.11.146 - - [08/Mar/2014:04:20:18 +0100] "GET /robots.txt HTTP/1.1" 200 157 "-" "Apache-HttpClient/4.3 (java 1.5)"
148.251.11.146 - - [08/Mar/2014:04:20:18 +0100] "GET / HTTP/1.1" 200 2663 "-" "Apache-HttpClient/4.3 (java 1.5)"
94.153.65.49 - - [08/Mar/2014:09:53:58 +0100] "GET /seiten/start.htm HTTP/1.1" 200 7516 "http://forex.osobye.ru/dilingovye-centry-v-rosi/bezdepozitnye-bonusy-foreks-ot-kompanii-foreks-brokerov.html" "Mozilla/4.0 (compatible; MSIE 6.0; AOL 9.0; Windows NT 5.1)"
94.153.65.49 - - [08/Mar/2014:09:53:58 +0100] "GET /seiten/start.htm HTTP/1.1" 200 7516 "http://forex.osobye.ru/dilingovye-centry-v-rosi/bezdepozitnye-bonusy-foreks-ot-kompanii-foreks-brokerov.html" "Mozilla/4.0 (compatible; MSIE 6.0; AOL 9.0; Windows NT 5.1)"
94.153.65.49 - - [08/Mar/2014:09:53:59 +0100] "GET /seiten/start.htm HTTP/1.1" 200 7516 "http://forex.osobye.ru/dilingovye-centry-v-rosi/bezdepozitnye-bonusy-foreks-ot-kompanii-foreks-brokerov.html" "Mozilla/4.0 (compatible; MSIE 6.0; AOL 9.0; Windows NT 5.1)"
66.249.73.185 - - [08/Mar/2014:11:22:08 +0100] "GET /seiten/leist.htm HTTP/1.1" 304 - "-" "SAMSUNG-SGH-E250/1.0 Profile/MIDP-2.0 Configuration/CLDC-1.1 UP.Browser/6.2.3.3.c.1.101 (GUI) MMP/2.0 (compatible; Googlebot-Mobile/2.1; +http://www.google.com/bot.html)"
46.118.115.66 - - [08/Mar/2014:12:49:07 +0100] "GET /seiten/start.htm HTTP/1.1" 200 7516 "http://www.am-se.com/" "Mozilla/3.0 (compatible; WebCapture 2.0; Auto; Windows)"
46.118.115.66 - - [08/Mar/2014:12:49:07 +0100] "GET /seiten/start.htm HTTP/1.1" 200 7516 "http://www.am-se.com/" "Mozilla/3.0 (compatible; WebCapture 2.0; Auto; Windows)"
46.118.115.66 - - [08/Mar/2014:12:49:07 +0100] "GET /seiten/start.htm HTTP/1.1" 200 7516 "http://www.am-se.com/" "Mozilla/3.0 (compatible; WebCapture 2.0; Auto; Windows)"
5.10.83.74 - - [08/Mar/2014:12:50:35 +0100] "GET /seiten/kont_form.php HTTP/1.1" 200 8561 "-" "Mozilla/5.0 (compatible; AhrefsBot/5.0; +http://ahrefs.com/robot/)"
65.55.24.237 - - [08/Mar/2014:13:12:23 +0100] "GET /robots.txt HTTP/1.1" 200 157 "-" "Mozilla/5.0 (compatible; bingbot/2.0; +http://www.bing.com/bingbot.htm)"
178.137.82.209 - - [08/Mar/2014:15:55:23 +0100] "GET /seiten/start.htm HTTP/1.1" 200 7516 "http://otbelivanie-zubov.com/" "Mozilla/4.0 (compatible; MSIE 5.5; Windows 95)"
178.137.82.209 - - [08/Mar/2014:15:55:23 +0100] "GET /seiten/start.htm HTTP/1.1" 200 7516 "http://otbelivanie-zubov.com/" "Mozilla/4.0 (compatible; MSIE 5.5; Windows 95)"
178.137.82.209 - - [08/Mar/2014:15:55:24 +0100] "GET /seiten/start.htm HTTP/1.1" 200 7516 "http://otbelivanie-zubov.com/" "Mozilla/4.0 (compatible; MSIE 5.5; Windows 95)"
65.55.24.237 - - [08/Mar/2014:16:52:48 +0100] "GET /seiten/kont.htm HTTP/1.1" 304 - "-" "Mozilla/5.0 (compatible; bingbot/2.0; +http://www.bing.com/bingbot.htm)"
66.249.65.20 - - [08/Mar/2014:20:09:32 +0100] "GET /robots.txt HTTP/1.1" 200 157 "-" "Mozilla/5.0 (compatible; Googlebot/2.1; +http://www.google.com/bot.html)"
66.249.73.202 - - [08/Mar/2014:20:09:33 +0100] "GET /seiten/start.htm HTTP/1.1" 200 7516 "-" "Mozilla/5.0 (compatible; Googlebot/2.1; +http://www.google.com/bot.html)"
208.115.113.89 - - [08/Mar/2014:20:29:50 +0100] "GET /robots.txt HTTP/1.1" 200 157 "-" "Mozilla/5.0 (compatible; Ezooms/1.0; help@moz.com)"
74.52.245.146 - - [08/Mar/2014:22:24:31 +0100] "GET / HTTP/1.0" 200 2663 "-" "Mozilla/5.0 (X11; U; Linux i686; en-US; rv:1.7.5) Gecko/20041107 Firefox/1.0"
208.115.113.89 - - [08/Mar/2014:22:25:58 +0100] "GET /seiten/links.htm HTTP/1.1" 200 7302 "-" "Mozilla/5.0 (compatible; Ezooms/1.0; help@moz.com)"
195.242.218.133 - - [08/Mar/2014:23:30:08 +0100] "GET /seiten/start.htm HTTP/1.1" 200 7516 "http://online-freebee.ru/" "Mozilla/4.0 (compatible; MSIE 6.0; AOL 9.0; Windows NT 5.1)"
195.242.218.133 - - [08/Mar/2014:23:30:09 +0100] "GET /seiten/start.htm HTTP/1.1" 200 7516 "http://online-freebee.ru/" "Mozilla/4.0 (compatible; MSIE 6.0; AOL 9.0; Windows NT 5.1)"
195.242.218.133 - - [08/Mar/2014:23:30:10 +0100] "GET /seiten/start.htm HTTP/1.1" 200 7516 "http://online-freebee.ru/" "Mozilla/4.0 (compatible; MSIE 6.0; AOL 9.0; Windows NT 5.1)"
66.249.65.20 - - [09/Mar/2014:00:25:46 +0100] "GET /seiten/start.htm HTTP/1.1" 304 - "-" "Mozilla/5.0 (iPhone; CPU iPhone OS 6_0 like Mac OS X) AppleWebKit/536.26 (KHTML, like Gecko) Version/6.0 Mobile/10A5376e Safari/8536.25 (compatible; Googlebot/2.1; +http://www.google.com/bot.html)"
178.255.215.88 - - [09/Mar/2014:01:00:49 +0100] "GET /robots.txt HTTP/1.1" 200 157 "-" "Mozilla/5.0 (compatible; Exabot/3.0 (BiggerBetter); +http://www.exabot.com/go/robot)"
178.255.215.88 - - [09/Mar/2014:01:00:49 +0100] "GET /seiten/leist.htm HTTP/1.1" 304 - "-" "Mozilla/5.0 (compatible; Exabot/3.0 (BiggerBetter); +http://www.exabot.com/go/robot)"
66.249.65.52 - - [09/Mar/2014:01:11:04 +0100] "GET /seiten/impr.htm HTTP/1.1" 304 - "-" "Mozilla/5.0 (iPhone; CPU iPhone OS 6_0 like Mac OS X) AppleWebKit/536.26 (KHTML, like Gecko) Version/6.0 Mobile/10A5376e Safari/8536.25 (compatible; Googlebot/2.1; +http://www.google.com/bot.html)"
88.198.56.239 - - [09/Mar/2014:03:13:02 +0100] "GET /seiten/impr.htm HTTP/1.1" 200 9648 "-" "Mozilla/5.0 (X11; Linux i686; rv:6.0) Gecko/20100101 Firefox/6.0"
208.115.113.89 - - [09/Mar/2014:04:30:29 +0100] "GET /robots.txt HTTP/1.1" 200 157 "-" "Mozilla/5.0 (compatible; Ezooms/1.0; help@moz.com)"
208.115.113.89 - - [09/Mar/2014:06:31:25 +0100] "GET /seiten/dialyse.htm HTTP/1.1" 200 7403 "-" "Mozilla/5.0 (compatible; Ezooms/1.0; help@moz.com)"
109.120.157.179 - - [09/Mar/2014:07:57:13 +0100] "GET /seiten/start.htm HTTP/1.1" 200 7516 "http://prank.su/load" "Mozilla/5.0 (compatible; Add Catalog/2.1;)"
109.120.157.179 - - [09/Mar/2014:07:57:13 +0100] "GET /seiten/start.htm HTTP/1.1" 200 7516 "http://prank.su/load" "Mozilla/5.0 (compatible; Add Catalog/2.1;)"
193.150.120.33 - - [09/Mar/2014:09:14:48 +0100] "GET /seiten/start.htm HTTP/1.1" 200 7516 "http://detalka.org/" "Mozilla/4.0 (compatible; MSIE 6.0; Windows NT 5.1; SV1; FunWebProducts)"
193.150.120.33 - - [09/Mar/2014:09:14:48 +0100] "GET /seiten/start.htm HTTP/1.1" 200 7516 "http://detalka.org/" "Mozilla/4.0 (compatible; MSIE 6.0; Windows NT 5.1; SV1; FunWebProducts)"
193.150.120.33 - - [09/Mar/2014:09:14:50 +0100] "GET /seiten/start.htm HTTP/1.1" 200 7516 "http://detalka.org/" "Mozilla/4.0 (compatible; MSIE 6.0; Windows NT 5.1; SV1; FunWebProducts)"
193.150.120.33 - - [09/Mar/2014:09:15:35 +0100] "GET /seiten/start.htm HTTP/1.1" 200 7516 "http://toyota.afora.ru/" "Mozilla/4.0 (compatible; MSIE 5.5; Windows NT 5.0; .NET CLR 1.1.4322)"
193.150.120.33 - - [09/Mar/2014:09:15:38 +0100] "GET /seiten/start.htm HTTP/1.1" 200 7516 "http://toyota.afora.ru/" "Mozilla/4.0 (compatible; MSIE 5.5; Windows NT 5.0; .NET CLR 1.1.4322)"
193.150.120.33 - - [09/Mar/2014:09:15:40 +0100] "GET /seiten/start.htm HTTP/1.1" 200 7516 "http://toyota.afora.ru/" "Mozilla/4.0 (compatible; MSIE 5.5; Windows NT 5.0; .NET CLR 1.1.4322)"
144.76.95.231 - - [09/Mar/2014:09:23:09 +0100] "GET /robots.txt HTTP/1.0" 200 157 "-" "Mozilla/5.0 (compatible; MJ12bot/v1.4.4; http://www.majestic12.co.uk/bot.php?+)"
144.76.95.231 - - [09/Mar/2014:09:23:12 +0100] "GET /seiten/start.htm HTTP/1.0" 200 7516 "-" "Mozilla/5.0 (compatible; MJ12bot/v1.4.4; http://www.majestic12.co.uk/bot.php?+)"
178.137.128.213 - - [09/Mar/2014:10:51:10 +0100] "GET /seiten/start.htm HTTP/1.1" 200 7516 "http://2kata.ru/" "Mozilla/4.0 (compatible; MSIE 6.0; Windows NT 5.1)"
178.137.128.213 - - [09/Mar/2014:10:51:10 +0100] "GET /seiten/start.htm HTTP/1.1" 200 7516 "http://2kata.ru/" "Mozilla/4.0 (compatible; MSIE 6.0; Windows NT 5.1)"
178.137.128.213 - - [09/Mar/2014:10:51:11 +0100] "GET /seiten/start.htm HTTP/1.1" 200 7516 "http://2kata.ru/" "Mozilla/4.0 (compatible; MSIE 6.0; Windows NT 5.1)"
193.150.120.33 - - [09/Mar/2014:11:12:03 +0100] "GET /seiten/start.htm HTTP/1.1" 200 7516 "http://sex-hotgirl.ru/" "Mozilla/4.0 (compatible; MSIE 6.0; Windows NT 5.1; SV1; .NET CLR 1.1.4322; XMPP Tiscali Communicator v.10.0.2; .NET CLR 2.0.50727)"
193.150.120.33 - - [09/Mar/2014:11:12:05 +0100] "GET /seiten/start.htm HTTP/1.1" 200 7516 "http://sex-hotgirl.ru/" "Mozilla/4.0 (compatible; MSIE 6.0; Windows NT 5.1; SV1; .NET CLR 1.1.4322; XMPP Tiscali Communicator v.10.0.2; .NET CLR 2.0.50727)"
193.150.120.33 - - [09/Mar/2014:11:12:07 +0100] "GET /seiten/start.htm HTTP/1.1" 200 7516 "http://sex-hotgirl.ru/" "Mozilla/4.0 (compatible; MSIE 6.0; Windows NT 5.1; SV1; .NET CLR 1.1.4322; XMPP Tiscali Communicator v.10.0.2; .NET CLR 2.0.50727)"
92.249.127.111 - - [09/Mar/2014:13:48:00 +0100] "GET /seiten/start.htm HTTP/1.1" 200 7516 "http://doska-vsem.ru/" "Mozilla/4.0 (compatible; MSIE 6.0; Windows NT 5.2; SV1; .NET CLR 1.1.4322; .NET CLR 2.0.50727)"
92.249.127.111 - - [09/Mar/2014:13:48:01 +0100] "GET /seiten/start.htm HTTP/1.1" 200 7516 "http://doska-vsem.ru/" "Mozilla/4.0 (compatible; MSIE 6.0; Windows NT 5.2; SV1; .NET CLR 1.1.4322; .NET CLR 2.0.50727)"
92.249.127.111 - - [09/Mar/2014:13:48:01 +0100] "GET /seiten/start.htm HTTP/1.1" 200 7516 "http://doska-vsem.ru/" "Mozilla/4.0 (compatible; MSIE 6.0; Windows NT 5.2; SV1; .NET CLR 1.1.4322; .NET CLR 2.0.50727)"
87.172.172.202 - - [09/Mar/2014:14:38:08 +0100] "GET /seiten/impr.htm HTTP/1.1" 200 9648 "https://www.google.de/" "Mozilla/5.0 (Windows NT 5.1) AppleWebKit/537.36 (KHTML, like Gecko) Chrome/33.0.1750.146 Safari/537.36"
87.172.172.202 - - [09/Mar/2014:14:38:08 +0100] "GET /css/borna.css HTTP/1.1" 200 2909 "http://www.dialyse-borna.de/seiten/impr.htm" "Mozilla/5.0 (Windows NT 5.1) AppleWebKit/537.36 (KHTML, like Gecko) Chrome/33.0.1750.146 Safari/537.36"
87.172.172.202 - - [09/Mar/2014:14:38:08 +0100] "GET /img/men01.gif HTTP/1.1" 200 432 "http://www.dialyse-borna.de/seiten/impr.htm" "Mozilla/5.0 (Windows NT 5.1) AppleWebKit/537.36 (KHTML, like Gecko) Chrome/33.0.1750.146 Safari/537.36"
87.172.172.202 - - [09/Mar/2014:14:38:08 +0100] "GET /img/men02.gif HTTP/1.1" 200 1273 "http://www.dialyse-borna.de/seiten/impr.htm" "Mozilla/5.0 (Windows NT 5.1) AppleWebKit/537.36 (KHTML, like Gecko) Chrome/33.0.1750.146 Safari/537.36"
87.172.172.202 - - [09/Mar/2014:14:38:08 +0100] "GET /img/men06.gif HTTP/1.1" 200 1162 "http://www.dialyse-borna.de/seiten/impr.htm" "Mozilla/5.0 (Windows NT 5.1) AppleWebKit/537.36 (KHTML, like Gecko) Chrome/33.0.1750.146 Safari/537.36"
87.172.172.202 - - [09/Mar/2014:14:38:08 +0100] "GET /img/men03.gif HTTP/1.1" 200 1621 "http://www.dialyse-borna.de/seiten/impr.htm" "Mozilla/5.0 (Windows NT 5.1) AppleWebKit/537.36 (KHTML, like Gecko) Chrome/33.0.1750.146 Safari/537.36"
87.172.172.202 - - [09/Mar/2014:14:38:08 +0100] "GET /img/men04.gif HTTP/1.1" 200 1395 "http://www.dialyse-borna.de/seiten/impr.htm" "Mozilla/5.0 (Windows NT 5.1) AppleWebKit/537.36 (KHTML, like Gecko) Chrome/33.0.1750.146 Safari/537.36"
87.172.172.202 - - [09/Mar/2014:14:38:08 +0100] "GET /img/men07.gif HTTP/1.1" 200 1396 "http://www.dialyse-borna.de/seiten/impr.htm" "Mozilla/5.0 (Windows NT 5.1) AppleWebKit/537.36 (KHTML, like Gecko) Chrome/33.0.1750.146 Safari/537.36"
87.172.172.202 - - [09/Mar/2014:14:38:08 +0100] "GET /img/men08a.gif HTTP/1.1" 200 819 "http://www.dialyse-borna.de/seiten/impr.htm" "Mozilla/5.0 (Windows NT 5.1) AppleWebKit/537.36 (KHTML, like Gecko) Chrome/33.0.1750.146 Safari/537.36"
87.172.172.202 - - [09/Mar/2014:14:38:08 +0100] "GET /img/men09.gif HTTP/1.1" 200 708 "http://www.dialyse-borna.de/seiten/impr.htm" "Mozilla/5.0 (Windows NT 5.1) AppleWebKit/537.36 (KHTML, like Gecko) Chrome/33.0.1750.146 Safari/537.36"
87.172.172.202 - - [09/Mar/2014:14:38:08 +0100] "GET /img/lay03.gif HTTP/1.1" 200 671 "http://www.dialyse-borna.de/seiten/impr.htm" "Mozilla/5.0 (Windows NT 5.1) AppleWebKit/537.36 (KHTML, like Gecko) Chrome/33.0.1750.146 Safari/537.36"
87.172.172.202 - - [09/Mar/2014:14:38:08 +0100] "GET /img/lay04.gif HTTP/1.1" 200 210 "http://www.dialyse-borna.de/seiten/impr.htm" "Mozilla/5.0 (Windows NT 5.1) AppleWebKit/537.36 (KHTML, like Gecko) Chrome/33.0.1750.146 Safari/537.36"
87.172.172.202 - - [09/Mar/2014:14:38:08 +0100] "GET /img/lay07.gif HTTP/1.1" 200 272 "http://www.dialyse-borna.de/seiten/impr.htm" "Mozilla/5.0 (Windows NT 5.1) AppleWebKit/537.36 (KHTML, like Gecko) Chrome/33.0.1750.146 Safari/537.36"
87.172.172.202 - - [09/Mar/2014:14:38:08 +0100] "GET /img/bg2.gif HTTP/1.1" 200 49 "http://www.dialyse-borna.de/seiten/impr.htm" "Mozilla/5.0 (Windows NT 5.1) AppleWebKit/537.36 (KHTML, like Gecko) Chrome/33.0.1750.146 Safari/537.36"
87.172.172.202 - - [09/Mar/2014:14:38:08 +0100] "GET /img/lay08.gif HTTP/1.1" 200 322 "http://www.dialyse-borna.de/seiten/impr.htm" "Mozilla/5.0 (Windows NT 5.1) AppleWebKit/537.36 (KHTML, like Gecko) Chrome/33.0.1750.146 Safari/537.36"
