141.8.147.12 - - [01/Mar/2014:01:59:03 +0100] "GET / HTTP/1.1" 200 2663 "-" "Mozilla/5.0 (compatible; YandexBot/3.0; +http://yandex.com/bots)"
94.153.65.49 - - [01/Mar/2014:02:35:55 +0100] "GET /seiten/start.htm HTTP/1.1" 200 7516 "http://vostgard.com/" "Mozilla/4.0 (compatible; MSIE 6.0; Windows NT 5.1; SV1; .NET CLR 1.0.3705; .NET CLR 1.1.4322; .NET CLR 2.0.40607)"
94.153.65.49 - - [01/Mar/2014:02:35:55 +0100] "GET /seiten/start.htm HTTP/1.1" 200 7516 "http://vostgard.com/" "Mozilla/4.0 (compatible; MSIE 6.0; Windows NT 5.1; SV1; .NET CLR 1.0.3705; .NET CLR 1.1.4322; .NET CLR 2.0.40607)"
94.153.65.49 - - [01/Mar/2014:02:35:56 +0100] "GET /seiten/start.htm HTTP/1.1" 200 7516 "http://vostgard.com/" "Mozilla/4.0 (compatible; MSIE 6.0; Windows NT 5.1; SV1; .NET CLR 1.0.3705; .NET CLR 1.1.4322; .NET CLR 2.0.40607)"
195.242.218.133 - - [01/Mar/2014:03:09:20 +0100] "GET /seiten/start.htm HTTP/1.1" 200 7516 "http://online-freebee.ru/" "Mozilla/4.0 (compatible; MSIE 6.0; AOL 9.0; Windows NT 5.1)"
195.242.218.133 - - [01/Mar/2014:03:09:24 +0100] "GET /seiten/start.htm HTTP/1.1" 200 7516 "http://online-freebee.ru/" "Mozilla/4.0 (compatible; MSIE 6.0; AOL 9.0; Windows NT 5.1)"
195.242.218.133 - - [01/Mar/2014:03:09:24 +0100] "GET /seiten/start.htm HTTP/1.1" 200 7516 "http://online-freebee.ru/" "Mozilla/4.0 (compatible; MSIE 6.0; AOL 9.0; Windows NT 5.1)"
66.249.65.251 - - [01/Mar/2014:03:26:25 +0100] "GET /robots.txt HTTP/1.1" 200 157 "-" "Mozilla/5.0 (compatible; Googlebot/2.1; +http://www.google.com/bot.html)"
66.249.65.251 - - [01/Mar/2014:03:26:25 +0100] "GET /seiten/start.htm HTTP/1.1" 200 7516 "-" "Mozilla/5.0 (compatible; Googlebot/2.1; +http://www.google.com/bot.html)"
131.253.24.12 - - [01/Mar/2014:03:30:01 +0100] "GET /robots.txt HTTP/1.1" 200 157 "-" "msnbot-media/1.1 (+http://search.msn.com/msnbot.htm)"
131.253.24.12 - - [01/Mar/2014:03:30:01 +0100] "GET /img/leist.jpg HTTP/1.1" 200 18546 "-" "msnbot-media/1.1 (+http://search.msn.com/msnbot.htm)"
82.193.99.33 - - [01/Mar/2014:04:04:26 +0100] "GET /seiten/start.htm HTTP/1.1" 200 7516 "http://danceuniverse.ru/" "Mozilla/4.0 (compatible; MSIE 6.0; Windows NT 5.1; SV1; FunWebProducts; .NET CLR 1.1.4322; PeoplePal 6.2)"
82.193.99.33 - - [01/Mar/2014:04:04:27 +0100] "GET /seiten/start.htm HTTP/1.1" 200 7516 "http://danceuniverse.ru/" "Mozilla/4.0 (compatible; MSIE 6.0; Windows NT 5.1; SV1; FunWebProducts; .NET CLR 1.1.4322; PeoplePal 6.2)"
82.193.99.33 - - [01/Mar/2014:04:04:28 +0100] "GET /seiten/start.htm HTTP/1.1" 200 7516 "http://danceuniverse.ru/" "Mozilla/4.0 (compatible; MSIE 6.0; Windows NT 5.1; SV1; FunWebProducts; .NET CLR 1.1.4322; PeoplePal 6.2)"
141.8.147.12 - - [01/Mar/2014:06:26:44 +0100] "GET /robots.txt HTTP/1.1" 200 157 "-" "Mozilla/5.0 (compatible; YandexBot/3.0; +http://yandex.com/bots)"
66.249.65.251 - - [01/Mar/2014:09:01:12 +0100] "GET /robots.txt HTTP/1.1" 200 157 "-" "Mozilla/5.0 (compatible; Googlebot/2.1; +http://www.google.com/bot.html)"
66.249.65.52 - - [01/Mar/2014:09:01:12 +0100] "GET /img/bilder.swf HTTP/1.1" 200 78858 "-" "Mozilla/5.0 (iPhone; CPU iPhone OS 6_0 like Mac OS X) AppleWebKit/536.26 (KHTML, like Gecko) Version/6.0 Mobile/10A5376e Safari/8536.25 (compatible; Googlebot/2.1; +http://www.google.com/bot.html)"
141.8.147.12 - - [01/Mar/2014:09:48:55 +0100] "GET /img/bilder.swf HTTP/1.1" 200 78858 "-" "Mozilla/5.0 (compatible; YandexBot/3.0; +http://yandex.com/bots)"
66.249.65.251 - - [01/Mar/2014:10:35:27 +0100] "GET /seiten/start.htm HTTP/1.1" 304 - "-" "SAMSUNG-SGH-E250/1.0 Profile/MIDP-2.0 Configuration/CLDC-1.1 UP.Browser/6.2.3.3.c.1.101 (GUI) MMP/2.0 (compatible; Googlebot-Mobile/2.1; +http://www.google.com/bot.html)"
131.253.24.12 - - [01/Mar/2014:11:09:53 +0100] "GET /robots.txt HTTP/1.1" 200 157 "-" "msnbot-media/1.1 (+http://search.msn.com/msnbot.htm)"
131.253.24.12 - - [01/Mar/2014:11:09:53 +0100] "GET /img/leist.jpg HTTP/1.1" 200 18546 "-" "msnbot-media/1.1 (+http://search.msn.com/msnbot.htm)"
178.137.167.118 - - [01/Mar/2014:14:06:20 +0100] "GET /seiten/start.htm HTTP/1.1" 200 7516 "http://ublaze.ru/" "Mozilla/4.0 (compatible; MSIE 5.01; Windows 95; MSIECrawler)"
178.137.167.118 - - [01/Mar/2014:14:06:21 +0100] "GET /seiten/start.htm HTTP/1.1" 200 7516 "http://ublaze.ru/" "Mozilla/4.0 (compatible; MSIE 5.01; Windows 95; MSIECrawler)"
178.137.167.118 - - [01/Mar/2014:14:06:21 +0100] "GET /seiten/start.htm HTTP/1.1" 200 7516 "http://ublaze.ru/" "Mozilla/4.0 (compatible; MSIE 5.01; Windows 95; MSIECrawler)"
178.137.82.209 - - [01/Mar/2014:15:54:50 +0100] "GET /seiten/start.htm HTTP/1.1" 200 7516 "http://vivasan.swisstrade.ru/" "Mozilla/4.0 (compatible; MSIE 6.0; Windows NT 5.1; ru) Opera 8.50"
178.137.82.209 - - [01/Mar/2014:15:54:50 +0100] "GET /seiten/start.htm HTTP/1.1" 200 7516 "http://vivasan.swisstrade.ru/" "Mozilla/4.0 (compatible; MSIE 6.0; Windows NT 5.1; ru) Opera 8.50"
178.137.82.209 - - [01/Mar/2014:15:54:51 +0100] "GET /seiten/start.htm HTTP/1.1" 200 7516 "http://vivasan.swisstrade.ru/" "Mozilla/4.0 (compatible; MSIE 6.0; Windows NT 5.1; ru) Opera 8.50"
66.249.65.20 - - [01/Mar/2014:16:38:05 +0100] "GET /robots.txt HTTP/1.1" 200 157 "-" "Mozilla/5.0 (compatible; Googlebot/2.1; +http://www.google.com/bot.html)"
66.249.65.251 - - [01/Mar/2014:16:38:06 +0100] "GET / HTTP/1.1" 200 2663 "-" "Mozilla/5.0 (compatible; Googlebot/2.1; +http://www.google.com/bot.html)"
92.249.127.111 - - [01/Mar/2014:18:20:14 +0100] "GET /seiten/start.htm HTTP/1.1" 200 7516 "http://chimiver.info/" "Mozilla/4.0 (compatible; MSIE 6.0; AOL 9.0; Windows NT 5.1)"
92.249.127.111 - - [01/Mar/2014:18:20:15 +0100] "GET /seiten/start.htm HTTP/1.1" 200 7516 "http://chimiver.info/" "Mozilla/4.0 (compatible; MSIE 6.0; AOL 9.0; Windows NT 5.1)"
92.249.127.111 - - [01/Mar/2014:18:20:15 +0100] "GET /seiten/start.htm HTTP/1.1" 200 7516 "http://chimiver.info/" "Mozilla/4.0 (compatible; MSIE 6.0; AOL 9.0; Windows NT 5.1)"
162.210.196.98 - - [01/Mar/2014:22:42:33 +0100] "GET /robots.txt HTTP/1.0" 200 157 "-" "Mozilla/5.0 (compatible; MJ12bot/v1.4.4; http://www.majestic12.co.uk/bot.php?+)"
162.210.196.98 - - [01/Mar/2014:22:42:34 +0100] "GET / HTTP/1.0" 200 2663 "-" "Mozilla/5.0 (compatible; MJ12bot/v1.4.4; http://www.majestic12.co.uk/bot.php?+)"
94.153.64.251 - - [02/Mar/2014:00:44:54 +0100] "GET /seiten/start.htm HTTP/1.1" 200 7516 "http://zolotoy-lis.ru/" "Mozilla/4.76 [en] (Windows NT 5.0; U)"
94.153.64.251 - - [02/Mar/2014:00:44:55 +0100] "GET /seiten/start.htm HTTP/1.1" 200 7516 "http://zolotoy-lis.ru/" "Mozilla/4.76 [en] (Windows NT 5.0; U)"
94.153.64.251 - - [02/Mar/2014:00:44:55 +0100] "GET /seiten/start.htm HTTP/1.1" 200 7516 "http://zolotoy-lis.ru/" "Mozilla/4.76 [en] (Windows NT 5.0; U)"
66.249.65.52 - - [02/Mar/2014:01:14:30 +0100] "GET /seiten/dialyse.htm HTTP/1.1" 200 7403 "-" "SAMSUNG-SGH-E250/1.0 Profile/MIDP-2.0 Configuration/CLDC-1.1 UP.Browser/6.2.3.3.c.1.101 (GUI) MMP/2.0 (compatible; Googlebot-Mobile/2.1; +http://www.google.com/bot.html)"
94.153.64.251 - - [02/Mar/2014:05:07:30 +0100] "GET /seiten/start.htm HTTP/1.1" 200 7516 "http://blogpic.ru/" "Mozilla/4.0 (compatible; MSIE 6.0; Windows NT 5.1; SV1; .NET CLR 1.1.4322; .NET CLR 2.0.50727)"
94.153.64.251 - - [02/Mar/2014:05:07:30 +0100] "GET /seiten/start.htm HTTP/1.1" 200 7516 "http://blogpic.ru/" "Mozilla/4.0 (compatible; MSIE 6.0; Windows NT 5.1; SV1; .NET CLR 1.1.4322; .NET CLR 2.0.50727)"
94.153.64.251 - - [02/Mar/2014:05:07:30 +0100] "GET /seiten/start.htm HTTP/1.1" 200 7516 "http://blogpic.ru/" "Mozilla/4.0 (compatible; MSIE 6.0; Windows NT 5.1; SV1; .NET CLR 1.1.4322; .NET CLR 2.0.50727)"
199.30.20.19 - - [02/Mar/2014:07:30:57 +0100] "GET /robots.txt HTTP/1.1" 200 157 "-" "msnbot-media/1.1 (+http://search.msn.com/msnbot.htm)"
199.30.20.19 - - [02/Mar/2014:07:30:57 +0100] "GET /img/main_pic.jpg HTTP/1.1" 200 14864 "-" "msnbot-media/1.1 (+http://search.msn.com/msnbot.htm)"
5.10.83.27 - - [02/Mar/2014:09:05:56 +0100] "GET /seiten/leist.htm HTTP/1.1" 200 7640 "-" "Mozilla/5.0 (compatible; AhrefsBot/5.0; +http://ahrefs.com/robot/)"
66.249.65.52 - - [02/Mar/2014:09:26:38 +0100] "GET /seiten/start.htm HTTP/1.1" 304 - "-" "Mozilla/5.0 (iPhone; CPU iPhone OS 6_0 like Mac OS X) AppleWebKit/536.26 (KHTML, like Gecko) Version/6.0 Mobile/10A5376e Safari/8536.25 (compatible; Googlebot/2.1; +http://www.google.com/bot.html)"
66.249.65.20 - - [02/Mar/2014:10:03:12 +0100] "GET /seiten/kont.htm HTTP/1.1" 304 - "-" "Mozilla/5.0 (iPhone; CPU iPhone OS 6_0 like Mac OS X) AppleWebKit/536.26 (KHTML, like Gecko) Version/6.0 Mobile/10A5376e Safari/8536.25 (compatible; Googlebot/2.1; +http://www.google.com/bot.html)"
208.115.111.73 - - [02/Mar/2014:10:30:11 +0100] "GET /robots.txt HTTP/1.1" 200 157 "-" "Mozilla/5.0 (compatible; Ezooms/1.0; help@moz.com)"
93.217.196.89 - - [02/Mar/2014:10:31:52 +0100] "GET /seiten/impr.htm HTTP/1.1" 200 9648 "http://www.google.de/url?sa=t&rct=j&q=&esrc=s&source=web&cd=6&ved=0CFMQFjAF&url=http%3A%2F%2Fwww.dialyse-borna.de%2Fseiten%2Fimpr.htm&ei=G_oSU4LyDoSRtQaz8IHQBA&usg=AFQjCNHLZZEhkKT2QkjwwRmqgb-uGk-kyg&bvm=bv.62286460,d.Yms" "Mozilla/5.0 (Windows NT 6.1; WOW64; rv:27.0) Gecko/20100101 Firefox/27.0"
93.217.196.89 - - [02/Mar/2014:10:31:52 +0100] "GET /css/borna.css HTTP/1.1" 200 2909 "http://www.dialyse-borna.de/seiten/impr.htm" "Mozilla/5.0 (Windows NT 6.1; WOW64; rv:27.0) Gecko/20100101 Firefox/27.0"
93.217.196.89 - - [02/Mar/2014:10:31:52 +0100] "GET /img/men01.gif HTTP/1.1" 200 432 "http://www.dialyse-borna.de/seiten/impr.htm" "Mozilla/5.0 (Windows NT 6.1; WOW64; rv:27.0) Gecko/20100101 Firefox/27.0"
93.217.196.89 - - [02/Mar/2014:10:31:52 +0100] "GET /img/men02.gif HTTP/1.1" 200 1273 "http://www.dialyse-borna.de/seiten/impr.htm" "Mozilla/5.0 (Windows NT 6.1; WOW64; rv:27.0) Gecko/20100101 Firefox/27.0"
93.217.196.89 - - [02/Mar/2014:10:31:52 +0100] "GET /img/men03.gif HTTP/1.1" 200 1621 "http://www.dialyse-borna.de/seiten/impr.htm" "Mozilla/5.0 (Windows NT 6.1; WOW64; rv:27.0) Gecko/20100101 Firefox/27.0"
93.217.196.89 - - [02/Mar/2014:10:31:52 +0100] "GET /img/1pixel.gif HTTP/1.1" 200 45 "http://www.dialyse-borna.de/seiten/impr.htm" "Mozilla/5.0 (Windows NT 6.1; WOW64; rv:27.0) Gecko/20100101 Firefox/27.0"
93.217.196.89 - - [02/Mar/2014:10:31:52 +0100] "GET /img/men04.gif HTTP/1.1" 200 1395 "http://www.dialyse-borna.de/seiten/impr.htm" "Mozilla/5.0 (Windows NT 6.1; WOW64; rv:27.0) Gecko/20100101 Firefox/27.0"
93.217.196.89 - - [02/Mar/2014:10:31:52 +0100] "GET /img/men06.gif HTTP/1.1" 200 1162 "http://www.dialyse-borna.de/seiten/impr.htm" "Mozilla/5.0 (Windows NT 6.1; WOW64; rv:27.0) Gecko/20100101 Firefox/27.0"
93.217.196.89 - - [02/Mar/2014:10:31:52 +0100] "GET /img/men08a.gif HTTP/1.1" 200 819 "http://www.dialyse-borna.de/seiten/impr.htm" "Mozilla/5.0 (Windows NT 6.1; WOW64; rv:27.0) Gecko/20100101 Firefox/27.0"
93.217.196.89 - - [02/Mar/2014:10:31:52 +0100] "GET /img/men07.gif HTTP/1.1" 200 1396 "http://www.dialyse-borna.de/seiten/impr.htm" "Mozilla/5.0 (Windows NT 6.1; WOW64; rv:27.0) Gecko/20100101 Firefox/27.0"
93.217.196.89 - - [02/Mar/2014:10:31:52 +0100] "GET /img/men09.gif HTTP/1.1" 200 708 "http://www.dialyse-borna.de/seiten/impr.htm" "Mozilla/5.0 (Windows NT 6.1; WOW64; rv:27.0) Gecko/20100101 Firefox/27.0"
93.217.196.89 - - [02/Mar/2014:10:31:52 +0100] "GET /img/lay03.gif HTTP/1.1" 200 671 "http://www.dialyse-borna.de/seiten/impr.htm" "Mozilla/5.0 (Windows NT 6.1; WOW64; rv:27.0) Gecko/20100101 Firefox/27.0"
93.217.196.89 - - [02/Mar/2014:10:31:52 +0100] "GET /img/lay04.gif HTTP/1.1" 200 210 "http://www.dialyse-borna.de/seiten/impr.htm" "Mozilla/5.0 (Windows NT 6.1; WOW64; rv:27.0) Gecko/20100101 Firefox/27.0"
93.217.196.89 - - [02/Mar/2014:10:31:52 +0100] "GET /img/lay07.gif HTTP/1.1" 200 272 "http://www.dialyse-borna.de/seiten/impr.htm" "Mozilla/5.0 (Windows NT 6.1; WOW64; rv:27.0) Gecko/20100101 Firefox/27.0"
93.217.196.89 - - [02/Mar/2014:10:31:52 +0100] "GET /img/bg2.gif HTTP/1.1" 200 49 "http://www.dialyse-borna.de/seiten/impr.htm" "Mozilla/5.0 (Windows NT 6.1; WOW64; rv:27.0) Gecko/20100101 Firefox/27.0"
93.217.196.89 - - [02/Mar/2014:10:31:52 +0100] "GET /img/lay01.gif HTTP/1.1" 200 384 "http://www.dialyse-borna.de/seiten/impr.htm" "Mozilla/5.0 (Windows NT 6.1; WOW64; rv:27.0) Gecko/20100101 Firefox/27.0"
93.217.196.89 - - [02/Mar/2014:10:31:52 +0100] "GET /img/lay02.gif HTTP/1.1" 200 3503 "http://www.dialyse-borna.de/seiten/impr.htm" "Mozilla/5.0 (Windows NT 6.1; WOW64; rv:27.0) Gecko/20100101 Firefox/27.0"
93.217.196.89 - - [02/Mar/2014:10:31:52 +0100] "GET /img/lay08.gif HTTP/1.1" 200 322 "http://www.dialyse-borna.de/seiten/impr.htm" "Mozilla/5.0 (Windows NT 6.1; WOW64; rv:27.0) Gecko/20100101 Firefox/27.0"
93.217.196.89 - - [02/Mar/2014:10:31:52 +0100] "GET /img/bg3.gif HTTP/1.1" 200 143 "http://www.dialyse-borna.de/seiten/impr.htm" "Mozilla/5.0 (Windows NT 6.1; WOW64; rv:27.0) Gecko/20100101 Firefox/27.0"
93.217.196.89 - - [02/Mar/2014:10:31:52 +0100] "GET /img/bg1.gif HTTP/1.1" 200 54 "http://www.dialyse-borna.de/seiten/impr.htm" "Mozilla/5.0 (Windows NT 6.1; WOW64; rv:27.0) Gecko/20100101 Firefox/27.0"
93.217.196.89 - - [02/Mar/2014:10:31:52 +0100] "GET /img/bg4.gif HTTP/1.1" 200 135 "http://www.dialyse-borna.de/seiten/impr.htm" "Mozilla/5.0 (Windows NT 6.1; WOW64; rv:27.0) Gecko/20100101 Firefox/27.0"
93.217.196.89 - - [02/Mar/2014:10:31:52 +0100] "GET /img/lay05.gif HTTP/1.1" 200 541 "http://www.dialyse-borna.de/seiten/impr.htm" "Mozilla/5.0 (Windows NT 6.1; WOW64; rv:27.0) Gecko/20100101 Firefox/27.0"
93.217.196.89 - - [02/Mar/2014:10:31:52 +0100] "GET /img/men02a.gif HTTP/1.1" 200 589 "http://www.dialyse-borna.de/seiten/impr.htm" "Mozilla/5.0 (Windows NT 6.1; WOW64; rv:27.0) Gecko/20100101 Firefox/27.0"
93.217.196.89 - - [02/Mar/2014:10:31:52 +0100] "GET /img/men03a.gif HTTP/1.1" 200 820 "http://www.dialyse-borna.de/seiten/impr.htm" "Mozilla/5.0 (Windows NT 6.1; WOW64; rv:27.0) Gecko/20100101 Firefox/27.0"
93.217.196.89 - - [02/Mar/2014:10:31:52 +0100] "GET /img/men04a.gif HTTP/1.1" 200 669 "http://www.dialyse-borna.de/seiten/impr.htm" "Mozilla/5.0 (Windows NT 6.1; WOW64; rv:27.0) Gecko/20100101 Firefox/27.0"
93.217.196.89 - - [02/Mar/2014:10:31:52 +0100] "GET /img/men05a.gif HTTP/1.1" 200 556 "http://www.dialyse-borna.de/seiten/impr.htm" "Mozilla/5.0 (Windows NT 6.1; WOW64; rv:27.0) Gecko/20100101 Firefox/27.0"
93.217.196.89 - - [02/Mar/2014:10:31:52 +0100] "GET /img/men06a.gif HTTP/1.1" 200 518 "http://www.dialyse-borna.de/seiten/impr.htm" "Mozilla/5.0 (Windows NT 6.1; WOW64; rv:27.0) Gecko/20100101 Firefox/27.0"
93.217.196.89 - - [02/Mar/2014:10:31:52 +0100] "GET /img/men07a.gif HTTP/1.1" 200 666 "http://www.dialyse-borna.de/seiten/impr.htm" "Mozilla/5.0 (Windows NT 6.1; WOW64; rv:27.0) Gecko/20100101 Firefox/27.0"
93.217.196.89 - - [02/Mar/2014:10:31:52 +0100] "GET /favicon.ico HTTP/1.1" 404 1256 "-" "Mozilla/5.0 (Windows NT 6.1; WOW64; rv:27.0) Gecko/20100101 Firefox/27.0"
93.217.196.89 - - [02/Mar/2014:10:31:52 +0100] "GET /favicon.ico HTTP/1.1" 404 1256 "-" "Mozilla/5.0 (Windows NT 6.1; WOW64; rv:27.0) Gecko/20100101 Firefox/27.0"
93.217.196.89 - - [02/Mar/2014:10:31:57 +0100] "GET /seiten/praxis.htm HTTP/1.1" 200 7847 "http://www.dialyse-borna.de/seiten/impr.htm" "Mozilla/5.0 (Windows NT 6.1; WOW64; rv:27.0) Gecko/20100101 Firefox/27.0"
93.217.196.89 - - [02/Mar/2014:10:31:57 +0100] "GET /img/men08.gif HTTP/1.1" 200 1642 "http://www.dialyse-borna.de/seiten/praxis.htm" "Mozilla/5.0 (Windows NT 6.1; WOW64; rv:27.0) Gecko/20100101 Firefox/27.0"
93.217.196.89 - - [02/Mar/2014:10:31:57 +0100] "GET /img/schild.jpg HTTP/1.1" 200 12757 "http://www.dialyse-borna.de/seiten/praxis.htm" "Mozilla/5.0 (Windows NT 6.1; WOW64; rv:27.0) Gecko/20100101 Firefox/27.0"
93.217.196.89 - - [02/Mar/2014:10:32:02 +0100] "GET /seiten/leist.htm HTTP/1.1" 200 7640 "http://www.dialyse-borna.de/seiten/praxis.htm" "Mozilla/5.0 (Windows NT 6.1; WOW64; rv:27.0) Gecko/20100101 Firefox/27.0"
93.217.196.89 - - [02/Mar/2014:10:32:02 +0100] "GET /img/leist.jpg HTTP/1.1" 200 18546 "http://www.dialyse-borna.de/seiten/leist.htm" "Mozilla/5.0 (Windows NT 6.1; WOW64; rv:27.0) Gecko/20100101 Firefox/27.0"
193.150.120.33 - - [02/Mar/2014:10:51:37 +0100] "GET /seiten/start.htm HTTP/1.1" 200 7516 "http://forms-mtm.ru/" "Mozilla/4.0 (compatible; MSIE 6.0; Windows NT 5.1; SV1)"
193.150.120.33 - - [02/Mar/2014:10:51:37 +0100] "GET /seiten/start.htm HTTP/1.1" 200 7516 "http://forms-mtm.ru/" "Mozilla/4.0 (compatible; MSIE 6.0; Windows NT 5.1; SV1)"
193.150.120.33 - - [02/Mar/2014:10:51:38 +0100] "GET /seiten/start.htm HTTP/1.1" 200 7516 "http://forms-mtm.ru/" "Mozilla/4.0 (compatible; MSIE 6.0; Windows NT 5.1; SV1)"
193.150.120.33 - - [02/Mar/2014:12:10:26 +0100] "GET /seiten/start.htm HTTP/1.1" 200 7516 "http://toyota.afora.ru/" "Mozilla/4.0 (compatible; Powermarks/3.5; Windows 95/98/2000/NT)"
193.150.120.33 - - [02/Mar/2014:12:10:26 +0100] "GET /seiten/start.htm HTTP/1.1" 200 7516 "http://toyota.afora.ru/" "Mozilla/4.0 (compatible; Powermarks/3.5; Windows 95/98/2000/NT)"
193.150.120.33 - - [02/Mar/2014:12:10:27 +0100] "GET /seiten/start.htm HTTP/1.1" 200 7516 "http://toyota.afora.ru/" "Mozilla/4.0 (compatible; Powermarks/3.5; Windows 95/98/2000/NT)"
208.115.111.73 - - [02/Mar/2014:12:17:52 +0100] "GET /seiten/leist.htm HTTP/1.1" 200 7640 "-" "Mozilla/5.0 (compatible; Ezooms/1.0; help@moz.com)"
141.8.147.12 - - [02/Mar/2014:13:38:46 +0100] "GET /robots.txt HTTP/1.1" 200 157 "-" "Mozilla/5.0 (compatible; YandexBot/3.0; +http://yandex.com/bots)"
193.150.120.33 - - [02/Mar/2014:14:14:37 +0100] "GET /seiten/start.htm HTTP/1.1" 200 7516 "http://uborka-doma.net/" "Mozilla/4.0 (compatible; MSIE 5.5; Windows NT 4.0)"
193.150.120.33 - - [02/Mar/2014:14:14:38 +0100] "GET /seiten/start.htm HTTP/1.1" 200 7516 "http://uborka-doma.net/" "Mozilla/4.0 (compatible; MSIE 5.5; Windows NT 4.0)"
193.150.120.33 - - [02/Mar/2014:14:14:38 +0100] "GET /seiten/start.htm HTTP/1.1" 200 7516 "http://uborka-doma.net/" "Mozilla/4.0 (compatible; MSIE 5.5; Windows NT 4.0)"
178.137.167.118 - - [02/Mar/2014:14:51:10 +0100] "GET /seiten/start.htm HTTP/1.1" 200 7516 "http://detalizaciya-tut.biz/" "Mozilla/4.0 (compatible; MSIE 6.0; Windows NT 5.1; MRA 4.3 (build 01218); .NET CLR 1.1.4322)"
178.137.167.118 - - [02/Mar/2014:14:51:10 +0100] "GET /seiten/start.htm HTTP/1.1" 200 7516 "http://detalizaciya-tut.biz/" "Mozilla/4.0 (compatible; MSIE 6.0; Windows NT 5.1; MRA 4.3 (build 01218); .NET CLR 1.1.4322)"
178.137.167.118 - - [02/Mar/2014:14:51:10 +0100] "GET /seiten/start.htm HTTP/1.1" 200 7516 "http://detalizaciya-tut.biz/" "Mozilla/4.0 (compatible; MSIE 6.0; Windows NT 5.1; MRA 4.3 (build 01218); .NET CLR 1.1.4322)"
141.8.147.12 - - [02/Mar/2014:17:24:59 +0100] "GET /seiten/function.include HTTP/1.1" 404 1256 "-" "Mozilla/5.0 (compatible; YandexBot/3.0; +http://yandex.com/bots)"
66.249.65.52 - - [02/Mar/2014:17:27:20 +0100] "GET /robots.txt HTTP/1.1" 200 157 "-" "Mozilla/5.0 (compatible; Googlebot/2.1; +http://www.google.com/bot.html)"
66.249.65.20 - - [02/Mar/2014:17:27:20 +0100] "GET / HTTP/1.1" 200 2663 "-" "SAMSUNG-SGH-E250/1.0 Profile/MIDP-2.0 Configuration/CLDC-1.1 UP.Browser/6.2.3.3.c.1.101 (GUI) MMP/2.0 (compatible; Googlebot-Mobile/2.1; +http://www.google.com/bot.html)"
157.55.33.18 - - [02/Mar/2014:21:52:36 +0100] "GET /robots.txt HTTP/1.1" 200 157 "-" "Mozilla/5.0 (compatible; bingbot/2.0; +http://www.bing.com/bingbot.htm)"
157.55.33.18 - - [02/Mar/2014:22:52:49 +0100] "GET /seiten/impr.htm HTTP/1.1" 304 - "-" "Mozilla/5.0 (compatible; bingbot/2.0; +http://www.bing.com/bingbot.htm)"
141.8.147.12 - - [02/Mar/2014:23:16:50 +0100] "GET / HTTP/1.1" 200 2663 "-" "Mozilla/5.0 (compatible; YandexBot/3.0; +http://yandex.com/bots)"
109.120.157.179 - - [03/Mar/2014:00:51:56 +0100] "GET /seiten/start.htm HTTP/1.1" 200 7516 "http://gfaq.ru/forum" "Mozilla/5.0 (compatible; Add Catalog/2.1;)"
109.120.157.179 - - [03/Mar/2014:00:51:57 +0100] "GET /seiten/start.htm HTTP/1.1" 200 7516 "http://gfaq.ru/forum" "Mozilla/5.0 (compatible; Add Catalog/2.1;)"
46.118.115.66 - - [03/Mar/2014:01:03:03 +0100] "GET /seiten/start.htm HTTP/1.1" 200 7516 "http://darkbooks.org/" "Mozilla/4.0 (compatible; MSIE 6.0; Windows NT 5.1; SV1; .NET CLR 1.1.4322) NS8/0.9.6"
46.118.115.66 - - [03/Mar/2014:01:03:04 +0100] "GET /seiten/start.htm HTTP/1.1" 200 7516 "http://darkbooks.org/" "Mozilla/4.0 (compatible; MSIE 6.0; Windows NT 5.1; SV1; .NET CLR 1.1.4322) NS8/0.9.6"
46.118.115.66 - - [03/Mar/2014:01:03:07 +0100] "GET /seiten/start.htm HTTP/1.1" 200 7516 "http://darkbooks.org/" "Mozilla/4.0 (compatible; MSIE 6.0; Windows NT 5.1; SV1; .NET CLR 1.1.4322) NS8/0.9.6"
94.153.65.49 - - [03/Mar/2014:01:12:15 +0100] "GET /seiten/start.htm HTTP/1.1" 200 7516 "http://www.mymebel.by/" "Mozilla/4.0 (compatible; MSIE 6.0; Windows NT 5.2; Win64; x64; SV1; .NET CLR 2.0.50727)"
94.153.65.49 - - [03/Mar/2014:01:12:15 +0100] "GET /seiten/start.htm HTTP/1.1" 200 7516 "http://www.mymebel.by/" "Mozilla/4.0 (compatible; MSIE 6.0; Windows NT 5.2; Win64; x64; SV1; .NET CLR 2.0.50727)"
157.55.33.90 - - [03/Mar/2014:02:00:11 +0100] "GET /robots.txt HTTP/1.1" 200 157 "-" "Mozilla/5.0 (compatible; bingbot/2.0; +http://www.bing.com/bingbot.htm)"
157.55.33.90 - - [03/Mar/2014:02:27:28 +0100] "GET / HTTP/1.1" 200 2663 "-" "Mozilla/5.0 (compatible; bingbot/2.0; +http://www.bing.com/bingbot.htm)"
141.8.147.12 - - [03/Mar/2014:02:51:44 +0100] "GET /robots.txt HTTP/1.1" 200 157 "-" "Mozilla/5.0 (compatible; YandexBot/3.0; +http://yandex.com/bots)"
141.8.147.12 - - [03/Mar/2014:02:53:26 +0100] "GET /img/bilder.swf HTTP/1.1" 200 78858 "-" "Mozilla/5.0 (compatible; YandexBot/3.0; +http://yandex.com/bots)"
82.193.99.33 - - [03/Mar/2014:04:04:06 +0100] "GET /seiten/start.htm HTTP/1.1" 200 7516 "http://obmenoff.net/" "Mozilla/4.0 (compatible; MSIE 6.0; Windows NT 5.1; SV1; Media Center PC"
82.193.99.33 - - [03/Mar/2014:04:04:07 +0100] "GET /seiten/start.htm HTTP/1.1" 200 7516 "http://obmenoff.net/" "Mozilla/4.0 (compatible; MSIE 6.0; Windows NT 5.1; SV1; Media Center PC"
82.193.99.33 - - [03/Mar/2014:04:04:08 +0100] "GET /seiten/start.htm HTTP/1.1" 200 7516 "http://obmenoff.net/" "Mozilla/4.0 (compatible; MSIE 6.0; Windows NT 5.1; SV1; Media Center PC"
5.255.253.79 - - [03/Mar/2014:05:19:01 +0100] "GET /robots.txt HTTP/1.1" 200 157 "-" "Mozilla/5.0 (compatible; YandexImages/3.0; +http://yandex.com/bots)"
94.23.167.218 - - [03/Mar/2014:05:40:44 +0100] "GET /seiten/kont.htm HTTP/1.1" 200 8048 "-" "Mozilla/5.0 (X11; Linux i686; rv:6.0) Gecko/20100101 Firefox/6.0"
193.111.141.116 - - [03/Mar/2014:05:40:44 +0100] "GET /seiten/impr.htm HTTP/1.1" 200 9648 "-" "Mozilla/5.0 (X11; Linux i686; rv:6.0) Gecko/20100101 Firefox/6.0"
5.255.253.79 - - [03/Mar/2014:06:12:59 +0100] "GET /img/schild.jpg HTTP/1.1" 304 - "-" "Mozilla/5.0 (compatible; YandexImages/3.0; +http://yandex.com/bots)"
178.137.82.209 - - [03/Mar/2014:06:36:43 +0100] "GET /seiten/start.htm HTTP/1.1" 200 7516 "http://volume-pills.biz/" "Mozilla/4.0 (compatible; MSIE 6.0; Windows NT 5.1; SV1; FunWebProducts; .NET CLR 1.1.4322; PeoplePal 6.2)"
178.137.82.209 - - [03/Mar/2014:06:36:43 +0100] "GET /seiten/start.htm HTTP/1.1" 200 7516 "http://volume-pills.biz/" "Mozilla/4.0 (compatible; MSIE 6.0; Windows NT 5.1; SV1; FunWebProducts; .NET CLR 1.1.4322; PeoplePal 6.2)"
178.137.82.209 - - [03/Mar/2014:06:36:43 +0100] "GET /seiten/start.htm HTTP/1.1" 200 7516 "http://volume-pills.biz/" "Mozilla/4.0 (compatible; MSIE 6.0; Windows NT 5.1; SV1; FunWebProducts; .NET CLR 1.1.4322; PeoplePal 6.2)"
192.3.180.208 - - [03/Mar/2014:06:56:04 +0100] "GET /seiten/links.htm HTTP/1.0" 200 7302 "http://www.dialyse-borna.de/" "Mozilla/5.0 (Windows NT 5.1; rv:21.0) Gecko/20100101 Firefox/21.0"
192.3.180.208 - - [03/Mar/2014:06:56:05 +0100] "GET /seiten/dialyse.htm HTTP/1.0" 200 7403 "http://www.dialyse-borna.de/" "Mozilla/5.0 (Windows NT 5.1; rv:21.0) Gecko/20100101 Firefox/21.0"
5.255.253.79 - - [03/Mar/2014:06:56:10 +0100] "GET /img/main_pic.jpg HTTP/1.1" 304 - "-" "Mozilla/5.0 (compatible; YandexImages/3.0; +http://yandex.com/bots)"
5.255.253.79 - - [03/Mar/2014:07:39:21 +0100] "GET /img/dialyse.jpg HTTP/1.1" 304 - "-" "Mozilla/5.0 (compatible; YandexImages/3.0; +http://yandex.com/bots)"
5.255.253.79 - - [03/Mar/2014:08:33:19 +0100] "GET /img/leist.jpg HTTP/1.1" 304 - "-" "Mozilla/5.0 (compatible; YandexImages/3.0; +http://yandex.com/bots)"
92.249.127.111 - - [03/Mar/2014:08:47:27 +0100] "GET /seiten/start.htm HTTP/1.1" 200 7516 "http://chimiver.info/" "Mozilla/4.0 (compatible; MSIE 6.0; AOL 9.0; Windows NT 5.1)"
92.249.127.111 - - [03/Mar/2014:08:47:27 +0100] "GET /seiten/start.htm HTTP/1.1" 200 7516 "http://chimiver.info/" "Mozilla/4.0 (compatible; MSIE 6.0; AOL 9.0; Windows NT 5.1)"
92.249.127.111 - - [03/Mar/2014:08:47:28 +0100] "GET /seiten/start.htm HTTP/1.1" 200 7516 "http://chimiver.info/" "Mozilla/4.0 (compatible; MSIE 6.0; AOL 9.0; Windows NT 5.1)"
5.255.253.79 - - [03/Mar/2014:08:54:55 +0100] "GET /img/links.jpg HTTP/1.1" 304 - "-" "Mozilla/5.0 (compatible; YandexImages/3.0; +http://yandex.com/bots)"
5.10.83.8 - - [03/Mar/2014:09:01:36 +0100] "GET / HTTP/1.1" 200 2663 "-" "Mozilla/5.0 (compatible; AhrefsBot/5.0; +http://ahrefs.com/robot/)"
178.255.215.68 - - [03/Mar/2014:09:24:15 +0100] "GET /robots.txt HTTP/1.1" 200 157 "-" "Mozilla/5.0 (compatible; Exabot/3.0; +http://www.exabot.com/go/robot)"
178.255.215.68 - - [03/Mar/2014:09:24:15 +0100] "GET / HTTP/1.1" 304 - "-" "Mozilla/5.0 (compatible; Exabot/3.0; +http://www.exabot.com/go/robot)"
66.249.65.251 - - [03/Mar/2014:12:00:24 +0100] "GET /robots.txt HTTP/1.1" 200 157 "-" "Mozilla/5.0 (compatible; Googlebot/2.1; +http://www.google.com/bot.html)"
66.249.65.251 - - [03/Mar/2014:12:00:25 +0100] "GET /seiten/start.htm HTTP/1.1" 304 - "-" "Mozilla/5.0 (iPhone; CPU iPhone OS 6_0 like Mac OS X) AppleWebKit/536.26 (KHTML, like Gecko) Version/6.0 Mobile/10A5376e Safari/8536.25 (compatible; Googlebot/2.1; +http://www.google.com/bot.html)"
66.249.65.52 - - [03/Mar/2014:12:14:56 +0100] "GET /seiten/kont.htm HTTP/1.1" 304 - "-" "SAMSUNG-SGH-E250/1.0 Profile/MIDP-2.0 Configuration/CLDC-1.1 UP.Browser/6.2.3.3.c.1.101 (GUI) MMP/2.0 (compatible; Googlebot-Mobile/2.1; +http://www.google.com/bot.html)"
193.150.120.33 - - [03/Mar/2014:12:17:48 +0100] "GET /seiten/start.htm HTTP/1.1" 200 7516 "http://imsu-kyiv.com/" "Mozilla/4.7 (compatible; OffByOne; Windows 2000) Webster Pro V3.4"
193.150.120.33 - - [03/Mar/2014:12:17:49 +0100] "GET /seiten/start.htm HTTP/1.1" 200 7516 "http://imsu-kyiv.com/" "Mozilla/4.7 (compatible; OffByOne; Windows 2000) Webster Pro V3.4"
193.150.120.33 - - [03/Mar/2014:12:17:50 +0100] "GET /seiten/start.htm HTTP/1.1" 200 7516 "http://imsu-kyiv.com/" "Mozilla/4.7 (compatible; OffByOne; Windows 2000) Webster Pro V3.4"
66.249.65.52 - - [03/Mar/2014:12:42:00 +0100] "GET / HTTP/1.1" 200 2663 "-" "Mozilla/5.0 (compatible; Googlebot/2.1; +http://www.google.com/bot.html)"
217.9.49.1 - - [03/Mar/2014:13:27:56 +0100] "GET /seiten/leist.htm HTTP/1.1" 200 7640 "-" "Mozilla/4.0 (compatible; MSIE 7.0; Windows NT 5.1; i-NavFourF; .NET CLR 1.1.4322; .NET CLR 2.0.50727; .NET CLR 3.0.4506.2152; .NET CLR 3.5.30729)"
217.9.49.1 - - [03/Mar/2014:13:27:57 +0100] "GET /css/borna.css HTTP/1.1" 200 2909 "http://www.dialyse-borna.de/seiten/leist.htm" "Mozilla/4.0 (compatible; MSIE 7.0; Windows NT 5.1; i-NavFourF; .NET CLR 1.1.4322; .NET CLR 2.0.50727; .NET CLR 3.0.4506.2152; .NET CLR 3.5.30729)"
217.9.49.1 - - [03/Mar/2014:13:27:57 +0100] "GET /img/bg2.gif HTTP/1.1" 200 49 "http://www.dialyse-borna.de/seiten/leist.htm" "Mozilla/4.0 (compatible; MSIE 7.0; Windows NT 5.1; i-NavFourF; .NET CLR 1.1.4322; .NET CLR 2.0.50727; .NET CLR 3.0.4506.2152; .NET CLR 3.5.30729)"
217.9.49.1 - - [03/Mar/2014:13:27:57 +0100] "GET /img/men01.gif HTTP/1.1" 200 432 "http://www.dialyse-borna.de/seiten/leist.htm" "Mozilla/4.0 (compatible; MSIE 7.0; Windows NT 5.1; i-NavFourF; .NET CLR 1.1.4322; .NET CLR 2.0.50727; .NET CLR 3.0.4506.2152; .NET CLR 3.5.30729)"
217.9.49.1 - - [03/Mar/2014:13:27:57 +0100] "GET /img/men02.gif HTTP/1.1" 200 1273 "http://www.dialyse-borna.de/seiten/leist.htm" "Mozilla/4.0 (compatible; MSIE 7.0; Windows NT 5.1; i-NavFourF; .NET CLR 1.1.4322; .NET CLR 2.0.50727; .NET CLR 3.0.4506.2152; .NET CLR 3.5.30729)"
217.9.49.1 - - [03/Mar/2014:13:27:57 +0100] "GET /img/men03a.gif HTTP/1.1" 200 820 "http://www.dialyse-borna.de/seiten/leist.htm" "Mozilla/4.0 (compatible; MSIE 7.0; Windows NT 5.1; i-NavFourF; .NET CLR 1.1.4322; .NET CLR 2.0.50727; .NET CLR 3.0.4506.2152; .NET CLR 3.5.30729)"
217.9.49.1 - - [03/Mar/2014:13:27:57 +0100] "GET /img/men06.gif HTTP/1.1" 200 1162 "http://www.dialyse-borna.de/seiten/leist.htm" "Mozilla/4.0 (compatible; MSIE 7.0; Windows NT 5.1; i-NavFourF; .NET CLR 1.1.4322; .NET CLR 2.0.50727; .NET CLR 3.0.4506.2152; .NET CLR 3.5.30729)"
217.9.49.1 - - [03/Mar/2014:13:27:57 +0100] "GET /img/men04.gif HTTP/1.1" 200 1395 "http://www.dialyse-borna.de/seiten/leist.htm" "Mozilla/4.0 (compatible; MSIE 7.0; Windows NT 5.1; i-NavFourF; .NET CLR 1.1.4322; .NET CLR 2.0.50727; .NET CLR 3.0.4506.2152; .NET CLR 3.5.30729)"
217.9.49.1 - - [03/Mar/2014:13:27:57 +0100] "GET /img/1pixel.gif HTTP/1.1" 200 45 "http://www.dialyse-borna.de/seiten/leist.htm" "Mozilla/4.0 (compatible; MSIE 7.0; Windows NT 5.1; i-NavFourF; .NET CLR 1.1.4322; .NET CLR 2.0.50727; .NET CLR 3.0.4506.2152; .NET CLR 3.5.30729)"
217.9.49.1 - - [03/Mar/2014:13:27:57 +0100] "GET /img/men07.gif HTTP/1.1" 200 1396 "http://www.dialyse-borna.de/seiten/leist.htm" "Mozilla/4.0 (compatible; MSIE 7.0; Windows NT 5.1; i-NavFourF; .NET CLR 1.1.4322; .NET CLR 2.0.50727; .NET CLR 3.0.4506.2152; .NET CLR 3.5.30729)"
217.9.49.1 - - [03/Mar/2014:13:27:57 +0100] "GET /img/men08.gif HTTP/1.1" 200 1642 "http://www.dialyse-borna.de/seiten/leist.htm" "Mozilla/4.0 (compatible; MSIE 7.0; Windows NT 5.1; i-NavFourF; .NET CLR 1.1.4322; .NET CLR 2.0.50727; .NET CLR 3.0.4506.2152; .NET CLR 3.5.30729)"
217.9.49.1 - - [03/Mar/2014:13:27:57 +0100] "GET /img/men09.gif HTTP/1.1" 200 708 "http://www.dialyse-borna.de/seiten/leist.htm" "Mozilla/4.0 (compatible; MSIE 7.0; Windows NT 5.1; i-NavFourF; .NET CLR 1.1.4322; .NET CLR 2.0.50727; .NET CLR 3.0.4506.2152; .NET CLR 3.5.30729)"
217.9.49.1 - - [03/Mar/2014:13:27:57 +0100] "GET /img/lay03.gif HTTP/1.1" 200 671 "http://www.dialyse-borna.de/seiten/leist.htm" "Mozilla/4.0 (compatible; MSIE 7.0; Windows NT 5.1; i-NavFourF; .NET CLR 1.1.4322; .NET CLR 2.0.50727; .NET CLR 3.0.4506.2152; .NET CLR 3.5.30729)"
217.9.49.1 - - [03/Mar/2014:13:27:57 +0100] "GET /img/leist.jpg HTTP/1.1" 200 18546 "http://www.dialyse-borna.de/seiten/leist.htm" "Mozilla/4.0 (compatible; MSIE 7.0; Windows NT 5.1; i-NavFourF; .NET CLR 1.1.4322; .NET CLR 2.0.50727; .NET CLR 3.0.4506.2152; .NET CLR 3.5.30729)"
217.9.49.1 - - [03/Mar/2014:13:27:57 +0100] "GET /img/lay04.gif HTTP/1.1" 200 210 "http://www.dialyse-borna.de/seiten/leist.htm" "Mozilla/4.0 (compatible; MSIE 7.0; Windows NT 5.1; i-NavFourF; .NET CLR 1.1.4322; .NET CLR 2.0.50727; .NET CLR 3.0.4506.2152; .NET CLR 3.5.30729)"
217.9.49.1 - - [03/Mar/2014:13:27:57 +0100] "GET /img/lay07.gif HTTP/1.1" 200 272 "http://www.dialyse-borna.de/seiten/leist.htm" "Mozilla/4.0 (compatible; MSIE 7.0; Windows NT 5.1; i-NavFourF; .NET CLR 1.1.4322; .NET CLR 2.0.50727; .NET CLR 3.0.4506.2152; .NET CLR 3.5.30729)"
217.9.49.1 - - [03/Mar/2014:13:27:57 +0100] "GET /img/lay01.gif HTTP/1.1" 200 384 "http://www.dialyse-borna.de/seiten/leist.htm" "Mozilla/4.0 (compatible; MSIE 7.0; Windows NT 5.1; i-NavFourF; .NET CLR 1.1.4322; .NET CLR 2.0.50727; .NET CLR 3.0.4506.2152; .NET CLR 3.5.30729)"
217.9.49.1 - - [03/Mar/2014:13:27:57 +0100] "GET /img/lay02.gif HTTP/1.1" 200 3503 "http://www.dialyse-borna.de/seiten/leist.htm" "Mozilla/4.0 (compatible; MSIE 7.0; Windows NT 5.1; i-NavFourF; .NET CLR 1.1.4322; .NET CLR 2.0.50727; .NET CLR 3.0.4506.2152; .NET CLR 3.5.30729)"
217.9.49.1 - - [03/Mar/2014:13:27:57 +0100] "GET /img/lay08.gif HTTP/1.1" 200 322 "http://www.dialyse-borna.de/seiten/leist.htm" "Mozilla/4.0 (compatible; MSIE 7.0; Windows NT 5.1; i-NavFourF; .NET CLR 1.1.4322; .NET CLR 2.0.50727; .NET CLR 3.0.4506.2152; .NET CLR 3.5.30729)"
217.9.49.1 - - [03/Mar/2014:13:27:57 +0100] "GET /img/bg4.gif HTTP/1.1" 200 135 "http://www.dialyse-borna.de/seiten/leist.htm" "Mozilla/4.0 (compatible; MSIE 7.0; Windows NT 5.1; i-NavFourF; .NET CLR 1.1.4322; .NET CLR 2.0.50727; .NET CLR 3.0.4506.2152; .NET CLR 3.5.30729)"
217.9.49.1 - - [03/Mar/2014:13:27:57 +0100] "GET /img/bg1.gif HTTP/1.1" 200 54 "http://www.dialyse-borna.de/seiten/leist.htm" "Mozilla/4.0 (compatible; MSIE 7.0; Windows NT 5.1; i-NavFourF; .NET CLR 1.1.4322; .NET CLR 2.0.50727; .NET CLR 3.0.4506.2152; .NET CLR 3.5.30729)"
217.9.49.1 - - [03/Mar/2014:13:27:57 +0100] "GET /img/lay05.gif HTTP/1.1" 200 541 "http://www.dialyse-borna.de/seiten/leist.htm" "Mozilla/4.0 (compatible; MSIE 7.0; Windows NT 5.1; i-NavFourF; .NET CLR 1.1.4322; .NET CLR 2.0.50727; .NET CLR 3.0.4506.2152; .NET CLR 3.5.30729)"
217.9.49.1 - - [03/Mar/2014:13:27:57 +0100] "GET /img/bg3.gif HTTP/1.1" 200 143 "http://www.dialyse-borna.de/seiten/leist.htm" "Mozilla/4.0 (compatible; MSIE 7.0; Windows NT 5.1; i-NavFourF; .NET CLR 1.1.4322; .NET CLR 2.0.50727; .NET CLR 3.0.4506.2152; .NET CLR 3.5.30729)"
217.9.49.1 - - [03/Mar/2014:13:27:57 +0100] "GET /favicon.ico HTTP/1.1" 404 1256 "-" "Mozilla/4.0 (compatible; MSIE 7.0; Windows NT 5.1; i-NavFourF; .NET CLR 1.1.4322; .NET CLR 2.0.50727; .NET CLR 3.0.4506.2152; .NET CLR 3.5.30729)"
217.9.49.1 - - [03/Mar/2014:13:27:57 +0100] "GET /img/men02a.gif HTTP/1.1" 200 589 "http://www.dialyse-borna.de/seiten/leist.htm" "Mozilla/4.0 (compatible; MSIE 7.0; Windows NT 5.1; i-NavFourF; .NET CLR 1.1.4322; .NET CLR 2.0.50727; .NET CLR 3.0.4506.2152; .NET CLR 3.5.30729)"
217.9.49.1 - - [03/Mar/2014:13:27:57 +0100] "GET /img/men05a.gif HTTP/1.1" 200 556 "http://www.dialyse-borna.de/seiten/leist.htm" "Mozilla/4.0 (compatible; MSIE 7.0; Windows NT 5.1; i-NavFourF; .NET CLR 1.1.4322; .NET CLR 2.0.50727; .NET CLR 3.0.4506.2152; .NET CLR 3.5.30729)"
217.9.49.1 - - [03/Mar/2014:13:27:57 +0100] "GET /img/men07a.gif HTTP/1.1" 200 666 "http://www.dialyse-borna.de/seiten/leist.htm" "Mozilla/4.0 (compatible; MSIE 7.0; Windows NT 5.1; i-NavFourF; .NET CLR 1.1.4322; .NET CLR 2.0.50727; .NET CLR 3.0.4506.2152; .NET CLR 3.5.30729)"
217.9.49.1 - - [03/Mar/2014:13:27:57 +0100] "GET /img/men04a.gif HTTP/1.1" 200 669 "http://www.dialyse-borna.de/seiten/leist.htm" "Mozilla/4.0 (compatible; MSIE 7.0; Windows NT 5.1; i-NavFourF; .NET CLR 1.1.4322; .NET CLR 2.0.50727; .NET CLR 3.0.4506.2152; .NET CLR 3.5.30729)"
217.9.49.1 - - [03/Mar/2014:13:27:57 +0100] "GET /img/men06a.gif HTTP/1.1" 200 518 "http://www.dialyse-borna.de/seiten/leist.htm" "Mozilla/4.0 (compatible; MSIE 7.0; Windows NT 5.1; i-NavFourF; .NET CLR 1.1.4322; .NET CLR 2.0.50727; .NET CLR 3.0.4506.2152; .NET CLR 3.5.30729)"
217.9.49.1 - - [03/Mar/2014:13:27:57 +0100] "GET /img/men08a.gif HTTP/1.1" 200 819 "http://www.dialyse-borna.de/seiten/leist.htm" "Mozilla/4.0 (compatible; MSIE 7.0; Windows NT 5.1; i-NavFourF; .NET CLR 1.1.4322; .NET CLR 2.0.50727; .NET CLR 3.0.4506.2152; .NET CLR 3.5.30729)"
194.127.8.30 - - [03/Mar/2014:13:49:47 +0100] "GET /seiten/impr.htm HTTP/1.1" 200 9648 "-" "Mozilla/5.0 (compatible; MSIE 9.0; Windows NT 6.1; WOW64; Trident/5.0)"
194.127.8.30 - - [03/Mar/2014:13:49:47 +0100] "GET /seiten/impr.htm HTTP/1.1" 200 9648 "-" "Mozilla/5.0 (compatible; MSIE 9.0; Windows NT 6.1; WOW64; Trident/5.0)"
194.127.8.30 - - [03/Mar/2014:13:49:47 +0100] "GET /css/borna.css HTTP/1.1" 200 2909 "http://www.dialyse-borna.de/seiten/impr.htm" "Mozilla/5.0 (compatible; MSIE 9.0; Windows NT 6.1; WOW64; Trident/5.0)"
194.127.8.11 - - [03/Mar/2014:13:49:47 +0100] "GET /img/lay02.gif HTTP/1.1" 200 3503 "http://www.dialyse-borna.de/seiten/impr.htm" "Mozilla/5.0 (compatible; MSIE 9.0; Windows NT 6.1; WOW64; Trident/5.0)"
194.127.8.11 - - [03/Mar/2014:13:49:47 +0100] "GET /img/lay01.gif HTTP/1.1" 200 384 "http://www.dialyse-borna.de/seiten/impr.htm" "Mozilla/5.0 (compatible; MSIE 9.0; Windows NT 6.1; WOW64; Trident/5.0)"
194.127.8.12 - - [03/Mar/2014:13:49:47 +0100] "GET /img/men02.gif HTTP/1.1" 200 1273 "http://www.dialyse-borna.de/seiten/impr.htm" "Mozilla/5.0 (compatible; MSIE 9.0; Windows NT 6.1; WOW64; Trident/5.0)"
194.127.8.12 - - [03/Mar/2014:13:49:47 +0100] "GET /img/1pixel.gif HTTP/1.1" 200 45 "http://www.dialyse-borna.de/seiten/impr.htm" "Mozilla/5.0 (compatible; MSIE 9.0; Windows NT 6.1; WOW64; Trident/5.0)"
194.127.8.11 - - [03/Mar/2014:13:49:47 +0100] "GET /img/men03.gif HTTP/1.1" 200 1621 "http://www.dialyse-borna.de/seiten/impr.htm" "Mozilla/5.0 (compatible; MSIE 9.0; Windows NT 6.1; WOW64; Trident/5.0)"
194.127.8.11 - - [03/Mar/2014:13:49:47 +0100] "GET /img/men04.gif HTTP/1.1" 200 1395 "http://www.dialyse-borna.de/seiten/impr.htm" "Mozilla/5.0 (compatible; MSIE 9.0; Windows NT 6.1; WOW64; Trident/5.0)"
194.127.8.12 - - [03/Mar/2014:13:49:47 +0100] "GET /img/men06.gif HTTP/1.1" 200 1162 "http://www.dialyse-borna.de/seiten/impr.htm" "Mozilla/5.0 (compatible; MSIE 9.0; Windows NT 6.1; WOW64; Trident/5.0)"
194.127.8.11 - - [03/Mar/2014:13:49:48 +0100] "GET /img/men08a.gif HTTP/1.1" 200 819 "http://www.dialyse-borna.de/seiten/impr.htm" "Mozilla/5.0 (compatible; MSIE 9.0; Windows NT 6.1; WOW64; Trident/5.0)"
194.127.8.11 - - [03/Mar/2014:13:49:48 +0100] "GET /img/bg3.gif HTTP/1.1" 200 143 "http://www.dialyse-borna.de/seiten/impr.htm" "Mozilla/5.0 (compatible; MSIE 9.0; Windows NT 6.1; WOW64; Trident/5.0)"
194.127.8.11 - - [03/Mar/2014:13:49:49 +0100] "GET /img/lay03.gif HTTP/1.1" 200 671 "http://www.dialyse-borna.de/seiten/impr.htm" "Mozilla/5.0 (compatible; MSIE 9.0; Windows NT 6.1; WOW64; Trident/5.0)"
194.127.8.11 - - [03/Mar/2014:13:49:49 +0100] "GET /img/bg1.gif HTTP/1.1" 200 54 "http://www.dialyse-borna.de/seiten/impr.htm" "Mozilla/5.0 (compatible; MSIE 9.0; Windows NT 6.1; WOW64; Trident/5.0)"
194.127.8.30 - - [03/Mar/2014:13:49:49 +0100] "GET /img/bg2.gif HTTP/1.1" 200 49 "http://www.dialyse-borna.de/seiten/impr.htm" "Mozilla/5.0 (compatible; MSIE 9.0; Windows NT 6.1; WOW64; Trident/5.0)"
194.127.8.30 - - [03/Mar/2014:13:49:49 +0100] "GET /img/men02a.gif HTTP/1.1" 200 589 "http://www.dialyse-borna.de/seiten/impr.htm" "Mozilla/5.0 (compatible; MSIE 9.0; Windows NT 6.1; WOW64; Trident/5.0)"
194.127.8.30 - - [03/Mar/2014:13:49:49 +0100] "GET /img/men03a.gif HTTP/1.1" 200 820 "http://www.dialyse-borna.de/seiten/impr.htm" "Mozilla/5.0 (compatible; MSIE 9.0; Windows NT 6.1; WOW64; Trident/5.0)"
194.127.8.30 - - [03/Mar/2014:13:49:50 +0100] "GET /img/men05a.gif HTTP/1.1" 200 556 "http://www.dialyse-borna.de/seiten/impr.htm" "Mozilla/5.0 (compatible; MSIE 9.0; Windows NT 6.1; WOW64; Trident/5.0)"
194.127.8.30 - - [03/Mar/2014:13:49:50 +0100] "GET /img/men04a.gif HTTP/1.1" 200 669 "http://www.dialyse-borna.de/seiten/impr.htm" "Mozilla/5.0 (compatible; MSIE 9.0; Windows NT 6.1; WOW64; Trident/5.0)"
194.127.8.30 - - [03/Mar/2014:13:49:50 +0100] "GET /img/men06a.gif HTTP/1.1" 200 518 "http://www.dialyse-borna.de/seiten/impr.htm" "Mozilla/5.0 (compatible; MSIE 9.0; Windows NT 6.1; WOW64; Trident/5.0)"
194.127.8.30 - - [03/Mar/2014:13:49:50 +0100] "GET /img/men07a.gif HTTP/1.1" 200 666 "http://www.dialyse-borna.de/seiten/impr.htm" "Mozilla/5.0 (compatible; MSIE 9.0; Windows NT 6.1; WOW64; Trident/5.0)"
194.127.8.30 - - [03/Mar/2014:13:50:32 +0100] "GET /seiten/dialyse.htm HTTP/1.1" 200 7403 "http://www.dialyse-borna.de/seiten/impr.htm" "Mozilla/5.0 (compatible; MSIE 9.0; Windows NT 6.1; WOW64; Trident/5.0)"
194.127.8.12 - - [03/Mar/2014:13:50:32 +0100] "GET /img/men08.gif HTTP/1.1" 200 1642 "http://www.dialyse-borna.de/seiten/dialyse.htm" "Mozilla/5.0 (compatible; MSIE 9.0; Windows NT 6.1; WOW64; Trident/5.0)"
194.127.8.11 - - [03/Mar/2014:13:50:32 +0100] "GET /img/dialyse.jpg HTTP/1.1" 200 18017 "http://www.dialyse-borna.de/seiten/dialyse.htm" "Mozilla/5.0 (compatible; MSIE 9.0; Windows NT 6.1; WOW64; Trident/5.0)"
141.8.147.12 - - [03/Mar/2014:17:43:20 +0100] "GET /robots.txt HTTP/1.1" 200 157 "-" "Mozilla/5.0 (compatible; YandexBot/3.0; +http://yandex.com/bots)"
5.10.83.49 - - [03/Mar/2014:18:58:47 +0100] "GET /seiten/impr.htm HTTP/1.1" 200 9648 "-" "Mozilla/5.0 (compatible; AhrefsBot/5.0; +http://ahrefs.com/robot/)"
141.8.147.12 - - [03/Mar/2014:21:31:27 +0100] "GET /img/bilder.swf HTTP/1.1" 200 78858 "-" "Mozilla/5.0 (compatible; YandexBot/3.0; +http://yandex.com/bots)"
178.255.215.88 - - [03/Mar/2014:22:23:39 +0100] "GET /robots.txt HTTP/1.1" 200 157 "-" "Mozilla/5.0 (compatible; Exabot/3.0 (BiggerBetter); +http://www.exabot.com/go/robot)"
178.255.215.88 - - [03/Mar/2014:22:23:39 +0100] "GET /img/bilder.swf HTTP/1.1" 304 - "-" "Mozilla/5.0 (compatible; Exabot/3.0 (BiggerBetter); +http://www.exabot.com/go/robot)"
134.249.76.140 - - [03/Mar/2014:23:33:05 +0100] "GET /seiten/start.htm HTTP/1.1" 200 7516 "http://youdesigner.kz/" "Mozilla/4.0 (compatible; MSIE 6.0; AOL 9.0; Windows NT 5.1)"
134.249.76.140 - - [03/Mar/2014:23:33:05 +0100] "GET /seiten/start.htm HTTP/1.1" 200 7516 "http://youdesigner.kz/" "Mozilla/4.0 (compatible; MSIE 6.0; AOL 9.0; Windows NT 5.1)"
134.249.76.140 - - [03/Mar/2014:23:33:06 +0100] "GET /seiten/start.htm HTTP/1.1" 200 7516 "http://youdesigner.kz/" "Mozilla/4.0 (compatible; MSIE 6.0; AOL 9.0; Windows NT 5.1)"
66.249.65.251 - - [03/Mar/2014:23:45:21 +0100] "GET /robots.txt HTTP/1.1" 200 157 "-" "Mozilla/5.0 (compatible; Googlebot/2.1; +http://www.google.com/bot.html)"
66.249.65.52 - - [03/Mar/2014:23:45:21 +0100] "GET /seiten/start.htm HTTP/1.1" 304 - "-" "Mozilla/5.0 (compatible; Googlebot/2.1; +http://www.google.com/bot.html)"
66.249.65.20 - - [04/Mar/2014:00:33:03 +0100] "GET /seiten/start.htm HTTP/1.1" 200 7516 "-" "Mozilla/5.0 (compatible; Googlebot/2.1; +http://www.google.com/bot.html)"
178.137.167.118 - - [04/Mar/2014:01:58:48 +0100] "GET /seiten/start.htm HTTP/1.1" 200 7516 "http://stroiminsk.org/" "Mozilla/4.0 (compatible; MSIE 6.0; Windows NT 5.0; Avant Browser [avantbrowser.com]; Hotbar 4.4.5.0)"
178.137.167.118 - - [04/Mar/2014:01:58:48 +0100] "GET /seiten/start.htm HTTP/1.1" 200 7516 "http://stroiminsk.org/" "Mozilla/4.0 (compatible; MSIE 6.0; Windows NT 5.0; Avant Browser [avantbrowser.com]; Hotbar 4.4.5.0)"
178.137.167.118 - - [04/Mar/2014:01:58:49 +0100] "GET /seiten/start.htm HTTP/1.1" 200 7516 "http://stroiminsk.org/" "Mozilla/4.0 (compatible; MSIE 6.0; Windows NT 5.0; Avant Browser [avantbrowser.com]; Hotbar 4.4.5.0)"
208.115.111.73 - - [04/Mar/2014:02:22:33 +0100] "GET /robots.txt HTTP/1.1" 200 157 "-" "Mozilla/5.0 (compatible; Ezooms/1.0; help@moz.com)"
134.249.76.140 - - [04/Mar/2014:02:41:07 +0100] "GET /seiten/start.htm HTTP/1.1" 200 7516 "http://blogpic.ru/" "Mozilla/4.0 (compatible; MSIE 6.0; AOL 9.0; Windows NT 5.1)"
134.249.76.140 - - [04/Mar/2014:02:41:08 +0100] "GET /seiten/start.htm HTTP/1.1" 200 7516 "http://blogpic.ru/" "Mozilla/4.0 (compatible; MSIE 6.0; AOL 9.0; Windows NT 5.1)"
134.249.76.140 - - [04/Mar/2014:02:41:08 +0100] "GET /seiten/start.htm HTTP/1.1" 200 7516 "http://blogpic.ru/" "Mozilla/4.0 (compatible; MSIE 6.0; AOL 9.0; Windows NT 5.1)"
91.64.157.224 - - [04/Mar/2014:05:26:09 +0100] "GET /robots.txt HTTP/1.0" 200 157 "-" "Mozilla/5.0 (compatible; MJ12bot/v1.4.4; http://www.majestic12.co.uk/bot.php?+)"
91.64.157.224 - - [04/Mar/2014:05:26:10 +0100] "GET /seiten/impr.htm HTTP/1.0" 200 9648 "-" "Mozilla/5.0 (compatible; MJ12bot/v1.4.4; http://www.majestic12.co.uk/bot.php?+)"
91.64.157.224 - - [04/Mar/2014:05:26:16 +0100] "GET /seiten/kont_form.php HTTP/1.0" 200 8561 "-" "Mozilla/5.0 (compatible; MJ12bot/v1.4.4; http://www.majestic12.co.uk/bot.php?+)"
91.64.157.224 - - [04/Mar/2014:05:26:24 +0100] "GET /seiten/links.htm HTTP/1.0" 200 7302 "-" "Mozilla/5.0 (compatible; MJ12bot/v1.4.4; http://www.majestic12.co.uk/bot.php?+)"
91.64.157.224 - - [04/Mar/2014:05:26:29 +0100] "GET /seiten/news.php HTTP/1.0" 200 7079 "-" "Mozilla/5.0 (compatible; MJ12bot/v1.4.4; http://www.majestic12.co.uk/bot.php?+)"
46.118.115.66 - - [04/Mar/2014:07:13:03 +0100] "GET /seiten/start.htm HTTP/1.1" 200 7516 "http://pornokajf.com/" "Opera/7.60 (Windows NT 5.2; U) [en] (IBM EVV/3.0/EAK01AG9/LE)"
46.118.115.66 - - [04/Mar/2014:07:13:03 +0100] "GET /seiten/start.htm HTTP/1.1" 200 7516 "http://pornokajf.com/" "Opera/7.60 (Windows NT 5.2; U) [en] (IBM EVV/3.0/EAK01AG9/LE)"
46.118.115.66 - - [04/Mar/2014:07:13:04 +0100] "GET /seiten/start.htm HTTP/1.1" 200 7516 "http://pornokajf.com/" "Opera/7.60 (Windows NT 5.2; U) [en] (IBM EVV/3.0/EAK01AG9/LE)"
5.10.83.38 - - [04/Mar/2014:07:21:33 +0100] "GET /seiten/start.htm HTTP/1.1" 200 7516 "-" "Mozilla/5.0 (compatible; AhrefsBot/5.0; +http://ahrefs.com/robot/)"
46.229.170.197 - - [04/Mar/2014:08:02:39 +0100] "GET / HTTP/1.1" 200 2663 "-" "Mozilla/5.0 (Windows NT 6.1; rv:1.9) Gecko/20100101 Firefox/4.0"
178.255.215.68 - - [04/Mar/2014:08:29:16 +0100] "GET /seiten/leist.htm HTTP/1.1" 304 - "-" "Mozilla/5.0 (compatible; Exabot/3.0; +http://www.exabot.com/go/robot)"
94.153.65.49 - - [04/Mar/2014:09:37:19 +0100] "GET /seiten/start.htm HTTP/1.1" 200 7516 "http://stroydetali.ru/" "Mozilla/4.79 [en] (Windows NT 5.0; U)"
94.153.65.49 - - [04/Mar/2014:09:37:19 +0100] "GET /seiten/start.htm HTTP/1.1" 200 7516 "http://stroydetali.ru/" "Mozilla/4.79 [en] (Windows NT 5.0; U)"
94.153.65.49 - - [04/Mar/2014:09:37:20 +0100] "GET /seiten/start.htm HTTP/1.1" 200 7516 "http://stroydetali.ru/" "Mozilla/4.79 [en] (Windows NT 5.0; U)"
157.55.34.26 - - [04/Mar/2014:10:13:43 +0100] "GET /robots.txt HTTP/1.1" 200 157 "-" "Mozilla/5.0 (compatible; bingbot/2.0; +http://www.bing.com/bingbot.htm)"
157.55.34.26 - - [04/Mar/2014:10:20:23 +0100] "GET /seiten/kont_form.php HTTP/1.1" 200 8561 "-" "Mozilla/5.0 (compatible; bingbot/2.0; +http://www.bing.com/bingbot.htm)"
5.10.83.25 - - [04/Mar/2014:10:52:19 +0100] "GET /seiten/dialyse.htm HTTP/1.1" 200 7403 "-" "Mozilla/5.0 (compatible; AhrefsBot/5.0; +http://ahrefs.com/robot/)"
193.150.120.33 - - [04/Mar/2014:11:45:34 +0100] "GET /seiten/start.htm HTTP/1.1" 200 7516 "http://bcmebli.com.ua/" "Mozilla/4.0 (compatible; MSIE 7.0b; Windows NT 6.0)"
193.150.120.33 - - [04/Mar/2014:11:45:34 +0100] "GET /seiten/start.htm HTTP/1.1" 200 7516 "http://bcmebli.com.ua/" "Mozilla/4.0 (compatible; MSIE 7.0b; Windows NT 6.0)"
193.150.120.33 - - [04/Mar/2014:11:45:35 +0100] "GET /seiten/start.htm HTTP/1.1" 200 7516 "http://bcmebli.com.ua/" "Mozilla/4.0 (compatible; MSIE 7.0b; Windows NT 6.0)"
193.150.120.33 - - [04/Mar/2014:12:11:33 +0100] "GET /seiten/start.htm HTTP/1.1" 200 7516 "http://afora.ru/" "Mozilla/1.22 (compatible; MSIE 2.0; Windows 95)"
193.150.120.33 - - [04/Mar/2014:12:11:34 +0100] "GET /seiten/start.htm HTTP/1.1" 200 7516 "http://afora.ru/" "Mozilla/1.22 (compatible; MSIE 2.0; Windows 95)"
193.150.120.33 - - [04/Mar/2014:12:11:34 +0100] "GET /seiten/start.htm HTTP/1.1" 200 7516 "http://afora.ru/" "Mozilla/1.22 (compatible; MSIE 2.0; Windows 95)"
46.165.197.151 - - [04/Mar/2014:14:26:48 +0100] "GET /robots.txt HTTP/1.0" 200 157 "-" "Mozilla/5.0 (compatible; MJ12bot/v1.4.4; http://www.majestic12.co.uk/bot.php?+)"
46.165.197.151 - - [04/Mar/2014:14:26:50 +0100] "GET / HTTP/1.0" 200 2663 "-" "Mozilla/5.0 (compatible; MJ12bot/v1.4.4; http://www.majestic12.co.uk/bot.php?+)"
193.150.120.33 - - [04/Mar/2014:14:27:37 +0100] "GET /seiten/start.htm HTTP/1.1" 200 7516 "http://super-hotvideo.ru/" "Opera/9.0 (Windows NT 5.1; U; en)"
193.150.120.33 - - [04/Mar/2014:14:27:37 +0100] "GET /seiten/start.htm HTTP/1.1" 200 7516 "http://super-hotvideo.ru/" "Opera/9.0 (Windows NT 5.1; U; en)"
193.150.120.33 - - [04/Mar/2014:14:27:38 +0100] "GET /seiten/start.htm HTTP/1.1" 200 7516 "http://super-hotvideo.ru/" "Opera/9.0 (Windows NT 5.1; U; en)"
66.249.65.52 - - [04/Mar/2014:15:57:37 +0100] "GET /seiten/start.htm HTTP/1.1" 304 - "-" "Mozilla/5.0 (iPhone; CPU iPhone OS 6_0 like Mac OS X) AppleWebKit/536.26 (KHTML, like Gecko) Version/6.0 Mobile/10A5376e Safari/8536.25 (compatible; Googlebot/2.1; +http://www.google.com/bot.html)"
66.249.65.52 - - [04/Mar/2014:16:18:15 +0100] "GET /seiten/praxis.htm HTTP/1.1" 304 - "-" "Mozilla/5.0 (iPhone; CPU iPhone OS 6_0 like Mac OS X) AppleWebKit/536.26 (KHTML, like Gecko) Version/6.0 Mobile/10A5376e Safari/8536.25 (compatible; Googlebot/2.1; +http://www.google.com/bot.html)"
144.76.137.226 - - [04/Mar/2014:19:15:35 +0100] "GET /robots.txt HTTP/1.0" 200 157 "-" "Mozilla/5.0 (compatible; MJ12bot/v1.4.4; http://www.majestic12.co.uk/bot.php?+)"
144.76.137.226 - - [04/Mar/2014:19:15:37 +0100] "GET /seiten/dialyse.htm HTTP/1.0" 200 7403 "-" "Mozilla/5.0 (compatible; MJ12bot/v1.4.4; http://www.majestic12.co.uk/bot.php?+)"
144.76.137.226 - - [04/Mar/2014:19:15:40 +0100] "GET /seiten/kont.htm HTTP/1.0" 200 8048 "-" "Mozilla/5.0 (compatible; MJ12bot/v1.4.4; http://www.majestic12.co.uk/bot.php?+)"
144.76.137.226 - - [04/Mar/2014:19:15:46 +0100] "GET /robots.txt HTTP/1.0" 200 157 "-" "Mozilla/5.0 (compatible; MJ12bot/v1.4.4; http://www.majestic12.co.uk/bot.php?+)"
144.76.137.226 - - [04/Mar/2014:19:15:48 +0100] "GET /seiten/leist.htm HTTP/1.0" 200 7640 "-" "Mozilla/5.0 (compatible; MJ12bot/v1.4.4; http://www.majestic12.co.uk/bot.php?+)"
144.76.137.226 - - [04/Mar/2014:19:15:51 +0100] "GET /seiten/praxis.htm HTTP/1.0" 200 7847 "-" "Mozilla/5.0 (compatible; MJ12bot/v1.4.4; http://www.majestic12.co.uk/bot.php?+)"
92.249.127.111 - - [05/Mar/2014:00:16:15 +0100] "GET /seiten/start.htm HTTP/1.1" 200 7516 "http://doska-vsem.ru/" "Mozilla/4.0 (compatible; MSIE 6.0; Windows NT 5.1)"
92.249.127.111 - - [05/Mar/2014:00:16:16 +0100] "GET /seiten/start.htm HTTP/1.1" 200 7516 "http://doska-vsem.ru/" "Mozilla/4.0 (compatible; MSIE 6.0; Windows NT 5.1)"
92.249.127.111 - - [05/Mar/2014:00:16:16 +0100] "GET /seiten/start.htm HTTP/1.1" 200 7516 "http://doska-vsem.ru/" "Mozilla/4.0 (compatible; MSIE 6.0; Windows NT 5.1)"
195.242.218.133 - - [05/Mar/2014:02:31:53 +0100] "GET /seiten/start.htm HTTP/1.1" 200 7516 "http://online-freebee.ru/" "Mozilla/4.0 (compatible; MSIE 6.0; AOL 9.0; Windows NT 5.1)"
