84.162.23.217 - - [20/Aug/2013:20:45:17 +0200] "GET /img/main_pic.jpg HTTP/1.1" 200 14864 "http://www.dialyse-borna.de/seiten/start.htm" "Mozilla/5.0 (Windows NT 6.1; rv:23.0) Gecko/20100101 Firefox/23.0"
84.162.23.217 - - [20/Aug/2013:20:45:17 +0200] "GET /img/pfeil.jpg HTTP/1.1" 200 380 "http://www.dialyse-borna.de/seiten/start.htm" "Mozilla/5.0 (Windows NT 6.1; rv:23.0) Gecko/20100101 Firefox/23.0"
84.162.23.217 - - [20/Aug/2013:20:45:19 +0200] "GET /img/lay04.gif HTTP/1.1" 200 210 "http://www.dialyse-borna.de/seiten/start.htm" "Mozilla/5.0 (Windows NT 6.1; rv:23.0) Gecko/20100101 Firefox/23.0"
84.162.23.217 - - [20/Aug/2013:20:45:19 +0200] "GET /img/lay07.gif HTTP/1.1" 200 272 "http://www.dialyse-borna.de/seiten/start.htm" "Mozilla/5.0 (Windows NT 6.1; rv:23.0) Gecko/20100101 Firefox/23.0"
84.162.23.217 - - [20/Aug/2013:20:45:19 +0200] "GET /img/bg2.gif HTTP/1.1" 200 49 "http://www.dialyse-borna.de/seiten/start.htm" "Mozilla/5.0 (Windows NT 6.1; rv:23.0) Gecko/20100101 Firefox/23.0"
84.162.23.217 - - [20/Aug/2013:20:45:19 +0200] "GET /img/lay01.gif HTTP/1.1" 200 384 "http://www.dialyse-borna.de/seiten/start.htm" "Mozilla/5.0 (Windows NT 6.1; rv:23.0) Gecko/20100101 Firefox/23.0"
84.162.23.217 - - [20/Aug/2013:20:45:19 +0200] "GET /img/lay02.gif HTTP/1.1" 200 3503 "http://www.dialyse-borna.de/seiten/start.htm" "Mozilla/5.0 (Windows NT 6.1; rv:23.0) Gecko/20100101 Firefox/23.0"
84.162.23.217 - - [20/Aug/2013:20:45:19 +0200] "GET /img/lay08.gif HTTP/1.1" 200 322 "http://www.dialyse-borna.de/seiten/start.htm" "Mozilla/5.0 (Windows NT 6.1; rv:23.0) Gecko/20100101 Firefox/23.0"
84.162.23.217 - - [20/Aug/2013:20:45:19 +0200] "GET /img/bg3.gif HTTP/1.1" 200 143 "http://www.dialyse-borna.de/seiten/start.htm" "Mozilla/5.0 (Windows NT 6.1; rv:23.0) Gecko/20100101 Firefox/23.0"
84.162.23.217 - - [20/Aug/2013:20:45:19 +0200] "GET /img/bg1.gif HTTP/1.1" 200 54 "http://www.dialyse-borna.de/seiten/start.htm" "Mozilla/5.0 (Windows NT 6.1; rv:23.0) Gecko/20100101 Firefox/23.0"
84.162.23.217 - - [20/Aug/2013:20:45:19 +0200] "GET /img/bg4.gif HTTP/1.1" 200 135 "http://www.dialyse-borna.de/seiten/start.htm" "Mozilla/5.0 (Windows NT 6.1; rv:23.0) Gecko/20100101 Firefox/23.0"
84.162.23.217 - - [20/Aug/2013:20:45:19 +0200] "GET /img/lay05.gif HTTP/1.1" 200 541 "http://www.dialyse-borna.de/seiten/start.htm" "Mozilla/5.0 (Windows NT 6.1; rv:23.0) Gecko/20100101 Firefox/23.0"
84.162.23.217 - - [20/Aug/2013:20:45:19 +0200] "GET /img/bilder.swf HTTP/1.1" 200 78858 "http://www.dialyse-borna.de/seiten/start.htm" "Mozilla/5.0 (Windows NT 6.1; rv:23.0) Gecko/20100101 Firefox/23.0"
84.162.23.217 - - [20/Aug/2013:20:45:21 +0200] "GET /img/men03a.gif HTTP/1.1" 200 820 "http://www.dialyse-borna.de/seiten/start.htm" "Mozilla/5.0 (Windows NT 6.1; rv:23.0) Gecko/20100101 Firefox/23.0"
84.162.23.217 - - [20/Aug/2013:20:45:21 +0200] "GET /img/men04a.gif HTTP/1.1" 200 669 "http://www.dialyse-borna.de/seiten/start.htm" "Mozilla/5.0 (Windows NT 6.1; rv:23.0) Gecko/20100101 Firefox/23.0"
84.162.23.217 - - [20/Aug/2013:20:45:21 +0200] "GET /img/men05a.gif HTTP/1.1" 200 556 "http://www.dialyse-borna.de/seiten/start.htm" "Mozilla/5.0 (Windows NT 6.1; rv:23.0) Gecko/20100101 Firefox/23.0"
84.162.23.217 - - [20/Aug/2013:20:45:21 +0200] "GET /img/men06a.gif HTTP/1.1" 200 518 "http://www.dialyse-borna.de/seiten/start.htm" "Mozilla/5.0 (Windows NT 6.1; rv:23.0) Gecko/20100101 Firefox/23.0"
84.162.23.217 - - [20/Aug/2013:20:45:21 +0200] "GET /img/men07a.gif HTTP/1.1" 200 666 "http://www.dialyse-borna.de/seiten/start.htm" "Mozilla/5.0 (Windows NT 6.1; rv:23.0) Gecko/20100101 Firefox/23.0"
84.162.23.217 - - [20/Aug/2013:20:45:21 +0200] "GET /img/men08a.gif HTTP/1.1" 200 819 "http://www.dialyse-borna.de/seiten/start.htm" "Mozilla/5.0 (Windows NT 6.1; rv:23.0) Gecko/20100101 Firefox/23.0"
84.162.23.217 - - [20/Aug/2013:20:45:30 +0200] "GET /seiten/kont.htm HTTP/1.1" 200 8048 "http://www.dialyse-borna.de/seiten/start.htm" "Mozilla/5.0 (Windows NT 6.1; rv:23.0) Gecko/20100101 Firefox/23.0"
84.162.23.217 - - [20/Aug/2013:20:45:30 +0200] "GET /img/men02.gif HTTP/1.1" 200 1273 "http://www.dialyse-borna.de/seiten/kont.htm" "Mozilla/5.0 (Windows NT 6.1; rv:23.0) Gecko/20100101 Firefox/23.0"
84.162.23.217 - - [20/Aug/2013:20:45:50 +0200] "GET /seiten/impr.htm HTTP/1.1" 200 9648 "http://www.dialyse-borna.de/seiten/start.htm" "Mozilla/5.0 (Windows NT 6.1; rv:23.0) Gecko/20100101 Firefox/23.0"
84.162.23.217 - - [20/Aug/2013:20:46:15 +0200] "GET /seiten/dialyse.htm HTTP/1.1" 200 7403 "http://www.dialyse-borna.de/seiten/start.htm" "Mozilla/5.0 (Windows NT 6.1; rv:23.0) Gecko/20100101 Firefox/23.0"
84.162.23.217 - - [20/Aug/2013:20:46:16 +0200] "GET /img/dialyse.jpg HTTP/1.1" 200 18017 "http://www.dialyse-borna.de/seiten/dialyse.htm" "Mozilla/5.0 (Windows NT 6.1; rv:23.0) Gecko/20100101 Firefox/23.0"
193.106.136.42 - - [20/Aug/2013:20:57:45 +0200] "GET /seiten/news.php HTTP/1.1" 200 7079 "http://www.studia-silk.ru/" "Mozilla/4.0 (compatible; MSIE 6.0; Windows NT 5.1; SV1; .NET CLR 1.1.4322; XMPP Tiscali Communicator v.10.0.2; .NET CLR 2.0.50727)"
193.106.136.42 - - [20/Aug/2013:20:57:46 +0200] "GET /seiten/news.php HTTP/1.1" 200 7079 "http://www.studia-silk.ru/" "Mozilla/4.0 (compatible; MSIE 6.0; Windows NT 5.1; SV1; .NET CLR 1.1.4322; XMPP Tiscali Communicator v.10.0.2; .NET CLR 2.0.50727)"
193.106.136.42 - - [20/Aug/2013:20:57:47 +0200] "GET /seiten/news.php HTTP/1.1" 200 7079 "http://www.studia-silk.ru/" "Mozilla/4.0 (compatible; MSIE 6.0; Windows NT 5.1; SV1; .NET CLR 1.1.4322; XMPP Tiscali Communicator v.10.0.2; .NET CLR 2.0.50727)"
91.207.9.226 - - [20/Aug/2013:21:02:58 +0200] "GET /seiten/news.php HTTP/1.1" 200 7079 "http://zemlanin.info/" "Mozilla/4.7 (compatible; OffByOne; Windows 2000) Webster Pro V3.4"
91.207.9.226 - - [20/Aug/2013:21:02:59 +0200] "GET /seiten/news.php HTTP/1.1" 200 7079 "http://zemlanin.info/" "Mozilla/4.7 (compatible; OffByOne; Windows 2000) Webster Pro V3.4"
91.207.9.226 - - [20/Aug/2013:21:02:59 +0200] "GET /seiten/news.php HTTP/1.1" 200 7079 "http://zemlanin.info/" "Mozilla/4.7 (compatible; OffByOne; Windows 2000) Webster Pro V3.4"
5.10.83.75 - - [20/Aug/2013:21:11:27 +0200] "GET /seiten/praxis.htm HTTP/1.1" 200 7847 "-" "Mozilla/5.0 (compatible; AhrefsBot/5.0; +http://ahrefs.com/robot/)"
92.249.127.111 - - [20/Aug/2013:22:16:11 +0200] "GET /seiten/news.php HTTP/1.1" 200 7079 "http://www.bravica.mobi/ru/" "Mozilla/5.0 (compatible; news bot /2.1)"
92.249.127.111 - - [20/Aug/2013:22:16:11 +0200] "GET /seiten/news.php HTTP/1.1" 200 7079 "http://www.bravica.mobi/ru/" "Mozilla/5.0 (compatible; news bot /2.1)"
92.249.127.111 - - [20/Aug/2013:22:16:12 +0200] "GET /seiten/news.php HTTP/1.1" 200 7079 "http://www.bravica.mobi/ru/" "Mozilla/5.0 (compatible; news bot /2.1)"
46.119.118.152 - - [20/Aug/2013:22:57:19 +0200] "GET /seiten/news.php HTTP/1.1" 200 7079 "http://www.bravica.tv/ru/" "Mozilla/4.0 (compatible; MSIE 6.0; Windows NT 5.1; SV1; .NET CLR 1.1.4322) Babya Discoverer 8.0:"
46.119.118.152 - - [20/Aug/2013:22:57:19 +0200] "GET /seiten/news.php HTTP/1.1" 200 7079 "http://mug-na-chas-moscow.ru/" "Mozilla/4.0 (compatible; MSIE 6.0; Windows NT 5.1; SV1; .NET CLR 1.1.4322) Babya Discoverer 8.0:"
46.119.118.152 - - [20/Aug/2013:22:57:19 +0200] "GET /seiten/news.php HTTP/1.1" 200 7079 "http://mug-na-chas-moscow.ru/" "Mozilla/4.0 (compatible; MSIE 6.0; Windows NT 5.1; SV1; .NET CLR 1.1.4322) Babya Discoverer 8.0:"
46.119.118.152 - - [20/Aug/2013:22:57:20 +0200] "GET /seiten/news.php HTTP/1.1" 200 7079 "http://mug-na-chas-moscow.ru/" "Mozilla/4.0 (compatible; MSIE 6.0; Windows NT 5.1; SV1; .NET CLR 1.1.4322) Babya Discoverer 8.0:"
46.119.118.152 - - [20/Aug/2013:22:57:20 +0200] "GET /seiten/news.php HTTP/1.1" 200 7079 "http://www.bravica.tv/ru/" "Mozilla/4.0 (compatible; MSIE 6.0; Windows NT 5.1; SV1; .NET CLR 1.1.4322) Babya Discoverer 8.0:"
46.119.118.152 - - [20/Aug/2013:22:57:21 +0200] "GET /seiten/news.php HTTP/1.1" 200 7079 "http://www.bravica.tv/ru/" "Mozilla/4.0 (compatible; MSIE 6.0; Windows NT 5.1; SV1; .NET CLR 1.1.4322) Babya Discoverer 8.0:"
141.8.147.12 - - [20/Aug/2013:23:08:08 +0200] "GET /robots.txt HTTP/1.1" 200 157 "-" "Mozilla/5.0 (compatible; YandexBot/3.0; +http://yandex.com/bots)"
199.30.20.33 - - [20/Aug/2013:23:42:40 +0200] "GET /robots.txt HTTP/1.1" 200 157 "-" "msnbot-media/1.1 (+http://search.msn.com/msnbot.htm)"
199.30.20.33 - - [20/Aug/2013:23:42:41 +0200] "GET /img/lay03.gif HTTP/1.1" 200 671 "-" "msnbot-media/1.1 (+http://search.msn.com/msnbot.htm)"
141.8.147.12 - - [21/Aug/2013:02:04:34 +0200] "GET /img/men05.gif HTTP/1.1" 304 - "-" "Mozilla/5.0 (compatible; YandexImages/3.0; +http://yandex.com/bots)"
91.121.241.149 - - [21/Aug/2013:03:43:23 +0200] "GET /seiten/impr.htm HTTP/1.1" 200 9648 "-" "Mozilla/5.0 (X11; Linux i686; rv:6.0) Gecko/20100101 Firefox/6.0"
66.249.72.240 - - [21/Aug/2013:05:25:03 +0200] "GET /seiten/impr.htm HTTP/1.1" 304 - "-" "SAMSUNG-SGH-E250/1.0 Profile/MIDP-2.0 Configuration/CLDC-1.1 UP.Browser/6.2.3.3.c.1.101 (GUI) MMP/2.0 (compatible; Googlebot-Mobile/2.1; +http://www.google.com/bot.html)"
66.249.72.240 - - [21/Aug/2013:05:27:13 +0200] "GET /seiten/links.htm HTTP/1.1" 304 - "-" "Mozilla/5.0 (iPhone; U; CPU iPhone OS 4_1 like Mac OS X; en-us) AppleWebKit/532.9 (KHTML, like Gecko) Version/4.0.5 Mobile/8B117 Safari/6531.22.7 (compatible; Googlebot-Mobile/2.1; +http://www.google.com/bot.html)"
5.10.83.75 - - [21/Aug/2013:08:27:55 +0200] "GET /seiten/links.htm HTTP/1.1" 200 7302 "-" "Mozilla/5.0 (compatible; AhrefsBot/5.0; +http://ahrefs.com/robot/)"
141.8.147.12 - - [21/Aug/2013:09:44:44 +0200] "GET /img/men05.gif HTTP/1.1" 304 - "-" "Mozilla/5.0 (compatible; YandexImages/3.0; +http://yandex.com/bots)"
93.172.45.51 - - [21/Aug/2013:11:45:58 +0200] "GET /seiten/links.htm HTTP/1.0" 200 7302 "http://www.dialyse-borna.de/seiten/links.htm" "Mozilla/5.0 (Windows NT 5.1) AppleWebKit/537.11 (KHTML, like Gecko) Chrome/23.0.1271.91 Safari/537.11"
91.207.9.226 - - [21/Aug/2013:12:02:28 +0200] "GET /seiten/news.php HTTP/1.1" 200 7079 "http://degustar.ru/" "Mozilla/4.0 (compatible; MSIE 6.0; Windows NT 5.2; Win64; x64; SV1; .NET CLR 2.0.50727)"
91.207.9.226 - - [21/Aug/2013:12:02:28 +0200] "GET /seiten/news.php HTTP/1.1" 200 7079 "http://degustar.ru/" "Mozilla/4.0 (compatible; MSIE 6.0; Windows NT 5.2; Win64; x64; SV1; .NET CLR 2.0.50727)"
91.207.9.226 - - [21/Aug/2013:12:02:29 +0200] "GET /seiten/news.php HTTP/1.1" 200 7079 "http://degustar.ru/" "Mozilla/4.0 (compatible; MSIE 6.0; Windows NT 5.2; Win64; x64; SV1; .NET CLR 2.0.50727)"
141.8.147.12 - - [21/Aug/2013:12:15:31 +0200] "GET /robots.txt HTTP/1.1" 200 157 "-" "Mozilla/5.0 (compatible; YandexBot/3.0; +http://yandex.com/bots)"
5.10.83.75 - - [21/Aug/2013:13:29:21 +0200] "GET / HTTP/1.1" 200 2663 "-" "Mozilla/5.0 (compatible; AhrefsBot/5.0; +http://ahrefs.com/robot/)"
66.249.72.240 - - [21/Aug/2013:13:56:26 +0200] "GET /seiten/start.htm HTTP/1.1" 200 7516 "-" "Mozilla/5.0 (compatible; Googlebot/2.1; +http://www.google.com/bot.html)"
66.249.72.240 - - [21/Aug/2013:13:57:43 +0200] "GET /seiten/dialyse.htm HTTP/1.1" 304 - "-" "Mozilla/5.0 (iPhone; U; CPU iPhone OS 4_1 like Mac OS X; en-us) AppleWebKit/532.9 (KHTML, like Gecko) Version/4.0.5 Mobile/8B117 Safari/6531.22.7 (compatible; Googlebot-Mobile/2.1; +http://www.google.com/bot.html)"
50.31.96.17 - - [21/Aug/2013:14:08:19 +0200] "GET / HTTP/1.1" 200 2663 "-" "Mozilla/5.0 (X11; U; Linux x86_64; en-US) AppleWebKit/534.3 (KHTML, like Gecko) Qt/4.7.4 Safari/534.3"
50.31.96.17 - - [21/Aug/2013:14:08:19 +0200] "GET /seiten/start.htm HTTP/1.1" 200 7516 "http://www.dialyse-borna.de/" "Mozilla/5.0 (X11; U; Linux x86_64; en-US) AppleWebKit/534.3 (KHTML, like Gecko) Qt/4.7.4 Safari/534.3"
50.31.96.17 - - [21/Aug/2013:14:08:19 +0200] "GET /img/men01.gif HTTP/1.1" 200 432 "http://www.dialyse-borna.de/seiten/start.htm" "Mozilla/5.0 (X11; U; Linux x86_64; en-US) AppleWebKit/534.3 (KHTML, like Gecko) Qt/4.7.4 Safari/534.3"
50.31.96.17 - - [21/Aug/2013:14:08:19 +0200] "GET /css/borna.css HTTP/1.1" 200 2909 "http://www.dialyse-borna.de/seiten/start.htm" "Mozilla/5.0 (X11; U; Linux x86_64; en-US) AppleWebKit/534.3 (KHTML, like Gecko) Qt/4.7.4 Safari/534.3"
50.31.96.17 - - [21/Aug/2013:14:08:19 +0200] "GET /img/men03.gif HTTP/1.1" 200 1621 "http://www.dialyse-borna.de/seiten/start.htm" "Mozilla/5.0 (X11; U; Linux x86_64; en-US) AppleWebKit/534.3 (KHTML, like Gecko) Qt/4.7.4 Safari/534.3"
50.31.96.17 - - [21/Aug/2013:14:08:19 +0200] "GET /img/men02a.gif HTTP/1.1" 200 589 "http://www.dialyse-borna.de/seiten/start.htm" "Mozilla/5.0 (X11; U; Linux x86_64; en-US) AppleWebKit/534.3 (KHTML, like Gecko) Qt/4.7.4 Safari/534.3"
50.31.96.17 - - [21/Aug/2013:14:08:19 +0200] "GET /img/1pixel.gif HTTP/1.1" 200 45 "http://www.dialyse-borna.de/seiten/start.htm" "Mozilla/5.0 (X11; U; Linux x86_64; en-US) AppleWebKit/534.3 (KHTML, like Gecko) Qt/4.7.4 Safari/534.3"
50.31.96.17 - - [21/Aug/2013:14:08:19 +0200] "GET /img/men04.gif HTTP/1.1" 200 1395 "http://www.dialyse-borna.de/seiten/start.htm" "Mozilla/5.0 (X11; U; Linux x86_64; en-US) AppleWebKit/534.3 (KHTML, like Gecko) Qt/4.7.4 Safari/534.3"
50.31.96.17 - - [21/Aug/2013:14:08:19 +0200] "GET /img/men06.gif HTTP/1.1" 200 1162 "http://www.dialyse-borna.de/seiten/start.htm" "Mozilla/5.0 (X11; U; Linux x86_64; en-US) AppleWebKit/534.3 (KHTML, like Gecko) Qt/4.7.4 Safari/534.3"
50.31.96.17 - - [21/Aug/2013:14:08:19 +0200] "GET /img/men07.gif HTTP/1.1" 200 1396 "http://www.dialyse-borna.de/seiten/start.htm" "Mozilla/5.0 (X11; U; Linux x86_64; en-US) AppleWebKit/534.3 (KHTML, like Gecko) Qt/4.7.4 Safari/534.3"
50.31.96.17 - - [21/Aug/2013:14:08:19 +0200] "GET /img/lay03.gif HTTP/1.1" 200 671 "http://www.dialyse-borna.de/seiten/start.htm" "Mozilla/5.0 (X11; U; Linux x86_64; en-US) AppleWebKit/534.3 (KHTML, like Gecko) Qt/4.7.4 Safari/534.3"
50.31.96.17 - - [21/Aug/2013:14:08:19 +0200] "GET /img/men08.gif HTTP/1.1" 200 1642 "http://www.dialyse-borna.de/seiten/start.htm" "Mozilla/5.0 (X11; U; Linux x86_64; en-US) AppleWebKit/534.3 (KHTML, like Gecko) Qt/4.7.4 Safari/534.3"
50.31.96.17 - - [21/Aug/2013:14:08:19 +0200] "GET /img/men09.gif HTTP/1.1" 200 708 "http://www.dialyse-borna.de/seiten/start.htm" "Mozilla/5.0 (X11; U; Linux x86_64; en-US) AppleWebKit/534.3 (KHTML, like Gecko) Qt/4.7.4 Safari/534.3"
50.31.96.17 - - [21/Aug/2013:14:08:19 +0200] "GET /img/main_pic.jpg HTTP/1.1" 200 14864 "http://www.dialyse-borna.de/seiten/start.htm" "Mozilla/5.0 (X11; U; Linux x86_64; en-US) AppleWebKit/534.3 (KHTML, like Gecko) Qt/4.7.4 Safari/534.3"
50.31.96.17 - - [21/Aug/2013:14:08:19 +0200] "GET /img/pfeil.jpg HTTP/1.1" 200 380 "http://www.dialyse-borna.de/seiten/start.htm" "Mozilla/5.0 (X11; U; Linux x86_64; en-US) AppleWebKit/534.3 (KHTML, like Gecko) Qt/4.7.4 Safari/534.3"
50.31.96.17 - - [21/Aug/2013:14:08:19 +0200] "GET /img/lay04.gif HTTP/1.1" 200 210 "http://www.dialyse-borna.de/seiten/start.htm" "Mozilla/5.0 (X11; U; Linux x86_64; en-US) AppleWebKit/534.3 (KHTML, like Gecko) Qt/4.7.4 Safari/534.3"
50.31.96.17 - - [21/Aug/2013:14:08:19 +0200] "GET /img/lay07.gif HTTP/1.1" 200 272 "http://www.dialyse-borna.de/seiten/start.htm" "Mozilla/5.0 (X11; U; Linux x86_64; en-US) AppleWebKit/534.3 (KHTML, like Gecko) Qt/4.7.4 Safari/534.3"
50.31.96.17 - - [21/Aug/2013:14:08:19 +0200] "GET /img/lay02.gif HTTP/1.1" 200 3503 "http://www.dialyse-borna.de/seiten/start.htm" "Mozilla/5.0 (X11; U; Linux x86_64; en-US) AppleWebKit/534.3 (KHTML, like Gecko) Qt/4.7.4 Safari/534.3"
50.31.96.17 - - [21/Aug/2013:14:08:19 +0200] "GET /img/lay01.gif HTTP/1.1" 200 384 "http://www.dialyse-borna.de/seiten/start.htm" "Mozilla/5.0 (X11; U; Linux x86_64; en-US) AppleWebKit/534.3 (KHTML, like Gecko) Qt/4.7.4 Safari/534.3"
50.31.96.17 - - [21/Aug/2013:14:08:19 +0200] "GET /img/bg2.gif HTTP/1.1" 200 49 "http://www.dialyse-borna.de/seiten/start.htm" "Mozilla/5.0 (X11; U; Linux x86_64; en-US) AppleWebKit/534.3 (KHTML, like Gecko) Qt/4.7.4 Safari/534.3"
50.31.96.17 - - [21/Aug/2013:14:08:20 +0200] "GET /img/lay08.gif HTTP/1.1" 200 322 "http://www.dialyse-borna.de/seiten/start.htm" "Mozilla/5.0 (X11; U; Linux x86_64; en-US) AppleWebKit/534.3 (KHTML, like Gecko) Qt/4.7.4 Safari/534.3"
50.31.96.17 - - [21/Aug/2013:14:08:20 +0200] "GET /img/bg3.gif HTTP/1.1" 200 143 "http://www.dialyse-borna.de/seiten/start.htm" "Mozilla/5.0 (X11; U; Linux x86_64; en-US) AppleWebKit/534.3 (KHTML, like Gecko) Qt/4.7.4 Safari/534.3"
50.31.96.17 - - [21/Aug/2013:14:08:20 +0200] "GET /img/lay05.gif HTTP/1.1" 200 541 "http://www.dialyse-borna.de/seiten/start.htm" "Mozilla/5.0 (X11; U; Linux x86_64; en-US) AppleWebKit/534.3 (KHTML, like Gecko) Qt/4.7.4 Safari/534.3"
50.31.96.17 - - [21/Aug/2013:14:08:20 +0200] "GET /img/bg1.gif HTTP/1.1" 200 54 "http://www.dialyse-borna.de/seiten/start.htm" "Mozilla/5.0 (X11; U; Linux x86_64; en-US) AppleWebKit/534.3 (KHTML, like Gecko) Qt/4.7.4 Safari/534.3"
50.31.96.17 - - [21/Aug/2013:14:08:20 +0200] "GET /img/bg4.gif HTTP/1.1" 200 135 "http://www.dialyse-borna.de/seiten/start.htm" "Mozilla/5.0 (X11; U; Linux x86_64; en-US) AppleWebKit/534.3 (KHTML, like Gecko) Qt/4.7.4 Safari/534.3"
50.31.96.17 - - [21/Aug/2013:14:08:20 +0200] "GET /img/men03a.gif HTTP/1.1" 200 820 "http://www.dialyse-borna.de/seiten/start.htm" "Mozilla/5.0 (X11; U; Linux x86_64; en-US) AppleWebKit/534.3 (KHTML, like Gecko) Qt/4.7.4 Safari/534.3"
50.31.96.17 - - [21/Aug/2013:14:08:20 +0200] "GET /img/men07a.gif HTTP/1.1" 200 666 "http://www.dialyse-borna.de/seiten/start.htm" "Mozilla/5.0 (X11; U; Linux x86_64; en-US) AppleWebKit/534.3 (KHTML, like Gecko) Qt/4.7.4 Safari/534.3"
50.31.96.17 - - [21/Aug/2013:14:08:20 +0200] "GET /img/men08a.gif HTTP/1.1" 200 819 "http://www.dialyse-borna.de/seiten/start.htm" "Mozilla/5.0 (X11; U; Linux x86_64; en-US) AppleWebKit/534.3 (KHTML, like Gecko) Qt/4.7.4 Safari/534.3"
50.31.96.17 - - [21/Aug/2013:14:08:20 +0200] "GET /img/men06a.gif HTTP/1.1" 200 518 "http://www.dialyse-borna.de/seiten/start.htm" "Mozilla/5.0 (X11; U; Linux x86_64; en-US) AppleWebKit/534.3 (KHTML, like Gecko) Qt/4.7.4 Safari/534.3"
50.31.96.17 - - [21/Aug/2013:14:08:20 +0200] "GET /img/men04a.gif HTTP/1.1" 200 669 "http://www.dialyse-borna.de/seiten/start.htm" "Mozilla/5.0 (X11; U; Linux x86_64; en-US) AppleWebKit/534.3 (KHTML, like Gecko) Qt/4.7.4 Safari/534.3"
50.31.96.17 - - [21/Aug/2013:14:08:20 +0200] "GET /img/men05a.gif HTTP/1.1" 200 556 "http://www.dialyse-borna.de/seiten/start.htm" "Mozilla/5.0 (X11; U; Linux x86_64; en-US) AppleWebKit/534.3 (KHTML, like Gecko) Qt/4.7.4 Safari/534.3"
66.249.72.240 - - [21/Aug/2013:15:35:44 +0200] "GET /robots.txt HTTP/1.1" 200 157 "-" "Mozilla/5.0 (compatible; Googlebot/2.1; +http://www.google.com/bot.html)"
37.139.52.23 - - [21/Aug/2013:19:07:12 +0200] "GET /seiten/news.php HTTP/1.1" 200 7079 "http://santexnik-spb.ru/" "Mozilla/4.0 (compatible; MSIE 6.0; Windows NT 5.1; Q312461)"
37.139.52.23 - - [21/Aug/2013:19:07:12 +0200] "GET /seiten/news.php HTTP/1.1" 200 7079 "http://santexnik-spb.ru/" "Mozilla/4.0 (compatible; MSIE 6.0; Windows NT 5.1; Q312461)"
66.249.72.240 - - [21/Aug/2013:19:09:57 +0200] "GET /img/bilder.swf HTTP/1.1" 200 78858 "-" "Mozilla/5.0 (compatible; Googlebot/2.1; +http://www.google.com/bot.html)"
5.10.83.75 - - [21/Aug/2013:20:50:14 +0200] "GET /seiten/dialyse.htm HTTP/1.1" 200 7403 "-" "Mozilla/5.0 (compatible; AhrefsBot/5.0; +http://ahrefs.com/robot/)"
66.249.72.240 - - [21/Aug/2013:21:08:24 +0200] "GET /seiten/impr.htm HTTP/1.1" 200 9648 "-" "Mozilla/5.0 (compatible; Googlebot/2.1; +http://www.google.com/bot.html)"
5.10.83.75 - - [21/Aug/2013:21:28:45 +0200] "GET /seiten/kont_form.php HTTP/1.1" 200 8561 "-" "Mozilla/5.0 (compatible; AhrefsBot/5.0; +http://ahrefs.com/robot/)"
66.249.72.240 - - [21/Aug/2013:23:15:30 +0200] "GET /seiten/kont.htm HTTP/1.1" 200 8048 "-" "Mozilla/5.0 (compatible; Googlebot/2.1; +http://www.google.com/bot.html)"
5.10.83.75 - - [22/Aug/2013:00:04:58 +0200] "GET /seiten/start.htm HTTP/1.1" 200 7516 "-" "Mozilla/5.0 (compatible; AhrefsBot/5.0; +http://ahrefs.com/robot/)"
46.119.118.152 - - [22/Aug/2013:00:20:47 +0200] "GET /seiten/news.php HTTP/1.1" 200 7079 "http://narkozavisimosti-lechenie.ru/" "Mozilla/4.0 (compatible; MSIE 6.0; Windows NT 5.1; SV1; .NET CLR 1.1.4322) Babya Discoverer 8.0:"
46.119.118.152 - - [22/Aug/2013:00:20:47 +0200] "GET /seiten/news.php HTTP/1.1" 200 7079 "http://narkozavisimosti-lechenie.ru/" "Mozilla/4.0 (compatible; MSIE 6.0; Windows NT 5.1; SV1; .NET CLR 1.1.4322) Babya Discoverer 8.0:"
46.119.118.152 - - [22/Aug/2013:00:20:48 +0200] "GET /seiten/news.php HTTP/1.1" 200 7079 "http://narkozavisimosti-lechenie.ru/" "Mozilla/4.0 (compatible; MSIE 6.0; Windows NT 5.1; SV1; .NET CLR 1.1.4322) Babya Discoverer 8.0:"
5.10.83.75 - - [22/Aug/2013:00:51:00 +0200] "GET /seiten/leist.htm HTTP/1.1" 200 7640 "-" "Mozilla/5.0 (compatible; AhrefsBot/5.0; +http://ahrefs.com/robot/)"
66.249.72.240 - - [22/Aug/2013:01:40:42 +0200] "GET /seiten/links.htm HTTP/1.1" 200 7302 "-" "Mozilla/5.0 (compatible; Googlebot/2.1; +http://www.google.com/bot.html)"
91.239.15.225 - - [22/Aug/2013:02:17:18 +0200] "GET /seiten/links.htm HTTP/1.0" 200 7302 "http://ebiteua.com/" "Mozilla/5.0 (Windows NT 6.1; WOW64; rv:14.0) Gecko/20100101 Firefox/14.0.1"
66.249.72.240 - - [22/Aug/2013:02:22:24 +0200] "GET /seiten/kont.htm HTTP/1.1" 304 - "-" "Mozilla/5.0 (iPhone; U; CPU iPhone OS 4_1 like Mac OS X; en-us) AppleWebKit/532.9 (KHTML, like Gecko) Version/4.0.5 Mobile/8B117 Safari/6531.22.7 (compatible; Googlebot-Mobile/2.1; +http://www.google.com/bot.html)"
46.119.118.152 - - [22/Aug/2013:04:30:06 +0200] "GET /seiten/news.php HTTP/1.1" 200 7079 "http://dollyeye.ru/" "Mozilla/4.0 (compatible; MSIE 6.0; Windows NT 5.1; SV1; .NET CLR 1.1.4322) Babya Discoverer 8.0:"
46.119.118.152 - - [22/Aug/2013:04:30:06 +0200] "GET /seiten/news.php HTTP/1.1" 200 7079 "http://dollyeye.ru/" "Mozilla/4.0 (compatible; MSIE 6.0; Windows NT 5.1; SV1; .NET CLR 1.1.4322) Babya Discoverer 8.0:"
46.119.118.152 - - [22/Aug/2013:04:30:07 +0200] "GET /seiten/news.php HTTP/1.1" 200 7079 "http://dollyeye.ru/" "Mozilla/4.0 (compatible; MSIE 6.0; Windows NT 5.1; SV1; .NET CLR 1.1.4322) Babya Discoverer 8.0:"
66.249.72.240 - - [22/Aug/2013:04:38:14 +0200] "GET /seiten/kont.htm HTTP/1.1" 304 - "-" "Mozilla/5.0 (iPhone; U; CPU iPhone OS 4_1 like Mac OS X; en-us) AppleWebKit/532.9 (KHTML, like Gecko) Version/4.0.5 Mobile/8B117 Safari/6531.22.7 (compatible; Googlebot-Mobile/2.1; +http://www.google.com/bot.html)"
66.249.72.240 - - [22/Aug/2013:04:41:15 +0200] "GET /seiten/dialyse.htm HTTP/1.1" 200 7403 "-" "SAMSUNG-SGH-E250/1.0 Profile/MIDP-2.0 Configuration/CLDC-1.1 UP.Browser/6.2.3.3.c.1.101 (GUI) MMP/2.0 (compatible; Googlebot-Mobile/2.1; +http://www.google.com/bot.html)"
46.118.126.194 - - [22/Aug/2013:04:46:14 +0200] "GET /seiten/news.php HTTP/1.1" 200 7079 "http://www.echomsk.spb.ru/" "Mozilla/4.0 (compatible; MSIE 6.0; Windows NT 5.1; SV1; .NET CLR 1.1.4322) Babya Discoverer 8.0:"
46.118.126.194 - - [22/Aug/2013:04:46:15 +0200] "GET /seiten/news.php HTTP/1.1" 200 7079 "http://www.wood-expert.ru/" "Mozilla/4.0 (compatible; MSIE 6.0; Windows NT 5.1; SV1; .NET CLR 1.1.4322) Babya Discoverer 8.0:"
46.118.126.194 - - [22/Aug/2013:04:46:15 +0200] "GET /seiten/news.php HTTP/1.1" 200 7079 "http://www.echomsk.spb.ru/" "Mozilla/4.0 (compatible; MSIE 6.0; Windows NT 5.1; SV1; .NET CLR 1.1.4322) Babya Discoverer 8.0:"
46.118.126.194 - - [22/Aug/2013:04:46:15 +0200] "GET /seiten/news.php HTTP/1.1" 200 7079 "http://www.wood-expert.ru/" "Mozilla/4.0 (compatible; MSIE 6.0; Windows NT 5.1; SV1; .NET CLR 1.1.4322) Babya Discoverer 8.0:"
46.118.126.194 - - [22/Aug/2013:04:46:15 +0200] "GET /seiten/news.php HTTP/1.1" 200 7079 "http://www.echomsk.spb.ru/" "Mozilla/4.0 (compatible; MSIE 6.0; Windows NT 5.1; SV1; .NET CLR 1.1.4322) Babya Discoverer 8.0:"
46.118.126.194 - - [22/Aug/2013:04:46:15 +0200] "GET /seiten/news.php HTTP/1.1" 200 7079 "http://www.wood-expert.ru/" "Mozilla/4.0 (compatible; MSIE 6.0; Windows NT 5.1; SV1; .NET CLR 1.1.4322) Babya Discoverer 8.0:"
141.8.147.12 - - [22/Aug/2013:04:49:57 +0200] "GET /robots.txt HTTP/1.1" 200 157 "-" "Mozilla/5.0 (compatible; YandexBot/3.0; +http://yandex.com/bots)"
141.8.147.12 - - [22/Aug/2013:04:49:59 +0200] "GET /img/men05.gif HTTP/1.1" 304 - "-" "Mozilla/5.0 (compatible; YandexImages/3.0; +http://yandex.com/bots)"
208.115.113.89 - - [22/Aug/2013:05:11:33 +0200] "GET /robots.txt HTTP/1.1" 200 157 "-" "Mozilla/5.0 (compatible; Ezooms/1.0; ezooms.bot@gmail.com)"
218.93.127.107 - - [22/Aug/2013:05:27:06 +0200] "GET /seiten/links.htm HTTP/1.0" 200 7302 "http://www.dialyse-borna.de/seiten/links.htm" "Mozilla/5.0 (Windows NT 6.1; WOW64) AppleWebKit/535.12 (KHTML, like Gecko) Maxthon/3.0 Chrome/18.0.966.0 Safari/535.12"
180.76.5.26 - - [22/Aug/2013:06:50:51 +0200] "GET /robots.txt HTTP/1.1" 200 157 "-" "Mozilla/5.0 (Windows NT 5.1; rv:6.0.2) Gecko/20100101 Firefox/6.0.2"
208.115.113.89 - - [22/Aug/2013:06:57:10 +0200] "GET /seiten/links.htm HTTP/1.1" 200 7302 "-" "Mozilla/5.0 (compatible; Ezooms/1.0; ezooms.bot@gmail.com)"
5.10.83.75 - - [22/Aug/2013:07:26:33 +0200] "GET /seiten/news.php HTTP/1.1" 200 7079 "-" "Mozilla/5.0 (compatible; AhrefsBot/5.0; +http://ahrefs.com/robot/)"
91.207.9.226 - - [22/Aug/2013:07:46:50 +0200] "GET /seiten/news.php HTTP/1.1" 200 7079 "http://www.remstart.ru/" "Mozilla/4.0 (compatible; MSIE 6.0; Windows NT 5.2; Win64; x64; SV1; .NET CLR 2.0.50727)"
91.207.9.226 - - [22/Aug/2013:07:46:50 +0200] "GET /seiten/news.php HTTP/1.1" 200 7079 "http://moregirls.org/" "Mozilla/4.0 (compatible; MSIE 6.0; Windows NT 5.2; Win64; x64; SV1; .NET CLR 2.0.50727)"
91.207.9.226 - - [22/Aug/2013:07:46:51 +0200] "GET /seiten/news.php HTTP/1.1" 200 7079 "http://www.remstart.ru/" "Mozilla/4.0 (compatible; MSIE 6.0; Windows NT 5.2; Win64; x64; SV1; .NET CLR 2.0.50727)"
91.207.9.226 - - [22/Aug/2013:07:46:51 +0200] "GET /seiten/news.php HTTP/1.1" 200 7079 "http://moregirls.org/" "Mozilla/4.0 (compatible; MSIE 6.0; Windows NT 5.2; Win64; x64; SV1; .NET CLR 2.0.50727)"
91.207.9.226 - - [22/Aug/2013:07:46:51 +0200] "GET /seiten/news.php HTTP/1.1" 200 7079 "http://www.remstart.ru/" "Mozilla/4.0 (compatible; MSIE 6.0; Windows NT 5.2; Win64; x64; SV1; .NET CLR 2.0.50727)"
91.207.9.226 - - [22/Aug/2013:07:46:51 +0200] "GET /seiten/news.php HTTP/1.1" 200 7079 "http://moregirls.org/" "Mozilla/4.0 (compatible; MSIE 6.0; Windows NT 5.2; Win64; x64; SV1; .NET CLR 2.0.50727)"
83.133.125.202 - - [22/Aug/2013:08:25:05 +0200] "GET / HTTP/1.1" 200 2663 "http://www.sumaja.de/?such_wert=brandenburg" "T-Online Browser"
5.10.83.75 - - [22/Aug/2013:09:43:43 +0200] "GET /seiten/impr.htm HTTP/1.1" 200 9648 "-" "Mozilla/5.0 (compatible; AhrefsBot/5.0; +http://ahrefs.com/robot/)"
62.219.8.236 - - [22/Aug/2013:11:16:21 +0200] "GET / HTTP/1.1" 200 2663 "-" "Mozilla/5.0 (Windows NT 6.0; WOW64) AppleWebKit/534.30 (KHTML, like Gecko) Chrome/12.0.742.91 Safari/534.30"
62.219.8.236 - - [22/Aug/2013:11:16:31 +0200] "GET /false.htm HTTP/1.1" 200 2842 "http://www.dialyse-borna.de/" "Mozilla/6.0 (compatible)"
62.219.8.236 - - [22/Aug/2013:11:16:31 +0200] "GET /css/borna.css HTTP/1.1" 200 2909 "http://www.dialyse-borna.de/" "Mozilla/4.0 (compatible; MSIE 7.0; Windows NT 5.1)"
62.219.8.236 - - [22/Aug/2013:11:16:31 +0200] "GET /img/FL_check.swf HTTP/1.1" 200 100 "http://www.dialyse-borna.de/" "Mozilla/6.0 (compatible)"
62.219.8.236 - - [22/Aug/2013:11:16:31 +0200] "GET /seiten/start.htm HTTP/1.1" 200 7516 "http://www.dialyse-borna.de/" "Mozilla/6.0 (compatible)"
192.114.71.13 - - [22/Aug/2013:11:16:32 +0200] "GET /img/FL_check.swf HTTP/1.0" 200 100 "-" "Mozilla/5.0 (X11; U; Linux i686; en-US; rv:1.9.2.28) Gecko"
192.114.71.13 - - [22/Aug/2013:11:16:33 +0200] "GET /seiten/start.htm HTTP/1.0" 200 7516 "http://www.dialyse-borna.de/img/FL_check.swf" "Mozilla/5.0 (X11; U; Linux i686; en-US; rv:1.9.2.28) Gecko"
192.114.71.13 - - [22/Aug/2013:11:16:33 +0200] "GET /seiten/start.htm HTTP/1.0" 200 7516 "http://www.dialyse-borna.de/img/FL_check.swf" "Mozilla/5.0 (X11; U; Linux i686; en-US; rv:1.9.2.28) Gecko"
62.219.8.236 - - [22/Aug/2013:11:16:43 +0200] "GET /seiten/leist.htm HTTP/1.1" 200 7640 "http://www.dialyse-borna.de/seiten/start.htm" "Mozilla/6.0 (compatible)"
62.219.8.236 - - [22/Aug/2013:11:16:43 +0200] "GET /seiten/dialyse.htm HTTP/1.1" 200 7403 "http://www.dialyse-borna.de/seiten/start.htm" "Mozilla/6.0 (compatible)"
62.219.8.236 - - [22/Aug/2013:11:16:43 +0200] "GET /seiten/links.htm HTTP/1.1" 200 7302 "http://www.dialyse-borna.de/seiten/start.htm" "Mozilla/4.0 (compatible; MSIE 7.0; Windows NT 5.1)"
62.219.8.236 - - [22/Aug/2013:11:16:43 +0200] "GET /seiten/kont.htm HTTP/1.1" 200 8048 "http://www.dialyse-borna.de/seiten/start.htm" "Mozilla/6.0 (compatible)"
62.219.8.236 - - [22/Aug/2013:11:16:43 +0200] "GET /seiten/impr.htm HTTP/1.1" 200 9648 "http://www.dialyse-borna.de/seiten/start.htm" "Mozilla/5.0 (Windows NT 6.0; WOW64) AppleWebKit/534.30 (KHTML, like Gecko) Chrome/12.0.742.91 Safari/534.30"
62.219.8.236 - - [22/Aug/2013:11:16:43 +0200] "GET /seiten/praxis.htm HTTP/1.1" 200 7847 "http://www.dialyse-borna.de/seiten/start.htm" "Mozilla/5.0 (compatible)"
62.219.8.236 - - [22/Aug/2013:11:16:43 +0200] "GET /img/bilder.swf HTTP/1.1" 200 78858 "http://www.dialyse-borna.de/seiten/start.htm" "Mozilla/5.0 (Windows NT 6.0; WOW64) AppleWebKit/534.30 (KHTML, like Gecko) Chrome/12.0.742.91 Safari/534.30"
192.114.71.13 - - [22/Aug/2013:11:16:43 +0200] "GET /img/bilder.swf HTTP/1.0" 200 78858 "-" "Mozilla/5.0 (X11; U; Linux i686; en-US; rv:1.9.2.28) Gecko"
62.219.8.236 - - [22/Aug/2013:11:16:53 +0200] "GET /seiten/kont_form.php HTTP/1.1" 200 8561 "http://www.dialyse-borna.de/seiten/kont.htm" "Mozilla/4.0 (compatible; MSIE 7.0; Windows NT 5.1)"
62.219.8.236 - - [22/Aug/2013:11:17:00 +0200] "GET /seiten/news.php HTTP/1.1" 200 7079 "http://www.dialyse-borna.de/seiten/kont_form.php" "Mozilla/4.0 (compatible; MSIE 7.0; Windows NT 5.1)"
62.219.8.236 - - [22/Aug/2013:11:17:12 +0200] "GET /seiten/function.include HTTP/1.1" 404 1256 "http://www.dialyse-borna.de/seiten/news.php" "Mozilla/4.0 (compatible; MSIE 7.0; Windows NT 5.1)"
82.80.234.138 - - [22/Aug/2013:11:28:40 +0200] "GET /img/lay04.gif HTTP/1.1" 200 210 "-" "-"
82.80.234.135 - - [22/Aug/2013:11:28:40 +0200] "GET /img/1pixel.gif HTTP/1.1" 200 45 "-" "-"
82.80.234.142 - - [22/Aug/2013:11:28:40 +0200] "GET /img/links.jpg HTTP/1.1" 200 15669 "-" "-"
82.80.234.141 - - [22/Aug/2013:11:28:40 +0200] "GET /img/lay03.gif HTTP/1.1" 200 671 "-" "-"
82.80.234.139 - - [22/Aug/2013:11:28:41 +0200] "GET /img/pfeil.jpg HTTP/1.1" 200 380 "-" "-"
82.80.244.59 - - [22/Aug/2013:11:28:42 +0200] "GET /img/bg2.gif HTTP/1.1" 200 49 "-" "-"
82.80.244.59 - - [22/Aug/2013:11:28:44 +0200] "GET /img/men02.gif HTTP/1.1" 200 1273 "-" "-"
82.80.244.55 - - [22/Aug/2013:11:28:45 +0200] "GET /img/lay02.gif HTTP/1.1" 200 3503 "-" "-"
82.80.234.137 - - [22/Aug/2013:11:28:45 +0200] "GET /img/main_pic.jpg HTTP/1.1" 200 14864 "-" "-"
82.80.234.137 - - [22/Aug/2013:11:28:46 +0200] "GET /img/men02a.gif HTTP/1.1" 200 589 "-" "-"
82.80.244.53 - - [22/Aug/2013:11:28:46 +0200] "GET /img/men01.gif HTTP/1.1" 200 432 "-" "-"
82.80.244.59 - - [22/Aug/2013:11:28:47 +0200] "GET /img/men03.gif HTTP/1.1" 200 1621 "-" "-"
82.80.244.58 - - [22/Aug/2013:11:28:47 +0200] "GET /img/men03a.gif HTTP/1.1" 200 820 "-" "-"
82.80.244.54 - - [22/Aug/2013:11:28:47 +0200] "GET /img/men04a.gif HTTP/1.1" 200 669 "-" "-"
82.80.244.58 - - [22/Aug/2013:11:28:47 +0200] "GET /img/lay05.gif HTTP/1.1" 200 541 "-" "-"
82.80.244.58 - - [22/Aug/2013:11:28:48 +0200] "GET /img/men05a.gif HTTP/1.1" 200 556 "-" "-"
82.80.244.58 - - [22/Aug/2013:11:28:48 +0200] "GET /img/men06.gif HTTP/1.1" 200 1162 "-" "-"
82.80.234.135 - - [22/Aug/2013:11:28:48 +0200] "GET /img/men06a.gif HTTP/1.1" 200 518 "-" "-"
82.80.234.138 - - [22/Aug/2013:11:28:48 +0200] "GET /img/lay08.gif HTTP/1.1" 200 322 "-" "-"
82.80.234.136 - - [22/Aug/2013:11:28:49 +0200] "GET /img/lay07.gif HTTP/1.1" 200 272 "-" "-"
82.80.244.57 - - [22/Aug/2013:11:28:49 +0200] "GET /img/bg3.gif HTTP/1.1" 200 143 "-" "-"
82.80.244.52 - - [22/Aug/2013:11:28:49 +0200] "GET /img/leist.jpg HTTP/1.1" 200 18546 "-" "-"
82.80.244.56 - - [22/Aug/2013:11:28:49 +0200] "GET /img/bg4.gif HTTP/1.1" 200 135 "-" "-"
82.80.244.56 - - [22/Aug/2013:11:28:50 +0200] "GET /img/men07.gif HTTP/1.1" 200 1396 "-" "-"
82.80.244.53 - - [22/Aug/2013:11:28:51 +0200] "GET /img/men07a.gif HTTP/1.1" 200 666 "-" "-"
82.80.234.140 - - [22/Aug/2013:11:28:51 +0200] "GET /img/bg1.gif HTTP/1.1" 200 54 "-" "-"
82.80.234.136 - - [22/Aug/2013:11:28:51 +0200] "GET /img/men04.gif HTTP/1.1" 200 1395 "-" "-"
82.80.244.54 - - [22/Aug/2013:11:28:51 +0200] "GET /img/men08a.gif HTTP/1.1" 200 819 "-" "-"
82.80.234.137 - - [22/Aug/2013:11:28:51 +0200] "GET /img/men05.gif HTTP/1.1" 200 1200 "-" "-"
82.80.234.134 - - [22/Aug/2013:11:28:52 +0200] "GET /img/men08.gif HTTP/1.1" 200 1642 "-" "-"
82.80.234.136 - - [22/Aug/2013:11:28:52 +0200] "GET /img/lay01.gif HTTP/1.1" 200 384 "-" "-"
82.80.244.53 - - [22/Aug/2013:11:28:52 +0200] "GET /img/dialyse.jpg HTTP/1.1" 200 18017 "-" "-"
82.80.244.58 - - [22/Aug/2013:11:28:53 +0200] "GET /img/schild.jpg HTTP/1.1" 200 12757 "-" "-"
82.80.244.59 - - [22/Aug/2013:11:28:53 +0200] "GET /img/men09.gif HTTP/1.1" 200 708 "-" "-"
198.2.218.12 - - [22/Aug/2013:12:47:26 +0200] "GET /seiten/ HTTP/1.0" 403 1222 "http://www.dialyse-borna.de/seiten/" "Opera/9.80 (Windows NT 6.2; WOW64; MRA 8.0 (build 5784)) Presto/2.12.388 Version/12.11"
198.2.218.12 - - [22/Aug/2013:12:47:27 +0200] "GET / HTTP/1.0" 200 2663 "http://www.dialyse-borna.de/seiten/" "Opera/9.80 (Windows NT 6.2; WOW64; MRA 8.0 (build 5784)) Presto/2.12.388 Version/12.11"
208.115.113.89 - - [22/Aug/2013:13:09:23 +0200] "GET /robots.txt HTTP/1.1" 200 157 "-" "Mozilla/5.0 (compatible; Ezooms/1.0; ezooms.bot@gmail.com)"
46.118.126.194 - - [22/Aug/2013:13:16:21 +0200] "GET /seiten/news.php HTTP/1.1" 200 7079 "http://golden-praga.ru/" "Mozilla/4.0 (compatible; MSIE 6.0; Windows NT 5.1; SV1; .NET CLR 1.1.4322)"
46.118.126.194 - - [22/Aug/2013:13:16:22 +0200] "GET /seiten/news.php HTTP/1.1" 200 7079 "http://golden-praga.ru/" "Mozilla/4.0 (compatible; MSIE 6.0; Windows NT 5.1; SV1; .NET CLR 1.1.4322)"
46.118.126.194 - - [22/Aug/2013:13:16:22 +0200] "GET /seiten/news.php HTTP/1.1" 200 7079 "http://golden-praga.ru/" "Mozilla/4.0 (compatible; MSIE 6.0; Windows NT 5.1; SV1; .NET CLR 1.1.4322)"
137.175.109.139 - - [22/Aug/2013:13:29:40 +0200] "GET /seiten/ HTTP/1.0" 403 1222 "http://www.dialyse-borna.de/seiten/" "Mozilla/5.0 (Windows NT 6.1) AppleWebKit/537.4 (KHTML, like Gecko) Chrome/22.0.1229.94 Safari/537.4"
137.175.109.139 - - [22/Aug/2013:13:29:41 +0200] "GET / HTTP/1.0" 200 2663 "http://www.dialyse-borna.de/seiten/" "Mozilla/5.0 (Windows NT 6.1) AppleWebKit/537.4 (KHTML, like Gecko) Chrome/22.0.1229.94 Safari/537.4"
66.249.72.240 - - [22/Aug/2013:13:36:00 +0200] "GET /seiten/praxis.htm HTTP/1.1" 304 - "-" "Mozilla/5.0 (iPhone; U; CPU iPhone OS 4_1 like Mac OS X; en-us) AppleWebKit/532.9 (KHTML, like Gecko) Version/4.0.5 Mobile/8B117 Safari/6531.22.7 (compatible; Googlebot-Mobile/2.1; +http://www.google.com/bot.html)"
66.249.78.101 - - [22/Aug/2013:14:19:23 +0200] "GET /robots.txt HTTP/1.1" 200 157 "-" "Mozilla/5.0 (compatible; Googlebot/2.1; +http://www.google.com/bot.html)"
66.249.78.101 - - [22/Aug/2013:14:19:23 +0200] "GET /seiten/leist.htm HTTP/1.1" 200 7640 "-" "Mozilla/5.0 (compatible; Googlebot/2.1; +http://www.google.com/bot.html)"
81.7.59.81 - - [22/Aug/2013:14:49:00 +0200] "GET /seiten/impr.htm HTTP/1.1" 200 9648 "-" "Mozilla/5.0 (X11; Linux i686; rv:6.0) Gecko/20100101 Firefox/6.0"
208.115.113.89 - - [22/Aug/2013:14:59:02 +0200] "GET /seiten/dialyse.htm HTTP/1.1" 200 7403 "-" "Mozilla/5.0 (compatible; Ezooms/1.0; ezooms.bot@gmail.com)"
141.8.147.12 - - [22/Aug/2013:15:34:37 +0200] "GET /img/men05.gif HTTP/1.1" 304 - "-" "Mozilla/5.0 (compatible; YandexImages/3.0; +http://yandex.com/bots)"
79.242.114.190 - - [22/Aug/2013:16:18:37 +0200] "GET /seiten/dialyse.htm HTTP/1.1" 200 7403 "http://www.google.de/imgres?um=1&client=firefox-a&rls=org.mozilla:de:official&channel=fflb&hl=de&biw=2144&bih=1061&tbm=isch&tbnid=NlNSREO9LjcInM:&imgrefurl=http://www.dialyse-borna.de/seiten/dialyse.htm&docid=48oSBRVwoN1FYM&imgurl=http://www.dialyse-borna.de/img/dialyse.jpg&w=347&h=260&ei=Sx0WUpSjNNCthQeu-oDwBg&zoom=1&iact=rc&dur=256&page=1&tbnh=138&tbnw=173&start=0&ndsp=82&ved=1t:429,r:59,s:0,i:262&tx=127&ty=97" "Mozilla/5.0 (Windows NT 6.1; WOW64; rv:23.0) Gecko/20100101 Firefox/23.0"
79.242.114.190 - - [22/Aug/2013:16:18:37 +0200] "GET /css/borna.css HTTP/1.1" 200 2909 "http://www.dialyse-borna.de/seiten/dialyse.htm" "Mozilla/5.0 (Windows NT 6.1; WOW64; rv:23.0) Gecko/20100101 Firefox/23.0"
79.242.114.190 - - [22/Aug/2013:16:18:37 +0200] "GET /img/1pixel.gif HTTP/1.1" 200 45 "http://www.dialyse-borna.de/seiten/dialyse.htm" "Mozilla/5.0 (Windows NT 6.1; WOW64; rv:23.0) Gecko/20100101 Firefox/23.0"
79.242.114.190 - - [22/Aug/2013:16:18:37 +0200] "GET /img/men01.gif HTTP/1.1" 200 432 "http://www.dialyse-borna.de/seiten/dialyse.htm" "Mozilla/5.0 (Windows NT 6.1; WOW64; rv:23.0) Gecko/20100101 Firefox/23.0"
79.242.114.190 - - [22/Aug/2013:16:18:37 +0200] "GET /img/men02.gif HTTP/1.1" 200 1273 "http://www.dialyse-borna.de/seiten/dialyse.htm" "Mozilla/5.0 (Windows NT 6.1; WOW64; rv:23.0) Gecko/20100101 Firefox/23.0"
79.242.114.190 - - [22/Aug/2013:16:18:37 +0200] "GET /img/men03.gif HTTP/1.1" 200 1621 "http://www.dialyse-borna.de/seiten/dialyse.htm" "Mozilla/5.0 (Windows NT 6.1; WOW64; rv:23.0) Gecko/20100101 Firefox/23.0"
79.242.114.190 - - [22/Aug/2013:16:18:37 +0200] "GET /img/men04a.gif HTTP/1.1" 200 669 "http://www.dialyse-borna.de/seiten/dialyse.htm" "Mozilla/5.0 (Windows NT 6.1; WOW64; rv:23.0) Gecko/20100101 Firefox/23.0"
79.242.114.190 - - [22/Aug/2013:16:18:37 +0200] "GET /img/men06.gif HTTP/1.1" 200 1162 "http://www.dialyse-borna.de/seiten/dialyse.htm" "Mozilla/5.0 (Windows NT 6.1; WOW64; rv:23.0) Gecko/20100101 Firefox/23.0"
79.242.114.190 - - [22/Aug/2013:16:18:37 +0200] "GET /img/men07.gif HTTP/1.1" 200 1396 "http://www.dialyse-borna.de/seiten/dialyse.htm" "Mozilla/5.0 (Windows NT 6.1; WOW64; rv:23.0) Gecko/20100101 Firefox/23.0"
79.242.114.190 - - [22/Aug/2013:16:18:37 +0200] "GET /img/men08.gif HTTP/1.1" 200 1642 "http://www.dialyse-borna.de/seiten/dialyse.htm" "Mozilla/5.0 (Windows NT 6.1; WOW64; rv:23.0) Gecko/20100101 Firefox/23.0"
79.242.114.190 - - [22/Aug/2013:16:18:37 +0200] "GET /img/men09.gif HTTP/1.1" 200 708 "http://www.dialyse-borna.de/seiten/dialyse.htm" "Mozilla/5.0 (Windows NT 6.1; WOW64; rv:23.0) Gecko/20100101 Firefox/23.0"
79.242.114.190 - - [22/Aug/2013:16:18:37 +0200] "GET /img/lay07.gif HTTP/1.1" 200 272 "http://www.dialyse-borna.de/seiten/dialyse.htm" "Mozilla/5.0 (Windows NT 6.1; WOW64; rv:23.0) Gecko/20100101 Firefox/23.0"
79.242.114.190 - - [22/Aug/2013:16:18:37 +0200] "GET /img/lay01.gif HTTP/1.1" 200 384 "http://www.dialyse-borna.de/seiten/dialyse.htm" "Mozilla/5.0 (Windows NT 6.1; WOW64; rv:23.0) Gecko/20100101 Firefox/23.0"
79.242.114.190 - - [22/Aug/2013:16:18:37 +0200] "GET /img/lay04.gif HTTP/1.1" 200 210 "http://www.dialyse-borna.de/seiten/dialyse.htm" "Mozilla/5.0 (Windows NT 6.1; WOW64; rv:23.0) Gecko/20100101 Firefox/23.0"
79.242.114.190 - - [22/Aug/2013:16:18:37 +0200] "GET /img/dialyse.jpg HTTP/1.1" 200 18017 "http://www.dialyse-borna.de/seiten/dialyse.htm" "Mozilla/5.0 (Windows NT 6.1; WOW64; rv:23.0) Gecko/20100101 Firefox/23.0"
79.242.114.190 - - [22/Aug/2013:16:18:37 +0200] "GET /img/lay03.gif HTTP/1.1" 200 671 "http://www.dialyse-borna.de/seiten/dialyse.htm" "Mozilla/5.0 (Windows NT 6.1; WOW64; rv:23.0) Gecko/20100101 Firefox/23.0"
79.242.114.190 - - [22/Aug/2013:16:18:37 +0200] "GET /img/bg2.gif HTTP/1.1" 200 49 "http://www.dialyse-borna.de/seiten/dialyse.htm" "Mozilla/5.0 (Windows NT 6.1; WOW64; rv:23.0) Gecko/20100101 Firefox/23.0"
79.242.114.190 - - [22/Aug/2013:16:18:37 +0200] "GET /img/lay02.gif HTTP/1.1" 200 3503 "http://www.dialyse-borna.de/seiten/dialyse.htm" "Mozilla/5.0 (Windows NT 6.1; WOW64; rv:23.0) Gecko/20100101 Firefox/23.0"
79.242.114.190 - - [22/Aug/2013:16:18:37 +0200] "GET /img/lay08.gif HTTP/1.1" 200 322 "http://www.dialyse-borna.de/seiten/dialyse.htm" "Mozilla/5.0 (Windows NT 6.1; WOW64; rv:23.0) Gecko/20100101 Firefox/23.0"
79.242.114.190 - - [22/Aug/2013:16:18:37 +0200] "GET /img/bg3.gif HTTP/1.1" 200 143 "http://www.dialyse-borna.de/seiten/dialyse.htm" "Mozilla/5.0 (Windows NT 6.1; WOW64; rv:23.0) Gecko/20100101 Firefox/23.0"
79.242.114.190 - - [22/Aug/2013:16:18:37 +0200] "GET /img/bg1.gif HTTP/1.1" 200 54 "http://www.dialyse-borna.de/seiten/dialyse.htm" "Mozilla/5.0 (Windows NT 6.1; WOW64; rv:23.0) Gecko/20100101 Firefox/23.0"
79.242.114.190 - - [22/Aug/2013:16:18:37 +0200] "GET /img/bg4.gif HTTP/1.1" 200 135 "http://www.dialyse-borna.de/seiten/dialyse.htm" "Mozilla/5.0 (Windows NT 6.1; WOW64; rv:23.0) Gecko/20100101 Firefox/23.0"
79.242.114.190 - - [22/Aug/2013:16:18:37 +0200] "GET /img/lay05.gif HTTP/1.1" 200 541 "http://www.dialyse-borna.de/seiten/dialyse.htm" "Mozilla/5.0 (Windows NT 6.1; WOW64; rv:23.0) Gecko/20100101 Firefox/23.0"
79.242.114.190 - - [22/Aug/2013:16:18:37 +0200] "GET /img/men02a.gif HTTP/1.1" 200 589 "http://www.dialyse-borna.de/seiten/dialyse.htm" "Mozilla/5.0 (Windows NT 6.1; WOW64; rv:23.0) Gecko/20100101 Firefox/23.0"
79.242.114.190 - - [22/Aug/2013:16:18:37 +0200] "GET /img/men06a.gif HTTP/1.1" 200 518 "http://www.dialyse-borna.de/seiten/dialyse.htm" "Mozilla/5.0 (Windows NT 6.1; WOW64; rv:23.0) Gecko/20100101 Firefox/23.0"
79.242.114.190 - - [22/Aug/2013:16:18:37 +0200] "GET /img/men03a.gif HTTP/1.1" 200 820 "http://www.dialyse-borna.de/seiten/dialyse.htm" "Mozilla/5.0 (Windows NT 6.1; WOW64; rv:23.0) Gecko/20100101 Firefox/23.0"
79.242.114.190 - - [22/Aug/2013:16:18:37 +0200] "GET /img/men05a.gif HTTP/1.1" 200 556 "http://www.dialyse-borna.de/seiten/dialyse.htm" "Mozilla/5.0 (Windows NT 6.1; WOW64; rv:23.0) Gecko/20100101 Firefox/23.0"
79.242.114.190 - - [22/Aug/2013:16:18:37 +0200] "GET /img/men07a.gif HTTP/1.1" 200 666 "http://www.dialyse-borna.de/seiten/dialyse.htm" "Mozilla/5.0 (Windows NT 6.1; WOW64; rv:23.0) Gecko/20100101 Firefox/23.0"
79.242.114.190 - - [22/Aug/2013:16:18:37 +0200] "GET /img/men08a.gif HTTP/1.1" 200 819 "http://www.dialyse-borna.de/seiten/dialyse.htm" "Mozilla/5.0 (Windows NT 6.1; WOW64; rv:23.0) Gecko/20100101 Firefox/23.0"
5.10.83.75 - - [22/Aug/2013:16:40:41 +0200] "GET /seiten/function.include HTTP/1.1" 404 1256 "-" "Mozilla/5.0 (compatible; AhrefsBot/5.0; +http://ahrefs.com/robot/)"
176.57.143.236 - - [22/Aug/2013:17:33:37 +0200] "GET /seiten/impr.htm HTTP/1.1" 200 9648 "-" "Mozilla/5.0 (X11; Linux i686; rv:6.0) Gecko/20100101 Firefox/6.0"
66.249.78.101 - - [22/Aug/2013:18:19:58 +0200] "GET /seiten/praxis.htm HTTP/1.1" 200 7847 "-" "Mozilla/5.0 (compatible; Googlebot/2.1; +http://www.google.com/bot.html)"
193.106.136.61 - - [22/Aug/2013:19:14:27 +0200] "GET /seiten/news.php HTTP/1.1" 200 7079 "http://koloid.ru/" "Mozilla/4.0 (compatible; MSIE 6.0; Windows NT 5.2; Win64; x64; SV1; .NET CLR 2.0.50727)"
193.106.136.61 - - [22/Aug/2013:19:14:27 +0200] "GET /seiten/news.php HTTP/1.1" 200 7079 "http://koloid.ru/" "Mozilla/4.0 (compatible; MSIE 6.0; Windows NT 5.2; Win64; x64; SV1; .NET CLR 2.0.50727)"
193.106.136.61 - - [22/Aug/2013:19:14:28 +0200] "GET /seiten/news.php HTTP/1.1" 200 7079 "http://koloid.ru/" "Mozilla/4.0 (compatible; MSIE 6.0; Windows NT 5.2; Win64; x64; SV1; .NET CLR 2.0.50727)"
5.10.83.36 - - [22/Aug/2013:20:16:17 +0200] "GET /robots.txt HTTP/1.1" 200 157 "-" "Mozilla/5.0 (compatible; AhrefsBot/5.0; +http://ahrefs.com/robot/)"
188.165.179.133 - - [22/Aug/2013:20:20:14 +0200] "GET /seiten/impr.htm HTTP/1.1" 200 9648 "-" "Mozilla/5.0 (X11; Linux i686; rv:6.0) Gecko/20100101 Firefox/6.0"
178.137.128.12 - - [22/Aug/2013:22:30:59 +0200] "GET /seiten/news.php HTTP/1.1" 200 7079 "http://rada.ru/souvenir/" "Mozilla/4.0 (compatible; MSIE 6.0; Windows NT 5.1; SV1; .NET CLR 1.1.4322) Babya Discoverer 8.0:"
178.137.128.12 - - [22/Aug/2013:22:31:00 +0200] "GET /seiten/news.php HTTP/1.1" 200 7079 "http://rada.ru/souvenir/" "Mozilla/4.0 (compatible; MSIE 6.0; Windows NT 5.1; SV1; .NET CLR 1.1.4322) Babya Discoverer 8.0:"
178.137.128.12 - - [22/Aug/2013:22:31:00 +0200] "GET /seiten/news.php HTTP/1.1" 200 7079 "http://rada.ru/souvenir/" "Mozilla/4.0 (compatible; MSIE 6.0; Windows NT 5.1; SV1; .NET CLR 1.1.4322) Babya Discoverer 8.0:"
157.56.92.150 - - [22/Aug/2013:23:01:28 +0200] "GET /robots.txt HTTP/1.1" 200 157 "-" "Mozilla/5.0 (compatible; bingbot/2.0; +http://www.bing.com/bingbot.htm)"
157.56.92.150 - - [22/Aug/2013:23:01:54 +0200] "GET /seiten/dialyse.htm HTTP/1.1" 200 7403 "-" "Mozilla/5.0 (compatible; bingbot/2.0; +http://www.bing.com/bingbot.htm)"
92.249.127.111 - - [22/Aug/2013:23:25:19 +0200] "GET /seiten/news.php HTTP/1.1" 200 7079 "http://www.bravica.jobs/ru/" "Mozilla/5.0 (compatible; news bot /2.1)"
92.249.127.111 - - [22/Aug/2013:23:25:20 +0200] "GET /seiten/news.php HTTP/1.1" 200 7079 "http://www.bravica.jobs/ru/" "Mozilla/5.0 (compatible; news bot /2.1)"
92.249.127.111 - - [22/Aug/2013:23:25:20 +0200] "GET /seiten/news.php HTTP/1.1" 200 7079 "http://www.bravica.jobs/ru/" "Mozilla/5.0 (compatible; news bot /2.1)"
66.249.78.101 - - [23/Aug/2013:01:23:26 +0200] "GET /seiten/start.htm HTTP/1.1" 304 - "-" "Mozilla/5.0 (iPhone; U; CPU iPhone OS 4_1 like Mac OS X; en-us) AppleWebKit/532.9 (KHTML, like Gecko) Version/4.0.5 Mobile/8B117 Safari/6531.22.7 (compatible; Googlebot-Mobile/2.1; +http://www.google.com/bot.html)"
66.249.78.101 - - [23/Aug/2013:01:29:10 +0200] "GET /seiten/dialyse.htm HTTP/1.1" 200 7403 "-" "Mozilla/5.0 (compatible; Googlebot/2.1; +http://www.google.com/bot.html)"
66.249.78.101 - - [23/Aug/2013:03:53:47 +0200] "GET /seiten/kont.htm HTTP/1.1" 304 - "-" "SAMSUNG-SGH-E250/1.0 Profile/MIDP-2.0 Configuration/CLDC-1.1 UP.Browser/6.2.3.3.c.1.101 (GUI) MMP/2.0 (compatible; Googlebot-Mobile/2.1; +http://www.google.com/bot.html)"
66.249.78.101 - - [23/Aug/2013:05:01:35 +0200] "GET / HTTP/1.1" 200 2663 "-" "Mozilla/5.0 (compatible; Googlebot/2.1; +http://www.google.com/bot.html)"
66.249.75.240 - - [23/Aug/2013:05:40:29 +0200] "GET /seiten/leist.htm HTTP/1.1" 304 - "-" "Mozilla/5.0 (iPhone; U; CPU iPhone OS 4_1 like Mac OS X; en-us) AppleWebKit/532.9 (KHTML, like Gecko) Version/4.0.5 Mobile/8B117 Safari/6531.22.7 (compatible; Googlebot-Mobile/2.1; +http://www.google.com/bot.html)"
183.5.17.158 - - [23/Aug/2013:06:18:38 +0200] "GET /seiten/links.htm HTTP/1.1" 200 7302 "-" "Mozilla/4.0 (compatible; MSIE 6.0; Windows NT 5.1; SV1; TencentTraveler ; Mozilla/4.0 (compatible; MSIE 6.0; Windows NT 5.1; SV1) ; .NET CLR 2.0.50727)"
157.55.32.62 - - [23/Aug/2013:06:33:06 +0200] "GET /robots.txt HTTP/1.1" 200 157 "-" "Mozilla/5.0 (compatible; bingbot/2.0; +http://www.bing.com/bingbot.htm)"
157.55.32.62 - - [23/Aug/2013:06:33:38 +0200] "GET /seiten/praxis.htm HTTP/1.1" 200 7847 "-" "Mozilla/5.0 (compatible; bingbot/2.0; +http://www.bing.com/bingbot.htm)"
46.118.126.194 - - [23/Aug/2013:06:59:01 +0200] "GET /seiten/news.php HTTP/1.1" 200 7079 "http://web-sektor.ru/" "Mozilla/4.0 (compatible; MSIE 6.0; Windows NT 5.1; SV1; .NET CLR 1.1.4322) Babya Discoverer 8.0:"
46.118.126.194 - - [23/Aug/2013:06:59:02 +0200] "GET /seiten/news.php HTTP/1.1" 200 7079 "http://web-sektor.ru/" "Mozilla/4.0 (compatible; MSIE 6.0; Windows NT 5.1; SV1; .NET CLR 1.1.4322) Babya Discoverer 8.0:"
46.118.126.194 - - [23/Aug/2013:06:59:03 +0200] "GET /seiten/news.php HTTP/1.1" 200 7079 "http://web-sektor.ru/" "Mozilla/4.0 (compatible; MSIE 6.0; Windows NT 5.1; SV1; .NET CLR 1.1.4322) Babya Discoverer 8.0:"
157.55.34.35 - - [23/Aug/2013:07:03:48 +0200] "GET /seiten/links.htm HTTP/1.1" 200 7302 "-" "Mozilla/5.0 (compatible; bingbot/2.0; +http://www.bing.com/bingbot.htm)"
141.8.147.12 - - [23/Aug/2013:07:20:50 +0200] "GET /robots.txt HTTP/1.1" 200 157 "-" "Mozilla/5.0 (compatible; YandexBot/3.0; +http://yandex.com/bots)"
141.8.147.12 - - [23/Aug/2013:08:16:16 +0200] "GET / HTTP/1.1" 200 2663 "-" "Mozilla/5.0 (compatible; YandexBot/3.0; +http://yandex.com/bots)"
141.8.147.12 - - [23/Aug/2013:08:30:29 +0200] "GET /img/men05.gif HTTP/1.1" 304 - "-" "Mozilla/5.0 (compatible; YandexImages/3.0; +http://yandex.com/bots)"
66.249.78.101 - - [23/Aug/2013:08:43:56 +0200] "GET /seiten/kont.htm HTTP/1.1" 304 - "-" "SAMSUNG-SGH-E250/1.0 Profile/MIDP-2.0 Configuration/CLDC-1.1 UP.Browser/6.2.3.3.c.1.101 (GUI) MMP/2.0 (compatible; Googlebot-Mobile/2.1; +http://www.google.com/bot.html)"
80.153.125.223 - - [23/Aug/2013:09:24:16 +0200] "GET / HTTP/1.1" 200 2663 "http://www.google.de/url?sa=t&rct=j&q=dialysepraxis%20borna&source=web&cd=1&ved=0CDAQFjAA&url=http%3A%2F%2Fwww.dialyse-borna.de%2F&ei=5A0XUs3OOtKjhgfDkYHQCA&usg=AFQjCNF2KNTIkBF7QiIB3UFmpF4J1FAf4w&bvm=bv.51156542,d.bGE" "Mozilla/4.0 (compatible; MSIE 8.0; Windows NT 5.1; Trident/4.0; .NET CLR 2.0.50727; .NET CLR 3.0.4506.2152; .NET CLR 3.5.30729; .NET4.0C; .NET4.0E)"
80.153.125.223 - - [23/Aug/2013:09:24:16 +0200] "GET /css/borna.css HTTP/1.1" 200 2909 "http://www.dialyse-borna.de/" "Mozilla/4.0 (compatible; MSIE 8.0; Windows NT 5.1; Trident/4.0; .NET CLR 2.0.50727; .NET CLR 3.0.4506.2152; .NET CLR 3.5.30729; .NET4.0C; .NET4.0E)"
80.153.125.223 - - [23/Aug/2013:09:24:16 +0200] "GET /seiten/start.htm HTTP/1.1" 200 7516 "-" "Mozilla/4.0 (compatible; MSIE 8.0; Windows NT 5.1; Trident/4.0; .NET CLR 2.0.50727; .NET CLR 3.0.4506.2152; .NET CLR 3.5.30729; .NET4.0C; .NET4.0E)"
80.153.125.223 - - [23/Aug/2013:09:24:17 +0200] "GET /img/bg2.gif HTTP/1.1" 200 49 "http://www.dialyse-borna.de/seiten/start.htm" "Mozilla/4.0 (compatible; MSIE 8.0; Windows NT 5.1; Trident/4.0; .NET CLR 2.0.50727; .NET CLR 3.0.4506.2152; .NET CLR 3.5.30729; .NET4.0C; .NET4.0E)"
