95.152.10.231 - - [16/Aug/2013:15:26:19 +0200] "GET /seiten/praxis.htm HTTP/1.1" 200 7847 "-" "Mozilla/5.0 (compatible; 008/0.85; http://www.80legs.com/webcrawler.html) Gecko/2008032620"
188.168.232.193 - - [16/Aug/2013:15:26:20 +0200] "GET /seiten/praxis.htm HTTP/1.1" 200 7847 "-" "Mozilla/5.0 (compatible; 008/0.85; http://www.80legs.com/webcrawler.html) Gecko/2008032620"
93.81.242.40 - - [16/Aug/2013:15:26:21 +0200] "GET /seiten/praxis.htm HTTP/1.1" 200 7847 "-" "Mozilla/5.0 (compatible; 008/0.85; http://www.80legs.com/webcrawler.html) Gecko/2008032620"
78.134.22.212 - - [16/Aug/2013:15:26:26 +0200] "GET /seiten/praxis.htm HTTP/1.1" 200 7847 "-" "Mozilla/5.0 (compatible; 008/0.85; http://www.80legs.com/webcrawler.html) Gecko/2008032620"
109.171.104.119 - - [16/Aug/2013:15:29:21 +0200] "GET /seiten/links.htm HTTP/1.1" 200 7302 "-" "Mozilla/5.0 (compatible; 008/0.85; http://www.80legs.com/webcrawler.html) Gecko/2008032620"
109.171.104.119 - - [16/Aug/2013:15:29:41 +0200] "GET /seiten/links.htm HTTP/1.1" 200 7302 "-" "Mozilla/5.0 (compatible; 008/0.85; http://www.80legs.com/webcrawler.html) Gecko/2008032620"
94.232.16.138 - - [16/Aug/2013:15:33:14 +0200] "GET /seiten/impr.htm HTTP/1.1" 200 9648 "-" "Mozilla/5.0 (compatible; 008/0.85; http://www.80legs.com/webcrawler.html) Gecko/2008032620"
178.136.129.210 - - [16/Aug/2013:15:34:01 +0200] "GET /seiten/impr.htm HTTP/1.1" 200 9648 "-" "Mozilla/5.0 (compatible; 008/0.85; http://www.80legs.com/webcrawler.html) Gecko/2008032620"
77.79.138.9 - - [16/Aug/2013:15:44:54 +0200] "GET /seiten/impr.htm HTTP/1.1" 200 9648 "-" "Mozilla/5.0 (compatible; 008/0.85; http://www.80legs.com/webcrawler.html) Gecko/2008032620"
186.149.128.204 - - [16/Aug/2013:15:45:46 +0200] "GET /seiten/impr.htm HTTP/1.1" 200 9648 "-" "Mozilla/5.0 (compatible; 008/0.85; http://www.80legs.com/webcrawler.html) Gecko/2008032620"
141.8.147.12 - - [16/Aug/2013:15:51:56 +0200] "GET /img/men05.gif HTTP/1.1" 304 - "-" "Mozilla/5.0 (compatible; YandexImages/3.0; +http://yandex.com/bots)"
204.236.226.210 - - [16/Aug/2013:16:06:03 +0200] "GET /robots.txt HTTP/1.0" 200 157 "-" "ia_archiver (+http://www.alexa.com/site/help/webmasters; crawler@alexa.com)"
204.236.226.210 - - [16/Aug/2013:16:06:04 +0200] "GET /seiten/leist.htm HTTP/1.0" 200 7640 "-" "ia_archiver (+http://www.alexa.com/site/help/webmasters; crawler@alexa.com)"
109.111.133.169 - - [16/Aug/2013:17:05:29 +0200] "GET /seiten/kont.htm HTTP/1.1" 200 8048 "-" "Mozilla/5.0 (compatible; 008/0.85; http://www.80legs.com/webcrawler.html) Gecko/2008032620"
31.211.15.57 - - [16/Aug/2013:17:15:49 +0200] "GET /seiten/dialyse.htm HTTP/1.1" 200 7403 "-" "Mozilla/5.0 (compatible; 008/0.85; http://www.80legs.com/webcrawler.html) Gecko/2008032620"
66.249.72.240 - - [16/Aug/2013:17:20:31 +0200] "GET /robots.txt HTTP/1.1" 200 157 "-" "Mozilla/5.0 (compatible; Googlebot/2.1; +http://www.google.com/bot.html)"
66.249.72.240 - - [16/Aug/2013:17:20:31 +0200] "GET /img/bilder.swf HTTP/1.1" 200 78858 "-" "Mozilla/5.0 (iPhone; U; CPU iPhone OS 4_1 like Mac OS X; en-us) AppleWebKit/532.9 (KHTML, like Gecko) Version/4.0.5 Mobile/8B117 Safari/6531.22.7 (compatible; Googlebot-Mobile/2.1; +http://www.google.com/bot.html)"
64.125.222.50 - - [16/Aug/2013:17:20:36 +0200] "GET /robots.txt HTTP/1.1" 200 157 "-" "Mozilla/5.0 (compatible; 008/0.83; http://www.80legs.com/webcrawler.html;) Gecko/2008032620"
80.72.228.5 - - [16/Aug/2013:17:21:18 +0200] "GET /seiten/dialyse.htm HTTP/1.1" 200 7403 "-" "Mozilla/5.0 (compatible; 008/0.85; http://www.80legs.com/webcrawler.html) Gecko/2008032620"
46.146.210.10 - - [16/Aug/2013:17:21:42 +0200] "GET /seiten/kont.htm HTTP/1.1" 200 8048 "-" "Mozilla/5.0 (compatible; 008/0.85; http://www.80legs.com/webcrawler.html) Gecko/2008032620"
46.118.119.55 - - [16/Aug/2013:17:37:12 +0200] "GET /seiten/dialyse.htm HTTP/1.1" 200 7403 "-" "Mozilla/5.0 (compatible; 008/0.85; http://www.80legs.com/webcrawler.html) Gecko/2008032620"
78.37.254.155 - - [16/Aug/2013:17:37:31 +0200] "GET /seiten/leist.htm HTTP/1.1" 200 7640 "-" "Mozilla/5.0 (compatible; 008/0.85; http://www.80legs.com/webcrawler.html) Gecko/2008032620"
109.120.40.101 - - [16/Aug/2013:17:39:03 +0200] "GET /seiten/kont.htm HTTP/1.1" 200 8048 "-" "Mozilla/5.0 (compatible; 008/0.85; http://www.80legs.com/webcrawler.html) Gecko/2008032620"
91.225.197.246 - - [16/Aug/2013:17:49:58 +0200] "GET /seiten/dialyse.htm HTTP/1.1" 200 7403 "-" "Mozilla/5.0 (compatible; 008/0.85; http://www.80legs.com/webcrawler.html) Gecko/2008032620"
88.81.228.114 - - [16/Aug/2013:17:50:11 +0200] "GET /seiten/dialyse.htm HTTP/1.1" 200 7403 "-" "Mozilla/5.0 (compatible; 008/0.85; http://www.80legs.com/webcrawler.html) Gecko/2008032620"
91.244.135.171 - - [16/Aug/2013:17:51:17 +0200] "GET /seiten/news.php HTTP/1.1" 200 7079 "-" "Mozilla/5.0 (compatible; 008/0.85; http://www.80legs.com/webcrawler.html) Gecko/2008032620"
176.100.70.7 - - [16/Aug/2013:17:51:22 +0200] "GET /seiten/leist.htm HTTP/1.1" 200 7640 "-" "Mozilla/5.0 (compatible; 008/0.85; http://www.80legs.com/webcrawler.html) Gecko/2008032620"
94.28.249.190 - - [16/Aug/2013:17:51:43 +0200] "GET /seiten/news.php HTTP/1.1" 200 7079 "-" "Mozilla/5.0 (compatible; 008/0.85; http://www.80legs.com/webcrawler.html) Gecko/2008032620"
82.196.94.121 - - [16/Aug/2013:17:52:15 +0200] "GET /seiten/kont.htm HTTP/1.1" 200 8048 "-" "Mozilla/5.0 (compatible; 008/0.85; http://www.80legs.com/webcrawler.html) Gecko/2008032620"
109.207.165.24 - - [16/Aug/2013:17:52:26 +0200] "GET /seiten/kont.htm HTTP/1.1" 200 8048 "-" "Mozilla/5.0 (compatible; 008/0.85; http://www.80legs.com/webcrawler.html) Gecko/2008032620"
92.249.127.111 - - [16/Aug/2013:18:02:51 +0200] "GET /seiten/news.php HTTP/1.1" 200 7079 "http://www.bravica.mobi/ru/" "Mozilla/5.0 (compatible; news bot /2.1)"
92.249.127.111 - - [16/Aug/2013:18:02:52 +0200] "GET /seiten/news.php HTTP/1.1" 200 7079 "http://www.bravica.mobi/ru/" "Mozilla/5.0 (compatible; news bot /2.1)"
92.249.127.111 - - [16/Aug/2013:18:02:52 +0200] "GET /seiten/news.php HTTP/1.1" 200 7079 "http://www.bravica.mobi/ru/" "Mozilla/5.0 (compatible; news bot /2.1)"
95.105.67.122 - - [16/Aug/2013:18:05:37 +0200] "GET /seiten/news.php HTTP/1.1" 200 7079 "-" "Mozilla/5.0 (compatible; 008/0.85; http://www.80legs.com/webcrawler.html) Gecko/2008032620"
188.27.195.79 - - [16/Aug/2013:18:05:46 +0200] "GET /seiten/news.php HTTP/1.1" 200 7079 "-" "Mozilla/5.0 (compatible; 008/0.85; http://www.80legs.com/webcrawler.html) Gecko/2008032620"
77.108.94.132 - - [16/Aug/2013:18:07:49 +0200] "GET /seiten/dialyse.htm HTTP/1.1" 200 7403 "-" "Mozilla/5.0 (compatible; 008/0.85; http://www.80legs.com/webcrawler.html) Gecko/2008032620"
77.50.16.102 - - [16/Aug/2013:18:08:25 +0200] "GET /seiten/leist.htm HTTP/1.1" 200 7640 "-" "Mozilla/5.0 (compatible; 008/0.85; http://www.80legs.com/webcrawler.html) Gecko/2008032620"
5.167.177.15 - - [16/Aug/2013:18:08:34 +0200] "GET /seiten/leist.htm HTTP/1.1" 200 7640 "-" "Mozilla/5.0 (compatible; 008/0.85; http://www.80legs.com/webcrawler.html) Gecko/2008032620"
176.121.233.2 - - [16/Aug/2013:18:08:51 +0200] "GET /seiten/kont.htm HTTP/1.1" 200 8048 "-" "Mozilla/5.0 (compatible; 008/0.85; http://www.80legs.com/webcrawler.html) Gecko/2008032620"
81.30.215.11 - - [16/Aug/2013:18:09:16 +0200] "GET /seiten/kont.htm HTTP/1.1" 200 8048 "-" "Mozilla/5.0 (compatible; 008/0.85; http://www.80legs.com/webcrawler.html) Gecko/2008032620"
66.249.72.240 - - [16/Aug/2013:18:16:05 +0200] "GET / HTTP/1.1" 200 2663 "-" "Mozilla/5.0 (iPhone; U; CPU iPhone OS 4_1 like Mac OS X; en-us) AppleWebKit/532.9 (KHTML, like Gecko) Version/4.0.5 Mobile/8B117 Safari/6531.22.7 (compatible; Googlebot-Mobile/2.1; +http://www.google.com/bot.html)"
91.207.9.226 - - [16/Aug/2013:18:16:44 +0200] "GET /seiten/news.php HTTP/1.1" 200 7079 "http://moregirls.org/" "Mozilla/4.0 (compatible; MSIE 6.0; Windows NT 5.2; Win64; x64; SV1; .NET CLR 2.0.50727)"
91.207.9.226 - - [16/Aug/2013:18:16:44 +0200] "GET /seiten/news.php HTTP/1.1" 200 7079 "http://moregirls.org/" "Mozilla/4.0 (compatible; MSIE 6.0; Windows NT 5.2; Win64; x64; SV1; .NET CLR 2.0.50727)"
91.207.9.226 - - [16/Aug/2013:18:16:45 +0200] "GET /seiten/news.php HTTP/1.1" 200 7079 "http://moregirls.org/" "Mozilla/4.0 (compatible; MSIE 6.0; Windows NT 5.2; Win64; x64; SV1; .NET CLR 2.0.50727)"
77.40.36.12 - - [16/Aug/2013:18:17:47 +0200] "GET /seiten/news.php HTTP/1.1" 200 7079 "-" "Mozilla/5.0 (compatible; 008/0.85; http://www.80legs.com/webcrawler.html) Gecko/2008032620"
178.130.42.68 - - [16/Aug/2013:18:17:55 +0200] "GET /seiten/news.php HTTP/1.1" 200 7079 "-" "Mozilla/5.0 (compatible; 008/0.85; http://www.80legs.com/webcrawler.html) Gecko/2008032620"
95.27.162.228 - - [16/Aug/2013:18:18:07 +0200] "GET /seiten/news.php HTTP/1.1" 200 7079 "-" "Mozilla/5.0 (compatible; 008/0.85; http://www.80legs.com/webcrawler.html) Gecko/2008032620"
64.125.222.16 - - [16/Aug/2013:18:34:43 +0200] "GET /robots.txt HTTP/1.1" 200 157 "-" "Mozilla/5.0 (compatible; 008/0.83; http://www.80legs.com/webcrawler.html;) Gecko/2008032620"
5.149.147.7 - - [16/Aug/2013:18:35:03 +0200] "GET /seiten/news.php HTTP/1.1" 200 7079 "-" "Mozilla/5.0 (compatible; 008/0.85; http://www.80legs.com/webcrawler.html) Gecko/2008032620"
89.254.243.129 - - [16/Aug/2013:18:35:08 +0200] "GET /seiten/news.php HTTP/1.1" 200 7079 "-" "Mozilla/5.0 (compatible; 008/0.85; http://www.80legs.com/webcrawler.html) Gecko/2008032620"
5.1.17.135 - - [16/Aug/2013:18:40:10 +0200] "GET /seiten/news.php HTTP/1.1" 200 7079 "-" "Mozilla/5.0 (compatible; 008/0.85; http://www.80legs.com/webcrawler.html) Gecko/2008032620"
89.254.243.129 - - [16/Aug/2013:18:40:21 +0200] "GET /seiten/news.php HTTP/1.1" 200 7079 "-" "Mozilla/5.0 (compatible; 008/0.85; http://www.80legs.com/webcrawler.html) Gecko/2008032620"
217.64.142.4 - - [16/Aug/2013:18:40:31 +0200] "GET /seiten/news.php HTTP/1.1" 200 7079 "-" "Mozilla/5.0 (compatible; 008/0.85; http://www.80legs.com/webcrawler.html) Gecko/2008032620"
178.206.88.215 - - [16/Aug/2013:18:48:09 +0200] "GET /seiten/news.php HTTP/1.1" 200 7079 "-" "Mozilla/5.0 (compatible; 008/0.85; http://www.80legs.com/webcrawler.html) Gecko/2008032620"
91.144.178.163 - - [16/Aug/2013:18:48:41 +0200] "GET /seiten/news.php HTTP/1.1" 200 7079 "-" "Mozilla/5.0 (compatible; 008/0.85; http://www.80legs.com/webcrawler.html) Gecko/2008032620"
141.8.147.12 - - [16/Aug/2013:19:38:11 +0200] "GET /img/leist.jpg HTTP/1.1" 304 - "-" "Mozilla/5.0 (compatible; YandexImages/3.0; +http://yandex.com/bots)"
217.212.224.183 - - [16/Aug/2013:19:45:00 +0200] "GET /robots.txt HTTP/1.0" 200 157 "-" "psbot/0.1 (+http://www.picsearch.com/bot.html)"
217.212.224.182 - - [16/Aug/2013:19:45:00 +0200] "GET /seiten/leist.htm HTTP/1.0" 304 - "-" "psbot/0.1 (+http://www.picsearch.com/bot.html)"
157.55.32.57 - - [16/Aug/2013:21:29:48 +0200] "GET /robots.txt HTTP/1.1" 200 157 "-" "Mozilla/5.0 (compatible; bingbot/2.0; +http://www.bing.com/bingbot.htm)"
157.55.32.57 - - [16/Aug/2013:21:30:27 +0200] "GET / HTTP/1.1" 200 2663 "-" "Mozilla/5.0 (compatible; bingbot/2.0; +http://www.bing.com/bingbot.htm)"
46.119.118.152 - - [16/Aug/2013:22:02:07 +0200] "GET /seiten/news.php HTTP/1.1" 200 7079 "http://muznachas-service.ru/" "Mozilla/4.0 (compatible; MSIE 6.0; Windows NT 5.1; SV1; .NET CLR 1.1.4322) Babya Discoverer 8.0:"
46.119.118.152 - - [16/Aug/2013:22:02:10 +0200] "GET /seiten/news.php HTTP/1.1" 200 7079 "http://muznachas-service.ru/" "Mozilla/4.0 (compatible; MSIE 6.0; Windows NT 5.1; SV1; .NET CLR 1.1.4322) Babya Discoverer 8.0:"
46.119.118.152 - - [16/Aug/2013:22:02:10 +0200] "GET /seiten/news.php HTTP/1.1" 200 7079 "http://muznachas-service.ru/" "Mozilla/4.0 (compatible; MSIE 6.0; Windows NT 5.1; SV1; .NET CLR 1.1.4322) Babya Discoverer 8.0:"
141.8.147.12 - - [16/Aug/2013:23:07:01 +0200] "GET /img/men05.gif HTTP/1.1" 304 - "-" "Mozilla/5.0 (compatible; YandexImages/3.0; +http://yandex.com/bots)"
46.118.126.194 - - [17/Aug/2013:01:36:21 +0200] "GET /seiten/news.php HTTP/1.1" 200 7079 "http://www.vmk-logistics.ru/" "Mozilla/4.0 (compatible; MSIE 6.0; Windows NT 5.1; SV1; .NET CLR 1.1.4322) Babya Discoverer 8.0:"
46.118.126.194 - - [17/Aug/2013:01:36:21 +0200] "GET /seiten/news.php HTTP/1.1" 200 7079 "http://www.echomsk.spb.ru/" "Mozilla/4.0 (compatible; MSIE 6.0; Windows NT 5.1; SV1; .NET CLR 1.1.4322) Babya Discoverer 8.0:"
46.118.126.194 - - [17/Aug/2013:01:36:22 +0200] "GET /seiten/news.php HTTP/1.1" 200 7079 "http://www.echomsk.spb.ru/" "Mozilla/4.0 (compatible; MSIE 6.0; Windows NT 5.1; SV1; .NET CLR 1.1.4322) Babya Discoverer 8.0:"
46.118.126.194 - - [17/Aug/2013:01:36:22 +0200] "GET /seiten/news.php HTTP/1.1" 200 7079 "http://www.vmk-logistics.ru/" "Mozilla/4.0 (compatible; MSIE 6.0; Windows NT 5.1; SV1; .NET CLR 1.1.4322) Babya Discoverer 8.0:"
46.118.126.194 - - [17/Aug/2013:01:36:22 +0200] "GET /seiten/news.php HTTP/1.1" 200 7079 "http://www.vmk-logistics.ru/" "Mozilla/4.0 (compatible; MSIE 6.0; Windows NT 5.1; SV1; .NET CLR 1.1.4322) Babya Discoverer 8.0:"
46.118.126.194 - - [17/Aug/2013:01:36:22 +0200] "GET /seiten/news.php HTTP/1.1" 200 7079 "http://www.echomsk.spb.ru/" "Mozilla/4.0 (compatible; MSIE 6.0; Windows NT 5.1; SV1; .NET CLR 1.1.4322) Babya Discoverer 8.0:"
141.8.147.12 - - [17/Aug/2013:02:04:38 +0200] "GET /robots.txt HTTP/1.1" 200 157 "-" "Mozilla/5.0 (compatible; YandexBot/3.0; +http://yandex.com/bots)"
141.8.147.12 - - [17/Aug/2013:02:09:53 +0200] "GET /img/schild.jpg HTTP/1.1" 304 - "-" "Mozilla/5.0 (compatible; YandexImages/3.0; +http://yandex.com/bots)"
66.249.72.240 - - [17/Aug/2013:03:05:45 +0200] "GET /seiten/start.htm HTTP/1.1" 304 - "-" "Mozilla/5.0 (iPhone; U; CPU iPhone OS 4_1 like Mac OS X; en-us) AppleWebKit/532.9 (KHTML, like Gecko) Version/4.0.5 Mobile/8B117 Safari/6531.22.7 (compatible; Googlebot-Mobile/2.1; +http://www.google.com/bot.html)"
46.119.118.152 - - [17/Aug/2013:04:48:15 +0200] "GET /seiten/news.php HTTP/1.1" 200 7079 "http://www.koskam.ru/" "Mozilla/4.0 (compatible; MSIE 6.0; Windows NT) ::ELNSB50::000061100320025802a00111000000000507000900000000"
46.119.118.152 - - [17/Aug/2013:04:48:16 +0200] "GET /seiten/news.php HTTP/1.1" 200 7079 "http://www.koskam.ru/" "Mozilla/4.0 (compatible; MSIE 6.0; Windows NT) ::ELNSB50::000061100320025802a00111000000000507000900000000"
46.119.118.152 - - [17/Aug/2013:04:48:16 +0200] "GET /seiten/news.php HTTP/1.1" 200 7079 "http://www.koskam.ru/" "Mozilla/4.0 (compatible; MSIE 6.0; Windows NT) ::ELNSB50::000061100320025802a00111000000000507000900000000"
66.249.72.240 - - [17/Aug/2013:06:59:44 +0200] "GET /seiten/links.htm HTTP/1.1" 304 - "-" "Mozilla/5.0 (iPhone; U; CPU iPhone OS 4_1 like Mac OS X; en-us) AppleWebKit/532.9 (KHTML, like Gecko) Version/4.0.5 Mobile/8B117 Safari/6531.22.7 (compatible; Googlebot-Mobile/2.1; +http://www.google.com/bot.html)"
178.137.128.238 - - [17/Aug/2013:09:10:19 +0200] "GET /seiten/news.php HTTP/1.1" 200 7079 "http://getmortgage.co.il/" "Mozilla/4.0 (compatible; MSIE 6.0; Windows 98; Win 9x 4.90)"
178.137.128.238 - - [17/Aug/2013:09:10:20 +0200] "GET /seiten/news.php HTTP/1.1" 200 7079 "http://getmortgage.co.il/" "Mozilla/4.0 (compatible; MSIE 6.0; Windows 98; Win 9x 4.90)"
178.137.128.238 - - [17/Aug/2013:09:10:20 +0200] "GET /seiten/news.php HTTP/1.1" 200 7079 "http://getmortgage.co.il/" "Mozilla/4.0 (compatible; MSIE 6.0; Windows 98; Win 9x 4.90)"
141.8.147.12 - - [17/Aug/2013:09:33:28 +0200] "GET /img/men05.gif HTTP/1.1" 304 - "-" "Mozilla/5.0 (compatible; YandexImages/3.0; +http://yandex.com/bots)"
141.8.147.12 - - [17/Aug/2013:14:13:46 +0200] "GET /robots.txt HTTP/1.1" 200 157 "-" "Mozilla/5.0 (compatible; YandexBot/3.0; +http://yandex.com/bots)"
37.139.52.23 - - [17/Aug/2013:14:16:17 +0200] "GET /seiten/news.php HTTP/1.1" 200 7079 "http://moygarag.ru/" "Mozilla/4.0 (compatible; MSIE 5.5; Windows NT 4.0; .NET CLR 1.0.2914)"
37.139.52.23 - - [17/Aug/2013:14:16:18 +0200] "GET /seiten/news.php HTTP/1.1" 200 7079 "http://moygarag.ru/" "Mozilla/4.0 (compatible; MSIE 5.5; Windows NT 4.0; .NET CLR 1.0.2914)"
85.25.71.40 - - [17/Aug/2013:14:55:17 +0200] "GET /robots.txt HTTP/1.1" 200 157 "-" "Mozilla/5.0 (X11; U; Linux i686; de; rv:1.9.0.1; compatible; iCjobs Stellenangebote Jobs; http://www.icjobs.de) Gecko/20100401 iCjobs/3.2.3"
85.25.71.40 - - [17/Aug/2013:14:55:17 +0200] "GET / HTTP/1.1" 200 2663 "-" "Mozilla/5.0 (X11; U; Linux i686; de; rv:1.9.0.1; compatible; iCjobs Stellenangebote Jobs; http://www.icjobs.de) Gecko/20100401 iCjobs/3.2.3"
85.25.71.40 - - [17/Aug/2013:14:55:17 +0200] "GET / HTTP/1.1" 200 2663 "-" "Mozilla/5.0 (X11; U; Linux i686; de; rv:1.9.0.1; compatible; iCjobs Stellenangebote Jobs; http://www.icjobs.de) Gecko/20100401 iCjobs/3.2.3"
85.25.71.40 - - [17/Aug/2013:14:55:18 +0200] "GET /img/FL_check.swf HTTP/1.1" 200 100 "-" "Mozilla/5.0 (X11; U; Linux i686; de; rv:1.9.0.1; compatible; iCjobs Stellenangebote Jobs; http://www.icjobs.de) Gecko/20100401 iCjobs/3.2.3"
85.25.71.40 - - [17/Aug/2013:14:55:18 +0200] "GET /seiten/start.htm HTTP/1.1" 200 7516 "-" "Mozilla/5.0 (X11; U; Linux i686; de; rv:1.9.0.1; compatible; iCjobs Stellenangebote Jobs; http://www.icjobs.de) Gecko/20100401 iCjobs/3.2.3"
85.25.71.40 - - [17/Aug/2013:14:55:28 +0200] "GET /img/bilder.swf HTTP/1.1" 200 78858 "-" "Mozilla/5.0 (X11; U; Linux i686; de; rv:1.9.0.1; compatible; iCjobs Stellenangebote Jobs; http://www.icjobs.de) Gecko/20100401 iCjobs/3.2.3"
85.25.71.40 - - [17/Aug/2013:14:55:29 +0200] "GET /seiten/praxis.htm HTTP/1.1" 200 7847 "-" "Mozilla/5.0 (X11; U; Linux i686; de; rv:1.9.0.1; compatible; iCjobs Stellenangebote Jobs; http://www.icjobs.de) Gecko/20100401 iCjobs/3.2.3"
85.25.71.40 - - [17/Aug/2013:14:55:39 +0200] "GET /seiten/leist.htm HTTP/1.1" 200 7640 "-" "Mozilla/5.0 (X11; U; Linux i686; de; rv:1.9.0.1; compatible; iCjobs Stellenangebote Jobs; http://www.icjobs.de) Gecko/20100401 iCjobs/3.2.3"
85.25.71.40 - - [17/Aug/2013:14:55:48 +0200] "GET /seiten/dialyse.htm HTTP/1.1" 200 7403 "-" "Mozilla/5.0 (X11; U; Linux i686; de; rv:1.9.0.1; compatible; iCjobs Stellenangebote Jobs; http://www.icjobs.de) Gecko/20100401 iCjobs/3.2.3"
85.25.71.40 - - [17/Aug/2013:14:55:54 +0200] "GET /seiten/links.htm HTTP/1.1" 200 7302 "-" "Mozilla/5.0 (X11; U; Linux i686; de; rv:1.9.0.1; compatible; iCjobs Stellenangebote Jobs; http://www.icjobs.de) Gecko/20100401 iCjobs/3.2.3"
85.25.71.40 - - [17/Aug/2013:14:56:00 +0200] "GET /seiten/kont.htm HTTP/1.1" 200 8048 "-" "Mozilla/5.0 (X11; U; Linux i686; de; rv:1.9.0.1; compatible; iCjobs Stellenangebote Jobs; http://www.icjobs.de) Gecko/20100401 iCjobs/3.2.3"
85.25.71.40 - - [17/Aug/2013:14:56:11 +0200] "GET /seiten/kont_form.php HTTP/1.1" 200 8561 "-" "Mozilla/5.0 (X11; U; Linux i686; de; rv:1.9.0.1; compatible; iCjobs Stellenangebote Jobs; http://www.icjobs.de) Gecko/20100401 iCjobs/3.2.3"
85.25.71.40 - - [17/Aug/2013:14:56:18 +0200] "GET /seiten/impr.htm HTTP/1.1" 200 9648 "-" "Mozilla/5.0 (X11; U; Linux i686; de; rv:1.9.0.1; compatible; iCjobs Stellenangebote Jobs; http://www.icjobs.de) Gecko/20100401 iCjobs/3.2.3"
85.25.71.40 - - [17/Aug/2013:14:56:25 +0200] "GET /seiten/news.php HTTP/1.1" 200 7079 "-" "Mozilla/5.0 (X11; U; Linux i686; de; rv:1.9.0.1; compatible; iCjobs Stellenangebote Jobs; http://www.icjobs.de) Gecko/20100401 iCjobs/3.2.3"
85.25.71.40 - - [17/Aug/2013:14:56:35 +0200] "GET /seiten/function.include HTTP/1.1" 404 1256 "-" "Mozilla/5.0 (X11; U; Linux i686; de; rv:1.9.0.1; compatible; iCjobs Stellenangebote Jobs; http://www.icjobs.de) Gecko/20100401 iCjobs/3.2.3"
66.249.72.240 - - [17/Aug/2013:16:40:29 +0200] "GET /seiten/impr.htm HTTP/1.1" 304 - "-" "Mozilla/5.0 (iPhone; U; CPU iPhone OS 4_1 like Mac OS X; en-us) AppleWebKit/532.9 (KHTML, like Gecko) Version/4.0.5 Mobile/8B117 Safari/6531.22.7 (compatible; Googlebot-Mobile/2.1; +http://www.google.com/bot.html)"
141.8.147.12 - - [17/Aug/2013:17:14:31 +0200] "GET / HTTP/1.1" 200 2663 "-" "Mozilla/5.0 (compatible; YandexBot/3.0; +http://yandex.com/bots)"
141.8.147.12 - - [17/Aug/2013:17:14:33 +0200] "GET /img/men05.gif HTTP/1.1" 304 - "-" "Mozilla/5.0 (compatible; YandexImages/3.0; +http://yandex.com/bots)"
66.249.72.240 - - [17/Aug/2013:19:22:27 +0200] "GET /robots.txt HTTP/1.1" 200 157 "-" "Mozilla/5.0 (compatible; Googlebot/2.1; +http://www.google.com/bot.html)"
66.249.72.240 - - [17/Aug/2013:19:22:27 +0200] "GET / HTTP/1.1" 200 2663 "-" "Mozilla/5.0 (compatible; Googlebot/2.1; +http://www.google.com/bot.html)"
66.249.72.240 - - [17/Aug/2013:19:54:07 +0200] "GET /seiten/impr.htm HTTP/1.1" 200 9648 "-" "Mozilla/5.0 (compatible; Googlebot/2.1; +http://www.google.com/bot.html)"
66.249.72.240 - - [17/Aug/2013:20:37:38 +0200] "GET /seiten/start.htm HTTP/1.1" 304 - "-" "Mozilla/5.0 (compatible; Googlebot/2.1; +http://www.google.com/bot.html)"
66.249.72.240 - - [17/Aug/2013:20:45:33 +0200] "GET /seiten/praxis.htm HTTP/1.1" 304 - "-" "Mozilla/5.0 (compatible; Googlebot/2.1; +http://www.google.com/bot.html)"
157.55.35.87 - - [17/Aug/2013:21:00:37 +0200] "GET /robots.txt HTTP/1.1" 200 157 "-" "Mozilla/5.0 (compatible; bingbot/2.0; +http://www.bing.com/bingbot.htm)"
157.55.35.87 - - [17/Aug/2013:21:06:37 +0200] "GET / HTTP/1.1" 200 2663 "-" "Mozilla/5.0 (compatible; bingbot/2.0; +http://www.bing.com/bingbot.htm)"
66.249.72.240 - - [17/Aug/2013:21:33:02 +0200] "GET /seiten/dialyse.htm HTTP/1.1" 200 7403 "-" "Mozilla/5.0 (compatible; Googlebot/2.1; +http://www.google.com/bot.html)"
66.249.72.240 - - [17/Aug/2013:21:34:01 +0200] "GET /knjljuatk.html HTTP/1.1" 404 1256 "-" "Mozilla/5.0 (compatible; Googlebot/2.1; +http://www.google.com/bot.html)"
66.249.72.240 - - [17/Aug/2013:22:36:20 +0200] "GET /seiten/leist.htm HTTP/1.1" 304 - "-" "Mozilla/5.0 (compatible; Googlebot/2.1; +http://www.google.com/bot.html)"
175.44.28.20 - - [17/Aug/2013:23:06:33 +0200] "GET /seiten/links.htm HTTP/1.0" 200 7302 "http://www.dialyse-borna.de/seiten/links.htm" "Mozilla/5.0 (Windows NT 5.1; rv:5.0.1) Gecko/20100101 Firefox/5.0.1"
66.249.72.240 - - [17/Aug/2013:23:39:38 +0200] "GET /img/bilder.swf HTTP/1.1" 304 - "-" "Mozilla/5.0 (compatible; Googlebot/2.1; +http://www.google.com/bot.html)"
66.249.72.240 - - [18/Aug/2013:00:23:10 +0200] "GET /seiten/kont.htm HTTP/1.1" 200 8048 "-" "Mozilla/5.0 (compatible; Googlebot/2.1; +http://www.google.com/bot.html)"
141.8.147.12 - - [18/Aug/2013:01:51:28 +0200] "GET /img/men05.gif HTTP/1.1" 304 - "-" "Mozilla/5.0 (compatible; YandexImages/3.0; +http://yandex.com/bots)"
91.207.9.226 - - [18/Aug/2013:01:56:49 +0200] "GET /seiten/news.php HTTP/1.1" 200 7079 "http://dt93.ru/" "Mozilla/5.0 (Windows NT 5.1; U; en) Opera 8.00"
91.207.9.226 - - [18/Aug/2013:01:56:49 +0200] "GET /seiten/news.php HTTP/1.1" 200 7079 "http://dt93.ru/" "Mozilla/5.0 (Windows NT 5.1; U; en) Opera 8.00"
91.207.9.226 - - [18/Aug/2013:01:56:50 +0200] "GET /seiten/news.php HTTP/1.1" 200 7079 "http://dt93.ru/" "Mozilla/5.0 (Windows NT 5.1; U; en) Opera 8.00"
178.137.128.12 - - [18/Aug/2013:02:41:25 +0200] "GET /seiten/news.php HTTP/1.1" 200 7079 "http://russ-tractor.ru/" "Mozilla/1.22 (compatible; MSIE 2.0; Windows 95)"
178.137.128.12 - - [18/Aug/2013:02:41:26 +0200] "GET /seiten/news.php HTTP/1.1" 200 7079 "http://russ-tractor.ru/" "Mozilla/1.22 (compatible; MSIE 2.0; Windows 95)"
178.137.128.12 - - [18/Aug/2013:02:41:26 +0200] "GET /seiten/news.php HTTP/1.1" 200 7079 "http://russ-tractor.ru/" "Mozilla/1.22 (compatible; MSIE 2.0; Windows 95)"
66.249.72.240 - - [18/Aug/2013:03:01:49 +0200] "GET /seiten/kont.htm HTTP/1.1" 304 - "-" "Mozilla/5.0 (iPhone; U; CPU iPhone OS 4_1 like Mac OS X; en-us) AppleWebKit/532.9 (KHTML, like Gecko) Version/4.0.5 Mobile/8B117 Safari/6531.22.7 (compatible; Googlebot-Mobile/2.1; +http://www.google.com/bot.html)"
66.249.72.240 - - [18/Aug/2013:03:17:16 +0200] "GET /seiten/links.htm HTTP/1.1" 304 - "-" "Mozilla/5.0 (compatible; Googlebot/2.1; +http://www.google.com/bot.html)"
141.8.147.12 - - [18/Aug/2013:04:12:01 +0200] "GET /robots.txt HTTP/1.1" 200 157 "-" "Mozilla/5.0 (compatible; YandexBot/3.0; +http://yandex.com/bots)"
178.137.128.12 - - [18/Aug/2013:05:42:24 +0200] "GET /seiten/news.php HTTP/1.1" 200 7079 "http://el96.ru/" "Opera/7.54 (Windows NT 5.1; U) [pl]"
178.137.128.12 - - [18/Aug/2013:05:42:25 +0200] "GET /seiten/news.php HTTP/1.1" 200 7079 "http://el96.ru/" "Opera/7.54 (Windows NT 5.1; U) [pl]"
178.137.128.12 - - [18/Aug/2013:05:42:26 +0200] "GET /seiten/news.php HTTP/1.1" 200 7079 "http://el96.ru/" "Opera/7.54 (Windows NT 5.1; U) [pl]"
66.249.72.240 - - [18/Aug/2013:06:54:39 +0200] "GET /seiten/start.htm HTTP/1.1" 200 7516 "-" "Mozilla/5.0 (compatible; Googlebot/2.1; +http://www.google.com/bot.html)"
157.55.33.81 - - [18/Aug/2013:07:24:06 +0200] "GET /robots.txt HTTP/1.1" 200 157 "-" "Mozilla/5.0 (compatible; bingbot/2.0; +http://www.bing.com/bingbot.htm)"
157.55.33.81 - - [18/Aug/2013:07:24:54 +0200] "GET / HTTP/1.1" 200 2663 "-" "Mozilla/5.0 (compatible; bingbot/2.0; +http://www.bing.com/bingbot.htm)"
157.55.32.184 - - [18/Aug/2013:07:46:15 +0200] "GET /seiten/start.htm HTTP/1.1" 304 - "-" "Mozilla/5.0 (compatible; bingbot/2.0; +http://www.bing.com/bingbot.htm)"
46.119.118.152 - - [18/Aug/2013:09:11:44 +0200] "GET /seiten/news.php HTTP/1.1" 200 7079 "http://mug-na-chas-moscow.ru/" "Mozilla/4.0 (compatible; MSIE 6.0; Windows NT 5.1; SV1; .NET CLR 1.1.4322) Babya Discoverer 8.0:"
46.119.118.152 - - [18/Aug/2013:09:11:44 +0200] "GET /seiten/news.php HTTP/1.1" 200 7079 "http://www.bravica.tv/ru/" "Mozilla/4.0 (compatible; MSIE 6.0; Windows NT 5.1; SV1; .NET CLR 1.1.4322) Babya Discoverer 8.0:"
46.119.118.152 - - [18/Aug/2013:09:11:44 +0200] "GET /seiten/news.php HTTP/1.1" 200 7079 "http://mug-na-chas-moscow.ru/" "Mozilla/4.0 (compatible; MSIE 6.0; Windows NT 5.1; SV1; .NET CLR 1.1.4322) Babya Discoverer 8.0:"
46.119.118.152 - - [18/Aug/2013:09:11:44 +0200] "GET /seiten/news.php HTTP/1.1" 200 7079 "http://mug-na-chas-moscow.ru/" "Mozilla/4.0 (compatible; MSIE 6.0; Windows NT 5.1; SV1; .NET CLR 1.1.4322) Babya Discoverer 8.0:"
46.119.118.152 - - [18/Aug/2013:09:11:45 +0200] "GET /seiten/news.php HTTP/1.1" 200 7079 "http://www.bravica.tv/ru/" "Mozilla/4.0 (compatible; MSIE 6.0; Windows NT 5.1; SV1; .NET CLR 1.1.4322) Babya Discoverer 8.0:"
46.119.118.152 - - [18/Aug/2013:09:11:46 +0200] "GET /seiten/news.php HTTP/1.1" 200 7079 "http://www.bravica.tv/ru/" "Mozilla/4.0 (compatible; MSIE 6.0; Windows NT 5.1; SV1; .NET CLR 1.1.4322) Babya Discoverer 8.0:"
195.242.218.133 - - [18/Aug/2013:09:47:36 +0200] "GET /seiten/news.php HTTP/1.1" 200 7079 "http://en.winpm.ws/" "Mozilla/4.0 (compatible; MSIE 6.0; Windows NT 5.1; SV1; .NET CLR 1.1.4322) Babya Discoverer 8.0:"
195.242.218.133 - - [18/Aug/2013:09:47:36 +0200] "GET /seiten/news.php HTTP/1.1" 200 7079 "http://en.winpm.ws/" "Mozilla/4.0 (compatible; MSIE 6.0; Windows NT 5.1; SV1; .NET CLR 1.1.4322) Babya Discoverer 8.0:"
195.242.218.133 - - [18/Aug/2013:09:47:37 +0200] "GET /seiten/news.php HTTP/1.1" 200 7079 "http://en.winpm.ws/" "Mozilla/4.0 (compatible; MSIE 6.0; Windows NT 5.1; SV1; .NET CLR 1.1.4322) Babya Discoverer 8.0:"
92.249.127.111 - - [18/Aug/2013:09:59:03 +0200] "GET /seiten/news.php HTTP/1.1" 200 7079 "http://www.bravica.biz/ru/" "Mozilla/5.0 (compatible; news bot /2.1)"
92.249.127.111 - - [18/Aug/2013:09:59:03 +0200] "GET /seiten/news.php HTTP/1.1" 200 7079 "http://www.bravica.biz/ru/" "Mozilla/5.0 (compatible; news bot /2.1)"
92.249.127.111 - - [18/Aug/2013:09:59:04 +0200] "GET /seiten/news.php HTTP/1.1" 200 7079 "http://www.bravica.biz/ru/" "Mozilla/5.0 (compatible; news bot /2.1)"
66.249.78.101 - - [18/Aug/2013:14:25:14 +0200] "GET /robots.txt HTTP/1.1" 200 157 "-" "Mozilla/5.0 (compatible; Googlebot/2.1; +http://www.google.com/bot.html)"
66.249.78.101 - - [18/Aug/2013:14:25:14 +0200] "GET / HTTP/1.1" 200 2663 "-" "SAMSUNG-SGH-E250/1.0 Profile/MIDP-2.0 Configuration/CLDC-1.1 UP.Browser/6.2.3.3.c.1.101 (GUI) MMP/2.0 (compatible; Googlebot-Mobile/2.1; +http://www.google.com/bot.html)"
66.249.78.101 - - [18/Aug/2013:14:45:18 +0200] "GET /seiten/dialyse.htm HTTP/1.1" 304 - "-" "Mozilla/5.0 (iPhone; U; CPU iPhone OS 4_1 like Mac OS X; en-us) AppleWebKit/532.9 (KHTML, like Gecko) Version/4.0.5 Mobile/8B117 Safari/6531.22.7 (compatible; Googlebot-Mobile/2.1; +http://www.google.com/bot.html)"
46.118.126.194 - - [18/Aug/2013:14:53:31 +0200] "GET /seiten/news.php HTTP/1.1" 200 7079 "http://worldlovers.ru/" "Opera/9.01 (Windows NT 5.1; U; en)"
46.118.126.194 - - [18/Aug/2013:14:53:32 +0200] "GET /seiten/news.php HTTP/1.1" 200 7079 "http://worldlovers.ru/" "Opera/9.01 (Windows NT 5.1; U; en)"
46.118.126.194 - - [18/Aug/2013:14:53:34 +0200] "GET /seiten/news.php HTTP/1.1" 200 7079 "http://worldlovers.ru/" "Opera/9.01 (Windows NT 5.1; U; en)"
91.207.9.226 - - [18/Aug/2013:16:42:42 +0200] "GET /seiten/news.php HTTP/1.1" 200 7079 "http://artwoodcentre.com/" "Mozilla/4.0 (compatible; MSIE 6.0; Windows NT 5.2; WOW64; SV1; .NET CLR 2.0.50727)"
91.207.9.226 - - [18/Aug/2013:16:42:43 +0200] "GET /seiten/news.php HTTP/1.1" 200 7079 "http://artwoodcentre.com/" "Mozilla/4.0 (compatible; MSIE 6.0; Windows NT 5.2; WOW64; SV1; .NET CLR 2.0.50727)"
91.207.9.226 - - [18/Aug/2013:16:42:43 +0200] "GET /seiten/news.php HTTP/1.1" 200 7079 "http://artwoodcentre.com/" "Mozilla/4.0 (compatible; MSIE 6.0; Windows NT 5.2; WOW64; SV1; .NET CLR 2.0.50727)"
141.8.147.12 - - [18/Aug/2013:16:51:31 +0200] "GET /robots.txt HTTP/1.1" 200 157 "-" "Mozilla/5.0 (compatible; YandexBot/3.0; +http://yandex.com/bots)"
141.8.147.12 - - [18/Aug/2013:16:51:33 +0200] "GET /img/men05.gif HTTP/1.1" 304 - "-" "Mozilla/5.0 (compatible; YandexImages/3.0; +http://yandex.com/bots)"
66.249.78.101 - - [18/Aug/2013:17:38:01 +0200] "GET / HTTP/1.1" 200 2663 "-" "Mozilla/5.0 (iPhone; U; CPU iPhone OS 4_1 like Mac OS X; en-us) AppleWebKit/532.9 (KHTML, like Gecko) Version/4.0.5 Mobile/8B117 Safari/6531.22.7 (compatible; Googlebot-Mobile/2.1; +http://www.google.com/bot.html)"
92.249.127.111 - - [18/Aug/2013:19:32:47 +0200] "GET /seiten/news.php HTTP/1.1" 200 7079 "http://www.bravica.mobi/ru/" "Mozilla/5.0 (compatible; news bot /2.1)"
92.249.127.111 - - [18/Aug/2013:19:32:47 +0200] "GET /seiten/news.php HTTP/1.1" 200 7079 "http://www.bravica.mobi/ru/" "Mozilla/5.0 (compatible; news bot /2.1)"
92.249.127.111 - - [18/Aug/2013:19:32:48 +0200] "GET /seiten/news.php HTTP/1.1" 200 7079 "http://www.bravica.mobi/ru/" "Mozilla/5.0 (compatible; news bot /2.1)"
157.55.32.100 - - [18/Aug/2013:19:33:32 +0200] "GET /robots.txt HTTP/1.1" 200 157 "-" "Mozilla/5.0 (compatible; bingbot/2.0; +http://www.bing.com/bingbot.htm)"
157.55.32.100 - - [18/Aug/2013:19:33:56 +0200] "GET / HTTP/1.1" 200 2663 "-" "Mozilla/5.0 (compatible; bingbot/2.0; +http://www.bing.com/bingbot.htm)"
141.8.147.12 - - [18/Aug/2013:23:00:36 +0200] "GET /img/men05.gif HTTP/1.1" 304 - "-" "Mozilla/5.0 (compatible; YandexImages/3.0; +http://yandex.com/bots)"
193.106.136.50 - - [19/Aug/2013:00:44:43 +0200] "GET /seiten/news.php HTTP/1.1" 200 7079 "http://deviceservice.ru/" "Mozilla/4.0 (compatible; MSIE 6.0; Windows NT 5.2; Win64; x64; SV1; .NET CLR 2.0.50727)"
193.106.136.50 - - [19/Aug/2013:00:44:44 +0200] "GET /seiten/news.php HTTP/1.1" 200 7079 "http://deviceservice.ru/" "Mozilla/4.0 (compatible; MSIE 6.0; Windows NT 5.2; Win64; x64; SV1; .NET CLR 2.0.50727)"
193.106.136.50 - - [19/Aug/2013:00:44:44 +0200] "GET /seiten/news.php HTTP/1.1" 200 7079 "http://deviceservice.ru/" "Mozilla/4.0 (compatible; MSIE 6.0; Windows NT 5.2; Win64; x64; SV1; .NET CLR 2.0.50727)"
66.249.78.101 - - [19/Aug/2013:02:45:11 +0200] "GET /seiten/leist.htm HTTP/1.1" 304 - "-" "Mozilla/5.0 (iPhone; U; CPU iPhone OS 4_1 like Mac OS X; en-us) AppleWebKit/532.9 (KHTML, like Gecko) Version/4.0.5 Mobile/8B117 Safari/6531.22.7 (compatible; Googlebot-Mobile/2.1; +http://www.google.com/bot.html)"
66.249.78.101 - - [19/Aug/2013:05:29:37 +0200] "GET /seiten/kont.htm HTTP/1.1" 304 - "-" "Mozilla/5.0 (iPhone; U; CPU iPhone OS 4_1 like Mac OS X; en-us) AppleWebKit/532.9 (KHTML, like Gecko) Version/4.0.5 Mobile/8B117 Safari/6531.22.7 (compatible; Googlebot-Mobile/2.1; +http://www.google.com/bot.html)"
141.8.147.12 - - [19/Aug/2013:05:36:45 +0200] "GET /robots.txt HTTP/1.1" 200 157 "-" "Mozilla/5.0 (compatible; YandexBot/3.0; +http://yandex.com/bots)"
199.30.20.106 - - [19/Aug/2013:07:09:11 +0200] "GET /robots.txt HTTP/1.1" 200 157 "-" "msnbot-media/1.1 (+http://search.msn.com/msnbot.htm)"
199.30.20.106 - - [19/Aug/2013:07:09:11 +0200] "GET /img/main_pic.jpg HTTP/1.1" 200 14864 "-" "msnbot-media/1.1 (+http://search.msn.com/msnbot.htm)"
157.55.32.100 - - [19/Aug/2013:07:10:38 +0200] "GET /robots.txt HTTP/1.1" 200 157 "-" "Mozilla/5.0 (compatible; bingbot/2.0; +http://www.bing.com/bingbot.htm)"
157.55.32.100 - - [19/Aug/2013:07:11:03 +0200] "GET / HTTP/1.1" 200 2663 "-" "Mozilla/5.0 (compatible; bingbot/2.0; +http://www.bing.com/bingbot.htm)"
173.199.119.43 - - [19/Aug/2013:10:18:34 +0200] "GET /seiten/start.htm HTTP/1.1" 200 7516 "-" "Mozilla/5.0 (compatible; AhrefsBot/4.0; +http://ahrefs.com/robot/)"
141.8.147.12 - - [19/Aug/2013:11:19:36 +0200] "GET /img/men05.gif HTTP/1.1" 304 - "-" "Mozilla/5.0 (compatible; YandexImages/3.0; +http://yandex.com/bots)"
182.68.11.109 - - [19/Aug/2013:11:49:43 +0200] "GET / HTTP/1.1" 200 2663 "-" "-"
46.119.118.152 - - [19/Aug/2013:12:06:31 +0200] "GET /seiten/news.php HTTP/1.1" 200 7079 "http://muznachas-service.ru/" "Mozilla/4.0 (compatible; MSIE 6.0; Windows NT 5.1; SV1; .NET CLR 1.1.4322) Babya Discoverer 8.0:"
46.119.118.152 - - [19/Aug/2013:12:06:31 +0200] "GET /seiten/news.php HTTP/1.1" 200 7079 "http://muznachas-service.ru/" "Mozilla/4.0 (compatible; MSIE 6.0; Windows NT 5.1; SV1; .NET CLR 1.1.4322) Babya Discoverer 8.0:"
46.119.118.152 - - [19/Aug/2013:12:06:31 +0200] "GET /seiten/news.php HTTP/1.1" 200 7079 "http://muznachas-service.ru/" "Mozilla/4.0 (compatible; MSIE 6.0; Windows NT 5.1; SV1; .NET CLR 1.1.4322) Babya Discoverer 8.0:"
91.207.9.226 - - [19/Aug/2013:12:17:59 +0200] "GET /seiten/news.php HTTP/1.1" 200 7079 "http://avtory.com/" "Mozilla/4.0 (compatible; MSIE 6.0; Windows NT 5.2; WOW64; SV1; .NET CLR 2.0.50727)"
91.207.9.226 - - [19/Aug/2013:12:18:00 +0200] "GET /seiten/news.php HTTP/1.1" 200 7079 "http://avtory.com/" "Mozilla/4.0 (compatible; MSIE 6.0; Windows NT 5.2; WOW64; SV1; .NET CLR 2.0.50727)"
91.207.9.226 - - [19/Aug/2013:12:18:00 +0200] "GET /seiten/news.php HTTP/1.1" 200 7079 "http://avtory.com/" "Mozilla/4.0 (compatible; MSIE 6.0; Windows NT 5.2; WOW64; SV1; .NET CLR 2.0.50727)"
91.207.9.226 - - [19/Aug/2013:12:18:08 +0200] "GET /seiten/news.php HTTP/1.1" 200 7079 "http://vse-o-cvetah2.ru/" "Opera/9.00 (Windows NT 5.1; U; ru)"
91.207.9.226 - - [19/Aug/2013:12:18:09 +0200] "GET /seiten/news.php HTTP/1.1" 200 7079 "http://vse-o-cvetah2.ru/" "Opera/9.00 (Windows NT 5.1; U; ru)"
91.207.9.226 - - [19/Aug/2013:12:18:09 +0200] "GET /seiten/news.php HTTP/1.1" 200 7079 "http://vse-o-cvetah2.ru/" "Opera/9.00 (Windows NT 5.1; U; ru)"
173.199.119.43 - - [19/Aug/2013:13:42:39 +0200] "GET /seiten/kont_form.php HTTP/1.1" 200 8561 "-" "Mozilla/5.0 (compatible; AhrefsBot/4.0; +http://ahrefs.com/robot/)"
218.93.127.107 - - [19/Aug/2013:14:48:57 +0200] "GET /seiten/links.htm HTTP/1.0" 200 7302 "http://www.dialyse-borna.de/seiten/links.htm" "Opera/9.80 (Windows NT 6.1; U; ru) Presto/2.10.229 Version/11.64"
66.249.78.101 - - [19/Aug/2013:14:56:00 +0200] "GET /robots.txt HTTP/1.1" 200 157 "-" "Mozilla/5.0 (compatible; Googlebot/2.1; +http://www.google.com/bot.html)"
66.249.78.101 - - [19/Aug/2013:14:56:00 +0200] "GET / HTTP/1.1" 200 2663 "-" "Mozilla/5.0 (iPhone; U; CPU iPhone OS 4_1 like Mac OS X; en-us) AppleWebKit/532.9 (KHTML, like Gecko) Version/4.0.5 Mobile/8B117 Safari/6531.22.7 (compatible; Googlebot-Mobile/2.1; +http://www.google.com/bot.html)"
66.249.78.101 - - [19/Aug/2013:16:24:27 +0200] "GET /seiten/praxis.htm HTTP/1.1" 304 - "-" "Mozilla/5.0 (iPhone; U; CPU iPhone OS 4_1 like Mac OS X; en-us) AppleWebKit/532.9 (KHTML, like Gecko) Version/4.0.5 Mobile/8B117 Safari/6531.22.7 (compatible; Googlebot-Mobile/2.1; +http://www.google.com/bot.html)"
173.199.119.43 - - [19/Aug/2013:16:28:48 +0200] "GET /seiten/links.htm HTTP/1.1" 200 7302 "-" "Mozilla/5.0 (compatible; AhrefsBot/4.0; +http://ahrefs.com/robot/)"
208.115.113.89 - - [19/Aug/2013:17:11:26 +0200] "GET /robots.txt HTTP/1.1" 200 157 "-" "Mozilla/5.0 (compatible; Ezooms/1.0; ezooms.bot@gmail.com)"
46.118.126.194 - - [19/Aug/2013:17:55:54 +0200] "GET /seiten/news.php HTTP/1.1" 200 7079 "http://www.auto-loker.ru/" "Mozilla/4.0 (compatible; MSIE 6.0; Windows NT 5.1; SV1; .NET CLR 1.1.4322) Babya Discoverer 8.0:"
46.118.126.194 - - [19/Aug/2013:17:55:54 +0200] "GET /seiten/news.php HTTP/1.1" 200 7079 "http://www.vmk-logistics.ru/" "Mozilla/4.0 (compatible; MSIE 6.0; Windows NT 5.1; SV1; .NET CLR 1.1.4322) Babya Discoverer 8.0:"
46.118.126.194 - - [19/Aug/2013:17:55:54 +0200] "GET /seiten/news.php HTTP/1.1" 200 7079 "http://www.auto-loker.ru/" "Mozilla/4.0 (compatible; MSIE 6.0; Windows NT 5.1; SV1; .NET CLR 1.1.4322) Babya Discoverer 8.0:"
46.118.126.194 - - [19/Aug/2013:17:55:54 +0200] "GET /seiten/news.php HTTP/1.1" 200 7079 "http://www.vmk-logistics.ru/" "Mozilla/4.0 (compatible; MSIE 6.0; Windows NT 5.1; SV1; .NET CLR 1.1.4322) Babya Discoverer 8.0:"
46.118.126.194 - - [19/Aug/2013:17:55:55 +0200] "GET /seiten/news.php HTTP/1.1" 200 7079 "http://www.auto-loker.ru/" "Mozilla/4.0 (compatible; MSIE 6.0; Windows NT 5.1; SV1; .NET CLR 1.1.4322) Babya Discoverer 8.0:"
46.118.126.194 - - [19/Aug/2013:17:55:55 +0200] "GET /seiten/news.php HTTP/1.1" 200 7079 "http://www.vmk-logistics.ru/" "Mozilla/4.0 (compatible; MSIE 6.0; Windows NT 5.1; SV1; .NET CLR 1.1.4322) Babya Discoverer 8.0:"
46.119.118.152 - - [19/Aug/2013:17:56:10 +0200] "GET /seiten/news.php HTTP/1.1" 200 7079 "http://seotrast.ru/" "Mozilla/4.0 (compatible; MSIE 6.0; Windows NT 5.1; MyIE2; Deepnet Explorer)"
46.119.118.152 - - [19/Aug/2013:17:56:11 +0200] "GET /seiten/news.php HTTP/1.1" 200 7079 "http://seotrast.ru/" "Mozilla/4.0 (compatible; MSIE 6.0; Windows NT 5.1; MyIE2; Deepnet Explorer)"
46.119.118.152 - - [19/Aug/2013:17:56:11 +0200] "GET /seiten/news.php HTTP/1.1" 200 7079 "http://seotrast.ru/" "Mozilla/4.0 (compatible; MSIE 6.0; Windows NT 5.1; MyIE2; Deepnet Explorer)"
141.8.147.12 - - [19/Aug/2013:18:10:31 +0200] "GET /robots.txt HTTP/1.1" 200 157 "-" "Mozilla/5.0 (compatible; YandexBot/3.0; +http://yandex.com/bots)"
141.8.147.12 - - [19/Aug/2013:18:48:33 +0200] "GET /img/men05.gif HTTP/1.1" 304 - "-" "Mozilla/5.0 (compatible; YandexImages/3.0; +http://yandex.com/bots)"
208.115.113.89 - - [19/Aug/2013:18:58:51 +0200] "GET /seiten/kont.htm HTTP/1.1" 200 8048 "-" "Mozilla/5.0 (compatible; Ezooms/1.0; ezooms.bot@gmail.com)"
173.199.119.43 - - [19/Aug/2013:19:09:28 +0200] "GET /seiten/function.include HTTP/1.1" 404 1256 "-" "Mozilla/5.0 (compatible; AhrefsBot/4.0; +http://ahrefs.com/robot/)"
173.199.119.43 - - [19/Aug/2013:19:54:17 +0200] "GET /seiten/praxis.htm HTTP/1.1" 200 7847 "-" "Mozilla/5.0 (compatible; AhrefsBot/4.0; +http://ahrefs.com/robot/)"
199.30.20.106 - - [19/Aug/2013:23:55:37 +0200] "GET /robots.txt HTTP/1.1" 200 157 "-" "msnbot-media/1.1 (+http://search.msn.com/msnbot.htm)"
199.30.20.106 - - [19/Aug/2013:23:55:37 +0200] "GET /img/main_pic.jpg HTTP/1.1" 200 14864 "-" "msnbot-media/1.1 (+http://search.msn.com/msnbot.htm)"
217.230.161.25 - - [20/Aug/2013:00:49:59 +0200] "GET / HTTP/1.1" 200 2663 "http://www.bigfinder.de/online-11.html" "Mozilla/5.0 (Windows; U; Windows NT 6.0; en-US) AppleWebKit/533.4 (KHTML, like Gecko) Chrome/5.0.375.126 Safari/533.4"
66.249.78.101 - - [20/Aug/2013:02:12:33 +0200] "GET /seiten/start.htm HTTP/1.1" 304 - "-" "Mozilla/5.0 (iPhone; U; CPU iPhone OS 4_1 like Mac OS X; en-us) AppleWebKit/532.9 (KHTML, like Gecko) Version/4.0.5 Mobile/8B117 Safari/6531.22.7 (compatible; Googlebot-Mobile/2.1; +http://www.google.com/bot.html)"
141.8.147.12 - - [20/Aug/2013:03:56:28 +0200] "GET /seiten/news.php HTTP/1.1" 200 7079 "-" "Mozilla/5.0 (compatible; YandexBot/3.0; +http://yandex.com/bots)"
141.8.147.12 - - [20/Aug/2013:03:56:30 +0200] "GET /img/men05.gif HTTP/1.1" 304 - "-" "Mozilla/5.0 (compatible; YandexImages/3.0; +http://yandex.com/bots)"
46.118.126.194 - - [20/Aug/2013:04:30:15 +0200] "GET /seiten/news.php HTTP/1.1" 200 7079 "http://golden-praga.ru/" "Mozilla/4.0 (compatible; MSIE 6.0; Windows NT 5.1; SV1; .NET CLR 1.1.4322) Babya Discoverer 8.0:"
46.118.126.194 - - [20/Aug/2013:04:30:15 +0200] "GET /seiten/news.php HTTP/1.1" 200 7079 "http://golden-praga.ru/" "Mozilla/4.0 (compatible; MSIE 6.0; Windows NT 5.1; SV1; .NET CLR 1.1.4322) Babya Discoverer 8.0:"
213.110.133.221 - - [20/Aug/2013:04:51:29 +0200] "GET /seiten/news.php HTTP/1.1" 200 7079 "http://www.triados.ru/" "Mozilla/4.0 (compatible; Blog Search;)"
213.110.133.221 - - [20/Aug/2013:04:51:30 +0200] "GET /seiten/news.php HTTP/1.1" 200 7079 "http://www.triados.ru/" "Mozilla/4.0 (compatible; Blog Search;)"
66.249.78.101 - - [20/Aug/2013:05:05:08 +0200] "GET /img/bilder.swf HTTP/1.1" 200 78858 "-" "Mozilla/5.0 (iPhone; U; CPU iPhone OS 4_1 like Mac OS X; en-us) AppleWebKit/532.9 (KHTML, like Gecko) Version/4.0.5 Mobile/8B117 Safari/6531.22.7 (compatible; Googlebot-Mobile/2.1; +http://www.google.com/bot.html)"
66.249.78.101 - - [20/Aug/2013:05:49:46 +0200] "GET / HTTP/1.1" 200 2663 "-" "SAMSUNG-SGH-E250/1.0 Profile/MIDP-2.0 Configuration/CLDC-1.1 UP.Browser/6.2.3.3.c.1.101 (GUI) MMP/2.0 (compatible; Googlebot-Mobile/2.1; +http://www.google.com/bot.html)"
8.35.201.118 - - [20/Aug/2013:05:52:20 +0200] "GET /favicon.ico HTTP/1.1" 404 1256 "-" "AppEngine-Google; (+http://code.google.com/appengine; appid: s~getfavicon27)"
8.35.201.118 - - [20/Aug/2013:05:52:20 +0200] "GET / HTTP/1.1" 200 2663 "-" "AppEngine-Google; (+http://code.google.com/appengine; appid: s~getfavicon27)"
141.8.147.12 - - [20/Aug/2013:07:28:12 +0200] "GET /robots.txt HTTP/1.1" 200 157 "-" "Mozilla/5.0 (compatible; YandexBot/3.0; +http://yandex.com/bots)"
85.176.116.57 - - [20/Aug/2013:07:34:47 +0200] "HEAD /robots.txt HTTP/1.1" 206 - "-" "Toplistbot"
85.176.116.57 - - [20/Aug/2013:07:34:47 +0200] "GET /robots.txt HTTP/1.1" 206 157 "-" "Toplistbot"
85.176.116.57 - - [20/Aug/2013:07:34:47 +0200] "GET /seiten/kont.htm HTTP/1.1" 206 8048 "-" "Toplistbot"
85.176.116.57 - - [20/Aug/2013:08:39:47 +0200] "HEAD /robots.txt HTTP/1.1" 206 - "-" "Toplistbot"
85.176.116.57 - - [20/Aug/2013:08:39:48 +0200] "GET /robots.txt HTTP/1.1" 206 157 "-" "Toplistbot"
85.176.116.57 - - [20/Aug/2013:08:39:48 +0200] "GET / HTTP/1.1" 206 2663 "-" "Toplistbot"
85.176.116.57 - - [20/Aug/2013:08:39:48 +0200] "GET /favicon.ico HTTP/1.1" 404 1256 "-" "Toplistbot"
85.176.116.57 - - [20/Aug/2013:09:10:34 +0200] "HEAD /robots.txt HTTP/1.1" 206 - "-" "Toplistbot"
85.176.116.57 - - [20/Aug/2013:09:10:34 +0200] "GET /robots.txt HTTP/1.1" 206 157 "-" "Toplistbot"
85.176.116.57 - - [20/Aug/2013:09:10:34 +0200] "GET / HTTP/1.1" 206 2663 "-" "Toplistbot"
85.176.116.57 - - [20/Aug/2013:09:10:34 +0200] "GET /seiten/start.htm HTTP/1.1" 206 7516 "-" "Toplistbot"
141.8.147.12 - - [20/Aug/2013:10:47:20 +0200] "GET / HTTP/1.1" 200 2663 "-" "Mozilla/5.0 (compatible; YandexBot/3.0; +http://yandex.com/bots)"
66.249.72.240 - - [20/Aug/2013:14:36:33 +0200] "GET /seiten/impr.htm HTTP/1.1" 304 - "-" "Mozilla/5.0 (iPhone; U; CPU iPhone OS 4_1 like Mac OS X; en-us) AppleWebKit/532.9 (KHTML, like Gecko) Version/4.0.5 Mobile/8B117 Safari/6531.22.7 (compatible; Googlebot-Mobile/2.1; +http://www.google.com/bot.html)"
178.255.215.68 - - [20/Aug/2013:15:01:17 +0200] "GET /robots.txt HTTP/1.1" 200 157 "-" "Mozilla/5.0 (compatible; Exabot/3.0; +http://www.exabot.com/go/robot)"
178.255.215.68 - - [20/Aug/2013:15:01:17 +0200] "GET / HTTP/1.1" 304 - "-" "Mozilla/5.0 (compatible; Exabot/3.0; +http://www.exabot.com/go/robot)"
66.249.72.240 - - [20/Aug/2013:15:03:26 +0200] "GET /robots.txt HTTP/1.1" 200 157 "-" "Mozilla/5.0 (compatible; Googlebot/2.1; +http://www.google.com/bot.html)"
66.249.72.240 - - [20/Aug/2013:15:03:26 +0200] "GET /seiten/start.htm HTTP/1.1" 304 - "-" "SAMSUNG-SGH-E250/1.0 Profile/MIDP-2.0 Configuration/CLDC-1.1 UP.Browser/6.2.3.3.c.1.101 (GUI) MMP/2.0 (compatible; Googlebot-Mobile/2.1; +http://www.google.com/bot.html)"
92.249.127.111 - - [20/Aug/2013:15:05:09 +0200] "GET /seiten/news.php HTTP/1.1" 200 7079 "http://myztv.mybb.ru/" "Mozilla/5.0 (compatible; news bot /2.1)"
92.249.127.111 - - [20/Aug/2013:15:05:09 +0200] "GET /seiten/news.php HTTP/1.1" 200 7079 "http://myztv.mybb.ru/" "Mozilla/5.0 (compatible; news bot /2.1)"
141.8.147.12 - - [20/Aug/2013:15:37:11 +0200] "GET /seiten/start.htm HTTP/1.1" 200 7516 "-" "Mozilla/5.0 (compatible; YandexBot/3.0; +http://yandex.com/bots)"
141.8.147.12 - - [20/Aug/2013:15:37:13 +0200] "GET /img/men05.gif HTTP/1.1" 304 - "-" "Mozilla/5.0 (compatible; YandexImages/3.0; +http://yandex.com/bots)"
178.137.128.12 - - [20/Aug/2013:17:10:11 +0200] "GET /seiten/news.php HTTP/1.1" 200 7079 "http://vrnelectro.ru/" "Opera/7.11 (Windows NT 5.1; U) [en]"
178.137.128.12 - - [20/Aug/2013:17:10:11 +0200] "GET /seiten/news.php HTTP/1.1" 200 7079 "http://vrnelectro.ru/" "Opera/7.11 (Windows NT 5.1; U) [en]"
178.137.128.12 - - [20/Aug/2013:17:10:12 +0200] "GET /seiten/news.php HTTP/1.1" 200 7079 "http://vrnelectro.ru/" "Opera/7.11 (Windows NT 5.1; U) [en]"
66.249.72.240 - - [20/Aug/2013:18:42:27 +0200] "GET / HTTP/1.1" 200 2663 "-" "Mozilla/5.0 (compatible; Googlebot/2.1; +http://www.google.com/bot.html)"
178.137.128.12 - - [20/Aug/2013:18:45:16 +0200] "GET /seiten/news.php HTTP/1.1" 200 7079 "http://www.narugka.ru/" "Mozilla/4.0 (compatible; MSIE 5.0; Windows NT; DigExt)"
178.137.128.12 - - [20/Aug/2013:18:45:17 +0200] "GET /seiten/news.php HTTP/1.1" 200 7079 "http://www.narugka.ru/" "Mozilla/4.0 (compatible; MSIE 5.0; Windows NT; DigExt)"
178.137.128.12 - - [20/Aug/2013:18:45:18 +0200] "GET /seiten/news.php HTTP/1.1" 200 7079 "http://www.narugka.ru/" "Mozilla/4.0 (compatible; MSIE 5.0; Windows NT; DigExt)"
46.118.126.194 - - [20/Aug/2013:19:47:58 +0200] "GET /seiten/news.php HTTP/1.1" 200 7079 "http://web-sektor.ru/" "Mozilla/4.0 (compatible; MSIE 6.0; Windows NT 5.1; SV1; .NET CLR 1.1.4322) Babya Discoverer 8.0:"
46.118.126.194 - - [20/Aug/2013:19:47:58 +0200] "GET /seiten/news.php HTTP/1.1" 200 7079 "http://web-sektor.ru/" "Mozilla/4.0 (compatible; MSIE 6.0; Windows NT 5.1; SV1; .NET CLR 1.1.4322) Babya Discoverer 8.0:"
46.118.126.194 - - [20/Aug/2013:19:47:58 +0200] "GET /seiten/news.php HTTP/1.1" 200 7079 "http://web-sektor.ru/" "Mozilla/4.0 (compatible; MSIE 6.0; Windows NT 5.1; SV1; .NET CLR 1.1.4322) Babya Discoverer 8.0:"
66.249.72.240 - - [20/Aug/2013:20:03:39 +0200] "GET /seiten/start.htm HTTP/1.1" 304 - "-" "Mozilla/5.0 (compatible; Googlebot/2.1; +http://www.google.com/bot.html)"
66.249.72.240 - - [20/Aug/2013:20:09:52 +0200] "GET / HTTP/1.1" 200 2663 "-" "Mozilla/5.0 (iPhone; U; CPU iPhone OS 4_1 like Mac OS X; en-us) AppleWebKit/532.9 (KHTML, like Gecko) Version/4.0.5 Mobile/8B117 Safari/6531.22.7 (compatible; Googlebot-Mobile/2.1; +http://www.google.com/bot.html)"
84.162.23.217 - - [20/Aug/2013:20:45:16 +0200] "GET / HTTP/1.1" 200 2663 "http://www.google.de/url?sa=t&rct=j&q=&esrc=s&source=web&cd=1&ved=0CDIQFjAA&url=http%3A%2F%2Fwww.dialyse-borna.de%2F&ei=K7kTUuXuCMrwtQb8voFY&usg=AFQjCNF2KNTIkBF7QiIB3UFmpF4J1FAf4w&bvm=bv.50952593,d.Yms" "Mozilla/5.0 (Windows NT 6.1; rv:23.0) Gecko/20100101 Firefox/23.0"
84.162.23.217 - - [20/Aug/2013:20:45:17 +0200] "GET /css/borna.css HTTP/1.1" 200 2909 "http://www.dialyse-borna.de/" "Mozilla/5.0 (Windows NT 6.1; rv:23.0) Gecko/20100101 Firefox/23.0"
84.162.23.217 - - [20/Aug/2013:20:45:17 +0200] "GET /favicon.ico HTTP/1.1" 404 1256 "-" "Mozilla/5.0 (Windows NT 6.1; rv:23.0) Gecko/20100101 Firefox/23.0"
84.162.23.217 - - [20/Aug/2013:20:45:17 +0200] "GET /seiten/start.htm HTTP/1.1" 200 7516 "http://www.dialyse-borna.de/" "Mozilla/5.0 (Windows NT 6.1; rv:23.0) Gecko/20100101 Firefox/23.0"
84.162.23.217 - - [20/Aug/2013:20:45:17 +0200] "GET /favicon.ico HTTP/1.1" 404 1256 "-" "Mozilla/5.0 (Windows NT 6.1; rv:23.0) Gecko/20100101 Firefox/23.0"
84.162.23.217 - - [20/Aug/2013:20:45:17 +0200] "GET /img/men01.gif HTTP/1.1" 200 432 "http://www.dialyse-borna.de/seiten/start.htm" "Mozilla/5.0 (Windows NT 6.1; rv:23.0) Gecko/20100101 Firefox/23.0"
84.162.23.217 - - [20/Aug/2013:20:45:17 +0200] "GET /img/1pixel.gif HTTP/1.1" 200 45 "http://www.dialyse-borna.de/seiten/start.htm" "Mozilla/5.0 (Windows NT 6.1; rv:23.0) Gecko/20100101 Firefox/23.0"
84.162.23.217 - - [20/Aug/2013:20:45:17 +0200] "GET /img/men02a.gif HTTP/1.1" 200 589 "http://www.dialyse-borna.de/seiten/start.htm" "Mozilla/5.0 (Windows NT 6.1; rv:23.0) Gecko/20100101 Firefox/23.0"
84.162.23.217 - - [20/Aug/2013:20:45:17 +0200] "GET /img/men03.gif HTTP/1.1" 200 1621 "http://www.dialyse-borna.de/seiten/start.htm" "Mozilla/5.0 (Windows NT 6.1; rv:23.0) Gecko/20100101 Firefox/23.0"
84.162.23.217 - - [20/Aug/2013:20:45:17 +0200] "GET /img/men04.gif HTTP/1.1" 200 1395 "http://www.dialyse-borna.de/seiten/start.htm" "Mozilla/5.0 (Windows NT 6.1; rv:23.0) Gecko/20100101 Firefox/23.0"
84.162.23.217 - - [20/Aug/2013:20:45:17 +0200] "GET /img/men06.gif HTTP/1.1" 200 1162 "http://www.dialyse-borna.de/seiten/start.htm" "Mozilla/5.0 (Windows NT 6.1; rv:23.0) Gecko/20100101 Firefox/23.0"
84.162.23.217 - - [20/Aug/2013:20:45:17 +0200] "GET /img/men08.gif HTTP/1.1" 200 1642 "http://www.dialyse-borna.de/seiten/start.htm" "Mozilla/5.0 (Windows NT 6.1; rv:23.0) Gecko/20100101 Firefox/23.0"
84.162.23.217 - - [20/Aug/2013:20:45:17 +0200] "GET /img/men07.gif HTTP/1.1" 200 1396 "http://www.dialyse-borna.de/seiten/start.htm" "Mozilla/5.0 (Windows NT 6.1; rv:23.0) Gecko/20100101 Firefox/23.0"
84.162.23.217 - - [20/Aug/2013:20:45:17 +0200] "GET /img/men09.gif HTTP/1.1" 200 708 "http://www.dialyse-borna.de/seiten/start.htm" "Mozilla/5.0 (Windows NT 6.1; rv:23.0) Gecko/20100101 Firefox/23.0"
84.162.23.217 - - [20/Aug/2013:20:45:17 +0200] "GET /img/lay03.gif HTTP/1.1" 200 671 "http://www.dialyse-borna.de/seiten/start.htm" "Mozilla/5.0 (Windows NT 6.1; rv:23.0) Gecko/20100101 Firefox/23.0"
