178.137.93.32 - - [07/Aug/2013:23:21:00 +0200] "GET /seiten/news.php HTTP/1.1" 200 7079 "http://investicii-v.ru/" "Mozilla/4.0 (compatible; MSIE 6.0; Windows NT 5.1; SV1; .NET CLR 1.1.4322) Babya Discoverer 8.0:"
178.137.93.32 - - [07/Aug/2013:23:21:01 +0200] "GET /seiten/news.php HTTP/1.1" 200 7079 "http://investicii-v.ru/" "Mozilla/4.0 (compatible; MSIE 6.0; Windows NT 5.1; SV1; .NET CLR 1.1.4322) Babya Discoverer 8.0:"
46.118.152.23 - - [08/Aug/2013:01:46:44 +0200] "GET /seiten/news.php HTTP/1.1" 200 7079 "http://plantewater.net/" "Mozilla/4.0 (compatible; MSIE 6.0; Windows NT 5.1; SV1; .NET CLR 1.1.4322) Babya Discoverer 8.0:"
46.118.152.23 - - [08/Aug/2013:01:46:44 +0200] "GET /seiten/news.php HTTP/1.1" 200 7079 "http://mug-na-chas-moscow.ru/" "Mozilla/4.0 (compatible; MSIE 6.0; Windows NT 5.1; SV1; .NET CLR 1.1.4322) Babya Discoverer 8.0:"
46.118.152.23 - - [08/Aug/2013:01:46:45 +0200] "GET /seiten/news.php HTTP/1.1" 200 7079 "http://plantewater.net/" "Mozilla/4.0 (compatible; MSIE 6.0; Windows NT 5.1; SV1; .NET CLR 1.1.4322) Babya Discoverer 8.0:"
46.118.152.23 - - [08/Aug/2013:01:46:45 +0200] "GET /seiten/news.php HTTP/1.1" 200 7079 "http://mug-na-chas-moscow.ru/" "Mozilla/4.0 (compatible; MSIE 6.0; Windows NT 5.1; SV1; .NET CLR 1.1.4322) Babya Discoverer 8.0:"
46.118.152.23 - - [08/Aug/2013:01:46:46 +0200] "GET /seiten/news.php HTTP/1.1" 200 7079 "http://mug-na-chas-moscow.ru/" "Mozilla/4.0 (compatible; MSIE 6.0; Windows NT 5.1; SV1; .NET CLR 1.1.4322) Babya Discoverer 8.0:"
46.118.152.23 - - [08/Aug/2013:01:46:47 +0200] "GET /seiten/news.php HTTP/1.1" 200 7079 "http://plantewater.net/" "Mozilla/4.0 (compatible; MSIE 6.0; Windows NT 5.1; SV1; .NET CLR 1.1.4322) Babya Discoverer 8.0:"
66.249.78.101 - - [08/Aug/2013:05:57:27 +0200] "GET /robots.txt HTTP/1.1" 200 157 "-" "Mozilla/5.0 (compatible; Googlebot/2.1; +http://www.google.com/bot.html)"
66.249.78.101 - - [08/Aug/2013:05:57:27 +0200] "GET /seiten/start.htm HTTP/1.1" 304 - "-" "Mozilla/5.0 (iPhone; U; CPU iPhone OS 4_1 like Mac OS X; en-us) AppleWebKit/532.9 (KHTML, like Gecko) Version/4.0.5 Mobile/8B117 Safari/6531.22.7 (compatible; Googlebot-Mobile/2.1; +http://www.google.com/bot.html)"
66.249.78.101 - - [08/Aug/2013:07:08:56 +0200] "GET /seiten/start.htm HTTP/1.1" 304 - "-" "Mozilla/5.0 (compatible; Googlebot/2.1; +http://www.google.com/bot.html)"
66.249.78.101 - - [08/Aug/2013:07:53:57 +0200] "GET / HTTP/1.1" 200 2663 "-" "Mozilla/5.0 (compatible; Googlebot/2.1; +http://www.google.com/bot.html)"
66.249.78.101 - - [08/Aug/2013:08:01:02 +0200] "GET /seiten/start.htm HTTP/1.1" 200 7516 "-" "Mozilla/5.0 (compatible; Googlebot/2.1; +http://www.google.com/bot.html)"
178.137.128.238 - - [08/Aug/2013:08:20:51 +0200] "GET /seiten/news.php HTTP/1.1" 200 7079 "http://www.web-star.org.ua/" "Opera/7.54 (Windows NT 5.1; U) [pl]"
178.137.128.238 - - [08/Aug/2013:08:20:51 +0200] "GET /seiten/news.php HTTP/1.1" 200 7079 "http://www.web-star.org.ua/" "Opera/7.54 (Windows NT 5.1; U) [pl]"
178.137.128.238 - - [08/Aug/2013:08:20:52 +0200] "GET /seiten/news.php HTTP/1.1" 200 7079 "http://www.web-star.org.ua/" "Opera/7.54 (Windows NT 5.1; U) [pl]"
66.249.78.101 - - [08/Aug/2013:09:21:53 +0200] "GET / HTTP/1.1" 200 2663 "-" "Mozilla/5.0 (iPhone; U; CPU iPhone OS 4_1 like Mac OS X; en-us) AppleWebKit/532.9 (KHTML, like Gecko) Version/4.0.5 Mobile/8B117 Safari/6531.22.7 (compatible; Googlebot-Mobile/2.1; +http://www.google.com/bot.html)"
5.10.83.36 - - [08/Aug/2013:10:14:50 +0200] "GET /robots.txt HTTP/1.1" 200 157 "-" "Mozilla/5.0 (compatible; AhrefsBot/5.0; +http://ahrefs.com/robot/)"
66.249.74.65 - - [08/Aug/2013:10:24:38 +0200] "GET /img/bilder.swf HTTP/1.1" 200 78858 "-" "Mozilla/5.0 (iPhone; U; CPU iPhone OS 4_1 like Mac OS X; en-us) AppleWebKit/532.9 (KHTML, like Gecko) Version/4.0.5 Mobile/8B117 Safari/6531.22.7 (compatible; Googlebot-Mobile/2.1; +http://www.google.com/bot.html)"
54.226.53.167 - - [08/Aug/2013:13:17:59 +0200] "HEAD / HTTP/1.1" 200 - "http://www.netcraft.com/survey/" "Mozilla/4.0 (compatible; Netcraft Web Server Survey)"
141.8.147.12 - - [08/Aug/2013:14:00:08 +0200] "GET /robots.txt HTTP/1.1" 200 157 "-" "Mozilla/5.0 (compatible; YandexBot/3.0; +http://yandex.com/bots)"
141.8.147.12 - - [08/Aug/2013:14:07:44 +0200] "GET / HTTP/1.1" 200 2663 "-" "Mozilla/5.0 (compatible; YandexBot/3.0; +http://yandex.com/bots)"
66.249.75.240 - - [08/Aug/2013:14:55:40 +0200] "GET /robots.txt HTTP/1.1" 200 157 "-" "Mozilla/5.0 (compatible; Googlebot/2.1; +http://www.google.com/bot.html)"
66.249.75.240 - - [08/Aug/2013:14:55:40 +0200] "GET / HTTP/1.1" 200 2663 "-" "SAMSUNG-SGH-E250/1.0 Profile/MIDP-2.0 Configuration/CLDC-1.1 UP.Browser/6.2.3.3.c.1.101 (GUI) MMP/2.0 (compatible; Googlebot-Mobile/2.1; +http://www.google.com/bot.html)"
66.249.75.240 - - [08/Aug/2013:15:21:53 +0200] "GET / HTTP/1.1" 200 2663 "-" "Mozilla/5.0 (compatible; Googlebot/2.1; +http://www.google.com/bot.html)"
141.8.147.12 - - [08/Aug/2013:16:12:55 +0200] "GET /img/men02a.gif HTTP/1.1" 304 - "-" "Mozilla/5.0 (compatible; YandexImages/3.0; +http://yandex.com/bots)"
141.8.147.12 - - [08/Aug/2013:16:42:08 +0200] "GET /img/men08a.gif HTTP/1.1" 304 - "-" "Mozilla/5.0 (compatible; YandexImages/3.0; +http://yandex.com/bots)"
5.10.83.38 - - [08/Aug/2013:18:21:40 +0200] "GET / HTTP/1.1" 200 2663 "-" "Mozilla/5.0 (compatible; AhrefsBot/5.0; +http://ahrefs.com/robot/)"
141.8.147.12 - - [08/Aug/2013:20:15:26 +0200] "GET /img/pfeil.jpg HTTP/1.1" 304 - "-" "Mozilla/5.0 (compatible; YandexImages/3.0; +http://yandex.com/bots)"
66.249.75.240 - - [08/Aug/2013:20:39:59 +0200] "GET /seiten/impr.htm HTTP/1.1" 304 - "-" "Mozilla/5.0 (compatible; Googlebot/2.1; +http://www.google.com/bot.html)"
66.249.75.240 - - [08/Aug/2013:21:26:27 +0200] "GET /seiten/praxis.htm HTTP/1.1" 304 - "-" "Mozilla/5.0 (compatible; Googlebot/2.1; +http://www.google.com/bot.html)"
213.110.133.221 - - [08/Aug/2013:21:49:08 +0200] "GET /seiten/news.php HTTP/1.1" 200 7079 "http://technouser.userforum.ru/" "Mozilla/4.0 (compatible; Blog Search;)"
213.110.133.221 - - [08/Aug/2013:21:49:08 +0200] "GET /seiten/news.php HTTP/1.1" 200 7079 "http://technouser.userforum.ru/" "Mozilla/4.0 (compatible; Blog Search;)"
141.8.147.12 - - [08/Aug/2013:21:51:53 +0200] "GET /img/men04a.gif HTTP/1.1" 304 - "-" "Mozilla/5.0 (compatible; YandexImages/3.0; +http://yandex.com/bots)"
5.10.83.70 - - [08/Aug/2013:21:52:37 +0200] "GET /seiten/start.htm HTTP/1.1" 200 7516 "-" "Mozilla/5.0 (compatible; AhrefsBot/5.0; +http://ahrefs.com/robot/)"
178.137.93.32 - - [08/Aug/2013:22:01:02 +0200] "GET /seiten/news.php HTTP/1.1" 200 7079 "http://dosugo.com/" "Mozilla/4.0 (compatible; MSIE 6.0; Windows NT 5.1; SV1; .NET CLR 1.1.4322) Babya Discoverer 8.0:"
178.137.93.32 - - [08/Aug/2013:22:01:04 +0200] "GET /seiten/news.php HTTP/1.1" 200 7079 "http://dosugo.com/" "Mozilla/4.0 (compatible; MSIE 6.0; Windows NT 5.1; SV1; .NET CLR 1.1.4322) Babya Discoverer 8.0:"
178.137.93.32 - - [08/Aug/2013:22:01:04 +0200] "GET /seiten/news.php HTTP/1.1" 200 7079 "http://dosugo.com/" "Mozilla/4.0 (compatible; MSIE 6.0; Windows NT 5.1; SV1; .NET CLR 1.1.4322) Babya Discoverer 8.0:"
178.137.93.32 - - [08/Aug/2013:22:01:05 +0200] "GET /seiten/news.php HTTP/1.1" 200 7079 "http://pornogig.com/" "Mozilla/4.0 (compatible; MSIE 6.0; Windows NT 5.1; SV1; .NET CLR 1.1.4322) Babya Discoverer 8.0:"
178.137.93.32 - - [08/Aug/2013:22:01:07 +0200] "GET /seiten/news.php HTTP/1.1" 200 7079 "http://pornogig.com/" "Mozilla/4.0 (compatible; MSIE 6.0; Windows NT 5.1; SV1; .NET CLR 1.1.4322) Babya Discoverer 8.0:"
178.137.93.32 - - [08/Aug/2013:22:01:07 +0200] "GET /seiten/news.php HTTP/1.1" 200 7079 "http://pornogig.com/" "Mozilla/4.0 (compatible; MSIE 6.0; Windows NT 5.1; SV1; .NET CLR 1.1.4322) Babya Discoverer 8.0:"
141.8.147.12 - - [08/Aug/2013:22:27:15 +0200] "GET /img/men03a.gif HTTP/1.1" 304 - "-" "Mozilla/5.0 (compatible; YandexImages/3.0; +http://yandex.com/bots)"
66.249.75.240 - - [08/Aug/2013:22:59:22 +0200] "GET /seiten/dialyse.htm HTTP/1.1" 304 - "-" "Mozilla/5.0 (compatible; Googlebot/2.1; +http://www.google.com/bot.html)"
178.137.128.238 - - [08/Aug/2013:23:30:11 +0200] "GET /seiten/news.php HTTP/1.1" 200 7079 "http://reklama1.ru/" "Mozilla/4.0 (compatible; MSIE 6.0; Windows NT 5.1; en) Opera 8.00"
178.137.128.238 - - [08/Aug/2013:23:30:11 +0200] "GET /seiten/news.php HTTP/1.1" 200 7079 "http://reklama1.ru/" "Mozilla/4.0 (compatible; MSIE 6.0; Windows NT 5.1; en) Opera 8.00"
178.137.128.238 - - [08/Aug/2013:23:30:12 +0200] "GET /seiten/news.php HTTP/1.1" 200 7079 "http://reklama1.ru/" "Mozilla/4.0 (compatible; MSIE 6.0; Windows NT 5.1; en) Opera 8.00"
66.249.75.240 - - [08/Aug/2013:23:34:12 +0200] "GET /seiten/leist.htm HTTP/1.1" 304 - "-" "Mozilla/5.0 (compatible; Googlebot/2.1; +http://www.google.com/bot.html)"
84.38.65.176 - - [09/Aug/2013:00:09:36 +0200] "GET / HTTP/1.0" 200 2663 "http://www.backlink-webkatalog.de/" "Mozilla/5.0 (Windows; U; Windows NT 6.0; en-US) AppleWebKit/533.4 (KHTML, like Gecko) Chrome/5.0.375.126 Safari/533.4"
141.8.147.12 - - [09/Aug/2013:02:06:30 +0200] "GET /robots.txt HTTP/1.1" 200 157 "-" "Mozilla/5.0 (compatible; YandexBot/3.0; +http://yandex.com/bots)"
141.8.147.12 - - [09/Aug/2013:02:06:32 +0200] "GET /img/men04a.gif HTTP/1.1" 304 - "-" "Mozilla/5.0 (compatible; YandexImages/3.0; +http://yandex.com/bots)"
131.253.26.251 - - [09/Aug/2013:02:10:02 +0200] "GET /seiten/dialyse.htm HTTP/1.1" 200 7403 "-" "Mozilla/4.0 (compatible; MSIE 7.0; Windows NT 5.2; SLCC1; .NET CLR 1.1.4322; .NET CLR 2.0.50727; .NET CLR 3.0.04506.648)"
65.55.212.93 - - [09/Aug/2013:02:10:03 +0200] "GET /css/borna.css HTTP/1.1" 200 2909 "http://www.dialyse-borna.de/seiten/dialyse.htm" "Mozilla/4.0 (compatible; MSIE 7.0; Windows NT 5.2; SLCC1; .NET CLR 1.1.4322; .NET CLR 2.0.50727; .NET CLR 3.0.04506.648)"
178.137.93.32 - - [09/Aug/2013:02:50:36 +0200] "GET /seiten/news.php HTTP/1.1" 200 7079 "http://xn--80apaieal0gc.xn--p1ai/" "Mozilla/4.0 (compatible; MSIE 6.0; Windows 98; Win 9x 4.90)"
178.137.93.32 - - [09/Aug/2013:02:50:36 +0200] "GET /seiten/news.php HTTP/1.1" 200 7079 "http://xn--80apaieal0gc.xn--p1ai/" "Mozilla/4.0 (compatible; MSIE 6.0; Windows 98; Win 9x 4.90)"
46.118.152.23 - - [09/Aug/2013:03:40:04 +0200] "GET /seiten/news.php HTTP/1.1" 200 7079 "http://muznachas-service.ru/" "Mozilla/4.0 (compatible; MSIE 6.0; Windows NT 5.1; SV1; .NET CLR 1.1.4322) Babya Discoverer 8.0:"
46.118.152.23 - - [09/Aug/2013:03:40:04 +0200] "GET /seiten/news.php HTTP/1.1" 200 7079 "http://muznachas-service.ru/" "Mozilla/4.0 (compatible; MSIE 6.0; Windows NT 5.1; SV1; .NET CLR 1.1.4322) Babya Discoverer 8.0:"
46.118.152.23 - - [09/Aug/2013:03:40:05 +0200] "GET /seiten/news.php HTTP/1.1" 200 7079 "http://muznachas-service.ru/" "Mozilla/4.0 (compatible; MSIE 6.0; Windows NT 5.1; SV1; .NET CLR 1.1.4322) Babya Discoverer 8.0:"
66.249.75.240 - - [09/Aug/2013:04:13:00 +0200] "GET /seiten/start.htm HTTP/1.1" 304 - "-" "Mozilla/5.0 (compatible; Googlebot/2.1; +http://www.google.com/bot.html)"
66.249.75.240 - - [09/Aug/2013:05:32:39 +0200] "GET / HTTP/1.1" 200 2663 "-" "Mozilla/5.0 (iPhone; U; CPU iPhone OS 4_1 like Mac OS X; en-us) AppleWebKit/532.9 (KHTML, like Gecko) Version/4.0.5 Mobile/8B117 Safari/6531.22.7 (compatible; Googlebot-Mobile/2.1; +http://www.google.com/bot.html)"
141.8.147.12 - - [09/Aug/2013:05:38:57 +0200] "GET /img/men08a.gif HTTP/1.1" 304 - "-" "Mozilla/5.0 (compatible; YandexImages/3.0; +http://yandex.com/bots)"
5.10.83.72 - - [09/Aug/2013:07:05:38 +0200] "GET /seiten/impr.htm HTTP/1.1" 200 9648 "-" "Mozilla/5.0 (compatible; AhrefsBot/5.0; +http://ahrefs.com/robot/)"
5.10.83.72 - - [09/Aug/2013:07:13:41 +0200] "GET /seiten/dialyse.htm HTTP/1.1" 200 7403 "-" "Mozilla/5.0 (compatible; AhrefsBot/5.0; +http://ahrefs.com/robot/)"
141.8.147.12 - - [09/Aug/2013:07:43:44 +0200] "GET /img/men03a.gif HTTP/1.1" 304 - "-" "Mozilla/5.0 (compatible; YandexImages/3.0; +http://yandex.com/bots)"
66.249.75.240 - - [09/Aug/2013:07:48:04 +0200] "GET /seiten/praxis.htm HTTP/1.1" 200 7847 "-" "Mozilla/5.0 (iPhone; U; CPU iPhone OS 4_1 like Mac OS X; en-us) AppleWebKit/532.9 (KHTML, like Gecko) Version/4.0.5 Mobile/8B117 Safari/6531.22.7 (compatible; Googlebot-Mobile/2.1; +http://www.google.com/bot.html)"
141.8.147.12 - - [09/Aug/2013:07:54:50 +0200] "GET /img/pfeil.jpg HTTP/1.1" 304 - "-" "Mozilla/5.0 (compatible; YandexImages/3.0; +http://yandex.com/bots)"
66.249.75.240 - - [09/Aug/2013:08:05:16 +0200] "GET /seiten/impr.htm HTTP/1.1" 304 - "-" "Mozilla/5.0 (compatible; Googlebot/2.1; +http://www.google.com/bot.html)"
66.249.75.240 - - [09/Aug/2013:08:50:30 +0200] "GET /img/bilder.swf HTTP/1.1" 200 78858 "-" "Mozilla/5.0 (compatible; Googlebot/2.1; +http://www.google.com/bot.html)"
141.8.147.12 - - [09/Aug/2013:09:09:42 +0200] "GET /img/men02a.gif HTTP/1.1" 304 - "-" "Mozilla/5.0 (compatible; YandexImages/3.0; +http://yandex.com/bots)"
66.249.75.240 - - [09/Aug/2013:09:36:38 +0200] "GET /seiten/kont.htm HTTP/1.1" 304 - "-" "Mozilla/5.0 (compatible; Googlebot/2.1; +http://www.google.com/bot.html)"
66.249.75.240 - - [09/Aug/2013:10:10:09 +0200] "GET /seiten/links.htm HTTP/1.1" 304 - "-" "Mozilla/5.0 (compatible; Googlebot/2.1; +http://www.google.com/bot.html)"
46.118.152.23 - - [09/Aug/2013:11:00:16 +0200] "GET /seiten/news.php HTTP/1.1" 200 7079 "http://dollyeye.ru/" "Mozilla/4.0 (compatible; MSIE 6.0; Windows NT 5.1; SV1; .NET CLR 1.1.4322) Babya Discoverer 8.0:"
46.118.152.23 - - [09/Aug/2013:11:00:16 +0200] "GET /seiten/news.php HTTP/1.1" 200 7079 "http://dollyeye.ru/" "Mozilla/4.0 (compatible; MSIE 6.0; Windows NT 5.1; SV1; .NET CLR 1.1.4322) Babya Discoverer 8.0:"
46.118.152.23 - - [09/Aug/2013:11:00:16 +0200] "GET /seiten/news.php HTTP/1.1" 200 7079 "http://dollyeye.ru/" "Mozilla/4.0 (compatible; MSIE 6.0; Windows NT 5.1; SV1; .NET CLR 1.1.4322) Babya Discoverer 8.0:"
66.249.75.240 - - [09/Aug/2013:11:03:17 +0200] "GET /seiten/praxis.htm HTTP/1.1" 304 - "-" "Mozilla/5.0 (compatible; Googlebot/2.1; +http://www.google.com/bot.html)"
5.10.83.87 - - [09/Aug/2013:11:20:07 +0200] "GET /seiten/praxis.htm HTTP/1.1" 200 7847 "-" "Mozilla/5.0 (compatible; AhrefsBot/5.0; +http://ahrefs.com/robot/)"
5.10.83.87 - - [09/Aug/2013:11:48:07 +0200] "GET /seiten/kont.htm HTTP/1.1" 200 8048 "-" "Mozilla/5.0 (compatible; AhrefsBot/5.0; +http://ahrefs.com/robot/)"
141.8.147.12 - - [09/Aug/2013:12:49:36 +0200] "GET /img/men04a.gif HTTP/1.1" 304 - "-" "Mozilla/5.0 (compatible; YandexImages/3.0; +http://yandex.com/bots)"
66.249.75.240 - - [09/Aug/2013:12:49:40 +0200] "GET /seiten/kont_form.php HTTP/1.1" 200 8561 "-" "Mozilla/5.0 (iPhone; U; CPU iPhone OS 4_1 like Mac OS X; en-us) AppleWebKit/532.9 (KHTML, like Gecko) Version/4.0.5 Mobile/8B117 Safari/6531.22.7 (compatible; Googlebot-Mobile/2.1; +http://www.google.com/bot.html)"
5.10.83.87 - - [09/Aug/2013:13:23:10 +0200] "GET / HTTP/1.1" 200 2663 "-" "Mozilla/5.0 (compatible; AhrefsBot/5.0; +http://ahrefs.com/robot/)"
5.10.83.87 - - [09/Aug/2013:13:23:59 +0200] "GET /seiten/links.htm HTTP/1.1" 200 7302 "-" "Mozilla/5.0 (compatible; AhrefsBot/5.0; +http://ahrefs.com/robot/)"
141.8.147.12 - - [09/Aug/2013:14:01:09 +0200] "GET /img/men08a.gif HTTP/1.1" 304 - "-" "Mozilla/5.0 (compatible; YandexImages/3.0; +http://yandex.com/bots)"
141.8.147.12 - - [09/Aug/2013:14:06:43 +0200] "GET /robots.txt HTTP/1.1" 200 157 "-" "Mozilla/5.0 (compatible; YandexBot/3.0; +http://yandex.com/bots)"
141.8.147.12 - - [09/Aug/2013:14:06:45 +0200] "GET /img/pfeil.jpg HTTP/1.1" 304 - "-" "Mozilla/5.0 (compatible; YandexImages/3.0; +http://yandex.com/bots)"
199.30.20.55 - - [09/Aug/2013:16:00:06 +0200] "GET /robots.txt HTTP/1.1" 200 157 "-" "msnbot-media/1.1 (+http://search.msn.com/msnbot.htm)"
199.30.20.55 - - [09/Aug/2013:16:00:06 +0200] "GET /img/dialyse.jpg HTTP/1.1" 200 18017 "-" "msnbot-media/1.1 (+http://search.msn.com/msnbot.htm)"
141.8.147.12 - - [09/Aug/2013:17:01:57 +0200] "GET /img/men02a.gif HTTP/1.1" 304 - "-" "Mozilla/5.0 (compatible; YandexImages/3.0; +http://yandex.com/bots)"
91.207.9.226 - - [09/Aug/2013:17:59:42 +0200] "GET /seiten/news.php HTTP/1.1" 200 7079 "http://www.socioforum.su/" "Mozilla/4.0 (compatible; MSIE 6.0; Windows NT 5.2; Win64; x64; SV1; .NET CLR 2.0.50727)"
91.207.9.226 - - [09/Aug/2013:17:59:43 +0200] "GET /seiten/news.php HTTP/1.1" 200 7079 "http://www.socioforum.su/" "Mozilla/4.0 (compatible; MSIE 6.0; Windows NT 5.2; Win64; x64; SV1; .NET CLR 2.0.50727)"
91.207.9.226 - - [09/Aug/2013:17:59:43 +0200] "GET /seiten/news.php HTTP/1.1" 200 7079 "http://www.socioforum.su/" "Mozilla/4.0 (compatible; MSIE 6.0; Windows NT 5.2; Win64; x64; SV1; .NET CLR 2.0.50727)"
173.199.118.35 - - [09/Aug/2013:18:19:35 +0200] "GET /robots.txt HTTP/1.1" 200 157 "-" "Mozilla/5.0 (compatible; AhrefsBot/4.0; +http://ahrefs.com/robot/)"
5.10.83.36 - - [09/Aug/2013:18:27:24 +0200] "GET /seiten/leist.htm HTTP/1.1" 200 7640 "-" "Mozilla/5.0 (compatible; AhrefsBot/5.0; +http://ahrefs.com/robot/)"
66.249.73.186 - - [09/Aug/2013:18:33:35 +0200] "GET /robots.txt HTTP/1.1" 200 157 "-" "Mozilla/5.0 (compatible; Googlebot/2.1; +http://www.google.com/bot.html)"
66.249.73.186 - - [09/Aug/2013:18:33:35 +0200] "GET /seiten/start.htm HTTP/1.1" 304 - "-" "Mozilla/5.0 (iPhone; U; CPU iPhone OS 4_1 like Mac OS X; en-us) AppleWebKit/532.9 (KHTML, like Gecko) Version/4.0.5 Mobile/8B117 Safari/6531.22.7 (compatible; Googlebot-Mobile/2.1; +http://www.google.com/bot.html)"
141.8.147.12 - - [09/Aug/2013:20:52:55 +0200] "GET /img/men03a.gif HTTP/1.1" 304 - "-" "Mozilla/5.0 (compatible; YandexImages/3.0; +http://yandex.com/bots)"
66.249.73.186 - - [09/Aug/2013:22:09:25 +0200] "GET /seiten/links.htm HTTP/1.1" 200 7302 "-" "Mozilla/5.0 (iPhone; U; CPU iPhone OS 4_1 like Mac OS X; en-us) AppleWebKit/532.9 (KHTML, like Gecko) Version/4.0.5 Mobile/8B117 Safari/6531.22.7 (compatible; Googlebot-Mobile/2.1; +http://www.google.com/bot.html)"
66.249.73.186 - - [09/Aug/2013:23:00:57 +0200] "GET / HTTP/1.1" 200 2663 "-" "SAMSUNG-SGH-E250/1.0 Profile/MIDP-2.0 Configuration/CLDC-1.1 UP.Browser/6.2.3.3.c.1.101 (GUI) MMP/2.0 (compatible; Googlebot-Mobile/2.1; +http://www.google.com/bot.html)"
54.221.9.114 - - [09/Aug/2013:23:24:57 +0200] "GET / HTTP/1.0" 200 2663 "-" "Mozilla/5.0 (compatible; NetcraftSurveyAgent/1.0; +info@netcraft.com)"
5.10.83.36 - - [10/Aug/2013:01:35:31 +0200] "GET /seiten/kont_form.php HTTP/1.1" 200 8561 "-" "Mozilla/5.0 (compatible; AhrefsBot/5.0; +http://ahrefs.com/robot/)"
141.8.147.12 - - [10/Aug/2013:02:36:41 +0200] "GET /robots.txt HTTP/1.1" 200 157 "-" "Mozilla/5.0 (compatible; YandexBot/3.0; +http://yandex.com/bots)"
141.8.147.12 - - [10/Aug/2013:03:01:28 +0200] "GET / HTTP/1.1" 200 2663 "-" "Mozilla/5.0 (compatible; YandexBot/3.0; +http://yandex.com/bots)"
141.8.147.12 - - [10/Aug/2013:03:01:31 +0200] "GET /img/men08a.gif HTTP/1.1" 304 - "-" "Mozilla/5.0 (compatible; YandexImages/3.0; +http://yandex.com/bots)"
141.8.147.12 - - [10/Aug/2013:03:43:36 +0200] "GET /img/men03a.gif HTTP/1.1" 304 - "-" "Mozilla/5.0 (compatible; YandexImages/3.0; +http://yandex.com/bots)"
193.106.136.61 - - [10/Aug/2013:04:17:59 +0200] "GET /seiten/news.php HTTP/1.1" 200 7079 "http://serials.mybb.ru/" "Mozilla/4.0 (compatible; MSIE 6.0; Windows NT 5.2; WOW64; SV1; .NET CLR 2.0.50727)"
193.106.136.61 - - [10/Aug/2013:04:17:59 +0200] "GET /seiten/news.php HTTP/1.1" 200 7079 "http://serials.mybb.ru/" "Mozilla/4.0 (compatible; MSIE 6.0; Windows NT 5.2; WOW64; SV1; .NET CLR 2.0.50727)"
141.8.147.12 - - [10/Aug/2013:04:58:25 +0200] "GET /img/pfeil.jpg HTTP/1.1" 304 - "-" "Mozilla/5.0 (compatible; YandexImages/3.0; +http://yandex.com/bots)"
141.8.147.12 - - [10/Aug/2013:05:15:46 +0200] "GET /img/men02a.gif HTTP/1.1" 304 - "-" "Mozilla/5.0 (compatible; YandexImages/3.0; +http://yandex.com/bots)"
95.27.244.148 - - [10/Aug/2013:05:17:04 +0200] "GET /seiten/links.htm HTTP/1.0" 200 7302 "http://www.dialyse-borna.de/seiten/links.htm" "Mozilla/5.0 (Windows NT 6.0) AppleWebKit/537.11 (KHTML, like Gecko) Chrome/23.0.1271.64 Safari/537.11"
199.30.16.33 - - [10/Aug/2013:05:22:21 +0200] "GET /robots.txt HTTP/1.1" 200 157 "-" "msnbot-media/1.1 (+http://search.msn.com/msnbot.htm)"
199.30.16.33 - - [10/Aug/2013:05:22:21 +0200] "GET /img/leist.jpg HTTP/1.1" 200 18546 "-" "msnbot-media/1.1 (+http://search.msn.com/msnbot.htm)"
91.207.9.226 - - [10/Aug/2013:06:14:37 +0200] "GET /seiten/news.php HTTP/1.1" 200 7079 "http://artwoodcentre.com/" "Mozilla/4.0 (compatible; MSIE 6.0; Windows NT 5.2; WOW64; SV1; .NET CLR 2.0.50727)"
91.207.9.226 - - [10/Aug/2013:06:14:38 +0200] "GET /seiten/news.php HTTP/1.1" 200 7079 "http://artwoodcentre.com/" "Mozilla/4.0 (compatible; MSIE 6.0; Windows NT 5.2; WOW64; SV1; .NET CLR 2.0.50727)"
91.207.9.226 - - [10/Aug/2013:06:14:39 +0200] "GET /seiten/news.php HTTP/1.1" 200 7079 "http://artwoodcentre.com/" "Mozilla/4.0 (compatible; MSIE 6.0; Windows NT 5.2; WOW64; SV1; .NET CLR 2.0.50727)"
141.8.147.12 - - [10/Aug/2013:06:28:42 +0200] "GET /img/men04a.gif HTTP/1.1" 304 - "-" "Mozilla/5.0 (compatible; YandexImages/3.0; +http://yandex.com/bots)"
66.249.73.186 - - [10/Aug/2013:08:14:26 +0200] "GET / HTTP/1.1" 200 2663 "-" "Mozilla/5.0 (iPhone; U; CPU iPhone OS 4_1 like Mac OS X; en-us) AppleWebKit/532.9 (KHTML, like Gecko) Version/4.0.5 Mobile/8B117 Safari/6531.22.7 (compatible; Googlebot-Mobile/2.1; +http://www.google.com/bot.html)"
188.165.195.156 - - [10/Aug/2013:09:33:03 +0200] "HEAD / HTTP/1.1" 200 - "-" "Mozilla/4.0 (compatible; MSIE 5.01; Windows NT 5.0)"
46.118.126.194 - - [10/Aug/2013:10:10:15 +0200] "GET /seiten/news.php HTTP/1.1" 200 7079 "http://www.cvfind.info/" "Mozilla/4.0 (compatible; MSIE 6.0; Windows NT 5.1; SV1; .NET CLR 1.1.4322) Babya Discoverer 8.0:"
46.118.126.194 - - [10/Aug/2013:10:10:17 +0200] "GET /seiten/news.php HTTP/1.1" 200 7079 "http://www.cvfind.info/" "Mozilla/4.0 (compatible; MSIE 6.0; Windows NT 5.1; SV1; .NET CLR 1.1.4322) Babya Discoverer 8.0:"
46.118.126.194 - - [10/Aug/2013:10:10:17 +0200] "GET /seiten/news.php HTTP/1.1" 200 7079 "http://www.cvfind.info/" "Mozilla/4.0 (compatible; MSIE 6.0; Windows NT 5.1; SV1; .NET CLR 1.1.4322) Babya Discoverer 8.0:"
66.249.73.186 - - [10/Aug/2013:10:10:39 +0200] "GET /seiten/kont.htm HTTP/1.1" 304 - "-" "Mozilla/5.0 (iPhone; U; CPU iPhone OS 4_1 like Mac OS X; en-us) AppleWebKit/532.9 (KHTML, like Gecko) Version/4.0.5 Mobile/8B117 Safari/6531.22.7 (compatible; Googlebot-Mobile/2.1; +http://www.google.com/bot.html)"
91.207.9.226 - - [10/Aug/2013:10:30:56 +0200] "GET /seiten/news.php HTTP/1.1" 200 7079 "http://moregirls.org/" "Mozilla/4.0 (compatible; MSIE 6.0; Windows NT 5.2; Win64; x64; SV1; .NET CLR 2.0.50727)"
91.207.9.226 - - [10/Aug/2013:10:30:56 +0200] "GET /seiten/news.php HTTP/1.1" 200 7079 "http://moregirls.org/" "Mozilla/4.0 (compatible; MSIE 6.0; Windows NT 5.2; Win64; x64; SV1; .NET CLR 2.0.50727)"
91.207.9.226 - - [10/Aug/2013:10:30:58 +0200] "GET /seiten/news.php HTTP/1.1" 200 7079 "http://moregirls.org/" "Mozilla/4.0 (compatible; MSIE 6.0; Windows NT 5.2; Win64; x64; SV1; .NET CLR 2.0.50727)"
85.25.120.73 - - [10/Aug/2013:12:41:20 +0200] "GET / HTTP/1.1" 200 2663 "-" "Mozilla/5.0 (X11; U; Linux i686; en-US; rv:1.9.0.1) Gecko/2008070206 Firefox/3.0.1"
85.25.120.73 - - [10/Aug/2013:12:41:20 +0200] "GET /seiten/kont_form.php HTTP/1.1" 200 8561 "-" "Mozilla/5.0 (X11; U; Linux i686; en-US; rv:1.9.0.1) Gecko/2008070206 Firefox/3.0.1"
5.10.83.93 - - [10/Aug/2013:12:55:23 +0200] "GET /seiten/news.php HTTP/1.1" 200 7079 "-" "Mozilla/5.0 (compatible; AhrefsBot/5.0; +http://ahrefs.com/robot/)"
92.249.127.111 - - [10/Aug/2013:12:59:08 +0200] "GET /seiten/news.php HTTP/1.1" 200 7079 "http://umorok.mybb.by/" "Mozilla/5.0 (compatible; news bot /2.1)"
92.249.127.111 - - [10/Aug/2013:12:59:09 +0200] "GET /seiten/news.php HTTP/1.1" 200 7079 "http://umorok.mybb.by/" "Mozilla/5.0 (compatible; news bot /2.1)"
92.249.127.111 - - [10/Aug/2013:12:59:09 +0200] "GET /seiten/news.php HTTP/1.1" 200 7079 "http://umorok.mybb.by/" "Mozilla/5.0 (compatible; news bot /2.1)"
46.119.118.152 - - [10/Aug/2013:15:32:06 +0200] "GET /seiten/news.php HTTP/1.1" 200 7079 "http://mug-na-chas-moscow.ru/" "Mozilla/4.0 (compatible; MSIE 6.0; Windows NT 5.1; SV1; .NET CLR 1.1.4322) Babya Discoverer 8.0:"
46.119.118.152 - - [10/Aug/2013:15:32:06 +0200] "GET /seiten/news.php HTTP/1.1" 200 7079 "http://stroika.0bb.ru/" "Mozilla/4.0 (compatible; MSIE 6.0; Windows NT 5.1; SV1; .NET CLR 1.1.4322) Babya Discoverer 8.0:"
46.119.118.152 - - [10/Aug/2013:15:32:07 +0200] "GET /seiten/news.php HTTP/1.1" 200 7079 "http://mug-na-chas-moscow.ru/" "Mozilla/4.0 (compatible; MSIE 6.0; Windows NT 5.1; SV1; .NET CLR 1.1.4322) Babya Discoverer 8.0:"
46.119.118.152 - - [10/Aug/2013:15:32:07 +0200] "GET /seiten/news.php HTTP/1.1" 200 7079 "http://stroika.0bb.ru/" "Mozilla/4.0 (compatible; MSIE 6.0; Windows NT 5.1; SV1; .NET CLR 1.1.4322) Babya Discoverer 8.0:"
46.119.118.152 - - [10/Aug/2013:15:32:08 +0200] "GET /seiten/news.php HTTP/1.1" 200 7079 "http://mug-na-chas-moscow.ru/" "Mozilla/4.0 (compatible; MSIE 6.0; Windows NT 5.1; SV1; .NET CLR 1.1.4322) Babya Discoverer 8.0:"
46.119.118.152 - - [10/Aug/2013:15:32:09 +0200] "GET /seiten/news.php HTTP/1.1" 200 7079 "http://stroika.0bb.ru/" "Mozilla/4.0 (compatible; MSIE 6.0; Windows NT 5.1; SV1; .NET CLR 1.1.4322) Babya Discoverer 8.0:"
66.249.72.240 - - [10/Aug/2013:15:58:38 +0200] "GET /robots.txt HTTP/1.1" 200 157 "-" "Mozilla/5.0 (compatible; Googlebot/2.1; +http://www.google.com/bot.html)"
66.249.72.240 - - [10/Aug/2013:15:58:38 +0200] "GET /seiten/start.htm HTTP/1.1" 200 7516 "-" "SAMSUNG-SGH-E250/1.0 Profile/MIDP-2.0 Configuration/CLDC-1.1 UP.Browser/6.2.3.3.c.1.101 (GUI) MMP/2.0 (compatible; Googlebot-Mobile/2.1; +http://www.google.com/bot.html)"
66.249.72.240 - - [10/Aug/2013:16:39:13 +0200] "GET / HTTP/1.1" 200 2663 "-" "Mozilla/5.0 (iPhone; U; CPU iPhone OS 4_1 like Mac OS X; en-us) AppleWebKit/532.9 (KHTML, like Gecko) Version/4.0.5 Mobile/8B117 Safari/6531.22.7 (compatible; Googlebot-Mobile/2.1; +http://www.google.com/bot.html)"
84.140.169.99 - - [10/Aug/2013:16:48:22 +0200] "GET /seiten/impr.htm HTTP/1.1" 200 9648 "http://de.search.yahoo.com/mobile/s?rewrite=72&.tsrc=apple&first=1&p=dr+berger+dr+tendis+borna&pintl=de&pcarrier=Telekom.de&pmcc=262&pmnc=01&fr=onesearch" "Mozilla/5.0 (iPhone; CPU iPhone OS 6_1_3 like Mac OS X) AppleWebKit/536.26 (KHTML, like Gecko) Version/6.0 Mobile/10B329 Safari/8536.25"
84.140.169.99 - - [10/Aug/2013:16:48:22 +0200] "GET /css/borna.css HTTP/1.1" 200 2909 "http://www.dialyse-borna.de/seiten/impr.htm" "Mozilla/5.0 (iPhone; CPU iPhone OS 6_1_3 like Mac OS X) AppleWebKit/536.26 (KHTML, like Gecko) Version/6.0 Mobile/10B329 Safari/8536.25"
84.140.169.99 - - [10/Aug/2013:16:48:23 +0200] "GET /img/men01.gif HTTP/1.1" 200 432 "http://www.dialyse-borna.de/seiten/impr.htm" "Mozilla/5.0 (iPhone; CPU iPhone OS 6_1_3 like Mac OS X) AppleWebKit/536.26 (KHTML, like Gecko) Version/6.0 Mobile/10B329 Safari/8536.25"
84.140.169.99 - - [10/Aug/2013:16:48:23 +0200] "GET /img/1pixel.gif HTTP/1.1" 200 45 "http://www.dialyse-borna.de/seiten/impr.htm" "Mozilla/5.0 (iPhone; CPU iPhone OS 6_1_3 like Mac OS X) AppleWebKit/536.26 (KHTML, like Gecko) Version/6.0 Mobile/10B329 Safari/8536.25"
84.140.169.99 - - [10/Aug/2013:16:48:23 +0200] "GET /img/men06.gif HTTP/1.1" 200 1162 "http://www.dialyse-borna.de/seiten/impr.htm" "Mozilla/5.0 (iPhone; CPU iPhone OS 6_1_3 like Mac OS X) AppleWebKit/536.26 (KHTML, like Gecko) Version/6.0 Mobile/10B329 Safari/8536.25"
84.140.169.99 - - [10/Aug/2013:16:48:23 +0200] "GET /img/bg2.gif HTTP/1.1" 200 49 "http://www.dialyse-borna.de/seiten/impr.htm" "Mozilla/5.0 (iPhone; CPU iPhone OS 6_1_3 like Mac OS X) AppleWebKit/536.26 (KHTML, like Gecko) Version/6.0 Mobile/10B329 Safari/8536.25"
84.140.169.99 - - [10/Aug/2013:16:48:23 +0200] "GET /img/bg1.gif HTTP/1.1" 200 54 "http://www.dialyse-borna.de/seiten/impr.htm" "Mozilla/5.0 (iPhone; CPU iPhone OS 6_1_3 like Mac OS X) AppleWebKit/536.26 (KHTML, like Gecko) Version/6.0 Mobile/10B329 Safari/8536.25"
84.140.169.99 - - [10/Aug/2013:16:48:23 +0200] "GET /img/lay03.gif HTTP/1.1" 200 671 "http://www.dialyse-borna.de/seiten/impr.htm" "Mozilla/5.0 (iPhone; CPU iPhone OS 6_1_3 like Mac OS X) AppleWebKit/536.26 (KHTML, like Gecko) Version/6.0 Mobile/10B329 Safari/8536.25"
84.140.169.99 - - [10/Aug/2013:16:48:23 +0200] "GET /img/bg3.gif HTTP/1.1" 200 143 "http://www.dialyse-borna.de/seiten/impr.htm" "Mozilla/5.0 (iPhone; CPU iPhone OS 6_1_3 like Mac OS X) AppleWebKit/536.26 (KHTML, like Gecko) Version/6.0 Mobile/10B329 Safari/8536.25"
84.140.169.99 - - [10/Aug/2013:16:48:23 +0200] "GET /img/lay07.gif HTTP/1.1" 200 272 "http://www.dialyse-borna.de/seiten/impr.htm" "Mozilla/5.0 (iPhone; CPU iPhone OS 6_1_3 like Mac OS X) AppleWebKit/536.26 (KHTML, like Gecko) Version/6.0 Mobile/10B329 Safari/8536.25"
84.140.169.99 - - [10/Aug/2013:16:48:23 +0200] "GET /img/men02.gif HTTP/1.1" 200 1273 "http://www.dialyse-borna.de/seiten/impr.htm" "Mozilla/5.0 (iPhone; CPU iPhone OS 6_1_3 like Mac OS X) AppleWebKit/536.26 (KHTML, like Gecko) Version/6.0 Mobile/10B329 Safari/8536.25"
84.140.169.99 - - [10/Aug/2013:16:48:23 +0200] "GET /img/men03.gif HTTP/1.1" 200 1621 "http://www.dialyse-borna.de/seiten/impr.htm" "Mozilla/5.0 (iPhone; CPU iPhone OS 6_1_3 like Mac OS X) AppleWebKit/536.26 (KHTML, like Gecko) Version/6.0 Mobile/10B329 Safari/8536.25"
84.140.169.99 - - [10/Aug/2013:16:48:23 +0200] "GET /img/men04.gif HTTP/1.1" 200 1395 "http://www.dialyse-borna.de/seiten/impr.htm" "Mozilla/5.0 (iPhone; CPU iPhone OS 6_1_3 like Mac OS X) AppleWebKit/536.26 (KHTML, like Gecko) Version/6.0 Mobile/10B329 Safari/8536.25"
84.140.169.99 - - [10/Aug/2013:16:48:23 +0200] "GET /img/men07.gif HTTP/1.1" 200 1396 "http://www.dialyse-borna.de/seiten/impr.htm" "Mozilla/5.0 (iPhone; CPU iPhone OS 6_1_3 like Mac OS X) AppleWebKit/536.26 (KHTML, like Gecko) Version/6.0 Mobile/10B329 Safari/8536.25"
84.140.169.99 - - [10/Aug/2013:16:48:23 +0200] "GET /img/men08a.gif HTTP/1.1" 200 819 "http://www.dialyse-borna.de/seiten/impr.htm" "Mozilla/5.0 (iPhone; CPU iPhone OS 6_1_3 like Mac OS X) AppleWebKit/536.26 (KHTML, like Gecko) Version/6.0 Mobile/10B329 Safari/8536.25"
84.140.169.99 - - [10/Aug/2013:16:48:23 +0200] "GET /img/men09.gif HTTP/1.1" 200 708 "http://www.dialyse-borna.de/seiten/impr.htm" "Mozilla/5.0 (iPhone; CPU iPhone OS 6_1_3 like Mac OS X) AppleWebKit/536.26 (KHTML, like Gecko) Version/6.0 Mobile/10B329 Safari/8536.25"
84.140.169.99 - - [10/Aug/2013:16:48:23 +0200] "GET /img/lay01.gif HTTP/1.1" 200 384 "http://www.dialyse-borna.de/seiten/impr.htm" "Mozilla/5.0 (iPhone; CPU iPhone OS 6_1_3 like Mac OS X) AppleWebKit/536.26 (KHTML, like Gecko) Version/6.0 Mobile/10B329 Safari/8536.25"
84.140.169.99 - - [10/Aug/2013:16:48:23 +0200] "GET /img/lay02.gif HTTP/1.1" 200 3503 "http://www.dialyse-borna.de/seiten/impr.htm" "Mozilla/5.0 (iPhone; CPU iPhone OS 6_1_3 like Mac OS X) AppleWebKit/536.26 (KHTML, like Gecko) Version/6.0 Mobile/10B329 Safari/8536.25"
84.140.169.99 - - [10/Aug/2013:16:48:23 +0200] "GET /img/lay08.gif HTTP/1.1" 200 322 "http://www.dialyse-borna.de/seiten/impr.htm" "Mozilla/5.0 (iPhone; CPU iPhone OS 6_1_3 like Mac OS X) AppleWebKit/536.26 (KHTML, like Gecko) Version/6.0 Mobile/10B329 Safari/8536.25"
84.140.169.99 - - [10/Aug/2013:16:48:23 +0200] "GET /img/bg4.gif HTTP/1.1" 200 135 "http://www.dialyse-borna.de/seiten/impr.htm" "Mozilla/5.0 (iPhone; CPU iPhone OS 6_1_3 like Mac OS X) AppleWebKit/536.26 (KHTML, like Gecko) Version/6.0 Mobile/10B329 Safari/8536.25"
84.140.169.99 - - [10/Aug/2013:16:48:23 +0200] "GET /img/lay04.gif HTTP/1.1" 200 210 "http://www.dialyse-borna.de/seiten/impr.htm" "Mozilla/5.0 (iPhone; CPU iPhone OS 6_1_3 like Mac OS X) AppleWebKit/536.26 (KHTML, like Gecko) Version/6.0 Mobile/10B329 Safari/8536.25"
84.140.169.99 - - [10/Aug/2013:16:48:23 +0200] "GET /img/lay05.gif HTTP/1.1" 200 541 "http://www.dialyse-borna.de/seiten/impr.htm" "Mozilla/5.0 (iPhone; CPU iPhone OS 6_1_3 like Mac OS X) AppleWebKit/536.26 (KHTML, like Gecko) Version/6.0 Mobile/10B329 Safari/8536.25"
84.140.169.99 - - [10/Aug/2013:16:48:24 +0200] "GET /img/men02a.gif HTTP/1.1" 200 589 "http://www.dialyse-borna.de/seiten/impr.htm" "Mozilla/5.0 (iPhone; CPU iPhone OS 6_1_3 like Mac OS X) AppleWebKit/536.26 (KHTML, like Gecko) Version/6.0 Mobile/10B329 Safari/8536.25"
84.140.169.99 - - [10/Aug/2013:16:48:24 +0200] "GET /img/men05a.gif HTTP/1.1" 200 556 "http://www.dialyse-borna.de/seiten/impr.htm" "Mozilla/5.0 (iPhone; CPU iPhone OS 6_1_3 like Mac OS X) AppleWebKit/536.26 (KHTML, like Gecko) Version/6.0 Mobile/10B329 Safari/8536.25"
84.140.169.99 - - [10/Aug/2013:16:48:24 +0200] "GET /img/men03a.gif HTTP/1.1" 200 820 "http://www.dialyse-borna.de/seiten/impr.htm" "Mozilla/5.0 (iPhone; CPU iPhone OS 6_1_3 like Mac OS X) AppleWebKit/536.26 (KHTML, like Gecko) Version/6.0 Mobile/10B329 Safari/8536.25"
84.140.169.99 - - [10/Aug/2013:16:48:24 +0200] "GET /img/men04a.gif HTTP/1.1" 200 669 "http://www.dialyse-borna.de/seiten/impr.htm" "Mozilla/5.0 (iPhone; CPU iPhone OS 6_1_3 like Mac OS X) AppleWebKit/536.26 (KHTML, like Gecko) Version/6.0 Mobile/10B329 Safari/8536.25"
84.140.169.99 - - [10/Aug/2013:16:48:24 +0200] "GET /img/men06a.gif HTTP/1.1" 200 518 "http://www.dialyse-borna.de/seiten/impr.htm" "Mozilla/5.0 (iPhone; CPU iPhone OS 6_1_3 like Mac OS X) AppleWebKit/536.26 (KHTML, like Gecko) Version/6.0 Mobile/10B329 Safari/8536.25"
84.140.169.99 - - [10/Aug/2013:16:48:24 +0200] "GET /img/men07a.gif HTTP/1.1" 200 666 "http://www.dialyse-borna.de/seiten/impr.htm" "Mozilla/5.0 (iPhone; CPU iPhone OS 6_1_3 like Mac OS X) AppleWebKit/536.26 (KHTML, like Gecko) Version/6.0 Mobile/10B329 Safari/8536.25"
109.120.157.179 - - [10/Aug/2013:17:03:32 +0200] "GET /seiten/news.php HTTP/1.1" 200 7079 "http://planetakino.com/" "Mozilla/5.0 (compatible; Add Catalog/2.1;)"
109.120.157.179 - - [10/Aug/2013:17:03:33 +0200] "GET /seiten/news.php HTTP/1.1" 200 7079 "http://planetakino.com/" "Mozilla/5.0 (compatible; Add Catalog/2.1;)"
92.249.127.111 - - [10/Aug/2013:19:17:50 +0200] "GET /seiten/news.php HTTP/1.1" 200 7079 "http://soboryihrami.mybb.ru/" "Mozilla/5.0 (compatible; news bot /2.1)"
92.249.127.111 - - [10/Aug/2013:19:17:50 +0200] "GET /seiten/news.php HTTP/1.1" 200 7079 "http://soboryihrami.mybb.ru/" "Mozilla/5.0 (compatible; news bot /2.1)"
92.249.127.111 - - [10/Aug/2013:19:17:51 +0200] "GET /seiten/news.php HTTP/1.1" 200 7079 "http://soboryihrami.mybb.ru/" "Mozilla/5.0 (compatible; news bot /2.1)"
5.10.83.18 - - [10/Aug/2013:21:25:40 +0200] "GET /seiten/function.include HTTP/1.1" 404 1256 "-" "Mozilla/5.0 (compatible; AhrefsBot/5.0; +http://ahrefs.com/robot/)"
46.118.126.194 - - [10/Aug/2013:21:26:19 +0200] "GET /seiten/news.php HTTP/1.1" 200 7079 "http://imonger.ru/" "Mozilla/4.0 (compatible; MSIE 6.0; Windows NT 5.1; SV1; .NET CLR 1.1.4322) Babya Discoverer 8.0:"
46.118.126.194 - - [10/Aug/2013:21:26:20 +0200] "GET /seiten/news.php HTTP/1.1" 200 7079 "http://imonger.ru/" "Mozilla/4.0 (compatible; MSIE 6.0; Windows NT 5.1; SV1; .NET CLR 1.1.4322) Babya Discoverer 8.0:"
66.249.72.240 - - [10/Aug/2013:21:44:06 +0200] "GET /seiten/impr.htm HTTP/1.1" 304 - "-" "Mozilla/5.0 (iPhone; U; CPU iPhone OS 4_1 like Mac OS X; en-us) AppleWebKit/532.9 (KHTML, like Gecko) Version/4.0.5 Mobile/8B117 Safari/6531.22.7 (compatible; Googlebot-Mobile/2.1; +http://www.google.com/bot.html)"
46.51.151.81 - - [10/Aug/2013:23:20:03 +0200] "GET / HTTP/1.1" 200 2663 "-" "Mozilla/5.0 (compatible; HttpConduitDownloader/1.0; +http://hackage.haskell.org/package/http-conduit-downloader"
37.139.52.23 - - [10/Aug/2013:23:40:03 +0200] "GET /seiten/news.php HTTP/1.1" 200 7079 "http://moygarag.ru/" "Mozilla/4.0 (compatible; MSIE 5.5; Windows NT 4.0; .NET CLR 1.0.2914)"
37.139.52.23 - - [10/Aug/2013:23:40:04 +0200] "GET /seiten/news.php HTTP/1.1" 200 7079 "http://moygarag.ru/" "Mozilla/4.0 (compatible; MSIE 5.5; Windows NT 4.0; .NET CLR 1.0.2914)"
131.253.38.98 - - [11/Aug/2013:00:39:55 +0200] "GET /robots.txt HTTP/1.1" 200 157 "-" "msnbot-media/1.1 (+http://search.msn.com/msnbot.htm)"
131.253.38.98 - - [11/Aug/2013:00:39:55 +0200] "GET /img/dialyse.jpg HTTP/1.1" 200 18017 "-" "msnbot-media/1.1 (+http://search.msn.com/msnbot.htm)"
66.249.72.240 - - [11/Aug/2013:00:53:49 +0200] "GET /seiten/start.htm HTTP/1.1" 200 7516 "-" "Mozilla/5.0 (compatible; Googlebot/2.1; +http://www.google.com/bot.html)"
178.137.128.238 - - [11/Aug/2013:02:14:14 +0200] "GET /seiten/news.php HTTP/1.1" 200 7079 "http://www.web-star.org.ua/" "Opera/7.54 (Windows NT 5.1; U) [pl]"
178.137.128.238 - - [11/Aug/2013:02:14:15 +0200] "GET /seiten/news.php HTTP/1.1" 200 7079 "http://www.web-star.org.ua/" "Opera/7.54 (Windows NT 5.1; U) [pl]"
178.137.128.238 - - [11/Aug/2013:02:14:15 +0200] "GET /seiten/news.php HTTP/1.1" 200 7079 "http://www.web-star.org.ua/" "Opera/7.54 (Windows NT 5.1; U) [pl]"
66.249.72.240 - - [11/Aug/2013:04:44:48 +0200] "GET /seiten/dialyse.htm HTTP/1.1" 304 - "-" "Mozilla/5.0 (iPhone; U; CPU iPhone OS 4_1 like Mac OS X; en-us) AppleWebKit/532.9 (KHTML, like Gecko) Version/4.0.5 Mobile/8B117 Safari/6531.22.7 (compatible; Googlebot-Mobile/2.1; +http://www.google.com/bot.html)"
27.153.234.109 - - [11/Aug/2013:07:21:31 +0200] "GET /seiten/links.htm HTTP/1.1" 200 7302 "-" "Mozilla/4.0 (compatible; MSIE 6.0; Windows NT 5.1; SV1)"
27.153.234.109 - - [11/Aug/2013:07:21:34 +0200] "POST /seiten/links.htm/trackback/ HTTP/1.1" 404 1256 "http://www.dialyse-borna.de/seiten/links.htm" "Mozilla/4.0 (compatible; MSIE 6.0; Windows NT 5.1; SV1)"
46.229.170.197 - - [11/Aug/2013:09:33:00 +0200] "GET / HTTP/1.1" 200 2663 "-" "Mozilla/5.0 (Windows; U; Windows NT 5.1; en-US; rv:2.0.1) Gecko/20110606 Firefox/4.0.1"
66.249.72.240 - - [11/Aug/2013:11:03:35 +0200] "GET /seiten/kont.htm HTTP/1.1" 304 - "-" "Mozilla/5.0 (iPhone; U; CPU iPhone OS 4_1 like Mac OS X; en-us) AppleWebKit/532.9 (KHTML, like Gecko) Version/4.0.5 Mobile/8B117 Safari/6531.22.7 (compatible; Googlebot-Mobile/2.1; +http://www.google.com/bot.html)"
46.118.126.194 - - [11/Aug/2013:15:50:23 +0200] "GET /seiten/news.php HTTP/1.1" 200 7079 "http://pornogig.com/" "Mozilla/4.0 (compatible; MSIE 6.0; Windows NT 5.1; SV1; .NET CLR 1.1.4322) Babya Discoverer 8.0:"
46.118.126.194 - - [11/Aug/2013:15:50:23 +0200] "GET /seiten/news.php HTTP/1.1" 200 7079 "http://www.echomsk.spb.ru/" "Mozilla/4.0 (compatible; MSIE 6.0; Windows NT 5.1; SV1; .NET CLR 1.1.4322) Babya Discoverer 8.0:"
46.118.126.194 - - [11/Aug/2013:15:50:25 +0200] "GET /seiten/news.php HTTP/1.1" 200 7079 "http://www.echomsk.spb.ru/" "Mozilla/4.0 (compatible; MSIE 6.0; Windows NT 5.1; SV1; .NET CLR 1.1.4322) Babya Discoverer 8.0:"
46.118.126.194 - - [11/Aug/2013:15:50:25 +0200] "GET /seiten/news.php HTTP/1.1" 200 7079 "http://pornogig.com/" "Mozilla/4.0 (compatible; MSIE 6.0; Windows NT 5.1; SV1; .NET CLR 1.1.4322) Babya Discoverer 8.0:"
46.118.126.194 - - [11/Aug/2013:15:50:25 +0200] "GET /seiten/news.php HTTP/1.1" 200 7079 "http://pornogig.com/" "Mozilla/4.0 (compatible; MSIE 6.0; Windows NT 5.1; SV1; .NET CLR 1.1.4322) Babya Discoverer 8.0:"
46.118.126.194 - - [11/Aug/2013:15:50:26 +0200] "GET /seiten/news.php HTTP/1.1" 200 7079 "http://www.echomsk.spb.ru/" "Mozilla/4.0 (compatible; MSIE 6.0; Windows NT 5.1; SV1; .NET CLR 1.1.4322) Babya Discoverer 8.0:"
66.249.72.240 - - [11/Aug/2013:16:19:09 +0200] "GET /robots.txt HTTP/1.1" 200 157 "-" "Mozilla/5.0 (compatible; Googlebot/2.1; +http://www.google.com/bot.html)"
66.249.72.240 - - [11/Aug/2013:16:19:09 +0200] "GET /seiten/start.htm HTTP/1.1" 304 - "-" "Mozilla/5.0 (iPhone; U; CPU iPhone OS 4_1 like Mac OS X; en-us) AppleWebKit/532.9 (KHTML, like Gecko) Version/4.0.5 Mobile/8B117 Safari/6531.22.7 (compatible; Googlebot-Mobile/2.1; +http://www.google.com/bot.html)"
175.44.59.232 - - [11/Aug/2013:16:31:43 +0200] "GET /seiten/links.htm HTTP/1.0" 200 7302 "http://www.dialyse-borna.de/seiten/links.htm" "Mozilla/5.0 (Windows; U; Windows NT 5.1; en-US) AppleWebKit/534.16 (KHTML, like Gecko) Chrome/10.0.648.204 Safari/534.16"
46.119.118.152 - - [11/Aug/2013:16:51:02 +0200] "GET /seiten/news.php HTTP/1.1" 200 7079 "http://muznachas-service.ru/" "Mozilla/4.0 (compatible; MSIE 6.0; Windows NT 5.1; SV1; .NET CLR 1.1.4322) Babya Discoverer 8.0:"
46.119.118.152 - - [11/Aug/2013:16:51:03 +0200] "GET /seiten/news.php HTTP/1.1" 200 7079 "http://muznachas-service.ru/" "Mozilla/4.0 (compatible; MSIE 6.0; Windows NT 5.1; SV1; .NET CLR 1.1.4322) Babya Discoverer 8.0:"
46.119.118.152 - - [11/Aug/2013:16:51:03 +0200] "GET /seiten/news.php HTTP/1.1" 200 7079 "http://muznachas-service.ru/" "Mozilla/4.0 (compatible; MSIE 6.0; Windows NT 5.1; SV1; .NET CLR 1.1.4322) Babya Discoverer 8.0:"
178.137.128.238 - - [11/Aug/2013:17:11:10 +0200] "GET /seiten/news.php HTTP/1.1" 200 7079 "http://prikoly.ws/" "Mozilla/4.0 (compatible; MSIE 6.0; Windows NT 5.1; SV1; .NET CLR 1.0.3705; .NET CLR 1.1.4322; .NET CLR 2.0.40607)"
178.137.128.238 - - [11/Aug/2013:17:11:11 +0200] "GET /seiten/news.php HTTP/1.1" 200 7079 "http://prikoly.ws/" "Mozilla/4.0 (compatible; MSIE 6.0; Windows NT 5.1; SV1; .NET CLR 1.0.3705; .NET CLR 1.1.4322; .NET CLR 2.0.40607)"
178.137.128.238 - - [11/Aug/2013:17:11:11 +0200] "GET /seiten/news.php HTTP/1.1" 200 7079 "http://prikoly.ws/" "Mozilla/4.0 (compatible; MSIE 6.0; Windows NT 5.1; SV1; .NET CLR 1.0.3705; .NET CLR 1.1.4322; .NET CLR 2.0.40607)"
66.249.72.240 - - [11/Aug/2013:18:33:08 +0200] "GET /robots.txt HTTP/1.1" 200 157 "-" "Mozilla/5.0 (compatible; Googlebot/2.1; +http://www.google.com/bot.html)"
66.249.72.240 - - [11/Aug/2013:18:33:08 +0200] "GET /seiten/leist.htm HTTP/1.1" 200 7640 "-" "Mozilla/5.0 (iPhone; U; CPU iPhone OS 4_1 like Mac OS X; en-us) AppleWebKit/532.9 (KHTML, like Gecko) Version/4.0.5 Mobile/8B117 Safari/6531.22.7 (compatible; Googlebot-Mobile/2.1; +http://www.google.com/bot.html)"
66.249.72.240 - - [11/Aug/2013:20:50:50 +0200] "GET / HTTP/1.1" 200 2663 "-" "Mozilla/5.0 (iPhone; U; CPU iPhone OS 4_1 like Mac OS X; en-us) AppleWebKit/532.9 (KHTML, like Gecko) Version/4.0.5 Mobile/8B117 Safari/6531.22.7 (compatible; Googlebot-Mobile/2.1; +http://www.google.com/bot.html)"
66.249.72.240 - - [11/Aug/2013:22:14:26 +0200] "GET / HTTP/1.1" 200 2663 "-" "Mozilla/5.0 (compatible; Googlebot/2.1; +http://www.google.com/bot.html)"
213.110.133.221 - - [11/Aug/2013:23:55:02 +0200] "GET /seiten/news.php HTTP/1.1" 200 7079 "http://sovetogorod.ru/ovosh_pomidor_virashivanie.html" "Mozilla/4.0 (compatible; Blog Search;)"
213.110.133.221 - - [11/Aug/2013:23:55:02 +0200] "GET /seiten/news.php HTTP/1.1" 200 7079 "http://sovetogorod.ru/ovosh_pomidor_virashivanie.html" "Mozilla/4.0 (compatible; Blog Search;)"
46.119.118.152 - - [12/Aug/2013:03:11:23 +0200] "GET /seiten/news.php HTTP/1.1" 200 7079 "http://dollyeye.ru/" "Mozilla/4.0 (compatible; MSIE 6.0; Windows NT 5.1; SV1; .NET CLR 1.1.4322) Babya Discoverer 8.0:"
46.119.118.152 - - [12/Aug/2013:03:11:24 +0200] "GET /seiten/news.php HTTP/1.1" 200 7079 "http://dollyeye.ru/" "Mozilla/4.0 (compatible; MSIE 6.0; Windows NT 5.1; SV1; .NET CLR 1.1.4322) Babya Discoverer 8.0:"
46.119.118.152 - - [12/Aug/2013:03:11:26 +0200] "GET /seiten/news.php HTTP/1.1" 200 7079 "http://dollyeye.ru/" "Mozilla/4.0 (compatible; MSIE 6.0; Windows NT 5.1; SV1; .NET CLR 1.1.4322) Babya Discoverer 8.0:"
141.8.147.12 - - [12/Aug/2013:03:58:25 +0200] "GET /robots.txt HTTP/1.1" 200 157 "-" "Mozilla/5.0 (compatible; YandexBot/3.0; +http://yandex.com/bots)"
141.8.147.12 - - [12/Aug/2013:06:54:55 +0200] "GET / HTTP/1.1" 200 2663 "-" "Mozilla/5.0 (compatible; YandexBot/3.0; +http://yandex.com/bots)"
66.249.72.240 - - [12/Aug/2013:08:23:43 +0200] "GET /img/bilder.swf HTTP/1.1" 200 78858 "-" "Mozilla/5.0 (iPhone; U; CPU iPhone OS 4_1 like Mac OS X; en-us) AppleWebKit/532.9 (KHTML, like Gecko) Version/4.0.5 Mobile/8B117 Safari/6531.22.7 (compatible; Googlebot-Mobile/2.1; +http://www.google.com/bot.html)"
65.55.24.233 - - [12/Aug/2013:12:21:06 +0200] "GET /robots.txt HTTP/1.1" 200 157 "-" "Mozilla/5.0 (compatible; bingbot/2.0; +http://www.bing.com/bingbot.htm)"
65.55.24.233 - - [12/Aug/2013:12:25:17 +0200] "GET /seiten/dialyse.htm HTTP/1.1" 200 7403 "-" "Mozilla/5.0 (compatible; bingbot/2.0; +http://www.bing.com/bingbot.htm)"
193.111.141.54 - - [12/Aug/2013:14:07:34 +0200] "GET /seiten/praxis.htm HTTP/1.1" 200 7847 "-" "Mozilla/5.0 (X11; Linux i686; rv:6.0) Gecko/20100101 Firefox/6.0"
178.137.128.238 - - [12/Aug/2013:14:09:32 +0200] "GET /seiten/news.php HTTP/1.1" 200 7079 "http://www.razborka.in/" "Opera/7.54 (Windows NT 5.1; U) [pl]"
178.137.128.238 - - [12/Aug/2013:14:09:33 +0200] "GET /seiten/news.php HTTP/1.1" 200 7079 "http://www.razborka.in/" "Opera/7.54 (Windows NT 5.1; U) [pl]"
178.137.128.238 - - [12/Aug/2013:14:09:33 +0200] "GET /seiten/news.php HTTP/1.1" 200 7079 "http://www.razborka.in/" "Opera/7.54 (Windows NT 5.1; U) [pl]"
91.207.9.226 - - [12/Aug/2013:15:57:23 +0200] "GET /seiten/news.php HTTP/1.1" 200 7079 "http://www.socioforum.su/" "Mozilla/4.0 (compatible; MSIE 6.0; Windows NT 5.2; Win64; x64; SV1; .NET CLR 2.0.50727)"
91.207.9.226 - - [12/Aug/2013:15:57:24 +0200] "GET /seiten/news.php HTTP/1.1" 200 7079 "http://www.socioforum.su/" "Mozilla/4.0 (compatible; MSIE 6.0; Windows NT 5.2; Win64; x64; SV1; .NET CLR 2.0.50727)"
91.207.9.226 - - [12/Aug/2013:15:57:24 +0200] "GET /seiten/news.php HTTP/1.1" 200 7079 "http://www.socioforum.su/" "Mozilla/4.0 (compatible; MSIE 6.0; Windows NT 5.2; Win64; x64; SV1; .NET CLR 2.0.50727)"
66.249.75.240 - - [12/Aug/2013:17:15:53 +0200] "GET /robots.txt HTTP/1.1" 200 157 "-" "Mozilla/5.0 (compatible; Googlebot/2.1; +http://www.google.com/bot.html)"
66.249.75.240 - - [12/Aug/2013:17:15:54 +0200] "GET /seiten/praxis.htm HTTP/1.1" 304 - "-" "Mozilla/5.0 (iPhone; U; CPU iPhone OS 4_1 like Mac OS X; en-us) AppleWebKit/532.9 (KHTML, like Gecko) Version/4.0.5 Mobile/8B117 Safari/6531.22.7 (compatible; Googlebot-Mobile/2.1; +http://www.google.com/bot.html)"
188.40.126.72 - - [12/Aug/2013:18:23:57 +0200] "GET / HTTP/1.1" 200 2663 "-" "Opera/9.00 (Windows NT 5.1; U; de)"
188.40.126.72 - - [12/Aug/2013:18:23:57 +0200] "GET /robots.txt HTTP/1.1" 200 157 "-" "libwww-perl/6.03"
188.40.126.72 - - [12/Aug/2013:18:23:57 +0200] "GET / HTTP/1.1" 200 2663 "-" "Opera/9.00 (Windows NT 5.1; U; de)"
188.40.126.72 - - [12/Aug/2013:18:23:57 +0200] "GET /seiten/start.htm HTTP/1.1" 200 7516 "http://www.dialyse-borna.de/" "Opera/9.00 (Windows NT 5.1; U; de)"
188.40.126.72 - - [12/Aug/2013:18:23:57 +0200] "GET /seiten/impr.htm HTTP/1.1" 200 9648 "http://www.dialyse-borna.de/seiten/start.htm" "Opera/9.00 (Windows NT 5.1; U; de)"
188.40.126.72 - - [12/Aug/2013:18:23:57 +0200] "GET /seiten/links.htm HTTP/1.1" 200 7302 "http://www.dialyse-borna.de/seiten/impr.htm" "Opera/9.00 (Windows NT 5.1; U; de)"
188.40.126.72 - - [12/Aug/2013:18:23:57 +0200] "GET /seiten/dialyse.htm HTTP/1.1" 200 7403 "http://www.dialyse-borna.de/seiten/links.htm" "Opera/9.00 (Windows NT 5.1; U; de)"
188.40.126.72 - - [12/Aug/2013:18:23:57 +0200] "GET /seiten/praxis.htm HTTP/1.1" 200 7847 "http://www.dialyse-borna.de/seiten/dialyse.htm" "Opera/9.00 (Windows NT 5.1; U; de)"
188.40.126.72 - - [12/Aug/2013:18:23:57 +0200] "GET /seiten/leist.htm HTTP/1.1" 200 7640 "http://www.dialyse-borna.de/seiten/praxis.htm" "Opera/9.00 (Windows NT 5.1; U; de)"
188.40.126.72 - - [12/Aug/2013:18:23:57 +0200] "GET /seiten/kont.htm HTTP/1.1" 200 8048 "http://www.dialyse-borna.de/seiten/leist.htm" "Opera/9.00 (Windows NT 5.1; U; de)"
188.40.126.72 - - [12/Aug/2013:18:23:57 +0200] "GET /seiten/kont_form.php HTTP/1.1" 200 8561 "http://www.dialyse-borna.de/seiten/kont.htm" "Opera/9.00 (Windows NT 5.1; U; de)"
188.40.126.72 - - [12/Aug/2013:18:23:58 +0200] "GET /seiten/news.php HTTP/1.1" 200 7079 "http://www.dialyse-borna.de/seiten/kont_form.php" "Opera/9.00 (Windows NT 5.1; U; de)"
188.40.126.72 - - [12/Aug/2013:18:23:58 +0200] "GET /seiten/function.include HTTP/1.1" 404 1256 "http://www.dialyse-borna.de/seiten/news.php" "Opera/9.00 (Windows NT 5.1; U; de)"
65.55.24.233 - - [12/Aug/2013:21:13:25 +0200] "GET /robots.txt HTTP/1.1" 200 157 "-" "Mozilla/5.0 (compatible; bingbot/2.0; +http://www.bing.com/bingbot.htm)"
65.55.24.233 - - [12/Aug/2013:21:14:42 +0200] "GET /seiten/praxis.htm HTTP/1.1" 304 - "-" "Mozilla/5.0 (compatible; bingbot/2.0; +http://www.bing.com/bingbot.htm)"
157.55.35.81 - - [12/Aug/2013:22:17:14 +0200] "GET /seiten/links.htm HTTP/1.1" 200 7302 "-" "Mozilla/5.0 (compatible; bingbot/2.0; +http://www.bing.com/bingbot.htm)"
193.106.136.58 - - [12/Aug/2013:22:19:12 +0200] "GET /seiten/news.php HTTP/1.1" 200 7079 "http://dom-o-fon.ru/" "Mozilla/4.0 (compatible; MSIE 6.0; Windows NT 5.2; WOW64; SV1; .NET CLR 2.0.50727)"
193.106.136.58 - - [12/Aug/2013:22:19:12 +0200] "GET /seiten/news.php HTTP/1.1" 200 7079 "http://dom-o-fon.ru/" "Mozilla/4.0 (compatible; MSIE 6.0; Windows NT 5.2; WOW64; SV1; .NET CLR 2.0.50727)"
193.106.136.58 - - [12/Aug/2013:22:19:12 +0200] "GET /seiten/news.php HTTP/1.1" 200 7079 "http://dom-o-fon.ru/" "Mozilla/4.0 (compatible; MSIE 6.0; Windows NT 5.2; WOW64; SV1; .NET CLR 2.0.50727)"
91.207.9.226 - - [13/Aug/2013:03:10:50 +0200] "GET /seiten/news.php HTTP/1.1" 200 7079 "http://artwoodcentre.com/" "Mozilla/4.0 (compatible; MSIE 6.0; Windows NT 5.2; WOW64; SV1; .NET CLR 2.0.50727)"
91.207.9.226 - - [13/Aug/2013:03:10:51 +0200] "GET /seiten/news.php HTTP/1.1" 200 7079 "http://artwoodcentre.com/" "Mozilla/4.0 (compatible; MSIE 6.0; Windows NT 5.2; WOW64; SV1; .NET CLR 2.0.50727)"
91.207.9.226 - - [13/Aug/2013:03:10:51 +0200] "GET /seiten/news.php HTTP/1.1" 200 7079 "http://artwoodcentre.com/" "Mozilla/4.0 (compatible; MSIE 6.0; Windows NT 5.2; WOW64; SV1; .NET CLR 2.0.50727)"
195.242.218.133 - - [13/Aug/2013:03:13:41 +0200] "GET /seiten/news.php HTTP/1.1" 200 7079 "http://gribnoybiz.ru/" "Mozilla/4.76 [en] (Windows NT 5.0; U)"
195.242.218.133 - - [13/Aug/2013:03:13:41 +0200] "GET /seiten/news.php HTTP/1.1" 200 7079 "http://gribnoybiz.ru/" "Mozilla/4.76 [en] (Windows NT 5.0; U)"
