91.64.200.10 - - [26/Sep/2012:07:52:33 +0200] "GET /favicon.ico HTTP/1.1" 404 1256 "-" "Mozilla/5.0 (Windows NT 6.1; WOW64; rv:15.0) Gecko/20100101 Firefox/15.0.1"
91.64.200.10 - - [26/Sep/2012:07:52:33 +0200] "GET /seiten/start.htm HTTP/1.1" 304 - "http://www.dialyse-borna.de/" "Mozilla/5.0 (Windows NT 6.1; WOW64; rv:15.0) Gecko/20100101 Firefox/15.0.1"
91.64.200.10 - - [26/Sep/2012:07:52:33 +0200] "GET /favicon.ico HTTP/1.1" 404 1256 "-" "Mozilla/5.0 (Windows NT 6.1; WOW64; rv:15.0) Gecko/20100101 Firefox/15.0.1"
91.64.200.10 - - [26/Sep/2012:07:52:33 +0200] "GET /img/men01.gif HTTP/1.1" 304 - "http://www.dialyse-borna.de/seiten/start.htm" "Mozilla/5.0 (Windows NT 6.1; WOW64; rv:15.0) Gecko/20100101 Firefox/15.0.1"
91.64.200.10 - - [26/Sep/2012:07:52:35 +0200] "GET /img/1pixel.gif HTTP/1.1" 304 - "http://www.dialyse-borna.de/seiten/start.htm" "Mozilla/5.0 (Windows NT 6.1; WOW64; rv:15.0) Gecko/20100101 Firefox/15.0.1"
91.64.200.10 - - [26/Sep/2012:07:52:35 +0200] "GET /img/men02a.gif HTTP/1.1" 304 - "http://www.dialyse-borna.de/seiten/start.htm" "Mozilla/5.0 (Windows NT 6.1; WOW64; rv:15.0) Gecko/20100101 Firefox/15.0.1"
91.64.200.10 - - [26/Sep/2012:07:52:35 +0200] "GET /img/men04.gif HTTP/1.1" 304 - "http://www.dialyse-borna.de/seiten/start.htm" "Mozilla/5.0 (Windows NT 6.1; WOW64; rv:15.0) Gecko/20100101 Firefox/15.0.1"
91.64.200.10 - - [26/Sep/2012:07:52:35 +0200] "GET /img/men03.gif HTTP/1.1" 304 - "http://www.dialyse-borna.de/seiten/start.htm" "Mozilla/5.0 (Windows NT 6.1; WOW64; rv:15.0) Gecko/20100101 Firefox/15.0.1"
91.64.200.10 - - [26/Sep/2012:07:52:35 +0200] "GET /img/men06.gif HTTP/1.1" 304 - "http://www.dialyse-borna.de/seiten/start.htm" "Mozilla/5.0 (Windows NT 6.1; WOW64; rv:15.0) Gecko/20100101 Firefox/15.0.1"
91.64.200.10 - - [26/Sep/2012:07:52:35 +0200] "GET /img/men07.gif HTTP/1.1" 304 - "http://www.dialyse-borna.de/seiten/start.htm" "Mozilla/5.0 (Windows NT 6.1; WOW64; rv:15.0) Gecko/20100101 Firefox/15.0.1"
91.64.200.10 - - [26/Sep/2012:07:52:35 +0200] "GET /img/men08.gif HTTP/1.1" 304 - "http://www.dialyse-borna.de/seiten/start.htm" "Mozilla/5.0 (Windows NT 6.1; WOW64; rv:15.0) Gecko/20100101 Firefox/15.0.1"
91.64.200.10 - - [26/Sep/2012:07:52:35 +0200] "GET /img/lay03.gif HTTP/1.1" 304 - "http://www.dialyse-borna.de/seiten/start.htm" "Mozilla/5.0 (Windows NT 6.1; WOW64; rv:15.0) Gecko/20100101 Firefox/15.0.1"
91.64.200.10 - - [26/Sep/2012:07:52:35 +0200] "GET /img/men09.gif HTTP/1.1" 304 - "http://www.dialyse-borna.de/seiten/start.htm" "Mozilla/5.0 (Windows NT 6.1; WOW64; rv:15.0) Gecko/20100101 Firefox/15.0.1"
91.64.200.10 - - [26/Sep/2012:07:52:35 +0200] "GET /img/main_pic.jpg HTTP/1.1" 304 - "http://www.dialyse-borna.de/seiten/start.htm" "Mozilla/5.0 (Windows NT 6.1; WOW64; rv:15.0) Gecko/20100101 Firefox/15.0.1"
91.64.200.10 - - [26/Sep/2012:07:52:35 +0200] "GET /img/pfeil.jpg HTTP/1.1" 304 - "http://www.dialyse-borna.de/seiten/start.htm" "Mozilla/5.0 (Windows NT 6.1; WOW64; rv:15.0) Gecko/20100101 Firefox/15.0.1"
91.64.200.10 - - [26/Sep/2012:07:52:35 +0200] "GET /img/lay04.gif HTTP/1.1" 304 - "http://www.dialyse-borna.de/seiten/start.htm" "Mozilla/5.0 (Windows NT 6.1; WOW64; rv:15.0) Gecko/20100101 Firefox/15.0.1"
91.64.200.10 - - [26/Sep/2012:07:52:35 +0200] "GET /img/lay01.gif HTTP/1.1" 304 - "http://www.dialyse-borna.de/seiten/start.htm" "Mozilla/5.0 (Windows NT 6.1; WOW64; rv:15.0) Gecko/20100101 Firefox/15.0.1"
91.64.200.10 - - [26/Sep/2012:07:52:35 +0200] "GET /img/lay02.gif HTTP/1.1" 304 - "http://www.dialyse-borna.de/seiten/start.htm" "Mozilla/5.0 (Windows NT 6.1; WOW64; rv:15.0) Gecko/20100101 Firefox/15.0.1"
91.64.200.10 - - [26/Sep/2012:07:52:35 +0200] "GET /img/lay07.gif HTTP/1.1" 304 - "http://www.dialyse-borna.de/seiten/start.htm" "Mozilla/5.0 (Windows NT 6.1; WOW64; rv:15.0) Gecko/20100101 Firefox/15.0.1"
91.64.200.10 - - [26/Sep/2012:07:52:35 +0200] "GET /img/lay08.gif HTTP/1.1" 304 - "http://www.dialyse-borna.de/seiten/start.htm" "Mozilla/5.0 (Windows NT 6.1; WOW64; rv:15.0) Gecko/20100101 Firefox/15.0.1"
91.64.200.10 - - [26/Sep/2012:07:52:35 +0200] "GET /img/bg2.gif HTTP/1.1" 304 - "http://www.dialyse-borna.de/seiten/start.htm" "Mozilla/5.0 (Windows NT 6.1; WOW64; rv:15.0) Gecko/20100101 Firefox/15.0.1"
91.64.200.10 - - [26/Sep/2012:07:52:35 +0200] "GET /img/bg3.gif HTTP/1.1" 304 - "http://www.dialyse-borna.de/seiten/start.htm" "Mozilla/5.0 (Windows NT 6.1; WOW64; rv:15.0) Gecko/20100101 Firefox/15.0.1"
91.64.200.10 - - [26/Sep/2012:07:52:35 +0200] "GET /img/bg1.gif HTTP/1.1" 304 - "http://www.dialyse-borna.de/seiten/start.htm" "Mozilla/5.0 (Windows NT 6.1; WOW64; rv:15.0) Gecko/20100101 Firefox/15.0.1"
91.64.200.10 - - [26/Sep/2012:07:52:35 +0200] "GET /img/bg4.gif HTTP/1.1" 304 - "http://www.dialyse-borna.de/seiten/start.htm" "Mozilla/5.0 (Windows NT 6.1; WOW64; rv:15.0) Gecko/20100101 Firefox/15.0.1"
91.64.200.10 - - [26/Sep/2012:07:52:35 +0200] "GET /img/lay05.gif HTTP/1.1" 304 - "http://www.dialyse-borna.de/seiten/start.htm" "Mozilla/5.0 (Windows NT 6.1; WOW64; rv:15.0) Gecko/20100101 Firefox/15.0.1"
91.64.200.10 - - [26/Sep/2012:07:52:35 +0200] "GET /img/bilder.swf HTTP/1.1" 304 - "http://www.dialyse-borna.de/seiten/start.htm" "Mozilla/5.0 (Windows NT 6.1; WOW64; rv:15.0) Gecko/20100101 Firefox/15.0.1"
91.64.200.10 - - [26/Sep/2012:07:52:35 +0200] "GET /img/men05a.gif HTTP/1.1" 304 - "http://www.dialyse-borna.de/seiten/start.htm" "Mozilla/5.0 (Windows NT 6.1; WOW64; rv:15.0) Gecko/20100101 Firefox/15.0.1"
91.64.200.10 - - [26/Sep/2012:07:52:35 +0200] "GET /img/men03a.gif HTTP/1.1" 304 - "http://www.dialyse-borna.de/seiten/start.htm" "Mozilla/5.0 (Windows NT 6.1; WOW64; rv:15.0) Gecko/20100101 Firefox/15.0.1"
91.64.200.10 - - [26/Sep/2012:07:52:35 +0200] "GET /img/men04a.gif HTTP/1.1" 304 - "http://www.dialyse-borna.de/seiten/start.htm" "Mozilla/5.0 (Windows NT 6.1; WOW64; rv:15.0) Gecko/20100101 Firefox/15.0.1"
91.64.200.10 - - [26/Sep/2012:07:52:35 +0200] "GET /img/men06a.gif HTTP/1.1" 304 - "http://www.dialyse-borna.de/seiten/start.htm" "Mozilla/5.0 (Windows NT 6.1; WOW64; rv:15.0) Gecko/20100101 Firefox/15.0.1"
91.64.200.10 - - [26/Sep/2012:07:52:35 +0200] "GET /img/men07a.gif HTTP/1.1" 304 - "http://www.dialyse-borna.de/seiten/start.htm" "Mozilla/5.0 (Windows NT 6.1; WOW64; rv:15.0) Gecko/20100101 Firefox/15.0.1"
91.64.200.10 - - [26/Sep/2012:07:52:35 +0200] "GET /img/men08a.gif HTTP/1.1" 304 - "http://www.dialyse-borna.de/seiten/start.htm" "Mozilla/5.0 (Windows NT 6.1; WOW64; rv:15.0) Gecko/20100101 Firefox/15.0.1"
91.64.200.10 - - [26/Sep/2012:07:52:37 +0200] "GET /seiten/kont.htm HTTP/1.1" 304 - "http://www.dialyse-borna.de/seiten/start.htm" "Mozilla/5.0 (Windows NT 6.1; WOW64; rv:15.0) Gecko/20100101 Firefox/15.0.1"
91.64.200.10 - - [26/Sep/2012:07:52:37 +0200] "GET /img/men02.gif HTTP/1.1" 304 - "http://www.dialyse-borna.de/seiten/kont.htm" "Mozilla/5.0 (Windows NT 6.1; WOW64; rv:15.0) Gecko/20100101 Firefox/15.0.1"
87.139.80.70 - - [26/Sep/2012:09:56:28 +0200] "GET /seiten/impr.htm HTTP/1.1" 200 9648 "http://www.google.de/url?sa=t&rct=j&q=tendis%20borna&source=web&cd=2&ved=0CCwQFjAB&url=http%3A%2F%2Fwww.dialyse-borna.de%2Fseiten%2Fimpr.htm&ei=FLViUJOpNvCP4gSOwICwBA&usg=AFQjCNHLZZEhkKT2QkjwwRmqgb-uGk-kyg" "Mozilla/5.0 (compatible; MSIE 9.0; Windows NT 6.1; WOW64; Trident/5.0)"
87.139.80.70 - - [26/Sep/2012:09:56:28 +0200] "GET /css/borna.css HTTP/1.1" 200 2909 "http://www.dialyse-borna.de/seiten/impr.htm" "Mozilla/5.0 (compatible; MSIE 9.0; Windows NT 6.1; WOW64; Trident/5.0)"
87.139.80.70 - - [26/Sep/2012:09:56:29 +0200] "GET /img/men02.gif HTTP/1.1" 200 1273 "http://www.dialyse-borna.de/seiten/impr.htm" "Mozilla/5.0 (compatible; MSIE 9.0; Windows NT 6.1; WOW64; Trident/5.0)"
87.139.80.70 - - [26/Sep/2012:09:56:29 +0200] "GET /css/borna.css HTTP/1.1" 200 2909 "http://www.dialyse-borna.de/seiten/impr.htm" "Mozilla/5.0 (compatible; MSIE 9.0; Windows NT 6.1; WOW64; Trident/5.0)"
87.139.80.70 - - [26/Sep/2012:09:56:29 +0200] "GET /img/men01.gif HTTP/1.1" 200 432 "http://www.dialyse-borna.de/seiten/impr.htm" "Mozilla/5.0 (compatible; MSIE 9.0; Windows NT 6.1; WOW64; Trident/5.0)"
87.139.80.70 - - [26/Sep/2012:09:56:29 +0200] "GET /img/1pixel.gif HTTP/1.1" 200 45 "http://www.dialyse-borna.de/seiten/impr.htm" "Mozilla/5.0 (compatible; MSIE 9.0; Windows NT 6.1; WOW64; Trident/5.0)"
87.139.80.70 - - [26/Sep/2012:09:56:29 +0200] "GET /img/men03.gif HTTP/1.1" 200 1621 "http://www.dialyse-borna.de/seiten/impr.htm" "Mozilla/5.0 (compatible; MSIE 9.0; Windows NT 6.1; WOW64; Trident/5.0)"
87.139.80.70 - - [26/Sep/2012:09:56:29 +0200] "GET /img/men04.gif HTTP/1.1" 200 1395 "http://www.dialyse-borna.de/seiten/impr.htm" "Mozilla/5.0 (compatible; MSIE 9.0; Windows NT 6.1; WOW64; Trident/5.0)"
87.139.80.70 - - [26/Sep/2012:09:56:29 +0200] "GET /img/men06.gif HTTP/1.1" 200 1162 "http://www.dialyse-borna.de/seiten/impr.htm" "Mozilla/5.0 (compatible; MSIE 9.0; Windows NT 6.1; WOW64; Trident/5.0)"
87.139.80.70 - - [26/Sep/2012:09:56:29 +0200] "GET /img/men08a.gif HTTP/1.1" 200 819 "http://www.dialyse-borna.de/seiten/impr.htm" "Mozilla/5.0 (compatible; MSIE 9.0; Windows NT 6.1; WOW64; Trident/5.0)"
87.139.80.70 - - [26/Sep/2012:09:56:29 +0200] "GET /img/men09.gif HTTP/1.1" 200 708 "http://www.dialyse-borna.de/seiten/impr.htm" "Mozilla/5.0 (compatible; MSIE 9.0; Windows NT 6.1; WOW64; Trident/5.0)"
87.139.80.70 - - [26/Sep/2012:09:56:29 +0200] "GET /img/men07.gif HTTP/1.1" 200 1396 "http://www.dialyse-borna.de/seiten/impr.htm" "Mozilla/5.0 (compatible; MSIE 9.0; Windows NT 6.1; WOW64; Trident/5.0)"
87.139.80.70 - - [26/Sep/2012:09:56:29 +0200] "GET /img/lay03.gif HTTP/1.1" 200 671 "http://www.dialyse-borna.de/seiten/impr.htm" "Mozilla/5.0 (compatible; MSIE 9.0; Windows NT 6.1; WOW64; Trident/5.0)"
87.139.80.70 - - [26/Sep/2012:09:56:29 +0200] "GET /img/lay04.gif HTTP/1.1" 200 210 "http://www.dialyse-borna.de/seiten/impr.htm" "Mozilla/5.0 (compatible; MSIE 9.0; Windows NT 6.1; WOW64; Trident/5.0)"
87.139.80.70 - - [26/Sep/2012:09:56:29 +0200] "GET /img/lay07.gif HTTP/1.1" 200 272 "http://www.dialyse-borna.de/seiten/impr.htm" "Mozilla/5.0 (compatible; MSIE 9.0; Windows NT 6.1; WOW64; Trident/5.0)"
87.139.80.70 - - [26/Sep/2012:09:56:29 +0200] "GET /img/lay05.gif HTTP/1.1" 200 541 "http://www.dialyse-borna.de/seiten/impr.htm" "Mozilla/5.0 (compatible; MSIE 9.0; Windows NT 6.1; WOW64; Trident/5.0)"
87.139.80.70 - - [26/Sep/2012:09:56:29 +0200] "GET /img/bg4.gif HTTP/1.1" 200 135 "http://www.dialyse-borna.de/seiten/impr.htm" "Mozilla/5.0 (compatible; MSIE 9.0; Windows NT 6.1; WOW64; Trident/5.0)"
87.139.80.70 - - [26/Sep/2012:09:56:29 +0200] "GET /img/bg1.gif HTTP/1.1" 200 54 "http://www.dialyse-borna.de/seiten/impr.htm" "Mozilla/5.0 (compatible; MSIE 9.0; Windows NT 6.1; WOW64; Trident/5.0)"
87.139.80.70 - - [26/Sep/2012:09:56:29 +0200] "GET /img/bg3.gif HTTP/1.1" 200 143 "http://www.dialyse-borna.de/seiten/impr.htm" "Mozilla/5.0 (compatible; MSIE 9.0; Windows NT 6.1; WOW64; Trident/5.0)"
87.139.80.70 - - [26/Sep/2012:09:56:29 +0200] "GET /img/lay08.gif HTTP/1.1" 200 322 "http://www.dialyse-borna.de/seiten/impr.htm" "Mozilla/5.0 (compatible; MSIE 9.0; Windows NT 6.1; WOW64; Trident/5.0)"
87.139.80.70 - - [26/Sep/2012:09:56:29 +0200] "GET /img/lay02.gif HTTP/1.1" 200 3503 "http://www.dialyse-borna.de/seiten/impr.htm" "Mozilla/5.0 (compatible; MSIE 9.0; Windows NT 6.1; WOW64; Trident/5.0)"
87.139.80.70 - - [26/Sep/2012:09:56:29 +0200] "GET /img/lay01.gif HTTP/1.1" 200 384 "http://www.dialyse-borna.de/seiten/impr.htm" "Mozilla/5.0 (compatible; MSIE 9.0; Windows NT 6.1; WOW64; Trident/5.0)"
87.139.80.70 - - [26/Sep/2012:09:56:29 +0200] "GET /img/bg2.gif HTTP/1.1" 200 49 "http://www.dialyse-borna.de/seiten/impr.htm" "Mozilla/5.0 (compatible; MSIE 9.0; Windows NT 6.1; WOW64; Trident/5.0)"
87.139.80.70 - - [26/Sep/2012:09:56:29 +0200] "GET /img/men02a.gif HTTP/1.1" 200 589 "http://www.dialyse-borna.de/seiten/impr.htm" "Mozilla/5.0 (compatible; MSIE 9.0; Windows NT 6.1; WOW64; Trident/5.0)"
87.139.80.70 - - [26/Sep/2012:09:56:29 +0200] "GET /img/men03a.gif HTTP/1.1" 200 820 "http://www.dialyse-borna.de/seiten/impr.htm" "Mozilla/5.0 (compatible; MSIE 9.0; Windows NT 6.1; WOW64; Trident/5.0)"
87.139.80.70 - - [26/Sep/2012:09:56:29 +0200] "GET /img/men04a.gif HTTP/1.1" 200 669 "http://www.dialyse-borna.de/seiten/impr.htm" "Mozilla/5.0 (compatible; MSIE 9.0; Windows NT 6.1; WOW64; Trident/5.0)"
87.139.80.70 - - [26/Sep/2012:09:56:29 +0200] "GET /img/men05a.gif HTTP/1.1" 200 556 "http://www.dialyse-borna.de/seiten/impr.htm" "Mozilla/5.0 (compatible; MSIE 9.0; Windows NT 6.1; WOW64; Trident/5.0)"
87.139.80.70 - - [26/Sep/2012:09:56:29 +0200] "GET /favicon.ico HTTP/1.1" 404 1256 "-" "Mozilla/5.0 (compatible; MSIE 9.0; Windows NT 6.1; WOW64; Trident/5.0)"
87.139.80.70 - - [26/Sep/2012:09:56:29 +0200] "GET /img/men06a.gif HTTP/1.1" 200 518 "http://www.dialyse-borna.de/seiten/impr.htm" "Mozilla/5.0 (compatible; MSIE 9.0; Windows NT 6.1; WOW64; Trident/5.0)"
87.139.80.70 - - [26/Sep/2012:09:56:29 +0200] "GET /img/men07a.gif HTTP/1.1" 200 666 "http://www.dialyse-borna.de/seiten/impr.htm" "Mozilla/5.0 (compatible; MSIE 9.0; Windows NT 6.1; WOW64; Trident/5.0)"
87.139.80.70 - - [26/Sep/2012:09:56:29 +0200] "GET /seiten/url(data:image/png;base64,iVBORw0KGgoAAAANSUhEUgAAAEYAAAAOCAYAAACSJWqFAAAABGdBTUEAALGPC%2fxhBQAAAAlwSFlzAAALEgAACxIB0t1%2b%2fAAAAAd0SU1FB9oGAhENK17O5ogAAAAZdEVYdENvbW1lbnQAQ3JlYXRlZCB3aXRoIEdJTVBXgQ4XAAAAGXRFWHRTb2Z0d2FyZQBQYWludC5ORVQgdjMuNS44NzuAXQAAA99JREFUSMfdlmtMm1UYx%2fkOM1vmBck2EIyZOiLZJRLlMhaXhQSjmRiHiVmi7gKpjshlBAiMhYG0C3UdinyYCUYMgm6MsYVLuV%2fLaArl1pYWGLQwJ6OIEeKnn%2bcdZc4CS6vDyJ7kn%2feck5Nz3vPL%2f3nO8fDYIDFpnwsZvjPL2Ss38T9eTFTmdzT0ahi9paUmJgKNvxejfl6M%2b3phFt8BX0%2b0vp4hHo97WO1zNJtvE5rdyLOJbXjHVZBbpsZo1TPSUIY%2byIdxAWRMyCSk932CTj9PHsnmcRk%2f%2bgv1COGQ1N7zfwAztbBIrWGKoKwWfFJv8vSpBqIVlWiNOkaH2tBGBWPxW3KNwXcTOvFtE3pUYN4QqhPa4uhLbct6HfaCUsmF%2fPwVPy%2bNOY%2fbFhZoH79DZH4nPkkd%2bCS0E5lbg2aoF4OuhcZDQbTt2kxL4Fbad26mS6RWk9%2bmv60RILciyXm%2fAIUYV1hxB9RpyTnrBsYBQALkDEv1wJgUgz%2ffxXB3jqzKAQKSGtnxWRMJpVq6BnUoFbnEhu7lZOgrfPD%2bXg7HvYTsyPOogp9iJQDbPTlDcRmM5BpHKpWtZ4pIAFQOGPegrOGi44X11A9PoLXNUNAwgrLOIPpjpJ3JoOr6DVo1AlJ3D58X5PFCShjbFK%2bzK%2fXVVdxh4y9A7kORUsriALPFhfk8TC47Z5UUWo6X4y8TlnaZ%2bEtqrvWZsPxqJ1ueR8XVq0zMLlCsn6dk8Hc6zb%2bQcz6HgPT9bJWHrbqWBMJf7iaUB2pLkavzk5Q%2f%2bT1MboFxSqHl2PdpKYGycnbGlpJW0olRpFVCSgrmyWkuaueZ%2fe0PrFN2SnR26scXkZ%2fPZ1tu%2bKpr3YciXwK0bmD%2bdZ1ZTiVHbVkNzlvpPyD7Ss3Zsg6%2bb%2b1FP2lBdkrG6ISNIq0d48g0tW0mCppttEwskph8Gu%2bs8DUL7X3XuAvnP4PiVGhVa9SZmn4LA5NGBkzl9Pcp6OlKISP9JDcqK%2flGgPm2eZxLHdMoNPOUNunIPJPF9nMHVtxKS25xLr421%2bA4HFO37mDcuK7NM5NoWtPR1gQz1BDIoDqQ8qJDvPfum3SIwlthWqB2bJHi2m4%2b%2fPgYkZ%2fE8ExmBK5cy86wNlQM3eqh48p%2bTOog8dINwqjeTX%2fVPgrPHSQ5OZmcPAVfXPyS9IS3UaX6Ex0bwZPxoRvzsO6E6baZ7usxDAkYw9XBGKpfw1gVTp86kbpujbit5LyY9g4HThwkP8mH6q%2bf4%2fBHkY8%2fGMuMNcQ42sxAU5IAc5ThmqOY2nOwTA9zTbx%2b9yhP4K2IZnv2EaJk0ahSvKku3PGPwfwJAW1Er1YzJJgAAAAASUVORK5CYII%3d) HTTP/1.1" 404 1256 "http://www.dialyse-borna.de/seiten/impr.htm" "Mozilla/5.0 (compatible; MSIE 9.0; Windows NT 6.1; WOW64; Trident/5.0)"
87.139.80.70 - - [26/Sep/2012:09:56:40 +0200] "GET /seiten/praxis.htm HTTP/1.1" 200 7847 "http://www.dialyse-borna.de/seiten/impr.htm" "Mozilla/5.0 (compatible; MSIE 9.0; Windows NT 6.1; WOW64; Trident/5.0)"
87.139.80.70 - - [26/Sep/2012:09:56:40 +0200] "GET /img/men08.gif HTTP/1.1" 200 1642 "http://www.dialyse-borna.de/seiten/praxis.htm" "Mozilla/5.0 (compatible; MSIE 9.0; Windows NT 6.1; WOW64; Trident/5.0)"
87.139.80.70 - - [26/Sep/2012:09:56:40 +0200] "GET /img/schild.jpg HTTP/1.1" 200 12757 "http://www.dialyse-borna.de/seiten/praxis.htm" "Mozilla/5.0 (compatible; MSIE 9.0; Windows NT 6.1; WOW64; Trident/5.0)"
87.139.80.70 - - [26/Sep/2012:09:56:40 +0200] "GET /img/men08.gif HTTP/1.1" 200 1642 "http://www.dialyse-borna.de/seiten/praxis.htm" "Mozilla/5.0 (compatible; MSIE 9.0; Windows NT 6.1; WOW64; Trident/5.0)"
87.139.80.70 - - [26/Sep/2012:09:56:40 +0200] "GET /img/schild.jpg HTTP/1.1" 200 12757 "http://www.dialyse-borna.de/seiten/praxis.htm" "Mozilla/5.0 (compatible; MSIE 9.0; Windows NT 6.1; WOW64; Trident/5.0)"
87.139.80.70 - - [26/Sep/2012:09:56:40 +0200] "GET /favicon.ico HTTP/1.1" 404 1256 "-" "Mozilla/5.0 (compatible; MSIE 9.0; Windows NT 6.1; WOW64; Trident/5.0)"
87.139.80.70 - - [26/Sep/2012:09:57:04 +0200] "GET /seiten/leist.htm HTTP/1.1" 200 7640 "http://www.dialyse-borna.de/seiten/praxis.htm" "Mozilla/5.0 (compatible; MSIE 9.0; Windows NT 6.1; WOW64; Trident/5.0)"
87.139.80.70 - - [26/Sep/2012:09:57:04 +0200] "GET /img/leist.jpg HTTP/1.1" 200 18546 "http://www.dialyse-borna.de/seiten/leist.htm" "Mozilla/5.0 (compatible; MSIE 9.0; Windows NT 6.1; WOW64; Trident/5.0)"
87.139.80.70 - - [26/Sep/2012:09:57:04 +0200] "GET /img/leist.jpg HTTP/1.1" 200 18546 "http://www.dialyse-borna.de/seiten/leist.htm" "Mozilla/5.0 (compatible; MSIE 9.0; Windows NT 6.1; WOW64; Trident/5.0)"
87.139.80.70 - - [26/Sep/2012:09:57:22 +0200] "GET /seiten/dialyse.htm HTTP/1.1" 200 7403 "http://www.dialyse-borna.de/seiten/leist.htm" "Mozilla/5.0 (compatible; MSIE 9.0; Windows NT 6.1; WOW64; Trident/5.0)"
87.139.80.70 - - [26/Sep/2012:09:57:23 +0200] "GET /img/dialyse.jpg HTTP/1.1" 200 18017 "http://www.dialyse-borna.de/seiten/dialyse.htm" "Mozilla/5.0 (compatible; MSIE 9.0; Windows NT 6.1; WOW64; Trident/5.0)"
87.139.80.70 - - [26/Sep/2012:09:57:23 +0200] "GET /img/dialyse.jpg HTTP/1.1" 200 18017 "http://www.dialyse-borna.de/seiten/dialyse.htm" "Mozilla/5.0 (compatible; MSIE 9.0; Windows NT 6.1; WOW64; Trident/5.0)"
87.139.80.70 - - [26/Sep/2012:09:57:40 +0200] "GET /seiten/links.htm HTTP/1.1" 200 7302 "http://www.dialyse-borna.de/seiten/dialyse.htm" "Mozilla/5.0 (compatible; MSIE 9.0; Windows NT 6.1; WOW64; Trident/5.0)"
87.139.80.70 - - [26/Sep/2012:09:57:40 +0200] "GET /img/links.jpg HTTP/1.1" 200 15669 "http://www.dialyse-borna.de/seiten/links.htm" "Mozilla/5.0 (compatible; MSIE 9.0; Windows NT 6.1; WOW64; Trident/5.0)"
87.139.80.70 - - [26/Sep/2012:09:57:40 +0200] "GET /img/links.jpg HTTP/1.1" 200 15669 "http://www.dialyse-borna.de/seiten/links.htm" "Mozilla/5.0 (compatible; MSIE 9.0; Windows NT 6.1; WOW64; Trident/5.0)"
87.139.80.70 - - [26/Sep/2012:09:58:34 +0200] "GET /seiten/kont.htm HTTP/1.1" 200 8048 "http://www.dialyse-borna.de/seiten/links.htm" "Mozilla/5.0 (compatible; MSIE 9.0; Windows NT 6.1; WOW64; Trident/5.0)"
5.9.0.178 - - [26/Sep/2012:12:46:02 +0200] "GET / HTTP/1.1" 200 2663 "-" "Mozilla/5.0 (compatible; AhrefsBot/4.0; +http://ahrefs.com/robot/)"
157.55.33.17 - - [26/Sep/2012:19:39:46 +0200] "GET /robots.txt HTTP/1.1" 200 157 "-" "Mozilla/5.0 (compatible; bingbot/2.0; +http://www.bing.com/bingbot.htm)"
157.55.33.17 - - [26/Sep/2012:19:43:06 +0200] "GET / HTTP/1.1" 200 2663 "-" "Mozilla/5.0 (compatible; bingbot/2.0; +http://www.bing.com/bingbot.htm)"
157.55.33.17 - - [26/Sep/2012:20:49:30 +0200] "GET /robots.txt HTTP/1.1" 200 157 "-" "Mozilla/5.0 (compatible; bingbot/2.0; +http://www.bing.com/bingbot.htm)"
157.55.33.17 - - [26/Sep/2012:20:50:27 +0200] "GET / HTTP/1.1" 200 2663 "-" "Mozilla/5.0 (compatible; bingbot/2.0; +http://www.bing.com/bingbot.htm)"
66.249.72.58 - - [26/Sep/2012:22:13:20 +0200] "GET /robots.txt HTTP/1.1" 200 157 "-" "Mozilla/5.0 (compatible; Googlebot/2.1; +http://www.google.com/bot.html)"
66.249.72.58 - - [26/Sep/2012:22:13:20 +0200] "GET /seiten/praxis.htm HTTP/1.1" 200 7847 "-" "Mozilla/5.0 (iPhone; U; CPU iPhone OS 4_1 like Mac OS X; en-us) AppleWebKit/532.9 (KHTML, like Gecko) Version/4.0.5 Mobile/8B117 Safari/6531.22.7 (compatible; Googlebot-Mobile/2.1; +http://www.google.com/bot.html)"
95.108.151.244 - - [27/Sep/2012:06:03:56 +0200] "GET /robots.txt HTTP/1.1" 200 157 "-" "Mozilla/5.0 (compatible; YandexBot/3.0; +http://yandex.com/bots)"
95.108.151.244 - - [27/Sep/2012:06:03:57 +0200] "GET / HTTP/1.1" 200 2663 "-" "Mozilla/5.0 (compatible; YandexBot/3.0; +http://yandex.com/bots)"
95.108.151.244 - - [27/Sep/2012:06:03:58 +0200] "GET / HTTP/1.1" 200 2663 "-" "Mozilla/5.0 (compatible; YandexBot/3.0; +http://yandex.com/bots)"
83.133.125.202 - - [27/Sep/2012:07:10:27 +0200] "GET / HTTP/1.1" 200 2663 "http://www.sumaja.de/?such_wert=brandenburg" "Mozilla/5.0 (Macintosh; U; Intel Mac OS X 10.6; de-DE; rv:1.9.2.8) Gecko/20100722 Firefox/3.6.8"
178.154.179.250 - - [27/Sep/2012:07:59:43 +0200] "GET /robots.txt HTTP/1.1" 200 157 "-" "Mozilla/5.0 (compatible; YandexBot/3.0; +http://yandex.com/bots)"
178.154.179.250 - - [27/Sep/2012:09:58:03 +0200] "GET / HTTP/1.1" 200 2663 "-" "Mozilla/5.0 (compatible; YandexBot/3.0; +http://yandex.com/bots)"
157.55.33.17 - - [27/Sep/2012:13:38:39 +0200] "GET /robots.txt HTTP/1.1" 200 157 "-" "Mozilla/5.0 (compatible; bingbot/2.0; +http://www.bing.com/bingbot.htm)"
65.55.24.227 - - [27/Sep/2012:13:47:17 +0200] "GET / HTTP/1.1" 200 2663 "-" "Mozilla/5.0 (Windows NT 6.1; WOW64) AppleWebKit/534+ (KHTML, like Gecko) BingPreview/1.0b"
65.55.24.227 - - [27/Sep/2012:13:48:24 +0200] "GET /seiten/start.htm HTTP/1.1" 200 7516 "-" "Mozilla/5.0 (Windows NT 6.1; WOW64) AppleWebKit/534+ (KHTML, like Gecko) BingPreview/1.0b"
31.184.238.69 - - [27/Sep/2012:14:30:07 +0200] "GET /seiten/links.htm HTTP/1.0" 200 7302 "-" "Mozilla/4.0 (compatible; MSIE 6.0; Windows NT 5.1)"
65.55.24.227 - - [27/Sep/2012:14:49:02 +0200] "GET / HTTP/1.1" 200 2663 "-" "Mozilla/5.0 (Windows NT 6.1; WOW64) AppleWebKit/534+ (KHTML, like Gecko) BingPreview/1.0b"
208.115.113.92 - - [27/Sep/2012:15:13:54 +0200] "GET /robots.txt HTTP/1.1" 200 157 "-" "Mozilla/5.0 (compatible; Ezooms/1.0; ezooms.bot@gmail.com)"
173.242.125.196 - - [27/Sep/2012:17:08:42 +0200] "GET /robots.txt HTTP/1.0" 200 157 "-" "Mozilla/5.0 (compatible; MJ12bot/v1.4.3; http://www.majestic12.co.uk/bot.php?+)"
173.242.125.196 - - [27/Sep/2012:17:08:44 +0200] "GET / HTTP/1.0" 200 2663 "-" "Mozilla/5.0 (compatible; MJ12bot/v1.4.3; http://www.majestic12.co.uk/bot.php?+)"
66.249.71.226 - - [27/Sep/2012:17:38:51 +0200] "GET /robots.txt HTTP/1.1" 200 157 "-" "Mozilla/5.0 (compatible; Googlebot/2.1; +http://www.google.com/bot.html)"
66.249.71.226 - - [27/Sep/2012:17:38:51 +0200] "GET / HTTP/1.1" 200 2663 "-" "Mozilla/5.0 (compatible; Googlebot/2.1; +http://www.google.com/bot.html)"
208.115.113.92 - - [27/Sep/2012:18:00:29 +0200] "GET /seiten/praxis.htm HTTP/1.1" 200 7847 "-" "Mozilla/5.0 (compatible; Ezooms/1.0; ezooms.bot@gmail.com)"
157.55.33.17 - - [27/Sep/2012:18:08:34 +0200] "GET /robots.txt HTTP/1.1" 200 157 "-" "Mozilla/5.0 (compatible; bingbot/2.0; +http://www.bing.com/bingbot.htm)"
65.55.208.21 - - [27/Sep/2012:18:10:20 +0200] "GET / HTTP/1.1" 200 2663 "-" "Mozilla/5.0 (Windows NT 6.1; WOW64) AppleWebKit/534+ (KHTML, like Gecko) BingPreview/1.0b"
65.55.208.21 - - [27/Sep/2012:18:10:37 +0200] "GET /seiten/start.htm HTTP/1.1" 200 7516 "-" "Mozilla/5.0 (Windows NT 6.1; WOW64) AppleWebKit/534+ (KHTML, like Gecko) BingPreview/1.0b"
65.55.208.21 - - [27/Sep/2012:19:11:35 +0200] "GET / HTTP/1.1" 200 2663 "-" "Mozilla/5.0 (Windows NT 6.1; WOW64) AppleWebKit/534+ (KHTML, like Gecko) BingPreview/1.0b"
66.249.71.226 - - [27/Sep/2012:19:25:52 +0200] "GET /seiten/start.htm HTTP/1.1" 304 - "-" "Mozilla/5.0 (compatible; Googlebot/2.1; +http://www.google.com/bot.html)"
178.255.215.68 - - [27/Sep/2012:20:16:02 +0200] "GET /robots.txt HTTP/1.1" 200 157 "-" "Mozilla/5.0 (compatible; Exabot/3.0; +http://www.exabot.com/go/robot)"
178.255.215.68 - - [27/Sep/2012:20:16:02 +0200] "GET / HTTP/1.1" 304 - "-" "Mozilla/5.0 (compatible; Exabot/3.0; +http://www.exabot.com/go/robot)"
176.9.50.103 - - [27/Sep/2012:20:31:02 +0200] "GET /robots.txt HTTP/1.1" 200 157 "-" "Mozilla/5.0 (compatible; SISTRIX Crawler; http://crawler.sistrix.net/)"
176.9.50.103 - - [27/Sep/2012:20:31:02 +0200] "GET / HTTP/1.1" 200 2663 "-" "Mozilla/5.0 (compatible; SISTRIX Crawler; http://crawler.sistrix.net/)"
176.9.50.103 - - [27/Sep/2012:20:31:02 +0200] "GET /seiten/start.htm HTTP/1.1" 200 7516 "-" "Mozilla/5.0 (compatible; SISTRIX Crawler; http://crawler.sistrix.net/)"
176.9.50.103 - - [27/Sep/2012:20:31:02 +0200] "GET /seiten/impr.htm HTTP/1.1" 200 9648 "-" "Mozilla/5.0 (compatible; SISTRIX Crawler; http://crawler.sistrix.net/)"
176.9.50.103 - - [27/Sep/2012:20:31:02 +0200] "GET /seiten/news.php HTTP/1.1" 200 7079 "-" "Mozilla/5.0 (compatible; SISTRIX Crawler; http://crawler.sistrix.net/)"
176.9.50.103 - - [27/Sep/2012:20:31:02 +0200] "GET /seiten/praxis.htm HTTP/1.1" 200 7847 "-" "Mozilla/5.0 (compatible; SISTRIX Crawler; http://crawler.sistrix.net/)"
176.9.50.103 - - [27/Sep/2012:20:31:02 +0200] "GET /seiten/leist.htm HTTP/1.1" 200 7640 "-" "Mozilla/5.0 (compatible; SISTRIX Crawler; http://crawler.sistrix.net/)"
176.9.50.103 - - [27/Sep/2012:20:31:02 +0200] "GET /seiten/kont.htm HTTP/1.1" 200 8048 "-" "Mozilla/5.0 (compatible; SISTRIX Crawler; http://crawler.sistrix.net/)"
176.9.50.103 - - [27/Sep/2012:20:31:02 +0200] "GET /seiten/dialyse.htm HTTP/1.1" 200 7403 "-" "Mozilla/5.0 (compatible; SISTRIX Crawler; http://crawler.sistrix.net/)"
176.9.50.103 - - [27/Sep/2012:20:31:03 +0200] "GET /seiten/links.htm HTTP/1.1" 200 7302 "-" "Mozilla/5.0 (compatible; SISTRIX Crawler; http://crawler.sistrix.net/)"
176.9.50.103 - - [27/Sep/2012:20:31:03 +0200] "GET /seiten/kont_form.php HTTP/1.1" 200 8561 "-" "Mozilla/5.0 (compatible; SISTRIX Crawler; http://crawler.sistrix.net/)"
66.249.71.226 - - [27/Sep/2012:20:33:20 +0200] "GET /seiten/kont.htm HTTP/1.1" 200 8048 "-" "Mozilla/5.0 (iPhone; U; CPU iPhone OS 4_1 like Mac OS X; en-us) AppleWebKit/532.9 (KHTML, like Gecko) Version/4.0.5 Mobile/8B117 Safari/6531.22.7 (compatible; Googlebot-Mobile/2.1; +http://www.google.com/bot.html)"
157.55.33.17 - - [27/Sep/2012:22:36:05 +0200] "GET /robots.txt HTTP/1.1" 200 157 "-" "Mozilla/5.0 (compatible; bingbot/2.0; +http://www.bing.com/bingbot.htm)"
65.55.208.182 - - [27/Sep/2012:22:39:57 +0200] "GET / HTTP/1.1" 200 2663 "-" "Mozilla/5.0 (Windows NT 6.1; WOW64) AppleWebKit/534+ (KHTML, like Gecko) BingPreview/1.0b"
131.253.47.191 - - [27/Sep/2012:22:40:08 +0200] "GET /robots.txt HTTP/1.1" 200 157 "-" "Mozilla/5.0 (compatible; bingbot/2.0; +http://www.bing.com/bingbot.htm)"
65.55.208.182 - - [27/Sep/2012:22:41:00 +0200] "GET /seiten/start.htm HTTP/1.1" 200 7516 "-" "Mozilla/5.0 (Windows NT 6.1; WOW64) AppleWebKit/534+ (KHTML, like Gecko) BingPreview/1.0b"
65.55.52.111 - - [27/Sep/2012:22:46:18 +0200] "GET /seiten/start.htm HTTP/1.1" 200 7516 "-" "Mozilla/5.0 (compatible; bingbot/2.0; +http://www.bing.com/bingbot.htm)"
65.55.208.182 - - [27/Sep/2012:23:41:07 +0200] "GET / HTTP/1.1" 200 2663 "-" "Mozilla/5.0 (Windows NT 6.1; WOW64) AppleWebKit/534+ (KHTML, like Gecko) BingPreview/1.0b"
66.249.71.226 - - [28/Sep/2012:03:59:48 +0200] "GET /robots.txt HTTP/1.1" 200 157 "-" "Mozilla/5.0 (compatible; Googlebot/2.1; +http://www.google.com/bot.html)"
178.154.179.250 - - [28/Sep/2012:06:42:26 +0200] "GET / HTTP/1.1" 200 2663 "-" "Mozilla/5.0 (compatible; YandexBot/3.0; +http://yandex.com/bots)"
91.64.200.10 - - [28/Sep/2012:09:38:52 +0200] "GET / HTTP/1.1" 304 - "http://www.google.de/url?sa=t&rct=j&q=&esrc=s&source=web&cd=2&ved=0CCoQFjAB&url=http%3A%2F%2Fwww.dialyse-borna.de%2F&ei=1VNlUNHDEYzltQbVkIHYCw&usg=AFQjCNF2KNTIkBF7QiIB3UFmpF4J1FAf4w" "Mozilla/5.0 (Windows NT 6.1; WOW64; rv:15.0) Gecko/20100101 Firefox/15.0.1"
91.64.200.10 - - [28/Sep/2012:09:38:52 +0200] "GET /css/borna.css HTTP/1.1" 304 - "http://www.dialyse-borna.de/" "Mozilla/5.0 (Windows NT 6.1; WOW64; rv:15.0) Gecko/20100101 Firefox/15.0.1"
91.64.200.10 - - [28/Sep/2012:09:38:52 +0200] "GET /favicon.ico HTTP/1.1" 404 1256 "-" "Mozilla/5.0 (Windows NT 6.1; WOW64; rv:15.0) Gecko/20100101 Firefox/15.0.1"
91.64.200.10 - - [28/Sep/2012:09:38:52 +0200] "GET /seiten/start.htm HTTP/1.1" 304 - "http://www.dialyse-borna.de/" "Mozilla/5.0 (Windows NT 6.1; WOW64; rv:15.0) Gecko/20100101 Firefox/15.0.1"
91.64.200.10 - - [28/Sep/2012:09:38:52 +0200] "GET /favicon.ico HTTP/1.1" 404 1256 "-" "Mozilla/5.0 (Windows NT 6.1; WOW64; rv:15.0) Gecko/20100101 Firefox/15.0.1"
91.64.200.10 - - [28/Sep/2012:09:38:52 +0200] "GET /img/men01.gif HTTP/1.1" 304 - "http://www.dialyse-borna.de/seiten/start.htm" "Mozilla/5.0 (Windows NT 6.1; WOW64; rv:15.0) Gecko/20100101 Firefox/15.0.1"
91.64.200.10 - - [28/Sep/2012:09:38:52 +0200] "GET /img/1pixel.gif HTTP/1.1" 304 - "http://www.dialyse-borna.de/seiten/start.htm" "Mozilla/5.0 (Windows NT 6.1; WOW64; rv:15.0) Gecko/20100101 Firefox/15.0.1"
91.64.200.10 - - [28/Sep/2012:09:38:52 +0200] "GET /img/men02a.gif HTTP/1.1" 304 - "http://www.dialyse-borna.de/seiten/start.htm" "Mozilla/5.0 (Windows NT 6.1; WOW64; rv:15.0) Gecko/20100101 Firefox/15.0.1"
91.64.200.10 - - [28/Sep/2012:09:38:52 +0200] "GET /img/bilder.swf HTTP/1.1" 304 - "http://www.dialyse-borna.de/seiten/start.htm" "Mozilla/5.0 (Windows NT 6.1; WOW64; rv:15.0) Gecko/20100101 Firefox/15.0.1"
91.64.200.10 - - [28/Sep/2012:09:38:52 +0200] "GET /img/men03.gif HTTP/1.1" 304 - "http://www.dialyse-borna.de/seiten/start.htm" "Mozilla/5.0 (Windows NT 6.1; WOW64; rv:15.0) Gecko/20100101 Firefox/15.0.1"
91.64.200.10 - - [28/Sep/2012:09:38:52 +0200] "GET /img/men04.gif HTTP/1.1" 304 - "http://www.dialyse-borna.de/seiten/start.htm" "Mozilla/5.0 (Windows NT 6.1; WOW64; rv:15.0) Gecko/20100101 Firefox/15.0.1"
91.64.200.10 - - [28/Sep/2012:09:38:52 +0200] "GET /img/men06.gif HTTP/1.1" 304 - "http://www.dialyse-borna.de/seiten/start.htm" "Mozilla/5.0 (Windows NT 6.1; WOW64; rv:15.0) Gecko/20100101 Firefox/15.0.1"
91.64.200.10 - - [28/Sep/2012:09:38:52 +0200] "GET /img/men08.gif HTTP/1.1" 304 - "http://www.dialyse-borna.de/seiten/start.htm" "Mozilla/5.0 (Windows NT 6.1; WOW64; rv:15.0) Gecko/20100101 Firefox/15.0.1"
91.64.200.10 - - [28/Sep/2012:09:38:52 +0200] "GET /img/men07.gif HTTP/1.1" 304 - "http://www.dialyse-borna.de/seiten/start.htm" "Mozilla/5.0 (Windows NT 6.1; WOW64; rv:15.0) Gecko/20100101 Firefox/15.0.1"
91.64.200.10 - - [28/Sep/2012:09:38:52 +0200] "GET /img/men09.gif HTTP/1.1" 304 - "http://www.dialyse-borna.de/seiten/start.htm" "Mozilla/5.0 (Windows NT 6.1; WOW64; rv:15.0) Gecko/20100101 Firefox/15.0.1"
91.64.200.10 - - [28/Sep/2012:09:38:52 +0200] "GET /img/lay03.gif HTTP/1.1" 304 - "http://www.dialyse-borna.de/seiten/start.htm" "Mozilla/5.0 (Windows NT 6.1; WOW64; rv:15.0) Gecko/20100101 Firefox/15.0.1"
91.64.200.10 - - [28/Sep/2012:09:38:52 +0200] "GET /img/main_pic.jpg HTTP/1.1" 304 - "http://www.dialyse-borna.de/seiten/start.htm" "Mozilla/5.0 (Windows NT 6.1; WOW64; rv:15.0) Gecko/20100101 Firefox/15.0.1"
91.64.200.10 - - [28/Sep/2012:09:38:52 +0200] "GET /img/pfeil.jpg HTTP/1.1" 304 - "http://www.dialyse-borna.de/seiten/start.htm" "Mozilla/5.0 (Windows NT 6.1; WOW64; rv:15.0) Gecko/20100101 Firefox/15.0.1"
91.64.200.10 - - [28/Sep/2012:09:38:52 +0200] "GET /img/lay07.gif HTTP/1.1" 304 - "http://www.dialyse-borna.de/seiten/start.htm" "Mozilla/5.0 (Windows NT 6.1; WOW64; rv:15.0) Gecko/20100101 Firefox/15.0.1"
91.64.200.10 - - [28/Sep/2012:09:38:52 +0200] "GET /img/bg2.gif HTTP/1.1" 304 - "http://www.dialyse-borna.de/seiten/start.htm" "Mozilla/5.0 (Windows NT 6.1; WOW64; rv:15.0) Gecko/20100101 Firefox/15.0.1"
91.64.200.10 - - [28/Sep/2012:09:38:52 +0200] "GET /img/lay01.gif HTTP/1.1" 304 - "http://www.dialyse-borna.de/seiten/start.htm" "Mozilla/5.0 (Windows NT 6.1; WOW64; rv:15.0) Gecko/20100101 Firefox/15.0.1"
91.64.200.10 - - [28/Sep/2012:09:38:52 +0200] "GET /img/lay04.gif HTTP/1.1" 304 - "http://www.dialyse-borna.de/seiten/start.htm" "Mozilla/5.0 (Windows NT 6.1; WOW64; rv:15.0) Gecko/20100101 Firefox/15.0.1"
91.64.200.10 - - [28/Sep/2012:09:38:52 +0200] "GET /img/lay02.gif HTTP/1.1" 304 - "http://www.dialyse-borna.de/seiten/start.htm" "Mozilla/5.0 (Windows NT 6.1; WOW64; rv:15.0) Gecko/20100101 Firefox/15.0.1"
91.64.200.10 - - [28/Sep/2012:09:38:52 +0200] "GET /img/lay08.gif HTTP/1.1" 304 - "http://www.dialyse-borna.de/seiten/start.htm" "Mozilla/5.0 (Windows NT 6.1; WOW64; rv:15.0) Gecko/20100101 Firefox/15.0.1"
91.64.200.10 - - [28/Sep/2012:09:38:52 +0200] "GET /img/bg3.gif HTTP/1.1" 304 - "http://www.dialyse-borna.de/seiten/start.htm" "Mozilla/5.0 (Windows NT 6.1; WOW64; rv:15.0) Gecko/20100101 Firefox/15.0.1"
91.64.200.10 - - [28/Sep/2012:09:38:52 +0200] "GET /img/bg1.gif HTTP/1.1" 304 - "http://www.dialyse-borna.de/seiten/start.htm" "Mozilla/5.0 (Windows NT 6.1; WOW64; rv:15.0) Gecko/20100101 Firefox/15.0.1"
91.64.200.10 - - [28/Sep/2012:09:38:52 +0200] "GET /img/lay05.gif HTTP/1.1" 304 - "http://www.dialyse-borna.de/seiten/start.htm" "Mozilla/5.0 (Windows NT 6.1; WOW64; rv:15.0) Gecko/20100101 Firefox/15.0.1"
91.64.200.10 - - [28/Sep/2012:09:38:52 +0200] "GET /img/bg4.gif HTTP/1.1" 304 - "http://www.dialyse-borna.de/seiten/start.htm" "Mozilla/5.0 (Windows NT 6.1; WOW64; rv:15.0) Gecko/20100101 Firefox/15.0.1"
91.64.200.10 - - [28/Sep/2012:09:38:53 +0200] "GET /img/men03a.gif HTTP/1.1" 304 - "http://www.dialyse-borna.de/seiten/start.htm" "Mozilla/5.0 (Windows NT 6.1; WOW64; rv:15.0) Gecko/20100101 Firefox/15.0.1"
91.64.200.10 - - [28/Sep/2012:09:38:53 +0200] "GET /img/men07a.gif HTTP/1.1" 304 - "http://www.dialyse-borna.de/seiten/start.htm" "Mozilla/5.0 (Windows NT 6.1; WOW64; rv:15.0) Gecko/20100101 Firefox/15.0.1"
91.64.200.10 - - [28/Sep/2012:09:38:53 +0200] "GET /img/men08a.gif HTTP/1.1" 304 - "http://www.dialyse-borna.de/seiten/start.htm" "Mozilla/5.0 (Windows NT 6.1; WOW64; rv:15.0) Gecko/20100101 Firefox/15.0.1"
91.64.200.10 - - [28/Sep/2012:09:38:53 +0200] "GET /img/men04a.gif HTTP/1.1" 304 - "http://www.dialyse-borna.de/seiten/start.htm" "Mozilla/5.0 (Windows NT 6.1; WOW64; rv:15.0) Gecko/20100101 Firefox/15.0.1"
91.64.200.10 - - [28/Sep/2012:09:38:53 +0200] "GET /img/men05a.gif HTTP/1.1" 304 - "http://www.dialyse-borna.de/seiten/start.htm" "Mozilla/5.0 (Windows NT 6.1; WOW64; rv:15.0) Gecko/20100101 Firefox/15.0.1"
91.64.200.10 - - [28/Sep/2012:09:38:53 +0200] "GET /img/men06a.gif HTTP/1.1" 304 - "http://www.dialyse-borna.de/seiten/start.htm" "Mozilla/5.0 (Windows NT 6.1; WOW64; rv:15.0) Gecko/20100101 Firefox/15.0.1"
91.64.200.10 - - [28/Sep/2012:09:38:55 +0200] "GET /seiten/kont.htm HTTP/1.1" 304 - "http://www.dialyse-borna.de/seiten/start.htm" "Mozilla/5.0 (Windows NT 6.1; WOW64; rv:15.0) Gecko/20100101 Firefox/15.0.1"
91.64.200.10 - - [28/Sep/2012:09:38:55 +0200] "GET /img/men02.gif HTTP/1.1" 304 - "http://www.dialyse-borna.de/seiten/kont.htm" "Mozilla/5.0 (Windows NT 6.1; WOW64; rv:15.0) Gecko/20100101 Firefox/15.0.1"
65.55.52.113 - - [28/Sep/2012:11:18:22 +0200] "GET /robots.txt HTTP/1.1" 200 157 "-" "Mozilla/5.0 (compatible; bingbot/2.0; +http://www.bing.com/bingbot.htm)"
65.55.52.113 - - [28/Sep/2012:11:19:09 +0200] "GET /seiten/kont.htm HTTP/1.1" 200 8048 "-" "Mozilla/5.0 (compatible; bingbot/2.0; +http://www.bing.com/bingbot.htm)"
157.55.33.100 - - [28/Sep/2012:11:20:44 +0200] "GET /seiten/impr.htm HTTP/1.1" 200 9648 "-" "Mozilla/5.0 (compatible; bingbot/2.0; +http://www.bing.com/bingbot.htm)"
66.249.72.58 - - [28/Sep/2012:20:33:47 +0200] "GET /robots.txt HTTP/1.1" 200 157 "-" "Mozilla/5.0 (compatible; Googlebot/2.1; +http://www.google.com/bot.html)"
66.249.72.58 - - [28/Sep/2012:20:33:47 +0200] "GET / HTTP/1.1" 200 2663 "-" "Mozilla/5.0 (iPhone; U; CPU iPhone OS 4_1 like Mac OS X; en-us) AppleWebKit/532.9 (KHTML, like Gecko) Version/4.0.5 Mobile/8B117 Safari/6531.22.7 (compatible; Googlebot-Mobile/2.1; +http://www.google.com/bot.html)"
178.154.179.250 - - [28/Sep/2012:22:50:44 +0200] "GET /robots.txt HTTP/1.1" 200 157 "-" "Mozilla/5.0 (compatible; YandexBot/3.0; +http://yandex.com/bots)"
65.52.111.32 - - [28/Sep/2012:23:21:26 +0200] "GET /seiten/kont_form.php HTTP/1.1" 200 8561 "-" "Mozilla/4.0 (compatible; MSIE 7.0; Windows NT 5.1; SV1; .NET CLR 1.1.4322)"
65.52.111.32 - - [28/Sep/2012:23:21:28 +0200] "GET /css/borna.css HTTP/1.1" 200 2909 "http://www.dialyse-borna.de/seiten/kont_form.php" "Mozilla/4.0 (compatible; MSIE 7.0; Windows NT 5.1; SV1; .NET CLR 1.1.4322)"
65.52.111.32 - - [28/Sep/2012:23:21:52 +0200] "GET /css/borna.css HTTP/1.1" 304 - "http://www.dialyse-borna.de/seiten/kont_form.php" "Mozilla/4.0 (compatible; MSIE 7.0; Windows NT 5.1; SV1; .NET CLR 1.1.4322)"
178.154.179.250 - - [29/Sep/2012:05:52:39 +0200] "GET / HTTP/1.1" 200 2663 "-" "Mozilla/5.0 (compatible; YandexBot/3.0; +http://yandex.com/bots)"
66.249.76.101 - - [29/Sep/2012:09:08:24 +0200] "GET /robots.txt HTTP/1.1" 200 157 "-" "Mozilla/5.0 (compatible; Googlebot/2.1; +http://www.google.com/bot.html)"
66.249.76.101 - - [29/Sep/2012:09:08:25 +0200] "GET /seiten/links.htm HTTP/1.1" 200 7302 "-" "Mozilla/5.0 (iPhone; U; CPU iPhone OS 4_1 like Mac OS X; en-us) AppleWebKit/532.9 (KHTML, like Gecko) Version/4.0.5 Mobile/8B117 Safari/6531.22.7 (compatible; Googlebot-Mobile/2.1; +http://www.google.com/bot.html)"
178.154.179.250 - - [29/Sep/2012:16:54:41 +0200] "GET / HTTP/1.1" 200 2663 "-" "Mozilla/5.0 (compatible; YandexBot/3.0; +http://yandex.com/bots)"
178.255.215.68 - - [29/Sep/2012:18:23:35 +0200] "GET /robots.txt HTTP/1.1" 200 157 "-" "Mozilla/5.0 (compatible; Exabot/3.0; +http://www.exabot.com/go/robot)"
178.255.215.68 - - [29/Sep/2012:18:23:35 +0200] "GET / HTTP/1.1" 304 - "-" "Mozilla/5.0 (compatible; Exabot/3.0; +http://www.exabot.com/go/robot)"
178.154.179.250 - - [29/Sep/2012:23:57:01 +0200] "GET /robots.txt HTTP/1.1" 200 157 "-" "Mozilla/5.0 (compatible; YandexBot/3.0; +http://yandex.com/bots)"
184.154.12.162 - - [30/Sep/2012:03:16:06 +0200] "GET /seiten/links.htm HTTP/1.0" 200 7302 "http://www.dialyse-borna.de/seiten/links.htm" "Mozilla/4.0 (compatible; MSIE 8.0; Windows NT 5.1; Trident/4.0; GTB7.3; .NET CLR 1.1.4322; .NET CLR 2.0.50727; InfoPath.1; AskTbCFTP2V5/5.14.1.20007)"
178.154.179.250 - - [30/Sep/2012:04:38:43 +0200] "GET / HTTP/1.1" 200 2663 "-" "Mozilla/5.0 (compatible; YandexBot/3.0; +http://yandex.com/bots)"
66.249.71.226 - - [30/Sep/2012:07:22:48 +0200] "GET /robots.txt HTTP/1.1" 200 157 "-" "Mozilla/5.0 (compatible; Googlebot/2.1; +http://www.google.com/bot.html)"
66.249.71.226 - - [30/Sep/2012:07:22:48 +0200] "GET / HTTP/1.1" 200 2663 "-" "Mozilla/5.0 (compatible; Googlebot/2.1; +http://www.google.com/bot.html)"
66.249.71.226 - - [30/Sep/2012:08:45:25 +0200] "GET /seiten/start.htm HTTP/1.1" 304 - "-" "Mozilla/5.0 (compatible; Googlebot/2.1; +http://www.google.com/bot.html)"
66.249.71.226 - - [30/Sep/2012:08:49:56 +0200] "GET /seiten/dialyse.htm HTTP/1.1" 200 7403 "-" "Mozilla/5.0 (compatible; Googlebot/2.1; +http://www.google.com/bot.html)"