157.55.39.182 - - [08/Nov/2015:16:58:03 +0100] "GET /referenzen.html HTTP/1.1" 200 4045 "-" "Mozilla/5.0 (compatible; bingbot/2.0; +http://www.bing.com/bingbot.htm)"
157.55.39.195 - - [08/Nov/2015:16:58:34 +0100] "GET /index.html HTTP/1.1" 200 3135 "-" "Mozilla/5.0 (compatible; bingbot/2.0; +http://www.bing.com/bingbot.htm)"
157.55.39.195 - - [08/Nov/2015:16:58:34 +0100] "GET /kontakt.html HTTP/1.1" 200 5302 "-" "Mozilla/5.0 (compatible; bingbot/2.0; +http://www.bing.com/bingbot.htm)"
66.249.78.215 - - [08/Nov/2015:18:57:19 +0100] "GET /robots.txt HTTP/1.1" 404 1256 "-" "Mozilla/5.0 (compatible; Googlebot/2.1; +http://www.google.com/bot.html)"
66.249.78.215 - - [08/Nov/2015:18:57:19 +0100] "GET /wir-ueber-uns.html HTTP/1.1" 304 - "-" "Mozilla/5.0 (compatible; Googlebot/2.1; +http://www.google.com/bot.html)"
66.249.78.222 - - [08/Nov/2015:20:05:30 +0100] "GET /impressum.html HTTP/1.1" 200 3432 "-" "Mozilla/5.0 (iPhone; CPU iPhone OS 8_3 like Mac OS X) AppleWebKit/600.1.4 (KHTML, like Gecko) Version/8.0 Mobile/12F70 Safari/600.1.4 (compatible; Googlebot/2.1; +http://www.google.com/bot.html)"
180.76.15.159 - - [08/Nov/2015:20:52:50 +0100] "GET / HTTP/1.1" 200 3135 "-" "Mozilla/5.0 (compatible; Baiduspider/2.0; +http://www.baidu.com/search/spider.html)"
180.76.15.9 - - [08/Nov/2015:20:53:07 +0100] "GET / HTTP/1.1" 200 3135 "-" "Mozilla/5.0 (compatible; Baiduspider/2.0; +http://www.baidu.com/search/spider.html)"
220.181.108.106 - - [08/Nov/2015:23:22:14 +0100] "GET /pub/BSB_IWA_Zertifikat.pdf HTTP/1.1" 200 3096963 "-" "Mozilla/5.0 (compatible; Baiduspider/2.0; +http://www.baidu.com/search/spider.html)"
207.46.13.4 - - [09/Nov/2015:01:54:10 +0100] "GET /index.html HTTP/1.1" 200 3135 "-" "Mozilla/5.0 (compatible; bingbot/2.0; +http://www.bing.com/bingbot.htm)"
40.77.167.79 - - [09/Nov/2015:01:54:13 +0100] "GET /robots.txt HTTP/1.1" 404 1256 "-" "Mozilla/5.0 (compatible; bingbot/2.0; +http://www.bing.com/bingbot.htm)"
40.77.167.79 - - [09/Nov/2015:01:54:19 +0100] "GET /robots.txt HTTP/1.1" 404 1256 "-" "Mozilla/5.0 (compatible; bingbot/2.0; +http://www.bing.com/bingbot.htm)"
40.77.167.79 - - [09/Nov/2015:01:54:19 +0100] "GET /robots.txt HTTP/1.1" 404 1256 "-" "Mozilla/5.0 (compatible; bingbot/2.0; +http://www.bing.com/bingbot.htm)"
40.77.167.102 - - [09/Nov/2015:01:54:23 +0100] "GET /css/stylesheet.css HTTP/1.1" 200 6399 "-" "Mozilla/5.0 (compatible; bingbot/2.0; +http://www.bing.com/bingbot.htm)"
40.77.167.79 - - [09/Nov/2015:02:55:32 +0100] "GET /css/gudea-regular-webfont.svg HTTP/1.1" 200 49818 "-" "Mozilla/5.0 (compatible; bingbot/2.0; +http://www.bing.com/bingbot.htm)"
40.77.167.79 - - [09/Nov/2015:02:55:33 +0100] "GET /css/gudea-regular-webfont.ttf HTTP/1.1" 200 35968 "-" "Mozilla/5.0 (compatible; bingbot/2.0; +http://www.bing.com/bingbot.htm)"
40.77.167.12 - - [09/Nov/2015:02:55:37 +0100] "GET /css/gudea-bold-webfont.svg HTTP/1.1" 200 48897 "-" "Mozilla/5.0 (compatible; bingbot/2.0; +http://www.bing.com/bingbot.htm)"
40.77.167.12 - - [09/Nov/2015:02:55:38 +0100] "GET /css/gudea-bold-webfont.ttf HTTP/1.1" 200 35992 "-" "Mozilla/5.0 (compatible; bingbot/2.0; +http://www.bing.com/bingbot.htm)"
207.46.13.103 - - [09/Nov/2015:02:59:45 +0100] "GET /robots.txt HTTP/1.1" 404 1256 "-" "Mozilla/5.0 (compatible; bingbot/2.0; +http://www.bing.com/bingbot.htm)"
207.46.13.103 - - [09/Nov/2015:02:59:54 +0100] "GET /impressum.html HTTP/1.1" 200 3432 "-" "Mozilla/5.0 (compatible; bingbot/2.0; +http://www.bing.com/bingbot.htm)"
93.219.159.164 - - [09/Nov/2015:04:56:33 +0100] "GET / HTTP/1.1" 200 3135 "-" "Mozilla/5.0 (Windows; U; Windows NT 6.0; de; rv:1.9.2.3) Gecko/20100401 Firefox/3.6.3 ( .NET CLR 3.5.30729)"
93.219.159.164 - - [09/Nov/2015:05:30:42 +0100] "GET /pub/BSB_IWA_Zertifikat.pdf HTTP/1.1" 200 3096963 "-" "Mozilla/5.0 (Windows; U; Windows NT 6.0; de; rv:1.9.2.3) Gecko/20100401 Firefox/3.6.3 ( .NET CLR 3.5.30729)"
157.55.39.195 - - [09/Nov/2015:06:09:51 +0100] "GET /css/gudea-italic-webfont.svg HTTP/1.1" 200 53237 "-" "Mozilla/5.0 (compatible; bingbot/2.0; +http://www.bing.com/bingbot.htm)"
157.55.39.195 - - [09/Nov/2015:06:11:28 +0100] "GET /css/gudea-bold-webfont.svg HTTP/1.1" 200 48897 "-" "Mozilla/5.0 (compatible; bingbot/2.0; +http://www.bing.com/bingbot.htm)"
207.46.13.4 - - [09/Nov/2015:06:15:14 +0100] "GET /css/gudea-regular-webfont.svg HTTP/1.1" 200 49818 "-" "Mozilla/5.0 (compatible; bingbot/2.0; +http://www.bing.com/bingbot.htm)"
207.46.13.74 - - [09/Nov/2015:06:23:54 +0100] "GET /css/gudea-italic-webfont.svg HTTP/1.1" 200 53237 "-" "Mozilla/5.0 (compatible; bingbot/2.0; +http://www.bing.com/bingbot.htm)"
178.32.218.220 - - [09/Nov/2015:06:31:48 +0100] "GET / HTTP/1.1" 200 3135 "-" "Mozilla/5.0 (Windows NT 6.1; WOW64) AppleWebKit/537.31 (KHTML, like Gecko) Chrome/26.0.1410.64 Safari/537.31"
157.55.39.195 - - [09/Nov/2015:06:32:14 +0100] "GET /robots.txt HTTP/1.1" 404 1256 "-" "Mozilla/5.0 (compatible; bingbot/2.0; +http://www.bing.com/bingbot.htm)"
157.55.39.195 - - [09/Nov/2015:06:32:17 +0100] "GET /css/gudea-bold-webfont.svg HTTP/1.1" 200 48897 "-" "Mozilla/5.0 (compatible; bingbot/2.0; +http://www.bing.com/bingbot.htm)"
178.32.218.220 - - [09/Nov/2015:06:32:22 +0100] "GET /impressum.html HTTP/1.1" 200 3432 "-" "Mozilla/5.0 (Windows NT 6.1; WOW64) AppleWebKit/537.31 (KHTML, like Gecko) Chrome/26.0.1410.64 Safari/537.31"
178.32.218.220 - - [09/Nov/2015:06:32:34 +0100] "GET /kontakt.html HTTP/1.1" 200 5302 "-" "Mozilla/5.0 (Windows NT 6.1; WOW64) AppleWebKit/537.31 (KHTML, like Gecko) Chrome/26.0.1410.64 Safari/537.31"
178.32.218.220 - - [09/Nov/2015:06:33:09 +0100] "GET /referenzen.html HTTP/1.1" 200 4045 "-" "Mozilla/5.0 (Windows NT 6.1; WOW64) AppleWebKit/537.31 (KHTML, like Gecko) Chrome/26.0.1410.64 Safari/537.31"
178.32.218.220 - - [09/Nov/2015:06:33:46 +0100] "GET /css/jquery.fancybox-1.3.4.css HTTP/1.1" 200 8776 "-" "Mozilla/5.0 (Windows NT 6.1; WOW64) AppleWebKit/537.31 (KHTML, like Gecko) Chrome/26.0.1410.64 Safari/537.31"
178.32.218.220 - - [09/Nov/2015:06:33:56 +0100] "GET /js/jquery.mousewheel-3.0.4.pack.js HTTP/1.1" 200 1279 "-" "Mozilla/5.0 (Windows NT 6.1; WOW64) AppleWebKit/537.31 (KHTML, like Gecko) Chrome/26.0.1410.64 Safari/537.31"
178.32.218.220 - - [09/Nov/2015:06:34:26 +0100] "GET /js/jquery.fancybox-1.3.4.pack.js HTTP/1.1" 200 15624 "-" "Mozilla/5.0 (Windows NT 6.1; WOW64) AppleWebKit/537.31 (KHTML, like Gecko) Chrome/26.0.1410.64 Safari/537.31"
178.32.218.220 - - [09/Nov/2015:06:34:41 +0100] "GET /js/jquery-1.7.2.min.js HTTP/1.1" 200 94840 "-" "Mozilla/5.0 (Windows NT 6.1; WOW64) AppleWebKit/537.31 (KHTML, like Gecko) Chrome/26.0.1410.64 Safari/537.31"
178.32.218.220 - - [09/Nov/2015:06:35:21 +0100] "GET /a HTTP/1.1" 404 1256 "-" "Mozilla/5.0 (Windows NT 6.1; WOW64) AppleWebKit/537.31 (KHTML, like Gecko) Chrome/26.0.1410.64 Safari/537.31"
207.46.13.103 - - [09/Nov/2015:06:35:41 +0100] "GET /css/gudea-regular-webfont.svg HTTP/1.1" 200 49818 "-" "Mozilla/5.0 (compatible; bingbot/2.0; +http://www.bing.com/bingbot.htm)"
178.32.218.220 - - [09/Nov/2015:06:36:02 +0100] "GET /leistungen.html HTTP/1.1" 200 3224 "-" "Mozilla/5.0 (Windows NT 6.1; WOW64) AppleWebKit/537.31 (KHTML, like Gecko) Chrome/26.0.1410.64 Safari/537.31"
178.32.218.220 - - [09/Nov/2015:06:36:54 +0100] "GET /wir-ueber-uns.html HTTP/1.1" 200 5703 "-" "Mozilla/5.0 (Windows NT 6.1; WOW64) AppleWebKit/537.31 (KHTML, like Gecko) Chrome/26.0.1410.64 Safari/537.31"
178.32.218.220 - - [09/Nov/2015:06:37:49 +0100] "GET /index.html HTTP/1.1" 200 3135 "-" "Mozilla/5.0 (Windows NT 6.1; WOW64) AppleWebKit/537.31 (KHTML, like Gecko) Chrome/26.0.1410.64 Safari/537.31"
178.32.218.220 - - [09/Nov/2015:06:38:35 +0100] "GET /css/stylesheet.css HTTP/1.1" 200 6399 "-" "Mozilla/5.0 (Windows NT 6.1; WOW64) AppleWebKit/537.31 (KHTML, like Gecko) Chrome/26.0.1410.64 Safari/537.31"
207.46.13.4 - - [09/Nov/2015:06:46:34 +0100] "GET /css/gudea-italic-webfont.svg HTTP/1.1" 200 53237 "-" "Mozilla/5.0 (compatible; bingbot/2.0; +http://www.bing.com/bingbot.htm)"
157.55.39.195 - - [09/Nov/2015:06:46:38 +0100] "GET /css/gudea-bold-webfont.svg HTTP/1.1" 200 48897 "-" "Mozilla/5.0 (compatible; bingbot/2.0; +http://www.bing.com/bingbot.htm)"
207.46.13.4 - - [09/Nov/2015:06:49:59 +0100] "GET /css/gudea-regular-webfont.svg HTTP/1.1" 200 49818 "-" "Mozilla/5.0 (compatible; bingbot/2.0; +http://www.bing.com/bingbot.htm)"
157.55.39.195 - - [09/Nov/2015:07:00:24 +0100] "GET /css/gudea-italic-webfont.svg HTTP/1.1" 200 53237 "-" "Mozilla/5.0 (compatible; bingbot/2.0; +http://www.bing.com/bingbot.htm)"
157.55.39.195 - - [09/Nov/2015:07:08:58 +0100] "GET /css/gudea-bold-webfont.svg HTTP/1.1" 200 48897 "-" "Mozilla/5.0 (compatible; bingbot/2.0; +http://www.bing.com/bingbot.htm)"
207.46.13.103 - - [09/Nov/2015:07:11:44 +0100] "GET /robots.txt HTTP/1.1" 404 1256 "-" "Mozilla/5.0 (compatible; bingbot/2.0; +http://www.bing.com/bingbot.htm)"
207.46.13.103 - - [09/Nov/2015:07:11:56 +0100] "GET /css/gudea-regular-webfont.svg HTTP/1.1" 200 49818 "-" "Mozilla/5.0 (compatible; bingbot/2.0; +http://www.bing.com/bingbot.htm)"
157.55.39.195 - - [09/Nov/2015:07:21:57 +0100] "GET /css/gudea-bold-webfont.svg HTTP/1.1" 200 48897 "-" "Mozilla/5.0 (compatible; bingbot/2.0; +http://www.bing.com/bingbot.htm)"
207.46.13.74 - - [09/Nov/2015:07:23:37 +0100] "GET /css/gudea-italic-webfont.svg HTTP/1.1" 200 53237 "-" "Mozilla/5.0 (compatible; bingbot/2.0; +http://www.bing.com/bingbot.htm)"
157.55.39.195 - - [09/Nov/2015:07:28:25 +0100] "GET /css/gudea-regular-webfont.svg HTTP/1.1" 200 49818 "-" "Mozilla/5.0 (compatible; bingbot/2.0; +http://www.bing.com/bingbot.htm)"
207.46.13.74 - - [09/Nov/2015:07:44:11 +0100] "GET /css/gudea-italic-webfont.svg HTTP/1.1" 200 53237 "-" "Mozilla/5.0 (compatible; bingbot/2.0; +http://www.bing.com/bingbot.htm)"
157.55.39.195 - - [09/Nov/2015:09:18:28 +0100] "GET /wir-ueber-uns.html HTTP/1.1" 200 5703 "-" "Mozilla/5.0 (compatible; bingbot/2.0; +http://www.bing.com/bingbot.htm)"
40.77.167.102 - - [09/Nov/2015:09:18:37 +0100] "GET /css/gudea-italic-webfont.svg HTTP/1.1" 200 53237 "-" "Mozilla/5.0 (compatible; bingbot/2.0; +http://www.bing.com/bingbot.htm)"
40.77.167.102 - - [09/Nov/2015:09:18:38 +0100] "GET /css/gudea-italic-webfont.ttf HTTP/1.1" 200 44616 "-" "Mozilla/5.0 (compatible; bingbot/2.0; +http://www.bing.com/bingbot.htm)"
207.46.13.74 - - [09/Nov/2015:09:33:43 +0100] "GET /robots.txt HTTP/1.1" 404 1256 "-" "Mozilla/5.0 (compatible; bingbot/2.0; +http://www.bing.com/bingbot.htm)"
207.46.13.74 - - [09/Nov/2015:09:33:47 +0100] "GET / HTTP/1.1" 200 3135 "-" "Mozilla/5.0 (compatible; bingbot/2.0; +http://www.bing.com/bingbot.htm)"
217.69.133.224 - - [09/Nov/2015:11:58:05 +0100] "GET /robots.txt HTTP/1.0" 404 1256 "-" "Mozilla/5.0 (compatible; Linux x86_64; Mail.RU_Bot/2.0; +http://go.mail.ru/help/robots)"
217.69.133.226 - - [09/Nov/2015:11:58:07 +0100] "GET /wir-ueber-uns.html HTTP/1.1" 200 5703 "-" "Mozilla/5.0 (compatible; Linux x86_64; Mail.RU_Bot/2.0; +http://go.mail.ru/help/robots)"
66.249.78.222 - - [09/Nov/2015:12:33:16 +0100] "GET /robots.txt HTTP/1.1" 404 1256 "-" "Mozilla/5.0 (compatible; Googlebot/2.1; +http://www.google.com/bot.html)"
66.249.78.229 - - [09/Nov/2015:12:33:17 +0100] "GET / HTTP/1.1" 200 3135 "-" "Mozilla/5.0 (iPhone; CPU iPhone OS 8_3 like Mac OS X) AppleWebKit/600.1.4 (KHTML, like Gecko) Version/8.0 Mobile/12F70 Safari/600.1.4 (compatible; Googlebot/2.1; +http://www.google.com/bot.html)"
180.76.15.32 - - [09/Nov/2015:13:31:35 +0100] "GET / HTTP/1.1" 200 3135 "-" "Mozilla/5.0 (compatible; Baiduspider/2.0; +http://www.baidu.com/search/spider.html)"
180.76.15.24 - - [09/Nov/2015:13:31:47 +0100] "GET / HTTP/1.1" 200 3135 "-" "Mozilla/5.0 (compatible; Baiduspider/2.0; +http://www.baidu.com/search/spider.html)"
207.46.13.103 - - [09/Nov/2015:13:32:43 +0100] "GET /pub/BSB_IWA_Zertifikat.pdf HTTP/1.1" 200 3096963 "-" "Mozilla/5.0 (compatible; bingbot/2.0; +http://www.bing.com/bingbot.htm)"
109.45.0.177 - - [09/Nov/2015:13:50:25 +0100] "GET /wir-ueber-uns.html HTTP/1.1" 200 5703 "-" "Mozilla/5.0 (Linux; Android 5.1.1; D5803 Build/23.4.A.1.232) AppleWebKit/537.36 (KHTML, like Gecko) Chrome/46.0.2490.76 Mobile Safari/537.36"
109.45.0.177 - - [09/Nov/2015:13:50:25 +0100] "GET /css/stylesheet.css HTTP/1.1" 200 6399 "http://www.bsb-schrott.de/wir-ueber-uns.html" "Mozilla/5.0 (Linux; Android 5.1.1; D5803 Build/23.4.A.1.232) AppleWebKit/537.36 (KHTML, like Gecko) Chrome/46.0.2490.76 Mobile Safari/537.36"
109.45.0.177 - - [09/Nov/2015:13:50:25 +0100] "GET /img/news.jpg HTTP/1.1" 200 7536 "http://www.bsb-schrott.de/wir-ueber-uns.html" "Mozilla/5.0 (Linux; Android 5.1.1; D5803 Build/23.4.A.1.232) AppleWebKit/537.36 (KHTML, like Gecko) Chrome/46.0.2490.76 Mobile Safari/537.36"
109.45.0.177 - - [09/Nov/2015:13:50:25 +0100] "GET /img/gradient_header.png HTTP/1.1" 200 253 "http://www.bsb-schrott.de/css/stylesheet.css" "Mozilla/5.0 (Linux; Android 5.1.1; D5803 Build/23.4.A.1.232) AppleWebKit/537.36 (KHTML, like Gecko) Chrome/46.0.2490.76 Mobile Safari/537.36"
109.45.0.177 - - [09/Nov/2015:13:50:25 +0100] "GET /img/bsb_logo.jpg HTTP/1.1" 200 31271 "http://www.bsb-schrott.de/css/stylesheet.css" "Mozilla/5.0 (Linux; Android 5.1.1; D5803 Build/23.4.A.1.232) AppleWebKit/537.36 (KHTML, like Gecko) Chrome/46.0.2490.76 Mobile Safari/537.36"
109.45.0.177 - - [09/Nov/2015:13:50:25 +0100] "GET /css/gudea-regular-webfont.woff HTTP/1.1" 200 21616 "http://www.bsb-schrott.de/css/stylesheet.css" "Mozilla/5.0 (Linux; Android 5.1.1; D5803 Build/23.4.A.1.232) AppleWebKit/537.36 (KHTML, like Gecko) Chrome/46.0.2490.76 Mobile Safari/537.36"
109.45.0.177 - - [09/Nov/2015:13:50:25 +0100] "GET /img/header_banner.png HTTP/1.1" 200 22955 "http://www.bsb-schrott.de/css/stylesheet.css" "Mozilla/5.0 (Linux; Android 5.1.1; D5803 Build/23.4.A.1.232) AppleWebKit/537.36 (KHTML, like Gecko) Chrome/46.0.2490.76 Mobile Safari/537.36"
109.45.0.177 - - [09/Nov/2015:13:50:25 +0100] "GET /css/gudea-italic-webfont.woff HTTP/1.1" 200 25624 "http://www.bsb-schrott.de/css/stylesheet.css" "Mozilla/5.0 (Linux; Android 5.1.1; D5803 Build/23.4.A.1.232) AppleWebKit/537.36 (KHTML, like Gecko) Chrome/46.0.2490.76 Mobile Safari/537.36"
109.45.0.177 - - [09/Nov/2015:13:50:25 +0100] "GET /css/gudea-bold-webfont.woff HTTP/1.1" 200 21884 "http://www.bsb-schrott.de/css/stylesheet.css" "Mozilla/5.0 (Linux; Android 5.1.1; D5803 Build/23.4.A.1.232) AppleWebKit/537.36 (KHTML, like Gecko) Chrome/46.0.2490.76 Mobile Safari/537.36"
109.45.0.177 - - [09/Nov/2015:13:50:25 +0100] "GET /img/iwa_cert.png HTTP/1.1" 200 38259 "http://www.bsb-schrott.de/css/stylesheet.css" "Mozilla/5.0 (Linux; Android 5.1.1; D5803 Build/23.4.A.1.232) AppleWebKit/537.36 (KHTML, like Gecko) Chrome/46.0.2490.76 Mobile Safari/537.36"
109.45.0.177 - - [09/Nov/2015:13:50:25 +0100] "GET /img/nav.png HTTP/1.1" 200 197 "http://www.bsb-schrott.de/css/stylesheet.css" "Mozilla/5.0 (Linux; Android 5.1.1; D5803 Build/23.4.A.1.232) AppleWebKit/537.36 (KHTML, like Gecko) Chrome/46.0.2490.76 Mobile Safari/537.36"
109.45.0.177 - - [09/Nov/2015:13:50:25 +0100] "GET /img/nav_activ.png HTTP/1.1" 200 520 "http://www.bsb-schrott.de/css/stylesheet.css" "Mozilla/5.0 (Linux; Android 5.1.1; D5803 Build/23.4.A.1.232) AppleWebKit/537.36 (KHTML, like Gecko) Chrome/46.0.2490.76 Mobile Safari/537.36"
109.45.0.177 - - [09/Nov/2015:13:50:25 +0100] "GET /img/lvl.png HTTP/1.1" 200 1441 "http://www.bsb-schrott.de/css/stylesheet.css" "Mozilla/5.0 (Linux; Android 5.1.1; D5803 Build/23.4.A.1.232) AppleWebKit/537.36 (KHTML, like Gecko) Chrome/46.0.2490.76 Mobile Safari/537.36"
109.45.0.177 - - [09/Nov/2015:13:50:25 +0100] "GET /img/contentBg.png HTTP/1.1" 200 110 "http://www.bsb-schrott.de/css/stylesheet.css" "Mozilla/5.0 (Linux; Android 5.1.1; D5803 Build/23.4.A.1.232) AppleWebKit/537.36 (KHTML, like Gecko) Chrome/46.0.2490.76 Mobile Safari/537.36"
109.45.0.177 - - [09/Nov/2015:13:50:25 +0100] "GET /img/bsb_background.jpg HTTP/1.1" 200 84092 "http://www.bsb-schrott.de/css/stylesheet.css" "Mozilla/5.0 (Linux; Android 5.1.1; D5803 Build/23.4.A.1.232) AppleWebKit/537.36 (KHTML, like Gecko) Chrome/46.0.2490.76 Mobile Safari/537.36"
109.45.0.177 - - [09/Nov/2015:13:50:25 +0100] "GET /img/gradient_footer.png HTTP/1.1" 200 140 "http://www.bsb-schrott.de/css/stylesheet.css" "Mozilla/5.0 (Linux; Android 5.1.1; D5803 Build/23.4.A.1.232) AppleWebKit/537.36 (KHTML, like Gecko) Chrome/46.0.2490.76 Mobile Safari/537.36"
109.45.0.177 - - [09/Nov/2015:13:50:25 +0100] "GET /img/timeline.png HTTP/1.1" 200 724 "http://www.bsb-schrott.de/css/stylesheet.css" "Mozilla/5.0 (Linux; Android 5.1.1; D5803 Build/23.4.A.1.232) AppleWebKit/537.36 (KHTML, like Gecko) Chrome/46.0.2490.76 Mobile Safari/537.36"
109.45.0.177 - - [09/Nov/2015:13:50:25 +0100] "GET /img/content_bagger.png HTTP/1.1" 200 143701 "http://www.bsb-schrott.de/css/stylesheet.css" "Mozilla/5.0 (Linux; Android 5.1.1; D5803 Build/23.4.A.1.232) AppleWebKit/537.36 (KHTML, like Gecko) Chrome/46.0.2490.76 Mobile Safari/537.36"
109.45.0.177 - - [09/Nov/2015:13:50:25 +0100] "GET /img/gradient_left.png HTTP/1.1" 200 135 "http://www.bsb-schrott.de/css/stylesheet.css" "Mozilla/5.0 (Linux; Android 5.1.1; D5803 Build/23.4.A.1.232) AppleWebKit/537.36 (KHTML, like Gecko) Chrome/46.0.2490.76 Mobile Safari/537.36"
109.45.0.177 - - [09/Nov/2015:13:50:25 +0100] "GET /img/gradient_right.png HTTP/1.1" 200 127 "http://www.bsb-schrott.de/css/stylesheet.css" "Mozilla/5.0 (Linux; Android 5.1.1; D5803 Build/23.4.A.1.232) AppleWebKit/537.36 (KHTML, like Gecko) Chrome/46.0.2490.76 Mobile Safari/537.36"
109.45.0.177 - - [09/Nov/2015:13:50:25 +0100] "GET /img/gradient_navbar.png HTTP/1.1" 200 144 "http://www.bsb-schrott.de/css/stylesheet.css" "Mozilla/5.0 (Linux; Android 5.1.1; D5803 Build/23.4.A.1.232) AppleWebKit/537.36 (KHTML, like Gecko) Chrome/46.0.2490.76 Mobile Safari/537.36"
109.45.0.177 - - [09/Nov/2015:13:50:25 +0100] "GET /img/lhl.png HTTP/1.1" 200 1132 "http://www.bsb-schrott.de/css/stylesheet.css" "Mozilla/5.0 (Linux; Android 5.1.1; D5803 Build/23.4.A.1.232) AppleWebKit/537.36 (KHTML, like Gecko) Chrome/46.0.2490.76 Mobile Safari/537.36"
109.45.0.177 - - [09/Nov/2015:13:50:26 +0100] "GET /favicon.ico HTTP/1.1" 404 1256 "http://www.bsb-schrott.de/wir-ueber-uns.html" "Mozilla/5.0 (Linux; Android 5.1.1; D5803 Build/23.4.A.1.232) AppleWebKit/537.36 (KHTML, like Gecko) Chrome/46.0.2490.76 Mobile Safari/537.36"
207.46.13.103 - - [09/Nov/2015:14:40:31 +0100] "GET /impressum.html HTTP/1.1" 200 3432 "-" "Mozilla/5.0 (iPhone; CPU iPhone OS 7_0 like Mac OS X) AppleWebKit/537.51.1 (KHTML, like Gecko) Version/7.0 Mobile/11A465 Safari/9537.53 (compatible; bingbot/2.0; http://www.bing.com/bingbot.htm)"
40.77.167.102 - - [09/Nov/2015:14:43:42 +0100] "GET /css/stylesheet.css HTTP/1.1" 200 6399 "-" "Mozilla/5.0 (iPhone; CPU iPhone OS 7_0 like Mac OS X) AppleWebKit/537.51.1 (KHTML, like Gecko) Version/7.0 Mobile/11A465 Safari/9537.53 (compatible; bingbot/2.0; +http://www.bing.com/bingbot.htm)"
207.46.13.61 - - [09/Nov/2015:15:03:13 +0100] "GET / HTTP/1.1" 200 3135 "-" "Mozilla/5.0 (iPhone; CPU iPhone OS 7_0 like Mac OS X) AppleWebKit/537.51.1 (KHTML, like Gecko) Version/7.0 Mobile/11A465 Safari/9537.53 (compatible; bingbot/2.0; http://www.bing.com/bingbot.htm)"
180.76.15.31 - - [09/Nov/2015:15:50:57 +0100] "GET /kontakt.html HTTP/1.1" 200 5302 "-" "Mozilla/5.0 (compatible; Baiduspider/2.0; +http://www.baidu.com/search/spider.html)"
180.76.15.143 - - [09/Nov/2015:15:51:36 +0100] "GET /robots.txt HTTP/1.1" 404 1256 "-" "Mozilla/5.0 (Windows NT 5.1; rv:6.0.2) Gecko/20100101 Firefox/6.0.2"
66.249.78.222 - - [09/Nov/2015:16:28:49 +0100] "GET /robots.txt HTTP/1.1" 404 1256 "-" "Mozilla/5.0 (compatible; Googlebot/2.1; +http://www.google.com/bot.html)"
66.249.78.229 - - [09/Nov/2015:16:28:49 +0100] "GET /css/gudea-regular-webfont.woff HTTP/1.1" 200 21616 "http://www.bsb-schrott.de/impressum.html" "Mozilla/5.0 (compatible; Googlebot/2.1; +http://www.google.com/bot.html)"
66.249.78.222 - - [09/Nov/2015:16:28:49 +0100] "GET /css/gudea-bold-webfont.woff HTTP/1.1" 200 21884 "http://www.bsb-schrott.de/impressum.html" "Mozilla/5.0 (compatible; Googlebot/2.1; +http://www.google.com/bot.html)"
79.212.30.228 - - [09/Nov/2015:16:59:22 +0100] "GET / HTTP/1.1" 200 3135 "http://www.google.de/" "Mozilla/5.0 (iPhone; CPU iPhone OS 9_1 like Mac OS X) AppleWebKit/600.1.4 (KHTML, like Gecko) GSA/9.0.60246 Mobile/13B143 Safari/600.1.4"
79.212.30.228 - - [09/Nov/2015:16:59:22 +0100] "GET /css/stylesheet.css HTTP/1.1" 200 6399 "http://www.bsb-schrott.de/" "Mozilla/5.0 (iPhone; CPU iPhone OS 9_1 like Mac OS X) AppleWebKit/600.1.4 (KHTML, like Gecko) GSA/9.0.60246 Mobile/13B143 Safari/600.1.4"
79.212.30.228 - - [09/Nov/2015:16:59:22 +0100] "GET /img/news.jpg HTTP/1.1" 200 7536 "http://www.bsb-schrott.de/" "Mozilla/5.0 (iPhone; CPU iPhone OS 9_1 like Mac OS X) AppleWebKit/600.1.4 (KHTML, like Gecko) GSA/9.0.60246 Mobile/13B143 Safari/600.1.4"
79.212.30.228 - - [09/Nov/2015:16:59:22 +0100] "GET /img/gradient_header.png HTTP/1.1" 200 253 "http://www.bsb-schrott.de/" "Mozilla/5.0 (iPhone; CPU iPhone OS 9_1 like Mac OS X) AppleWebKit/600.1.4 (KHTML, like Gecko) GSA/9.0.60246 Mobile/13B143 Safari/600.1.4"
79.212.30.228 - - [09/Nov/2015:16:59:22 +0100] "GET /img/bsb_logo.jpg HTTP/1.1" 200 31271 "http://www.bsb-schrott.de/" "Mozilla/5.0 (iPhone; CPU iPhone OS 9_1 like Mac OS X) AppleWebKit/600.1.4 (KHTML, like Gecko) GSA/9.0.60246 Mobile/13B143 Safari/600.1.4"
79.212.30.228 - - [09/Nov/2015:16:59:22 +0100] "GET /img/header_banner.png HTTP/1.1" 200 22955 "http://www.bsb-schrott.de/" "Mozilla/5.0 (iPhone; CPU iPhone OS 9_1 like Mac OS X) AppleWebKit/600.1.4 (KHTML, like Gecko) GSA/9.0.60246 Mobile/13B143 Safari/600.1.4"
79.212.30.228 - - [09/Nov/2015:16:59:22 +0100] "GET /img/iwa_cert.png HTTP/1.1" 200 38259 "http://www.bsb-schrott.de/" "Mozilla/5.0 (iPhone; CPU iPhone OS 9_1 like Mac OS X) AppleWebKit/600.1.4 (KHTML, like Gecko) GSA/9.0.60246 Mobile/13B143 Safari/600.1.4"
79.212.30.228 - - [09/Nov/2015:16:59:22 +0100] "GET /img/nav_activ.png HTTP/1.1" 200 520 "http://www.bsb-schrott.de/" "Mozilla/5.0 (iPhone; CPU iPhone OS 9_1 like Mac OS X) AppleWebKit/600.1.4 (KHTML, like Gecko) GSA/9.0.60246 Mobile/13B143 Safari/600.1.4"
79.212.30.228 - - [09/Nov/2015:16:59:22 +0100] "GET /img/nav.png HTTP/1.1" 200 197 "http://www.bsb-schrott.de/" "Mozilla/5.0 (iPhone; CPU iPhone OS 9_1 like Mac OS X) AppleWebKit/600.1.4 (KHTML, like Gecko) GSA/9.0.60246 Mobile/13B143 Safari/600.1.4"
79.212.30.228 - - [09/Nov/2015:16:59:22 +0100] "GET /img/gradient_navbar.png HTTP/1.1" 200 144 "http://www.bsb-schrott.de/" "Mozilla/5.0 (iPhone; CPU iPhone OS 9_1 like Mac OS X) AppleWebKit/600.1.4 (KHTML, like Gecko) GSA/9.0.60246 Mobile/13B143 Safari/600.1.4"
79.212.30.228 - - [09/Nov/2015:16:59:22 +0100] "GET /img/gradient_left.png HTTP/1.1" 200 135 "http://www.bsb-schrott.de/" "Mozilla/5.0 (iPhone; CPU iPhone OS 9_1 like Mac OS X) AppleWebKit/600.1.4 (KHTML, like Gecko) GSA/9.0.60246 Mobile/13B143 Safari/600.1.4"
79.212.30.228 - - [09/Nov/2015:16:59:22 +0100] "GET /img/contentBg.png HTTP/1.1" 200 110 "http://www.bsb-schrott.de/" "Mozilla/5.0 (iPhone; CPU iPhone OS 9_1 like Mac OS X) AppleWebKit/600.1.4 (KHTML, like Gecko) GSA/9.0.60246 Mobile/13B143 Safari/600.1.4"
79.212.30.228 - - [09/Nov/2015:16:59:22 +0100] "GET /img/lvl.png HTTP/1.1" 200 1441 "http://www.bsb-schrott.de/" "Mozilla/5.0 (iPhone; CPU iPhone OS 9_1 like Mac OS X) AppleWebKit/600.1.4 (KHTML, like Gecko) GSA/9.0.60246 Mobile/13B143 Safari/600.1.4"
79.212.30.228 - - [09/Nov/2015:16:59:22 +0100] "GET /img/gradient_right.png HTTP/1.1" 200 127 "http://www.bsb-schrott.de/" "Mozilla/5.0 (iPhone; CPU iPhone OS 9_1 like Mac OS X) AppleWebKit/600.1.4 (KHTML, like Gecko) GSA/9.0.60246 Mobile/13B143 Safari/600.1.4"
79.212.30.228 - - [09/Nov/2015:16:59:22 +0100] "GET /img/gradient_footer.png HTTP/1.1" 200 140 "http://www.bsb-schrott.de/" "Mozilla/5.0 (iPhone; CPU iPhone OS 9_1 like Mac OS X) AppleWebKit/600.1.4 (KHTML, like Gecko) GSA/9.0.60246 Mobile/13B143 Safari/600.1.4"
79.212.30.228 - - [09/Nov/2015:16:59:22 +0100] "GET /css/gudea-regular-webfont.woff HTTP/1.1" 200 21616 "http://www.bsb-schrott.de/" "Mozilla/5.0 (iPhone; CPU iPhone OS 9_1 like Mac OS X) AppleWebKit/600.1.4 (KHTML, like Gecko) GSA/9.0.60246 Mobile/13B143 Safari/600.1.4"
79.212.30.228 - - [09/Nov/2015:16:59:22 +0100] "GET /css/gudea-bold-webfont.woff HTTP/1.1" 200 21884 "http://www.bsb-schrott.de/" "Mozilla/5.0 (iPhone; CPU iPhone OS 9_1 like Mac OS X) AppleWebKit/600.1.4 (KHTML, like Gecko) GSA/9.0.60246 Mobile/13B143 Safari/600.1.4"
79.212.30.228 - - [09/Nov/2015:16:59:22 +0100] "GET /img/bsb_background.jpg HTTP/1.1" 200 84092 "http://www.bsb-schrott.de/" "Mozilla/5.0 (iPhone; CPU iPhone OS 9_1 like Mac OS X) AppleWebKit/600.1.4 (KHTML, like Gecko) GSA/9.0.60246 Mobile/13B143 Safari/600.1.4"
79.212.30.228 - - [09/Nov/2015:16:59:22 +0100] "GET /img/content_bagger.png HTTP/1.1" 200 143701 "http://www.bsb-schrott.de/" "Mozilla/5.0 (iPhone; CPU iPhone OS 9_1 like Mac OS X) AppleWebKit/600.1.4 (KHTML, like Gecko) GSA/9.0.60246 Mobile/13B143 Safari/600.1.4"
79.212.30.228 - - [09/Nov/2015:16:59:26 +0100] "GET /kontakt.html HTTP/1.1" 200 5302 "http://www.bsb-schrott.de/" "Mozilla/5.0 (iPhone; CPU iPhone OS 9_1 like Mac OS X) AppleWebKit/600.1.4 (KHTML, like Gecko) GSA/9.0.60246 Mobile/13B143 Safari/600.1.4"
79.212.30.228 - - [09/Nov/2015:16:59:26 +0100] "GET /img/lhl.png HTTP/1.1" 200 1132 "http://www.bsb-schrott.de/kontakt.html" "Mozilla/5.0 (iPhone; CPU iPhone OS 9_1 like Mac OS X) AppleWebKit/600.1.4 (KHTML, like Gecko) GSA/9.0.60246 Mobile/13B143 Safari/600.1.4"
207.46.13.61 - - [09/Nov/2015:17:35:42 +0100] "GET /kontakt.html HTTP/1.1" 200 5302 "-" "Mozilla/5.0 (iPhone; CPU iPhone OS 7_0 like Mac OS X) AppleWebKit/537.51.1 (KHTML, like Gecko) Version/7.0 Mobile/11A465 Safari/9537.53 (compatible; bingbot/2.0; http://www.bing.com/bingbot.htm)"
66.249.78.229 - - [09/Nov/2015:19:03:02 +0100] "GET /wir-ueber-uns.html HTTP/1.1" 200 5703 "-" "Mozilla/5.0 (iPhone; CPU iPhone OS 8_3 like Mac OS X) AppleWebKit/600.1.4 (KHTML, like Gecko) Version/8.0 Mobile/12F70 Safari/600.1.4 (compatible; Googlebot/2.1; +http://www.google.com/bot.html)"
93.219.152.90 - - [09/Nov/2015:19:27:50 +0100] "GET /referenzen.html HTTP/1.1" 200 4045 "-" "Mozilla/5.0 (Windows; U; Windows NT 6.0; de; rv:1.9.2.3) Gecko/20100401 Firefox/3.6.3 ( .NET CLR 3.5.30729)"
93.219.152.90 - - [09/Nov/2015:19:36:39 +0100] "GET /wir-ueber-uns.html HTTP/1.1" 200 5703 "-" "Mozilla/5.0 (Windows; U; Windows NT 6.0; de; rv:1.9.2.3) Gecko/20100401 Firefox/3.6.3 ( .NET CLR 3.5.30729)"
66.249.78.229 - - [09/Nov/2015:19:39:10 +0100] "GET /impressum.html HTTP/1.1" 200 3432 "-" "Mozilla/5.0 (iPhone; CPU iPhone OS 8_3 like Mac OS X) AppleWebKit/600.1.4 (KHTML, like Gecko) Version/8.0 Mobile/12F70 Safari/600.1.4 (compatible; Googlebot/2.1; +http://www.google.com/bot.html)"
93.219.152.90 - - [09/Nov/2015:21:13:33 +0100] "GET /index.html HTTP/1.1" 200 3135 "-" "Mozilla/5.0 (Windows; U; Windows NT 6.0; de; rv:1.9.2.3) Gecko/20100401 Firefox/3.6.3 ( .NET CLR 3.5.30729)"
180.76.15.9 - - [09/Nov/2015:22:38:40 +0100] "GET / HTTP/1.1" 200 3135 "-" "Mozilla/5.0 (compatible; Baiduspider/2.0; +http://www.baidu.com/search/spider.html)"
180.76.15.160 - - [09/Nov/2015:22:39:01 +0100] "GET / HTTP/1.1" 200 3135 "-" "Mozilla/5.0 (compatible; Baiduspider/2.0; +http://www.baidu.com/search/spider.html)"
52.10.185.237 - - [09/Nov/2015:23:20:25 +0100] "GET /robots.txt HTTP/1.1" 404 1256 "-" "Mozilla/5.0 (compatible; DomainAppender /1.0; +http://www.profound.net/domainappender)"
66.249.78.229 - - [09/Nov/2015:23:56:07 +0100] "GET /wir-ueber-uns.html HTTP/1.1" 304 - "-" "Mozilla/5.0 (compatible; Googlebot/2.1; +http://www.google.com/bot.html)"
109.45.2.100 - - [10/Nov/2015:00:41:26 +0100] "GET / HTTP/1.1" 200 3135 "http://www.google.de/url?sa=t&source=web&cd=18&rct=j&q=schrottplatz%20pankow%20bsb&ved=0CGsQFjARahUKEwjlpL2gwYTJAhVGDSwKHRI_CqQ&url=http%3A%2F%2Fwww.bsb-schrott.de%2F&usg=AFQjCNEDqREvx0Tr5ZV-8Og1Vv-fFeOPRg" "Mozilla/5.0 (Linux; Android 5.1.1; SAMSUNG SM-G920F/G920FXXU3QOJQ Build/LMY47X) AppleWebKit/537.36 (KHTML, like Gecko) SamsungBrowser/3.2 Chrome/38.0.2125.102 Mobile Safari/537.36"
109.45.2.100 - - [10/Nov/2015:00:41:26 +0100] "GET /css/stylesheet.css HTTP/1.1" 200 6399 "http://www.bsb-schrott.de/" "Mozilla/5.0 (Linux; Android 5.1.1; SAMSUNG SM-G920F/G920FXXU3QOJQ Build/LMY47X) AppleWebKit/537.36 (KHTML, like Gecko) SamsungBrowser/3.2 Chrome/38.0.2125.102 Mobile Safari/537.36"
109.45.2.100 - - [10/Nov/2015:00:41:26 +0100] "GET /img/gradient_header.png HTTP/1.1" 200 253 "http://www.bsb-schrott.de/css/stylesheet.css" "Mozilla/5.0 (Linux; Android 5.1.1; SAMSUNG SM-G920F/G920FXXU3QOJQ Build/LMY47X) AppleWebKit/537.36 (KHTML, like Gecko) SamsungBrowser/3.2 Chrome/38.0.2125.102 Mobile Safari/537.36"
109.45.2.100 - - [10/Nov/2015:00:41:26 +0100] "GET /img/news.jpg HTTP/1.1" 200 7536 "http://www.bsb-schrott.de/" "Mozilla/5.0 (Linux; Android 5.1.1; SAMSUNG SM-G920F/G920FXXU3QOJQ Build/LMY47X) AppleWebKit/537.36 (KHTML, like Gecko) SamsungBrowser/3.2 Chrome/38.0.2125.102 Mobile Safari/537.36"
109.45.2.100 - - [10/Nov/2015:00:41:26 +0100] "GET /css/gudea-regular-webfont.woff HTTP/1.1" 200 21616 "http://www.bsb-schrott.de/css/stylesheet.css" "Mozilla/5.0 (Linux; Android 5.1.1; SAMSUNG SM-G920F/G920FXXU3QOJQ Build/LMY47X) AppleWebKit/537.36 (KHTML, like Gecko) SamsungBrowser/3.2 Chrome/38.0.2125.102 Mobile Safari/537.36"
109.45.2.100 - - [10/Nov/2015:00:41:27 +0100] "GET /img/gradient_left.png HTTP/1.1" 200 135 "http://www.bsb-schrott.de/css/stylesheet.css" "Mozilla/5.0 (Linux; Android 5.1.1; SAMSUNG SM-G920F/G920FXXU3QOJQ Build/LMY47X) AppleWebKit/537.36 (KHTML, like Gecko) SamsungBrowser/3.2 Chrome/38.0.2125.102 Mobile Safari/537.36"
109.45.2.100 - - [10/Nov/2015:00:41:27 +0100] "GET /img/nav_activ.png HTTP/1.1" 200 520 "http://www.bsb-schrott.de/css/stylesheet.css" "Mozilla/5.0 (Linux; Android 5.1.1; SAMSUNG SM-G920F/G920FXXU3QOJQ Build/LMY47X) AppleWebKit/537.36 (KHTML, like Gecko) SamsungBrowser/3.2 Chrome/38.0.2125.102 Mobile Safari/537.36"
109.45.2.100 - - [10/Nov/2015:00:41:27 +0100] "GET /img/nav.png HTTP/1.1" 200 197 "http://www.bsb-schrott.de/css/stylesheet.css" "Mozilla/5.0 (Linux; Android 5.1.1; SAMSUNG SM-G920F/G920FXXU3QOJQ Build/LMY47X) AppleWebKit/537.36 (KHTML, like Gecko) SamsungBrowser/3.2 Chrome/38.0.2125.102 Mobile Safari/537.36"
109.45.2.100 - - [10/Nov/2015:00:41:27 +0100] "GET /img/contentBg.png HTTP/1.1" 200 110 "http://www.bsb-schrott.de/css/stylesheet.css" "Mozilla/5.0 (Linux; Android 5.1.1; SAMSUNG SM-G920F/G920FXXU3QOJQ Build/LMY47X) AppleWebKit/537.36 (KHTML, like Gecko) SamsungBrowser/3.2 Chrome/38.0.2125.102 Mobile Safari/537.36"
109.45.2.100 - - [10/Nov/2015:00:41:27 +0100] "GET /img/header_banner.png HTTP/1.1" 200 22955 "http://www.bsb-schrott.de/css/stylesheet.css" "Mozilla/5.0 (Linux; Android 5.1.1; SAMSUNG SM-G920F/G920FXXU3QOJQ Build/LMY47X) AppleWebKit/537.36 (KHTML, like Gecko) SamsungBrowser/3.2 Chrome/38.0.2125.102 Mobile Safari/537.36"
109.45.2.100 - - [10/Nov/2015:00:41:27 +0100] "GET /css/gudea-bold-webfont.woff HTTP/1.1" 200 21884 "http://www.bsb-schrott.de/css/stylesheet.css" "Mozilla/5.0 (Linux; Android 5.1.1; SAMSUNG SM-G920F/G920FXXU3QOJQ Build/LMY47X) AppleWebKit/537.36 (KHTML, like Gecko) SamsungBrowser/3.2 Chrome/38.0.2125.102 Mobile Safari/537.36"
109.45.2.100 - - [10/Nov/2015:00:41:27 +0100] "GET /img/bsb_logo.jpg HTTP/1.1" 200 31271 "http://www.bsb-schrott.de/css/stylesheet.css" "Mozilla/5.0 (Linux; Android 5.1.1; SAMSUNG SM-G920F/G920FXXU3QOJQ Build/LMY47X) AppleWebKit/537.36 (KHTML, like Gecko) SamsungBrowser/3.2 Chrome/38.0.2125.102 Mobile Safari/537.36"
109.45.2.100 - - [10/Nov/2015:00:41:27 +0100] "GET /img/iwa_cert.png HTTP/1.1" 200 38259 "http://www.bsb-schrott.de/css/stylesheet.css" "Mozilla/5.0 (Linux; Android 5.1.1; SAMSUNG SM-G920F/G920FXXU3QOJQ Build/LMY47X) AppleWebKit/537.36 (KHTML, like Gecko) SamsungBrowser/3.2 Chrome/38.0.2125.102 Mobile Safari/537.36"
109.45.2.100 - - [10/Nov/2015:00:41:27 +0100] "GET /img/bsb_background.jpg HTTP/1.1" 200 84092 "http://www.bsb-schrott.de/css/stylesheet.css" "Mozilla/5.0 (Linux; Android 5.1.1; SAMSUNG SM-G920F/G920FXXU3QOJQ Build/LMY47X) AppleWebKit/537.36 (KHTML, like Gecko) SamsungBrowser/3.2 Chrome/38.0.2125.102 Mobile Safari/537.36"
109.45.2.100 - - [10/Nov/2015:00:41:27 +0100] "GET /img/lvl.png HTTP/1.1" 200 1441 "http://www.bsb-schrott.de/css/stylesheet.css" "Mozilla/5.0 (Linux; Android 5.1.1; SAMSUNG SM-G920F/G920FXXU3QOJQ Build/LMY47X) AppleWebKit/537.36 (KHTML, like Gecko) SamsungBrowser/3.2 Chrome/38.0.2125.102 Mobile Safari/537.36"
109.45.2.100 - - [10/Nov/2015:00:41:28 +0100] "GET /img/gradient_navbar.png HTTP/1.1" 200 144 "http://www.bsb-schrott.de/css/stylesheet.css" "Mozilla/5.0 (Linux; Android 5.1.1; SAMSUNG SM-G920F/G920FXXU3QOJQ Build/LMY47X) AppleWebKit/537.36 (KHTML, like Gecko) SamsungBrowser/3.2 Chrome/38.0.2125.102 Mobile Safari/537.36"
109.45.2.100 - - [10/Nov/2015:00:41:28 +0100] "GET /img/gradient_right.png HTTP/1.1" 200 127 "http://www.bsb-schrott.de/css/stylesheet.css" "Mozilla/5.0 (Linux; Android 5.1.1; SAMSUNG SM-G920F/G920FXXU3QOJQ Build/LMY47X) AppleWebKit/537.36 (KHTML, like Gecko) SamsungBrowser/3.2 Chrome/38.0.2125.102 Mobile Safari/537.36"
109.45.2.100 - - [10/Nov/2015:00:41:29 +0100] "GET /img/gradient_footer.png HTTP/1.1" 200 140 "http://www.bsb-schrott.de/css/stylesheet.css" "Mozilla/5.0 (Linux; Android 5.1.1; SAMSUNG SM-G920F/G920FXXU3QOJQ Build/LMY47X) AppleWebKit/537.36 (KHTML, like Gecko) SamsungBrowser/3.2 Chrome/38.0.2125.102 Mobile Safari/537.36"
109.45.2.100 - - [10/Nov/2015:00:41:29 +0100] "GET /img/content_bagger.png HTTP/1.1" 200 143701 "http://www.bsb-schrott.de/css/stylesheet.css" "Mozilla/5.0 (Linux; Android 5.1.1; SAMSUNG SM-G920F/G920FXXU3QOJQ Build/LMY47X) AppleWebKit/537.36 (KHTML, like Gecko) SamsungBrowser/3.2 Chrome/38.0.2125.102 Mobile Safari/537.36"
109.45.2.100 - - [10/Nov/2015:00:41:29 +0100] "GET /favicon.ico HTTP/1.1" 404 1256 "-" "Mozilla/5.0 (Linux; Android 5.1.1; SAMSUNG SM-G920F/G920FXXU3QOJQ Build/LMY47X) AppleWebKit/537.36 (KHTML, like Gecko) SamsungBrowser/3.2 Chrome/38.0.2125.102 Mobile Safari/537.36"
109.45.2.100 - - [10/Nov/2015:00:41:38 +0100] "GET /kontakt.html HTTP/1.1" 200 5302 "http://www.bsb-schrott.de/" "Mozilla/5.0 (Linux; Android 5.1.1; SAMSUNG SM-G920F/G920FXXU3QOJQ Build/LMY47X) AppleWebKit/537.36 (KHTML, like Gecko) SamsungBrowser/3.2 Chrome/38.0.2125.102 Mobile Safari/537.36"
109.45.2.100 - - [10/Nov/2015:00:41:39 +0100] "GET /img/lhl.png HTTP/1.1" 200 1132 "http://www.bsb-schrott.de/css/stylesheet.css" "Mozilla/5.0 (Linux; Android 5.1.1; SAMSUNG SM-G920F/G920FXXU3QOJQ Build/LMY47X) AppleWebKit/537.36 (KHTML, like Gecko) SamsungBrowser/3.2 Chrome/38.0.2125.102 Mobile Safari/537.36"
93.219.152.90 - - [10/Nov/2015:02:56:24 +0100] "GET /kontakt.html HTTP/1.1" 200 5302 "-" "Mozilla/5.0 (Windows; U; Windows NT 6.0; de; rv:1.9.2.3) Gecko/20100401 Firefox/3.6.3 ( .NET CLR 3.5.30729)"
66.249.78.215 - - [10/Nov/2015:05:27:50 +0100] "GET /robots.txt HTTP/1.1" 404 1256 "-" "Mozilla/5.0 (compatible; Googlebot/2.1; +http://www.google.com/bot.html)"
66.249.78.229 - - [10/Nov/2015:05:27:50 +0100] "GET / HTTP/1.1" 200 3135 "-" "SAMSUNG-SGH-E250/1.0 Profile/MIDP-2.0 Configuration/CLDC-1.1 UP.Browser/6.2.3.3.c.1.101 (GUI) MMP/2.0 (compatible; Googlebot-Mobile/2.1; +http://www.google.com/bot.html)"
207.46.13.81 - - [10/Nov/2015:06:10:01 +0100] "GET /pub/BSB_IWA_Zertifikat.pdf HTTP/1.1" 200 3096963 "-" "Mozilla/5.0 (iPhone; CPU iPhone OS 7_0 like Mac OS X) AppleWebKit/537.51.1 (KHTML, like Gecko) Version/7.0 Mobile/11A465 Safari/9537.53 (compatible; bingbot/2.0; http://www.bing.com/bingbot.htm)"
93.219.165.67 - - [10/Nov/2015:06:12:07 +0100] "GET /leistungen.html HTTP/1.1" 200 3224 "-" "Mozilla/5.0 (Windows; U; Windows NT 6.0; de; rv:1.9.2.3) Gecko/20100401 Firefox/3.6.3 ( .NET CLR 3.5.30729)"
77.12.195.103 - - [10/Nov/2015:08:54:22 +0100] "GET / HTTP/1.1" 304 - "http://www.google.de/url?sa=t&source=web&cd=18&rct=j&q=schrottplatz%20pankow%20bsb&ved=0CGsQFjARahUKEwislZrsr4XJAhXE7A4KHUjpDj4&url=http%3A%2F%2Fwww.bsb-schrott.de%2F&usg=AFQjCNEDqREvx0Tr5ZV-8Og1Vv-fFeOPRg" "Mozilla/5.0 (Linux; Android 5.1.1; SAMSUNG SM-G920F/G920FXXU3QOJQ Build/LMY47X) AppleWebKit/537.36 (KHTML, like Gecko) SamsungBrowser/3.2 Chrome/38.0.2125.102 Mobile Safari/537.36"
77.12.195.103 - - [10/Nov/2015:08:54:29 +0100] "GET /kontakt.html HTTP/1.1" 304 - "http://www.bsb-schrott.de/" "Mozilla/5.0 (Linux; Android 5.1.1; SAMSUNG SM-G920F/G920FXXU3QOJQ Build/LMY47X) AppleWebKit/537.36 (KHTML, like Gecko) SamsungBrowser/3.2 Chrome/38.0.2125.102 Mobile Safari/537.36"
77.12.195.103 - - [10/Nov/2015:08:56:32 +0100] "GET /wir-ueber-uns.html HTTP/1.1" 200 5703 "http://www.bsb-schrott.de/" "Mozilla/5.0 (Linux; Android 5.1.1; SAMSUNG SM-G920F/G920FXXU3QOJQ Build/LMY47X) AppleWebKit/537.36 (KHTML, like Gecko) SamsungBrowser/3.2 Chrome/38.0.2125.102 Mobile Safari/537.36"
77.12.195.103 - - [10/Nov/2015:08:56:32 +0100] "GET /img/news.jpg HTTP/1.1" 200 7536 "http://www.bsb-schrott.de/wir-ueber-uns.html" "Mozilla/5.0 (Linux; Android 5.1.1; SAMSUNG SM-G920F/G920FXXU3QOJQ Build/LMY47X) AppleWebKit/537.36 (KHTML, like Gecko) SamsungBrowser/3.2 Chrome/38.0.2125.102 Mobile Safari/537.36"
77.12.195.103 - - [10/Nov/2015:08:56:32 +0100] "GET /css/gudea-italic-webfont.woff HTTP/1.1" 200 25624 "http://www.bsb-schrott.de/css/stylesheet.css" "Mozilla/5.0 (Linux; Android 5.1.1; SAMSUNG SM-G920F/G920FXXU3QOJQ Build/LMY47X) AppleWebKit/537.36 (KHTML, like Gecko) SamsungBrowser/3.2 Chrome/38.0.2125.102 Mobile Safari/537.36"
77.12.195.103 - - [10/Nov/2015:08:56:32 +0100] "GET /img/timeline.png HTTP/1.1" 200 724 "http://www.bsb-schrott.de/css/stylesheet.css" "Mozilla/5.0 (Linux; Android 5.1.1; SAMSUNG SM-G920F/G920FXXU3QOJQ Build/LMY47X) AppleWebKit/537.36 (KHTML, like Gecko) SamsungBrowser/3.2 Chrome/38.0.2125.102 Mobile Safari/537.36"
77.12.195.103 - - [10/Nov/2015:08:56:59 +0100] "GET /leistungen.html HTTP/1.1" 200 3224 "http://www.bsb-schrott.de/" "Mozilla/5.0 (Linux; Android 5.1.1; SAMSUNG SM-G920F/G920FXXU3QOJQ Build/LMY47X) AppleWebKit/537.36 (KHTML, like Gecko) SamsungBrowser/3.2 Chrome/38.0.2125.102 Mobile Safari/537.36"
77.12.195.103 - - [10/Nov/2015:08:57:05 +0100] "GET /kontakt.html HTTP/1.1" 304 - "http://www.bsb-schrott.de/" "Mozilla/5.0 (Linux; Android 5.1.1; SAMSUNG SM-G920F/G920FXXU3QOJQ Build/LMY47X) AppleWebKit/537.36 (KHTML, like Gecko) SamsungBrowser/3.2 Chrome/38.0.2125.102 Mobile Safari/537.36"
77.12.195.103 - - [10/Nov/2015:09:26:39 +0100] "GET /wir-ueber-uns.html HTTP/1.1" 200 5703 "https://www.google.de/" "Mozilla/5.0 (Linux; Android 4.4.2; de-de; SAMSUNG SM-T230 Build/KOT49H) AppleWebKit/537.36 (KHTML, like Gecko) Version/1.5 Chrome/28.0.1500.94 Safari/537.36"
77.12.195.103 - - [10/Nov/2015:09:26:40 +0100] "GET /css/stylesheet.css HTTP/1.1" 200 6399 "http://www.bsb-schrott.de/wir-ueber-uns.html" "Mozilla/5.0 (Linux; Android 4.4.2; de-de; SAMSUNG SM-T230 Build/KOT49H) AppleWebKit/537.36 (KHTML, like Gecko) Version/1.5 Chrome/28.0.1500.94 Safari/537.36"
77.12.195.103 - - [10/Nov/2015:09:26:40 +0100] "GET /img/news.jpg HTTP/1.1" 200 7536 "http://www.bsb-schrott.de/wir-ueber-uns.html" "Mozilla/5.0 (Linux; Android 4.4.2; de-de; SAMSUNG SM-T230 Build/KOT49H) AppleWebKit/537.36 (KHTML, like Gecko) Version/1.5 Chrome/28.0.1500.94 Safari/537.36"
77.12.195.103 - - [10/Nov/2015:09:26:40 +0100] "GET /img/gradient_header.png HTTP/1.1" 200 253 "http://www.bsb-schrott.de/wir-ueber-uns.html" "Mozilla/5.0 (Linux; Android 4.4.2; de-de; SAMSUNG SM-T230 Build/KOT49H) AppleWebKit/537.36 (KHTML, like Gecko) Version/1.5 Chrome/28.0.1500.94 Safari/537.36"
77.12.195.103 - - [10/Nov/2015:09:26:40 +0100] "GET /img/nav.png HTTP/1.1" 200 197 "http://www.bsb-schrott.de/wir-ueber-uns.html" "Mozilla/5.0 (Linux; Android 4.4.2; de-de; SAMSUNG SM-T230 Build/KOT49H) AppleWebKit/537.36 (KHTML, like Gecko) Version/1.5 Chrome/28.0.1500.94 Safari/537.36"
77.12.195.103 - - [10/Nov/2015:09:26:40 +0100] "GET /img/nav_activ.png HTTP/1.1" 200 520 "http://www.bsb-schrott.de/wir-ueber-uns.html" "Mozilla/5.0 (Linux; Android 4.4.2; de-de; SAMSUNG SM-T230 Build/KOT49H) AppleWebKit/537.36 (KHTML, like Gecko) Version/1.5 Chrome/28.0.1500.94 Safari/537.36"
77.12.195.103 - - [10/Nov/2015:09:26:40 +0100] "GET /img/gradient_left.png HTTP/1.1" 200 135 "http://www.bsb-schrott.de/wir-ueber-uns.html" "Mozilla/5.0 (Linux; Android 4.4.2; de-de; SAMSUNG SM-T230 Build/KOT49H) AppleWebKit/537.36 (KHTML, like Gecko) Version/1.5 Chrome/28.0.1500.94 Safari/537.36"
77.12.195.103 - - [10/Nov/2015:09:26:40 +0100] "GET /img/gradient_navbar.png HTTP/1.1" 200 144 "http://www.bsb-schrott.de/wir-ueber-uns.html" "Mozilla/5.0 (Linux; Android 4.4.2; de-de; SAMSUNG SM-T230 Build/KOT49H) AppleWebKit/537.36 (KHTML, like Gecko) Version/1.5 Chrome/28.0.1500.94 Safari/537.36"
77.12.195.103 - - [10/Nov/2015:09:26:40 +0100] "GET /img/contentBg.png HTTP/1.1" 200 110 "http://www.bsb-schrott.de/wir-ueber-uns.html" "Mozilla/5.0 (Linux; Android 4.4.2; de-de; SAMSUNG SM-T230 Build/KOT49H) AppleWebKit/537.36 (KHTML, like Gecko) Version/1.5 Chrome/28.0.1500.94 Safari/537.36"
77.12.195.103 - - [10/Nov/2015:09:26:40 +0100] "GET /img/timeline.png HTTP/1.1" 200 724 "http://www.bsb-schrott.de/wir-ueber-uns.html" "Mozilla/5.0 (Linux; Android 4.4.2; de-de; SAMSUNG SM-T230 Build/KOT49H) AppleWebKit/537.36 (KHTML, like Gecko) Version/1.5 Chrome/28.0.1500.94 Safari/537.36"
77.12.195.103 - - [10/Nov/2015:09:26:40 +0100] "GET /img/gradient_right.png HTTP/1.1" 200 127 "http://www.bsb-schrott.de/wir-ueber-uns.html" "Mozilla/5.0 (Linux; Android 4.4.2; de-de; SAMSUNG SM-T230 Build/KOT49H) AppleWebKit/537.36 (KHTML, like Gecko) Version/1.5 Chrome/28.0.1500.94 Safari/537.36"
77.12.195.103 - - [10/Nov/2015:09:26:40 +0100] "GET /img/gradient_footer.png HTTP/1.1" 200 140 "http://www.bsb-schrott.de/wir-ueber-uns.html" "Mozilla/5.0 (Linux; Android 4.4.2; de-de; SAMSUNG SM-T230 Build/KOT49H) AppleWebKit/537.36 (KHTML, like Gecko) Version/1.5 Chrome/28.0.1500.94 Safari/537.36"
77.12.195.103 - - [10/Nov/2015:09:26:40 +0100] "GET /img/bsb_logo.jpg HTTP/1.1" 200 31271 "http://www.bsb-schrott.de/wir-ueber-uns.html" "Mozilla/5.0 (Linux; Android 4.4.2; de-de; SAMSUNG SM-T230 Build/KOT49H) AppleWebKit/537.36 (KHTML, like Gecko) Version/1.5 Chrome/28.0.1500.94 Safari/537.36"
77.12.195.103 - - [10/Nov/2015:09:26:40 +0100] "GET /img/header_banner.png HTTP/1.1" 200 22955 "http://www.bsb-schrott.de/wir-ueber-uns.html" "Mozilla/5.0 (Linux; Android 4.4.2; de-de; SAMSUNG SM-T230 Build/KOT49H) AppleWebKit/537.36 (KHTML, like Gecko) Version/1.5 Chrome/28.0.1500.94 Safari/537.36"
77.12.195.103 - - [10/Nov/2015:09:26:41 +0100] "GET /img/lvl.png HTTP/1.1" 200 1441 "http://www.bsb-schrott.de/wir-ueber-uns.html" "Mozilla/5.0 (Linux; Android 4.4.2; de-de; SAMSUNG SM-T230 Build/KOT49H) AppleWebKit/537.36 (KHTML, like Gecko) Version/1.5 Chrome/28.0.1500.94 Safari/537.36"
77.12.195.103 - - [10/Nov/2015:09:26:40 +0100] "GET /css/gudea-regular-webfont.woff HTTP/1.1" 200 21616 "http://www.bsb-schrott.de/wir-ueber-uns.html" "Mozilla/5.0 (Linux; Android 4.4.2; de-de; SAMSUNG SM-T230 Build/KOT49H) AppleWebKit/537.36 (KHTML, like Gecko) Version/1.5 Chrome/28.0.1500.94 Safari/537.36"
77.12.195.103 - - [10/Nov/2015:09:26:40 +0100] "GET /css/gudea-italic-webfont.woff HTTP/1.1" 200 25624 "http://www.bsb-schrott.de/wir-ueber-uns.html" "Mozilla/5.0 (Linux; Android 4.4.2; de-de; SAMSUNG SM-T230 Build/KOT49H) AppleWebKit/537.36 (KHTML, like Gecko) Version/1.5 Chrome/28.0.1500.94 Safari/537.36"
77.12.195.103 - - [10/Nov/2015:09:26:40 +0100] "GET /css/gudea-bold-webfont.woff HTTP/1.1" 200 21884 "http://www.bsb-schrott.de/wir-ueber-uns.html" "Mozilla/5.0 (Linux; Android 4.4.2; de-de; SAMSUNG SM-T230 Build/KOT49H) AppleWebKit/537.36 (KHTML, like Gecko) Version/1.5 Chrome/28.0.1500.94 Safari/537.36"
77.12.195.103 - - [10/Nov/2015:09:26:40 +0100] "GET /img/bsb_background.jpg HTTP/1.1" 200 84092 "http://www.bsb-schrott.de/wir-ueber-uns.html" "Mozilla/5.0 (Linux; Android 4.4.2; de-de; SAMSUNG SM-T230 Build/KOT49H) AppleWebKit/537.36 (KHTML, like Gecko) Version/1.5 Chrome/28.0.1500.94 Safari/537.36"
77.12.195.103 - - [10/Nov/2015:09:26:40 +0100] "GET /img/content_bagger.png HTTP/1.1" 200 143701 "http://www.bsb-schrott.de/wir-ueber-uns.html" "Mozilla/5.0 (Linux; Android 4.4.2; de-de; SAMSUNG SM-T230 Build/KOT49H) AppleWebKit/537.36 (KHTML, like Gecko) Version/1.5 Chrome/28.0.1500.94 Safari/537.36"
77.12.195.103 - - [10/Nov/2015:09:26:42 +0100] "GET /img/lhl.png HTTP/1.1" 200 1132 "http://www.bsb-schrott.de/wir-ueber-uns.html" "Mozilla/5.0 (Linux; Android 4.4.2; de-de; SAMSUNG SM-T230 Build/KOT49H) AppleWebKit/537.36 (KHTML, like Gecko) Version/1.5 Chrome/28.0.1500.94 Safari/537.36"
77.12.195.103 - - [10/Nov/2015:09:26:45 +0100] "GET /favicon.ico HTTP/1.1" 404 1256 "-" "Mozilla/5.0 (Linux; Android 4.4.2; de-de; SAMSUNG SM-T230 Build/KOT49H) AppleWebKit/537.36 (KHTML, like Gecko) Version/1.5 Chrome/28.0.1500.94 Safari/537.36"
77.12.195.103 - - [10/Nov/2015:09:26:45 +0100] "GET /kontakt.html HTTP/1.1" 200 5302 "http://www.bsb-schrott.de/wir-ueber-uns.html" "Mozilla/5.0 (Linux; Android 4.4.2; de-de; SAMSUNG SM-T230 Build/KOT49H) AppleWebKit/537.36 (KHTML, like Gecko) Version/1.5 Chrome/28.0.1500.94 Safari/537.36"
77.12.195.103 - - [10/Nov/2015:09:26:45 +0100] "GET /img/iwa_cert.png HTTP/1.1" 200 38259 "http://www.bsb-schrott.de/kontakt.html" "Mozilla/5.0 (Linux; Android 4.4.2; de-de; SAMSUNG SM-T230 Build/KOT49H) AppleWebKit/537.36 (KHTML, like Gecko) Version/1.5 Chrome/28.0.1500.94 Safari/537.36"
66.249.78.222 - - [10/Nov/2015:10:01:24 +0100] "GET /impressum.html HTTP/1.1" 304 - "-" "Mozilla/5.0 (compatible; Googlebot/2.1; +http://www.google.com/bot.html)"
66.249.78.215 - - [10/Nov/2015:10:20:14 +0100] "GET / HTTP/1.1" 200 3135 "-" "Mozilla/5.0 (compatible; Googlebot/2.1; +http://www.google.com/bot.html)"
66.249.78.222 - - [10/Nov/2015:12:38:50 +0100] "GET / HTTP/1.1" 200 3135 "-" "Mozilla/5.0 (iPhone; CPU iPhone OS 8_3 like Mac OS X) AppleWebKit/600.1.4 (KHTML, like Gecko) Version/8.0 Mobile/12F70 Safari/600.1.4 (compatible; Googlebot/2.1; +http://www.google.com/bot.html)"
188.165.15.21 - - [10/Nov/2015:12:59:25 +0100] "GET /img/referenzen/011.jpg HTTP/1.1" 200 161700 "-" "Mozilla/5.0 (compatible; AhrefsBot/5.0; +http://ahrefs.com/robot/)"
213.61.218.23 - - [10/Nov/2015:14:27:01 +0100] "GET /impressum.html HTTP/1.1" 200 3432 "-" "-"
180.76.15.148 - - [10/Nov/2015:15:23:43 +0100] "GET /index.html HTTP/1.1" 200 3135 "-" "Mozilla/5.0 (compatible; Baiduspider/2.0; +http://www.baidu.com/search/spider.html)"
180.76.15.155 - - [10/Nov/2015:15:23:44 +0100] "GET / HTTP/1.1" 200 3135 "-" "Mozilla/5.0 (compatible; Baiduspider/2.0; +http://www.baidu.com/search/spider.html)"
180.76.15.157 - - [10/Nov/2015:15:26:59 +0100] "GET / HTTP/1.1" 200 3135 "-" "Mozilla/5.0 (compatible; Baiduspider/2.0; +http://www.baidu.com/search/spider.html)"
180.76.15.137 - - [10/Nov/2015:15:27:06 +0100] "GET / HTTP/1.1" 200 3135 "-" "Mozilla/5.0 (compatible; Baiduspider/2.0; +http://www.baidu.com/search/spider.html)"
180.76.15.25 - - [10/Nov/2015:15:58:12 +0100] "GET /wir-ueber-uns.html HTTP/1.1" 200 5703 "-" "Mozilla/5.0 (compatible; Baiduspider/2.0; +http://www.baidu.com/search/spider.html)"
5.189.152.211 - - [10/Nov/2015:18:54:37 +0100] "GET / HTTP/1.1" 200 3135 "-" "Java/1.8.0_40"
66.249.78.229 - - [10/Nov/2015:20:31:02 +0100] "GET /robots.txt HTTP/1.1" 404 1256 "-" "Mozilla/5.0 (compatible; Googlebot/2.1; +http://www.google.com/bot.html)"
66.249.75.41 - - [10/Nov/2015:20:31:03 +0100] "GET / HTTP/1.1" 200 3135 "-" "DoCoMo/2.0 N905i(c100;TB;W24H16) (compatible; Googlebot-Mobile/2.1; +http://www.google.com/bot.html)"
68.180.230.87 - - [10/Nov/2015:20:32:42 +0100] "GET /robots.txt HTTP/1.1" 404 1256 "-" "Mozilla/5.0 (compatible; Yahoo! Slurp; http://help.yahoo.com/help/us/ysearch/slurp)"
68.180.230.87 - - [10/Nov/2015:20:32:42 +0100] "GET /referenzen.html HTTP/1.1" 304 - "-" "Mozilla/5.0 (compatible; Yahoo! Slurp; http://help.yahoo.com/help/us/ysearch/slurp)"
68.180.230.87 - - [10/Nov/2015:20:34:48 +0100] "GET /pub/BSB_IWA_Zertifikat.pdf HTTP/1.1" 304 - "-" "Mozilla/5.0 (compatible; Yahoo! Slurp; http://help.yahoo.com/help/us/ysearch/slurp)"
79.193.106.208 - - [10/Nov/2015:22:24:45 +0100] "GET /pub/BSB_IWA_Zertifikat.pdf HTTP/1.1" 200 3096963 "-" "Mozilla/5.0 (Windows; U; Windows NT 6.0; de; rv:1.9.2.3) Gecko/20100401 Firefox/3.6.3 ( .NET CLR 3.5.30729)"
79.196.86.96 - - [10/Nov/2015:23:25:41 +0100] "GET /favicon.ico HTTP/1.1" 404 1256 "-" "Mozilla/5.0 (Windows NT 6.1; WOW64; rv:42.0) Gecko/20100101 Firefox/42.0"
180.76.15.6 - - [11/Nov/2015:00:31:08 +0100] "GET / HTTP/1.1" 200 3135 "-" "Mozilla/5.0 (compatible; Baiduspider/2.0; +http://www.baidu.com/search/spider.html)"
180.76.15.137 - - [11/Nov/2015:00:31:24 +0100] "GET / HTTP/1.1" 200 3135 "-" "Mozilla/5.0 (compatible; Baiduspider/2.0; +http://www.baidu.com/search/spider.html)"
176.9.10.39 - - [11/Nov/2015:00:58:50 +0100] "GET / HTTP/1.1" 200 3135 "-" "Mozilla/5.0 (Windows NT 6.1; WOW64) AppleWebKit/537.36 (KHTML, like Gecko) Chrome/37.0.2062.120 Safari/537.36"
180.76.15.18 - - [11/Nov/2015:03:40:29 +0100] "GET / HTTP/1.1" 200 3135 "-" "Mozilla/5.0 (compatible; Baiduspider/2.0; +http://www.baidu.com/search/spider.html)"
79.193.106.208 - - [11/Nov/2015:04:46:51 +0100] "GET /impressum.html HTTP/1.1" 200 3432 "-" "Mozilla/5.0 (Windows; U; Windows NT 6.0; de; rv:1.9.2.3) Gecko/20100401 Firefox/3.6.3 ( .NET CLR 3.5.30729)"
66.249.78.222 - - [11/Nov/2015:06:55:44 +0100] "GET /css/stylesheet.css HTTP/1.1" 200 6399 "http://www.bsb-schrott.de/" "Mozilla/5.0 (compatible; Googlebot/2.1; +http://www.google.com/bot.html)"
180.76.15.34 - - [11/Nov/2015:07:04:07 +0100] "GET / HTTP/1.1" 200 3135 "-" "Mozilla/5.0 (compatible; Baiduspider/2.0; +http://www.baidu.com/search/spider.html)"
180.76.15.21 - - [11/Nov/2015:07:04:18 +0100] "GET / HTTP/1.1" 200 3135 "-" "Mozilla/5.0 (compatible; Baiduspider/2.0; +http://www.baidu.com/search/spider.html)"
