66.249.72.132 - - [23/Aug/2013:18:05:41 +0200] "GET /wir-ueber-uns.html HTTP/1.1" 304 - "-" "Mozilla/5.0 (compatible; Googlebot/2.1; +http://www.google.com/bot.html)"
217.87.107.79 - - [23/Aug/2013:18:47:39 +0200] "GET / HTTP/1.1" 200 3135 "http://maps.gelbeseiten.de/schrottplatz/berlin" "Mozilla/5.0 (Windows NT 5.1) AppleWebKit/537.31 (KHTML, like Gecko) Chrome/26.0.1410.64 Safari/537.31"
217.87.107.79 - - [23/Aug/2013:18:47:39 +0200] "GET /css/stylesheet.css HTTP/1.1" 200 6398 "http://www.bsb-schrott.de/" "Mozilla/5.0 (Windows NT 5.1) AppleWebKit/537.31 (KHTML, like Gecko) Chrome/26.0.1410.64 Safari/537.31"
217.87.107.79 - - [23/Aug/2013:18:47:39 +0200] "GET /img/news.jpg HTTP/1.1" 200 7536 "http://www.bsb-schrott.de/" "Mozilla/5.0 (Windows NT 5.1) AppleWebKit/537.31 (KHTML, like Gecko) Chrome/26.0.1410.64 Safari/537.31"
217.87.107.79 - - [23/Aug/2013:18:47:39 +0200] "GET /img/gradient_header.png HTTP/1.1" 200 253 "http://www.bsb-schrott.de/" "Mozilla/5.0 (Windows NT 5.1) AppleWebKit/537.31 (KHTML, like Gecko) Chrome/26.0.1410.64 Safari/537.31"
217.87.107.79 - - [23/Aug/2013:18:47:39 +0200] "GET /img/bsb_logo.jpg HTTP/1.1" 200 31271 "http://www.bsb-schrott.de/" "Mozilla/5.0 (Windows NT 5.1) AppleWebKit/537.31 (KHTML, like Gecko) Chrome/26.0.1410.64 Safari/537.31"
217.87.107.79 - - [23/Aug/2013:18:47:39 +0200] "GET /img/header_banner.png HTTP/1.1" 200 22955 "http://www.bsb-schrott.de/" "Mozilla/5.0 (Windows NT 5.1) AppleWebKit/537.31 (KHTML, like Gecko) Chrome/26.0.1410.64 Safari/537.31"
217.87.107.79 - - [23/Aug/2013:18:47:39 +0200] "GET /img/nav.png HTTP/1.1" 200 197 "http://www.bsb-schrott.de/" "Mozilla/5.0 (Windows NT 5.1) AppleWebKit/537.31 (KHTML, like Gecko) Chrome/26.0.1410.64 Safari/537.31"
217.87.107.79 - - [23/Aug/2013:18:47:39 +0200] "GET /img/nav_activ.png HTTP/1.1" 200 520 "http://www.bsb-schrott.de/" "Mozilla/5.0 (Windows NT 5.1) AppleWebKit/537.31 (KHTML, like Gecko) Chrome/26.0.1410.64 Safari/537.31"
217.87.107.79 - - [23/Aug/2013:18:47:39 +0200] "GET /img/gradient_navbar.png HTTP/1.1" 200 144 "http://www.bsb-schrott.de/" "Mozilla/5.0 (Windows NT 5.1) AppleWebKit/537.31 (KHTML, like Gecko) Chrome/26.0.1410.64 Safari/537.31"
217.87.107.79 - - [23/Aug/2013:18:47:39 +0200] "GET /img/gradient_left.png HTTP/1.1" 200 135 "http://www.bsb-schrott.de/" "Mozilla/5.0 (Windows NT 5.1) AppleWebKit/537.31 (KHTML, like Gecko) Chrome/26.0.1410.64 Safari/537.31"
217.87.107.79 - - [23/Aug/2013:18:47:39 +0200] "GET /img/contentBg.png HTTP/1.1" 200 110 "http://www.bsb-schrott.de/" "Mozilla/5.0 (Windows NT 5.1) AppleWebKit/537.31 (KHTML, like Gecko) Chrome/26.0.1410.64 Safari/537.31"
217.87.107.79 - - [23/Aug/2013:18:47:39 +0200] "GET /img/lvl.png HTTP/1.1" 200 1441 "http://www.bsb-schrott.de/" "Mozilla/5.0 (Windows NT 5.1) AppleWebKit/537.31 (KHTML, like Gecko) Chrome/26.0.1410.64 Safari/537.31"
217.87.107.79 - - [23/Aug/2013:18:47:39 +0200] "GET /css/gudea-regular-webfont.woff HTTP/1.1" 200 21616 "http://www.bsb-schrott.de/" "Mozilla/5.0 (Windows NT 5.1) AppleWebKit/537.31 (KHTML, like Gecko) Chrome/26.0.1410.64 Safari/537.31"
217.87.107.79 - - [23/Aug/2013:18:47:39 +0200] "GET /css/gudea-bold-webfont.woff HTTP/1.1" 200 21884 "http://www.bsb-schrott.de/" "Mozilla/5.0 (Windows NT 5.1) AppleWebKit/537.31 (KHTML, like Gecko) Chrome/26.0.1410.64 Safari/537.31"
217.87.107.79 - - [23/Aug/2013:18:47:39 +0200] "GET /img/iwa_cert.png HTTP/1.1" 200 38259 "http://www.bsb-schrott.de/" "Mozilla/5.0 (Windows NT 5.1) AppleWebKit/537.31 (KHTML, like Gecko) Chrome/26.0.1410.64 Safari/537.31"
217.87.107.79 - - [23/Aug/2013:18:47:39 +0200] "GET /img/gradient_right.png HTTP/1.1" 200 127 "http://www.bsb-schrott.de/" "Mozilla/5.0 (Windows NT 5.1) AppleWebKit/537.31 (KHTML, like Gecko) Chrome/26.0.1410.64 Safari/537.31"
217.87.107.79 - - [23/Aug/2013:18:47:39 +0200] "GET /img/gradient_footer.png HTTP/1.1" 200 140 "http://www.bsb-schrott.de/" "Mozilla/5.0 (Windows NT 5.1) AppleWebKit/537.31 (KHTML, like Gecko) Chrome/26.0.1410.64 Safari/537.31"
217.87.107.79 - - [23/Aug/2013:18:47:39 +0200] "GET /img/bsb_background.jpg HTTP/1.1" 200 84092 "http://www.bsb-schrott.de/" "Mozilla/5.0 (Windows NT 5.1) AppleWebKit/537.31 (KHTML, like Gecko) Chrome/26.0.1410.64 Safari/537.31"
217.87.107.79 - - [23/Aug/2013:18:47:39 +0200] "GET /img/content_bagger.png HTTP/1.1" 200 143701 "http://www.bsb-schrott.de/" "Mozilla/5.0 (Windows NT 5.1) AppleWebKit/537.31 (KHTML, like Gecko) Chrome/26.0.1410.64 Safari/537.31"
217.87.107.79 - - [23/Aug/2013:18:47:39 +0200] "GET /favicon.ico HTTP/1.1" 404 1256 "-" "Mozilla/5.0 (Windows NT 5.1) AppleWebKit/537.31 (KHTML, like Gecko) Chrome/26.0.1410.64 Safari/537.31"
217.87.107.79 - - [23/Aug/2013:18:48:57 +0200] "GET /kontakt.html HTTP/1.1" 200 3830 "http://www.bsb-schrott.de/" "Mozilla/5.0 (Windows NT 5.1) AppleWebKit/537.31 (KHTML, like Gecko) Chrome/26.0.1410.64 Safari/537.31"
217.87.107.79 - - [23/Aug/2013:18:48:57 +0200] "GET /img/lhl.png HTTP/1.1" 200 1132 "http://www.bsb-schrott.de/kontakt.html" "Mozilla/5.0 (Windows NT 5.1) AppleWebKit/537.31 (KHTML, like Gecko) Chrome/26.0.1410.64 Safari/537.31"
217.87.107.79 - - [23/Aug/2013:18:48:58 +0200] "GET /favicon.ico HTTP/1.1" 404 1256 "-" "Mozilla/5.0 (Windows NT 5.1) AppleWebKit/537.31 (KHTML, like Gecko) Chrome/26.0.1410.64 Safari/537.31"
217.87.107.79 - - [23/Aug/2013:18:48:58 +0200] "GET /favicon.ico HTTP/1.1" 404 1256 "-" "Mozilla/5.0 (Windows NT 5.1) AppleWebKit/537.31 (KHTML, like Gecko) Chrome/26.0.1410.64 Safari/537.31"
217.87.107.79 - - [23/Aug/2013:18:48:58 +0200] "GET /favicon.ico HTTP/1.1" 404 1256 "-" "Mozilla/5.0 (Windows NT 5.1) AppleWebKit/537.31 (KHTML, like Gecko) Chrome/26.0.1410.64 Safari/537.31"
46.229.164.100 - - [23/Aug/2013:18:57:22 +0200] "GET /robots.txt HTTP/1.1" 404 1256 "-" "Mozilla/5.0 (compatible; SemrushBot/0.96.4; +http://www.semrush.com/bot.html)"
157.55.32.104 - - [23/Aug/2013:19:00:08 +0200] "GET /robots.txt HTTP/1.1" 404 1256 "-" "Mozilla/5.0 (compatible; bingbot/2.0; +http://www.bing.com/bingbot.htm)"
157.55.32.104 - - [23/Aug/2013:19:00:35 +0200] "GET / HTTP/1.1" 200 3135 "-" "Mozilla/5.0 (compatible; bingbot/2.0; +http://www.bing.com/bingbot.htm)"
66.249.72.132 - - [23/Aug/2013:19:39:37 +0200] "GET / HTTP/1.1" 304 - "-" "Mozilla/5.0 (compatible; Googlebot/2.1; +http://www.google.com/bot.html)"
66.249.72.132 - - [23/Aug/2013:19:55:16 +0200] "GET /impressum.html HTTP/1.1" 304 - "-" "Mozilla/5.0 (compatible; Googlebot/2.1; +http://www.google.com/bot.html)"
66.249.72.132 - - [23/Aug/2013:20:11:12 +0200] "GET /leistungen.html HTTP/1.1" 200 3224 "-" "DoCoMo/2.0 N905i(c100;TB;W24H16) (compatible; Googlebot-Mobile/2.1; +http://www.google.com/bot.html)"
141.8.147.12 - - [23/Aug/2013:21:07:40 +0200] "GET /leistungen.html HTTP/1.1" 200 3224 "-" "Mozilla/5.0 (compatible; YandexBot/3.0; +http://yandex.com/bots)"
120.140.148.190 - - [23/Aug/2013:22:45:31 +0200] "GET / HTTP/1.1" 200 3135 "http://www.gelbeseiten.de/schrottplatz/berlin" "Mozilla/4.0 (compatible; MSIE 7.0; Windows NT 6.1; WOW64; Trident/4.0; SLCC2; .NET CLR 2.0.50727; .NET CLR 3.5.30729; .NET CLR 3.0.30729; Media Center PC 6.0; InfoPath.3; .NET4.0C; .NET4.0E)"
5.10.83.72 - - [23/Aug/2013:23:40:08 +0200] "GET /img/referenzen/PICT1325.jpg HTTP/1.1" 200 338707 "-" "Mozilla/5.0 (compatible; AhrefsBot/5.0; +http://ahrefs.com/robot/)"
66.249.72.132 - - [23/Aug/2013:23:54:53 +0200] "GET /leistungen.html HTTP/1.1" 200 3224 "-" "SAMSUNG-SGH-E250/1.0 Profile/MIDP-2.0 Configuration/CLDC-1.1 UP.Browser/6.2.3.3.c.1.101 (GUI) MMP/2.0 (compatible; Googlebot-Mobile/2.1; +http://www.google.com/bot.html)"
5.10.83.72 - - [24/Aug/2013:02:48:52 +0200] "GET /wir-ueber-uns.html HTTP/1.1" 200 5703 "-" "Mozilla/5.0 (compatible; AhrefsBot/5.0; +http://ahrefs.com/robot/)"
66.249.72.132 - - [24/Aug/2013:05:32:38 +0200] "GET / HTTP/1.1" 200 3135 "-" "Mozilla/5.0 (iPhone; U; CPU iPhone OS 4_1 like Mac OS X; en-us) AppleWebKit/532.9 (KHTML, like Gecko) Version/4.0.5 Mobile/8B117 Safari/6531.22.7 (compatible; Googlebot-Mobile/2.1; +http://www.google.com/bot.html)"
66.249.75.212 - - [24/Aug/2013:05:39:16 +0200] "GET /css/stylesheet.css HTTP/1.1" 200 6398 "-" "Mozilla/5.0 (compatible; Googlebot/2.1; +http://www.google.com/bot.html)"
66.249.72.132 - - [24/Aug/2013:06:50:24 +0200] "GET /robots.txt HTTP/1.1" 404 1256 "-" "Mozilla/5.0 (compatible; Googlebot/2.1; +http://www.google.com/bot.html)"
66.249.72.132 - - [24/Aug/2013:06:50:24 +0200] "GET /pub/BSB_IWA_Zertifikat.pdf HTTP/1.1" 304 - "-" "Mozilla/5.0 (iPhone; U; CPU iPhone OS 4_1 like Mac OS X; en-us) AppleWebKit/532.9 (KHTML, like Gecko) Version/4.0.5 Mobile/8B117 Safari/6531.22.7 (compatible; Googlebot-Mobile/2.1; +http://www.google.com/bot.html)"
5.10.83.72 - - [24/Aug/2013:06:52:38 +0200] "GET /index.html HTTP/1.1" 200 3135 "-" "Mozilla/5.0 (compatible; AhrefsBot/5.0; +http://ahrefs.com/robot/)"
5.255.253.79 - - [24/Aug/2013:07:27:38 +0200] "GET /robots.txt HTTP/1.1" 404 1256 "-" "Mozilla/5.0 (compatible; YandexImages/3.0; +http://yandex.com/bots)"
5.255.253.79 - - [24/Aug/2013:07:54:34 +0200] "GET /img/referenzen/PICT1324.jpg HTTP/1.1" 304 - "-" "Mozilla/5.0 (compatible; YandexImages/3.0; +http://yandex.com/bots)"
5.255.253.79 - - [24/Aug/2013:08:23:29 +0200] "GET /img/referenzen/PICT1325.jpg HTTP/1.1" 304 - "-" "Mozilla/5.0 (compatible; YandexImages/3.0; +http://yandex.com/bots)"
5.255.253.79 - - [24/Aug/2013:08:54:36 +0200] "GET /img/referenzen/thumb/PICT1324.jpg HTTP/1.1" 304 - "-" "Mozilla/5.0 (compatible; YandexImages/3.0; +http://yandex.com/bots)"
141.8.147.12 - - [24/Aug/2013:09:15:16 +0200] "GET /robots.txt HTTP/1.1" 404 1256 "-" "Mozilla/5.0 (compatible; YandexBot/3.0; +http://yandex.com/bots)"
5.255.253.79 - - [24/Aug/2013:09:28:18 +0200] "GET /img/referenzen/114.jpg HTTP/1.1" 304 - "-" "Mozilla/5.0 (compatible; YandexImages/3.0; +http://yandex.com/bots)"
5.255.253.79 - - [24/Aug/2013:10:02:21 +0200] "GET /img/news.jpg HTTP/1.1" 304 - "-" "Mozilla/5.0 (compatible; YandexImages/3.0; +http://yandex.com/bots)"
5.255.253.79 - - [24/Aug/2013:11:10:14 +0200] "GET /img/referenzen/thumb/PICT1325.jpg HTTP/1.1" 304 - "-" "Mozilla/5.0 (compatible; YandexImages/3.0; +http://yandex.com/bots)"
5.10.83.72 - - [24/Aug/2013:11:34:23 +0200] "GET /img/referenzen/114.jpg HTTP/1.1" 200 291853 "-" "Mozilla/5.0 (compatible; AhrefsBot/5.0; +http://ahrefs.com/robot/)"
5.255.253.79 - - [24/Aug/2013:11:43:56 +0200] "GET /img/referenzen/thumb/011.jpg HTTP/1.1" 304 - "-" "Mozilla/5.0 (compatible; YandexImages/3.0; +http://yandex.com/bots)"
5.255.253.79 - - [24/Aug/2013:12:17:24 +0200] "GET /img/referenzen/011.jpg HTTP/1.1" 304 - "-" "Mozilla/5.0 (compatible; YandexImages/3.0; +http://yandex.com/bots)"
5.255.253.79 - - [24/Aug/2013:12:43:59 +0200] "GET /img/referenzen/thumb/114.jpg HTTP/1.1" 304 - "-" "Mozilla/5.0 (compatible; YandexImages/3.0; +http://yandex.com/bots)"
211.254.252.230 - - [24/Aug/2013:15:36:11 +0200] "GET /pub/BSB_IWA_Zertifikat.pdf HTTP/1.0" 200 2808860 "-" "Mozilla/5.0 (Windows NT 6.1; WOW64) AppleWebKit/535.1 (KHTML, like Gecko) Chrome/13.0.782.215 Safari/535.1"
5.10.83.72 - - [24/Aug/2013:15:40:01 +0200] "GET /leistungen.html HTTP/1.1" 200 3224 "-" "Mozilla/5.0 (compatible; AhrefsBot/5.0; +http://ahrefs.com/robot/)"
211.254.252.230 - - [24/Aug/2013:16:04:18 +0200] "GET /pub/BSB_IWA_Zertifikat.pdf HTTP/1.0" 200 2808860 "-" "Mozilla/5.0 (Windows NT 6.1; WOW64) AppleWebKit/535.1 (KHTML, like Gecko) Chrome/13.0.782.215 Safari/535.1"
5.10.83.72 - - [24/Aug/2013:16:04:31 +0200] "GET /referenzen.html HTTP/1.1" 200 4045 "-" "Mozilla/5.0 (compatible; AhrefsBot/5.0; +http://ahrefs.com/robot/)"
211.254.252.230 - - [24/Aug/2013:16:04:40 +0200] "GET /pub/BSB_IWA_Zertifikat.pdf HTTP/1.0" 200 2808860 "-" "Mozilla/5.0 (Windows NT 6.1; WOW64) AppleWebKit/535.1 (KHTML, like Gecko) Chrome/13.0.782.215 Safari/535.1"
5.10.83.72 - - [24/Aug/2013:16:21:24 +0200] "GET /kontakt.html HTTP/1.1" 200 3830 "-" "Mozilla/5.0 (compatible; AhrefsBot/5.0; +http://ahrefs.com/robot/)"
66.249.78.62 - - [24/Aug/2013:16:42:09 +0200] "GET /robots.txt HTTP/1.1" 404 1256 "-" "Mozilla/5.0 (compatible; Googlebot/2.1; +http://www.google.com/bot.html)"
66.249.78.62 - - [24/Aug/2013:16:42:10 +0200] "GET /wir-ueber-uns.html HTTP/1.1" 304 - "-" "Mozilla/5.0 (iPhone; U; CPU iPhone OS 4_1 like Mac OS X; en-us) AppleWebKit/532.9 (KHTML, like Gecko) Version/4.0.5 Mobile/8B117 Safari/6531.22.7 (compatible; Googlebot-Mobile/2.1; +http://www.google.com/bot.html)"
141.8.147.12 - - [24/Aug/2013:16:53:59 +0200] "GET / HTTP/1.1" 200 3135 "-" "Mozilla/5.0 (compatible; YandexBot/3.0; +http://yandex.com/bots)"
81.91.229.140 - - [24/Aug/2013:18:18:57 +0200] "GET / HTTP/1.1" 200 3135 "-" "Mozilla/5.0 (Windows NT 5.1; rv:23.0) Gecko/20100101 Firefox/23.0"
81.91.229.140 - - [24/Aug/2013:18:18:58 +0200] "GET /css/stylesheet.css HTTP/1.1" 200 6398 "http://www.bsb-schrott.de/" "Mozilla/5.0 (Windows NT 5.1; rv:23.0) Gecko/20100101 Firefox/23.0"
81.91.229.140 - - [24/Aug/2013:18:18:58 +0200] "GET /img/news.jpg HTTP/1.1" 200 7536 "http://www.bsb-schrott.de/" "Mozilla/5.0 (Windows NT 5.1; rv:23.0) Gecko/20100101 Firefox/23.0"
81.91.229.140 - - [24/Aug/2013:18:18:59 +0200] "GET /img/gradient_header.png HTTP/1.1" 200 253 "http://www.bsb-schrott.de/css/stylesheet.css" "Mozilla/5.0 (Windows NT 5.1; rv:23.0) Gecko/20100101 Firefox/23.0"
81.91.229.140 - - [24/Aug/2013:18:18:59 +0200] "GET /img/bsb_logo.jpg HTTP/1.1" 200 31271 "http://www.bsb-schrott.de/css/stylesheet.css" "Mozilla/5.0 (Windows NT 5.1; rv:23.0) Gecko/20100101 Firefox/23.0"
81.91.229.140 - - [24/Aug/2013:18:18:59 +0200] "GET /css/gudea-regular-webfont.woff HTTP/1.1" 200 21616 "http://www.bsb-schrott.de/css/stylesheet.css" "Mozilla/5.0 (Windows NT 5.1; rv:23.0) Gecko/20100101 Firefox/23.0"
81.91.229.140 - - [24/Aug/2013:18:18:59 +0200] "GET /img/nav_activ.png HTTP/1.1" 200 520 "http://www.bsb-schrott.de/css/stylesheet.css" "Mozilla/5.0 (Windows NT 5.1; rv:23.0) Gecko/20100101 Firefox/23.0"
81.91.229.140 - - [24/Aug/2013:18:18:59 +0200] "GET /img/header_banner.png HTTP/1.1" 200 22955 "http://www.bsb-schrott.de/css/stylesheet.css" "Mozilla/5.0 (Windows NT 5.1; rv:23.0) Gecko/20100101 Firefox/23.0"
81.91.229.140 - - [24/Aug/2013:18:18:59 +0200] "GET /css/gudea-bold-webfont.woff HTTP/1.1" 200 21884 "http://www.bsb-schrott.de/css/stylesheet.css" "Mozilla/5.0 (Windows NT 5.1; rv:23.0) Gecko/20100101 Firefox/23.0"
81.91.229.140 - - [24/Aug/2013:18:19:00 +0200] "GET /img/nav.png HTTP/1.1" 200 197 "http://www.bsb-schrott.de/css/stylesheet.css" "Mozilla/5.0 (Windows NT 5.1; rv:23.0) Gecko/20100101 Firefox/23.0"
81.91.229.140 - - [24/Aug/2013:18:18:59 +0200] "GET /img/iwa_cert.png HTTP/1.1" 200 38259 "http://www.bsb-schrott.de/css/stylesheet.css" "Mozilla/5.0 (Windows NT 5.1; rv:23.0) Gecko/20100101 Firefox/23.0"
81.91.229.140 - - [24/Aug/2013:18:19:02 +0200] "GET /img/gradient_navbar.png HTTP/1.1" 200 144 "http://www.bsb-schrott.de/css/stylesheet.css" "Mozilla/5.0 (Windows NT 5.1; rv:23.0) Gecko/20100101 Firefox/23.0"
81.91.229.140 - - [24/Aug/2013:18:19:02 +0200] "GET /img/gradient_left.png HTTP/1.1" 200 135 "http://www.bsb-schrott.de/css/stylesheet.css" "Mozilla/5.0 (Windows NT 5.1; rv:23.0) Gecko/20100101 Firefox/23.0"
81.91.229.140 - - [24/Aug/2013:18:19:02 +0200] "GET /img/contentBg.png HTTP/1.1" 200 110 "http://www.bsb-schrott.de/css/stylesheet.css" "Mozilla/5.0 (Windows NT 5.1; rv:23.0) Gecko/20100101 Firefox/23.0"
81.91.229.140 - - [24/Aug/2013:18:19:02 +0200] "GET /img/lvl.png HTTP/1.1" 200 1441 "http://www.bsb-schrott.de/css/stylesheet.css" "Mozilla/5.0 (Windows NT 5.1; rv:23.0) Gecko/20100101 Firefox/23.0"
81.91.229.140 - - [24/Aug/2013:18:19:02 +0200] "GET /img/gradient_right.png HTTP/1.1" 200 127 "http://www.bsb-schrott.de/css/stylesheet.css" "Mozilla/5.0 (Windows NT 5.1; rv:23.0) Gecko/20100101 Firefox/23.0"
81.91.229.140 - - [24/Aug/2013:18:19:02 +0200] "GET /img/gradient_footer.png HTTP/1.1" 200 140 "http://www.bsb-schrott.de/css/stylesheet.css" "Mozilla/5.0 (Windows NT 5.1; rv:23.0) Gecko/20100101 Firefox/23.0"
81.91.229.140 - - [24/Aug/2013:18:19:01 +0200] "GET /img/bsb_background.jpg HTTP/1.1" 200 84092 "http://www.bsb-schrott.de/css/stylesheet.css" "Mozilla/5.0 (Windows NT 5.1; rv:23.0) Gecko/20100101 Firefox/23.0"
81.91.229.140 - - [24/Aug/2013:18:19:07 +0200] "GET /favicon.ico HTTP/1.1" 404 1256 "-" "Mozilla/5.0 (Windows NT 5.1; rv:23.0) Gecko/20100101 Firefox/23.0"
81.91.229.140 - - [24/Aug/2013:18:19:07 +0200] "GET /impressum.html HTTP/1.1" 200 3432 "http://www.bsb-schrott.de/" "Mozilla/5.0 (Windows NT 5.1; rv:23.0) Gecko/20100101 Firefox/23.0"
81.91.229.140 - - [24/Aug/2013:18:19:02 +0200] "GET /img/content_bagger.png HTTP/1.1" 200 143701 "http://www.bsb-schrott.de/css/stylesheet.css" "Mozilla/5.0 (Windows NT 5.1; rv:23.0) Gecko/20100101 Firefox/23.0"
81.91.229.140 - - [24/Aug/2013:18:19:38 +0200] "GET /index.html HTTP/1.1" 200 3135 "http://www.bsb-schrott.de/impressum.html" "Mozilla/5.0 (Windows NT 5.1; rv:23.0) Gecko/20100101 Firefox/23.0"
81.91.229.140 - - [24/Aug/2013:18:21:45 +0200] "GET /kontakt.html HTTP/1.1" 200 3830 "http://www.bsb-schrott.de/index.html" "Mozilla/5.0 (Windows NT 5.1; rv:23.0) Gecko/20100101 Firefox/23.0"
81.91.229.140 - - [24/Aug/2013:18:21:46 +0200] "GET /img/lhl.png HTTP/1.1" 200 1132 "http://www.bsb-schrott.de/css/stylesheet.css" "Mozilla/5.0 (Windows NT 5.1; rv:23.0) Gecko/20100101 Firefox/23.0"
66.249.72.132 - - [24/Aug/2013:23:00:27 +0200] "GET /wir-ueber-uns.html HTTP/1.1" 200 5703 "-" "SAMSUNG-SGH-E250/1.0 Profile/MIDP-2.0 Configuration/CLDC-1.1 UP.Browser/6.2.3.3.c.1.101 (GUI) MMP/2.0 (compatible; Googlebot-Mobile/2.1; +http://www.google.com/bot.html)"
66.249.72.132 - - [24/Aug/2013:23:52:42 +0200] "GET /referenzen.html HTTP/1.1" 200 4045 "-" "DoCoMo/2.0 N905i(c100;TB;W24H16) (compatible; Googlebot-Mobile/2.1; +http://www.google.com/bot.html)"
5.255.253.79 - - [25/Aug/2013:03:22:00 +0200] "GET /img/referenzen/114.jpg HTTP/1.1" 304 - "-" "Mozilla/5.0 (compatible; YandexImages/3.0; +http://yandex.com/bots)"
5.255.253.79 - - [25/Aug/2013:03:49:05 +0200] "GET /img/referenzen/PICT1325.jpg HTTP/1.1" 304 - "-" "Mozilla/5.0 (compatible; YandexImages/3.0; +http://yandex.com/bots)"
5.255.253.79 - - [25/Aug/2013:04:16:09 +0200] "GET /img/referenzen/thumb/011.jpg HTTP/1.1" 304 - "-" "Mozilla/5.0 (compatible; YandexImages/3.0; +http://yandex.com/bots)"
5.255.253.79 - - [25/Aug/2013:04:43:13 +0200] "GET /img/referenzen/thumb/PICT1325.jpg HTTP/1.1" 304 - "-" "Mozilla/5.0 (compatible; YandexImages/3.0; +http://yandex.com/bots)"
5.255.253.79 - - [25/Aug/2013:05:37:23 +0200] "GET /img/referenzen/PICT1324.jpg HTTP/1.1" 304 - "-" "Mozilla/5.0 (compatible; YandexImages/3.0; +http://yandex.com/bots)"
5.10.83.72 - - [25/Aug/2013:05:39:02 +0200] "GET /impressum.html HTTP/1.1" 200 3432 "-" "Mozilla/5.0 (compatible; AhrefsBot/5.0; +http://ahrefs.com/robot/)"
5.255.253.79 - - [25/Aug/2013:06:04:31 +0200] "GET /img/referenzen/011.jpg HTTP/1.1" 304 - "-" "Mozilla/5.0 (compatible; YandexImages/3.0; +http://yandex.com/bots)"
5.10.83.72 - - [25/Aug/2013:06:17:47 +0200] "GET /img/referenzen/PICT1324.jpg HTTP/1.1" 200 286993 "-" "Mozilla/5.0 (compatible; AhrefsBot/5.0; +http://ahrefs.com/robot/)"
5.255.253.79 - - [25/Aug/2013:06:31:34 +0200] "GET /img/referenzen/thumb/114.jpg HTTP/1.1" 304 - "-" "Mozilla/5.0 (compatible; YandexImages/3.0; +http://yandex.com/bots)"
5.255.253.79 - - [25/Aug/2013:07:12:20 +0200] "GET /robots.txt HTTP/1.1" 404 1256 "-" "Mozilla/5.0 (compatible; YandexImages/3.0; +http://yandex.com/bots)"
5.10.83.72 - - [25/Aug/2013:07:13:00 +0200] "GET /img/referenzen/011.jpg HTTP/1.1" 200 161700 "-" "Mozilla/5.0 (compatible; AhrefsBot/5.0; +http://ahrefs.com/robot/)"
5.255.253.79 - - [25/Aug/2013:07:25:51 +0200] "GET /img/referenzen/thumb/PICT1324.jpg HTTP/1.1" 304 - "-" "Mozilla/5.0 (compatible; YandexImages/3.0; +http://yandex.com/bots)"
5.255.253.79 - - [25/Aug/2013:07:33:30 +0200] "GET /img/news.jpg HTTP/1.1" 304 - "-" "Mozilla/5.0 (compatible; YandexImages/3.0; +http://yandex.com/bots)"
66.249.78.62 - - [25/Aug/2013:09:08:50 +0200] "GET /robots.txt HTTP/1.1" 404 1256 "-" "Mozilla/5.0 (compatible; Googlebot/2.1; +http://www.google.com/bot.html)"
66.249.78.62 - - [25/Aug/2013:09:08:51 +0200] "GET /apple-touch-icon-precomposed.png HTTP/1.1" 404 1256 "-" "Googlebot-Image/1.0"
66.249.78.62 - - [25/Aug/2013:09:39:29 +0200] "GET /favicon.ico HTTP/1.1" 404 1256 "-" "Googlebot-Image/1.0"
92.229.46.149 - - [25/Aug/2013:10:28:32 +0200] "GET / HTTP/1.1" 200 3135 "https://www.google.de/" "Mozilla/5.0 (Linux; U; Android 4.1.2; de-de; GT-I9100 Build/JZO54K) AppleWebKit/534.30 (KHTML, like Gecko) Version/4.0 Mobile Safari/534.30"
92.229.46.149 - - [25/Aug/2013:10:28:32 +0200] "GET /css/stylesheet.css HTTP/1.1" 200 6398 "http://www.bsb-schrott.de/" "Mozilla/5.0 (Linux; U; Android 4.1.2; de-de; GT-I9100 Build/JZO54K) AppleWebKit/534.30 (KHTML, like Gecko) Version/4.0 Mobile Safari/534.30"
92.229.46.149 - - [25/Aug/2013:10:28:32 +0200] "GET /img/news.jpg HTTP/1.1" 200 7536 "http://www.bsb-schrott.de/" "Mozilla/5.0 (Linux; U; Android 4.1.2; de-de; GT-I9100 Build/JZO54K) AppleWebKit/534.30 (KHTML, like Gecko) Version/4.0 Mobile Safari/534.30"
92.229.46.149 - - [25/Aug/2013:10:28:32 +0200] "GET /img/gradient_header.png HTTP/1.1" 200 253 "http://www.bsb-schrott.de/" "Mozilla/5.0 (Linux; U; Android 4.1.2; de-de; GT-I9100 Build/JZO54K) AppleWebKit/534.30 (KHTML, like Gecko) Version/4.0 Mobile Safari/534.30"
92.229.46.149 - - [25/Aug/2013:10:28:32 +0200] "GET /img/nav_activ.png HTTP/1.1" 200 520 "http://www.bsb-schrott.de/" "Mozilla/5.0 (Linux; U; Android 4.1.2; de-de; GT-I9100 Build/JZO54K) AppleWebKit/534.30 (KHTML, like Gecko) Version/4.0 Mobile Safari/534.30"
92.229.46.149 - - [25/Aug/2013:10:28:32 +0200] "GET /img/nav.png HTTP/1.1" 200 197 "http://www.bsb-schrott.de/" "Mozilla/5.0 (Linux; U; Android 4.1.2; de-de; GT-I9100 Build/JZO54K) AppleWebKit/534.30 (KHTML, like Gecko) Version/4.0 Mobile Safari/534.30"
92.229.46.149 - - [25/Aug/2013:10:28:32 +0200] "GET /img/gradient_navbar.png HTTP/1.1" 200 144 "http://www.bsb-schrott.de/" "Mozilla/5.0 (Linux; U; Android 4.1.2; de-de; GT-I9100 Build/JZO54K) AppleWebKit/534.30 (KHTML, like Gecko) Version/4.0 Mobile Safari/534.30"
92.229.46.149 - - [25/Aug/2013:10:28:32 +0200] "GET /img/gradient_left.png HTTP/1.1" 200 135 "http://www.bsb-schrott.de/" "Mozilla/5.0 (Linux; U; Android 4.1.2; de-de; GT-I9100 Build/JZO54K) AppleWebKit/534.30 (KHTML, like Gecko) Version/4.0 Mobile Safari/534.30"
92.229.46.149 - - [25/Aug/2013:10:28:32 +0200] "GET /img/contentBg.png HTTP/1.1" 200 110 "http://www.bsb-schrott.de/" "Mozilla/5.0 (Linux; U; Android 4.1.2; de-de; GT-I9100 Build/JZO54K) AppleWebKit/534.30 (KHTML, like Gecko) Version/4.0 Mobile Safari/534.30"
92.229.46.149 - - [25/Aug/2013:10:28:32 +0200] "GET /img/bsb_logo.jpg HTTP/1.1" 200 31271 "http://www.bsb-schrott.de/" "Mozilla/5.0 (Linux; U; Android 4.1.2; de-de; GT-I9100 Build/JZO54K) AppleWebKit/534.30 (KHTML, like Gecko) Version/4.0 Mobile Safari/534.30"
92.229.46.149 - - [25/Aug/2013:10:28:32 +0200] "GET /img/header_banner.png HTTP/1.1" 200 22955 "http://www.bsb-schrott.de/" "Mozilla/5.0 (Linux; U; Android 4.1.2; de-de; GT-I9100 Build/JZO54K) AppleWebKit/534.30 (KHTML, like Gecko) Version/4.0 Mobile Safari/534.30"
92.229.46.149 - - [25/Aug/2013:10:28:32 +0200] "GET /img/iwa_cert.png HTTP/1.1" 200 38259 "http://www.bsb-schrott.de/" "Mozilla/5.0 (Linux; U; Android 4.1.2; de-de; GT-I9100 Build/JZO54K) AppleWebKit/534.30 (KHTML, like Gecko) Version/4.0 Mobile Safari/534.30"
92.229.46.149 - - [25/Aug/2013:10:28:32 +0200] "GET /img/bsb_background.jpg HTTP/1.1" 200 84092 "http://www.bsb-schrott.de/" "Mozilla/5.0 (Linux; U; Android 4.1.2; de-de; GT-I9100 Build/JZO54K) AppleWebKit/534.30 (KHTML, like Gecko) Version/4.0 Mobile Safari/534.30"
92.229.46.149 - - [25/Aug/2013:10:28:32 +0200] "GET /css/gudea-regular-webfont.woff HTTP/1.1" 200 21616 "http://www.bsb-schrott.de/" "Mozilla/5.0 (Linux; U; Android 4.1.2; de-de; GT-I9100 Build/JZO54K) AppleWebKit/534.30 (KHTML, like Gecko) Version/4.0 Mobile Safari/534.30"
92.229.46.149 - - [25/Aug/2013:10:28:32 +0200] "GET /css/gudea-bold-webfont.woff HTTP/1.1" 200 21884 "http://www.bsb-schrott.de/" "Mozilla/5.0 (Linux; U; Android 4.1.2; de-de; GT-I9100 Build/JZO54K) AppleWebKit/534.30 (KHTML, like Gecko) Version/4.0 Mobile Safari/534.30"
92.229.46.149 - - [25/Aug/2013:10:28:32 +0200] "GET /img/content_bagger.png HTTP/1.1" 200 143701 "http://www.bsb-schrott.de/" "Mozilla/5.0 (Linux; U; Android 4.1.2; de-de; GT-I9100 Build/JZO54K) AppleWebKit/534.30 (KHTML, like Gecko) Version/4.0 Mobile Safari/534.30"
92.229.46.149 - - [25/Aug/2013:10:28:33 +0200] "GET /img/lvl.png HTTP/1.1" 200 1441 "http://www.bsb-schrott.de/" "Mozilla/5.0 (Linux; U; Android 4.1.2; de-de; GT-I9100 Build/JZO54K) AppleWebKit/534.30 (KHTML, like Gecko) Version/4.0 Mobile Safari/534.30"
92.229.46.149 - - [25/Aug/2013:10:28:34 +0200] "GET /img/gradient_right.png HTTP/1.1" 200 127 "http://www.bsb-schrott.de/" "Mozilla/5.0 (Linux; U; Android 4.1.2; de-de; GT-I9100 Build/JZO54K) AppleWebKit/534.30 (KHTML, like Gecko) Version/4.0 Mobile Safari/534.30"
92.229.46.149 - - [25/Aug/2013:10:28:34 +0200] "GET /img/gradient_footer.png HTTP/1.1" 200 140 "http://www.bsb-schrott.de/" "Mozilla/5.0 (Linux; U; Android 4.1.2; de-de; GT-I9100 Build/JZO54K) AppleWebKit/534.30 (KHTML, like Gecko) Version/4.0 Mobile Safari/534.30"
92.229.46.149 - - [25/Aug/2013:10:28:34 +0200] "GET /favicon.ico HTTP/1.1" 404 1256 "http://www.bsb-schrott.de/" "Mozilla/5.0 (Linux; U; Android 4.1.2; de-de; GT-I9100 Build/JZO54K) AppleWebKit/534.30 (KHTML, like Gecko) Version/4.0 Mobile Safari/534.30"
92.229.46.149 - - [25/Aug/2013:10:28:56 +0200] "GET /referenzen.html HTTP/1.1" 200 4045 "http://www.bsb-schrott.de/" "Mozilla/5.0 (Linux; U; Android 4.1.2; de-de; GT-I9100 Build/JZO54K) AppleWebKit/534.30 (KHTML, like Gecko) Version/4.0 Mobile Safari/534.30"
92.229.46.149 - - [25/Aug/2013:10:28:56 +0200] "GET /js/jquery.mousewheel-3.0.4.pack.js HTTP/1.1" 200 1279 "http://www.bsb-schrott.de/referenzen.html" "Mozilla/5.0 (Linux; U; Android 4.1.2; de-de; GT-I9100 Build/JZO54K) AppleWebKit/534.30 (KHTML, like Gecko) Version/4.0 Mobile Safari/534.30"
92.229.46.149 - - [25/Aug/2013:10:28:56 +0200] "GET /js/jquery.fancybox-1.3.4.pack.js HTTP/1.1" 200 15624 "http://www.bsb-schrott.de/referenzen.html" "Mozilla/5.0 (Linux; U; Android 4.1.2; de-de; GT-I9100 Build/JZO54K) AppleWebKit/534.30 (KHTML, like Gecko) Version/4.0 Mobile Safari/534.30"
92.229.46.149 - - [25/Aug/2013:10:28:56 +0200] "GET /css/jquery.fancybox-1.3.4.css HTTP/1.1" 200 8776 "http://www.bsb-schrott.de/referenzen.html" "Mozilla/5.0 (Linux; U; Android 4.1.2; de-de; GT-I9100 Build/JZO54K) AppleWebKit/534.30 (KHTML, like Gecko) Version/4.0 Mobile Safari/534.30"
92.229.46.149 - - [25/Aug/2013:10:28:56 +0200] "GET /js/jquery-1.7.2.min.js HTTP/1.1" 200 94840 "http://www.bsb-schrott.de/referenzen.html" "Mozilla/5.0 (Linux; U; Android 4.1.2; de-de; GT-I9100 Build/JZO54K) AppleWebKit/534.30 (KHTML, like Gecko) Version/4.0 Mobile Safari/534.30"
92.229.46.149 - - [25/Aug/2013:10:28:57 +0200] "GET /img/referenzen/thumb/011.jpg HTTP/1.1" 200 5938 "http://www.bsb-schrott.de/referenzen.html" "Mozilla/5.0 (Linux; U; Android 4.1.2; de-de; GT-I9100 Build/JZO54K) AppleWebKit/534.30 (KHTML, like Gecko) Version/4.0 Mobile Safari/534.30"
92.229.46.149 - - [25/Aug/2013:10:28:57 +0200] "GET /img/referenzen/thumb/114.jpg HTTP/1.1" 200 7605 "http://www.bsb-schrott.de/referenzen.html" "Mozilla/5.0 (Linux; U; Android 4.1.2; de-de; GT-I9100 Build/JZO54K) AppleWebKit/534.30 (KHTML, like Gecko) Version/4.0 Mobile Safari/534.30"
92.229.46.149 - - [25/Aug/2013:10:28:57 +0200] "GET /img/referenzen/thumb/PICT1324.jpg HTTP/1.1" 200 9353 "http://www.bsb-schrott.de/referenzen.html" "Mozilla/5.0 (Linux; U; Android 4.1.2; de-de; GT-I9100 Build/JZO54K) AppleWebKit/534.30 (KHTML, like Gecko) Version/4.0 Mobile Safari/534.30"
92.229.46.149 - - [25/Aug/2013:10:28:57 +0200] "GET /img/referenzen/thumb/PICT1325.jpg HTTP/1.1" 200 8059 "http://www.bsb-schrott.de/referenzen.html" "Mozilla/5.0 (Linux; U; Android 4.1.2; de-de; GT-I9100 Build/JZO54K) AppleWebKit/534.30 (KHTML, like Gecko) Version/4.0 Mobile Safari/534.30"
92.229.46.149 - - [25/Aug/2013:10:28:57 +0200] "GET /img/fancy/fancybox.png HTTP/1.1" 200 15287 "http://www.bsb-schrott.de/referenzen.html" "Mozilla/5.0 (Linux; U; Android 4.1.2; de-de; GT-I9100 Build/JZO54K) AppleWebKit/534.30 (KHTML, like Gecko) Version/4.0 Mobile Safari/534.30"
92.229.46.149 - - [25/Aug/2013:10:28:57 +0200] "GET /img/referenzen/011.jpg HTTP/1.1" 200 161700 "http://www.bsb-schrott.de/referenzen.html" "Mozilla/5.0 (Linux; U; Android 4.1.2; de-de; GT-I9100 Build/JZO54K) AppleWebKit/534.30 (KHTML, like Gecko) Version/4.0 Mobile Safari/534.30"
92.229.46.149 - - [25/Aug/2013:10:28:57 +0200] "GET /img/fancy/fancybox-x.png HTTP/1.1" 200 203 "http://www.bsb-schrott.de/referenzen.html" "Mozilla/5.0 (Linux; U; Android 4.1.2; de-de; GT-I9100 Build/JZO54K) AppleWebKit/534.30 (KHTML, like Gecko) Version/4.0 Mobile Safari/534.30"
92.229.46.149 - - [25/Aug/2013:10:28:57 +0200] "GET /img/fancy/fancybox-y.png HTTP/1.1" 200 176 "http://www.bsb-schrott.de/referenzen.html" "Mozilla/5.0 (Linux; U; Android 4.1.2; de-de; GT-I9100 Build/JZO54K) AppleWebKit/534.30 (KHTML, like Gecko) Version/4.0 Mobile Safari/534.30"
92.229.46.149 - - [25/Aug/2013:10:28:57 +0200] "GET /img/fancy/blank.gif HTTP/1.1" 200 43 "http://www.bsb-schrott.de/referenzen.html" "Mozilla/5.0 (Linux; U; Android 4.1.2; de-de; GT-I9100 Build/JZO54K) AppleWebKit/534.30 (KHTML, like Gecko) Version/4.0 Mobile Safari/534.30"
92.229.46.149 - - [25/Aug/2013:10:28:57 +0200] "GET /img/referenzen/114.jpg HTTP/1.1" 200 291853 "http://www.bsb-schrott.de/referenzen.html" "Mozilla/5.0 (Linux; U; Android 4.1.2; de-de; GT-I9100 Build/JZO54K) AppleWebKit/534.30 (KHTML, like Gecko) Version/4.0 Mobile Safari/534.30"
92.229.46.149 - - [25/Aug/2013:10:29:01 +0200] "GET /img/referenzen/PICT1324.jpg HTTP/1.1" 200 286993 "http://www.bsb-schrott.de/referenzen.html" "Mozilla/5.0 (Linux; U; Android 4.1.2; de-de; GT-I9100 Build/JZO54K) AppleWebKit/534.30 (KHTML, like Gecko) Version/4.0 Mobile Safari/534.30"
92.229.46.149 - - [25/Aug/2013:10:29:04 +0200] "GET /img/referenzen/PICT1325.jpg HTTP/1.1" 200 338707 "http://www.bsb-schrott.de/referenzen.html" "Mozilla/5.0 (Linux; U; Android 4.1.2; de-de; GT-I9100 Build/JZO54K) AppleWebKit/534.30 (KHTML, like Gecko) Version/4.0 Mobile Safari/534.30"
92.229.46.149 - - [25/Aug/2013:10:29:15 +0200] "GET /leistungen.html HTTP/1.1" 200 3224 "http://www.bsb-schrott.de/referenzen.html" "Mozilla/5.0 (Linux; U; Android 4.1.2; de-de; GT-I9100 Build/JZO54K) AppleWebKit/534.30 (KHTML, like Gecko) Version/4.0 Mobile Safari/534.30"
92.229.46.149 - - [25/Aug/2013:10:29:40 +0200] "GET /wir-ueber-uns.html HTTP/1.1" 200 5703 "http://www.bsb-schrott.de/leistungen.html" "Mozilla/5.0 (Linux; U; Android 4.1.2; de-de; GT-I9100 Build/JZO54K) AppleWebKit/534.30 (KHTML, like Gecko) Version/4.0 Mobile Safari/534.30"
92.229.46.149 - - [25/Aug/2013:10:29:40 +0200] "GET /img/timeline.png HTTP/1.1" 200 724 "http://www.bsb-schrott.de/wir-ueber-uns.html" "Mozilla/5.0 (Linux; U; Android 4.1.2; de-de; GT-I9100 Build/JZO54K) AppleWebKit/534.30 (KHTML, like Gecko) Version/4.0 Mobile Safari/534.30"
92.229.46.149 - - [25/Aug/2013:10:29:40 +0200] "GET /img/lhl.png HTTP/1.1" 200 1132 "http://www.bsb-schrott.de/wir-ueber-uns.html" "Mozilla/5.0 (Linux; U; Android 4.1.2; de-de; GT-I9100 Build/JZO54K) AppleWebKit/534.30 (KHTML, like Gecko) Version/4.0 Mobile Safari/534.30"
92.229.46.149 - - [25/Aug/2013:10:29:40 +0200] "GET /css/gudea-italic-webfont.woff HTTP/1.1" 200 25624 "http://www.bsb-schrott.de/wir-ueber-uns.html" "Mozilla/5.0 (Linux; U; Android 4.1.2; de-de; GT-I9100 Build/JZO54K) AppleWebKit/534.30 (KHTML, like Gecko) Version/4.0 Mobile Safari/534.30"
92.229.46.149 - - [25/Aug/2013:10:30:17 +0200] "GET /index.html HTTP/1.1" 200 3135 "http://www.bsb-schrott.de/wir-ueber-uns.html" "Mozilla/5.0 (Linux; U; Android 4.1.2; de-de; GT-I9100 Build/JZO54K) AppleWebKit/534.30 (KHTML, like Gecko) Version/4.0 Mobile Safari/534.30"
92.229.46.149 - - [25/Aug/2013:10:30:33 +0200] "GET /favicon.ico HTTP/1.1" 404 1256 "http://www.bsb-schrott.de/wir-ueber-uns.html" "Mozilla/5.0 (Linux; U; Android 4.1.2; de-de; GT-I9100 Build/JZO54K) AppleWebKit/534.30 (KHTML, like Gecko) Version/4.0 Mobile Safari/534.30"
92.229.46.149 - - [25/Aug/2013:10:34:54 +0200] "GET /kontakt.html HTTP/1.1" 200 3830 "http://www.bsb-schrott.de/index.html" "Mozilla/5.0 (Linux; U; Android 4.1.2; de-de; GT-I9100 Build/JZO54K) AppleWebKit/534.30 (KHTML, like Gecko) Version/4.0 Mobile Safari/534.30"
2.207.187.221 - - [25/Aug/2013:13:49:42 +0200] "GET / HTTP/1.1" 200 3135 "http://www.google.de/url?sa=t&rct=j&q=bsb%20berndt.schrott.buntmetall.&source=web&cd=1&ved=0CC8QFjAA&url=http%3A%2F%2Fwww.bsb-schrott.de%2F&ei=z-4ZUv7FO8jEtAbIs4DQBA&usg=AFQjCNEDqREvx0Tr5ZV-8Og1Vv-fFeOPRg&bvm=bv.51156542,d.Yms" "Mozilla/5.0 (compatible; MSIE 10.0; Windows NT 6.2; WOW64; Trident/6.0)"
2.207.187.221 - - [25/Aug/2013:13:49:42 +0200] "GET /css/stylesheet.css HTTP/1.1" 200 6398 "http://www.bsb-schrott.de/" "Mozilla/5.0 (compatible; MSIE 10.0; Windows NT 6.2; WOW64; Trident/6.0)"
2.207.187.221 - - [25/Aug/2013:13:49:42 +0200] "GET /img/gradient_header.png HTTP/1.1" 200 253 "http://www.bsb-schrott.de/" "Mozilla/5.0 (compatible; MSIE 10.0; Windows NT 6.2; WOW64; Trident/6.0)"
2.207.187.221 - - [25/Aug/2013:13:49:42 +0200] "GET /css/gudea-regular-webfont.eot? HTTP/1.1" 200 36144 "http://www.bsb-schrott.de/" "Mozilla/5.0 (compatible; MSIE 10.0; Windows NT 6.2; WOW64; Trident/6.0)"
2.207.187.221 - - [25/Aug/2013:13:49:42 +0200] "GET /img/news.jpg HTTP/1.1" 200 7536 "http://www.bsb-schrott.de/" "Mozilla/5.0 (compatible; MSIE 10.0; Windows NT 6.2; WOW64; Trident/6.0)"
2.207.187.221 - - [25/Aug/2013:13:49:42 +0200] "GET /img/nav.png HTTP/1.1" 200 197 "http://www.bsb-schrott.de/" "Mozilla/5.0 (compatible; MSIE 10.0; Windows NT 6.2; WOW64; Trident/6.0)"
2.207.187.221 - - [25/Aug/2013:13:49:42 +0200] "GET /img/gradient_navbar.png HTTP/1.1" 200 144 "http://www.bsb-schrott.de/" "Mozilla/5.0 (compatible; MSIE 10.0; Windows NT 6.2; WOW64; Trident/6.0)"
2.207.187.221 - - [25/Aug/2013:13:49:43 +0200] "GET /img/nav_activ.png HTTP/1.1" 200 520 "http://www.bsb-schrott.de/" "Mozilla/5.0 (compatible; MSIE 10.0; Windows NT 6.2; WOW64; Trident/6.0)"
2.207.187.221 - - [25/Aug/2013:13:49:42 +0200] "GET /css/gudea-bold-webfont.eot? HTTP/1.1" 200 36156 "http://www.bsb-schrott.de/" "Mozilla/5.0 (compatible; MSIE 10.0; Windows NT 6.2; WOW64; Trident/6.0)"
2.207.187.221 - - [25/Aug/2013:13:49:42 +0200] "GET /img/bsb_background.jpg HTTP/1.1" 200 84092 "http://www.bsb-schrott.de/" "Mozilla/5.0 (compatible; MSIE 10.0; Windows NT 6.2; WOW64; Trident/6.0)"
2.207.187.221 - - [25/Aug/2013:13:49:43 +0200] "GET /img/header_banner.png HTTP/1.1" 200 22955 "http://www.bsb-schrott.de/" "Mozilla/5.0 (compatible; MSIE 10.0; Windows NT 6.2; WOW64; Trident/6.0)"
2.207.187.221 - - [25/Aug/2013:13:49:43 +0200] "GET /img/bsb_logo.jpg HTTP/1.1" 200 31271 "http://www.bsb-schrott.de/" "Mozilla/5.0 (compatible; MSIE 10.0; Windows NT 6.2; WOW64; Trident/6.0)"
2.207.187.221 - - [25/Aug/2013:13:49:43 +0200] "GET /img/iwa_cert.png HTTP/1.1" 200 38259 "http://www.bsb-schrott.de/" "Mozilla/5.0 (compatible; MSIE 10.0; Windows NT 6.2; WOW64; Trident/6.0)"
2.207.187.221 - - [25/Aug/2013:13:49:43 +0200] "GET /img/gradient_left.png HTTP/1.1" 200 135 "http://www.bsb-schrott.de/" "Mozilla/5.0 (compatible; MSIE 10.0; Windows NT 6.2; WOW64; Trident/6.0)"
2.207.187.221 - - [25/Aug/2013:13:49:44 +0200] "GET /img/lvl.png HTTP/1.1" 200 1441 "http://www.bsb-schrott.de/" "Mozilla/5.0 (compatible; MSIE 10.0; Windows NT 6.2; WOW64; Trident/6.0)"
2.207.187.221 - - [25/Aug/2013:13:49:44 +0200] "GET /img/gradient_right.png HTTP/1.1" 200 127 "http://www.bsb-schrott.de/" "Mozilla/5.0 (compatible; MSIE 10.0; Windows NT 6.2; WOW64; Trident/6.0)"
2.207.187.221 - - [25/Aug/2013:13:49:45 +0200] "GET /img/gradient_footer.png HTTP/1.1" 200 140 "http://www.bsb-schrott.de/" "Mozilla/5.0 (compatible; MSIE 10.0; Windows NT 6.2; WOW64; Trident/6.0)"
2.207.187.221 - - [25/Aug/2013:13:49:46 +0200] "GET /img/contentBg.png HTTP/1.1" 200 110 "http://www.bsb-schrott.de/" "Mozilla/5.0 (compatible; MSIE 10.0; Windows NT 6.2; WOW64; Trident/6.0)"
2.207.187.221 - - [25/Aug/2013:13:49:46 +0200] "GET /img/content_bagger.png HTTP/1.1" 200 143701 "http://www.bsb-schrott.de/" "Mozilla/5.0 (compatible; MSIE 10.0; Windows NT 6.2; WOW64; Trident/6.0)"
2.207.187.221 - - [25/Aug/2013:13:49:50 +0200] "GET /favicon.ico HTTP/1.1" 404 1256 "-" "Mozilla/5.0 (compatible; MSIE 10.0; Windows NT 6.2; Win64; x64; Trident/6.0)"
66.249.78.62 - - [25/Aug/2013:15:53:15 +0200] "GET /robots.txt HTTP/1.1" 404 1256 "-" "Mozilla/5.0 (compatible; Googlebot/2.1; +http://www.google.com/bot.html)"
66.249.78.62 - - [25/Aug/2013:15:53:15 +0200] "GET / HTTP/1.1" 200 3135 "-" "Mozilla/5.0 (iPhone; U; CPU iPhone OS 4_1 like Mac OS X; en-us) AppleWebKit/532.9 (KHTML, like Gecko) Version/4.0.5 Mobile/8B117 Safari/6531.22.7 (compatible; Googlebot-Mobile/2.1; +http://www.google.com/bot.html)"
66.249.78.62 - - [25/Aug/2013:16:02:19 +0200] "GET /css/stylesheet.css HTTP/1.1" 200 6398 "-" "Mozilla/5.0 (compatible; Googlebot/2.1; +http://www.google.com/bot.html)"
157.56.92.173 - - [25/Aug/2013:16:07:56 +0200] "GET /robots.txt HTTP/1.1" 404 1256 "-" "Mozilla/5.0 (compatible; bingbot/2.0; +http://www.bing.com/bingbot.htm)"
157.56.92.173 - - [25/Aug/2013:16:10:07 +0200] "GET /pub/BSB_IWA_Zertifikat.pdf HTTP/1.1" 200 2808860 "-" "Mozilla/5.0 (compatible; bingbot/2.0; +http://www.bing.com/bingbot.htm)"
66.249.78.62 - - [25/Aug/2013:16:58:18 +0200] "GET /impressum.html HTTP/1.1" 304 - "-" "Mozilla/5.0 (iPhone; U; CPU iPhone OS 4_1 like Mac OS X; en-us) AppleWebKit/532.9 (KHTML, like Gecko) Version/4.0.5 Mobile/8B117 Safari/6531.22.7 (compatible; Googlebot-Mobile/2.1; +http://www.google.com/bot.html)"
208.115.113.88 - - [25/Aug/2013:16:58:42 +0200] "GET /robots.txt HTTP/1.1" 404 1256 "-" "Mozilla/5.0 (compatible; Ezooms/1.0; ezooms.bot@gmail.com)"
208.115.113.88 - - [25/Aug/2013:18:47:15 +0200] "GET /referenzen.html HTTP/1.1" 200 4045 "-" "Mozilla/5.0 (compatible; Ezooms/1.0; ezooms.bot@gmail.com)"
85.214.21.33 - - [25/Aug/2013:20:16:10 +0200] "GET / HTTP/1.0" 200 3135 "-" "-"
66.249.78.62 - - [25/Aug/2013:21:40:34 +0200] "GET /referenzen.html HTTP/1.1" 200 4045 "-" "SAMSUNG-SGH-E250/1.0 Profile/MIDP-2.0 Configuration/CLDC-1.1 UP.Browser/6.2.3.3.c.1.101 (GUI) MMP/2.0 (compatible; Googlebot-Mobile/2.1; +http://www.google.com/bot.html)"
66.249.78.62 - - [26/Aug/2013:03:15:22 +0200] "GET /referenzen.html HTTP/1.1" 304 - "-" "Mozilla/5.0 (iPhone; U; CPU iPhone OS 4_1 like Mac OS X; en-us) AppleWebKit/532.9 (KHTML, like Gecko) Version/4.0.5 Mobile/8B117 Safari/6531.22.7 (compatible; Googlebot-Mobile/2.1; +http://www.google.com/bot.html)"
208.115.113.84 - - [26/Aug/2013:04:05:54 +0200] "GET /robots.txt HTTP/1.1" 404 1256 "-" "Mozilla/5.0 (compatible; Ezooms/1.0; ezooms.bot@gmail.com)"
87.106.227.210 - - [26/Aug/2013:05:47:06 +0200] "GET / HTTP/1.1" 200 3135 "-" "-"
208.115.113.84 - - [26/Aug/2013:05:57:37 +0200] "GET /referenzen.html HTTP/1.1" 200 4045 "-" "Mozilla/5.0 (compatible; Ezooms/1.0; ezooms.bot@gmail.com)"
109.45.0.25 - - [26/Aug/2013:06:58:03 +0200] "GET /wir-ueber-uns.html HTTP/1.1" 200 5703 "https://www.google.de/" "Mozilla/5.0 (iPhone; CPU iPhone OS 6_1_3 like Mac OS X) AppleWebKit/536.26 (KHTML, like Gecko) Version/6.0 Mobile/10B329 Safari/8536.25"
109.45.0.25 - - [26/Aug/2013:06:58:03 +0200] "GET /css/stylesheet.css HTTP/1.1" 200 6398 "http://www.bsb-schrott.de/wir-ueber-uns.html" "Mozilla/5.0 (iPhone; CPU iPhone OS 6_1_3 like Mac OS X) AppleWebKit/536.26 (KHTML, like Gecko) Version/6.0 Mobile/10B329 Safari/8536.25"
109.45.0.25 - - [26/Aug/2013:06:58:03 +0200] "GET /img/gradient_header.png HTTP/1.1" 200 253 "http://www.bsb-schrott.de/wir-ueber-uns.html" "Mozilla/5.0 (iPhone; CPU iPhone OS 6_1_3 like Mac OS X) AppleWebKit/536.26 (KHTML, like Gecko) Version/6.0 Mobile/10B329 Safari/8536.25"
109.45.0.25 - - [26/Aug/2013:06:58:03 +0200] "GET /img/nav_activ.png HTTP/1.1" 200 520 "http://www.bsb-schrott.de/wir-ueber-uns.html" "Mozilla/5.0 (iPhone; CPU iPhone OS 6_1_3 like Mac OS X) AppleWebKit/536.26 (KHTML, like Gecko) Version/6.0 Mobile/10B329 Safari/8536.25"
109.45.0.25 - - [26/Aug/2013:06:58:03 +0200] "GET /img/header_banner.png HTTP/1.1" 200 22955 "http://www.bsb-schrott.de/wir-ueber-uns.html" "Mozilla/5.0 (iPhone; CPU iPhone OS 6_1_3 like Mac OS X) AppleWebKit/536.26 (KHTML, like Gecko) Version/6.0 Mobile/10B329 Safari/8536.25"
109.45.0.25 - - [26/Aug/2013:06:58:03 +0200] "GET /img/nav.png HTTP/1.1" 200 197 "http://www.bsb-schrott.de/wir-ueber-uns.html" "Mozilla/5.0 (iPhone; CPU iPhone OS 6_1_3 like Mac OS X) AppleWebKit/536.26 (KHTML, like Gecko) Version/6.0 Mobile/10B329 Safari/8536.25"
109.45.0.25 - - [26/Aug/2013:06:58:03 +0200] "GET /img/bsb_logo.jpg HTTP/1.1" 200 31271 "http://www.bsb-schrott.de/wir-ueber-uns.html" "Mozilla/5.0 (iPhone; CPU iPhone OS 6_1_3 like Mac OS X) AppleWebKit/536.26 (KHTML, like Gecko) Version/6.0 Mobile/10B329 Safari/8536.25"
109.45.0.25 - - [26/Aug/2013:06:58:03 +0200] "GET /img/iwa_cert.png HTTP/1.1" 200 38259 "http://www.bsb-schrott.de/wir-ueber-uns.html" "Mozilla/5.0 (iPhone; CPU iPhone OS 6_1_3 like Mac OS X) AppleWebKit/536.26 (KHTML, like Gecko) Version/6.0 Mobile/10B329 Safari/8536.25"
109.45.0.25 - - [26/Aug/2013:06:58:03 +0200] "GET /img/content_bagger.png HTTP/1.1" 200 143701 "http://www.bsb-schrott.de/wir-ueber-uns.html" "Mozilla/5.0 (iPhone; CPU iPhone OS 6_1_3 like Mac OS X) AppleWebKit/536.26 (KHTML, like Gecko) Version/6.0 Mobile/10B329 Safari/8536.25"
109.45.0.25 - - [26/Aug/2013:06:58:04 +0200] "GET /img/timeline.png HTTP/1.1" 200 724 "http://www.bsb-schrott.de/wir-ueber-uns.html" "Mozilla/5.0 (iPhone; CPU iPhone OS 6_1_3 like Mac OS X) AppleWebKit/536.26 (KHTML, like Gecko) Version/6.0 Mobile/10B329 Safari/8536.25"
109.45.0.25 - - [26/Aug/2013:06:58:04 +0200] "GET /img/lhl.png HTTP/1.1" 200 1132 "http://www.bsb-schrott.de/wir-ueber-uns.html" "Mozilla/5.0 (iPhone; CPU iPhone OS 6_1_3 like Mac OS X) AppleWebKit/536.26 (KHTML, like Gecko) Version/6.0 Mobile/10B329 Safari/8536.25"
109.45.0.25 - - [26/Aug/2013:06:58:04 +0200] "GET /img/news.jpg HTTP/1.1" 200 7536 "http://www.bsb-schrott.de/wir-ueber-uns.html" "Mozilla/5.0 (iPhone; CPU iPhone OS 6_1_3 like Mac OS X) AppleWebKit/536.26 (KHTML, like Gecko) Version/6.0 Mobile/10B329 Safari/8536.25"
109.45.0.25 - - [26/Aug/2013:06:58:04 +0200] "GET /img/contentBg.png HTTP/1.1" 200 110 "http://www.bsb-schrott.de/wir-ueber-uns.html" "Mozilla/5.0 (iPhone; CPU iPhone OS 6_1_3 like Mac OS X) AppleWebKit/536.26 (KHTML, like Gecko) Version/6.0 Mobile/10B329 Safari/8536.25"
109.45.0.25 - - [26/Aug/2013:06:58:06 +0200] "GET /img/bsb_background.jpg HTTP/1.1" 200 84092 "http://www.bsb-schrott.de/wir-ueber-uns.html" "Mozilla/5.0 (iPhone; CPU iPhone OS 6_1_3 like Mac OS X) AppleWebKit/536.26 (KHTML, like Gecko) Version/6.0 Mobile/10B329 Safari/8536.25"
109.45.0.25 - - [26/Aug/2013:06:58:08 +0200] "GET /css/gudea-regular-webfont.woff HTTP/1.1" 200 21616 "http://www.bsb-schrott.de/wir-ueber-uns.html" "Mozilla/5.0 (iPhone; CPU iPhone OS 6_1_3 like Mac OS X) AppleWebKit/536.26 (KHTML, like Gecko) Version/6.0 Mobile/10B329 Safari/8536.25"
109.45.0.25 - - [26/Aug/2013:06:58:10 +0200] "GET /css/gudea-italic-webfont.woff HTTP/1.1" 200 25624 "http://www.bsb-schrott.de/wir-ueber-uns.html" "Mozilla/5.0 (iPhone; CPU iPhone OS 6_1_3 like Mac OS X) AppleWebKit/536.26 (KHTML, like Gecko) Version/6.0 Mobile/10B329 Safari/8536.25"
109.45.0.25 - - [26/Aug/2013:06:58:10 +0200] "GET /img/gradient_navbar.png HTTP/1.1" 200 144 "http://www.bsb-schrott.de/wir-ueber-uns.html" "Mozilla/5.0 (iPhone; CPU iPhone OS 6_1_3 like Mac OS X) AppleWebKit/536.26 (KHTML, like Gecko) Version/6.0 Mobile/10B329 Safari/8536.25"
109.45.0.25 - - [26/Aug/2013:06:58:10 +0200] "GET /img/gradient_left.png HTTP/1.1" 200 135 "http://www.bsb-schrott.de/wir-ueber-uns.html" "Mozilla/5.0 (iPhone; CPU iPhone OS 6_1_3 like Mac OS X) AppleWebKit/536.26 (KHTML, like Gecko) Version/6.0 Mobile/10B329 Safari/8536.25"
109.45.0.25 - - [26/Aug/2013:06:58:11 +0200] "GET /img/gradient_footer.png HTTP/1.1" 200 140 "http://www.bsb-schrott.de/wir-ueber-uns.html" "Mozilla/5.0 (iPhone; CPU iPhone OS 6_1_3 like Mac OS X) AppleWebKit/536.26 (KHTML, like Gecko) Version/6.0 Mobile/10B329 Safari/8536.25"
109.45.0.25 - - [26/Aug/2013:06:58:11 +0200] "GET /img/gradient_right.png HTTP/1.1" 200 127 "http://www.bsb-schrott.de/wir-ueber-uns.html" "Mozilla/5.0 (iPhone; CPU iPhone OS 6_1_3 like Mac OS X) AppleWebKit/536.26 (KHTML, like Gecko) Version/6.0 Mobile/10B329 Safari/8536.25"
109.45.0.25 - - [26/Aug/2013:06:58:12 +0200] "GET /css/gudea-bold-webfont.woff HTTP/1.1" 200 21884 "http://www.bsb-schrott.de/wir-ueber-uns.html" "Mozilla/5.0 (iPhone; CPU iPhone OS 6_1_3 like Mac OS X) AppleWebKit/536.26 (KHTML, like Gecko) Version/6.0 Mobile/10B329 Safari/8536.25"
109.45.0.25 - - [26/Aug/2013:06:58:14 +0200] "GET /img/lvl.png HTTP/1.1" 200 1441 "http://www.bsb-schrott.de/wir-ueber-uns.html" "Mozilla/5.0 (iPhone; CPU iPhone OS 6_1_3 like Mac OS X) AppleWebKit/536.26 (KHTML, like Gecko) Version/6.0 Mobile/10B329 Safari/8536.25"
109.45.0.25 - - [26/Aug/2013:06:58:18 +0200] "GET /leistungen.html HTTP/1.1" 200 3224 "http://www.bsb-schrott.de/wir-ueber-uns.html" "Mozilla/5.0 (iPhone; CPU iPhone OS 6_1_3 like Mac OS X) AppleWebKit/536.26 (KHTML, like Gecko) Version/6.0 Mobile/10B329 Safari/8536.25"
109.45.0.25 - - [26/Aug/2013:06:58:25 +0200] "GET /kontakt.html HTTP/1.1" 200 3830 "http://www.bsb-schrott.de/leistungen.html" "Mozilla/5.0 (iPhone; CPU iPhone OS 6_1_3 like Mac OS X) AppleWebKit/536.26 (KHTML, like Gecko) Version/6.0 Mobile/10B329 Safari/8536.25"
5.10.83.41 - - [26/Aug/2013:07:06:10 +0200] "GET /img/referenzen/PICT1325.jpg HTTP/1.1" 200 338707 "-" "Mozilla/5.0 (compatible; AhrefsBot/5.0; +http://ahrefs.com/robot/)"
41.71.165.8 - - [26/Aug/2013:09:58:24 +0200] "GET / HTTP/1.1" 200 3135 "http://www.gelbeseiten.de/schrottplatz/berlin" "Mozilla/4.0 (compatible; MSIE 7.0; Windows NT 6.1; Trident/4.0; SLCC2; .NET CLR 2.0.50727; .NET CLR 3.5.30729; .NET CLR 3.0.30729; Media Center PC 6.0; InfoPath.2)"
109.45.0.49 - - [26/Aug/2013:10:54:42 +0200] "GET / HTTP/1.1" 200 3135 "https://www.google.de/" "Mozilla/5.0 (iPhone; CPU iPhone OS 6_1_3 like Mac OS X) AppleWebKit/536.26 (KHTML, like Gecko) Version/6.0 Mobile/10B329 Safari/8536.25"
109.45.0.49 - - [26/Aug/2013:10:54:42 +0200] "GET /css/stylesheet.css HTTP/1.1" 200 6398 "http://www.bsb-schrott.de/" "Mozilla/5.0 (iPhone; CPU iPhone OS 6_1_3 like Mac OS X) AppleWebKit/536.26 (KHTML, like Gecko) Version/6.0 Mobile/10B329 Safari/8536.25"
109.45.0.49 - - [26/Aug/2013:10:54:43 +0200] "GET /img/news.jpg HTTP/1.1" 200 7536 "http://www.bsb-schrott.de/" "Mozilla/5.0 (iPhone; CPU iPhone OS 6_1_3 like Mac OS X) AppleWebKit/536.26 (KHTML, like Gecko) Version/6.0 Mobile/10B329 Safari/8536.25"
109.45.0.49 - - [26/Aug/2013:10:54:43 +0200] "GET /img/gradient_header.png HTTP/1.1" 200 253 "http://www.bsb-schrott.de/" "Mozilla/5.0 (iPhone; CPU iPhone OS 6_1_3 like Mac OS X) AppleWebKit/536.26 (KHTML, like Gecko) Version/6.0 Mobile/10B329 Safari/8536.25"
109.45.0.49 - - [26/Aug/2013:10:54:43 +0200] "GET /img/nav.png HTTP/1.1" 200 197 "http://www.bsb-schrott.de/" "Mozilla/5.0 (iPhone; CPU iPhone OS 6_1_3 like Mac OS X) AppleWebKit/536.26 (KHTML, like Gecko) Version/6.0 Mobile/10B329 Safari/8536.25"
109.45.0.49 - - [26/Aug/2013:10:54:43 +0200] "GET /img/nav_activ.png HTTP/1.1" 200 520 "http://www.bsb-schrott.de/" "Mozilla/5.0 (iPhone; CPU iPhone OS 6_1_3 like Mac OS X) AppleWebKit/536.26 (KHTML, like Gecko) Version/6.0 Mobile/10B329 Safari/8536.25"
109.45.0.49 - - [26/Aug/2013:10:54:43 +0200] "GET /img/header_banner.png HTTP/1.1" 200 22955 "http://www.bsb-schrott.de/" "Mozilla/5.0 (iPhone; CPU iPhone OS 6_1_3 like Mac OS X) AppleWebKit/536.26 (KHTML, like Gecko) Version/6.0 Mobile/10B329 Safari/8536.25"
109.45.0.49 - - [26/Aug/2013:10:54:43 +0200] "GET /css/gudea-regular-webfont.woff HTTP/1.1" 200 21616 "http://www.bsb-schrott.de/" "Mozilla/5.0 (iPhone; CPU iPhone OS 6_1_3 like Mac OS X) AppleWebKit/536.26 (KHTML, like Gecko) Version/6.0 Mobile/10B329 Safari/8536.25"
109.45.0.49 - - [26/Aug/2013:10:54:43 +0200] "GET /img/bsb_logo.jpg HTTP/1.1" 200 31271 "http://www.bsb-schrott.de/" "Mozilla/5.0 (iPhone; CPU iPhone OS 6_1_3 like Mac OS X) AppleWebKit/536.26 (KHTML, like Gecko) Version/6.0 Mobile/10B329 Safari/8536.25"
109.45.0.49 - - [26/Aug/2013:10:54:43 +0200] "GET /img/iwa_cert.png HTTP/1.1" 200 38259 "http://www.bsb-schrott.de/" "Mozilla/5.0 (iPhone; CPU iPhone OS 6_1_3 like Mac OS X) AppleWebKit/536.26 (KHTML, like Gecko) Version/6.0 Mobile/10B329 Safari/8536.25"
109.45.0.49 - - [26/Aug/2013:10:54:43 +0200] "GET /img/content_bagger.png HTTP/1.1" 200 143701 "http://www.bsb-schrott.de/" "Mozilla/5.0 (iPhone; CPU iPhone OS 6_1_3 like Mac OS X) AppleWebKit/536.26 (KHTML, like Gecko) Version/6.0 Mobile/10B329 Safari/8536.25"
109.45.0.49 - - [26/Aug/2013:10:54:44 +0200] "GET /img/contentBg.png HTTP/1.1" 200 110 "http://www.bsb-schrott.de/" "Mozilla/5.0 (iPhone; CPU iPhone OS 6_1_3 like Mac OS X) AppleWebKit/536.26 (KHTML, like Gecko) Version/6.0 Mobile/10B329 Safari/8536.25"
109.45.0.49 - - [26/Aug/2013:10:54:44 +0200] "GET /css/gudea-bold-webfont.woff HTTP/1.1" 200 21884 "http://www.bsb-schrott.de/" "Mozilla/5.0 (iPhone; CPU iPhone OS 6_1_3 like Mac OS X) AppleWebKit/536.26 (KHTML, like Gecko) Version/6.0 Mobile/10B329 Safari/8536.25"
109.45.0.49 - - [26/Aug/2013:10:54:44 +0200] "GET /img/bsb_background.jpg HTTP/1.1" 200 84092 "http://www.bsb-schrott.de/" "Mozilla/5.0 (iPhone; CPU iPhone OS 6_1_3 like Mac OS X) AppleWebKit/536.26 (KHTML, like Gecko) Version/6.0 Mobile/10B329 Safari/8536.25"
