194.126.228.2 - - [09/Aug/2013:09:49:04 +0200] "GET /js/jquery-1.7.2.min.js HTTP/1.1" 200 94840 "http://www.bsb-schrott.de/referenzen.html" "Mozilla/5.0 (Windows NT 5.1; rv:22.0) Gecko/20100101 Firefox/22.0"
194.126.228.2 - - [09/Aug/2013:09:49:05 +0200] "GET /img/fancy/fancybox.png HTTP/1.1" 200 15287 "http://www.bsb-schrott.de/css/jquery.fancybox-1.3.4.css" "Mozilla/5.0 (Windows NT 5.1; rv:22.0) Gecko/20100101 Firefox/22.0"
194.126.228.2 - - [09/Aug/2013:09:49:05 +0200] "GET /img/referenzen/011.jpg HTTP/1.1" 200 161700 "http://www.bsb-schrott.de/referenzen.html" "Mozilla/5.0 (Windows NT 5.1; rv:22.0) Gecko/20100101 Firefox/22.0"
194.126.228.2 - - [09/Aug/2013:09:49:05 +0200] "GET /img/fancy/fancybox-y.png HTTP/1.1" 200 176 "http://www.bsb-schrott.de/css/jquery.fancybox-1.3.4.css" "Mozilla/5.0 (Windows NT 5.1; rv:22.0) Gecko/20100101 Firefox/22.0"
194.126.228.2 - - [09/Aug/2013:09:49:05 +0200] "GET /img/fancy/fancybox-x.png HTTP/1.1" 200 203 "http://www.bsb-schrott.de/css/jquery.fancybox-1.3.4.css" "Mozilla/5.0 (Windows NT 5.1; rv:22.0) Gecko/20100101 Firefox/22.0"
194.126.228.2 - - [09/Aug/2013:09:49:06 +0200] "GET /img/fancy/blank.gif HTTP/1.1" 200 43 "http://www.bsb-schrott.de/css/jquery.fancybox-1.3.4.css" "Mozilla/5.0 (Windows NT 5.1; rv:22.0) Gecko/20100101 Firefox/22.0"
194.126.228.2 - - [09/Aug/2013:09:49:06 +0200] "GET /img/referenzen/114.jpg HTTP/1.1" 200 291853 "http://www.bsb-schrott.de/referenzen.html" "Mozilla/5.0 (Windows NT 5.1; rv:22.0) Gecko/20100101 Firefox/22.0"
194.126.228.2 - - [09/Aug/2013:09:49:09 +0200] "GET /img/referenzen/PICT1324.jpg HTTP/1.1" 200 286993 "http://www.bsb-schrott.de/referenzen.html" "Mozilla/5.0 (Windows NT 5.1; rv:22.0) Gecko/20100101 Firefox/22.0"
194.126.228.2 - - [09/Aug/2013:09:49:09 +0200] "GET /img/referenzen/PICT1325.jpg HTTP/1.1" 200 338707 "http://www.bsb-schrott.de/referenzen.html" "Mozilla/5.0 (Windows NT 5.1; rv:22.0) Gecko/20100101 Firefox/22.0"
194.126.228.2 - - [09/Aug/2013:09:49:20 +0200] "GET /kontakt.html HTTP/1.1" 200 3830 "http://www.bsb-schrott.de/referenzen.html" "Mozilla/5.0 (Windows NT 5.1; rv:22.0) Gecko/20100101 Firefox/22.0"
194.126.228.2 - - [09/Aug/2013:09:49:30 +0200] "GET /pub/BSB_IWA_Zertifikat.pdf HTTP/1.1" 200 2808860 "http://www.bsb-schrott.de/kontakt.html" "Mozilla/5.0 (Windows NT 5.1; rv:22.0) Gecko/20100101 Firefox/22.0"
91.217.145.35 - - [09/Aug/2013:09:58:18 +0200] "GET /index.html HTTP/1.1" 200 3135 "http://www.bsb-schrott.de/wir-ueber-uns.html" "Mozilla/5.0 (compatible; MSIE 9.0; Windows NT 6.1; WOW64; Trident/5.0)"
91.217.145.35 - - [09/Aug/2013:10:15:34 +0200] "GET /img/referenzen/PICT1325.jpg HTTP/1.1" 200 338707 "http://www.bsb-schrott.de/referenzen.html" "Mozilla/5.0 (compatible; MSIE 9.0; Windows NT 6.1; WOW64; Trident/5.0)"
91.217.145.35 - - [09/Aug/2013:10:15:36 +0200] "GET /img/referenzen/PICT1324.jpg HTTP/1.1" 200 286993 "http://www.bsb-schrott.de/referenzen.html" "Mozilla/5.0 (compatible; MSIE 9.0; Windows NT 6.1; WOW64; Trident/5.0)"
141.8.147.12 - - [09/Aug/2013:11:34:26 +0200] "GET /kontakt.html HTTP/1.1" 200 3830 "-" "Mozilla/5.0 (compatible; YandexBot/3.0; +http://yandex.com/bots)"
54.242.23.175 - - [09/Aug/2013:11:49:16 +0200] "GET / HTTP/1.1" 200 3135 "-" "User-Agent: Mozilla/5.0 (Windows NT 6.1; WOW64) AppleWebKit/537.31 (KHTML, like Gecko) Chrome/26.0.1410.64 Safari/537.31"
46.229.164.97 - - [09/Aug/2013:12:05:52 +0200] "GET /robots.txt HTTP/1.1" 404 1256 "-" "Mozilla/5.0 (compatible; SemrushBot/0.96.4; +http://www.semrush.com/bot.html)"
66.249.75.132 - - [09/Aug/2013:12:43:14 +0200] "GET /wir-ueber-uns.html HTTP/1.1" 304 - "-" "Mozilla/5.0 (compatible; Googlebot/2.1; +http://www.google.com/bot.html)"
89.118.81.114 - - [09/Aug/2013:12:59:07 +0200] "GET / HTTP/1.1" 200 3135 "http://www.gelbeseiten.de/schrottplatz/berlin" "Mozilla/4.0 (compatible; MSIE 7.0; Windows NT 6.1; Trident/5.0; .NET4.0C; .NET4.0E; Tablet PC 2.0)"
66.249.75.132 - - [09/Aug/2013:13:07:21 +0200] "GET /impressum.html HTTP/1.1" 304 - "-" "Mozilla/5.0 (compatible; Googlebot/2.1; +http://www.google.com/bot.html)"
141.8.147.12 - - [09/Aug/2013:13:10:52 +0200] "GET /impressum.html HTTP/1.1" 200 3432 "-" "Mozilla/5.0 (compatible; YandexBot/3.0; +http://yandex.com/bots)"
66.249.75.132 - - [09/Aug/2013:13:49:59 +0200] "GET / HTTP/1.1" 304 - "-" "Mozilla/5.0 (compatible; Googlebot/2.1; +http://www.google.com/bot.html)"
66.249.75.132 - - [09/Aug/2013:14:03:17 +0200] "GET /kontakt.html HTTP/1.1" 304 - "-" "Mozilla/5.0 (compatible; Googlebot/2.1; +http://www.google.com/bot.html)"
66.249.75.132 - - [09/Aug/2013:14:35:46 +0200] "GET /pub/BSB_IWA_Zertifikat.pdf HTTP/1.1" 304 - "-" "Mozilla/5.0 (compatible; Googlebot/2.1; +http://www.google.com/bot.html)"
66.249.75.132 - - [09/Aug/2013:14:46:36 +0200] "GET /leistungen.html HTTP/1.1" 304 - "-" "Mozilla/5.0 (compatible; Googlebot/2.1; +http://www.google.com/bot.html)"
141.8.147.12 - - [09/Aug/2013:14:56:22 +0200] "GET /referenzen.html HTTP/1.1" 200 4045 "-" "Mozilla/5.0 (compatible; YandexBot/3.0; +http://yandex.com/bots)"
199.30.16.42 - - [09/Aug/2013:15:01:58 +0200] "GET /robots.txt HTTP/1.1" 404 1256 "-" "msnbot-media/1.1 (+http://search.msn.com/msnbot.htm)"
199.30.16.42 - - [09/Aug/2013:15:01:58 +0200] "GET /img/referenzen/PICT1325.jpg HTTP/1.1" 200 338707 "-" "msnbot-media/1.1 (+http://search.msn.com/msnbot.htm)"
199.30.20.121 - - [09/Aug/2013:15:22:33 +0200] "GET /robots.txt HTTP/1.1" 404 1256 "-" "msnbot-media/1.1 (+http://search.msn.com/msnbot.htm)"
199.30.20.121 - - [09/Aug/2013:15:22:33 +0200] "GET /img/referenzen/114.jpg HTTP/1.1" 200 291853 "-" "msnbot-media/1.1 (+http://search.msn.com/msnbot.htm)"
66.249.73.158 - - [09/Aug/2013:15:44:06 +0200] "GET /robots.txt HTTP/1.1" 404 1256 "-" "Mozilla/5.0 (compatible; Googlebot/2.1; +http://www.google.com/bot.html)"
66.249.73.158 - - [09/Aug/2013:15:44:06 +0200] "GET /referenzen.html HTTP/1.1" 304 - "-" "Mozilla/5.0 (compatible; Googlebot/2.1; +http://www.google.com/bot.html)"
199.30.20.139 - - [09/Aug/2013:16:38:17 +0200] "GET /robots.txt HTTP/1.1" 404 1256 "-" "msnbot-media/1.1 (+http://search.msn.com/msnbot.htm)"
199.30.20.139 - - [09/Aug/2013:16:38:17 +0200] "GET /img/referenzen/PICT1324.jpg HTTP/1.1" 200 286993 "-" "msnbot-media/1.1 (+http://search.msn.com/msnbot.htm)"
141.8.147.12 - - [09/Aug/2013:16:41:04 +0200] "GET /pub/BSB_IWA_Zertifikat.pdf HTTP/1.1" 200 2808860 "-" "Mozilla/5.0 (compatible; YandexBot/3.0; +http://yandex.com/bots)"
141.8.147.12 - - [09/Aug/2013:18:03:19 +0200] "GET /leistungen.html HTTP/1.1" 200 3224 "-" "Mozilla/5.0 (compatible; YandexBot/3.0; +http://yandex.com/bots)"
173.199.118.35 - - [09/Aug/2013:19:20:20 +0200] "GET /robots.txt HTTP/1.1" 404 1256 "-" "Mozilla/5.0 (compatible; AhrefsBot/4.0; +http://ahrefs.com/robot/)"
66.249.73.158 - - [09/Aug/2013:21:10:33 +0200] "GET /referenzen.html HTTP/1.1" 304 - "-" "Mozilla/5.0 (iPhone; U; CPU iPhone OS 4_1 like Mac OS X; en-us) AppleWebKit/532.9 (KHTML, like Gecko) Version/4.0.5 Mobile/8B117 Safari/6531.22.7 (compatible; Googlebot-Mobile/2.1; +http://www.google.com/bot.html)"
85.25.71.152 - - [09/Aug/2013:21:23:46 +0200] "GET /robots.txt HTTP/1.1" 404 1256 "-" "Mozilla/5.0 (X11; U; Linux i686; de; rv:1.9.0.1; compatible; iCjobs Stellenangebote Jobs; http://www.icjobs.de) Gecko/20100401 iCjobs/3.2.3"
85.25.71.152 - - [09/Aug/2013:21:23:46 +0200] "GET / HTTP/1.1" 200 3135 "-" "Mozilla/5.0 (X11; U; Linux i686; de; rv:1.9.0.1; compatible; iCjobs Stellenangebote Jobs; http://www.icjobs.de) Gecko/20100401 iCjobs/3.2.3"
85.25.71.152 - - [09/Aug/2013:21:23:46 +0200] "GET / HTTP/1.1" 200 3135 "-" "Mozilla/5.0 (X11; U; Linux i686; de; rv:1.9.0.1; compatible; iCjobs Stellenangebote Jobs; http://www.icjobs.de) Gecko/20100401 iCjobs/3.2.3"
85.25.71.152 - - [09/Aug/2013:21:23:46 +0200] "GET /wir-ueber-uns.html HTTP/1.1" 200 5703 "-" "Mozilla/5.0 (X11; U; Linux i686; de; rv:1.9.0.1; compatible; iCjobs Stellenangebote Jobs; http://www.icjobs.de) Gecko/20100401 iCjobs/3.2.3"
85.25.71.152 - - [09/Aug/2013:21:23:46 +0200] "GET /kontakt.html HTTP/1.1" 200 3830 "-" "Mozilla/5.0 (X11; U; Linux i686; de; rv:1.9.0.1; compatible; iCjobs Stellenangebote Jobs; http://www.icjobs.de) Gecko/20100401 iCjobs/3.2.3"
85.25.71.152 - - [09/Aug/2013:21:25:35 +0200] "GET /pub/BSB_IWA_Zertifikat.pdf HTTP/1.1" 200 2808860 "-" "Java/1.6.0_10-rc"
85.25.71.152 - - [09/Aug/2013:21:25:36 +0200] "GET /index.html HTTP/1.1" 200 3135 "-" "Mozilla/5.0 (X11; U; Linux i686; de; rv:1.9.0.1; compatible; iCjobs Stellenangebote Jobs; http://www.icjobs.de) Gecko/20100401 iCjobs/3.2.3"
85.25.71.152 - - [09/Aug/2013:21:25:36 +0200] "GET /leistungen.html HTTP/1.1" 200 3224 "-" "Mozilla/5.0 (X11; U; Linux i686; de; rv:1.9.0.1; compatible; iCjobs Stellenangebote Jobs; http://www.icjobs.de) Gecko/20100401 iCjobs/3.2.3"
85.25.71.152 - - [09/Aug/2013:21:25:37 +0200] "GET /referenzen.html HTTP/1.1" 200 4045 "-" "Mozilla/5.0 (X11; U; Linux i686; de; rv:1.9.0.1; compatible; iCjobs Stellenangebote Jobs; http://www.icjobs.de) Gecko/20100401 iCjobs/3.2.3"
85.25.71.152 - - [09/Aug/2013:21:25:37 +0200] "GET /js/jquery-1.7.2.min.js HTTP/1.1" 200 94840 "-" "Mozilla/5.0 (X11; U; Linux i686; de; rv:1.9.0.1; compatible; iCjobs Stellenangebote Jobs; http://www.icjobs.de) Gecko/20100401 iCjobs/3.2.3"
85.25.71.152 - - [09/Aug/2013:21:25:37 +0200] "GET /js/jquery.fancybox-1.3.4.pack.js HTTP/1.1" 200 15624 "-" "Mozilla/5.0 (X11; U; Linux i686; de; rv:1.9.0.1; compatible; iCjobs Stellenangebote Jobs; http://www.icjobs.de) Gecko/20100401 iCjobs/3.2.3"
85.25.71.152 - - [09/Aug/2013:21:25:37 +0200] "GET /js/jquery.mousewheel-3.0.4.pack.js HTTP/1.1" 200 1279 "-" "Mozilla/5.0 (X11; U; Linux i686; de; rv:1.9.0.1; compatible; iCjobs Stellenangebote Jobs; http://www.icjobs.de) Gecko/20100401 iCjobs/3.2.3"
66.249.73.158 - - [09/Aug/2013:23:08:01 +0200] "GET / HTTP/1.1" 200 3135 "-" "Mozilla/5.0 (compatible; Googlebot/2.1; +http://www.google.com/bot.html)"
199.30.16.42 - - [10/Aug/2013:03:29:15 +0200] "GET /robots.txt HTTP/1.1" 404 1256 "-" "msnbot-media/1.1 (+http://search.msn.com/msnbot.htm)"
199.30.16.42 - - [10/Aug/2013:03:29:16 +0200] "GET /img/referenzen/PICT1325.jpg HTTP/1.1" 200 338707 "-" "msnbot-media/1.1 (+http://search.msn.com/msnbot.htm)"
199.30.20.23 - - [10/Aug/2013:06:23:18 +0200] "GET /robots.txt HTTP/1.1" 404 1256 "-" "msnbot-media/1.1 (+http://search.msn.com/msnbot.htm)"
199.30.20.23 - - [10/Aug/2013:06:23:18 +0200] "GET /img/referenzen/011.jpg HTTP/1.1" 200 161700 "-" "msnbot-media/1.1 (+http://search.msn.com/msnbot.htm)"
66.249.73.158 - - [10/Aug/2013:07:43:27 +0200] "GET /robots.txt HTTP/1.1" 404 1256 "-" "Mozilla/5.0 (compatible; Googlebot/2.1; +http://www.google.com/bot.html)"
66.249.73.158 - - [10/Aug/2013:07:43:27 +0200] "GET / HTTP/1.1" 200 3135 "-" "Mozilla/5.0 (iPhone; U; CPU iPhone OS 4_1 like Mac OS X; en-us) AppleWebKit/532.9 (KHTML, like Gecko) Version/4.0.5 Mobile/8B117 Safari/6531.22.7 (compatible; Googlebot-Mobile/2.1; +http://www.google.com/bot.html)"
66.249.73.158 - - [10/Aug/2013:07:52:47 +0200] "GET /css/stylesheet.css HTTP/1.1" 200 6398 "-" "Mozilla/5.0 (compatible; Googlebot/2.1; +http://www.google.com/bot.html)"
66.249.73.158 - - [10/Aug/2013:07:53:16 +0200] "GET /impressum.html HTTP/1.1" 304 - "-" "Mozilla/5.0 (iPhone; U; CPU iPhone OS 4_1 like Mac OS X; en-us) AppleWebKit/532.9 (KHTML, like Gecko) Version/4.0.5 Mobile/8B117 Safari/6531.22.7 (compatible; Googlebot-Mobile/2.1; +http://www.google.com/bot.html)"
85.25.71.106 - - [10/Aug/2013:08:37:30 +0200] "GET /robots.txt HTTP/1.1" 404 1256 "-" "Mozilla/5.0 (X11; U; Linux i686; de; rv:1.9.0.1; compatible; iCjobs Stellenangebote Jobs; http://www.icjobs.de) Gecko/20100401 iCjobs/3.2.3"
85.25.71.106 - - [10/Aug/2013:08:37:31 +0200] "GET / HTTP/1.1" 200 3135 "-" "Mozilla/5.0 (X11; U; Linux i686; de; rv:1.9.0.1; compatible; iCjobs Stellenangebote Jobs; http://www.icjobs.de) Gecko/20100401 iCjobs/3.2.3"
85.25.71.106 - - [10/Aug/2013:08:37:32 +0200] "GET /index.html HTTP/1.1" 200 3135 "-" "Mozilla/5.0 (X11; U; Linux i686; de; rv:1.9.0.1; compatible; iCjobs Stellenangebote Jobs; http://www.icjobs.de) Gecko/20100401 iCjobs/3.2.3"
85.25.71.106 - - [10/Aug/2013:08:37:33 +0200] "GET /wir-ueber-uns.html HTTP/1.1" 200 5703 "-" "Mozilla/5.0 (X11; U; Linux i686; de; rv:1.9.0.1; compatible; iCjobs Stellenangebote Jobs; http://www.icjobs.de) Gecko/20100401 iCjobs/3.2.3"
85.25.71.106 - - [10/Aug/2013:08:37:36 +0200] "GET /leistungen.html HTTP/1.1" 200 3224 "-" "Mozilla/5.0 (X11; U; Linux i686; de; rv:1.9.0.1; compatible; iCjobs Stellenangebote Jobs; http://www.icjobs.de) Gecko/20100401 iCjobs/3.2.3"
85.25.71.106 - - [10/Aug/2013:08:37:37 +0200] "GET /referenzen.html HTTP/1.1" 200 4045 "-" "Mozilla/5.0 (X11; U; Linux i686; de; rv:1.9.0.1; compatible; iCjobs Stellenangebote Jobs; http://www.icjobs.de) Gecko/20100401 iCjobs/3.2.3"
85.25.71.106 - - [10/Aug/2013:08:37:38 +0200] "GET /kontakt.html HTTP/1.1" 200 3830 "-" "Mozilla/5.0 (X11; U; Linux i686; de; rv:1.9.0.1; compatible; iCjobs Stellenangebote Jobs; http://www.icjobs.de) Gecko/20100401 iCjobs/3.2.3"
85.25.71.106 - - [10/Aug/2013:08:37:41 +0200] "GET /impressum.html HTTP/1.1" 200 3432 "-" "Mozilla/5.0 (X11; U; Linux i686; de; rv:1.9.0.1; compatible; iCjobs Stellenangebote Jobs; http://www.icjobs.de) Gecko/20100401 iCjobs/3.2.3"
65.55.52.87 - - [10/Aug/2013:09:22:12 +0200] "GET /robots.txt HTTP/1.1" 404 1256 "-" "Mozilla/5.0 (compatible; bingbot/2.0; +http://www.bing.com/bingbot.htm)"
65.55.52.87 - - [10/Aug/2013:09:32:58 +0200] "GET / HTTP/1.1" 200 3135 "-" "Mozilla/5.0 (compatible; bingbot/2.0; +http://www.bing.com/bingbot.htm)"
65.55.52.87 - - [10/Aug/2013:09:33:57 +0200] "GET /css/stylesheet.css HTTP/1.1" 200 6398 "-" "Mozilla/5.0 (compatible; bingbot/2.0; +http://www.bing.com/bingbot.htm)"
157.56.92.155 - - [10/Aug/2013:10:34:15 +0200] "GET /robots.txt HTTP/1.1" 404 1256 "-" "Mozilla/5.0 (compatible; bingbot/2.0; +http://www.bing.com/bingbot.htm)"
157.56.92.151 - - [10/Aug/2013:10:35:04 +0200] "GET /css/gudea-regular-webfont.ttf HTTP/1.1" 200 35968 "-" "Mozilla/5.0 (compatible; bingbot/2.0; +http://www.bing.com/bingbot.htm)"
157.56.92.151 - - [10/Aug/2013:10:35:05 +0200] "GET /css/gudea-regular-webfont.svg HTTP/1.1" 200 49818 "-" "Mozilla/5.0 (compatible; bingbot/2.0; +http://www.bing.com/bingbot.htm)"
157.56.92.155 - - [10/Aug/2013:10:35:44 +0200] "GET /css/gudea-bold-webfont.ttf HTTP/1.1" 200 35992 "-" "Mozilla/5.0 (compatible; bingbot/2.0; +http://www.bing.com/bingbot.htm)"
157.56.92.155 - - [10/Aug/2013:10:35:45 +0200] "GET /css/gudea-bold-webfont.svg HTTP/1.1" 200 48897 "-" "Mozilla/5.0 (compatible; bingbot/2.0; +http://www.bing.com/bingbot.htm)"
188.233.100.228 - - [10/Aug/2013:13:10:22 +0200] "GET /robots.txt HTTP/1.1" 404 1256 "-" "Mozilla/5.0 (compatible; 008/0.83; http://www.80legs.com/webcrawler.html;) Gecko/2008032620"
188.233.100.228 - - [10/Aug/2013:13:10:22 +0200] "GET / HTTP/1.1" 200 3135 "-" "Mozilla/5.0 (compatible; 008/0.85; http://www.80legs.com/webcrawler.html) Gecko/2008032620"
178.64.109.49 - - [10/Aug/2013:13:17:39 +0200] "GET /robots.txt HTTP/1.1" 404 1256 "-" "Mozilla/5.0 (compatible; 008/0.83; http://www.80legs.com/webcrawler.html;) Gecko/2008032620"
178.64.109.49 - - [10/Aug/2013:13:17:40 +0200] "GET / HTTP/1.1" 200 3135 "-" "Mozilla/5.0 (compatible; 008/0.85; http://www.80legs.com/webcrawler.html) Gecko/2008032620"
176.8.118.139 - - [10/Aug/2013:13:18:17 +0200] "GET /robots.txt HTTP/1.1" 404 1256 "-" "Mozilla/5.0 (compatible; 008/0.83; http://www.80legs.com/webcrawler.html;) Gecko/2008032620"
176.8.118.139 - - [10/Aug/2013:13:18:17 +0200] "GET / HTTP/1.1" 200 3135 "-" "Mozilla/5.0 (compatible; 008/0.85; http://www.80legs.com/webcrawler.html) Gecko/2008032620"
95.83.130.205 - - [10/Aug/2013:14:01:54 +0200] "GET /robots.txt HTTP/1.1" 404 1256 "-" "Mozilla/5.0 (compatible; 008/0.83; http://www.80legs.com/webcrawler.html;) Gecko/2008032620"
95.83.130.205 - - [10/Aug/2013:14:01:54 +0200] "GET /impressum.html HTTP/1.1" 200 3432 "-" "Mozilla/5.0 (compatible; 008/0.85; http://www.80legs.com/webcrawler.html) Gecko/2008032620"
78.140.18.51 - - [10/Aug/2013:14:04:14 +0200] "GET /robots.txt HTTP/1.1" 404 1256 "-" "Mozilla/5.0 (compatible; 008/0.83; http://www.80legs.com/webcrawler.html;) Gecko/2008032620"
78.140.18.51 - - [10/Aug/2013:14:04:14 +0200] "GET /index.html HTTP/1.1" 200 3135 "-" "Mozilla/5.0 (compatible; 008/0.85; http://www.80legs.com/webcrawler.html) Gecko/2008032620"
193.111.126.16 - - [10/Aug/2013:14:07:21 +0200] "GET /robots.txt HTTP/1.1" 404 1256 "-" "Mozilla/5.0 (compatible; 008/0.83; http://www.80legs.com/webcrawler.html;) Gecko/2008032620"
193.111.126.16 - - [10/Aug/2013:14:07:21 +0200] "GET /referenzen.html HTTP/1.1" 200 4045 "-" "Mozilla/5.0 (compatible; 008/0.85; http://www.80legs.com/webcrawler.html) Gecko/2008032620"
176.98.54.38 - - [10/Aug/2013:14:09:25 +0200] "GET /robots.txt HTTP/1.1" 404 1256 "-" "Mozilla/5.0 (compatible; 008/0.83; http://www.80legs.com/webcrawler.html;) Gecko/2008032620"
176.98.54.38 - - [10/Aug/2013:14:09:25 +0200] "GET /kontakt.html HTTP/1.1" 200 3830 "-" "Mozilla/5.0 (compatible; 008/0.85; http://www.80legs.com/webcrawler.html) Gecko/2008032620"
95.83.130.205 - - [10/Aug/2013:14:11:50 +0200] "GET /index.html HTTP/1.1" 200 3135 "-" "Mozilla/5.0 (compatible; 008/0.85; http://www.80legs.com/webcrawler.html) Gecko/2008032620"
95.105.73.58 - - [10/Aug/2013:14:28:39 +0200] "GET /robots.txt HTTP/1.1" 404 1256 "-" "Mozilla/5.0 (compatible; 008/0.83; http://www.80legs.com/webcrawler.html;) Gecko/2008032620"
95.105.73.58 - - [10/Aug/2013:14:28:39 +0200] "GET /leistungen.html HTTP/1.1" 200 3224 "-" "Mozilla/5.0 (compatible; 008/0.85; http://www.80legs.com/webcrawler.html) Gecko/2008032620"
37.212.14.191 - - [10/Aug/2013:14:29:32 +0200] "GET /robots.txt HTTP/1.1" 404 1256 "-" "Mozilla/5.0 (compatible; 008/0.83; http://www.80legs.com/webcrawler.html;) Gecko/2008032620"
37.212.14.191 - - [10/Aug/2013:14:29:33 +0200] "GET /wir-ueber-uns.html HTTP/1.1" 200 5703 "-" "Mozilla/5.0 (compatible; 008/0.85; http://www.80legs.com/webcrawler.html) Gecko/2008032620"
178.173.6.34 - - [10/Aug/2013:14:45:44 +0200] "GET /robots.txt HTTP/1.1" 404 1256 "-" "Mozilla/5.0 (compatible; 008/0.83; http://www.80legs.com/webcrawler.html;) Gecko/2008032620"
178.173.6.34 - - [10/Aug/2013:14:45:44 +0200] "GET /kontakt.html HTTP/1.1" 200 3830 "-" "Mozilla/5.0 (compatible; 008/0.85; http://www.80legs.com/webcrawler.html) Gecko/2008032620"
64.125.222.50 - - [10/Aug/2013:14:46:17 +0200] "GET /robots.txt HTTP/1.1" 404 1256 "-" "Mozilla/5.0 (compatible; 008/0.83; http://www.80legs.com/webcrawler.html;) Gecko/2008032620"
78.140.18.51 - - [10/Aug/2013:14:46:29 +0200] "GET /robots.txt HTTP/1.1" 404 1256 "-" "Mozilla/5.0 (compatible; 008/0.83; http://www.80legs.com/webcrawler.html;) Gecko/2008032620"
78.140.18.51 - - [10/Aug/2013:14:46:29 +0200] "GET /kontakt.html HTTP/1.1" 200 3830 "-" "Mozilla/5.0 (compatible; 008/0.85; http://www.80legs.com/webcrawler.html) Gecko/2008032620"
178.206.64.123 - - [10/Aug/2013:14:46:30 +0200] "GET /kontakt.html HTTP/1.1" 200 3830 "-" "Mozilla/5.0 (compatible; 008/0.85; http://www.80legs.com/webcrawler.html) Gecko/2008032620"
178.206.64.123 - - [10/Aug/2013:14:46:32 +0200] "GET /leistungen.html HTTP/1.1" 200 3224 "-" "Mozilla/5.0 (compatible; 008/0.85; http://www.80legs.com/webcrawler.html) Gecko/2008032620"
109.205.253.132 - - [10/Aug/2013:14:46:35 +0200] "GET /kontakt.html HTTP/1.1" 200 3830 "-" "Mozilla/5.0 (compatible; 008/0.85; http://www.80legs.com/webcrawler.html) Gecko/2008032620"
178.150.186.147 - - [10/Aug/2013:14:46:36 +0200] "GET /kontakt.html HTTP/1.1" 200 3830 "-" "Mozilla/5.0 (compatible; 008/0.85; http://www.80legs.com/webcrawler.html) Gecko/2008032620"
95.79.199.182 - - [10/Aug/2013:14:46:37 +0200] "GET /kontakt.html HTTP/1.1" 200 3830 "-" "Mozilla/5.0 (compatible; 008/0.85; http://www.80legs.com/webcrawler.html) Gecko/2008032620"
178.150.186.147 - - [10/Aug/2013:14:46:38 +0200] "GET /leistungen.html HTTP/1.1" 200 3224 "-" "Mozilla/5.0 (compatible; 008/0.85; http://www.80legs.com/webcrawler.html) Gecko/2008032620"
95.79.199.182 - - [10/Aug/2013:14:46:39 +0200] "GET /leistungen.html HTTP/1.1" 200 3224 "-" "Mozilla/5.0 (compatible; 008/0.85; http://www.80legs.com/webcrawler.html) Gecko/2008032620"
193.111.126.16 - - [10/Aug/2013:14:46:39 +0200] "GET /kontakt.html HTTP/1.1" 200 3830 "-" "Mozilla/5.0 (compatible; 008/0.85; http://www.80legs.com/webcrawler.html) Gecko/2008032620"
195.222.82.39 - - [10/Aug/2013:14:46:41 +0200] "GET /kontakt.html HTTP/1.1" 200 3830 "-" "Mozilla/5.0 (compatible; 008/0.85; http://www.80legs.com/webcrawler.html) Gecko/2008032620"
109.205.253.132 - - [10/Aug/2013:14:46:40 +0200] "GET /leistungen.html HTTP/1.1" 200 3224 "-" "Mozilla/5.0 (compatible; 008/0.85; http://www.80legs.com/webcrawler.html) Gecko/2008032620"
193.111.126.16 - - [10/Aug/2013:14:46:42 +0200] "GET /leistungen.html HTTP/1.1" 200 3224 "-" "Mozilla/5.0 (compatible; 008/0.85; http://www.80legs.com/webcrawler.html) Gecko/2008032620"
195.222.82.39 - - [10/Aug/2013:14:46:43 +0200] "GET /leistungen.html HTTP/1.1" 200 3224 "-" "Mozilla/5.0 (compatible; 008/0.85; http://www.80legs.com/webcrawler.html) Gecko/2008032620"
178.137.65.204 - - [10/Aug/2013:14:46:45 +0200] "GET /kontakt.html HTTP/1.1" 200 3830 "-" "Mozilla/5.0 (compatible; 008/0.85; http://www.80legs.com/webcrawler.html) Gecko/2008032620"
77.223.92.37 - - [10/Aug/2013:14:46:46 +0200] "GET /kontakt.html HTTP/1.1" 200 3830 "-" "Mozilla/5.0 (compatible; 008/0.85; http://www.80legs.com/webcrawler.html) Gecko/2008032620"
178.137.65.204 - - [10/Aug/2013:14:46:46 +0200] "GET /leistungen.html HTTP/1.1" 200 3224 "-" "Mozilla/5.0 (compatible; 008/0.85; http://www.80legs.com/webcrawler.html) Gecko/2008032620"
77.223.92.37 - - [10/Aug/2013:14:46:47 +0200] "GET /leistungen.html HTTP/1.1" 200 3224 "-" "Mozilla/5.0 (compatible; 008/0.85; http://www.80legs.com/webcrawler.html) Gecko/2008032620"
178.206.64.123 - - [10/Aug/2013:14:46:48 +0200] "GET /kontakt.html HTTP/1.1" 200 3830 "-" "Mozilla/5.0 (compatible; 008/0.85; http://www.80legs.com/webcrawler.html) Gecko/2008032620"
178.206.64.123 - - [10/Aug/2013:14:46:49 +0200] "GET /leistungen.html HTTP/1.1" 200 3224 "-" "Mozilla/5.0 (compatible; 008/0.85; http://www.80legs.com/webcrawler.html) Gecko/2008032620"
173.199.120.123 - - [10/Aug/2013:15:19:16 +0200] "GET /img/referenzen/011.jpg HTTP/1.1" 200 161700 "-" "Mozilla/5.0 (compatible; AhrefsBot/4.0; +http://ahrefs.com/robot/)"
46.164.133.106 - - [10/Aug/2013:15:39:35 +0200] "GET /robots.txt HTTP/1.1" 404 1256 "-" "Mozilla/5.0 (compatible; 008/0.83; http://www.80legs.com/webcrawler.html;) Gecko/2008032620"
46.164.133.106 - - [10/Aug/2013:15:39:35 +0200] "GET /: HTTP/1.1" 404 1256 "-" "Mozilla/5.0 (compatible; 008/0.85; http://www.80legs.com/webcrawler.html) Gecko/2008032620"
95.141.180.18 - - [10/Aug/2013:16:43:50 +0200] "GET /robots.txt HTTP/1.1" 404 1256 "-" "Mozilla/5.0 (compatible; 008/0.83; http://www.80legs.com/webcrawler.html;) Gecko/2008032620"
95.141.180.18 - - [10/Aug/2013:16:43:51 +0200] "GET /index.html HTTP/1.1" 200 3135 "-" "Mozilla/5.0 (compatible; 008/0.85; http://www.80legs.com/webcrawler.html) Gecko/2008032620"
66.249.72.132 - - [10/Aug/2013:16:43:56 +0200] "GET /robots.txt HTTP/1.1" 404 1256 "-" "Mozilla/5.0 (compatible; Googlebot/2.1; +http://www.google.com/bot.html)"
66.249.72.132 - - [10/Aug/2013:16:43:56 +0200] "GET / HTTP/1.1" 200 3135 "-" "SAMSUNG-SGH-E250/1.0 Profile/MIDP-2.0 Configuration/CLDC-1.1 UP.Browser/6.2.3.3.c.1.101 (GUI) MMP/2.0 (compatible; Googlebot-Mobile/2.1; +http://www.google.com/bot.html)"
84.22.135.29 - - [10/Aug/2013:16:43:58 +0200] "GET /robots.txt HTTP/1.1" 404 1256 "-" "Mozilla/5.0 (compatible; 008/0.83; http://www.80legs.com/webcrawler.html;) Gecko/2008032620"
84.22.135.29 - - [10/Aug/2013:16:43:58 +0200] "GET /index.html HTTP/1.1" 200 3135 "-" "Mozilla/5.0 (compatible; 008/0.85; http://www.80legs.com/webcrawler.html) Gecko/2008032620"
37.4.227.17 - - [10/Aug/2013:16:44:03 +0200] "GET /robots.txt HTTP/1.1" 404 1256 "-" "Mozilla/5.0 (compatible; 008/0.83; http://www.80legs.com/webcrawler.html;) Gecko/2008032620"
37.4.227.17 - - [10/Aug/2013:16:44:03 +0200] "GET /index.html HTTP/1.1" 200 3135 "-" "Mozilla/5.0 (compatible; 008/0.85; http://www.80legs.com/webcrawler.html) Gecko/2008032620"
95.141.180.18 - - [10/Aug/2013:16:44:04 +0200] "GET /index.html HTTP/1.1" 200 3135 "-" "Mozilla/5.0 (compatible; 008/0.85; http://www.80legs.com/webcrawler.html) Gecko/2008032620"
193.77.58.161 - - [10/Aug/2013:17:12:38 +0200] "GET / HTTP/1.1" 200 3135 "http://www.studiofaca.com/" "Mozila/5.0 (compatible; StudioFACA Search; +http://www.studiofaca.com/)"
193.77.58.161 - - [10/Aug/2013:17:12:38 +0200] "GET / HTTP/1.0" 200 3135 "-" "-"
175.139.2.197 - - [10/Aug/2013:19:09:21 +0200] "GET / HTTP/1.1" 200 3135 "http://www.gelbeseiten.de/schrottplatz/berlin" "Mozilla/4.0 (compatible; MSIE 7.0; Windows NT 5.1; Trident/4.0; BTRS100277; SIMBAR={A4635916-F685-11E2-A8D5-0025B3CB327A})"
182.118.20.203 - - [10/Aug/2013:19:42:27 +0200] "GET /robots.txt HTTP/1.1" 404 1256 "http://www.bsb-schrott.de/robots.txt" "Mozilla/5.0 (Windows; U; Windows NT 5.1; zh-CN; rv:1.8.0.11) Firefox/1.5.0.11; 360Spider"
175.139.2.197 - - [10/Aug/2013:19:45:09 +0200] "GET / HTTP/1.1" 200 3135 "http://www.gelbeseiten.de/schrottplatz/berlin" "Mozilla/4.0 (compatible; MSIE 7.0; Windows NT 5.1; Trident/4.0; BTRS100277; SIMBAR={A4635916-F685-11E2-A8D5-0025B3CB327A})"
66.249.72.132 - - [10/Aug/2013:19:58:55 +0200] "GET /robots.txt HTTP/1.1" 404 1256 "-" "Mozilla/5.0 (compatible; Googlebot/2.1; +http://www.google.com/bot.html)"
66.249.72.132 - - [10/Aug/2013:19:58:55 +0200] "GET /leistungen.html HTTP/1.1" 304 - "-" "Mozilla/5.0 (iPhone; U; CPU iPhone OS 4_1 like Mac OS X; en-us) AppleWebKit/532.9 (KHTML, like Gecko) Version/4.0.5 Mobile/8B117 Safari/6531.22.7 (compatible; Googlebot-Mobile/2.1; +http://www.google.com/bot.html)"
175.139.2.197 - - [10/Aug/2013:20:34:41 +0200] "GET / HTTP/1.1" 200 3135 "http://www.gelbeseiten.de/schrottplatz/berlin" "Mozilla/4.0 (compatible; MSIE 7.0; Windows NT 5.1; Trident/4.0; BTRS100277; SIMBAR={A4635916-F685-11E2-A8D5-0025B3CB327A})"
46.229.167.149 - - [10/Aug/2013:22:29:11 +0200] "GET / HTTP/1.1" 200 3135 "-" "Mozilla/5.0 (Windows NT 5.0; WOW64; rv:6.0) Gecko/20100101 Firefox/6.0"
210.97.192.210 - - [10/Aug/2013:22:43:39 +0200] "GET /pub/BSB_IWA_Zertifikat.pdf HTTP/1.0" 200 2808860 "-" "Mozilla/5.0 (Windows NT 6.1; WOW64) AppleWebKit/535.1 (KHTML, like Gecko) Chrome/13.0.782.215 Safari/535.1"
210.97.192.210 - - [10/Aug/2013:22:53:55 +0200] "GET /pub/BSB_IWA_Zertifikat.pdf HTTP/1.0" 200 2808860 "-" "Mozilla/5.0 (Windows NT 6.1; WOW64) AppleWebKit/535.1 (KHTML, like Gecko) Chrome/13.0.782.215 Safari/535.1"
66.249.72.132 - - [11/Aug/2013:06:48:47 +0200] "GET /kontakt.html HTTP/1.1" 304 - "-" "Mozilla/5.0 (iPhone; U; CPU iPhone OS 4_1 like Mac OS X; en-us) AppleWebKit/532.9 (KHTML, like Gecko) Version/4.0.5 Mobile/8B117 Safari/6531.22.7 (compatible; Googlebot-Mobile/2.1; +http://www.google.com/bot.html)"
178.169.11.42 - - [11/Aug/2013:11:43:43 +0200] "GET /robots.txt HTTP/1.1" 404 1256 "-" "Mozilla/5.0 (compatible; 008/0.83; http://www.80legs.com/webcrawler.html;) Gecko/2008032620"
178.169.11.42 - - [11/Aug/2013:11:43:43 +0200] "GET / HTTP/1.1" 200 3135 "-" "Mozilla/5.0 (compatible; 008/0.85; http://www.80legs.com/webcrawler.html) Gecko/2008032620"
65.55.52.87 - - [11/Aug/2013:12:42:38 +0200] "GET /robots.txt HTTP/1.1" 404 1256 "-" "Mozilla/5.0 (compatible; bingbot/2.0; +http://www.bing.com/bingbot.htm)"
65.55.52.87 - - [11/Aug/2013:12:44:19 +0200] "GET /leistungen.html HTTP/1.1" 200 3224 "-" "Mozilla/5.0 (compatible; bingbot/2.0; +http://www.bing.com/bingbot.htm)"
85.214.21.33 - - [11/Aug/2013:13:08:41 +0200] "GET / HTTP/1.0" 200 3135 "-" "-"
182.118.20.229 - - [11/Aug/2013:14:19:05 +0200] "GET /robots.txt HTTP/1.1" 404 1256 "http://www.bsb-schrott.de/robots.txt" "Mozilla/5.0 (Windows; U; Windows NT 5.1; zh-CN; rv:1.8.0.11) Firefox/1.5.0.11; 360Spider"
157.56.92.155 - - [11/Aug/2013:15:10:06 +0200] "GET /robots.txt HTTP/1.1" 404 1256 "-" "Mozilla/5.0 (compatible; bingbot/2.0; +http://www.bing.com/bingbot.htm)"
157.56.92.155 - - [11/Aug/2013:15:10:50 +0200] "GET /wir-ueber-uns.html HTTP/1.1" 200 5703 "-" "Mozilla/5.0 (compatible; bingbot/2.0; +http://www.bing.com/bingbot.htm)"
175.139.2.197 - - [11/Aug/2013:15:47:17 +0200] "GET / HTTP/1.1" 200 3135 "http://www.gelbeseiten.de/schrottplatz/berlin" "Mozilla/4.0 (compatible; MSIE 7.0; Windows NT 5.1; Trident/4.0; BTRS100277; SIMBAR={A4635916-F685-11E2-A8D5-0025B3CB327A})"
173.199.120.123 - - [11/Aug/2013:16:20:24 +0200] "GET /img/referenzen/114.jpg HTTP/1.1" 200 291853 "-" "Mozilla/5.0 (compatible; AhrefsBot/4.0; +http://ahrefs.com/robot/)"
46.229.164.99 - - [11/Aug/2013:17:49:44 +0200] "GET / HTTP/1.1" 200 3135 "-" "Mozilla/5.0 (compatible; SemrushBot/0.96.4; +http://www.semrush.com/bot.html)"
173.199.120.123 - - [11/Aug/2013:18:41:11 +0200] "GET /img/referenzen/PICT1324.jpg HTTP/1.1" 200 286993 "-" "Mozilla/5.0 (compatible; AhrefsBot/4.0; +http://ahrefs.com/robot/)"
173.199.120.123 - - [11/Aug/2013:19:01:05 +0200] "GET / HTTP/1.1" 200 3135 "-" "Mozilla/5.0 (compatible; AhrefsBot/4.0; +http://ahrefs.com/robot/)"
141.8.147.12 - - [11/Aug/2013:19:52:39 +0200] "GET /robots.txt HTTP/1.1" 404 1256 "-" "Mozilla/5.0 (compatible; YandexBot/3.0; +http://yandex.com/bots)"
173.199.120.123 - - [11/Aug/2013:21:17:57 +0200] "GET /referenzen.html HTTP/1.1" 200 4045 "-" "Mozilla/5.0 (compatible; AhrefsBot/4.0; +http://ahrefs.com/robot/)"
66.249.72.132 - - [11/Aug/2013:21:54:12 +0200] "GET /robots.txt HTTP/1.1" 404 1256 "-" "Mozilla/5.0 (compatible; Googlebot/2.1; +http://www.google.com/bot.html)"
66.249.72.132 - - [11/Aug/2013:21:54:12 +0200] "GET / HTTP/1.1" 200 3135 "-" "Mozilla/5.0 (iPhone; U; CPU iPhone OS 4_1 like Mac OS X; en-us) AppleWebKit/532.9 (KHTML, like Gecko) Version/4.0.5 Mobile/8B117 Safari/6531.22.7 (compatible; Googlebot-Mobile/2.1; +http://www.google.com/bot.html)"
66.249.72.132 - - [11/Aug/2013:21:57:56 +0200] "GET /css/stylesheet.css HTTP/1.1" 200 6398 "-" "Mozilla/5.0 (compatible; Googlebot/2.1; +http://www.google.com/bot.html)"
175.139.2.197 - - [11/Aug/2013:22:54:26 +0200] "GET / HTTP/1.1" 200 3135 "http://www.gelbeseiten.de/schrottplatz/berlin" "Mozilla/4.0 (compatible; MSIE 7.0; Windows NT 5.1; Trident/4.0; BTRS100277; SIMBAR={A4635916-F685-11E2-A8D5-0025B3CB327A})"
66.249.72.132 - - [11/Aug/2013:23:01:07 +0200] "GET /pub/BSB_IWA_Zertifikat.pdf HTTP/1.1" 304 - "-" "Mozilla/5.0 (iPhone; U; CPU iPhone OS 4_1 like Mac OS X; en-us) AppleWebKit/532.9 (KHTML, like Gecko) Version/4.0.5 Mobile/8B117 Safari/6531.22.7 (compatible; Googlebot-Mobile/2.1; +http://www.google.com/bot.html)"
141.8.147.12 - - [12/Aug/2013:00:14:38 +0200] "GET / HTTP/1.1" 200 3135 "-" "Mozilla/5.0 (compatible; YandexBot/3.0; +http://yandex.com/bots)"
175.139.2.197 - - [12/Aug/2013:05:09:05 +0200] "GET / HTTP/1.1" 200 3135 "http://www.gelbeseiten.de/schrottplatz/berlin" "Mozilla/4.0 (compatible; MSIE 7.0; Windows NT 5.1; Trident/4.0; BTRS100277; SIMBAR={A4635916-F685-11E2-A8D5-0025B3CB327A})"
173.199.120.123 - - [12/Aug/2013:06:56:17 +0200] "GET /index.html HTTP/1.1" 200 3135 "-" "Mozilla/5.0 (compatible; AhrefsBot/4.0; +http://ahrefs.com/robot/)"
81.88.222.127 - - [12/Aug/2013:07:16:41 +0200] "GET /robots.txt HTTP/1.1" 404 1256 "-" "Mozilla/5.0 (compatible; 008/0.83; http://www.80legs.com/webcrawler.html;) Gecko/2008032620"
81.88.222.127 - - [12/Aug/2013:07:16:41 +0200] "GET / HTTP/1.1" 200 3135 "-" "Mozilla/5.0 (compatible; 008/0.85; http://www.80legs.com/webcrawler.html) Gecko/2008032620"
84.52.103.170 - - [12/Aug/2013:07:52:22 +0200] "GET /robots.txt HTTP/1.1" 404 1256 "-" "Mozilla/5.0 (compatible; 008/0.83; http://www.80legs.com/webcrawler.html;) Gecko/2008032620"
84.52.103.170 - - [12/Aug/2013:07:52:22 +0200] "GET / HTTP/1.1" 200 3135 "-" "Mozilla/5.0 (compatible; 008/0.85; http://www.80legs.com/webcrawler.html) Gecko/2008032620"
66.249.72.132 - - [12/Aug/2013:08:12:54 +0200] "GET /wir-ueber-uns.html HTTP/1.1" 304 - "-" "Mozilla/5.0 (iPhone; U; CPU iPhone OS 4_1 like Mac OS X; en-us) AppleWebKit/532.9 (KHTML, like Gecko) Version/4.0.5 Mobile/8B117 Safari/6531.22.7 (compatible; Googlebot-Mobile/2.1; +http://www.google.com/bot.html)"
178.76.223.189 - - [12/Aug/2013:08:28:44 +0200] "GET /robots.txt HTTP/1.1" 404 1256 "-" "Mozilla/5.0 (compatible; 008/0.83; http://www.80legs.com/webcrawler.html;) Gecko/2008032620"
178.76.223.189 - - [12/Aug/2013:08:28:45 +0200] "GET / HTTP/1.1" 200 3135 "-" "Mozilla/5.0 (compatible; 008/0.85; http://www.80legs.com/webcrawler.html) Gecko/2008032620"
195.98.86.242 - - [12/Aug/2013:08:29:06 +0200] "GET /robots.txt HTTP/1.0" 404 1256 "-" "Mozilla/5.0 (compatible; 008/0.83; http://www.80legs.com/webcrawler.html;) Gecko/2008032620"
195.98.86.242 - - [12/Aug/2013:08:29:07 +0200] "GET / HTTP/1.0" 200 3135 "-" "Mozilla/5.0 (compatible; 008/0.85; http://www.80legs.com/webcrawler.html) Gecko/2008032620"
93.77.132.181 - - [12/Aug/2013:09:01:47 +0200] "GET /robots.txt HTTP/1.1" 404 1256 "-" "Mozilla/5.0 (compatible; 008/0.83; http://www.80legs.com/webcrawler.html;) Gecko/2008032620"
93.77.132.181 - - [12/Aug/2013:09:01:47 +0200] "GET / HTTP/1.1" 200 3135 "-" "Mozilla/5.0 (compatible; 008/0.85; http://www.80legs.com/webcrawler.html) Gecko/2008032620"
131.253.24.9 - - [12/Aug/2013:09:12:34 +0200] "GET /robots.txt HTTP/1.1" 404 1256 "-" "msnbot-media/1.1 (+http://search.msn.com/msnbot.htm)"
131.253.24.9 - - [12/Aug/2013:09:12:34 +0200] "GET /img/referenzen/011.jpg HTTP/1.1" 200 161700 "-" "msnbot-media/1.1 (+http://search.msn.com/msnbot.htm)"
91.216.240.1 - - [12/Aug/2013:09:36:12 +0200] "GET /robots.txt HTTP/1.1" 404 1256 "-" "Mozilla/5.0 (compatible; 008/0.83; http://www.80legs.com/webcrawler.html;) Gecko/2008032620"
91.216.240.1 - - [12/Aug/2013:09:36:12 +0200] "GET / HTTP/1.1" 200 3135 "-" "Mozilla/5.0 (compatible; 008/0.85; http://www.80legs.com/webcrawler.html) Gecko/2008032620"
77.123.48.247 - - [12/Aug/2013:10:00:20 +0200] "GET /robots.txt HTTP/1.1" 404 1256 "-" "Mozilla/5.0 (compatible; 008/0.83; http://www.80legs.com/webcrawler.html;) Gecko/2008032620"
77.123.48.247 - - [12/Aug/2013:10:00:21 +0200] "GET / HTTP/1.1" 200 3135 "-" "Mozilla/5.0 (compatible; 008/0.85; http://www.80legs.com/webcrawler.html) Gecko/2008032620"
79.194.50.131 - - [12/Aug/2013:10:05:40 +0200] "GET /wir-ueber-uns.html HTTP/1.1" 200 5703 "https://www.google.de/" "Mozilla/5.0 (Windows NT 6.1; WOW64) AppleWebKit/537.36 (KHTML, like Gecko) Chrome/28.0.1500.95 Safari/537.36"
79.194.50.131 - - [12/Aug/2013:10:05:40 +0200] "GET /css/stylesheet.css HTTP/1.1" 200 6398 "http://www.bsb-schrott.de/wir-ueber-uns.html" "Mozilla/5.0 (Windows NT 6.1; WOW64) AppleWebKit/537.36 (KHTML, like Gecko) Chrome/28.0.1500.95 Safari/537.36"
79.194.50.131 - - [12/Aug/2013:10:05:40 +0200] "GET /img/news.jpg HTTP/1.1" 200 7536 "http://www.bsb-schrott.de/wir-ueber-uns.html" "Mozilla/5.0 (Windows NT 6.1; WOW64) AppleWebKit/537.36 (KHTML, like Gecko) Chrome/28.0.1500.95 Safari/537.36"
79.194.50.131 - - [12/Aug/2013:10:05:40 +0200] "GET /css/gudea-regular-webfont.woff HTTP/1.1" 200 21616 "http://www.bsb-schrott.de/wir-ueber-uns.html" "Mozilla/5.0 (Windows NT 6.1; WOW64) AppleWebKit/537.36 (KHTML, like Gecko) Chrome/28.0.1500.95 Safari/537.36"
79.194.50.131 - - [12/Aug/2013:10:05:40 +0200] "GET /css/gudea-bold-webfont.woff HTTP/1.1" 200 21884 "http://www.bsb-schrott.de/wir-ueber-uns.html" "Mozilla/5.0 (Windows NT 6.1; WOW64) AppleWebKit/537.36 (KHTML, like Gecko) Chrome/28.0.1500.95 Safari/537.36"
79.194.50.131 - - [12/Aug/2013:10:05:40 +0200] "GET /css/gudea-italic-webfont.woff HTTP/1.1" 200 25624 "http://www.bsb-schrott.de/wir-ueber-uns.html" "Mozilla/5.0 (Windows NT 6.1; WOW64) AppleWebKit/537.36 (KHTML, like Gecko) Chrome/28.0.1500.95 Safari/537.36"
79.194.50.131 - - [12/Aug/2013:10:05:40 +0200] "GET /img/gradient_header.png HTTP/1.1" 200 253 "http://www.bsb-schrott.de/wir-ueber-uns.html" "Mozilla/5.0 (Windows NT 6.1; WOW64) AppleWebKit/537.36 (KHTML, like Gecko) Chrome/28.0.1500.95 Safari/537.36"
79.194.50.131 - - [12/Aug/2013:10:05:40 +0200] "GET /img/bsb_logo.jpg HTTP/1.1" 200 31271 "http://www.bsb-schrott.de/wir-ueber-uns.html" "Mozilla/5.0 (Windows NT 6.1; WOW64) AppleWebKit/537.36 (KHTML, like Gecko) Chrome/28.0.1500.95 Safari/537.36"
79.194.50.131 - - [12/Aug/2013:10:05:40 +0200] "GET /img/header_banner.png HTTP/1.1" 200 22955 "http://www.bsb-schrott.de/wir-ueber-uns.html" "Mozilla/5.0 (Windows NT 6.1; WOW64) AppleWebKit/537.36 (KHTML, like Gecko) Chrome/28.0.1500.95 Safari/537.36"
79.194.50.131 - - [12/Aug/2013:10:05:41 +0200] "GET /img/nav.png HTTP/1.1" 200 197 "http://www.bsb-schrott.de/wir-ueber-uns.html" "Mozilla/5.0 (Windows NT 6.1; WOW64) AppleWebKit/537.36 (KHTML, like Gecko) Chrome/28.0.1500.95 Safari/537.36"
79.194.50.131 - - [12/Aug/2013:10:05:41 +0200] "GET /img/nav_activ.png HTTP/1.1" 200 520 "http://www.bsb-schrott.de/wir-ueber-uns.html" "Mozilla/5.0 (Windows NT 6.1; WOW64) AppleWebKit/537.36 (KHTML, like Gecko) Chrome/28.0.1500.95 Safari/537.36"
79.194.50.131 - - [12/Aug/2013:10:05:41 +0200] "GET /img/gradient_navbar.png HTTP/1.1" 200 144 "http://www.bsb-schrott.de/wir-ueber-uns.html" "Mozilla/5.0 (Windows NT 6.1; WOW64) AppleWebKit/537.36 (KHTML, like Gecko) Chrome/28.0.1500.95 Safari/537.36"
79.194.50.131 - - [12/Aug/2013:10:05:41 +0200] "GET /img/gradient_left.png HTTP/1.1" 200 135 "http://www.bsb-schrott.de/wir-ueber-uns.html" "Mozilla/5.0 (Windows NT 6.1; WOW64) AppleWebKit/537.36 (KHTML, like Gecko) Chrome/28.0.1500.95 Safari/537.36"
79.194.50.131 - - [12/Aug/2013:10:05:41 +0200] "GET /img/contentBg.png HTTP/1.1" 200 110 "http://www.bsb-schrott.de/wir-ueber-uns.html" "Mozilla/5.0 (Windows NT 6.1; WOW64) AppleWebKit/537.36 (KHTML, like Gecko) Chrome/28.0.1500.95 Safari/537.36"
79.194.50.131 - - [12/Aug/2013:10:05:41 +0200] "GET /img/iwa_cert.png HTTP/1.1" 200 38259 "http://www.bsb-schrott.de/wir-ueber-uns.html" "Mozilla/5.0 (Windows NT 6.1; WOW64) AppleWebKit/537.36 (KHTML, like Gecko) Chrome/28.0.1500.95 Safari/537.36"
79.194.50.131 - - [12/Aug/2013:10:05:41 +0200] "GET /img/lvl.png HTTP/1.1" 200 1441 "http://www.bsb-schrott.de/wir-ueber-uns.html" "Mozilla/5.0 (Windows NT 6.1; WOW64) AppleWebKit/537.36 (KHTML, like Gecko) Chrome/28.0.1500.95 Safari/537.36"
79.194.50.131 - - [12/Aug/2013:10:05:41 +0200] "GET /img/timeline.png HTTP/1.1" 200 724 "http://www.bsb-schrott.de/wir-ueber-uns.html" "Mozilla/5.0 (Windows NT 6.1; WOW64) AppleWebKit/537.36 (KHTML, like Gecko) Chrome/28.0.1500.95 Safari/537.36"
79.194.50.131 - - [12/Aug/2013:10:05:41 +0200] "GET /img/lhl.png HTTP/1.1" 200 1132 "http://www.bsb-schrott.de/wir-ueber-uns.html" "Mozilla/5.0 (Windows NT 6.1; WOW64) AppleWebKit/537.36 (KHTML, like Gecko) Chrome/28.0.1500.95 Safari/537.36"
79.194.50.131 - - [12/Aug/2013:10:05:41 +0200] "GET /img/gradient_right.png HTTP/1.1" 200 127 "http://www.bsb-schrott.de/wir-ueber-uns.html" "Mozilla/5.0 (Windows NT 6.1; WOW64) AppleWebKit/537.36 (KHTML, like Gecko) Chrome/28.0.1500.95 Safari/537.36"
79.194.50.131 - - [12/Aug/2013:10:05:41 +0200] "GET /img/gradient_footer.png HTTP/1.1" 200 140 "http://www.bsb-schrott.de/wir-ueber-uns.html" "Mozilla/5.0 (Windows NT 6.1; WOW64) AppleWebKit/537.36 (KHTML, like Gecko) Chrome/28.0.1500.95 Safari/537.36"
79.194.50.131 - - [12/Aug/2013:10:05:41 +0200] "GET /img/content_bagger.png HTTP/1.1" 200 143701 "http://www.bsb-schrott.de/wir-ueber-uns.html" "Mozilla/5.0 (Windows NT 6.1; WOW64) AppleWebKit/537.36 (KHTML, like Gecko) Chrome/28.0.1500.95 Safari/537.36"
79.194.50.131 - - [12/Aug/2013:10:05:41 +0200] "GET /img/bsb_background.jpg HTTP/1.1" 200 84092 "http://www.bsb-schrott.de/wir-ueber-uns.html" "Mozilla/5.0 (Windows NT 6.1; WOW64) AppleWebKit/537.36 (KHTML, like Gecko) Chrome/28.0.1500.95 Safari/537.36"
79.194.50.131 - - [12/Aug/2013:10:05:45 +0200] "GET /favicon.ico HTTP/1.1" 404 1256 "-" "Mozilla/5.0 (Windows NT 6.1; WOW64) AppleWebKit/537.36 (KHTML, like Gecko) Chrome/28.0.1500.95 Safari/537.36"
217.25.224.128 - - [12/Aug/2013:10:38:11 +0200] "GET /robots.txt HTTP/1.1" 404 1256 "-" "Mozilla/5.0 (compatible; 008/0.83; http://www.80legs.com/webcrawler.html;) Gecko/2008032620"
217.25.224.128 - - [12/Aug/2013:10:38:11 +0200] "GET / HTTP/1.1" 200 3135 "-" "Mozilla/5.0 (compatible; 008/0.85; http://www.80legs.com/webcrawler.html) Gecko/2008032620"
188.43.3.140 - - [12/Aug/2013:10:39:20 +0200] "GET /robots.txt HTTP/1.1" 404 1256 "-" "Mozilla/5.0 (compatible; 008/0.83; http://www.80legs.com/webcrawler.html;) Gecko/2008032620"
188.43.3.140 - - [12/Aug/2013:10:39:20 +0200] "GET / HTTP/1.1" 200 3135 "-" "Mozilla/5.0 (compatible; 008/0.85; http://www.80legs.com/webcrawler.html) Gecko/2008032620"
175.139.2.197 - - [12/Aug/2013:10:40:01 +0200] "GET / HTTP/1.1" 200 3135 "http://www.gelbeseiten.de/schrottplatz/berlin" "Mozilla/4.0 (compatible; MSIE 7.0; Windows NT 5.1; Trident/4.0; BTRS100277; SIMBAR={A4635916-F685-11E2-A8D5-0025B3CB327A})"
199.30.16.7 - - [12/Aug/2013:11:00:54 +0200] "GET /robots.txt HTTP/1.1" 404 1256 "-" "msnbot-media/1.1 (+http://search.msn.com/msnbot.htm)"
199.30.16.7 - - [12/Aug/2013:11:00:54 +0200] "GET /img/referenzen/PICT1324.jpg HTTP/1.1" 200 286993 "-" "msnbot-media/1.1 (+http://search.msn.com/msnbot.htm)"
81.88.222.50 - - [12/Aug/2013:11:10:57 +0200] "GET /robots.txt HTTP/1.1" 404 1256 "-" "Mozilla/5.0 (compatible; 008/0.83; http://www.80legs.com/webcrawler.html;) Gecko/2008032620"
81.88.222.50 - - [12/Aug/2013:11:10:57 +0200] "GET / HTTP/1.1" 200 3135 "-" "Mozilla/5.0 (compatible; 008/0.85; http://www.80legs.com/webcrawler.html) Gecko/2008032620"
194.44.211.22 - - [12/Aug/2013:11:11:17 +0200] "GET /robots.txt HTTP/1.1" 404 1256 "-" "Mozilla/5.0 (compatible; 008/0.83; http://www.80legs.com/webcrawler.html;) Gecko/2008032620"
194.44.211.22 - - [12/Aug/2013:11:11:17 +0200] "GET / HTTP/1.1" 200 3135 "-" "Mozilla/5.0 (compatible; 008/0.85; http://www.80legs.com/webcrawler.html) Gecko/2008032620"
175.139.2.197 - - [12/Aug/2013:11:28:05 +0200] "GET / HTTP/1.1" 200 3135 "http://www.gelbeseiten.de/schrottplatz/berlin" "Mozilla/4.0 (compatible; MSIE 7.0; Windows NT 5.1; Trident/4.0; BTRS100277; SIMBAR={A4635916-F685-11E2-A8D5-0025B3CB327A})"
94.143.42.34 - - [12/Aug/2013:12:15:38 +0200] "GET /robots.txt HTTP/1.1" 404 1256 "-" "Mozilla/5.0 (compatible; 008/0.83; http://www.80legs.com/webcrawler.html;) Gecko/2008032620"
94.143.42.34 - - [12/Aug/2013:12:15:38 +0200] "GET / HTTP/1.1" 200 3135 "-" "Mozilla/5.0 (compatible; 008/0.85; http://www.80legs.com/webcrawler.html) Gecko/2008032620"
78.111.30.30 - - [12/Aug/2013:12:49:38 +0200] "GET /robots.txt HTTP/1.1" 404 1256 "-" "Mozilla/5.0 (compatible; 008/0.83; http://www.80legs.com/webcrawler.html;) Gecko/2008032620"
78.111.30.30 - - [12/Aug/2013:12:49:38 +0200] "GET / HTTP/1.1" 200 3135 "-" "Mozilla/5.0 (compatible; 008/0.85; http://www.80legs.com/webcrawler.html) Gecko/2008032620"
173.199.120.123 - - [12/Aug/2013:13:09:32 +0200] "GET /img/referenzen/PICT1325.jpg HTTP/1.1" 200 338707 "-" "Mozilla/5.0 (compatible; AhrefsBot/4.0; +http://ahrefs.com/robot/)"
2.93.195.52 - - [12/Aug/2013:13:17:01 +0200] "GET /robots.txt HTTP/1.1" 404 1256 "-" "Mozilla/5.0 (compatible; 008/0.83; http://www.80legs.com/webcrawler.html;) Gecko/2008032620"
2.93.195.52 - - [12/Aug/2013:13:17:02 +0200] "GET / HTTP/1.1" 200 3135 "-" "Mozilla/5.0 (compatible; 008/0.85; http://www.80legs.com/webcrawler.html) Gecko/2008032620"
46.200.156.240 - - [12/Aug/2013:13:18:16 +0200] "GET /robots.txt HTTP/1.1" 404 1256 "-" "Mozilla/5.0 (compatible; 008/0.83; http://www.80legs.com/webcrawler.html;) Gecko/2008032620"
46.200.156.240 - - [12/Aug/2013:13:18:16 +0200] "GET / HTTP/1.1" 200 3135 "-" "Mozilla/5.0 (compatible; 008/0.85; http://www.80legs.com/webcrawler.html) Gecko/2008032620"
210.97.192.220 - - [12/Aug/2013:13:24:12 +0200] "GET /pub/BSB_IWA_Zertifikat.pdf HTTP/1.0" 200 2808860 "-" "Mozilla/5.0 (Windows NT 6.1; WOW64) AppleWebKit/535.1 (KHTML, like Gecko) Chrome/13.0.782.215 Safari/535.1"
65.55.52.87 - - [12/Aug/2013:14:08:54 +0200] "GET /robots.txt HTTP/1.1" 404 1256 "-" "Mozilla/5.0 (compatible; bingbot/2.0; +http://www.bing.com/bingbot.htm)"
37.115.108.136 - - [12/Aug/2013:14:17:42 +0200] "GET /robots.txt HTTP/1.1" 404 1256 "-" "Mozilla/5.0 (compatible; 008/0.83; http://www.80legs.com/webcrawler.html;) Gecko/2008032620"
37.115.108.136 - - [12/Aug/2013:14:17:42 +0200] "GET / HTTP/1.1" 200 3135 "-" "Mozilla/5.0 (compatible; 008/0.85; http://www.80legs.com/webcrawler.html) Gecko/2008032620"
188.130.178.9 - - [12/Aug/2013:14:18:16 +0200] "GET /robots.txt HTTP/1.1" 404 1256 "-" "Mozilla/5.0 (compatible; 008/0.83; http://www.80legs.com/webcrawler.html;) Gecko/2008032620"
188.130.178.9 - - [12/Aug/2013:14:18:16 +0200] "GET / HTTP/1.1" 200 3135 "-" "Mozilla/5.0 (compatible; 008/0.85; http://www.80legs.com/webcrawler.html) Gecko/2008032620"
173.199.120.123 - - [12/Aug/2013:14:26:28 +0200] "GET /impressum.html HTTP/1.1" 200 3432 "-" "Mozilla/5.0 (compatible; AhrefsBot/4.0; +http://ahrefs.com/robot/)"
65.55.52.87 - - [12/Aug/2013:14:43:07 +0200] "GET /kontakt.html HTTP/1.1" 200 3830 "-" "Mozilla/5.0 (compatible; bingbot/2.0; +http://www.bing.com/bingbot.htm)"
31.207.246.152 - - [12/Aug/2013:14:44:09 +0200] "GET /robots.txt HTTP/1.1" 404 1256 "-" "Mozilla/5.0 (compatible; 008/0.83; http://www.80legs.com/webcrawler.html;) Gecko/2008032620"
31.207.246.152 - - [12/Aug/2013:14:44:09 +0200] "GET / HTTP/1.1" 200 3135 "-" "Mozilla/5.0 (compatible; 008/0.85; http://www.80legs.com/webcrawler.html) Gecko/2008032620"
141.8.147.12 - - [12/Aug/2013:15:12:47 +0200] "GET /robots.txt HTTP/1.1" 404 1256 "-" "Mozilla/5.0 (compatible; YandexBot/3.0; +http://yandex.com/bots)"
37.1.25.156 - - [12/Aug/2013:15:14:54 +0200] "GET /robots.txt HTTP/1.1" 404 1256 "-" "Mozilla/5.0 (compatible; 008/0.83; http://www.80legs.com/webcrawler.html;) Gecko/2008032620"
37.1.25.156 - - [12/Aug/2013:15:14:54 +0200] "GET / HTTP/1.1" 200 3135 "-" "Mozilla/5.0 (compatible; 008/0.85; http://www.80legs.com/webcrawler.html) Gecko/2008032620"
94.25.229.99 - - [12/Aug/2013:15:19:09 +0200] "GET /robots.txt HTTP/1.1" 404 1256 "-" "Mozilla/5.0 (compatible; 008/0.83; http://www.80legs.com/webcrawler.html;) Gecko/2008032620"
94.25.229.99 - - [12/Aug/2013:15:19:10 +0200] "GET / HTTP/1.1" 200 3135 "-" "Mozilla/5.0 (compatible; 008/0.85; http://www.80legs.com/webcrawler.html) Gecko/2008032620"
94.228.244.212 - - [12/Aug/2013:15:46:30 +0200] "GET /robots.txt HTTP/1.1" 404 1256 "-" "Mozilla/5.0 (compatible; 008/0.83; http://www.80legs.com/webcrawler.html;) Gecko/2008032620"
94.228.244.212 - - [12/Aug/2013:15:46:30 +0200] "GET / HTTP/1.1" 200 3135 "-" "Mozilla/5.0 (compatible; 008/0.85; http://www.80legs.com/webcrawler.html) Gecko/2008032620"
66.249.75.132 - - [12/Aug/2013:16:24:45 +0200] "GET /robots.txt HTTP/1.1" 404 1256 "-" "Mozilla/5.0 (compatible; Googlebot/2.1; +http://www.google.com/bot.html)"
66.249.75.132 - - [12/Aug/2013:16:24:45 +0200] "GET /referenzen.html HTTP/1.1" 304 - "-" "Mozilla/5.0 (iPhone; U; CPU iPhone OS 4_1 like Mac OS X; en-us) AppleWebKit/532.9 (KHTML, like Gecko) Version/4.0.5 Mobile/8B117 Safari/6531.22.7 (compatible; Googlebot-Mobile/2.1; +http://www.google.com/bot.html)"
217.95.188.232 - - [12/Aug/2013:17:02:33 +0200] "GET / HTTP/1.1" 200 3135 "https://www.google.de/" "Mozilla/5.0 (Linux; U; Android 4.1.2; de-de; GT-I9300 Build/JZO54K) AppleWebKit/534.30 (KHTML, like Gecko) Version/4.0 Mobile Safari/534.30"
217.95.188.232 - - [12/Aug/2013:17:02:33 +0200] "GET /css/stylesheet.css HTTP/1.1" 200 6398 "http://www.bsb-schrott.de/" "Mozilla/5.0 (Linux; U; Android 4.1.2; de-de; GT-I9300 Build/JZO54K) AppleWebKit/534.30 (KHTML, like Gecko) Version/4.0 Mobile Safari/534.30"
217.95.188.232 - - [12/Aug/2013:17:02:33 +0200] "GET /img/news.jpg HTTP/1.1" 200 7536 "http://www.bsb-schrott.de/" "Mozilla/5.0 (Linux; U; Android 4.1.2; de-de; GT-I9300 Build/JZO54K) AppleWebKit/534.30 (KHTML, like Gecko) Version/4.0 Mobile Safari/534.30"
217.95.188.232 - - [12/Aug/2013:17:02:34 +0200] "GET /img/gradient_header.png HTTP/1.1" 200 253 "http://www.bsb-schrott.de/" "Mozilla/5.0 (Linux; U; Android 4.1.2; de-de; GT-I9300 Build/JZO54K) AppleWebKit/534.30 (KHTML, like Gecko) Version/4.0 Mobile Safari/534.30"
217.95.188.232 - - [12/Aug/2013:17:02:34 +0200] "GET /img/nav_activ.png HTTP/1.1" 200 520 "http://www.bsb-schrott.de/" "Mozilla/5.0 (Linux; U; Android 4.1.2; de-de; GT-I9300 Build/JZO54K) AppleWebKit/534.30 (KHTML, like Gecko) Version/4.0 Mobile Safari/534.30"
217.95.188.232 - - [12/Aug/2013:17:02:34 +0200] "GET /img/gradient_navbar.png HTTP/1.1" 200 144 "http://www.bsb-schrott.de/" "Mozilla/5.0 (Linux; U; Android 4.1.2; de-de; GT-I9300 Build/JZO54K) AppleWebKit/534.30 (KHTML, like Gecko) Version/4.0 Mobile Safari/534.30"
217.95.188.232 - - [12/Aug/2013:17:02:34 +0200] "GET /img/gradient_left.png HTTP/1.1" 200 135 "http://www.bsb-schrott.de/" "Mozilla/5.0 (Linux; U; Android 4.1.2; de-de; GT-I9300 Build/JZO54K) AppleWebKit/534.30 (KHTML, like Gecko) Version/4.0 Mobile Safari/534.30"
217.95.188.232 - - [12/Aug/2013:17:02:34 +0200] "GET /img/contentBg.png HTTP/1.1" 200 110 "http://www.bsb-schrott.de/" "Mozilla/5.0 (Linux; U; Android 4.1.2; de-de; GT-I9300 Build/JZO54K) AppleWebKit/534.30 (KHTML, like Gecko) Version/4.0 Mobile Safari/534.30"
217.95.188.232 - - [12/Aug/2013:17:02:34 +0200] "GET /img/lvl.png HTTP/1.1" 200 1441 "http://www.bsb-schrott.de/" "Mozilla/5.0 (Linux; U; Android 4.1.2; de-de; GT-I9300 Build/JZO54K) AppleWebKit/534.30 (KHTML, like Gecko) Version/4.0 Mobile Safari/534.30"
217.95.188.232 - - [12/Aug/2013:17:02:34 +0200] "GET /img/bsb_logo.jpg HTTP/1.1" 200 31271 "http://www.bsb-schrott.de/" "Mozilla/5.0 (Linux; U; Android 4.1.2; de-de; GT-I9300 Build/JZO54K) AppleWebKit/534.30 (KHTML, like Gecko) Version/4.0 Mobile Safari/534.30"
