213.220.155.157 - - [27/Aug/2013:11:30:29 +0200] "GET /img/lhl.png HTTP/1.1" 200 1132 "http://www.bsb-schrott.de/css/stylesheet.css" "Mozilla/5.0 (Windows NT 6.1; rv:23.0) Gecko/20100101 Firefox/23.0"
213.220.155.157 - - [27/Aug/2013:11:30:29 +0200] "GET /css/gudea-italic-webfont.woff HTTP/1.1" 200 25624 "http://www.bsb-schrott.de/css/stylesheet.css" "Mozilla/5.0 (Windows NT 6.1; rv:23.0) Gecko/20100101 Firefox/23.0"
213.220.155.157 - - [27/Aug/2013:11:30:36 +0200] "GET /leistungen.html HTTP/1.1" 200 3224 "http://www.bsb-schrott.de/wir-ueber-uns.html" "Mozilla/5.0 (Windows NT 6.1; rv:23.0) Gecko/20100101 Firefox/23.0"
213.220.155.157 - - [27/Aug/2013:11:30:39 +0200] "GET /referenzen.html HTTP/1.1" 200 4045 "http://www.bsb-schrott.de/leistungen.html" "Mozilla/5.0 (Windows NT 6.1; rv:23.0) Gecko/20100101 Firefox/23.0"
213.220.155.157 - - [27/Aug/2013:11:30:39 +0200] "GET /js/jquery.fancybox-1.3.4.pack.js HTTP/1.1" 200 15624 "http://www.bsb-schrott.de/referenzen.html" "Mozilla/5.0 (Windows NT 6.1; rv:23.0) Gecko/20100101 Firefox/23.0"
213.220.155.157 - - [27/Aug/2013:11:30:39 +0200] "GET /js/jquery.mousewheel-3.0.4.pack.js HTTP/1.1" 200 1279 "http://www.bsb-schrott.de/referenzen.html" "Mozilla/5.0 (Windows NT 6.1; rv:23.0) Gecko/20100101 Firefox/23.0"
213.220.155.157 - - [27/Aug/2013:11:30:39 +0200] "GET /css/jquery.fancybox-1.3.4.css HTTP/1.1" 200 8776 "http://www.bsb-schrott.de/referenzen.html" "Mozilla/5.0 (Windows NT 6.1; rv:23.0) Gecko/20100101 Firefox/23.0"
213.220.155.157 - - [27/Aug/2013:11:30:39 +0200] "GET /js/jquery-1.7.2.min.js HTTP/1.1" 200 94840 "http://www.bsb-schrott.de/referenzen.html" "Mozilla/5.0 (Windows NT 6.1; rv:23.0) Gecko/20100101 Firefox/23.0"
213.220.155.157 - - [27/Aug/2013:11:30:39 +0200] "GET /img/referenzen/thumb/PICT1325.jpg HTTP/1.1" 200 8059 "http://www.bsb-schrott.de/referenzen.html" "Mozilla/5.0 (Windows NT 6.1; rv:23.0) Gecko/20100101 Firefox/23.0"
213.220.155.157 - - [27/Aug/2013:11:30:39 +0200] "GET /img/referenzen/thumb/011.jpg HTTP/1.1" 200 5938 "http://www.bsb-schrott.de/referenzen.html" "Mozilla/5.0 (Windows NT 6.1; rv:23.0) Gecko/20100101 Firefox/23.0"
213.220.155.157 - - [27/Aug/2013:11:30:39 +0200] "GET /img/referenzen/thumb/114.jpg HTTP/1.1" 200 7605 "http://www.bsb-schrott.de/referenzen.html" "Mozilla/5.0 (Windows NT 6.1; rv:23.0) Gecko/20100101 Firefox/23.0"
213.220.155.157 - - [27/Aug/2013:11:30:39 +0200] "GET /img/referenzen/thumb/PICT1324.jpg HTTP/1.1" 200 9353 "http://www.bsb-schrott.de/referenzen.html" "Mozilla/5.0 (Windows NT 6.1; rv:23.0) Gecko/20100101 Firefox/23.0"
213.220.155.157 - - [27/Aug/2013:11:30:39 +0200] "GET /img/fancy/fancybox.png HTTP/1.1" 200 15287 "http://www.bsb-schrott.de/css/jquery.fancybox-1.3.4.css" "Mozilla/5.0 (Windows NT 6.1; rv:23.0) Gecko/20100101 Firefox/23.0"
213.220.155.157 - - [27/Aug/2013:11:30:39 +0200] "GET /img/referenzen/011.jpg HTTP/1.1" 200 161700 "http://www.bsb-schrott.de/referenzen.html" "Mozilla/5.0 (Windows NT 6.1; rv:23.0) Gecko/20100101 Firefox/23.0"
213.220.155.157 - - [27/Aug/2013:11:30:40 +0200] "GET /img/fancy/fancybox-x.png HTTP/1.1" 200 203 "http://www.bsb-schrott.de/css/jquery.fancybox-1.3.4.css" "Mozilla/5.0 (Windows NT 6.1; rv:23.0) Gecko/20100101 Firefox/23.0"
213.220.155.157 - - [27/Aug/2013:11:30:40 +0200] "GET /img/fancy/fancybox-y.png HTTP/1.1" 200 176 "http://www.bsb-schrott.de/css/jquery.fancybox-1.3.4.css" "Mozilla/5.0 (Windows NT 6.1; rv:23.0) Gecko/20100101 Firefox/23.0"
213.220.155.157 - - [27/Aug/2013:11:30:40 +0200] "GET /img/fancy/blank.gif HTTP/1.1" 200 43 "http://www.bsb-schrott.de/css/jquery.fancybox-1.3.4.css" "Mozilla/5.0 (Windows NT 6.1; rv:23.0) Gecko/20100101 Firefox/23.0"
213.220.155.157 - - [27/Aug/2013:11:30:40 +0200] "GET /img/referenzen/114.jpg HTTP/1.1" 200 291853 "http://www.bsb-schrott.de/referenzen.html" "Mozilla/5.0 (Windows NT 6.1; rv:23.0) Gecko/20100101 Firefox/23.0"
213.220.155.157 - - [27/Aug/2013:11:30:49 +0200] "GET /kontakt.html HTTP/1.1" 200 3830 "http://www.bsb-schrott.de/referenzen.html" "Mozilla/5.0 (Windows NT 6.1; rv:23.0) Gecko/20100101 Firefox/23.0"
213.220.155.157 - - [27/Aug/2013:11:31:12 +0200] "GET /index.html HTTP/1.1" 200 3135 "http://www.bsb-schrott.de/kontakt.html" "Mozilla/5.0 (Windows NT 6.1; rv:23.0) Gecko/20100101 Firefox/23.0"
213.220.155.157 - - [27/Aug/2013:11:31:25 +0200] "GET /impressum.html HTTP/1.1" 200 3432 "http://www.bsb-schrott.de/kontakt.html" "Mozilla/5.0 (Windows NT 6.1; rv:23.0) Gecko/20100101 Firefox/23.0"
94.134.210.42 - - [27/Aug/2013:12:49:00 +0200] "GET / HTTP/1.1" 200 3135 "http://www.lumperia.de/admin/newsletter_gestion_inscrits.php?page=98&Aemail=hotel-langwieder-see@inmuenchen.de&aID=7171" "Mozilla/5.0 (Windows NT 6.2; WOW64; rv:23.0) Gecko/20100101 Firefox/23.0"
94.134.210.42 - - [27/Aug/2013:12:49:00 +0200] "GET /css/stylesheet.css HTTP/1.1" 200 6398 "http://www.bsb-schrott.de/" "Mozilla/5.0 (Windows NT 6.2; WOW64; rv:23.0) Gecko/20100101 Firefox/23.0"
94.134.210.42 - - [27/Aug/2013:12:49:01 +0200] "GET /img/news.jpg HTTP/1.1" 200 7536 "http://www.bsb-schrott.de/" "Mozilla/5.0 (Windows NT 6.2; WOW64; rv:23.0) Gecko/20100101 Firefox/23.0"
94.134.210.42 - - [27/Aug/2013:12:49:01 +0200] "GET /img/gradient_header.png HTTP/1.1" 200 253 "http://www.bsb-schrott.de/css/stylesheet.css" "Mozilla/5.0 (Windows NT 6.2; WOW64; rv:23.0) Gecko/20100101 Firefox/23.0"
94.134.210.42 - - [27/Aug/2013:12:49:01 +0200] "GET /img/nav_activ.png HTTP/1.1" 200 520 "http://www.bsb-schrott.de/css/stylesheet.css" "Mozilla/5.0 (Windows NT 6.2; WOW64; rv:23.0) Gecko/20100101 Firefox/23.0"
94.134.210.42 - - [27/Aug/2013:12:49:01 +0200] "GET /img/header_banner.png HTTP/1.1" 200 22955 "http://www.bsb-schrott.de/css/stylesheet.css" "Mozilla/5.0 (Windows NT 6.2; WOW64; rv:23.0) Gecko/20100101 Firefox/23.0"
94.134.210.42 - - [27/Aug/2013:12:49:01 +0200] "GET /img/nav.png HTTP/1.1" 200 197 "http://www.bsb-schrott.de/css/stylesheet.css" "Mozilla/5.0 (Windows NT 6.2; WOW64; rv:23.0) Gecko/20100101 Firefox/23.0"
94.134.210.42 - - [27/Aug/2013:12:49:01 +0200] "GET /css/gudea-regular-webfont.woff HTTP/1.1" 200 21616 "http://www.bsb-schrott.de/css/stylesheet.css" "Mozilla/5.0 (Windows NT 6.2; WOW64; rv:23.0) Gecko/20100101 Firefox/23.0"
94.134.210.42 - - [27/Aug/2013:12:49:01 +0200] "GET /css/gudea-bold-webfont.woff HTTP/1.1" 200 21884 "http://www.bsb-schrott.de/css/stylesheet.css" "Mozilla/5.0 (Windows NT 6.2; WOW64; rv:23.0) Gecko/20100101 Firefox/23.0"
94.134.210.42 - - [27/Aug/2013:12:49:01 +0200] "GET /img/bsb_logo.jpg HTTP/1.1" 200 31271 "http://www.bsb-schrott.de/css/stylesheet.css" "Mozilla/5.0 (Windows NT 6.2; WOW64; rv:23.0) Gecko/20100101 Firefox/23.0"
94.134.210.42 - - [27/Aug/2013:12:49:01 +0200] "GET /img/gradient_navbar.png HTTP/1.1" 200 144 "http://www.bsb-schrott.de/css/stylesheet.css" "Mozilla/5.0 (Windows NT 6.2; WOW64; rv:23.0) Gecko/20100101 Firefox/23.0"
94.134.210.42 - - [27/Aug/2013:12:49:01 +0200] "GET /img/gradient_left.png HTTP/1.1" 200 135 "http://www.bsb-schrott.de/css/stylesheet.css" "Mozilla/5.0 (Windows NT 6.2; WOW64; rv:23.0) Gecko/20100101 Firefox/23.0"
94.134.210.42 - - [27/Aug/2013:12:49:01 +0200] "GET /img/contentBg.png HTTP/1.1" 200 110 "http://www.bsb-schrott.de/css/stylesheet.css" "Mozilla/5.0 (Windows NT 6.2; WOW64; rv:23.0) Gecko/20100101 Firefox/23.0"
94.134.210.42 - - [27/Aug/2013:12:49:01 +0200] "GET /img/iwa_cert.png HTTP/1.1" 200 38259 "http://www.bsb-schrott.de/css/stylesheet.css" "Mozilla/5.0 (Windows NT 6.2; WOW64; rv:23.0) Gecko/20100101 Firefox/23.0"
94.134.210.42 - - [27/Aug/2013:12:49:01 +0200] "GET /img/lvl.png HTTP/1.1" 200 1441 "http://www.bsb-schrott.de/css/stylesheet.css" "Mozilla/5.0 (Windows NT 6.2; WOW64; rv:23.0) Gecko/20100101 Firefox/23.0"
94.134.210.42 - - [27/Aug/2013:12:49:01 +0200] "GET /img/gradient_right.png HTTP/1.1" 200 127 "http://www.bsb-schrott.de/css/stylesheet.css" "Mozilla/5.0 (Windows NT 6.2; WOW64; rv:23.0) Gecko/20100101 Firefox/23.0"
94.134.210.42 - - [27/Aug/2013:12:49:01 +0200] "GET /img/gradient_footer.png HTTP/1.1" 200 140 "http://www.bsb-schrott.de/css/stylesheet.css" "Mozilla/5.0 (Windows NT 6.2; WOW64; rv:23.0) Gecko/20100101 Firefox/23.0"
94.134.210.42 - - [27/Aug/2013:12:49:01 +0200] "GET /img/content_bagger.png HTTP/1.1" 200 143701 "http://www.bsb-schrott.de/css/stylesheet.css" "Mozilla/5.0 (Windows NT 6.2; WOW64; rv:23.0) Gecko/20100101 Firefox/23.0"
94.134.210.42 - - [27/Aug/2013:12:49:01 +0200] "GET /img/bsb_background.jpg HTTP/1.1" 200 84092 "http://www.bsb-schrott.de/css/stylesheet.css" "Mozilla/5.0 (Windows NT 6.2; WOW64; rv:23.0) Gecko/20100101 Firefox/23.0"
94.134.210.42 - - [27/Aug/2013:12:49:01 +0200] "GET /favicon.ico HTTP/1.1" 404 1256 "-" "Mozilla/5.0 (Windows NT 6.2; WOW64; rv:23.0) Gecko/20100101 Firefox/23.0"
207.241.226.238 - - [27/Aug/2013:12:49:02 +0200] "GET /robots.txt HTTP/1.1" 404 1256 "-" "ia_archiver(OS-Wayback)"
5.10.83.41 - - [27/Aug/2013:13:35:50 +0200] "GET /img/referenzen/114.jpg HTTP/1.1" 200 291853 "-" "Mozilla/5.0 (compatible; AhrefsBot/5.0; +http://ahrefs.com/robot/)"
66.249.78.62 - - [27/Aug/2013:13:51:52 +0200] "GET /wir-ueber-uns.html HTTP/1.1" 304 - "-" "Mozilla/5.0 (iPhone; U; CPU iPhone OS 4_1 like Mac OS X; en-us) AppleWebKit/532.9 (KHTML, like Gecko) Version/4.0.5 Mobile/8B117 Safari/6531.22.7 (compatible; Googlebot-Mobile/2.1; +http://www.google.com/bot.html)"
5.10.83.41 - - [27/Aug/2013:14:35:09 +0200] "GET /img/referenzen/PICT1324.jpg HTTP/1.1" 200 286993 "-" "Mozilla/5.0 (compatible; AhrefsBot/5.0; +http://ahrefs.com/robot/)"
141.8.147.12 - - [27/Aug/2013:15:35:46 +0200] "GET / HTTP/1.1" 200 3135 "-" "Mozilla/5.0 (compatible; YandexBot/3.0; +http://yandex.com/bots)"
208.115.113.84 - - [27/Aug/2013:16:11:47 +0200] "GET /robots.txt HTTP/1.1" 404 1256 "-" "Mozilla/5.0 (compatible; Ezooms/1.0; ezooms.bot@gmail.com)"
194.6.239.30 - - [27/Aug/2013:16:14:06 +0200] "GET / HTTP/1.1" 200 3135 "http://www.gelbeseiten.de/schrottplatz/bernau,,,,,umkreis--2" "Mozilla/5.0 (iPad; CPU OS 6_1_3 like Mac OS X) AppleWebKit/536.26 (KHTML, like Gecko) CriOS/28.0.1500.16 Mobile/10B329 Safari/8536.25"
194.6.239.30 - - [27/Aug/2013:16:14:06 +0200] "GET /css/stylesheet.css HTTP/1.1" 200 6398 "http://www.bsb-schrott.de/" "Mozilla/5.0 (iPad; CPU OS 6_1_3 like Mac OS X) AppleWebKit/536.26 (KHTML, like Gecko) CriOS/28.0.1500.16 Mobile/10B329 Safari/8536.25"
194.6.239.30 - - [27/Aug/2013:16:14:06 +0200] "GET /img/news.jpg HTTP/1.1" 200 7536 "http://www.bsb-schrott.de/" "Mozilla/5.0 (iPad; CPU OS 6_1_3 like Mac OS X) AppleWebKit/536.26 (KHTML, like Gecko) CriOS/28.0.1500.16 Mobile/10B329 Safari/8536.25"
194.6.239.30 - - [27/Aug/2013:16:14:06 +0200] "GET /img/gradient_header.png HTTP/1.1" 200 253 "http://www.bsb-schrott.de/" "Mozilla/5.0 (iPad; CPU OS 6_1_3 like Mac OS X) AppleWebKit/536.26 (KHTML, like Gecko) CriOS/28.0.1500.16 Mobile/10B329 Safari/8536.25"
194.6.239.30 - - [27/Aug/2013:16:14:06 +0200] "GET /img/bsb_logo.jpg HTTP/1.1" 200 31271 "http://www.bsb-schrott.de/" "Mozilla/5.0 (iPad; CPU OS 6_1_3 like Mac OS X) AppleWebKit/536.26 (KHTML, like Gecko) CriOS/28.0.1500.16 Mobile/10B329 Safari/8536.25"
194.6.239.30 - - [27/Aug/2013:16:14:06 +0200] "GET /img/header_banner.png HTTP/1.1" 200 22955 "http://www.bsb-schrott.de/" "Mozilla/5.0 (iPad; CPU OS 6_1_3 like Mac OS X) AppleWebKit/536.26 (KHTML, like Gecko) CriOS/28.0.1500.16 Mobile/10B329 Safari/8536.25"
194.6.239.30 - - [27/Aug/2013:16:14:06 +0200] "GET /img/iwa_cert.png HTTP/1.1" 200 38259 "http://www.bsb-schrott.de/" "Mozilla/5.0 (iPad; CPU OS 6_1_3 like Mac OS X) AppleWebKit/536.26 (KHTML, like Gecko) CriOS/28.0.1500.16 Mobile/10B329 Safari/8536.25"
194.6.239.30 - - [27/Aug/2013:16:14:06 +0200] "GET /img/nav_activ.png HTTP/1.1" 200 520 "http://www.bsb-schrott.de/" "Mozilla/5.0 (iPad; CPU OS 6_1_3 like Mac OS X) AppleWebKit/536.26 (KHTML, like Gecko) CriOS/28.0.1500.16 Mobile/10B329 Safari/8536.25"
194.6.239.30 - - [27/Aug/2013:16:14:06 +0200] "GET /img/nav.png HTTP/1.1" 200 197 "http://www.bsb-schrott.de/" "Mozilla/5.0 (iPad; CPU OS 6_1_3 like Mac OS X) AppleWebKit/536.26 (KHTML, like Gecko) CriOS/28.0.1500.16 Mobile/10B329 Safari/8536.25"
194.6.239.30 - - [27/Aug/2013:16:14:06 +0200] "GET /img/gradient_navbar.png HTTP/1.1" 200 144 "http://www.bsb-schrott.de/" "Mozilla/5.0 (iPad; CPU OS 6_1_3 like Mac OS X) AppleWebKit/536.26 (KHTML, like Gecko) CriOS/28.0.1500.16 Mobile/10B329 Safari/8536.25"
194.6.239.30 - - [27/Aug/2013:16:14:06 +0200] "GET /img/gradient_left.png HTTP/1.1" 200 135 "http://www.bsb-schrott.de/" "Mozilla/5.0 (iPad; CPU OS 6_1_3 like Mac OS X) AppleWebKit/536.26 (KHTML, like Gecko) CriOS/28.0.1500.16 Mobile/10B329 Safari/8536.25"
194.6.239.30 - - [27/Aug/2013:16:14:06 +0200] "GET /img/contentBg.png HTTP/1.1" 200 110 "http://www.bsb-schrott.de/" "Mozilla/5.0 (iPad; CPU OS 6_1_3 like Mac OS X) AppleWebKit/536.26 (KHTML, like Gecko) CriOS/28.0.1500.16 Mobile/10B329 Safari/8536.25"
194.6.239.30 - - [27/Aug/2013:16:14:06 +0200] "GET /img/lvl.png HTTP/1.1" 200 1441 "http://www.bsb-schrott.de/" "Mozilla/5.0 (iPad; CPU OS 6_1_3 like Mac OS X) AppleWebKit/536.26 (KHTML, like Gecko) CriOS/28.0.1500.16 Mobile/10B329 Safari/8536.25"
194.6.239.30 - - [27/Aug/2013:16:14:06 +0200] "GET /img/gradient_right.png HTTP/1.1" 200 127 "http://www.bsb-schrott.de/" "Mozilla/5.0 (iPad; CPU OS 6_1_3 like Mac OS X) AppleWebKit/536.26 (KHTML, like Gecko) CriOS/28.0.1500.16 Mobile/10B329 Safari/8536.25"
194.6.239.30 - - [27/Aug/2013:16:14:06 +0200] "GET /img/gradient_footer.png HTTP/1.1" 200 140 "http://www.bsb-schrott.de/" "Mozilla/5.0 (iPad; CPU OS 6_1_3 like Mac OS X) AppleWebKit/536.26 (KHTML, like Gecko) CriOS/28.0.1500.16 Mobile/10B329 Safari/8536.25"
194.6.239.30 - - [27/Aug/2013:16:14:07 +0200] "GET /css/gudea-regular-webfont.woff HTTP/1.1" 200 21616 "http://www.bsb-schrott.de/" "Mozilla/5.0 (iPad; CPU OS 6_1_3 like Mac OS X) AppleWebKit/536.26 (KHTML, like Gecko) CriOS/28.0.1500.16 Mobile/10B329 Safari/8536.25"
194.6.239.30 - - [27/Aug/2013:16:14:07 +0200] "GET /css/gudea-bold-webfont.woff HTTP/1.1" 200 21884 "http://www.bsb-schrott.de/" "Mozilla/5.0 (iPad; CPU OS 6_1_3 like Mac OS X) AppleWebKit/536.26 (KHTML, like Gecko) CriOS/28.0.1500.16 Mobile/10B329 Safari/8536.25"
194.6.239.30 - - [27/Aug/2013:16:14:06 +0200] "GET /img/content_bagger.png HTTP/1.1" 200 143701 "http://www.bsb-schrott.de/" "Mozilla/5.0 (iPad; CPU OS 6_1_3 like Mac OS X) AppleWebKit/536.26 (KHTML, like Gecko) CriOS/28.0.1500.16 Mobile/10B329 Safari/8536.25"
194.6.239.30 - - [27/Aug/2013:16:14:06 +0200] "GET /img/bsb_background.jpg HTTP/1.1" 200 84092 "http://www.bsb-schrott.de/" "Mozilla/5.0 (iPad; CPU OS 6_1_3 like Mac OS X) AppleWebKit/536.26 (KHTML, like Gecko) CriOS/28.0.1500.16 Mobile/10B329 Safari/8536.25"
194.6.239.30 - - [27/Aug/2013:16:14:07 +0200] "GET /favicon.ico HTTP/1.1" 404 1256 "-" "Mozilla/5.0 (iPad; CPU OS 6_1_3 like Mac OS X) AppleWebKit/536.26 (KHTML, like Gecko) CriOS/28.0.1500.16 Mobile/10B329 Safari/8536.25"
194.6.239.30 - - [27/Aug/2013:16:14:07 +0200] "GET /apple-touch-icon-precomposed.png HTTP/1.1" 404 1256 "-" "Mozilla/5.0 (iPad; CPU OS 6_1_3 like Mac OS X) AppleWebKit/536.26 (KHTML, like Gecko) CriOS/28.0.1500.16 Mobile/10B329 Safari/8536.25"
194.6.239.30 - - [27/Aug/2013:16:14:18 +0200] "GET /leistungen.html HTTP/1.1" 200 3224 "http://www.bsb-schrott.de/" "Mozilla/5.0 (iPad; CPU OS 6_1_3 like Mac OS X) AppleWebKit/536.26 (KHTML, like Gecko) CriOS/28.0.1500.16 Mobile/10B329 Safari/8536.25"
194.6.239.30 - - [27/Aug/2013:16:14:19 +0200] "GET /favicon.ico HTTP/1.1" 404 1256 "-" "Mozilla/5.0 (iPad; CPU OS 6_1_3 like Mac OS X) AppleWebKit/536.26 (KHTML, like Gecko) CriOS/28.0.1500.16 Mobile/10B329 Safari/8536.25"
194.6.239.30 - - [27/Aug/2013:16:14:19 +0200] "GET /apple-touch-icon-precomposed.png HTTP/1.1" 404 1256 "-" "Mozilla/5.0 (iPad; CPU OS 6_1_3 like Mac OS X) AppleWebKit/536.26 (KHTML, like Gecko) CriOS/28.0.1500.16 Mobile/10B329 Safari/8536.25"
199.58.86.211 - - [27/Aug/2013:17:43:13 +0200] "GET /robots.txt HTTP/1.0" 404 1256 "-" "Mozilla/5.0 (compatible; MJ12bot/v1.4.3; http://www.majestic12.co.uk/bot.php?+)"
199.58.86.211 - - [27/Aug/2013:17:43:14 +0200] "GET / HTTP/1.0" 200 3135 "-" "Mozilla/5.0 (compatible; MJ12bot/v1.4.3; http://www.majestic12.co.uk/bot.php?+)"
208.115.113.84 - - [27/Aug/2013:17:58:47 +0200] "GET /index.html HTTP/1.1" 200 3135 "-" "Mozilla/5.0 (compatible; Ezooms/1.0; ezooms.bot@gmail.com)"
208.115.113.84 - - [27/Aug/2013:17:58:50 +0200] "GET /kontakt.html HTTP/1.1" 200 3830 "-" "Mozilla/5.0 (compatible; Ezooms/1.0; ezooms.bot@gmail.com)"
141.8.147.12 - - [27/Aug/2013:19:30:27 +0200] "GET /impressum.html HTTP/1.1" 200 3432 "-" "Mozilla/5.0 (compatible; YandexBot/3.0; +http://yandex.com/bots)"
5.10.83.41 - - [27/Aug/2013:20:02:38 +0200] "GET /kontakt.html HTTP/1.1" 200 3830 "-" "Mozilla/5.0 (compatible; AhrefsBot/5.0; +http://ahrefs.com/robot/)"
66.249.78.62 - - [27/Aug/2013:20:45:12 +0200] "GET /robots.txt HTTP/1.1" 404 1256 "-" "Mozilla/5.0 (compatible; Googlebot/2.1; +http://www.google.com/bot.html)"
66.249.74.118 - - [27/Aug/2013:20:45:12 +0200] "GET /wir-ueber-uns.html HTTP/1.1" 200 5703 "-" "DoCoMo/2.0 N905i(c100;TB;W24H16) (compatible; Googlebot-Mobile/2.1; +http://www.google.com/bot.html)"
141.8.147.12 - - [27/Aug/2013:21:56:23 +0200] "GET /robots.txt HTTP/1.1" 404 1256 "-" "Mozilla/5.0 (compatible; YandexBot/3.0; +http://yandex.com/bots)"
141.8.147.12 - - [27/Aug/2013:22:32:05 +0200] "GET /pub/BSB_IWA_Zertifikat.pdf HTTP/1.1" 200 2808860 "-" "Mozilla/5.0 (compatible; YandexBot/3.0; +http://yandex.com/bots)"
66.249.78.62 - - [28/Aug/2013:00:58:02 +0200] "GET / HTTP/1.1" 200 3135 "-" "Mozilla/5.0 (iPhone; U; CPU iPhone OS 4_1 like Mac OS X; en-us) AppleWebKit/532.9 (KHTML, like Gecko) Version/4.0.5 Mobile/8B117 Safari/6531.22.7 (compatible; Googlebot-Mobile/2.1; +http://www.google.com/bot.html)"
5.10.83.73 - - [28/Aug/2013:04:12:56 +0200] "GET /kontakt.html HTTP/1.1" 200 3830 "-" "Mozilla/5.0 (compatible; AhrefsBot/5.0; +http://ahrefs.com/robot/)"
5.10.83.73 - - [28/Aug/2013:04:32:56 +0200] "GET /index.html HTTP/1.1" 200 3135 "-" "Mozilla/5.0 (compatible; AhrefsBot/5.0; +http://ahrefs.com/robot/)"
5.10.83.73 - - [28/Aug/2013:09:35:04 +0200] "GET /leistungen.html HTTP/1.1" 200 3224 "-" "Mozilla/5.0 (compatible; AhrefsBot/5.0; +http://ahrefs.com/robot/)"
91.217.145.35 - - [28/Aug/2013:09:44:39 +0200] "GET /impressum.html HTTP/1.1" 200 3432 "http://www.google.de/url?sa=t&rct=j&q=&esrc=s&frm=1&source=web&cd=2&sqi=2&ved=0CDcQFjAB&url=http%3A%2F%2Fwww.bsb-schrott.de%2Fimpressum.html&ei=S6odUpnGJI2rhAeR54DYCg&usg=AFQjCNEZH1tbuhsuMlf_oKzURQk-KOEMnA&bvm=bv.51156542,d.bGE" "Mozilla/5.0 (compatible; MSIE 9.0; Windows NT 6.1; WOW64; Trident/5.0)"
91.217.145.35 - - [28/Aug/2013:09:44:40 +0200] "GET /css/stylesheet.css HTTP/1.1" 304 - "http://www.bsb-schrott.de/impressum.html" "Mozilla/5.0 (compatible; MSIE 9.0; Windows NT 6.1; WOW64; Trident/5.0)"
91.217.145.35 - - [28/Aug/2013:09:44:40 +0200] "GET /img/news.jpg HTTP/1.1" 304 - "http://www.bsb-schrott.de/impressum.html" "Mozilla/5.0 (compatible; MSIE 9.0; Windows NT 6.1; WOW64; Trident/5.0)"
91.217.145.35 - - [28/Aug/2013:09:44:40 +0200] "GET /css/gudea-regular-webfont.eot? HTTP/1.1" 200 36144 "http://www.bsb-schrott.de/impressum.html" "Mozilla/5.0 (compatible; MSIE 9.0; Windows NT 6.1; WOW64; Trident/5.0)"
91.217.145.35 - - [28/Aug/2013:09:44:40 +0200] "GET /img/nav.png HTTP/1.1" 200 197 "http://www.bsb-schrott.de/impressum.html" "Mozilla/5.0 (compatible; MSIE 9.0; Windows NT 6.1; WOW64; Trident/5.0)"
91.217.145.35 - - [28/Aug/2013:09:44:40 +0200] "GET /img/contentBg.png HTTP/1.1" 200 110 "http://www.bsb-schrott.de/impressum.html" "Mozilla/5.0 (compatible; MSIE 9.0; Windows NT 6.1; WOW64; Trident/5.0)"
91.217.145.35 - - [28/Aug/2013:09:44:40 +0200] "GET /img/bsb_background.jpg HTTP/1.1" 304 - "http://www.bsb-schrott.de/impressum.html" "Mozilla/5.0 (compatible; MSIE 9.0; Windows NT 6.1; WOW64; Trident/5.0)"
91.217.145.35 - - [28/Aug/2013:09:44:40 +0200] "GET /img/header_banner.png HTTP/1.1" 304 - "http://www.bsb-schrott.de/impressum.html" "Mozilla/5.0 (compatible; MSIE 9.0; Windows NT 6.1; WOW64; Trident/5.0)"
91.217.145.35 - - [28/Aug/2013:09:44:40 +0200] "GET /img/gradient_right.png HTTP/1.1" 200 127 "http://www.bsb-schrott.de/impressum.html" "Mozilla/5.0 (compatible; MSIE 9.0; Windows NT 6.1; WOW64; Trident/5.0)"
91.217.145.35 - - [28/Aug/2013:09:44:40 +0200] "GET /img/gradient_navbar.png HTTP/1.1" 304 - "http://www.bsb-schrott.de/impressum.html" "Mozilla/5.0 (compatible; MSIE 9.0; Windows NT 6.1; WOW64; Trident/5.0)"
91.217.145.35 - - [28/Aug/2013:09:44:40 +0200] "GET /img/content_bagger.png HTTP/1.1" 304 - "http://www.bsb-schrott.de/impressum.html" "Mozilla/5.0 (compatible; MSIE 9.0; Windows NT 6.1; WOW64; Trident/5.0)"
91.217.145.35 - - [28/Aug/2013:09:44:40 +0200] "GET /img/bsb_logo.jpg HTTP/1.1" 200 31271 "http://www.bsb-schrott.de/impressum.html" "Mozilla/5.0 (compatible; MSIE 9.0; Windows NT 6.1; WOW64; Trident/5.0)"
91.217.145.35 - - [28/Aug/2013:09:44:40 +0200] "GET /img/iwa_cert.png HTTP/1.1" 200 38259 "http://www.bsb-schrott.de/impressum.html" "Mozilla/5.0 (compatible; MSIE 9.0; Windows NT 6.1; WOW64; Trident/5.0)"
91.217.145.35 - - [28/Aug/2013:09:44:40 +0200] "GET /css/gudea-bold-webfont.eot? HTTP/1.1" 200 36156 "http://www.bsb-schrott.de/impressum.html" "Mozilla/5.0 (compatible; MSIE 9.0; Windows NT 6.1; WOW64; Trident/5.0)"
91.217.145.35 - - [28/Aug/2013:09:44:40 +0200] "GET /img/lvl.png HTTP/1.1" 200 1441 "http://www.bsb-schrott.de/impressum.html" "Mozilla/5.0 (compatible; MSIE 9.0; Windows NT 6.1; WOW64; Trident/5.0)"
91.217.145.35 - - [28/Aug/2013:09:44:40 +0200] "GET /img/gradient_left.png HTTP/1.1" 304 - "http://www.bsb-schrott.de/impressum.html" "Mozilla/5.0 (compatible; MSIE 9.0; Windows NT 6.1; WOW64; Trident/5.0)"
91.217.145.35 - - [28/Aug/2013:09:44:40 +0200] "GET /img/gradient_header.png HTTP/1.1" 304 - "http://www.bsb-schrott.de/impressum.html" "Mozilla/5.0 (compatible; MSIE 9.0; Windows NT 6.1; WOW64; Trident/5.0)"
91.217.145.35 - - [28/Aug/2013:09:44:40 +0200] "GET /img/gradient_footer.png HTTP/1.1" 304 - "http://www.bsb-schrott.de/impressum.html" "Mozilla/5.0 (compatible; MSIE 9.0; Windows NT 6.1; WOW64; Trident/5.0)"
91.217.145.35 - - [28/Aug/2013:09:44:40 +0200] "GET /favicon.ico HTTP/1.1" 404 1256 "-" "Mozilla/5.0 (compatible; MSIE 9.0; Windows NT 6.1; WOW64; Trident/5.0)"
91.217.145.35 - - [28/Aug/2013:09:44:41 +0200] "GET /img/nav_activ.png HTTP/1.1" 304 - "http://www.bsb-schrott.de/impressum.html" "Mozilla/5.0 (compatible; MSIE 9.0; Windows NT 6.1; WOW64; Trident/5.0)"
91.217.145.35 - - [28/Aug/2013:09:44:52 +0200] "GET /index.html HTTP/1.1" 304 - "http://www.bsb-schrott.de/impressum.html" "Mozilla/5.0 (compatible; MSIE 9.0; Windows NT 6.1; WOW64; Trident/5.0)"
91.217.145.35 - - [28/Aug/2013:09:44:52 +0200] "GET /favicon.ico HTTP/1.1" 404 1256 "-" "Mozilla/5.0 (compatible; MSIE 9.0; Windows NT 6.1; WOW64; Trident/5.0)"
91.217.145.35 - - [28/Aug/2013:09:45:13 +0200] "GET /wir-ueber-uns.html HTTP/1.1" 200 5703 "http://www.bsb-schrott.de/index.html" "Mozilla/5.0 (compatible; MSIE 9.0; Windows NT 6.1; WOW64; Trident/5.0)"
91.217.145.35 - - [28/Aug/2013:09:45:13 +0200] "GET /img/timeline.png HTTP/1.1" 304 - "http://www.bsb-schrott.de/wir-ueber-uns.html" "Mozilla/5.0 (compatible; MSIE 9.0; Windows NT 6.1; WOW64; Trident/5.0)"
91.217.145.35 - - [28/Aug/2013:09:45:13 +0200] "GET /img/lhl.png HTTP/1.1" 304 - "http://www.bsb-schrott.de/wir-ueber-uns.html" "Mozilla/5.0 (compatible; MSIE 9.0; Windows NT 6.1; WOW64; Trident/5.0)"
91.217.145.35 - - [28/Aug/2013:09:45:13 +0200] "GET /css/gudea-italic-webfont.eot? HTTP/1.1" 200 44788 "http://www.bsb-schrott.de/wir-ueber-uns.html" "Mozilla/5.0 (compatible; MSIE 9.0; Windows NT 6.1; WOW64; Trident/5.0)"
91.217.145.35 - - [28/Aug/2013:09:45:30 +0200] "GET /leistungen.html HTTP/1.1" 200 3224 "http://www.bsb-schrott.de/wir-ueber-uns.html" "Mozilla/5.0 (compatible; MSIE 9.0; Windows NT 6.1; WOW64; Trident/5.0)"
91.217.145.35 - - [28/Aug/2013:09:45:37 +0200] "GET /pub/BSB_IWA_Zertifikat.pdf HTTP/1.1" 304 - "http://www.bsb-schrott.de/leistungen.html" "Mozilla/5.0 (compatible; MSIE 9.0; Windows NT 6.1; WOW64; Trident/5.0)"
91.217.145.35 - - [28/Aug/2013:09:47:10 +0200] "GET /referenzen.html HTTP/1.1" 200 4045 "http://www.bsb-schrott.de/leistungen.html" "Mozilla/5.0 (compatible; MSIE 9.0; Windows NT 6.1; WOW64; Trident/5.0)"
91.217.145.35 - - [28/Aug/2013:09:47:11 +0200] "GET /js/jquery.mousewheel-3.0.4.pack.js HTTP/1.1" 200 1279 "http://www.bsb-schrott.de/referenzen.html" "Mozilla/5.0 (compatible; MSIE 9.0; Windows NT 6.1; WOW64; Trident/5.0)"
91.217.145.35 - - [28/Aug/2013:09:47:11 +0200] "GET /js/jquery.fancybox-1.3.4.pack.js HTTP/1.1" 304 - "http://www.bsb-schrott.de/referenzen.html" "Mozilla/5.0 (compatible; MSIE 9.0; Windows NT 6.1; WOW64; Trident/5.0)"
91.217.145.35 - - [28/Aug/2013:09:47:11 +0200] "GET /css/jquery.fancybox-1.3.4.css HTTP/1.1" 304 - "http://www.bsb-schrott.de/referenzen.html" "Mozilla/5.0 (compatible; MSIE 9.0; Windows NT 6.1; WOW64; Trident/5.0)"
91.217.145.35 - - [28/Aug/2013:09:47:11 +0200] "GET /img/referenzen/thumb/PICT1325.jpg HTTP/1.1" 200 8059 "http://www.bsb-schrott.de/referenzen.html" "Mozilla/5.0 (compatible; MSIE 9.0; Windows NT 6.1; WOW64; Trident/5.0)"
91.217.145.35 - - [28/Aug/2013:09:47:11 +0200] "GET /img/referenzen/thumb/PICT1324.jpg HTTP/1.1" 200 9353 "http://www.bsb-schrott.de/referenzen.html" "Mozilla/5.0 (compatible; MSIE 9.0; Windows NT 6.1; WOW64; Trident/5.0)"
91.217.145.35 - - [28/Aug/2013:09:47:11 +0200] "GET /img/referenzen/thumb/114.jpg HTTP/1.1" 200 7605 "http://www.bsb-schrott.de/referenzen.html" "Mozilla/5.0 (compatible; MSIE 9.0; Windows NT 6.1; WOW64; Trident/5.0)"
91.217.145.35 - - [28/Aug/2013:09:47:11 +0200] "GET /img/referenzen/thumb/011.jpg HTTP/1.1" 304 - "http://www.bsb-schrott.de/referenzen.html" "Mozilla/5.0 (compatible; MSIE 9.0; Windows NT 6.1; WOW64; Trident/5.0)"
91.217.145.35 - - [28/Aug/2013:09:47:11 +0200] "GET /js/jquery-1.7.2.min.js HTTP/1.1" 200 94840 "http://www.bsb-schrott.de/referenzen.html" "Mozilla/5.0 (compatible; MSIE 9.0; Windows NT 6.1; WOW64; Trident/5.0)"
91.217.145.35 - - [28/Aug/2013:09:47:11 +0200] "GET /img/fancy/fancybox.png HTTP/1.1" 304 - "http://www.bsb-schrott.de/referenzen.html" "Mozilla/5.0 (compatible; MSIE 9.0; Windows NT 6.1; WOW64; Trident/5.0)"
91.217.145.35 - - [28/Aug/2013:09:47:11 +0200] "GET /img/referenzen/011.jpg HTTP/1.1" 304 - "http://www.bsb-schrott.de/referenzen.html" "Mozilla/5.0 (compatible; MSIE 9.0; Windows NT 6.1; WOW64; Trident/5.0)"
91.217.145.35 - - [28/Aug/2013:09:47:12 +0200] "GET /img/fancy/blank.gif HTTP/1.1" 304 - "http://www.bsb-schrott.de/referenzen.html" "Mozilla/5.0 (compatible; MSIE 9.0; Windows NT 6.1; WOW64; Trident/5.0)"
91.217.145.35 - - [28/Aug/2013:09:47:12 +0200] "GET /img/fancy/fancybox-y.png HTTP/1.1" 304 - "http://www.bsb-schrott.de/referenzen.html" "Mozilla/5.0 (compatible; MSIE 9.0; Windows NT 6.1; WOW64; Trident/5.0)"
91.217.145.35 - - [28/Aug/2013:09:47:12 +0200] "GET /img/fancy/fancybox-x.png HTTP/1.1" 304 - "http://www.bsb-schrott.de/referenzen.html" "Mozilla/5.0 (compatible; MSIE 9.0; Windows NT 6.1; WOW64; Trident/5.0)"
91.217.145.35 - - [28/Aug/2013:09:47:12 +0200] "GET /img/referenzen/114.jpg HTTP/1.1" 304 - "http://www.bsb-schrott.de/referenzen.html" "Mozilla/5.0 (compatible; MSIE 9.0; Windows NT 6.1; WOW64; Trident/5.0)"
91.217.145.35 - - [28/Aug/2013:09:47:16 +0200] "GET /img/referenzen/PICT1324.jpg HTTP/1.1" 304 - "http://www.bsb-schrott.de/referenzen.html" "Mozilla/5.0 (compatible; MSIE 9.0; Windows NT 6.1; WOW64; Trident/5.0)"
91.217.145.35 - - [28/Aug/2013:09:47:17 +0200] "GET /img/referenzen/PICT1325.jpg HTTP/1.1" 304 - "http://www.bsb-schrott.de/referenzen.html" "Mozilla/5.0 (compatible; MSIE 9.0; Windows NT 6.1; WOW64; Trident/5.0)"
85.214.21.33 - - [28/Aug/2013:11:52:13 +0200] "GET / HTTP/1.0" 200 3135 "-" "-"
66.249.78.62 - - [28/Aug/2013:12:46:56 +0200] "GET /robots.txt HTTP/1.1" 404 1256 "-" "Mozilla/5.0 (compatible; Googlebot/2.1; +http://www.google.com/bot.html)"
66.249.78.62 - - [28/Aug/2013:12:46:56 +0200] "GET /apple-touch-icon.png HTTP/1.1" 404 1256 "-" "Googlebot-Image/1.0"
109.45.2.179 - - [28/Aug/2013:12:59:40 +0200] "GET /kontakt.html HTTP/1.1" 304 - "-" "Mozilla/5.0 (iPhone; CPU iPhone OS 6_1_3 like Mac OS X) AppleWebKit/536.26 (KHTML, like Gecko) Version/6.0 Mobile/10B329 Safari/8536.25"
66.249.78.62 - - [28/Aug/2013:13:48:12 +0200] "GET /robots.txt HTTP/1.1" 404 1256 "-" "Mozilla/5.0 (compatible; Googlebot/2.1; +http://www.google.com/bot.html)"
66.249.78.62 - - [28/Aug/2013:13:48:12 +0200] "GET /apple-touch-icon-precomposed.png HTTP/1.1" 404 1256 "-" "Googlebot-Image/1.0"
208.115.111.68 - - [28/Aug/2013:14:06:43 +0200] "GET /robots.txt HTTP/1.1" 404 1256 "-" "Mozilla/5.0 (compatible; Ezooms/1.0; ezooms.bot@gmail.com)"
5.10.83.73 - - [28/Aug/2013:15:23:45 +0200] "GET /referenzen.html HTTP/1.1" 200 4045 "-" "Mozilla/5.0 (compatible; AhrefsBot/5.0; +http://ahrefs.com/robot/)"
88.74.117.39 - - [28/Aug/2013:15:31:16 +0200] "GET / HTTP/1.1" 200 3135 "http://adresse.gelbeseiten.de/1056594540/bsb-robert-berndt-entsorgungsfachbetrieb/berlin/schoenerlinde" "Mozilla/5.0 (iPad; CPU OS 6_1_2 like Mac OS X) AppleWebKit/536.26 (KHTML, like Gecko) Version/6.0 Mobile/10B146 Safari/8536.25"
88.74.117.39 - - [28/Aug/2013:15:31:16 +0200] "GET /css/stylesheet.css HTTP/1.1" 200 6398 "http://www.bsb-schrott.de/" "Mozilla/5.0 (iPad; CPU OS 6_1_2 like Mac OS X) AppleWebKit/536.26 (KHTML, like Gecko) Version/6.0 Mobile/10B146 Safari/8536.25"
88.74.117.39 - - [28/Aug/2013:15:31:16 +0200] "GET /img/news.jpg HTTP/1.1" 200 7536 "http://www.bsb-schrott.de/" "Mozilla/5.0 (iPad; CPU OS 6_1_2 like Mac OS X) AppleWebKit/536.26 (KHTML, like Gecko) Version/6.0 Mobile/10B146 Safari/8536.25"
88.74.117.39 - - [28/Aug/2013:15:31:16 +0200] "GET /img/bsb_logo.jpg HTTP/1.1" 200 31271 "http://www.bsb-schrott.de/" "Mozilla/5.0 (iPad; CPU OS 6_1_2 like Mac OS X) AppleWebKit/536.26 (KHTML, like Gecko) Version/6.0 Mobile/10B146 Safari/8536.25"
88.74.117.39 - - [28/Aug/2013:15:31:16 +0200] "GET /img/nav.png HTTP/1.1" 200 197 "http://www.bsb-schrott.de/" "Mozilla/5.0 (iPad; CPU OS 6_1_2 like Mac OS X) AppleWebKit/536.26 (KHTML, like Gecko) Version/6.0 Mobile/10B146 Safari/8536.25"
88.74.117.39 - - [28/Aug/2013:15:31:16 +0200] "GET /img/gradient_header.png HTTP/1.1" 200 253 "http://www.bsb-schrott.de/" "Mozilla/5.0 (iPad; CPU OS 6_1_2 like Mac OS X) AppleWebKit/536.26 (KHTML, like Gecko) Version/6.0 Mobile/10B146 Safari/8536.25"
88.74.117.39 - - [28/Aug/2013:15:31:16 +0200] "GET /img/iwa_cert.png HTTP/1.1" 200 38259 "http://www.bsb-schrott.de/" "Mozilla/5.0 (iPad; CPU OS 6_1_2 like Mac OS X) AppleWebKit/536.26 (KHTML, like Gecko) Version/6.0 Mobile/10B146 Safari/8536.25"
88.74.117.39 - - [28/Aug/2013:15:31:16 +0200] "GET /img/header_banner.png HTTP/1.1" 200 22955 "http://www.bsb-schrott.de/" "Mozilla/5.0 (iPad; CPU OS 6_1_2 like Mac OS X) AppleWebKit/536.26 (KHTML, like Gecko) Version/6.0 Mobile/10B146 Safari/8536.25"
88.74.117.39 - - [28/Aug/2013:15:31:16 +0200] "GET /img/nav_activ.png HTTP/1.1" 200 520 "http://www.bsb-schrott.de/" "Mozilla/5.0 (iPad; CPU OS 6_1_2 like Mac OS X) AppleWebKit/536.26 (KHTML, like Gecko) Version/6.0 Mobile/10B146 Safari/8536.25"
88.74.117.39 - - [28/Aug/2013:15:31:16 +0200] "GET /img/contentBg.png HTTP/1.1" 200 110 "http://www.bsb-schrott.de/" "Mozilla/5.0 (iPad; CPU OS 6_1_2 like Mac OS X) AppleWebKit/536.26 (KHTML, like Gecko) Version/6.0 Mobile/10B146 Safari/8536.25"
88.74.117.39 - - [28/Aug/2013:15:31:16 +0200] "GET /css/gudea-regular-webfont.woff HTTP/1.1" 200 21616 "http://www.bsb-schrott.de/" "Mozilla/5.0 (iPad; CPU OS 6_1_2 like Mac OS X) AppleWebKit/536.26 (KHTML, like Gecko) Version/6.0 Mobile/10B146 Safari/8536.25"
88.74.117.39 - - [28/Aug/2013:15:31:16 +0200] "GET /img/content_bagger.png HTTP/1.1" 200 143701 "http://www.bsb-schrott.de/" "Mozilla/5.0 (iPad; CPU OS 6_1_2 like Mac OS X) AppleWebKit/536.26 (KHTML, like Gecko) Version/6.0 Mobile/10B146 Safari/8536.25"
88.74.117.39 - - [28/Aug/2013:15:31:17 +0200] "GET /img/gradient_navbar.png HTTP/1.1" 200 144 "http://www.bsb-schrott.de/" "Mozilla/5.0 (iPad; CPU OS 6_1_2 like Mac OS X) AppleWebKit/536.26 (KHTML, like Gecko) Version/6.0 Mobile/10B146 Safari/8536.25"
88.74.117.39 - - [28/Aug/2013:15:31:17 +0200] "GET /img/gradient_left.png HTTP/1.1" 200 135 "http://www.bsb-schrott.de/" "Mozilla/5.0 (iPad; CPU OS 6_1_2 like Mac OS X) AppleWebKit/536.26 (KHTML, like Gecko) Version/6.0 Mobile/10B146 Safari/8536.25"
88.74.117.39 - - [28/Aug/2013:15:31:17 +0200] "GET /img/gradient_right.png HTTP/1.1" 200 127 "http://www.bsb-schrott.de/" "Mozilla/5.0 (iPad; CPU OS 6_1_2 like Mac OS X) AppleWebKit/536.26 (KHTML, like Gecko) Version/6.0 Mobile/10B146 Safari/8536.25"
88.74.117.39 - - [28/Aug/2013:15:31:17 +0200] "GET /img/gradient_footer.png HTTP/1.1" 200 140 "http://www.bsb-schrott.de/" "Mozilla/5.0 (iPad; CPU OS 6_1_2 like Mac OS X) AppleWebKit/536.26 (KHTML, like Gecko) Version/6.0 Mobile/10B146 Safari/8536.25"
88.74.117.39 - - [28/Aug/2013:15:31:17 +0200] "GET /css/gudea-bold-webfont.woff HTTP/1.1" 200 21884 "http://www.bsb-schrott.de/" "Mozilla/5.0 (iPad; CPU OS 6_1_2 like Mac OS X) AppleWebKit/536.26 (KHTML, like Gecko) Version/6.0 Mobile/10B146 Safari/8536.25"
88.74.117.39 - - [28/Aug/2013:15:31:16 +0200] "GET /img/bsb_background.jpg HTTP/1.1" 200 84092 "http://www.bsb-schrott.de/" "Mozilla/5.0 (iPad; CPU OS 6_1_2 like Mac OS X) AppleWebKit/536.26 (KHTML, like Gecko) Version/6.0 Mobile/10B146 Safari/8536.25"
88.74.117.39 - - [28/Aug/2013:15:31:17 +0200] "GET /img/lvl.png HTTP/1.1" 200 1441 "http://www.bsb-schrott.de/" "Mozilla/5.0 (iPad; CPU OS 6_1_2 like Mac OS X) AppleWebKit/536.26 (KHTML, like Gecko) Version/6.0 Mobile/10B146 Safari/8536.25"
88.74.117.39 - - [28/Aug/2013:15:31:31 +0200] "GET /wir-ueber-uns.html HTTP/1.1" 200 5703 "http://www.bsb-schrott.de/" "Mozilla/5.0 (iPad; CPU OS 6_1_2 like Mac OS X) AppleWebKit/536.26 (KHTML, like Gecko) Version/6.0 Mobile/10B146 Safari/8536.25"
88.74.117.39 - - [28/Aug/2013:15:31:31 +0200] "GET /img/timeline.png HTTP/1.1" 200 724 "http://www.bsb-schrott.de/wir-ueber-uns.html" "Mozilla/5.0 (iPad; CPU OS 6_1_2 like Mac OS X) AppleWebKit/536.26 (KHTML, like Gecko) Version/6.0 Mobile/10B146 Safari/8536.25"
88.74.117.39 - - [28/Aug/2013:15:31:31 +0200] "GET /img/lhl.png HTTP/1.1" 200 1132 "http://www.bsb-schrott.de/wir-ueber-uns.html" "Mozilla/5.0 (iPad; CPU OS 6_1_2 like Mac OS X) AppleWebKit/536.26 (KHTML, like Gecko) Version/6.0 Mobile/10B146 Safari/8536.25"
88.74.117.39 - - [28/Aug/2013:15:31:31 +0200] "GET /css/gudea-italic-webfont.woff HTTP/1.1" 200 25624 "http://www.bsb-schrott.de/wir-ueber-uns.html" "Mozilla/5.0 (iPad; CPU OS 6_1_2 like Mac OS X) AppleWebKit/536.26 (KHTML, like Gecko) Version/6.0 Mobile/10B146 Safari/8536.25"
88.74.117.39 - - [28/Aug/2013:15:32:14 +0200] "GET /impressum.html HTTP/1.1" 200 3432 "http://www.bsb-schrott.de/wir-ueber-uns.html" "Mozilla/5.0 (iPad; CPU OS 6_1_2 like Mac OS X) AppleWebKit/536.26 (KHTML, like Gecko) Version/6.0 Mobile/10B146 Safari/8536.25"
88.74.117.39 - - [28/Aug/2013:15:36:23 +0200] "GET /index.html HTTP/1.1" 200 3135 "http://www.bsb-schrott.de/impressum.html" "Mozilla/5.0 (iPad; CPU OS 6_1_2 like Mac OS X) AppleWebKit/536.26 (KHTML, like Gecko) Version/6.0 Mobile/10B146 Safari/8536.25"
66.249.78.62 - - [28/Aug/2013:16:14:11 +0200] "GET / HTTP/1.1" 200 3135 "-" "Mozilla/5.0 (iPhone; U; CPU iPhone OS 4_1 like Mac OS X; en-us) AppleWebKit/532.9 (KHTML, like Gecko) Version/4.0.5 Mobile/8B117 Safari/6531.22.7 (compatible; Googlebot-Mobile/2.1; +http://www.google.com/bot.html)"
66.249.78.62 - - [28/Aug/2013:16:16:22 +0200] "GET /css/stylesheet.css HTTP/1.1" 200 6398 "-" "Mozilla/5.0 (compatible; Googlebot/2.1; +http://www.google.com/bot.html)"
208.115.111.68 - - [28/Aug/2013:16:20:18 +0200] "GET / HTTP/1.1" 200 3135 "-" "Mozilla/5.0 (compatible; Ezooms/1.0; ezooms.bot@gmail.com)"
66.249.78.62 - - [28/Aug/2013:17:37:30 +0200] "GET /wir-ueber-uns.html HTTP/1.1" 304 - "-" "Mozilla/5.0 (compatible; Googlebot/2.1; +http://www.google.com/bot.html)"
66.249.78.62 - - [28/Aug/2013:17:58:22 +0200] "GET /pub/BSB_IWA_Zertifikat.pdf HTTP/1.1" 304 - "-" "Mozilla/5.0 (iPhone; U; CPU iPhone OS 4_1 like Mac OS X; en-us) AppleWebKit/532.9 (KHTML, like Gecko) Version/4.0.5 Mobile/8B117 Safari/6531.22.7 (compatible; Googlebot-Mobile/2.1; +http://www.google.com/bot.html)"
66.249.78.62 - - [28/Aug/2013:18:54:28 +0200] "GET /favicon.ico HTTP/1.1" 404 1256 "-" "Googlebot-Image/1.0"
66.249.78.62 - - [28/Aug/2013:19:01:14 +0200] "GET /impressum.html HTTP/1.1" 304 - "-" "Mozilla/5.0 (compatible; Googlebot/2.1; +http://www.google.com/bot.html)"
5.10.83.73 - - [28/Aug/2013:19:12:23 +0200] "GET /impressum.html HTTP/1.1" 200 3432 "-" "Mozilla/5.0 (compatible; AhrefsBot/5.0; +http://ahrefs.com/robot/)"
46.229.164.101 - - [28/Aug/2013:19:55:32 +0200] "GET /robots.txt HTTP/1.1" 404 1256 "-" "Mozilla/5.0 (compatible; SemrushBot/0.97; +http://www.semrush.com/bot.html)"
66.249.78.62 - - [28/Aug/2013:21:23:46 +0200] "GET /kontakt.html HTTP/1.1" 304 - "-" "Mozilla/5.0 (compatible; Googlebot/2.1; +http://www.google.com/bot.html)"
66.249.78.62 - - [28/Aug/2013:21:34:56 +0200] "GET /pub/BSB_IWA_Zertifikat.pdf HTTP/1.1" 304 - "-" "Mozilla/5.0 (compatible; Googlebot/2.1; +http://www.google.com/bot.html)"
66.249.78.62 - - [28/Aug/2013:23:03:26 +0200] "GET /leistungen.html HTTP/1.1" 304 - "-" "Mozilla/5.0 (compatible; Googlebot/2.1; +http://www.google.com/bot.html)"
66.249.78.62 - - [28/Aug/2013:23:34:51 +0200] "GET /referenzen.html HTTP/1.1" 304 - "-" "Mozilla/5.0 (compatible; Googlebot/2.1; +http://www.google.com/bot.html)"
157.56.229.244 - - [29/Aug/2013:00:10:14 +0200] "GET /robots.txt HTTP/1.1" 404 1256 "-" "Mozilla/5.0 (compatible; bingbot/2.0; +http://www.bing.com/bingbot.htm)"
157.56.229.244 - - [29/Aug/2013:00:10:43 +0200] "GET / HTTP/1.1" 200 3135 "-" "Mozilla/5.0 (compatible; bingbot/2.0; +http://www.bing.com/bingbot.htm)"
208.115.113.84 - - [29/Aug/2013:00:10:58 +0200] "GET /robots.txt HTTP/1.1" 404 1256 "-" "Mozilla/5.0 (compatible; Ezooms/1.0; ezooms.bot@gmail.com)"
157.56.229.244 - - [29/Aug/2013:00:12:21 +0200] "GET /css/stylesheet.css HTTP/1.1" 200 6398 "-" "Mozilla/5.0 (compatible; bingbot/2.0; +http://www.bing.com/bingbot.htm)"
66.249.78.62 - - [29/Aug/2013:00:22:24 +0200] "GET /wir-ueber-uns.html HTTP/1.1" 304 - "-" "Mozilla/5.0 (compatible; Googlebot/2.1; +http://www.google.com/bot.html)"
5.10.83.73 - - [29/Aug/2013:01:04:39 +0200] "GET /img/referenzen/011.jpg HTTP/1.1" 200 161700 "-" "Mozilla/5.0 (compatible; AhrefsBot/5.0; +http://ahrefs.com/robot/)"
157.55.36.49 - - [29/Aug/2013:01:12:05 +0200] "GET /robots.txt HTTP/1.1" 404 1256 "-" "Mozilla/5.0 (compatible; bingbot/2.0; +http://www.bing.com/bingbot.htm)"
66.249.78.62 - - [29/Aug/2013:01:12:38 +0200] "GET /impressum.html HTTP/1.1" 304 - "-" "Mozilla/5.0 (compatible; Googlebot/2.1; +http://www.google.com/bot.html)"
157.55.36.49 - - [29/Aug/2013:01:12:42 +0200] "GET /css/gudea-bold-webfont.svg HTTP/1.1" 200 48897 "-" "Mozilla/5.0 (compatible; bingbot/2.0; +http://www.bing.com/bingbot.htm)"
157.55.36.49 - - [29/Aug/2013:01:12:43 +0200] "GET /css/gudea-bold-webfont.ttf HTTP/1.1" 200 35992 "-" "Mozilla/5.0 (compatible; bingbot/2.0; +http://www.bing.com/bingbot.htm)"
66.249.78.62 - - [29/Aug/2013:01:46:41 +0200] "GET /impressum.html HTTP/1.1" 304 - "-" "Mozilla/5.0 (iPhone; U; CPU iPhone OS 4_1 like Mac OS X; en-us) AppleWebKit/532.9 (KHTML, like Gecko) Version/4.0.5 Mobile/8B117 Safari/6531.22.7 (compatible; Googlebot-Mobile/2.1; +http://www.google.com/bot.html)"
208.115.113.84 - - [29/Aug/2013:02:00:44 +0200] "GET /wir-ueber-uns.html HTTP/1.1" 200 5703 "-" "Mozilla/5.0 (compatible; Ezooms/1.0; ezooms.bot@gmail.com)"
204.236.235.245 - - [29/Aug/2013:02:31:08 +0200] "GET /robots.txt HTTP/1.0" 404 1256 "-" "ia_archiver (+http://www.alexa.com/site/help/webmasters; crawler@alexa.com)"
204.236.235.245 - - [29/Aug/2013:02:31:08 +0200] "GET /pub/BSB_IWA_Zertifikat.pdf HTTP/1.0" 200 2808860 "-" "ia_archiver (+http://www.alexa.com/site/help/webmasters; crawler@alexa.com)"
5.10.83.73 - - [29/Aug/2013:02:52:49 +0200] "GET /wir-ueber-uns.html HTTP/1.1" 200 5703 "-" "Mozilla/5.0 (compatible; AhrefsBot/5.0; +http://ahrefs.com/robot/)"
66.249.78.62 - - [29/Aug/2013:04:50:09 +0200] "GET /robots.txt HTTP/1.1" 404 1256 "-" "Mozilla/5.0 (compatible; Googlebot/2.1; +http://www.google.com/bot.html)"
66.249.78.62 - - [29/Aug/2013:04:50:09 +0200] "GET / HTTP/1.1" 304 - "-" "Mozilla/5.0 (compatible; Googlebot/2.1; +http://www.google.com/bot.html)"
66.249.78.62 - - [29/Aug/2013:05:15:17 +0200] "GET /pub/BSB_IWA_Zertifikat.pdf HTTP/1.1" 304 - "-" "Mozilla/5.0 (compatible; Googlebot/2.1; +http://www.google.com/bot.html)"
5.10.83.73 - - [29/Aug/2013:05:40:23 +0200] "GET /img/referenzen/PICT1325.jpg HTTP/1.1" 200 338707 "-" "Mozilla/5.0 (compatible; AhrefsBot/5.0; +http://ahrefs.com/robot/)"
66.249.78.62 - - [29/Aug/2013:06:30:38 +0200] "GET /kontakt.html HTTP/1.1" 304 - "-" "Mozilla/5.0 (compatible; Googlebot/2.1; +http://www.google.com/bot.html)"
66.249.78.62 - - [29/Aug/2013:07:12:30 +0200] "GET /leistungen.html HTTP/1.1" 304 - "-" "Mozilla/5.0 (compatible; Googlebot/2.1; +http://www.google.com/bot.html)"
66.249.78.62 - - [29/Aug/2013:08:02:45 +0200] "GET /referenzen.html HTTP/1.1" 304 - "-" "Mozilla/5.0 (compatible; Googlebot/2.1; +http://www.google.com/bot.html)"
213.199.198.66 - - [29/Aug/2013:11:25:18 +0200] "GET / HTTP/1.1" 200 3135 "https://www.google.pl/" "Mozilla/5.0 (Windows NT 5.1) AppleWebKit/537.36 (KHTML, like Gecko) Chrome/29.0.1547.57 Safari/537.36"
213.199.198.66 - - [29/Aug/2013:11:25:18 +0200] "GET /img/news.jpg HTTP/1.1" 200 7536 "http://www.bsb-schrott.de/" "Mozilla/5.0 (Windows NT 5.1) AppleWebKit/537.36 (KHTML, like Gecko) Chrome/29.0.1547.57 Safari/537.36"
213.199.198.66 - - [29/Aug/2013:11:25:18 +0200] "GET /css/stylesheet.css HTTP/1.1" 200 6398 "http://www.bsb-schrott.de/" "Mozilla/5.0 (Windows NT 5.1) AppleWebKit/537.36 (KHTML, like Gecko) Chrome/29.0.1547.57 Safari/537.36"
213.199.198.66 - - [29/Aug/2013:11:25:18 +0200] "GET /img/gradient_header.png HTTP/1.1" 200 253 "http://www.bsb-schrott.de/" "Mozilla/5.0 (Windows NT 5.1) AppleWebKit/537.36 (KHTML, like Gecko) Chrome/29.0.1547.57 Safari/537.36"
213.199.198.66 - - [29/Aug/2013:11:25:18 +0200] "GET /css/gudea-regular-webfont.woff HTTP/1.1" 200 21616 "http://www.bsb-schrott.de/" "Mozilla/5.0 (Windows NT 5.1) AppleWebKit/537.36 (KHTML, like Gecko) Chrome/29.0.1547.57 Safari/537.36"
213.199.198.66 - - [29/Aug/2013:11:25:18 +0200] "GET /css/gudea-bold-webfont.woff HTTP/1.1" 200 21884 "http://www.bsb-schrott.de/" "Mozilla/5.0 (Windows NT 5.1) AppleWebKit/537.36 (KHTML, like Gecko) Chrome/29.0.1547.57 Safari/537.36"
213.199.198.66 - - [29/Aug/2013:11:25:18 +0200] "GET /img/bsb_logo.jpg HTTP/1.1" 200 31271 "http://www.bsb-schrott.de/" "Mozilla/5.0 (Windows NT 5.1) AppleWebKit/537.36 (KHTML, like Gecko) Chrome/29.0.1547.57 Safari/537.36"
213.199.198.66 - - [29/Aug/2013:11:25:18 +0200] "GET /img/nav_activ.png HTTP/1.1" 200 520 "http://www.bsb-schrott.de/" "Mozilla/5.0 (Windows NT 5.1) AppleWebKit/537.36 (KHTML, like Gecko) Chrome/29.0.1547.57 Safari/537.36"
213.199.198.66 - - [29/Aug/2013:11:25:18 +0200] "GET /img/header_banner.png HTTP/1.1" 200 22955 "http://www.bsb-schrott.de/" "Mozilla/5.0 (Windows NT 5.1) AppleWebKit/537.36 (KHTML, like Gecko) Chrome/29.0.1547.57 Safari/537.36"
213.199.198.66 - - [29/Aug/2013:11:25:18 +0200] "GET /img/nav.png HTTP/1.1" 200 197 "http://www.bsb-schrott.de/" "Mozilla/5.0 (Windows NT 5.1) AppleWebKit/537.36 (KHTML, like Gecko) Chrome/29.0.1547.57 Safari/537.36"
213.199.198.66 - - [29/Aug/2013:11:25:18 +0200] "GET /img/iwa_cert.png HTTP/1.1" 200 38259 "http://www.bsb-schrott.de/" "Mozilla/5.0 (Windows NT 5.1) AppleWebKit/537.36 (KHTML, like Gecko) Chrome/29.0.1547.57 Safari/537.36"
213.199.198.66 - - [29/Aug/2013:11:25:18 +0200] "GET /img/gradient_left.png HTTP/1.1" 200 135 "http://www.bsb-schrott.de/" "Mozilla/5.0 (Windows NT 5.1) AppleWebKit/537.36 (KHTML, like Gecko) Chrome/29.0.1547.57 Safari/537.36"
213.199.198.66 - - [29/Aug/2013:11:25:18 +0200] "GET /img/gradient_navbar.png HTTP/1.1" 200 144 "http://www.bsb-schrott.de/" "Mozilla/5.0 (Windows NT 5.1) AppleWebKit/537.36 (KHTML, like Gecko) Chrome/29.0.1547.57 Safari/537.36"
213.199.198.66 - - [29/Aug/2013:11:25:18 +0200] "GET /img/contentBg.png HTTP/1.1" 200 110 "http://www.bsb-schrott.de/" "Mozilla/5.0 (Windows NT 5.1) AppleWebKit/537.36 (KHTML, like Gecko) Chrome/29.0.1547.57 Safari/537.36"
213.199.198.66 - - [29/Aug/2013:11:25:18 +0200] "GET /img/lvl.png HTTP/1.1" 200 1441 "http://www.bsb-schrott.de/" "Mozilla/5.0 (Windows NT 5.1) AppleWebKit/537.36 (KHTML, like Gecko) Chrome/29.0.1547.57 Safari/537.36"
213.199.198.66 - - [29/Aug/2013:11:25:18 +0200] "GET /img/gradient_right.png HTTP/1.1" 200 127 "http://www.bsb-schrott.de/" "Mozilla/5.0 (Windows NT 5.1) AppleWebKit/537.36 (KHTML, like Gecko) Chrome/29.0.1547.57 Safari/537.36"
213.199.198.66 - - [29/Aug/2013:11:25:18 +0200] "GET /img/gradient_footer.png HTTP/1.1" 200 140 "http://www.bsb-schrott.de/" "Mozilla/5.0 (Windows NT 5.1) AppleWebKit/537.36 (KHTML, like Gecko) Chrome/29.0.1547.57 Safari/537.36"
213.199.198.66 - - [29/Aug/2013:11:25:18 +0200] "GET /img/bsb_background.jpg HTTP/1.1" 200 84092 "http://www.bsb-schrott.de/" "Mozilla/5.0 (Windows NT 5.1) AppleWebKit/537.36 (KHTML, like Gecko) Chrome/29.0.1547.57 Safari/537.36"
213.199.198.66 - - [29/Aug/2013:11:25:18 +0200] "GET /img/content_bagger.png HTTP/1.1" 200 143701 "http://www.bsb-schrott.de/" "Mozilla/5.0 (Windows NT 5.1) AppleWebKit/537.36 (KHTML, like Gecko) Chrome/29.0.1547.57 Safari/537.36"
213.199.198.66 - - [29/Aug/2013:11:25:19 +0200] "GET /favicon.ico HTTP/1.1" 404 1256 "-" "Mozilla/5.0 (Windows NT 5.1) AppleWebKit/537.36 (KHTML, like Gecko) Chrome/29.0.1547.57 Safari/537.36"
213.199.198.66 - - [29/Aug/2013:11:25:20 +0200] "GET /kontakt.html HTTP/1.1" 200 3830 "http://www.bsb-schrott.de/" "Mozilla/5.0 (Windows NT 5.1) AppleWebKit/537.36 (KHTML, like Gecko) Chrome/29.0.1547.57 Safari/537.36"
213.199.198.66 - - [29/Aug/2013:11:25:20 +0200] "GET /img/lhl.png HTTP/1.1" 200 1132 "http://www.bsb-schrott.de/kontakt.html" "Mozilla/5.0 (Windows NT 5.1) AppleWebKit/537.36 (KHTML, like Gecko) Chrome/29.0.1547.57 Safari/537.36"
213.199.198.66 - - [29/Aug/2013:11:27:56 +0200] "GET /wir-ueber-uns.html HTTP/1.1" 200 5703 "http://www.bsb-schrott.de/kontakt.html" "Mozilla/5.0 (Windows NT 5.1) AppleWebKit/537.36 (KHTML, like Gecko) Chrome/29.0.1547.57 Safari/537.36"
213.199.198.66 - - [29/Aug/2013:11:27:56 +0200] "GET /img/timeline.png HTTP/1.1" 200 724 "http://www.bsb-schrott.de/wir-ueber-uns.html" "Mozilla/5.0 (Windows NT 5.1) AppleWebKit/537.36 (KHTML, like Gecko) Chrome/29.0.1547.57 Safari/537.36"
213.199.198.66 - - [29/Aug/2013:11:27:56 +0200] "GET /css/gudea-italic-webfont.woff HTTP/1.1" 200 25624 "http://www.bsb-schrott.de/" "Mozilla/5.0 (Windows NT 5.1) AppleWebKit/537.36 (KHTML, like Gecko) Chrome/29.0.1547.57 Safari/537.36"
213.199.198.66 - - [29/Aug/2013:11:28:08 +0200] "GET /referenzen.html HTTP/1.1" 200 4045 "http://www.bsb-schrott.de/kontakt.html" "Mozilla/5.0 (Windows NT 5.1) AppleWebKit/537.36 (KHTML, like Gecko) Chrome/29.0.1547.57 Safari/537.36"
213.199.198.66 - - [29/Aug/2013:11:28:08 +0200] "GET /css/jquery.fancybox-1.3.4.css HTTP/1.1" 200 8776 "http://www.bsb-schrott.de/referenzen.html" "Mozilla/5.0 (Windows NT 5.1) AppleWebKit/537.36 (KHTML, like Gecko) Chrome/29.0.1547.57 Safari/537.36"
213.199.198.66 - - [29/Aug/2013:11:28:08 +0200] "GET /js/jquery.mousewheel-3.0.4.pack.js HTTP/1.1" 200 1279 "http://www.bsb-schrott.de/referenzen.html" "Mozilla/5.0 (Windows NT 5.1) AppleWebKit/537.36 (KHTML, like Gecko) Chrome/29.0.1547.57 Safari/537.36"
213.199.198.66 - - [29/Aug/2013:11:28:08 +0200] "GET /js/jquery.fancybox-1.3.4.pack.js HTTP/1.1" 200 15624 "http://www.bsb-schrott.de/referenzen.html" "Mozilla/5.0 (Windows NT 5.1) AppleWebKit/537.36 (KHTML, like Gecko) Chrome/29.0.1547.57 Safari/537.36"
213.199.198.66 - - [29/Aug/2013:11:28:08 +0200] "GET /js/jquery-1.7.2.min.js HTTP/1.1" 200 94840 "http://www.bsb-schrott.de/referenzen.html" "Mozilla/5.0 (Windows NT 5.1) AppleWebKit/537.36 (KHTML, like Gecko) Chrome/29.0.1547.57 Safari/537.36"
213.199.198.66 - - [29/Aug/2013:11:28:09 +0200] "GET /img/referenzen/thumb/011.jpg HTTP/1.1" 200 5938 "http://www.bsb-schrott.de/referenzen.html" "Mozilla/5.0 (Windows NT 5.1) AppleWebKit/537.36 (KHTML, like Gecko) Chrome/29.0.1547.57 Safari/537.36"
213.199.198.66 - - [29/Aug/2013:11:28:09 +0200] "GET /img/referenzen/thumb/114.jpg HTTP/1.1" 200 7605 "http://www.bsb-schrott.de/referenzen.html" "Mozilla/5.0 (Windows NT 5.1) AppleWebKit/537.36 (KHTML, like Gecko) Chrome/29.0.1547.57 Safari/537.36"
213.199.198.66 - - [29/Aug/2013:11:28:09 +0200] "GET /img/referenzen/thumb/PICT1324.jpg HTTP/1.1" 200 9353 "http://www.bsb-schrott.de/referenzen.html" "Mozilla/5.0 (Windows NT 5.1) AppleWebKit/537.36 (KHTML, like Gecko) Chrome/29.0.1547.57 Safari/537.36"
213.199.198.66 - - [29/Aug/2013:11:28:09 +0200] "GET /img/referenzen/thumb/PICT1325.jpg HTTP/1.1" 200 8059 "http://www.bsb-schrott.de/referenzen.html" "Mozilla/5.0 (Windows NT 5.1) AppleWebKit/537.36 (KHTML, like Gecko) Chrome/29.0.1547.57 Safari/537.36"
213.199.198.66 - - [29/Aug/2013:11:28:09 +0200] "GET /img/fancy/fancybox.png HTTP/1.1" 200 15287 "http://www.bsb-schrott.de/referenzen.html" "Mozilla/5.0 (Windows NT 5.1) AppleWebKit/537.36 (KHTML, like Gecko) Chrome/29.0.1547.57 Safari/537.36"
213.199.198.66 - - [29/Aug/2013:11:28:09 +0200] "GET /img/referenzen/011.jpg HTTP/1.1" 200 161700 "http://www.bsb-schrott.de/referenzen.html" "Mozilla/5.0 (Windows NT 5.1) AppleWebKit/537.36 (KHTML, like Gecko) Chrome/29.0.1547.57 Safari/537.36"
