141.8.147.1 - - [01/Jan/2013:01:26:39 +0100] "GET /robots.txt HTTP/1.1" 404 1256 "-" "Mozilla/5.0 (compatible; YandexBot/3.0; +http://yandex.com/bots)"
141.8.147.1 - - [01/Jan/2013:06:05:17 +0100] "GET /home.html HTTP/1.1" 304 - "-" "Mozilla/5.0 (compatible; YandexBot/3.0; +http://yandex.com/bots)"
90.142.152.172 - - [01/Jan/2013:20:00:54 +0100] "GET / HTTP/1.1" 200 1137 "http://www.gehoma.de" "Mozilla/5.0 (Windows; U; Windows NT 6.1; rv:11.0) Gecko/20100101 Firefox/11.0"
141.8.147.1 - - [01/Jan/2013:20:10:55 +0100] "GET /robots.txt HTTP/1.1" 404 1256 "-" "Mozilla/5.0 (compatible; YandexBot/3.0; +http://yandex.com/bots)"
90.142.152.172 - - [01/Jan/2013:21:37:31 +0100] "GET /TEMPLATE/CUFON/CUFON-CONFIG.JS HTTP/1.1" 404 1256 "http://www.gis-bau.de" "Mozilla/5.0 (Windows; U; Windows NT 6.1; rv:11.0) Gecko/20100101 Firefox/11.0"
90.142.152.172 - - [01/Jan/2013:21:37:31 +0100] "GET /main.html HTTP/1.1" 200 747 "http://www.gis-bau.de" "Mozilla/5.0 (Windows; U; Windows NT 6.1; rv:11.0) Gecko/20100101 Firefox/11.0"
141.8.147.1 - - [01/Jan/2013:21:45:20 +0100] "GET /info.html HTTP/1.1" 200 1015 "-" "Mozilla/5.0 (compatible; YandexBot/3.0; +http://yandex.com/bots)"
141.8.147.1 - - [02/Jan/2013:08:43:32 +0100] "GET /robots.txt HTTP/1.1" 404 1256 "-" "Mozilla/5.0 (compatible; YandexBot/3.0; +http://yandex.com/bots)"
157.55.32.60 - - [02/Jan/2013:09:21:29 +0100] "GET /robots.txt HTTP/1.1" 404 1256 "-" "Mozilla/5.0 (compatible; bingbot/2.0; +http://www.bing.com/bingbot.htm)"
157.55.32.60 - - [02/Jan/2013:09:44:11 +0100] "GET /banner.html HTTP/1.1" 200 980 "-" "Mozilla/5.0 (compatible; bingbot/2.0; +http://www.bing.com/bingbot.htm)"
141.8.147.1 - - [02/Jan/2013:15:57:12 +0100] "GET /kontakt.html HTTP/1.1" 304 - "-" "Mozilla/5.0 (compatible; YandexBot/3.0; +http://yandex.com/bots)"
65.55.52.116 - - [02/Jan/2013:21:19:08 +0100] "GET /robots.txt HTTP/1.1" 404 1256 "-" "Mozilla/5.0 (compatible; bingbot/2.0; +http://www.bing.com/bingbot.htm)"
65.55.52.116 - - [02/Jan/2013:21:20:48 +0100] "GET /home.html HTTP/1.1" 304 - "-" "Mozilla/5.0 (compatible; bingbot/2.0; +http://www.bing.com/bingbot.htm)"
141.8.147.1 - - [03/Jan/2013:03:10:08 +0100] "GET /robots.txt HTTP/1.1" 404 1256 "-" "Mozilla/5.0 (compatible; YandexBot/3.0; +http://yandex.com/bots)"
141.8.147.1 - - [03/Jan/2013:03:57:43 +0100] "GET /ud.html HTTP/1.1" 304 - "-" "Mozilla/5.0 (compatible; YandexBot/3.0; +http://yandex.com/bots)"
207.46.194.38 - - [03/Jan/2013:07:46:15 +0100] "GET /robots.txt HTTP/1.1" 404 1256 "-" "msnbot-media/1.1 (+http://search.msn.com/msnbot.htm)"
207.46.194.38 - - [03/Jan/2013:07:46:15 +0100] "GET /picture/kontakt.gif HTTP/1.1" 200 1128 "-" "msnbot-media/1.1 (+http://search.msn.com/msnbot.htm)"
131.253.41.63 - - [03/Jan/2013:08:09:44 +0100] "GET /robots.txt HTTP/1.1" 404 1256 "-" "msnbot-media/1.1 (+http://search.msn.com/msnbot.htm)"
131.253.41.63 - - [03/Jan/2013:08:09:44 +0100] "GET /picture/leistungen.gif HTTP/1.1" 200 1157 "-" "msnbot-media/1.1 (+http://search.msn.com/msnbot.htm)"
95.108.151.244 - - [03/Jan/2013:09:02:53 +0100] "GET /robots.txt HTTP/1.1" 404 1256 "-" "Mozilla/5.0 (compatible; YandexBot/3.0; +http://yandex.com/bots)"
95.108.151.244 - - [03/Jan/2013:09:02:54 +0100] "GET / HTTP/1.1" 200 1137 "-" "Mozilla/5.0 (compatible; YandexBot/3.0; +http://yandex.com/bots)"
95.108.151.244 - - [03/Jan/2013:09:02:55 +0100] "GET / HTTP/1.1" 200 1137 "-" "Mozilla/5.0 (compatible; YandexBot/3.0; +http://yandex.com/bots)"
207.46.194.85 - - [03/Jan/2013:09:27:55 +0100] "GET /robots.txt HTTP/1.1" 404 1256 "-" "msnbot-media/1.1 (+http://search.msn.com/msnbot.htm)"
207.46.194.85 - - [03/Jan/2013:09:27:55 +0100] "GET /picture/home.gif HTTP/1.1" 200 1107 "-" "msnbot-media/1.1 (+http://search.msn.com/msnbot.htm)"
141.8.147.1 - - [03/Jan/2013:15:39:48 +0100] "GET /robots.txt HTTP/1.1" 404 1256 "-" "Mozilla/5.0 (compatible; YandexBot/3.0; +http://yandex.com/bots)"
65.55.215.105 - - [03/Jan/2013:22:36:11 +0100] "GET /robots.txt HTTP/1.1" 404 1256 "-" "msnbot-media/1.1 (+http://search.msn.com/msnbot.htm)"
65.55.215.105 - - [03/Jan/2013:22:36:12 +0100] "GET /picture/referenzen.gif HTTP/1.1" 200 1173 "-" "msnbot-media/1.1 (+http://search.msn.com/msnbot.htm)"
141.8.147.1 - - [03/Jan/2013:23:26:41 +0100] "GET /main.html HTTP/1.1" 200 747 "-" "Mozilla/5.0 (compatible; YandexBot/3.0; +http://yandex.com/bots)"
141.8.147.1 - - [04/Jan/2013:04:02:28 +0100] "GET /robots.txt HTTP/1.1" 404 1256 "-" "Mozilla/5.0 (compatible; YandexBot/3.0; +http://yandex.com/bots)"
141.8.147.1 - - [04/Jan/2013:07:34:36 +0100] "GET /banner.html HTTP/1.1" 200 980 "-" "Mozilla/5.0 (compatible; YandexBot/3.0; +http://yandex.com/bots)"
141.8.147.1 - - [04/Jan/2013:16:24:01 +0100] "GET /robots.txt HTTP/1.1" 404 1256 "-" "Mozilla/5.0 (compatible; YandexBot/3.0; +http://yandex.com/bots)"
84.190.6.252 - - [04/Jan/2013:20:25:02 +0100] "GET / HTTP/1.1" 304 - "-" "Mozilla/5.0 (Windows NT 5.1; rv:15.0) Gecko/20100101 Firefox/15.0.1"
84.190.6.252 - - [04/Jan/2013:20:25:03 +0100] "GET /picture/gis-bau.jpg HTTP/1.1" 304 - "http://www.gis-bau.de/" "Mozilla/5.0 (Windows NT 5.1; rv:15.0) Gecko/20100101 Firefox/15.0.1"
84.190.6.252 - - [04/Jan/2013:20:25:03 +0100] "GET /picture/back.gif HTTP/1.1" 404 1256 "http://www.gis-bau.de/" "Mozilla/5.0 (Windows NT 5.1; rv:15.0) Gecko/20100101 Firefox/15.0.1"
84.190.6.252 - - [04/Jan/2013:20:25:03 +0100] "GET /favicon.ico HTTP/1.1" 404 1256 "-" "Mozilla/5.0 (Windows NT 5.1; rv:15.0) Gecko/20100101 Firefox/15.0.1"
141.8.147.1 - - [04/Jan/2013:22:40:56 +0100] "GET /info.html HTTP/1.1" 200 1015 "-" "Mozilla/5.0 (compatible; YandexBot/3.0; +http://yandex.com/bots)"
141.8.147.1 - - [05/Jan/2013:10:54:49 +0100] "GET /robots.txt HTTP/1.1" 404 1256 "-" "Mozilla/5.0 (compatible; YandexBot/3.0; +http://yandex.com/bots)"
80.86.88.174 - - [05/Jan/2013:12:00:29 +0100] "GET / HTTP/1.1" 200 1137 "-" "Mozilla/4.0 (compatible; MSIE 6.0; Windows 98; Win 9x4.90)"
141.8.147.1 - - [05/Jan/2013:18:56:07 +0100] "GET /kontakt.html HTTP/1.1" 304 - "-" "Mozilla/5.0 (compatible; YandexBot/3.0; +http://yandex.com/bots)"
80.171.186.253 - - [05/Jan/2013:22:26:30 +0100] "GET / HTTP/1.1" 200 1137 "-" "-"
80.171.186.253 - - [05/Jan/2013:22:26:30 +0100] "GET /main.html HTTP/1.1" 200 747 "-" "-"
141.8.147.1 - - [05/Jan/2013:23:59:04 +0100] "GET /robots.txt HTTP/1.1" 404 1256 "-" "Mozilla/5.0 (compatible; YandexBot/3.0; +http://yandex.com/bots)"
141.8.147.1 - - [06/Jan/2013:00:25:10 +0100] "GET /home.html HTTP/1.1" 200 977 "-" "Mozilla/5.0 (compatible; YandexBot/3.0; +http://yandex.com/bots)"
141.8.147.1 - - [06/Jan/2013:12:10:20 +0100] "GET /robots.txt HTTP/1.1" 404 1256 "-" "Mozilla/5.0 (compatible; YandexBot/3.0; +http://yandex.com/bots)"
64.246.165.10 - - [06/Jan/2013:15:11:28 +0100] "GET /robots.txt HTTP/1.0" 404 1256 "-" "Mozilla/5.0 (Windows; U; Windows NT 5.1; en; rv:1.9.0.13) Gecko/2009073022 Firefox/3.5.2 (.NET CLR 3.5.30729) SurveyBot/2.3 (DomainTools)"
64.246.165.10 - - [06/Jan/2013:15:11:28 +0100] "GET / HTTP/1.1" 200 1137 "http://whois.domaintools.com/gis-bau.de" "Mozilla/5.0 (Windows; U; Windows NT 5.1; en; rv:1.9.0.13) Gecko/2009073022 Firefox/3.5.2 (.NET CLR 3.5.30729) SurveyBot/2.3 (DomainTools)"
66.249.75.54 - - [06/Jan/2013:19:03:01 +0100] "GET /robots.txt HTTP/1.1" 404 1256 "-" "Mozilla/5.0 (compatible; Googlebot/2.1; +http://www.google.com/bot.html)"
66.249.78.54 - - [06/Jan/2013:19:03:01 +0100] "GET /info.html HTTP/1.1" 200 1015 "-" "Mozilla/5.0 (compatible; Googlebot/2.1; +http://www.google.com/bot.html)"
141.8.147.1 - - [06/Jan/2013:19:57:01 +0100] "GET /info.html HTTP/1.1" 200 1015 "-" "Mozilla/5.0 (compatible; YandexBot/3.0; +http://yandex.com/bots)"
66.249.78.54 - - [07/Jan/2013:01:24:30 +0100] "GET /banner.html HTTP/1.1" 200 980 "-" "Mozilla/5.0 (compatible; Googlebot/2.1; +http://www.google.com/bot.html)"
141.8.147.1 - - [07/Jan/2013:01:49:06 +0100] "GET /robots.txt HTTP/1.1" 404 1256 "-" "Mozilla/5.0 (compatible; YandexBot/3.0; +http://yandex.com/bots)"
141.8.147.1 - - [07/Jan/2013:05:10:36 +0100] "GET /ud.html HTTP/1.1" 304 - "-" "Mozilla/5.0 (compatible; YandexBot/3.0; +http://yandex.com/bots)"
188.165.195.156 - - [07/Jan/2013:05:11:15 +0100] "HEAD / HTTP/1.1" 200 - "-" "Mozilla/4.0 (compatible; MSIE 5.01; Windows NT 5.0)"
141.8.147.1 - - [07/Jan/2013:07:21:03 +0100] "GET /kontakt.html HTTP/1.1" 304 - "-" "Mozilla/5.0 (compatible; YandexBot/3.0; +http://yandex.com/bots)"
50.16.124.231 - - [07/Jan/2013:14:00:06 +0100] "GET / HTTP/1.0" 200 1137 "-" "Mozilla/5.0 (compatible; NetcraftSurveyAgent/1.0; +info@netcraft.com)"
141.8.147.1 - - [07/Jan/2013:14:49:25 +0100] "GET /robots.txt HTTP/1.1" 404 1256 "-" "Mozilla/5.0 (compatible; YandexBot/3.0; +http://yandex.com/bots)"
141.8.147.1 - - [07/Jan/2013:22:16:44 +0100] "GET /home.html HTTP/1.1" 200 977 "-" "Mozilla/5.0 (compatible; YandexBot/3.0; +http://yandex.com/bots)"
141.8.147.1 - - [08/Jan/2013:03:21:27 +0100] "GET /robots.txt HTTP/1.1" 404 1256 "-" "Mozilla/5.0 (compatible; YandexBot/3.0; +http://yandex.com/bots)"
65.55.211.169 - - [08/Jan/2013:09:52:01 +0100] "GET /robots.txt HTTP/1.1" 404 1256 "-" "msnbot-media/1.1 (+http://search.msn.com/msnbot.htm)"
65.55.211.169 - - [08/Jan/2013:09:52:02 +0100] "GET /picture/baupics/image2.jpg HTTP/1.1" 200 40346 "-" "msnbot-media/1.1 (+http://search.msn.com/msnbot.htm)"
141.8.147.1 - - [08/Jan/2013:11:16:21 +0100] "GET /ud.html HTTP/1.1" 304 - "-" "Mozilla/5.0 (compatible; YandexBot/3.0; +http://yandex.com/bots)"
66.249.78.54 - - [09/Jan/2013:15:37:54 +0100] "GET /robots.txt HTTP/1.1" 404 1256 "-" "Mozilla/5.0 (compatible; Googlebot/2.1; +http://www.google.com/bot.html)"
66.249.78.54 - - [09/Jan/2013:15:37:55 +0100] "GET / HTTP/1.1" 200 1137 "-" "Mozilla/5.0 (compatible; Googlebot/2.1; +http://www.google.com/bot.html)"
66.249.78.54 - - [09/Jan/2013:16:17:17 +0100] "GET /main.html HTTP/1.1" 304 - "-" "Mozilla/5.0 (compatible; Googlebot/2.1; +http://www.google.com/bot.html)"
66.249.78.54 - - [09/Jan/2013:19:03:59 +0100] "GET /home.html HTTP/1.1" 304 - "-" "Mozilla/5.0 (compatible; Googlebot/2.1; +http://www.google.com/bot.html)"
141.8.147.1 - - [10/Jan/2013:04:54:06 +0100] "GET /robots.txt HTTP/1.1" 404 1256 "-" "Mozilla/5.0 (compatible; YandexBot/3.0; +http://yandex.com/bots)"
141.8.147.1 - - [10/Jan/2013:08:46:22 +0100] "GET / HTTP/1.1" 200 1137 "-" "Mozilla/5.0 (compatible; YandexBot/3.0; +http://yandex.com/bots)"
141.8.147.1 - - [10/Jan/2013:09:39:14 +0100] "GET /main.html HTTP/1.1" 304 - "-" "Mozilla/5.0 (compatible; YandexBot/3.0; +http://yandex.com/bots)"
157.55.33.86 - - [10/Jan/2013:13:47:12 +0100] "GET /robots.txt HTTP/1.1" 404 1256 "-" "Mozilla/5.0 (compatible; bingbot/2.0; +http://www.bing.com/bingbot.htm)"
157.55.33.86 - - [10/Jan/2013:13:50:39 +0100] "GET /leistung.html HTTP/1.1" 200 1149 "-" "Mozilla/5.0 (compatible; bingbot/2.0; +http://www.bing.com/bingbot.htm)"
65.55.215.33 - - [11/Jan/2013:11:08:54 +0100] "GET /robots.txt HTTP/1.1" 404 1256 "-" "msnbot-media/1.1 (+http://search.msn.com/msnbot.htm)"
65.55.215.33 - - [11/Jan/2013:11:08:55 +0100] "GET /picture/under.gif HTTP/1.1" 200 5595 "-" "msnbot-media/1.1 (+http://search.msn.com/msnbot.htm)"
141.8.147.1 - - [11/Jan/2013:16:12:48 +0100] "GET /robots.txt HTTP/1.1" 404 1256 "-" "Mozilla/5.0 (compatible; YandexBot/3.0; +http://yandex.com/bots)"
141.8.147.1 - - [12/Jan/2013:00:17:23 +0100] "GET /info.html HTTP/1.1" 200 1015 "-" "Mozilla/5.0 (compatible; YandexBot/3.0; +http://yandex.com/bots)"
87.122.30.145 - - [12/Jan/2013:05:05:50 +0100] "GET / HTTP/1.0" 200 1137 "-" "Wget/1.11.4"
87.122.30.145 - - [12/Jan/2013:05:05:51 +0100] "GET /main.html HTTP/1.0" 200 747 "-" "Wget/1.11.4"
87.122.30.145 - - [12/Jan/2013:05:05:51 +0100] "GET /banner.html HTTP/1.0" 200 980 "-" "Wget/1.11.4"
87.122.30.145 - - [12/Jan/2013:05:05:52 +0100] "GET /home.html HTTP/1.0" 200 977 "-" "Wget/1.11.4"
87.122.30.145 - - [12/Jan/2013:05:05:52 +0100] "GET /info.html HTTP/1.0" 200 1015 "-" "Wget/1.11.4"
87.122.30.145 - - [12/Jan/2013:05:05:52 +0100] "GET /kontakt.html HTTP/1.0" 200 1753 "-" "Wget/1.11.4"
87.122.30.145 - - [12/Jan/2013:05:05:53 +0100] "GET /leistung.html HTTP/1.0" 200 1149 "-" "Wget/1.11.4"
87.122.30.145 - - [12/Jan/2013:05:05:53 +0100] "GET /ud.html HTTP/1.0" 200 685 "-" "Wget/1.11.4"
84.190.2.142 - - [12/Jan/2013:21:35:55 +0100] "GET /picture/back.gif HTTP/1.1" 404 1256 "http://www.gis-bau.de/" "Mozilla/5.0 (Windows NT 5.1; rv:15.0) Gecko/20100101 Firefox/15.0.1"
141.8.147.1 - - [12/Jan/2013:22:55:25 +0100] "GET /robots.txt HTTP/1.1" 404 1256 "-" "Mozilla/5.0 (compatible; YandexBot/3.0; +http://yandex.com/bots)"
141.8.147.1 - - [13/Jan/2013:02:52:07 +0100] "GET /ud.html HTTP/1.1" 304 - "-" "Mozilla/5.0 (compatible; YandexBot/3.0; +http://yandex.com/bots)"
157.56.229.23 - - [14/Jan/2013:12:05:08 +0100] "GET /robots.txt HTTP/1.1" 404 1256 "-" "Mozilla/5.0 (compatible; bingbot/2.0; +http://www.bing.com/bingbot.htm)"
157.56.229.23 - - [14/Jan/2013:12:07:25 +0100] "GET /ud.html HTTP/1.1" 200 685 "-" "Mozilla/5.0 (compatible; bingbot/2.0; +http://www.bing.com/bingbot.htm)"
66.249.78.54 - - [14/Jan/2013:22:23:19 +0100] "GET /robots.txt HTTP/1.1" 404 1256 "-" "Mozilla/5.0 (compatible; Googlebot/2.1; +http://www.google.com/bot.html)"
66.249.78.54 - - [14/Jan/2013:22:23:19 +0100] "GET /kontakt.html HTTP/1.1" 304 - "-" "Mozilla/5.0 (compatible; Googlebot/2.1; +http://www.google.com/bot.html)"
141.8.147.1 - - [14/Jan/2013:22:35:01 +0100] "GET /robots.txt HTTP/1.1" 404 1256 "-" "Mozilla/5.0 (compatible; YandexBot/3.0; +http://yandex.com/bots)"
141.8.147.1 - - [14/Jan/2013:23:17:03 +0100] "GET /info.html HTTP/1.1" 200 1015 "-" "Mozilla/5.0 (compatible; YandexBot/3.0; +http://yandex.com/bots)"
157.56.93.201 - - [14/Jan/2013:23:52:08 +0100] "GET /robots.txt HTTP/1.1" 404 1256 "-" "Mozilla/5.0 (compatible; bingbot/2.0; +http://www.bing.com/bingbot.htm)"
157.56.93.201 - - [14/Jan/2013:23:54:25 +0100] "GET /home.html HTTP/1.1" 200 977 "-" "Mozilla/5.0 (compatible; bingbot/2.0; +http://www.bing.com/bingbot.htm)"
66.249.75.54 - - [15/Jan/2013:00:00:04 +0100] "GET /kontakt.html HTTP/1.1" 304 - "-" "Mozilla/5.0 (compatible; Googlebot/2.1; +http://www.google.com/bot.html)"
157.55.33.24 - - [15/Jan/2013:00:11:57 +0100] "GET /main.html HTTP/1.1" 200 747 "-" "Mozilla/5.0 (compatible; bingbot/2.0; +http://www.bing.com/bingbot.htm)"
157.55.33.24 - - [15/Jan/2013:00:12:06 +0100] "GET /info.html HTTP/1.1" 200 1015 "-" "Mozilla/5.0 (compatible; bingbot/2.0; +http://www.bing.com/bingbot.htm)"
157.56.93.201 - - [15/Jan/2013:01:13:16 +0100] "GET /robots.txt HTTP/1.1" 404 1256 "-" "Mozilla/5.0 (compatible; bingbot/2.0; +http://www.bing.com/bingbot.htm)"
157.55.32.154 - - [15/Jan/2013:01:14:45 +0100] "GET /banner.html HTTP/1.1" 200 980 "-" "Mozilla/5.0 (compatible; bingbot/2.0; +http://www.bing.com/bingbot.htm)"
157.56.93.201 - - [15/Jan/2013:01:15:45 +0100] "GET /home.html HTTP/1.1" 200 977 "-" "Mozilla/5.0 (compatible; bingbot/2.0; +http://www.bing.com/bingbot.htm)"
66.249.78.54 - - [15/Jan/2013:01:26:17 +0100] "GET /leistung.html HTTP/1.1" 304 - "-" "Mozilla/5.0 (compatible; Googlebot/2.1; +http://www.google.com/bot.html)"
194.153.113.7 - - [15/Jan/2013:05:28:52 +0100] "GET / HTTP/1.1" 200 1137 "-" "Mozilla/5.0 (compatible; oBot/2.3.1; +http://filterdb.iss.net/crawler/)"
66.249.75.54 - - [15/Jan/2013:07:54:08 +0100] "GET /robots.txt HTTP/1.1" 404 1256 "-" "Mozilla/5.0 (compatible; Googlebot/2.1; +http://www.google.com/bot.html)"
66.249.78.54 - - [15/Jan/2013:07:54:08 +0100] "GET /main.html HTTP/1.1" 304 - "-" "Mozilla/5.0 (compatible; Googlebot/2.1; +http://www.google.com/bot.html)"
66.249.75.54 - - [15/Jan/2013:08:05:21 +0100] "GET / HTTP/1.1" 304 - "-" "Mozilla/5.0 (compatible; Googlebot/2.1; +http://www.google.com/bot.html)"
66.249.78.54 - - [15/Jan/2013:08:25:45 +0100] "GET /home.html HTTP/1.1" 304 - "-" "Mozilla/5.0 (compatible; Googlebot/2.1; +http://www.google.com/bot.html)"
85.13.147.71 - - [15/Jan/2013:20:55:31 +0100] "HEAD / HTTP/1.1" 200 - "-" "-"
157.56.93.201 - - [18/Jan/2013:11:34:11 +0100] "GET /robots.txt HTTP/1.1" 404 1256 "-" "Mozilla/5.0 (compatible; bingbot/2.0; +http://www.bing.com/bingbot.htm)"
157.56.93.201 - - [18/Jan/2013:11:36:24 +0100] "GET /kontakt.html HTTP/1.1" 304 - "-" "Mozilla/5.0 (compatible; bingbot/2.0; +http://www.bing.com/bingbot.htm)"
37.140.141.34 - - [18/Jan/2013:14:28:42 +0100] "GET /robots.txt HTTP/1.1" 404 1256 "-" "Mozilla/5.0 (compatible; YandexImages/3.0; +http://yandex.com/bots)"
141.8.147.1 - - [18/Jan/2013:21:18:23 +0100] "GET /robots.txt HTTP/1.1" 404 1256 "-" "Mozilla/5.0 (compatible; YandexBot/3.0; +http://yandex.com/bots)"
141.8.147.1 - - [18/Jan/2013:22:49:38 +0100] "GET /banner.html HTTP/1.1" 200 980 "-" "Mozilla/5.0 (compatible; YandexBot/3.0; +http://yandex.com/bots)"
216.145.11.94 - - [19/Jan/2013:02:12:44 +0100] "GET /robots.txt HTTP/1.0" 404 1256 "-" "Mozilla/5.0 (Windows; U; Windows NT 5.1; en; rv:1.9.0.13) Gecko/2009073022 Firefox/3.5.2 (.NET CLR 3.5.30729) SurveyBot/2.3 (DomainTools)"
216.145.11.94 - - [19/Jan/2013:02:12:44 +0100] "GET / HTTP/1.1" 200 1137 "http://whois.domaintools.com/gis-bau.de" "Mozilla/5.0 (Windows; U; Windows NT 5.1; en; rv:1.9.0.13) Gecko/2009073022 Firefox/3.5.2 (.NET CLR 3.5.30729) SurveyBot/2.3 (DomainTools)"
65.55.212.132 - - [19/Jan/2013:04:50:28 +0100] "GET /robots.txt HTTP/1.1" 404 1256 "-" "msnbot-media/1.1 (+http://search.msn.com/msnbot.htm)"
65.55.212.132 - - [19/Jan/2013:04:50:28 +0100] "GET /picture/baupics/image1.jpg HTTP/1.1" 200 32752 "-" "msnbot-media/1.1 (+http://search.msn.com/msnbot.htm)"
65.55.212.132 - - [19/Jan/2013:05:54:36 +0100] "GET /robots.txt HTTP/1.1" 404 1256 "-" "msnbot-media/1.1 (+http://search.msn.com/msnbot.htm)"
65.55.212.132 - - [19/Jan/2013:05:54:36 +0100] "GET /picture/baupics/image1.jpg HTTP/1.1" 200 32752 "-" "msnbot-media/1.1 (+http://search.msn.com/msnbot.htm)"
37.140.141.34 - - [19/Jan/2013:07:11:48 +0100] "GET /picture/under.gif HTTP/1.1" 304 - "-" "Mozilla/5.0 (compatible; YandexImages/3.0; +http://yandex.com/bots)"
95.108.151.244 - - [19/Jan/2013:09:07:52 +0100] "GET /robots.txt HTTP/1.1" 404 1256 "-" "Mozilla/5.0 (compatible; YandexBot/3.0; +http://yandex.com/bots)"
95.108.151.244 - - [19/Jan/2013:09:07:53 +0100] "GET / HTTP/1.1" 200 1137 "-" "Mozilla/5.0 (compatible; YandexBot/3.0; +http://yandex.com/bots)"
95.108.151.244 - - [19/Jan/2013:09:07:54 +0100] "GET / HTTP/1.1" 200 1137 "-" "Mozilla/5.0 (compatible; YandexBot/3.0; +http://yandex.com/bots)"
141.8.147.1 - - [19/Jan/2013:09:57:20 +0100] "GET /robots.txt HTTP/1.1" 404 1256 "-" "Mozilla/5.0 (compatible; YandexBot/3.0; +http://yandex.com/bots)"
141.8.147.1 - - [19/Jan/2013:20:41:37 +0100] "GET /home.html HTTP/1.1" 200 977 "-" "Mozilla/5.0 (compatible; YandexBot/3.0; +http://yandex.com/bots)"
37.140.141.34 - - [19/Jan/2013:21:15:07 +0100] "GET /robots.txt HTTP/1.1" 404 1256 "-" "Mozilla/5.0 (compatible; YandexImages/3.0; +http://yandex.com/bots)"
141.8.147.1 - - [20/Jan/2013:00:16:51 +0100] "GET /robots.txt HTTP/1.1" 404 1256 "-" "Mozilla/5.0 (compatible; YandexBot/3.0; +http://yandex.com/bots)"
141.8.147.1 - - [20/Jan/2013:02:31:54 +0100] "GET /ud.html HTTP/1.1" 200 685 "-" "Mozilla/5.0 (compatible; YandexBot/3.0; +http://yandex.com/bots)"
85.13.147.71 - - [20/Jan/2013:05:57:39 +0100] "GET / HTTP/1.1" 200 1137 "-" "-"
141.8.147.1 - - [20/Jan/2013:08:36:30 +0100] "GET /main.html HTTP/1.1" 304 - "-" "Mozilla/5.0 (compatible; YandexBot/3.0; +http://yandex.com/bots)"
37.140.141.34 - - [20/Jan/2013:11:33:36 +0100] "GET /picture/under.gif HTTP/1.1" 304 - "-" "Mozilla/5.0 (compatible; YandexImages/3.0; +http://yandex.com/bots)"
141.8.147.1 - - [20/Jan/2013:13:23:52 +0100] "GET /robots.txt HTTP/1.1" 404 1256 "-" "Mozilla/5.0 (compatible; YandexBot/3.0; +http://yandex.com/bots)"
141.8.147.1 - - [20/Jan/2013:16:38:31 +0100] "GET /kontakt.html HTTP/1.1" 200 1753 "-" "Mozilla/5.0 (compatible; YandexBot/3.0; +http://yandex.com/bots)"
157.55.32.162 - - [20/Jan/2013:18:14:00 +0100] "GET /robots.txt HTTP/1.1" 404 1256 "-" "Mozilla/5.0 (compatible; bingbot/2.0; +http://www.bing.com/bingbot.htm)"
157.55.32.162 - - [20/Jan/2013:18:22:00 +0100] "GET /info.html HTTP/1.1" 200 1015 "-" "Mozilla/5.0 (compatible; bingbot/2.0; +http://www.bing.com/bingbot.htm)"
141.8.147.1 - - [21/Jan/2013:01:14:52 +0100] "GET /robots.txt HTTP/1.1" 404 1256 "-" "Mozilla/5.0 (compatible; YandexBot/3.0; +http://yandex.com/bots)"
85.214.139.126 - - [21/Jan/2013:02:30:05 +0100] "GET /kontakt.html HTTP/1.1" 200 1753 "-" "Mozilla/5.0 (Windows NT 5.1; U; de; rv:1.9.1.6) Gecko/20091201 Firefox/3.5.6 Opera 11.00"
85.214.139.126 - - [21/Jan/2013:02:30:05 +0100] "GET /leistung.html HTTP/1.1" 200 1149 "-" "Mozilla/4.0 (compatible; MSIE 8.0; Windows NT 5.1; Trident/4.0; MS-RTC LM 8; .NET CLR 3.5.30729)"
85.214.139.126 - - [21/Jan/2013:02:30:05 +0100] "GET / HTTP/1.1" 200 1137 "-" "Mozilla/5.0 (Macintosh; Intel Mac OS X 10_8_0) AppleWebKit/536.3 (KHTML, like Gecko) Chrome/19.0.1063.0 Safari/536.3"
85.214.139.126 - - [21/Jan/2013:02:30:07 +0100] "GET /kontakt.html HTTP/1.1" 200 1753 "-" "Mozilla/4.0 (compatible; MSIE 8.0; Windows NT 5.1; Trident/4.0; GTB6; .NET CLR 1.1.4322; .NET CLR 2.0.50727)"
85.214.139.126 - - [21/Jan/2013:02:30:11 +0100] "GET /leistung.html HTTP/1.1" 200 1149 "-" "Mozilla/5.0 (Windows NT 6.1; rv:12.0) Gecko/ 20120405 Firefox/14.0.1"
141.8.147.1 - - [21/Jan/2013:05:31:29 +0100] "GET / HTTP/1.1" 200 1137 "-" "Mozilla/5.0 (compatible; YandexBot/3.0; +http://yandex.com/bots)"
141.8.147.1 - - [21/Jan/2013:14:11:51 +0100] "GET /robots.txt HTTP/1.1" 404 1256 "-" "Mozilla/5.0 (compatible; YandexBot/3.0; +http://yandex.com/bots)"
178.15.77.62 - - [21/Jan/2013:15:32:13 +0100] "GET /gis-codes HTTP/1.0" 404 1256 "-" "Mozilla/5.0 (Windows NT 5.1; rv:18.0) Gecko/20100101 Firefox/18.0"
178.15.77.62 - - [21/Jan/2013:15:32:14 +0100] "GET /favicon.ico HTTP/1.0" 404 1256 "-" "Mozilla/5.0 (Windows NT 5.1; rv:18.0) Gecko/20100101 Firefox/18.0"
178.15.77.62 - - [21/Jan/2013:15:32:14 +0100] "GET /favicon.ico HTTP/1.0" 404 1256 "-" "Mozilla/5.0 (Windows NT 5.1; rv:18.0) Gecko/20100101 Firefox/18.0"
178.15.77.62 - - [21/Jan/2013:15:32:21 +0100] "GET / HTTP/1.0" 200 1137 "-" "Mozilla/5.0 (Windows NT 5.1; rv:18.0) Gecko/20100101 Firefox/18.0"
178.15.77.62 - - [21/Jan/2013:15:32:21 +0100] "GET /picture/gis-bau.jpg HTTP/1.0" 200 9275 "http://www.gis-bau.de/" "Mozilla/5.0 (Windows NT 5.1; rv:18.0) Gecko/20100101 Firefox/18.0"
178.15.77.62 - - [21/Jan/2013:15:32:21 +0100] "GET /picture/back.gif HTTP/1.0" 404 1256 "http://www.gis-bau.de/" "Mozilla/5.0 (Windows NT 5.1; rv:18.0) Gecko/20100101 Firefox/18.0"
141.8.147.1 - - [21/Jan/2013:23:39:03 +0100] "GET /info.html HTTP/1.1" 200 1015 "-" "Mozilla/5.0 (compatible; YandexBot/3.0; +http://yandex.com/bots)"
157.55.34.28 - - [22/Jan/2013:08:26:13 +0100] "GET /robots.txt HTTP/1.1" 404 1256 "-" "Mozilla/5.0 (compatible; bingbot/2.0; +http://www.bing.com/bingbot.htm)"
157.55.34.28 - - [22/Jan/2013:08:28:41 +0100] "GET /banner.html HTTP/1.1" 200 980 "-" "Mozilla/5.0 (compatible; bingbot/2.0; +http://www.bing.com/bingbot.htm)"
141.8.147.1 - - [22/Jan/2013:12:55:37 +0100] "GET /robots.txt HTTP/1.1" 404 1256 "-" "Mozilla/5.0 (compatible; YandexBot/3.0; +http://yandex.com/bots)"
199.30.16.23 - - [22/Jan/2013:16:58:32 +0100] "GET /robots.txt HTTP/1.1" 404 1256 "-" "msnbot-media/1.1 (+http://search.msn.com/msnbot.htm)"
199.30.16.23 - - [22/Jan/2013:16:58:32 +0100] "GET /picture/baupics/image2.jpg HTTP/1.1" 200 40346 "-" "msnbot-media/1.1 (+http://search.msn.com/msnbot.htm)"
88.73.48.172 - - [22/Jan/2013:17:31:44 +0100] "GET / HTTP/1.1" 200 1137 "http://www.google.de/url?url=http://www.gis-bau.de/&rct=j&sa=U&ei=4b7-ULKED4uPswbKm4Eo&ved=0CB0QFjAA&q=gis-bau.de&usg=AFQjCNFe3DxeNjGXymw2WxubUZWLzia3Hw" "Mozilla/5.0 (Linux; U; de-de; KFTT Build/IML74K) AppleWebKit/535.19 (KHTML, like Gecko) Silk/2.4 Safari/535.19 Silk-Accelerated=true"
88.73.48.172 - - [22/Jan/2013:17:31:45 +0100] "GET /picture/back.gif HTTP/1.1" 404 1256 "http://www.gis-bau.de/" "Mozilla/5.0 (Linux; U; de-de; KFTT Build/IML74K) AppleWebKit/535.19 (KHTML, like Gecko) Silk/2.4 Safari/535.19 Silk-Accelerated=true"
88.73.48.172 - - [22/Jan/2013:17:31:45 +0100] "GET /picture/gis-bau.jpg HTTP/1.1" 200 9275 "http://www.gis-bau.de/" "Mozilla/5.0 (Linux; U; de-de; KFTT Build/IML74K) AppleWebKit/535.19 (KHTML, like Gecko) Silk/2.4 Safari/535.19 Silk-Accelerated=true"
88.73.48.172 - - [22/Jan/2013:17:31:45 +0100] "GET /favicon.ico HTTP/1.1" 404 1256 "-" "Mozilla/5.0 (Linux; U; de-de; KFTT Build/IML74K) AppleWebKit/535.19 (KHTML, like Gecko) Silk/2.4 Safari/535.19 Silk-Accelerated=true"
88.73.48.172 - - [22/Jan/2013:17:32:22 +0100] "GET /main.html HTTP/1.1" 200 747 "http://www.gis-bau.de/" "Mozilla/5.0 (Linux; U; de-de; KFTT Build/IML74K) AppleWebKit/535.19 (KHTML, like Gecko) Silk/2.4 Safari/535.19 Silk-Accelerated=true"
88.73.48.172 - - [22/Jan/2013:17:32:22 +0100] "GET /banner.html HTTP/1.1" 200 980 "http://www.gis-bau.de/main.html" "Mozilla/5.0 (Linux; U; de-de; KFTT Build/IML74K) AppleWebKit/535.19 (KHTML, like Gecko) Silk/2.4 Safari/535.19 Silk-Accelerated=true"
88.73.48.172 - - [22/Jan/2013:17:32:22 +0100] "GET /home.html HTTP/1.1" 200 977 "http://www.gis-bau.de/main.html" "Mozilla/5.0 (Linux; U; de-de; KFTT Build/IML74K) AppleWebKit/535.19 (KHTML, like Gecko) Silk/2.4 Safari/535.19 Silk-Accelerated=true"
88.73.48.172 - - [22/Jan/2013:17:32:22 +0100] "GET /info.html HTTP/1.1" 200 1015 "http://www.gis-bau.de/main.html" "Mozilla/5.0 (Linux; U; de-de; KFTT Build/IML74K) AppleWebKit/535.19 (KHTML, like Gecko) Silk/2.4 Safari/535.19 Silk-Accelerated=true"
88.73.48.172 - - [22/Jan/2013:17:32:22 +0100] "GET /picture/back.gif HTTP/1.1" 404 1256 "http://www.gis-bau.de/banner.html" "Mozilla/5.0 (Linux; U; de-de; KFTT Build/IML74K) AppleWebKit/535.19 (KHTML, like Gecko) Silk/2.4 Safari/535.19 Silk-Accelerated=true"
88.73.48.172 - - [22/Jan/2013:17:32:22 +0100] "GET /picture/home.gif HTTP/1.1" 200 1107 "http://www.gis-bau.de/info.html" "Mozilla/5.0 (Linux; U; de-de; KFTT Build/IML74K) AppleWebKit/535.19 (KHTML, like Gecko) Silk/2.4 Safari/535.19 Silk-Accelerated=true"
88.73.48.172 - - [22/Jan/2013:17:32:22 +0100] "GET /picture/leistungen.gif HTTP/1.1" 200 1157 "http://www.gis-bau.de/info.html" "Mozilla/5.0 (Linux; U; de-de; KFTT Build/IML74K) AppleWebKit/535.19 (KHTML, like Gecko) Silk/2.4 Safari/535.19 Silk-Accelerated=true"
88.73.48.172 - - [22/Jan/2013:17:32:22 +0100] "GET /picture/referenzen.gif HTTP/1.1" 200 1173 "http://www.gis-bau.de/info.html" "Mozilla/5.0 (Linux; U; de-de; KFTT Build/IML74K) AppleWebKit/535.19 (KHTML, like Gecko) Silk/2.4 Safari/535.19 Silk-Accelerated=true"
88.73.48.172 - - [22/Jan/2013:17:32:22 +0100] "GET /picture/kontakt.gif HTTP/1.1" 200 1128 "http://www.gis-bau.de/info.html" "Mozilla/5.0 (Linux; U; de-de; KFTT Build/IML74K) AppleWebKit/535.19 (KHTML, like Gecko) Silk/2.4 Safari/535.19 Silk-Accelerated=true"
88.73.48.172 - - [22/Jan/2013:17:32:22 +0100] "GET /favicon.ico HTTP/1.1" 404 1256 "-" "Mozilla/5.0 (Linux; U; de-de; KFTT Build/IML74K) AppleWebKit/535.19 (KHTML, like Gecko) Silk/2.4 Safari/535.19 Silk-Accelerated=true"
88.73.48.172 - - [22/Jan/2013:17:32:26 +0100] "GET /leistung.html HTTP/1.1" 200 1149 "http://www.gis-bau.de/info.html" "Mozilla/5.0 (Linux; U; de-de; KFTT Build/IML74K) AppleWebKit/535.19 (KHTML, like Gecko) Silk/2.4 Safari/535.19 Silk-Accelerated=true"
88.73.48.172 - - [22/Jan/2013:17:32:26 +0100] "GET /picture/under.gif HTTP/1.1" 200 5595 "http://www.gis-bau.de/leistung.html" "Mozilla/5.0 (Linux; U; de-de; KFTT Build/IML74K) AppleWebKit/535.19 (KHTML, like Gecko) Silk/2.4 Safari/535.19 Silk-Accelerated=true"
88.73.48.172 - - [22/Jan/2013:17:32:26 +0100] "GET /picture/baupics/image2.jpg HTTP/1.1" 200 40346 "http://www.gis-bau.de/leistung.html" "Mozilla/5.0 (Linux; U; de-de; KFTT Build/IML74K) AppleWebKit/535.19 (KHTML, like Gecko) Silk/2.4 Safari/535.19 Silk-Accelerated=true"
88.73.48.172 - - [22/Jan/2013:17:32:26 +0100] "GET /picture/baupics/image1.jpg HTTP/1.1" 200 32752 "http://www.gis-bau.de/leistung.html" "Mozilla/5.0 (Linux; U; de-de; KFTT Build/IML74K) AppleWebKit/535.19 (KHTML, like Gecko) Silk/2.4 Safari/535.19 Silk-Accelerated=true"
88.73.48.172 - - [22/Jan/2013:17:32:26 +0100] "GET /favicon.ico HTTP/1.1" 404 1256 "-" "Mozilla/5.0 (Linux; U; de-de; KFTT Build/IML74K) AppleWebKit/535.19 (KHTML, like Gecko) Silk/2.4 Safari/535.19 Silk-Accelerated=true"
141.8.147.1 - - [22/Jan/2013:17:34:35 +0100] "GET /banner.html HTTP/1.1" 200 980 "-" "Mozilla/5.0 (compatible; YandexBot/3.0; +http://yandex.com/bots)"
141.8.147.1 - - [22/Jan/2013:23:53:09 +0100] "GET /home.html HTTP/1.1" 200 977 "-" "Mozilla/5.0 (compatible; YandexBot/3.0; +http://yandex.com/bots)"
141.8.147.1 - - [23/Jan/2013:05:35:48 +0100] "GET /robots.txt HTTP/1.1" 404 1256 "-" "Mozilla/5.0 (compatible; YandexBot/3.0; +http://yandex.com/bots)"
141.8.147.1 - - [23/Jan/2013:07:16:39 +0100] "GET /ud.html HTTP/1.1" 200 685 "-" "Mozilla/5.0 (compatible; YandexBot/3.0; +http://yandex.com/bots)"
141.8.147.1 - - [23/Jan/2013:11:28:03 +0100] "GET /main.html HTTP/1.1" 304 - "-" "Mozilla/5.0 (compatible; YandexBot/3.0; +http://yandex.com/bots)"
141.8.147.1 - - [23/Jan/2013:17:07:23 +0100] "GET /kontakt.html HTTP/1.1" 200 1753 "-" "Mozilla/5.0 (compatible; YandexBot/3.0; +http://yandex.com/bots)"
91.52.251.154 - - [23/Jan/2013:19:18:31 +0100] "GET / HTTP/1.1" 200 1137 "-" "Mozilla/5.0 (Windows NT 6.1; WOW64; rv:18.0) Gecko/20100101 Firefox/18.0"
91.52.251.154 - - [23/Jan/2013:19:18:31 +0100] "GET /picture/gis-bau.jpg HTTP/1.1" 200 9275 "http://www.gis-bau.de/" "Mozilla/5.0 (Windows NT 6.1; WOW64; rv:18.0) Gecko/20100101 Firefox/18.0"
91.52.251.154 - - [23/Jan/2013:19:18:31 +0100] "GET /picture/back.gif HTTP/1.1" 404 1256 "http://www.gis-bau.de/" "Mozilla/5.0 (Windows NT 6.1; WOW64; rv:18.0) Gecko/20100101 Firefox/18.0"
91.52.251.154 - - [23/Jan/2013:19:18:31 +0100] "GET /favicon.ico HTTP/1.1" 404 1256 "-" "Mozilla/5.0 (Windows NT 6.1; WOW64; rv:18.0) Gecko/20100101 Firefox/18.0"
91.52.251.154 - - [23/Jan/2013:19:18:31 +0100] "GET /favicon.ico HTTP/1.1" 404 1256 "-" "Mozilla/5.0 (Windows NT 6.1; WOW64; rv:18.0) Gecko/20100101 Firefox/18.0"
178.200.200.142 - - [23/Jan/2013:20:18:46 +0100] "GET / HTTP/1.1" 200 1137 "-" "Mozilla/5.0 (Windows NT 6.2; WOW64; rv:18.0) Gecko/20100101 Firefox/18.0"
178.200.200.142 - - [23/Jan/2013:20:18:46 +0100] "GET /picture/gis-bau.jpg HTTP/1.1" 200 9275 "http://www.gis-bau.de/" "Mozilla/5.0 (Windows NT 6.2; WOW64; rv:18.0) Gecko/20100101 Firefox/18.0"
178.200.200.142 - - [23/Jan/2013:20:18:46 +0100] "GET /picture/back.gif HTTP/1.1" 404 1256 "http://www.gis-bau.de/" "Mozilla/5.0 (Windows NT 6.2; WOW64; rv:18.0) Gecko/20100101 Firefox/18.0"
178.200.200.142 - - [23/Jan/2013:20:18:47 +0100] "GET /favicon.ico HTTP/1.1" 404 1256 "-" "Mozilla/5.0 (Windows NT 6.2; WOW64; rv:18.0) Gecko/20100101 Firefox/18.0"
178.200.200.142 - - [23/Jan/2013:20:29:06 +0100] "GET /picture/back.gif HTTP/1.1" 404 1256 "http://www.gis-bau.de/" "Mozilla/5.0 (Windows NT 6.2; WOW64; rv:18.0) Gecko/20100101 Firefox/18.0"
157.55.32.101 - - [24/Jan/2013:02:10:24 +0100] "GET /robots.txt HTTP/1.1" 404 1256 "-" "Mozilla/5.0 (compatible; bingbot/2.0; +http://www.bing.com/bingbot.htm)"
157.55.32.101 - - [24/Jan/2013:02:12:11 +0100] "GET /home.html HTTP/1.1" 200 977 "-" "Mozilla/5.0 (compatible; bingbot/2.0; +http://www.bing.com/bingbot.htm)"
141.8.147.1 - - [24/Jan/2013:03:34:22 +0100] "GET /robots.txt HTTP/1.1" 404 1256 "-" "Mozilla/5.0 (compatible; YandexBot/3.0; +http://yandex.com/bots)"
141.8.147.1 - - [24/Jan/2013:11:15:03 +0100] "GET / HTTP/1.1" 200 1137 "-" "Mozilla/5.0 (compatible; YandexBot/3.0; +http://yandex.com/bots)"
141.8.147.1 - - [24/Jan/2013:16:31:37 +0100] "GET /robots.txt HTTP/1.1" 404 1256 "-" "Mozilla/5.0 (compatible; YandexBot/3.0; +http://yandex.com/bots)"
84.190.10.49 - - [24/Jan/2013:20:47:47 +0100] "GET / HTTP/1.1" 304 - "-" "Mozilla/4.0 (compatible; MSIE 6.0; Windows NT 5.1; SV1; .NET CLR 1.1.4322; .NET CLR 2.0.50727; .NET CLR 3.0.4506.2152; .NET CLR 3.5.30729)"
84.190.10.49 - - [24/Jan/2013:20:47:51 +0100] "GET /picture/back.gif HTTP/1.1" 404 1256 "http://www.gis-bau.de/" "Mozilla/4.0 (compatible; MSIE 6.0; Windows NT 5.1; SV1; .NET CLR 1.1.4322; .NET CLR 2.0.50727; .NET CLR 3.0.4506.2152; .NET CLR 3.5.30729)"
84.190.10.49 - - [24/Jan/2013:20:47:51 +0100] "GET /picture/gis-bau.jpg HTTP/1.1" 304 - "http://www.gis-bau.de/" "Mozilla/4.0 (compatible; MSIE 6.0; Windows NT 5.1; SV1; .NET CLR 1.1.4322; .NET CLR 2.0.50727; .NET CLR 3.0.4506.2152; .NET CLR 3.5.30729)"
84.190.10.49 - - [24/Jan/2013:21:16:32 +0100] "GET / HTTP/1.1" 304 - "-" "Mozilla/4.0 (compatible; MSIE 6.0; Windows NT 5.1; SV1; .NET CLR 1.1.4322; .NET CLR 2.0.50727; .NET CLR 3.0.4506.2152; .NET CLR 3.5.30729)"
84.190.10.49 - - [24/Jan/2013:21:16:34 +0100] "GET /picture/back.gif HTTP/1.1" 404 1256 "http://www.gis-bau.de/" "Mozilla/4.0 (compatible; MSIE 6.0; Windows NT 5.1; SV1; .NET CLR 1.1.4322; .NET CLR 2.0.50727; .NET CLR 3.0.4506.2152; .NET CLR 3.5.30729)"
84.190.10.49 - - [24/Jan/2013:21:16:35 +0100] "GET /picture/gis-bau.jpg HTTP/1.1" 304 - "http://www.gis-bau.de/" "Mozilla/4.0 (compatible; MSIE 6.0; Windows NT 5.1; SV1; .NET CLR 1.1.4322; .NET CLR 2.0.50727; .NET CLR 3.0.4506.2152; .NET CLR 3.5.30729)"
84.190.10.49 - - [24/Jan/2013:21:17:53 +0100] "GET / HTTP/1.1" 304 - "-" "Mozilla/4.0 (compatible; MSIE 6.0; Windows NT 5.1; SV1; .NET CLR 1.1.4322; .NET CLR 2.0.50727; .NET CLR 3.0.4506.2152; .NET CLR 3.5.30729)"
84.190.10.49 - - [24/Jan/2013:21:17:55 +0100] "GET /picture/back.gif HTTP/1.1" 404 1256 "http://www.gis-bau.de/" "Mozilla/4.0 (compatible; MSIE 6.0; Windows NT 5.1; SV1; .NET CLR 1.1.4322; .NET CLR 2.0.50727; .NET CLR 3.0.4506.2152; .NET CLR 3.5.30729)"
84.190.10.49 - - [24/Jan/2013:21:17:55 +0100] "GET /picture/gis-bau.jpg HTTP/1.1" 304 - "http://www.gis-bau.de/" "Mozilla/4.0 (compatible; MSIE 6.0; Windows NT 5.1; SV1; .NET CLR 1.1.4322; .NET CLR 2.0.50727; .NET CLR 3.0.4506.2152; .NET CLR 3.5.30729)"
84.190.10.49 - - [24/Jan/2013:21:45:33 +0100] "GET / HTTP/1.1" 304 - "-" "Mozilla/4.0 (compatible; MSIE 6.0; Windows NT 5.1; SV1; .NET CLR 1.1.4322; .NET CLR 2.0.50727; .NET CLR 3.0.4506.2152; .NET CLR 3.5.30729)"
84.190.10.49 - - [24/Jan/2013:21:45:34 +0100] "GET /picture/back.gif HTTP/1.1" 404 1256 "http://www.gis-bau.de/" "Mozilla/4.0 (compatible; MSIE 6.0; Windows NT 5.1; SV1; .NET CLR 1.1.4322; .NET CLR 2.0.50727; .NET CLR 3.0.4506.2152; .NET CLR 3.5.30729)"
84.190.10.49 - - [24/Jan/2013:21:45:34 +0100] "GET /picture/gis-bau.jpg HTTP/1.1" 304 - "http://www.gis-bau.de/" "Mozilla/4.0 (compatible; MSIE 6.0; Windows NT 5.1; SV1; .NET CLR 1.1.4322; .NET CLR 2.0.50727; .NET CLR 3.0.4506.2152; .NET CLR 3.5.30729)"
141.8.147.1 - - [25/Jan/2013:00:05:33 +0100] "GET /info.html HTTP/1.1" 200 1015 "-" "Mozilla/5.0 (compatible; YandexBot/3.0; +http://yandex.com/bots)"
217.86.227.17 - - [25/Jan/2013:06:40:09 +0100] "GET /main.html HTTP/1.1" 200 747 "-" "Mozilla/5.0 (Linux; U; de-de; KFTT Build/IML74K) AppleWebKit/535.19 (KHTML, like Gecko) Silk/2.4 Safari/535.19 Silk-Accelerated=true"
217.86.227.17 - - [25/Jan/2013:06:40:09 +0100] "GET /banner.html HTTP/1.1" 200 980 "http://www.gis-bau.de/main.html" "Mozilla/5.0 (Linux; U; de-de; KFTT Build/IML74K) AppleWebKit/535.19 (KHTML, like Gecko) Silk/2.4 Safari/535.19 Silk-Accelerated=true"
217.86.227.17 - - [25/Jan/2013:06:40:09 +0100] "GET /info.html HTTP/1.1" 200 1015 "http://www.gis-bau.de/main.html" "Mozilla/5.0 (Linux; U; de-de; KFTT Build/IML74K) AppleWebKit/535.19 (KHTML, like Gecko) Silk/2.4 Safari/535.19 Silk-Accelerated=true"
217.86.227.17 - - [25/Jan/2013:06:40:09 +0100] "GET /home.html HTTP/1.1" 200 977 "http://www.gis-bau.de/main.html" "Mozilla/5.0 (Linux; U; de-de; KFTT Build/IML74K) AppleWebKit/535.19 (KHTML, like Gecko) Silk/2.4 Safari/535.19 Silk-Accelerated=true"
217.86.227.17 - - [25/Jan/2013:06:40:09 +0100] "GET /picture/gis-bau.jpg HTTP/1.1" 200 9275 "http://www.gis-bau.de/banner.html" "Mozilla/5.0 (Linux; U; de-de; KFTT Build/IML74K) AppleWebKit/535.19 (KHTML, like Gecko) Silk/2.4 Safari/535.19 Silk-Accelerated=true"
217.86.227.17 - - [25/Jan/2013:06:40:09 +0100] "GET /picture/back.gif HTTP/1.1" 404 1256 "http://www.gis-bau.de/banner.html" "Mozilla/5.0 (Linux; U; de-de; KFTT Build/IML74K) AppleWebKit/535.19 (KHTML, like Gecko) Silk/2.4 Safari/535.19 Silk-Accelerated=true"
217.86.227.17 - - [25/Jan/2013:06:40:09 +0100] "GET /picture/home.gif HTTP/1.1" 200 1107 "http://www.gis-bau.de/info.html" "Mozilla/5.0 (Linux; U; de-de; KFTT Build/IML74K) AppleWebKit/535.19 (KHTML, like Gecko) Silk/2.4 Safari/535.19 Silk-Accelerated=true"
217.86.227.17 - - [25/Jan/2013:06:40:09 +0100] "GET /picture/leistungen.gif HTTP/1.1" 200 1157 "http://www.gis-bau.de/info.html" "Mozilla/5.0 (Linux; U; de-de; KFTT Build/IML74K) AppleWebKit/535.19 (KHTML, like Gecko) Silk/2.4 Safari/535.19 Silk-Accelerated=true"
217.86.227.17 - - [25/Jan/2013:06:40:09 +0100] "GET /picture/referenzen.gif HTTP/1.1" 200 1173 "http://www.gis-bau.de/info.html" "Mozilla/5.0 (Linux; U; de-de; KFTT Build/IML74K) AppleWebKit/535.19 (KHTML, like Gecko) Silk/2.4 Safari/535.19 Silk-Accelerated=true"
217.86.227.17 - - [25/Jan/2013:06:40:09 +0100] "GET /picture/kontakt.gif HTTP/1.1" 200 1128 "http://www.gis-bau.de/info.html" "Mozilla/5.0 (Linux; U; de-de; KFTT Build/IML74K) AppleWebKit/535.19 (KHTML, like Gecko) Silk/2.4 Safari/535.19 Silk-Accelerated=true"
217.86.227.17 - - [25/Jan/2013:06:40:10 +0100] "GET /favicon.ico HTTP/1.1" 404 1256 "-" "Mozilla/5.0 (Linux; U; de-de; KFTT Build/IML74K) AppleWebKit/535.19 (KHTML, like Gecko) Silk/2.4 Safari/535.19 Silk-Accelerated=true"
66.249.78.54 - - [25/Jan/2013:08:54:44 +0100] "GET /robots.txt HTTP/1.1" 404 1256 "-" "Mozilla/5.0 (compatible; Googlebot/2.1; +http://www.google.com/bot.html)"
66.249.78.54 - - [25/Jan/2013:08:54:44 +0100] "GET / HTTP/1.1" 200 1137 "-" "Mozilla/5.0 (compatible; Googlebot/2.1; +http://www.google.com/bot.html)"
66.249.76.54 - - [25/Jan/2013:08:56:56 +0100] "GET /picture/back.gif HTTP/1.1" 404 1256 "-" "Mozilla/5.0 (compatible; Googlebot/2.1; +http://www.google.com/bot.html)"
66.249.76.54 - - [25/Jan/2013:08:56:57 +0100] "GET /picture/gis-bau.jpg HTTP/1.1" 200 9275 "-" "Mozilla/5.0 (compatible; Googlebot/2.1; +http://www.google.com/bot.html)"
141.8.147.1 - - [25/Jan/2013:16:14:11 +0100] "GET /robots.txt HTTP/1.1" 404 1256 "-" "Mozilla/5.0 (compatible; YandexBot/3.0; +http://yandex.com/bots)"
84.190.11.150 - - [25/Jan/2013:20:11:46 +0100] "GET / HTTP/1.1" 304 - "-" "Mozilla/4.0 (compatible; MSIE 6.0; Windows NT 5.1; SV1; .NET CLR 1.1.4322; .NET CLR 2.0.50727; .NET CLR 3.0.4506.2152; .NET CLR 3.5.30729)"
84.190.11.150 - - [25/Jan/2013:20:11:50 +0100] "GET /picture/back.gif HTTP/1.1" 404 1256 "http://www.gis-bau.de/" "Mozilla/4.0 (compatible; MSIE 6.0; Windows NT 5.1; SV1; .NET CLR 1.1.4322; .NET CLR 2.0.50727; .NET CLR 3.0.4506.2152; .NET CLR 3.5.30729)"
84.190.11.150 - - [25/Jan/2013:20:11:50 +0100] "GET /picture/gis-bau.jpg HTTP/1.1" 304 - "http://www.gis-bau.de/" "Mozilla/4.0 (compatible; MSIE 6.0; Windows NT 5.1; SV1; .NET CLR 1.1.4322; .NET CLR 2.0.50727; .NET CLR 3.0.4506.2152; .NET CLR 3.5.30729)"
84.190.11.150 - - [25/Jan/2013:20:22:00 +0100] "GET / HTTP/1.1" 200 1137 "-" "Mozilla/5.0 (Windows NT 5.1; rv:9.0.1) Gecko/20100101 Firefox/9.0.1"
84.190.11.150 - - [25/Jan/2013:20:22:08 +0100] "GET /picture/gis-bau.jpg HTTP/1.1" 200 9275 "http://www.gis-bau.de/" "Mozilla/5.0 (Windows NT 5.1; rv:9.0.1) Gecko/20100101 Firefox/9.0.1"
84.190.11.150 - - [25/Jan/2013:20:22:08 +0100] "GET /picture/back.gif HTTP/1.1" 404 1256 "http://www.gis-bau.de/" "Mozilla/5.0 (Windows NT 5.1; rv:9.0.1) Gecko/20100101 Firefox/9.0.1"
84.190.11.150 - - [25/Jan/2013:20:22:10 +0100] "GET /favicon.ico HTTP/1.1" 404 1256 "-" "Mozilla/5.0 (Windows NT 5.1; rv:9.0.1) Gecko/20100101 Firefox/9.0.1"
141.8.147.1 - - [25/Jan/2013:21:54:44 +0100] "GET /banner.html HTTP/1.1" 200 980 "-" "Mozilla/5.0 (compatible; YandexBot/3.0; +http://yandex.com/bots)"
141.8.147.1 - - [26/Jan/2013:03:32:16 +0100] "GET /home.html HTTP/1.1" 200 977 "-" "Mozilla/5.0 (compatible; YandexBot/3.0; +http://yandex.com/bots)"
141.8.147.1 - - [26/Jan/2013:08:15:40 +0100] "GET /robots.txt HTTP/1.1" 404 1256 "-" "Mozilla/5.0 (compatible; YandexBot/3.0; +http://yandex.com/bots)"
141.8.147.1 - - [26/Jan/2013:10:42:38 +0100] "GET /ud.html HTTP/1.1" 200 685 "-" "Mozilla/5.0 (compatible; YandexBot/3.0; +http://yandex.com/bots)"
141.8.147.1 - - [26/Jan/2013:14:46:22 +0100] "GET /main.html HTTP/1.1" 304 - "-" "Mozilla/5.0 (compatible; YandexBot/3.0; +http://yandex.com/bots)"
141.8.147.1 - - [26/Jan/2013:18:36:32 +0100] "GET /kontakt.html HTTP/1.1" 200 1753 "-" "Mozilla/5.0 (compatible; YandexBot/3.0; +http://yandex.com/bots)"
141.8.147.1 - - [27/Jan/2013:20:34:53 +0100] "GET /robots.txt HTTP/1.1" 404 1256 "-" "Mozilla/5.0 (compatible; YandexBot/3.0; +http://yandex.com/bots)"
141.8.147.1 - - [28/Jan/2013:00:34:31 +0100] "GET /leistung.html HTTP/1.1" 200 1149 "-" "Mozilla/5.0 (compatible; YandexBot/3.0; +http://yandex.com/bots)"
141.8.147.1 - - [28/Jan/2013:05:10:20 +0100] "GET /home.html HTTP/1.1" 200 977 "-" "Mozilla/5.0 (compatible; YandexBot/3.0; +http://yandex.com/bots)"
141.8.147.1 - - [28/Jan/2013:05:28:49 +0100] "GET /kontakt.html HTTP/1.1" 200 1753 "-" "Mozilla/5.0 (compatible; YandexBot/3.0; +http://yandex.com/bots)"
141.8.147.1 - - [28/Jan/2013:08:43:07 +0100] "GET /robots.txt HTTP/1.1" 404 1256 "-" "Mozilla/5.0 (compatible; YandexBot/3.0; +http://yandex.com/bots)"
157.55.35.99 - - [28/Jan/2013:12:55:16 +0100] "GET /robots.txt HTTP/1.1" 404 1256 "-" "Mozilla/5.0 (compatible; bingbot/2.0; +http://www.bing.com/bingbot.htm)"
157.55.35.99 - - [28/Jan/2013:12:57:24 +0100] "GET /leistung.html HTTP/1.1" 200 1149 "-" "Mozilla/5.0 (compatible; bingbot/2.0; +http://www.bing.com/bingbot.htm)"
141.8.147.1 - - [28/Jan/2013:12:58:37 +0100] "GET /ud.html HTTP/1.1" 200 685 "-" "Mozilla/5.0 (compatible; YandexBot/3.0; +http://yandex.com/bots)"
157.56.93.208 - - [29/Jan/2013:00:05:18 +0100] "GET /robots.txt HTTP/1.1" 404 1256 "-" "Mozilla/5.0 (compatible; bingbot/2.0; +http://www.bing.com/bingbot.htm)"
157.56.93.208 - - [29/Jan/2013:00:06:56 +0100] "GET / HTTP/1.1" 304 - "-" "Mozilla/5.0 (compatible; bingbot/2.0; +http://www.bing.com/bingbot.htm)"
141.8.147.1 - - [29/Jan/2013:01:49:32 +0100] "GET /robots.txt HTTP/1.1" 404 1256 "-" "Mozilla/5.0 (compatible; YandexBot/3.0; +http://yandex.com/bots)"
141.8.147.1 - - [29/Jan/2013:01:58:07 +0100] "GET /banner.html HTTP/1.1" 200 980 "-" "Mozilla/5.0 (compatible; YandexBot/3.0; +http://yandex.com/bots)"
37.140.141.34 - - [29/Jan/2013:03:42:45 +0100] "GET /robots.txt HTTP/1.1" 404 1256 "-" "Mozilla/5.0 (compatible; YandexImages/3.0; +http://yandex.com/bots)"
37.140.141.34 - - [29/Jan/2013:10:17:50 +0100] "GET /picture/gis-bau.jpg HTTP/1.1" 200 9275 "-" "Mozilla/5.0 (compatible; YandexImages/3.0; +http://yandex.com/bots)"
194.153.113.7 - - [29/Jan/2013:10:58:19 +0100] "GET / HTTP/1.1" 200 1137 "-" "Mozilla/5.0 (compatible; oBot/2.3.1; +http://filterdb.iss.net/crawler/)"
141.8.147.1 - - [29/Jan/2013:13:50:41 +0100] "GET /robots.txt HTTP/1.1" 404 1256 "-" "Mozilla/5.0 (compatible; YandexBot/3.0; +http://yandex.com/bots)"
141.8.147.1 - - [29/Jan/2013:20:06:56 +0100] "GET / HTTP/1.1" 200 1137 "-" "Mozilla/5.0 (compatible; YandexBot/3.0; +http://yandex.com/bots)"
64.246.165.50 - - [30/Jan/2013:00:20:21 +0100] "GET /robots.txt HTTP/1.0" 404 1256 "-" "Mozilla/5.0 (Windows; U; Windows NT 5.1; en; rv:1.9.0.13) Gecko/2009073022 Firefox/3.5.2 (.NET CLR 3.5.30729) SurveyBot/2.3 (DomainTools)"
64.246.165.50 - - [30/Jan/2013:00:20:21 +0100] "GET / HTTP/1.1" 200 1137 "http://whois.domaintools.com/gis-bau.de" "Mozilla/5.0 (Windows; U; Windows NT 5.1; en; rv:1.9.0.13) Gecko/2009073022 Firefox/3.5.2 (.NET CLR 3.5.30729) SurveyBot/2.3 (DomainTools)"
141.8.147.1 - - [30/Jan/2013:08:51:55 +0100] "GET /robots.txt HTTP/1.1" 404 1256 "-" "Mozilla/5.0 (compatible; YandexBot/3.0; +http://yandex.com/bots)"
66.249.78.54 - - [30/Jan/2013:10:08:45 +0100] "GET /robots.txt HTTP/1.1" 404 1256 "-" "Mozilla/5.0 (compatible; Googlebot/2.1; +http://www.google.com/bot.html)"
66.249.75.54 - - [30/Jan/2013:10:08:46 +0100] "GET /main.html HTTP/1.1" 200 747 "-" "Mozilla/5.0 (compatible; Googlebot/2.1; +http://www.google.com/bot.html)"
66.249.78.54 - - [30/Jan/2013:10:14:47 +0100] "GET /info.html HTTP/1.1" 200 1015 "-" "Mozilla/5.0 (compatible; Googlebot/2.1; +http://www.google.com/bot.html)"
66.249.78.54 - - [30/Jan/2013:10:14:48 +0100] "GET /picture/leistungen.gif HTTP/1.1" 200 1157 "-" "Mozilla/5.0 (compatible; Googlebot/2.1; +http://www.google.com/bot.html)"
66.249.78.54 - - [30/Jan/2013:10:14:49 +0100] "GET /home.html HTTP/1.1" 200 977 "-" "Mozilla/5.0 (compatible; Googlebot/2.1; +http://www.google.com/bot.html)"
66.249.75.54 - - [30/Jan/2013:10:14:49 +0100] "GET /picture/home.gif HTTP/1.1" 200 1107 "-" "Mozilla/5.0 (compatible; Googlebot/2.1; +http://www.google.com/bot.html)"
66.249.78.54 - - [30/Jan/2013:10:14:50 +0100] "GET /picture/referenzen.gif HTTP/1.1" 200 1173 "-" "Mozilla/5.0 (compatible; Googlebot/2.1; +http://www.google.com/bot.html)"
66.249.78.54 - - [30/Jan/2013:10:14:50 +0100] "GET /picture/kontakt.gif HTTP/1.1" 200 1128 "-" "Mozilla/5.0 (compatible; Googlebot/2.1; +http://www.google.com/bot.html)"
66.249.78.54 - - [30/Jan/2013:10:14:51 +0100] "GET /banner.html HTTP/1.1" 200 980 "-" "Mozilla/5.0 (compatible; Googlebot/2.1; +http://www.google.com/bot.html)"
66.249.75.54 - - [30/Jan/2013:13:20:25 +0100] "GET /leistung.html HTTP/1.1" 304 - "-" "Mozilla/5.0 (compatible; Googlebot/2.1; +http://www.google.com/bot.html)"
80.187.111.79 - - [30/Jan/2013:13:51:07 +0100] "GET / HTTP/1.1" 200 1137 "-" "Mozilla/5.0 (Linux; U; Android 3.2; de-de; GT-P7501 Build/HTJ85B) AppleWebKit/534.13 (KHTML, like Gecko) Version/4.0 Safari/534.13"
80.187.111.79 - - [30/Jan/2013:13:51:07 +0100] "GET /picture/back.gif HTTP/1.1" 404 1256 "http://www.gis-bau.de/" "Mozilla/5.0 (Linux; U; Android 3.2; de-de; GT-P7501 Build/HTJ85B) AppleWebKit/534.13 (KHTML, like Gecko) Version/4.0 Safari/534.13"
80.187.111.79 - - [30/Jan/2013:13:51:07 +0100] "GET /picture/gis-bau.jpg HTTP/1.1" 200 9275 "http://www.gis-bau.de/" "Mozilla/5.0 (Linux; U; Android 3.2; de-de; GT-P7501 Build/HTJ85B) AppleWebKit/534.13 (KHTML, like Gecko) Version/4.0 Safari/534.13"
80.187.111.79 - - [30/Jan/2013:13:51:07 +0100] "GET /picture/back.gif HTTP/1.1" 404 1256 "http://www.gis-bau.de/" "Mozilla/5.0 (Linux; U; Android 3.2; de-de; GT-P7501 Build/HTJ85B) AppleWebKit/534.13 (KHTML, like Gecko) Version/4.0 Safari/534.13"
80.187.111.79 - - [30/Jan/2013:13:51:07 +0100] "GET /favicon.ico HTTP/1.1" 404 1256 "http://www.gis-bau.de/" "Mozilla/5.0 (Linux; U; Android 3.2; de-de; GT-P7501 Build/HTJ85B) AppleWebKit/534.13 (KHTML, like Gecko) Version/4.0 Safari/534.13"
80.187.111.79 - - [30/Jan/2013:13:51:22 +0100] "GET /main.html HTTP/1.1" 200 747 "http://www.gis-bau.de/" "Mozilla/5.0 (Linux; U; Android 3.2; de-de; GT-P7501 Build/HTJ85B) AppleWebKit/534.13 (KHTML, like Gecko) Version/4.0 Safari/534.13"
80.187.111.79 - - [30/Jan/2013:13:51:22 +0100] "GET /banner.html HTTP/1.1" 200 980 "http://www.gis-bau.de/main.html" "Mozilla/5.0 (Linux; U; Android 3.2; de-de; GT-P7501 Build/HTJ85B) AppleWebKit/534.13 (KHTML, like Gecko) Version/4.0 Safari/534.13"
80.187.111.79 - - [30/Jan/2013:13:51:22 +0100] "GET /info.html HTTP/1.1" 200 1015 "http://www.gis-bau.de/main.html" "Mozilla/5.0 (Linux; U; Android 3.2; de-de; GT-P7501 Build/HTJ85B) AppleWebKit/534.13 (KHTML, like Gecko) Version/4.0 Safari/534.13"
80.187.111.79 - - [30/Jan/2013:13:51:22 +0100] "GET /home.html HTTP/1.1" 200 977 "http://www.gis-bau.de/main.html" "Mozilla/5.0 (Linux; U; Android 3.2; de-de; GT-P7501 Build/HTJ85B) AppleWebKit/534.13 (KHTML, like Gecko) Version/4.0 Safari/534.13"
80.187.111.79 - - [30/Jan/2013:13:51:22 +0100] "GET /picture/home.gif HTTP/1.1" 200 1107 "http://www.gis-bau.de/info.html" "Mozilla/5.0 (Linux; U; Android 3.2; de-de; GT-P7501 Build/HTJ85B) AppleWebKit/534.13 (KHTML, like Gecko) Version/4.0 Safari/534.13"
80.187.111.79 - - [30/Jan/2013:13:51:22 +0100] "GET /picture/leistungen.gif HTTP/1.1" 200 1157 "http://www.gis-bau.de/info.html" "Mozilla/5.0 (Linux; U; Android 3.2; de-de; GT-P7501 Build/HTJ85B) AppleWebKit/534.13 (KHTML, like Gecko) Version/4.0 Safari/534.13"
80.187.111.79 - - [30/Jan/2013:13:51:22 +0100] "GET /picture/referenzen.gif HTTP/1.1" 200 1173 "http://www.gis-bau.de/info.html" "Mozilla/5.0 (Linux; U; Android 3.2; de-de; GT-P7501 Build/HTJ85B) AppleWebKit/534.13 (KHTML, like Gecko) Version/4.0 Safari/534.13"
80.187.111.79 - - [30/Jan/2013:13:51:22 +0100] "GET /picture/kontakt.gif HTTP/1.1" 200 1128 "http://www.gis-bau.de/info.html" "Mozilla/5.0 (Linux; U; Android 3.2; de-de; GT-P7501 Build/HTJ85B) AppleWebKit/534.13 (KHTML, like Gecko) Version/4.0 Safari/534.13"
84.190.8.171 - - [30/Jan/2013:14:22:38 +0100] "GET / HTTP/1.1" 304 - "-" "Mozilla/4.0 (compatible; MSIE 6.0; Windows NT 5.1; SV1; .NET CLR 1.1.4322; .NET CLR 2.0.50727; .NET CLR 3.0.4506.2152; .NET CLR 3.5.30729)"
84.190.8.171 - - [30/Jan/2013:14:22:42 +0100] "GET /picture/back.gif HTTP/1.1" 404 1256 "http://www.gis-bau.de/" "Mozilla/4.0 (compatible; MSIE 6.0; Windows NT 5.1; SV1; .NET CLR 1.1.4322; .NET CLR 2.0.50727; .NET CLR 3.0.4506.2152; .NET CLR 3.5.30729)"
84.190.8.171 - - [30/Jan/2013:14:22:47 +0100] "GET /picture/gis-bau.jpg HTTP/1.1" 304 - "http://www.gis-bau.de/" "Mozilla/4.0 (compatible; MSIE 6.0; Windows NT 5.1; SV1; .NET CLR 1.1.4322; .NET CLR 2.0.50727; .NET CLR 3.0.4506.2152; .NET CLR 3.5.30729)"
84.190.8.171 - - [30/Jan/2013:14:32:45 +0100] "GET / HTTP/1.1" 200 1137 "-" "Mozilla/5.0 (Windows NT 5.1; rv:9.0.1) Gecko/20100101 Firefox/9.0.1"
84.190.8.171 - - [30/Jan/2013:14:33:07 +0100] "GET /picture/gis-bau.jpg HTTP/1.1" 200 9275 "http://www.gis-bau.de/" "Mozilla/5.0 (Windows NT 5.1; rv:9.0.1) Gecko/20100101 Firefox/9.0.1"
84.190.8.171 - - [30/Jan/2013:14:33:08 +0100] "GET /picture/back.gif HTTP/1.1" 404 1256 "http://www.gis-bau.de/" "Mozilla/5.0 (Windows NT 5.1; rv:9.0.1) Gecko/20100101 Firefox/9.0.1"
