178.154.179.250 - - [01/Dec/2012:00:35:45 +0100] "GET /kontakt.html HTTP/1.1" 304 - "-" "Mozilla/5.0 (compatible; YandexBot/3.0; +http://yandex.com/bots)"
157.55.32.99 - - [01/Dec/2012:02:06:59 +0100] "GET /robots.txt HTTP/1.1" 404 1256 "-" "Mozilla/5.0 (compatible; bingbot/2.0; +http://www.bing.com/bingbot.htm)"
157.55.32.99 - - [01/Dec/2012:02:34:59 +0100] "GET / HTTP/1.1" 304 - "-" "Mozilla/5.0 (compatible; bingbot/2.0; +http://www.bing.com/bingbot.htm)"
37.140.141.34 - - [01/Dec/2012:02:58:17 +0100] "GET /robots.txt HTTP/1.1" 404 1256 "-" "Mozilla/5.0 (compatible; YandexImages/3.0; +http://yandex.com/bots)"
178.154.179.250 - - [01/Dec/2012:10:12:03 +0100] "GET /picture/gis-bau.jpg HTTP/1.1" 200 9275 "-" "Mozilla/5.0 (compatible; YandexBot/3.0; +http://yandex.com/bots)"
37.140.141.34 - - [01/Dec/2012:10:52:25 +0100] "GET /picture/home.gif HTTP/1.1" 200 1107 "-" "Mozilla/5.0 (compatible; YandexImages/3.0; +http://yandex.com/bots)"
37.140.141.34 - - [01/Dec/2012:23:51:40 +0100] "GET /picture/kontakt.gif HTTP/1.1" 200 1128 "-" "Mozilla/5.0 (compatible; YandexImages/3.0; +http://yandex.com/bots)"
178.154.179.250 - - [02/Dec/2012:00:25:47 +0100] "GET /robots.txt HTTP/1.1" 404 1256 "-" "Mozilla/5.0 (compatible; YandexBot/3.0; +http://yandex.com/bots)"
194.153.113.35 - - [02/Dec/2012:02:33:03 +0100] "GET / HTTP/1.1" 200 1137 "-" "Mozilla/5.0 (compatible; oBot/2.3.1; +http://filterdb.iss.net/crawler/)"
178.154.179.250 - - [02/Dec/2012:03:40:45 +0100] "GET /home.html HTTP/1.1" 304 - "-" "Mozilla/5.0 (compatible; YandexBot/3.0; +http://yandex.com/bots)"
37.140.141.34 - - [02/Dec/2012:04:00:04 +0100] "GET /robots.txt HTTP/1.1" 404 1256 "-" "Mozilla/5.0 (compatible; YandexImages/3.0; +http://yandex.com/bots)"
178.154.179.250 - - [02/Dec/2012:07:22:57 +0100] "GET /ud.html HTTP/1.1" 304 - "-" "Mozilla/5.0 (compatible; YandexBot/3.0; +http://yandex.com/bots)"
37.140.141.34 - - [02/Dec/2012:09:05:54 +0100] "GET /picture/home.gif HTTP/1.1" 200 1107 "-" "Mozilla/5.0 (compatible; YandexImages/3.0; +http://yandex.com/bots)"
178.154.179.250 - - [02/Dec/2012:09:08:46 +0100] "GET /main.html HTTP/1.1" 304 - "-" "Mozilla/5.0 (compatible; YandexBot/3.0; +http://yandex.com/bots)"
37.140.141.34 - - [02/Dec/2012:14:49:13 +0100] "GET /picture/referenzen.gif HTTP/1.1" 200 1173 "-" "Mozilla/5.0 (compatible; YandexImages/3.0; +http://yandex.com/bots)"
37.140.141.34 - - [02/Dec/2012:22:54:49 +0100] "GET /picture/gis-bau.jpg HTTP/1.1" 200 9275 "-" "Mozilla/5.0 (compatible; YandexImages/3.0; +http://yandex.com/bots)"
178.154.179.250 - - [03/Dec/2012:00:24:08 +0100] "GET /robots.txt HTTP/1.1" 404 1256 "-" "Mozilla/5.0 (compatible; YandexBot/3.0; +http://yandex.com/bots)"
178.154.179.250 - - [03/Dec/2012:02:01:29 +0100] "GET /banner.html HTTP/1.1" 304 - "-" "Mozilla/5.0 (compatible; YandexBot/3.0; +http://yandex.com/bots)"
178.154.179.250 - - [03/Dec/2012:06:43:38 +0100] "GET /info.html HTTP/1.1" 304 - "-" "Mozilla/5.0 (compatible; YandexBot/3.0; +http://yandex.com/bots)"
178.154.179.250 - - [03/Dec/2012:23:41:40 +0100] "GET /info.html HTTP/1.1" 304 - "-" "Mozilla/5.0 (compatible; YandexBot/3.0; +http://yandex.com/bots)"
178.154.179.250 - - [04/Dec/2012:04:27:39 +0100] "GET /robots.txt HTTP/1.1" 404 1256 "-" "Mozilla/5.0 (compatible; YandexBot/3.0; +http://yandex.com/bots)"
178.154.179.250 - - [04/Dec/2012:11:25:46 +0100] "GET /kontakt.html HTTP/1.1" 304 - "-" "Mozilla/5.0 (compatible; YandexBot/3.0; +http://yandex.com/bots)"
66.249.73.20 - - [05/Dec/2012:03:23:53 +0100] "GET /robots.txt HTTP/1.1" 404 1256 "-" "Mozilla/5.0 (compatible; Googlebot/2.1; +http://www.google.com/bot.html)"
66.249.73.20 - - [05/Dec/2012:03:23:53 +0100] "GET /kontakt.html HTTP/1.1" 200 1753 "-" "Mozilla/5.0 (compatible; Googlebot/2.1; +http://www.google.com/bot.html)"
66.249.73.20 - - [05/Dec/2012:03:54:58 +0100] "GET /leistung.html HTTP/1.1" 200 1149 "-" "Mozilla/5.0 (compatible; Googlebot/2.1; +http://www.google.com/bot.html)"
178.154.179.250 - - [05/Dec/2012:05:51:05 +0100] "GET /robots.txt HTTP/1.1" 404 1256 "-" "Mozilla/5.0 (compatible; YandexBot/3.0; +http://yandex.com/bots)"
178.154.179.250 - - [05/Dec/2012:08:25:04 +0100] "GET /home.html HTTP/1.1" 304 - "-" "Mozilla/5.0 (compatible; YandexBot/3.0; +http://yandex.com/bots)"
178.154.179.250 - - [05/Dec/2012:10:17:55 +0100] "GET /ud.html HTTP/1.1" 304 - "-" "Mozilla/5.0 (compatible; YandexBot/3.0; +http://yandex.com/bots)"
178.154.179.250 - - [05/Dec/2012:17:11:48 +0100] "GET /main.html HTTP/1.1" 304 - "-" "Mozilla/5.0 (compatible; YandexBot/3.0; +http://yandex.com/bots)"
65.55.211.188 - - [05/Dec/2012:17:16:11 +0100] "GET /robots.txt HTTP/1.1" 404 1256 "-" "msnbot-media/1.1 (+http://search.msn.com/msnbot.htm)"
65.55.211.188 - - [05/Dec/2012:17:16:12 +0100] "GET /picture/baupics/image1.jpg HTTP/1.1" 200 32752 "-" "msnbot-media/1.1 (+http://search.msn.com/msnbot.htm)"
23.20.170.90 - - [06/Dec/2012:05:36:44 +0100] "GET / HTTP/1.0" 200 1137 "-" "Mozilla/5.0 (compatible; NetcraftSurveyAgent/1.0; +info@netcraft.com)"
178.154.179.250 - - [06/Dec/2012:14:44:09 +0100] "GET /robots.txt HTTP/1.1" 404 1256 "-" "Mozilla/5.0 (compatible; YandexBot/3.0; +http://yandex.com/bots)"
66.249.76.54 - - [06/Dec/2012:15:21:02 +0100] "GET /robots.txt HTTP/1.1" 404 1256 "-" "Mozilla/5.0 (compatible; Googlebot/2.1; +http://www.google.com/bot.html)"
66.249.76.54 - - [06/Dec/2012:15:21:02 +0100] "GET /leistung.html HTTP/1.1" 200 1149 "-" "Mozilla/5.0 (compatible; Googlebot/2.1; +http://www.google.com/bot.html)"
66.249.76.54 - - [06/Dec/2012:20:22:19 +0100] "GET / HTTP/1.1" 200 1137 "-" "Mozilla/5.0 (compatible; Googlebot/2.1; +http://www.google.com/bot.html)"
178.154.179.250 - - [06/Dec/2012:20:37:31 +0100] "GET /robots.txt HTTP/1.1" 404 1256 "-" "Mozilla/5.0 (compatible; YandexBot/3.0; +http://yandex.com/bots)"
178.154.179.250 - - [07/Dec/2012:00:45:31 +0100] "GET /ud.html HTTP/1.1" 304 - "-" "Mozilla/5.0 (compatible; YandexBot/3.0; +http://yandex.com/bots)"
66.249.76.54 - - [07/Dec/2012:02:32:02 +0100] "GET /main.html HTTP/1.1" 304 - "-" "Mozilla/5.0 (compatible; Googlebot/2.1; +http://www.google.com/bot.html)"
178.154.179.250 - - [07/Dec/2012:03:23:13 +0100] "GET /info.html HTTP/1.1" 304 - "-" "Mozilla/5.0 (compatible; YandexBot/3.0; +http://yandex.com/bots)"
66.249.73.20 - - [07/Dec/2012:13:13:38 +0100] "GET /robots.txt HTTP/1.1" 404 1256 "-" "Mozilla/5.0 (compatible; Googlebot/2.1; +http://www.google.com/bot.html)"
66.249.73.20 - - [07/Dec/2012:13:13:38 +0100] "GET /home.html HTTP/1.1" 304 - "-" "Mozilla/5.0 (compatible; Googlebot/2.1; +http://www.google.com/bot.html)"
66.249.73.20 - - [07/Dec/2012:13:25:21 +0100] "GET /kontakt.html HTTP/1.1" 304 - "-" "Mozilla/5.0 (compatible; Googlebot/2.1; +http://www.google.com/bot.html)"
178.154.179.250 - - [07/Dec/2012:21:24:14 +0100] "GET /robots.txt HTTP/1.1" 404 1256 "-" "Mozilla/5.0 (compatible; YandexBot/3.0; +http://yandex.com/bots)"
178.154.179.250 - - [08/Dec/2012:00:18:14 +0100] "GET / HTTP/1.1" 200 1137 "-" "Mozilla/5.0 (compatible; YandexBot/3.0; +http://yandex.com/bots)"
66.249.73.20 - - [08/Dec/2012:12:09:12 +0100] "GET /robots.txt HTTP/1.1" 404 1256 "-" "Mozilla/5.0 (compatible; Googlebot/2.1; +http://www.google.com/bot.html)"
66.249.73.20 - - [08/Dec/2012:12:09:12 +0100] "GET /leistung.html HTTP/1.1" 200 1149 "-" "Mozilla/5.0 (compatible; Googlebot/2.1; +http://www.google.com/bot.html)"
64.246.178.34 - - [08/Dec/2012:15:52:09 +0100] "GET /robots.txt HTTP/1.0" 404 1256 "-" "Mozilla/5.0 (Windows; U; Windows NT 5.1; en; rv:1.9.0.13) Gecko/2009073022 Firefox/3.5.2 (.NET CLR 3.5.30729) SurveyBot/2.3 (DomainTools)"
64.246.178.34 - - [08/Dec/2012:15:52:09 +0100] "GET / HTTP/1.1" 200 1137 "http://whois.domaintools.com/gis-bau.de" "Mozilla/5.0 (Windows; U; Windows NT 5.1; en; rv:1.9.0.13) Gecko/2009073022 Firefox/3.5.2 (.NET CLR 3.5.30729) SurveyBot/2.3 (DomainTools)"
84.190.6.179 - - [09/Dec/2012:21:35:46 +0100] "GET / HTTP/1.1" 304 - "-" "Mozilla/4.0 (compatible; MSIE 6.0; Windows NT 5.1; SV1; .NET CLR 1.1.4322; .NET CLR 2.0.50727; .NET CLR 3.0.4506.2152; .NET CLR 3.5.30729)"
84.190.6.179 - - [09/Dec/2012:21:36:10 +0100] "GET /picture/back.gif HTTP/1.1" 404 1256 "http://www.gis-bau.de/" "Mozilla/4.0 (compatible; MSIE 6.0; Windows NT 5.1; SV1; .NET CLR 1.1.4322; .NET CLR 2.0.50727; .NET CLR 3.0.4506.2152; .NET CLR 3.5.30729)"
84.190.6.179 - - [09/Dec/2012:21:36:10 +0100] "GET /picture/gis-bau.jpg HTTP/1.1" 304 - "http://www.gis-bau.de/" "Mozilla/4.0 (compatible; MSIE 6.0; Windows NT 5.1; SV1; .NET CLR 1.1.4322; .NET CLR 2.0.50727; .NET CLR 3.0.4506.2152; .NET CLR 3.5.30729)"
157.55.32.96 - - [09/Dec/2012:22:45:55 +0100] "GET /robots.txt HTTP/1.1" 404 1256 "-" "Mozilla/5.0 (compatible; bingbot/2.0; +http://www.bing.com/bingbot.htm)"
157.55.32.96 - - [09/Dec/2012:22:47:38 +0100] "GET /info.html HTTP/1.1" 304 - "-" "Mozilla/5.0 (compatible; bingbot/2.0; +http://www.bing.com/bingbot.htm)"
157.55.33.80 - - [10/Dec/2012:14:38:52 +0100] "GET /robots.txt HTTP/1.1" 404 1256 "-" "Mozilla/5.0 (compatible; bingbot/2.0; +http://www.bing.com/bingbot.htm)"
157.55.33.80 - - [10/Dec/2012:14:40:45 +0100] "GET /banner.html HTTP/1.1" 200 980 "-" "Mozilla/5.0 (compatible; bingbot/2.0; +http://www.bing.com/bingbot.htm)"
178.154.179.250 - - [10/Dec/2012:17:59:49 +0100] "GET /robots.txt HTTP/1.1" 404 1256 "-" "Mozilla/5.0 (compatible; YandexBot/3.0; +http://yandex.com/bots)"
178.154.179.250 - - [10/Dec/2012:19:01:17 +0100] "GET /info.html HTTP/1.1" 304 - "-" "Mozilla/5.0 (compatible; YandexBot/3.0; +http://yandex.com/bots)"
178.154.179.250 - - [11/Dec/2012:10:19:52 +0100] "GET / HTTP/1.1" 200 1137 "-" "Mozilla/5.0 (compatible; YandexBot/3.0; +http://yandex.com/bots)"
37.140.141.34 - - [11/Dec/2012:14:55:22 +0100] "GET /robots.txt HTTP/1.1" 404 1256 "-" "Mozilla/5.0 (compatible; YandexImages/3.0; +http://yandex.com/bots)"
178.154.179.250 - - [11/Dec/2012:16:37:21 +0100] "GET /info.html HTTP/1.1" 304 - "-" "Mozilla/5.0 (compatible; YandexBot/3.0; +http://yandex.com/bots)"
37.140.141.34 - - [11/Dec/2012:18:44:12 +0100] "GET /picture/gis-bau.jpg HTTP/1.1" 200 9275 "-" "Mozilla/5.0 (compatible; YandexImages/3.0; +http://yandex.com/bots)"
178.154.179.250 - - [11/Dec/2012:19:45:39 +0100] "GET /robots.txt HTTP/1.1" 404 1256 "-" "Mozilla/5.0 (compatible; YandexBot/3.0; +http://yandex.com/bots)"
37.140.141.34 - - [11/Dec/2012:23:13:46 +0100] "GET /picture/under.gif HTTP/1.1" 200 5595 "-" "Mozilla/5.0 (compatible; YandexImages/3.0; +http://yandex.com/bots)"
178.154.179.250 - - [12/Dec/2012:01:41:02 +0100] "GET /info.html HTTP/1.1" 304 - "-" "Mozilla/5.0 (compatible; YandexBot/3.0; +http://yandex.com/bots)"
37.140.141.34 - - [12/Dec/2012:03:40:27 +0100] "GET /picture/leistungen.gif HTTP/1.1" 200 1157 "-" "Mozilla/5.0 (compatible; YandexImages/3.0; +http://yandex.com/bots)"
37.140.141.34 - - [12/Dec/2012:09:30:22 +0100] "GET /picture/referenzen.gif HTTP/1.1" 200 1173 "-" "Mozilla/5.0 (compatible; YandexImages/3.0; +http://yandex.com/bots)"
157.55.33.80 - - [12/Dec/2012:14:15:51 +0100] "GET /robots.txt HTTP/1.1" 404 1256 "-" "Mozilla/5.0 (compatible; bingbot/2.0; +http://www.bing.com/bingbot.htm)"
157.55.33.80 - - [12/Dec/2012:14:18:09 +0100] "GET /leistung.html HTTP/1.1" 200 1149 "-" "Mozilla/5.0 (compatible; bingbot/2.0; +http://www.bing.com/bingbot.htm)"
37.140.141.34 - - [12/Dec/2012:15:29:49 +0100] "GET /robots.txt HTTP/1.1" 404 1256 "-" "Mozilla/5.0 (compatible; YandexImages/3.0; +http://yandex.com/bots)"
37.140.141.34 - - [12/Dec/2012:23:58:58 +0100] "GET /picture/home.gif HTTP/1.1" 200 1107 "-" "Mozilla/5.0 (compatible; YandexImages/3.0; +http://yandex.com/bots)"
65.55.212.173 - - [13/Dec/2012:03:39:27 +0100] "GET /robots.txt HTTP/1.1" 404 1256 "-" "msnbot-media/1.1 (+http://search.msn.com/msnbot.htm)"
65.55.212.173 - - [13/Dec/2012:03:39:27 +0100] "GET /picture/baupics/image2.jpg HTTP/1.1" 200 40346 "-" "msnbot-media/1.1 (+http://search.msn.com/msnbot.htm)"
178.154.179.250 - - [13/Dec/2012:17:12:14 +0100] "GET /robots.txt HTTP/1.1" 404 1256 "-" "Mozilla/5.0 (compatible; YandexBot/3.0; +http://yandex.com/bots)"
178.154.179.250 - - [13/Dec/2012:22:38:19 +0100] "GET /main.html HTTP/1.1" 304 - "-" "Mozilla/5.0 (compatible; YandexBot/3.0; +http://yandex.com/bots)"
178.154.179.250 - - [13/Dec/2012:23:07:06 +0100] "GET /banner.html HTTP/1.1" 304 - "-" "Mozilla/5.0 (compatible; YandexBot/3.0; +http://yandex.com/bots)"
37.140.141.34 - - [14/Dec/2012:02:02:06 +0100] "GET /robots.txt HTTP/1.1" 404 1256 "-" "Mozilla/5.0 (compatible; YandexImages/3.0; +http://yandex.com/bots)"
157.55.34.180 - - [14/Dec/2012:03:09:07 +0100] "GET /robots.txt HTTP/1.1" 404 1256 "-" "Mozilla/5.0 (compatible; bingbot/2.0; +http://www.bing.com/bingbot.htm)"
157.55.34.180 - - [14/Dec/2012:03:10:50 +0100] "GET /home.html HTTP/1.1" 200 977 "-" "Mozilla/5.0 (compatible; bingbot/2.0; +http://www.bing.com/bingbot.htm)"
37.140.141.34 - - [14/Dec/2012:05:37:26 +0100] "GET /picture/under.gif HTTP/1.1" 200 5595 "-" "Mozilla/5.0 (compatible; YandexImages/3.0; +http://yandex.com/bots)"
37.140.141.34 - - [14/Dec/2012:08:57:40 +0100] "GET /picture/gis-bau.jpg HTTP/1.1" 200 9275 "-" "Mozilla/5.0 (compatible; YandexImages/3.0; +http://yandex.com/bots)"
37.140.141.34 - - [14/Dec/2012:13:16:00 +0100] "GET /picture/leistungen.gif HTTP/1.1" 200 1157 "-" "Mozilla/5.0 (compatible; YandexImages/3.0; +http://yandex.com/bots)"
37.140.141.34 - - [14/Dec/2012:18:35:40 +0100] "GET /picture/referenzen.gif HTTP/1.1" 200 1173 "-" "Mozilla/5.0 (compatible; YandexImages/3.0; +http://yandex.com/bots)"
37.140.141.34 - - [15/Dec/2012:02:30:58 +0100] "GET /robots.txt HTTP/1.1" 404 1256 "-" "Mozilla/5.0 (compatible; YandexImages/3.0; +http://yandex.com/bots)"
37.140.141.34 - - [15/Dec/2012:07:32:56 +0100] "GET /picture/home.gif HTTP/1.1" 200 1107 "-" "Mozilla/5.0 (compatible; YandexImages/3.0; +http://yandex.com/bots)"
37.140.141.34 - - [15/Dec/2012:11:33:39 +0100] "GET /picture/kontakt.gif HTTP/1.1" 200 1128 "-" "Mozilla/5.0 (compatible; YandexImages/3.0; +http://yandex.com/bots)"
194.153.113.35 - - [16/Dec/2012:04:26:20 +0100] "GET / HTTP/1.1" 200 1137 "-" "Mozilla/5.0 (compatible; oBot/2.3.1; +http://filterdb.iss.net/crawler/)"
157.55.32.106 - - [17/Dec/2012:11:39:58 +0100] "GET /robots.txt HTTP/1.1" 404 1256 "-" "Mozilla/5.0 (compatible; bingbot/2.0; +http://www.bing.com/bingbot.htm)"
157.55.32.106 - - [17/Dec/2012:11:41:42 +0100] "GET /ud.html HTTP/1.1" 200 685 "-" "Mozilla/5.0 (compatible; bingbot/2.0; +http://www.bing.com/bingbot.htm)"
157.55.32.107 - - [19/Dec/2012:06:13:28 +0100] "GET /robots.txt HTTP/1.1" 404 1256 "-" "Mozilla/5.0 (compatible; bingbot/2.0; +http://www.bing.com/bingbot.htm)"
157.55.32.107 - - [19/Dec/2012:06:15:12 +0100] "GET / HTTP/1.1" 304 - "-" "Mozilla/5.0 (compatible; bingbot/2.0; +http://www.bing.com/bingbot.htm)"
65.55.52.94 - - [20/Dec/2012:10:30:38 +0100] "GET /robots.txt HTTP/1.1" 404 1256 "-" "Mozilla/5.0 (compatible; bingbot/2.0; +http://www.bing.com/bingbot.htm)"
65.55.52.94 - - [20/Dec/2012:10:32:10 +0100] "GET /main.html HTTP/1.1" 200 747 "-" "Mozilla/5.0 (compatible; bingbot/2.0; +http://www.bing.com/bingbot.htm)"
157.55.32.107 - - [20/Dec/2012:10:34:00 +0100] "GET /home.html HTTP/1.1" 200 977 "-" "Mozilla/5.0 (compatible; bingbot/2.0; +http://www.bing.com/bingbot.htm)"
157.55.32.107 - - [20/Dec/2012:10:34:00 +0100] "GET /home.html HTTP/1.1" 200 977 "-" "Mozilla/5.0 (compatible; bingbot/2.0; +http://www.bing.com/bingbot.htm)"
141.8.147.1 - - [20/Dec/2012:16:17:44 +0100] "GET /robots.txt HTTP/1.1" 404 1256 "-" "Mozilla/5.0 (compatible; YandexBot/3.0; +http://yandex.com/bots)"
141.8.147.1 - - [20/Dec/2012:20:17:00 +0100] "GET /kontakt.html HTTP/1.1" 304 - "-" "Mozilla/5.0 (compatible; YandexBot/3.0; +http://yandex.com/bots)"
66.249.78.54 - - [20/Dec/2012:22:49:59 +0100] "GET /robots.txt HTTP/1.1" 404 1256 "-" "Mozilla/5.0 (compatible; Googlebot/2.1; +http://www.google.com/bot.html)"
66.249.76.54 - - [20/Dec/2012:22:49:59 +0100] "GET / HTTP/1.1" 200 1137 "-" "Mozilla/5.0 (compatible; Googlebot/2.1; +http://www.google.com/bot.html)"
141.8.147.1 - - [20/Dec/2012:23:40:25 +0100] "GET /home.html HTTP/1.1" 304 - "-" "Mozilla/5.0 (compatible; YandexBot/3.0; +http://yandex.com/bots)"
141.8.147.1 - - [21/Dec/2012:02:17:58 +0100] "GET /main.html HTTP/1.1" 304 - "-" "Mozilla/5.0 (compatible; YandexBot/3.0; +http://yandex.com/bots)"
141.8.147.1 - - [21/Dec/2012:04:52:45 +0100] "GET /ud.html HTTP/1.1" 304 - "-" "Mozilla/5.0 (compatible; YandexBot/3.0; +http://yandex.com/bots)"
141.8.147.1 - - [21/Dec/2012:07:11:08 +0100] "GET /banner.html HTTP/1.1" 304 - "-" "Mozilla/5.0 (compatible; YandexBot/3.0; +http://yandex.com/bots)"
141.8.147.1 - - [21/Dec/2012:18:20:16 +0100] "GET /robots.txt HTTP/1.1" 404 1256 "-" "Mozilla/5.0 (compatible; YandexBot/3.0; +http://yandex.com/bots)"
141.8.147.1 - - [21/Dec/2012:18:33:25 +0100] "GET /info.html HTTP/1.1" 304 - "-" "Mozilla/5.0 (compatible; YandexBot/3.0; +http://yandex.com/bots)"
95.108.151.244 - - [22/Dec/2012:09:05:18 +0100] "GET /robots.txt HTTP/1.1" 404 1256 "-" "Mozilla/5.0 (compatible; YandexBot/3.0; +http://yandex.com/bots)"
95.108.151.244 - - [22/Dec/2012:09:05:19 +0100] "GET / HTTP/1.1" 200 1137 "-" "Mozilla/5.0 (compatible; YandexBot/3.0; +http://yandex.com/bots)"
95.108.151.244 - - [22/Dec/2012:09:05:20 +0100] "GET / HTTP/1.1" 200 1137 "-" "Mozilla/5.0 (compatible; YandexBot/3.0; +http://yandex.com/bots)"
65.55.212.201 - - [23/Dec/2012:02:18:23 +0100] "GET /robots.txt HTTP/1.1" 404 1256 "-" "msnbot-media/1.1 (+http://search.msn.com/msnbot.htm)"
65.55.212.201 - - [23/Dec/2012:02:18:23 +0100] "GET /picture/baupics/image2.jpg HTTP/1.1" 200 40346 "-" "msnbot-media/1.1 (+http://search.msn.com/msnbot.htm)"
66.249.76.54 - - [24/Dec/2012:20:17:25 +0100] "GET /robots.txt HTTP/1.1" 404 1256 "-" "Mozilla/5.0 (compatible; Googlebot/2.1; +http://www.google.com/bot.html)"
66.249.78.54 - - [24/Dec/2012:20:17:25 +0100] "GET /main.html HTTP/1.1" 304 - "-" "Mozilla/5.0 (compatible; Googlebot/2.1; +http://www.google.com/bot.html)"
66.249.78.54 - - [25/Dec/2012:01:05:01 +0100] "GET /robots.txt HTTP/1.1" 404 1256 "-" "Mozilla/5.0 (compatible; Googlebot/2.1; +http://www.google.com/bot.html)"
66.249.78.54 - - [25/Dec/2012:01:05:01 +0100] "GET /home.html HTTP/1.1" 304 - "-" "Mozilla/5.0 (compatible; Googlebot/2.1; +http://www.google.com/bot.html)"
64.246.165.180 - - [25/Dec/2012:12:23:48 +0100] "GET /robots.txt HTTP/1.0" 404 1256 "-" "Mozilla/5.0 (Windows; U; Windows NT 5.1; en; rv:1.9.0.13) Gecko/2009073022 Firefox/3.5.2 (.NET CLR 3.5.30729) SurveyBot/2.3 (DomainTools)"
64.246.165.180 - - [25/Dec/2012:12:23:49 +0100] "GET / HTTP/1.1" 200 1137 "http://whois.domaintools.com/gis-bau.de" "Mozilla/5.0 (Windows; U; Windows NT 5.1; en; rv:1.9.0.13) Gecko/2009073022 Firefox/3.5.2 (.NET CLR 3.5.30729) SurveyBot/2.3 (DomainTools)"
157.55.32.107 - - [25/Dec/2012:14:20:52 +0100] "GET /robots.txt HTTP/1.1" 404 1256 "-" "Mozilla/5.0 (compatible; bingbot/2.0; +http://www.bing.com/bingbot.htm)"
157.55.32.107 - - [25/Dec/2012:14:22:29 +0100] "GET /kontakt.html HTTP/1.1" 304 - "-" "Mozilla/5.0 (compatible; bingbot/2.0; +http://www.bing.com/bingbot.htm)"
141.8.147.1 - - [25/Dec/2012:20:16:38 +0100] "GET /robots.txt HTTP/1.1" 404 1256 "-" "Mozilla/5.0 (compatible; YandexBot/3.0; +http://yandex.com/bots)"
141.8.147.1 - - [26/Dec/2012:01:24:53 +0100] "GET /info.html HTTP/1.1" 304 - "-" "Mozilla/5.0 (compatible; YandexBot/3.0; +http://yandex.com/bots)"
141.8.147.1 - - [26/Dec/2012:06:57:27 +0100] "GET /info.html HTTP/1.1" 304 - "-" "Mozilla/5.0 (compatible; YandexBot/3.0; +http://yandex.com/bots)"
141.8.147.1 - - [27/Dec/2012:03:50:46 +0100] "GET /robots.txt HTTP/1.1" 404 1256 "-" "Mozilla/5.0 (compatible; YandexBot/3.0; +http://yandex.com/bots)"
141.8.147.1 - - [27/Dec/2012:07:46:45 +0100] "GET /home.html HTTP/1.1" 304 - "-" "Mozilla/5.0 (compatible; YandexBot/3.0; +http://yandex.com/bots)"
141.8.147.1 - - [27/Dec/2012:09:39:59 +0100] "GET /leistung.html HTTP/1.1" 200 1149 "-" "Mozilla/5.0 (compatible; YandexBot/3.0; +http://yandex.com/bots)"
66.249.78.54 - - [27/Dec/2012:13:27:12 +0100] "GET /robots.txt HTTP/1.1" 404 1256 "-" "Mozilla/5.0 (compatible; Googlebot/2.1; +http://www.google.com/bot.html)"
66.249.75.54 - - [27/Dec/2012:13:27:13 +0100] "GET /kontakt.html HTTP/1.1" 304 - "-" "Mozilla/5.0 (compatible; Googlebot/2.1; +http://www.google.com/bot.html)"
141.8.147.1 - - [27/Dec/2012:16:15:00 +0100] "GET /robots.txt HTTP/1.1" 404 1256 "-" "Mozilla/5.0 (compatible; YandexBot/3.0; +http://yandex.com/bots)"
66.249.78.54 - - [27/Dec/2012:17:25:28 +0100] "GET /leistung.html HTTP/1.1" 304 - "-" "Mozilla/5.0 (compatible; Googlebot/2.1; +http://www.google.com/bot.html)"
141.8.147.1 - - [27/Dec/2012:20:15:03 +0100] "GET /main.html HTTP/1.1" 304 - "-" "Mozilla/5.0 (compatible; YandexBot/3.0; +http://yandex.com/bots)"
141.8.147.1 - - [27/Dec/2012:20:44:21 +0100] "GET /kontakt.html HTTP/1.1" 304 - "-" "Mozilla/5.0 (compatible; YandexBot/3.0; +http://yandex.com/bots)"
131.253.40.40 - - [28/Dec/2012:09:05:22 +0100] "GET /robots.txt HTTP/1.1" 404 1256 "-" "msnbot-media/1.1 (+http://search.msn.com/msnbot.htm)"
131.253.40.40 - - [28/Dec/2012:09:05:22 +0100] "GET /picture/under.gif HTTP/1.1" 200 5595 "-" "msnbot-media/1.1 (+http://search.msn.com/msnbot.htm)"
141.8.147.1 - - [28/Dec/2012:10:55:42 +0100] "GET /robots.txt HTTP/1.1" 404 1256 "-" "Mozilla/5.0 (compatible; YandexBot/3.0; +http://yandex.com/bots)"
141.8.147.1 - - [28/Dec/2012:19:32:28 +0100] "GET /banner.html HTTP/1.1" 304 - "-" "Mozilla/5.0 (compatible; YandexBot/3.0; +http://yandex.com/bots)"
80.86.88.174 - - [28/Dec/2012:20:17:04 +0100] "GET / HTTP/1.1" 200 1137 "-" "Mozilla/4.0 (compatible; MSIE 6.0; Windows 98; Win 9x4.90)"
141.8.147.1 - - [29/Dec/2012:11:33:29 +0100] "GET /robots.txt HTTP/1.1" 404 1256 "-" "Mozilla/5.0 (compatible; YandexBot/3.0; +http://yandex.com/bots)"
65.52.109.37 - - [29/Dec/2012:11:44:33 +0100] "GET /robots.txt HTTP/1.1" 404 1256 "-" "msnbot-media/1.1 (+http://search.msn.com/msnbot.htm)"
65.52.109.37 - - [29/Dec/2012:11:44:33 +0100] "GET /picture/referenzen.gif HTTP/1.1" 200 1173 "-" "msnbot-media/1.1 (+http://search.msn.com/msnbot.htm)"
141.8.147.1 - - [29/Dec/2012:20:40:33 +0100] "GET /kontakt.html HTTP/1.1" 304 - "-" "Mozilla/5.0 (compatible; YandexBot/3.0; +http://yandex.com/bots)"
65.55.215.58 - - [29/Dec/2012:21:41:42 +0100] "GET /robots.txt HTTP/1.1" 404 1256 "-" "msnbot-media/1.1 (+http://search.msn.com/msnbot.htm)"
65.55.215.58 - - [29/Dec/2012:21:41:43 +0100] "GET /picture/leistungen.gif HTTP/1.1" 200 1157 "-" "msnbot-media/1.1 (+http://search.msn.com/msnbot.htm)"
141.8.147.1 - - [30/Dec/2012:00:00:32 +0100] "GET /robots.txt HTTP/1.1" 404 1256 "-" "Mozilla/5.0 (compatible; YandexBot/3.0; +http://yandex.com/bots)"
157.55.33.31 - - [30/Dec/2012:01:30:56 +0100] "GET /robots.txt HTTP/1.1" 404 1256 "-" "Mozilla/5.0 (compatible; bingbot/2.0; +http://www.bing.com/bingbot.htm)"
157.55.33.31 - - [30/Dec/2012:01:32:47 +0100] "GET /info.html HTTP/1.1" 200 1015 "-" "Mozilla/5.0 (compatible; bingbot/2.0; +http://www.bing.com/bingbot.htm)"
141.8.147.1 - - [30/Dec/2012:08:01:47 +0100] "GET /home.html HTTP/1.1" 304 - "-" "Mozilla/5.0 (compatible; YandexBot/3.0; +http://yandex.com/bots)"
66.249.78.54 - - [30/Dec/2012:18:05:44 +0100] "GET /robots.txt HTTP/1.1" 404 1256 "-" "Mozilla/5.0 (compatible; Googlebot/2.1; +http://www.google.com/bot.html)"
66.249.78.54 - - [30/Dec/2012:18:05:45 +0100] "GET / HTTP/1.1" 200 1137 "-" "Mozilla/5.0 (compatible; Googlebot/2.1; +http://www.google.com/bot.html)"
141.8.147.1 - - [30/Dec/2012:18:41:04 +0100] "GET /robots.txt HTTP/1.1" 404 1256 "-" "Mozilla/5.0 (compatible; YandexBot/3.0; +http://yandex.com/bots)"
141.8.147.1 - - [30/Dec/2012:21:34:51 +0100] "GET /info.html HTTP/1.1" 304 - "-" "Mozilla/5.0 (compatible; YandexBot/3.0; +http://yandex.com/bots)"
141.8.147.1 - - [31/Dec/2012:06:05:28 +0100] "GET /info.html HTTP/1.1" 304 - "-" "Mozilla/5.0 (compatible; YandexBot/3.0; +http://yandex.com/bots)"
206.253.226.23 - - [31/Dec/2012:06:22:38 +0100] "GET / HTTP/1.1" 200 1137 "-" "Mozilla/5.0 (compatible; oBot/2.3.1; +http://filterdb.iss.net/crawler/)"
141.8.147.1 - - [31/Dec/2012:13:20:24 +0100] "GET /robots.txt HTTP/1.1" 404 1256 "-" "Mozilla/5.0 (compatible; YandexBot/3.0; +http://yandex.com/bots)"
84.190.5.48 - - [31/Dec/2012:21:37:13 +0100] "GET / HTTP/1.1" 304 - "-" "Mozilla/5.0 (Windows NT 5.1; rv:15.0) Gecko/20100101 Firefox/15.0.1"
141.8.147.1 - - [31/Dec/2012:21:58:01 +0100] "GET /kontakt.html HTTP/1.1" 304 - "-" "Mozilla/5.0 (compatible; YandexBot/3.0; +http://yandex.com/bots)"