65.55.55.231 - - [01/Nov/2012:08:18:42 +0100] "GET /robots.txt HTTP/1.1" 404 1256 "-" "Mozilla/5.0 (compatible; bingbot/2.0; +http://www.bing.com/bingbot.htm)"
65.55.55.231 - - [01/Nov/2012:08:19:36 +0100] "GET /info.html HTTP/1.1" 200 1015 "-" "Mozilla/5.0 (compatible; bingbot/2.0; +http://www.bing.com/bingbot.htm)"
207.46.199.168 - - [01/Nov/2012:13:20:27 +0100] "GET /robots.txt HTTP/1.1" 404 1256 "-" "msnbot-media/1.1 (+http://search.msn.com/msnbot.htm)"
207.46.199.168 - - [01/Nov/2012:13:20:27 +0100] "GET /picture/gis-bau.jpg HTTP/1.1" 200 9275 "-" "msnbot-media/1.1 (+http://search.msn.com/msnbot.htm)"
95.108.151.244 - - [01/Nov/2012:22:39:33 +0100] "GET /robots.txt HTTP/1.1" 404 1256 "-" "Mozilla/5.0 (compatible; YandexBot/3.0; +http://yandex.com/bots)"
95.108.151.244 - - [01/Nov/2012:22:39:34 +0100] "GET / HTTP/1.1" 200 1137 "-" "Mozilla/5.0 (compatible; YandexBot/3.0; +http://yandex.com/bots)"
95.108.151.244 - - [01/Nov/2012:22:39:35 +0100] "GET / HTTP/1.1" 200 1137 "-" "Mozilla/5.0 (compatible; YandexBot/3.0; +http://yandex.com/bots)"
157.55.32.152 - - [02/Nov/2012:12:42:45 +0100] "GET /robots.txt HTTP/1.1" 404 1256 "-" "Mozilla/5.0 (compatible; bingbot/2.0; +http://www.bing.com/bingbot.htm)"
157.55.32.152 - - [02/Nov/2012:12:45:28 +0100] "GET /banner.html HTTP/1.1" 304 - "-" "Mozilla/5.0 (compatible; bingbot/2.0; +http://www.bing.com/bingbot.htm)"
65.55.210.255 - - [02/Nov/2012:12:45:30 +0100] "GET /banner.html HTTP/1.1" 200 980 "-" "Mozilla/5.0 (Windows NT 6.1; WOW64) AppleWebKit/534+ (KHTML, like Gecko) BingPreview/1.0b"
178.154.179.250 - - [02/Nov/2012:17:02:02 +0100] "GET /robots.txt HTTP/1.1" 404 1256 "-" "Mozilla/5.0 (compatible; YandexBot/3.0; +http://yandex.com/bots)"
157.55.33.251 - - [02/Nov/2012:19:59:59 +0100] "GET /robots.txt HTTP/1.1" 404 1256 "-" "Mozilla/5.0 (compatible; bingbot/2.0; +http://www.bing.com/bingbot.htm)"
157.55.33.251 - - [02/Nov/2012:20:04:43 +0100] "GET /ud.html HTTP/1.1" 304 - "-" "Mozilla/5.0 (compatible; bingbot/2.0; +http://www.bing.com/bingbot.htm)"
157.56.93.218 - - [02/Nov/2012:20:09:47 +0100] "GET /ud.html HTTP/1.1" 200 685 "-" "Mozilla/5.0 (Windows NT 6.1; WOW64) AppleWebKit/534+ (KHTML, like Gecko) BingPreview/1.0b"
157.56.93.218 - - [02/Nov/2012:20:10:29 +0100] "GET /ud.html HTTP/1.1" 200 685 "-" "Mozilla/5.0 (Windows NT 6.1; WOW64) AppleWebKit/534+ (KHTML, like Gecko) BingPreview/1.0b"
178.154.179.250 - - [02/Nov/2012:22:09:01 +0100] "GET / HTTP/1.1" 200 1137 "-" "Mozilla/5.0 (compatible; YandexBot/3.0; +http://yandex.com/bots)"
157.55.32.83 - - [03/Nov/2012:16:22:32 +0100] "GET /robots.txt HTTP/1.1" 404 1256 "-" "Mozilla/5.0 (compatible; bingbot/2.0; +http://www.bing.com/bingbot.htm)"
157.55.32.83 - - [03/Nov/2012:16:30:11 +0100] "GET /info.html HTTP/1.1" 304 - "-" "Mozilla/5.0 (compatible; bingbot/2.0; +http://www.bing.com/bingbot.htm)"
178.154.179.250 - - [03/Nov/2012:18:18:11 +0100] "GET /robots.txt HTTP/1.1" 404 1256 "-" "Mozilla/5.0 (compatible; YandexBot/3.0; +http://yandex.com/bots)"
178.154.179.250 - - [03/Nov/2012:23:59:12 +0100] "GET / HTTP/1.1" 200 1137 "-" "Mozilla/5.0 (compatible; YandexBot/3.0; +http://yandex.com/bots)"
157.55.33.79 - - [04/Nov/2012:16:39:04 +0100] "GET /robots.txt HTTP/1.1" 404 1256 "-" "Mozilla/5.0 (compatible; bingbot/2.0; +http://www.bing.com/bingbot.htm)"
157.55.33.79 - - [04/Nov/2012:17:05:15 +0100] "GET / HTTP/1.1" 304 - "-" "Mozilla/5.0 (compatible; bingbot/2.0; +http://www.bing.com/bingbot.htm)"
84.190.15.103 - - [04/Nov/2012:20:29:03 +0100] "GET / HTTP/1.1" 304 - "-" "Mozilla/4.0 (compatible; MSIE 6.0; Windows NT 5.1; SV1; .NET CLR 1.1.4322; .NET CLR 2.0.50727; .NET CLR 3.0.4506.2152; .NET CLR 3.5.30729)"
84.190.15.103 - - [04/Nov/2012:20:29:25 +0100] "GET /picture/gis-bau.jpg HTTP/1.1" 304 - "http://www.gis-bau.de/" "Mozilla/4.0 (compatible; MSIE 6.0; Windows NT 5.1; SV1; .NET CLR 1.1.4322; .NET CLR 2.0.50727; .NET CLR 3.0.4506.2152; .NET CLR 3.5.30729)"
84.190.15.103 - - [04/Nov/2012:20:29:25 +0100] "GET /picture/back.gif HTTP/1.1" 404 1256 "http://www.gis-bau.de/" "Mozilla/4.0 (compatible; MSIE 6.0; Windows NT 5.1; SV1; .NET CLR 1.1.4322; .NET CLR 2.0.50727; .NET CLR 3.0.4506.2152; .NET CLR 3.5.30729)"
178.154.179.250 - - [04/Nov/2012:21:05:45 +0100] "GET /robots.txt HTTP/1.1" 404 1256 "-" "Mozilla/5.0 (compatible; YandexBot/3.0; +http://yandex.com/bots)"
84.190.15.103 - - [04/Nov/2012:21:20:12 +0100] "GET / HTTP/1.1" 304 - "-" "Mozilla/4.0 (compatible; MSIE 6.0; Windows NT 5.1; SV1; .NET CLR 1.1.4322; .NET CLR 2.0.50727; .NET CLR 3.0.4506.2152; .NET CLR 3.5.30729)"
84.190.15.103 - - [04/Nov/2012:21:20:16 +0100] "GET /picture/back.gif HTTP/1.1" 404 1256 "http://www.gis-bau.de/" "Mozilla/4.0 (compatible; MSIE 6.0; Windows NT 5.1; SV1; .NET CLR 1.1.4322; .NET CLR 2.0.50727; .NET CLR 3.0.4506.2152; .NET CLR 3.5.30729)"
84.190.15.103 - - [04/Nov/2012:21:20:17 +0100] "GET /picture/gis-bau.jpg HTTP/1.1" 304 - "http://www.gis-bau.de/" "Mozilla/4.0 (compatible; MSIE 6.0; Windows NT 5.1; SV1; .NET CLR 1.1.4322; .NET CLR 2.0.50727; .NET CLR 3.0.4506.2152; .NET CLR 3.5.30729)"
178.154.179.250 - - [05/Nov/2012:00:04:35 +0100] "GET / HTTP/1.1" 200 1137 "-" "Mozilla/5.0 (compatible; YandexBot/3.0; +http://yandex.com/bots)"
64.246.178.34 - - [05/Nov/2012:02:49:37 +0100] "GET /robots.txt HTTP/1.0" 404 1256 "-" "Mozilla/5.0 (Windows; U; Windows NT 5.1; en; rv:1.9.0.13) Gecko/2009073022 Firefox/3.5.2 (.NET CLR 3.5.30729) SurveyBot/2.3 (DomainTools)"
64.246.178.34 - - [05/Nov/2012:02:49:37 +0100] "GET / HTTP/1.1" 200 1137 "http://whois.domaintools.com/gis-bau.de" "Mozilla/5.0 (Windows; U; Windows NT 5.1; en; rv:1.9.0.13) Gecko/2009073022 Firefox/3.5.2 (.NET CLR 3.5.30729) SurveyBot/2.3 (DomainTools)"
157.55.32.83 - - [05/Nov/2012:03:29:12 +0100] "GET /robots.txt HTTP/1.1" 404 1256 "-" "Mozilla/5.0 (compatible; bingbot/2.0; +http://www.bing.com/bingbot.htm)"
157.55.32.96 - - [05/Nov/2012:03:36:25 +0100] "GET /home.html HTTP/1.1" 200 977 "-" "Mozilla/5.0 (compatible; bingbot/2.0; +http://www.bing.com/bingbot.htm)"
157.55.32.83 - - [05/Nov/2012:04:06:19 +0100] "GET /main.html HTTP/1.1" 200 747 "-" "Mozilla/5.0 (compatible; bingbot/2.0; +http://www.bing.com/bingbot.htm)"
178.154.179.250 - - [05/Nov/2012:20:18:34 +0100] "GET /robots.txt HTTP/1.1" 404 1256 "-" "Mozilla/5.0 (compatible; YandexBot/3.0; +http://yandex.com/bots)"
84.190.3.242 - - [05/Nov/2012:21:43:51 +0100] "GET / HTTP/1.1" 304 - "-" "Mozilla/4.0 (compatible; MSIE 6.0; Windows NT 5.1; SV1; .NET CLR 1.1.4322; .NET CLR 2.0.50727; .NET CLR 3.0.4506.2152; .NET CLR 3.5.30729)"
84.190.3.242 - - [05/Nov/2012:21:43:53 +0100] "GET /picture/back.gif HTTP/1.1" 404 1256 "http://www.gis-bau.de/" "Mozilla/4.0 (compatible; MSIE 6.0; Windows NT 5.1; SV1; .NET CLR 1.1.4322; .NET CLR 2.0.50727; .NET CLR 3.0.4506.2152; .NET CLR 3.5.30729)"
84.190.3.242 - - [05/Nov/2012:21:43:54 +0100] "GET /picture/gis-bau.jpg HTTP/1.1" 304 - "http://www.gis-bau.de/" "Mozilla/4.0 (compatible; MSIE 6.0; Windows NT 5.1; SV1; .NET CLR 1.1.4322; .NET CLR 2.0.50727; .NET CLR 3.0.4506.2152; .NET CLR 3.5.30729)"
178.154.179.250 - - [06/Nov/2012:03:06:21 +0100] "GET /home.html HTTP/1.1" 304 - "-" "Mozilla/5.0 (compatible; YandexBot/3.0; +http://yandex.com/bots)"
95.108.151.244 - - [06/Nov/2012:06:58:19 +0100] "GET /robots.txt HTTP/1.1" 404 1256 "-" "Mozilla/5.0 (compatible; YandexBot/3.0; +http://yandex.com/bots)"
95.108.151.244 - - [06/Nov/2012:06:58:20 +0100] "GET / HTTP/1.1" 200 1137 "-" "Mozilla/5.0 (compatible; YandexBot/3.0; +http://yandex.com/bots)"
95.108.151.244 - - [06/Nov/2012:06:58:21 +0100] "GET / HTTP/1.1" 200 1137 "-" "Mozilla/5.0 (compatible; YandexBot/3.0; +http://yandex.com/bots)"
37.140.141.34 - - [06/Nov/2012:11:05:19 +0100] "GET /robots.txt HTTP/1.1" 404 1256 "-" "Mozilla/5.0 (compatible; YandexImages/3.0; +http://yandex.com/bots)"
157.55.32.96 - - [06/Nov/2012:15:28:08 +0100] "GET /robots.txt HTTP/1.1" 404 1256 "-" "Mozilla/5.0 (compatible; bingbot/2.0; +http://www.bing.com/bingbot.htm)"
157.55.32.96 - - [06/Nov/2012:15:37:41 +0100] "GET /home.html HTTP/1.1" 304 - "-" "Mozilla/5.0 (compatible; bingbot/2.0; +http://www.bing.com/bingbot.htm)"
65.55.208.160 - - [06/Nov/2012:15:37:57 +0100] "GET /home.html HTTP/1.1" 200 977 "-" "Mozilla/5.0 (Windows NT 6.1; WOW64) AppleWebKit/534+ (KHTML, like Gecko) BingPreview/1.0b"
37.140.141.34 - - [06/Nov/2012:15:59:48 +0100] "GET /picture/kontakt.gif HTTP/1.1" 200 1128 "-" "Mozilla/5.0 (compatible; YandexImages/3.0; +http://yandex.com/bots)"
157.55.32.83 - - [06/Nov/2012:16:21:50 +0100] "GET /robots.txt HTTP/1.1" 404 1256 "-" "Mozilla/5.0 (compatible; bingbot/2.0; +http://www.bing.com/bingbot.htm)"
157.55.32.83 - - [06/Nov/2012:17:02:56 +0100] "GET /info.html HTTP/1.1" 200 1015 "-" "Mozilla/5.0 (compatible; bingbot/2.0; +http://www.bing.com/bingbot.htm)"
84.190.27.139 - - [06/Nov/2012:20:03:17 +0100] "GET / HTTP/1.1" 304 - "-" "Mozilla/4.0 (compatible; MSIE 6.0; Windows NT 5.1; SV1; .NET CLR 1.1.4322; .NET CLR 2.0.50727; .NET CLR 3.0.4506.2152; .NET CLR 3.5.30729)"
84.190.27.139 - - [06/Nov/2012:20:03:18 +0100] "GET /picture/back.gif HTTP/1.1" 404 1256 "http://www.gis-bau.de/" "Mozilla/4.0 (compatible; MSIE 6.0; Windows NT 5.1; SV1; .NET CLR 1.1.4322; .NET CLR 2.0.50727; .NET CLR 3.0.4506.2152; .NET CLR 3.5.30729)"
84.190.27.139 - - [06/Nov/2012:20:03:18 +0100] "GET /picture/gis-bau.jpg HTTP/1.1" 304 - "http://www.gis-bau.de/" "Mozilla/4.0 (compatible; MSIE 6.0; Windows NT 5.1; SV1; .NET CLR 1.1.4322; .NET CLR 2.0.50727; .NET CLR 3.0.4506.2152; .NET CLR 3.5.30729)"
37.140.141.34 - - [06/Nov/2012:21:28:05 +0100] "GET /picture/home.gif HTTP/1.1" 200 1107 "-" "Mozilla/5.0 (compatible; YandexImages/3.0; +http://yandex.com/bots)"
157.55.32.96 - - [07/Nov/2012:03:13:36 +0100] "GET /robots.txt HTTP/1.1" 404 1256 "-" "Mozilla/5.0 (compatible; bingbot/2.0; +http://www.bing.com/bingbot.htm)"
37.140.141.34 - - [07/Nov/2012:05:48:16 +0100] "GET /picture/referenzen.gif HTTP/1.1" 200 1173 "-" "Mozilla/5.0 (compatible; YandexImages/3.0; +http://yandex.com/bots)"
37.140.141.34 - - [07/Nov/2012:07:09:14 +0100] "GET /picture/leistungen.gif HTTP/1.1" 200 1157 "-" "Mozilla/5.0 (compatible; YandexImages/3.0; +http://yandex.com/bots)"
184.22.183.114 - - [07/Nov/2012:09:59:51 +0100] "GET /main.html HTTP/1.1" 200 747 "-" "Mozilla/5.0 (X11; Linux i686; rv:6.0) Gecko/20100101 Firefox/6.0"
84.190.11.248 - - [07/Nov/2012:14:44:36 +0100] "GET / HTTP/1.1" 304 - "-" "Mozilla/4.0 (compatible; MSIE 6.0; Windows NT 5.1; SV1; .NET CLR 1.1.4322; .NET CLR 2.0.50727; .NET CLR 3.0.4506.2152; .NET CLR 3.5.30729)"
84.190.11.248 - - [07/Nov/2012:14:44:43 +0100] "GET /picture/back.gif HTTP/1.1" 404 1256 "http://www.gis-bau.de/" "Mozilla/4.0 (compatible; MSIE 6.0; Windows NT 5.1; SV1; .NET CLR 1.1.4322; .NET CLR 2.0.50727; .NET CLR 3.0.4506.2152; .NET CLR 3.5.30729)"
84.190.11.248 - - [07/Nov/2012:14:44:43 +0100] "GET /picture/gis-bau.jpg HTTP/1.1" 304 - "http://www.gis-bau.de/" "Mozilla/4.0 (compatible; MSIE 6.0; Windows NT 5.1; SV1; .NET CLR 1.1.4322; .NET CLR 2.0.50727; .NET CLR 3.0.4506.2152; .NET CLR 3.5.30729)"
84.190.11.248 - - [07/Nov/2012:14:56:00 +0100] "GET / HTTP/1.1" 304 - "-" "Mozilla/4.0 (compatible; MSIE 6.0; Windows NT 5.1; SV1; .NET CLR 1.1.4322; .NET CLR 2.0.50727; .NET CLR 3.0.4506.2152; .NET CLR 3.5.30729)"
84.190.11.248 - - [07/Nov/2012:14:56:06 +0100] "GET /picture/back.gif HTTP/1.1" 404 1256 "http://www.gis-bau.de/" "Mozilla/4.0 (compatible; MSIE 6.0; Windows NT 5.1; SV1; .NET CLR 1.1.4322; .NET CLR 2.0.50727; .NET CLR 3.0.4506.2152; .NET CLR 3.5.30729)"
84.190.11.248 - - [07/Nov/2012:14:56:07 +0100] "GET /picture/gis-bau.jpg HTTP/1.1" 304 - "http://www.gis-bau.de/" "Mozilla/4.0 (compatible; MSIE 6.0; Windows NT 5.1; SV1; .NET CLR 1.1.4322; .NET CLR 2.0.50727; .NET CLR 3.0.4506.2152; .NET CLR 3.5.30729)"
178.154.179.250 - - [08/Nov/2012:13:39:02 +0100] "GET /robots.txt HTTP/1.1" 404 1256 "-" "Mozilla/5.0 (compatible; YandexBot/3.0; +http://yandex.com/bots)"
37.140.141.34 - - [08/Nov/2012:18:28:55 +0100] "GET /robots.txt HTTP/1.1" 404 1256 "-" "Mozilla/5.0 (compatible; YandexImages/3.0; +http://yandex.com/bots)"
37.140.141.34 - - [08/Nov/2012:23:47:06 +0100] "GET /picture/referenzen.gif HTTP/1.1" 200 1173 "-" "Mozilla/5.0 (compatible; YandexImages/3.0; +http://yandex.com/bots)"
37.140.141.34 - - [09/Nov/2012:04:52:10 +0100] "GET /picture/leistungen.gif HTTP/1.1" 200 1157 "-" "Mozilla/5.0 (compatible; YandexImages/3.0; +http://yandex.com/bots)"
178.154.179.250 - - [09/Nov/2012:08:46:00 +0100] "GET /robots.txt HTTP/1.1" 404 1256 "-" "Mozilla/5.0 (compatible; YandexBot/3.0; +http://yandex.com/bots)"
37.140.141.34 - - [09/Nov/2012:10:17:27 +0100] "GET /picture/home.gif HTTP/1.1" 200 1107 "-" "Mozilla/5.0 (compatible; YandexImages/3.0; +http://yandex.com/bots)"
178.154.179.250 - - [09/Nov/2012:15:57:18 +0100] "GET / HTTP/1.1" 200 1137 "-" "Mozilla/5.0 (compatible; YandexBot/3.0; +http://yandex.com/bots)"
37.140.141.34 - - [09/Nov/2012:23:49:15 +0100] "GET /robots.txt HTTP/1.1" 404 1256 "-" "Mozilla/5.0 (compatible; YandexImages/3.0; +http://yandex.com/bots)"
37.140.141.34 - - [10/Nov/2012:05:16:43 +0100] "GET /picture/kontakt.gif HTTP/1.1" 200 1128 "-" "Mozilla/5.0 (compatible; YandexImages/3.0; +http://yandex.com/bots)"
178.154.179.250 - - [10/Nov/2012:09:07:14 +0100] "GET /robots.txt HTTP/1.1" 404 1256 "-" "Mozilla/5.0 (compatible; YandexBot/3.0; +http://yandex.com/bots)"
66.249.75.54 - - [10/Nov/2012:10:59:52 +0100] "GET /robots.txt HTTP/1.1" 404 1256 "-" "Mozilla/5.0 (compatible; Googlebot/2.1; +http://www.google.com/bot.html)"
66.249.75.54 - - [10/Nov/2012:10:59:52 +0100] "GET / HTTP/1.1" 200 1137 "-" "Mozilla/5.0 (compatible; Googlebot/2.1; +http://www.google.com/bot.html)"
66.249.75.54 - - [10/Nov/2012:11:11:19 +0100] "GET /home.html HTTP/1.1" 304 - "-" "Mozilla/5.0 (compatible; Googlebot/2.1; +http://www.google.com/bot.html)"
178.154.179.250 - - [10/Nov/2012:11:22:22 +0100] "GET /info.html HTTP/1.1" 304 - "-" "Mozilla/5.0 (compatible; YandexBot/3.0; +http://yandex.com/bots)"
66.249.75.54 - - [10/Nov/2012:12:37:30 +0100] "GET /main.html HTTP/1.1" 304 - "-" "Mozilla/5.0 (compatible; Googlebot/2.1; +http://www.google.com/bot.html)"
178.154.179.250 - - [10/Nov/2012:14:32:21 +0100] "GET /banner.html HTTP/1.1" 304 - "-" "Mozilla/5.0 (compatible; YandexBot/3.0; +http://yandex.com/bots)"
66.249.76.54 - - [10/Nov/2012:16:33:24 +0100] "GET /robots.txt HTTP/1.1" 404 1256 "-" "Mozilla/5.0 (compatible; Googlebot/2.1; +http://www.google.com/bot.html)"
66.249.76.54 - - [10/Nov/2012:16:33:25 +0100] "GET /kontakt.html HTTP/1.1" 304 - "-" "Mozilla/5.0 (compatible; Googlebot/2.1; +http://www.google.com/bot.html)"
66.249.76.54 - - [10/Nov/2012:16:39:05 +0100] "GET /leistung.html HTTP/1.1" 304 - "-" "Mozilla/5.0 (compatible; Googlebot/2.1; +http://www.google.com/bot.html)"
95.108.151.244 - - [10/Nov/2012:22:17:50 +0100] "GET /robots.txt HTTP/1.1" 404 1256 "-" "Mozilla/5.0 (compatible; YandexBot/3.0; +http://yandex.com/bots)"
95.108.151.244 - - [10/Nov/2012:22:17:51 +0100] "GET / HTTP/1.1" 200 1137 "-" "Mozilla/5.0 (compatible; YandexBot/3.0; +http://yandex.com/bots)"
95.108.151.244 - - [10/Nov/2012:22:17:52 +0100] "GET / HTTP/1.1" 200 1137 "-" "Mozilla/5.0 (compatible; YandexBot/3.0; +http://yandex.com/bots)"
178.154.179.250 - - [11/Nov/2012:15:29:14 +0100] "GET /robots.txt HTTP/1.1" 404 1256 "-" "Mozilla/5.0 (compatible; YandexBot/3.0; +http://yandex.com/bots)"
178.154.179.250 - - [11/Nov/2012:22:00:54 +0100] "GET /main.html HTTP/1.1" 304 - "-" "Mozilla/5.0 (compatible; YandexBot/3.0; +http://yandex.com/bots)"
178.154.179.250 - - [11/Nov/2012:22:20:55 +0100] "GET /kontakt.html HTTP/1.1" 304 - "-" "Mozilla/5.0 (compatible; YandexBot/3.0; +http://yandex.com/bots)"
157.55.33.248 - - [12/Nov/2012:14:16:10 +0100] "GET /robots.txt HTTP/1.1" 404 1256 "-" "Mozilla/5.0 (compatible; bingbot/2.0; +http://www.bing.com/bingbot.htm)"
157.55.33.248 - - [12/Nov/2012:14:36:28 +0100] "GET /kontakt.html HTTP/1.1" 304 - "-" "Mozilla/5.0 (compatible; bingbot/2.0; +http://www.bing.com/bingbot.htm)"
178.154.179.250 - - [12/Nov/2012:16:13:43 +0100] "GET /robots.txt HTTP/1.1" 404 1256 "-" "Mozilla/5.0 (compatible; YandexBot/3.0; +http://yandex.com/bots)"
157.55.35.52 - - [12/Nov/2012:16:51:08 +0100] "GET /robots.txt HTTP/1.1" 404 1256 "-" "Mozilla/5.0 (compatible; bingbot/2.0; +http://www.bing.com/bingbot.htm)"
157.55.35.52 - - [12/Nov/2012:17:03:00 +0100] "GET /leistung.html HTTP/1.1" 200 1149 "-" "Mozilla/5.0 (compatible; bingbot/2.0; +http://www.bing.com/bingbot.htm)"
84.190.14.131 - - [12/Nov/2012:18:16:01 +0100] "GET / HTTP/1.1" 304 - "-" "Mozilla/4.0 (compatible; MSIE 6.0; Windows NT 5.1; SV1; .NET CLR 1.1.4322; .NET CLR 2.0.50727; .NET CLR 3.0.4506.2152; .NET CLR 3.5.30729)"
84.190.14.131 - - [12/Nov/2012:18:16:02 +0100] "GET /picture/back.gif HTTP/1.1" 404 1256 "http://www.gis-bau.de/" "Mozilla/4.0 (compatible; MSIE 6.0; Windows NT 5.1; SV1; .NET CLR 1.1.4322; .NET CLR 2.0.50727; .NET CLR 3.0.4506.2152; .NET CLR 3.5.30729)"
84.190.14.131 - - [12/Nov/2012:18:16:03 +0100] "GET /picture/gis-bau.jpg HTTP/1.1" 304 - "http://www.gis-bau.de/" "Mozilla/4.0 (compatible; MSIE 6.0; Windows NT 5.1; SV1; .NET CLR 1.1.4322; .NET CLR 2.0.50727; .NET CLR 3.0.4506.2152; .NET CLR 3.5.30729)"
178.154.179.250 - - [12/Nov/2012:19:18:25 +0100] "GET /home.html HTTP/1.1" 304 - "-" "Mozilla/5.0 (compatible; YandexBot/3.0; +http://yandex.com/bots)"
178.154.179.250 - - [12/Nov/2012:22:25:50 +0100] "GET /ud.html HTTP/1.1" 304 - "-" "Mozilla/5.0 (compatible; YandexBot/3.0; +http://yandex.com/bots)"
178.154.179.250 - - [13/Nov/2012:00:51:09 +0100] "GET /leistung.html HTTP/1.1" 304 - "-" "Mozilla/5.0 (compatible; YandexBot/3.0; +http://yandex.com/bots)"
95.108.151.244 - - [14/Nov/2012:01:27:26 +0100] "GET /robots.txt HTTP/1.1" 404 1256 "-" "Mozilla/5.0 (compatible; YandexBot/3.0; +http://yandex.com/bots)"
95.108.151.244 - - [14/Nov/2012:01:27:27 +0100] "GET / HTTP/1.1" 200 1137 "-" "Mozilla/5.0 (compatible; YandexBot/3.0; +http://yandex.com/bots)"
95.108.151.244 - - [14/Nov/2012:01:27:28 +0100] "GET / HTTP/1.1" 200 1137 "-" "Mozilla/5.0 (compatible; YandexBot/3.0; +http://yandex.com/bots)"
178.154.179.250 - - [14/Nov/2012:02:07:53 +0100] "GET /robots.txt HTTP/1.1" 404 1256 "-" "Mozilla/5.0 (compatible; YandexBot/3.0; +http://yandex.com/bots)"
178.154.179.250 - - [14/Nov/2012:11:23:28 +0100] "GET / HTTP/1.1" 200 1137 "-" "Mozilla/5.0 (compatible; YandexBot/3.0; +http://yandex.com/bots)"
84.190.6.65 - - [14/Nov/2012:21:27:41 +0100] "GET / HTTP/1.1" 304 - "-" "Mozilla/4.0 (compatible; MSIE 6.0; Windows NT 5.1; SV1; .NET CLR 1.1.4322; .NET CLR 2.0.50727; .NET CLR 3.0.4506.2152; .NET CLR 3.5.30729)"
84.190.6.65 - - [14/Nov/2012:21:27:43 +0100] "GET /picture/back.gif HTTP/1.1" 404 1256 "http://www.gis-bau.de/" "Mozilla/4.0 (compatible; MSIE 6.0; Windows NT 5.1; SV1; .NET CLR 1.1.4322; .NET CLR 2.0.50727; .NET CLR 3.0.4506.2152; .NET CLR 3.5.30729)"
84.190.6.65 - - [14/Nov/2012:21:27:44 +0100] "GET /picture/gis-bau.jpg HTTP/1.1" 304 - "http://www.gis-bau.de/" "Mozilla/4.0 (compatible; MSIE 6.0; Windows NT 5.1; SV1; .NET CLR 1.1.4322; .NET CLR 2.0.50727; .NET CLR 3.0.4506.2152; .NET CLR 3.5.30729)"
178.154.179.250 - - [15/Nov/2012:08:16:51 +0100] "GET /robots.txt HTTP/1.1" 404 1256 "-" "Mozilla/5.0 (compatible; YandexBot/3.0; +http://yandex.com/bots)"
178.154.179.250 - - [15/Nov/2012:12:18:20 +0100] "GET /leistung.html HTTP/1.1" 304 - "-" "Mozilla/5.0 (compatible; YandexBot/3.0; +http://yandex.com/bots)"
178.154.179.250 - - [15/Nov/2012:12:29:59 +0100] "GET /info.html HTTP/1.1" 304 - "-" "Mozilla/5.0 (compatible; YandexBot/3.0; +http://yandex.com/bots)"
64.246.165.150 - - [17/Nov/2012:01:16:19 +0100] "GET /robots.txt HTTP/1.0" 404 1256 "-" "Mozilla/5.0 (Windows; U; Windows NT 5.1; en; rv:1.9.0.13) Gecko/2009073022 Firefox/3.5.2 (.NET CLR 3.5.30729) SurveyBot/2.3 (DomainTools)"
64.246.165.150 - - [17/Nov/2012:01:16:19 +0100] "GET / HTTP/1.1" 200 1137 "http://whois.domaintools.com/gis-bau.de" "Mozilla/5.0 (Windows; U; Windows NT 5.1; en; rv:1.9.0.13) Gecko/2009073022 Firefox/3.5.2 (.NET CLR 3.5.30729) SurveyBot/2.3 (DomainTools)"
178.154.179.250 - - [17/Nov/2012:15:34:10 +0100] "GET /robots.txt HTTP/1.1" 404 1256 "-" "Mozilla/5.0 (compatible; YandexBot/3.0; +http://yandex.com/bots)"
66.249.73.20 - - [17/Nov/2012:20:32:37 +0100] "GET /robots.txt HTTP/1.1" 404 1256 "-" "Mozilla/5.0 (compatible; Googlebot/2.1; +http://www.google.com/bot.html)"
66.249.73.20 - - [17/Nov/2012:20:32:37 +0100] "GET /info.html HTTP/1.1" 200 1015 "-" "Mozilla/5.0 (compatible; Googlebot/2.1; +http://www.google.com/bot.html)"
178.154.179.250 - - [17/Nov/2012:22:12:10 +0100] "GET /main.html HTTP/1.1" 304 - "-" "Mozilla/5.0 (compatible; YandexBot/3.0; +http://yandex.com/bots)"
194.153.113.35 - - [18/Nov/2012:02:21:45 +0100] "GET / HTTP/1.1" 200 1137 "-" "Mozilla/5.0 (compatible; oBot/2.3.1; +http://filterdb.iss.net/crawler/)"
178.154.179.250 - - [18/Nov/2012:05:20:00 +0100] "GET /home.html HTTP/1.1" 304 - "-" "Mozilla/5.0 (compatible; YandexBot/3.0; +http://yandex.com/bots)"
66.249.73.20 - - [18/Nov/2012:05:32:20 +0100] "GET /banner.html HTTP/1.1" 200 980 "-" "Mozilla/5.0 (compatible; Googlebot/2.1; +http://www.google.com/bot.html)"
157.55.33.31 - - [18/Nov/2012:15:50:45 +0100] "GET /robots.txt HTTP/1.1" 404 1256 "-" "Mozilla/5.0 (compatible; bingbot/2.0; +http://www.bing.com/bingbot.htm)"
157.55.33.31 - - [18/Nov/2012:16:07:02 +0100] "GET /leistung.html HTTP/1.1" 304 - "-" "Mozilla/5.0 (compatible; bingbot/2.0; +http://www.bing.com/bingbot.htm)"
178.154.179.250 - - [18/Nov/2012:19:54:13 +0100] "GET /robots.txt HTTP/1.1" 404 1256 "-" "Mozilla/5.0 (compatible; YandexBot/3.0; +http://yandex.com/bots)"
178.154.179.250 - - [18/Nov/2012:23:29:35 +0100] "GET /leistung.html HTTP/1.1" 304 - "-" "Mozilla/5.0 (compatible; YandexBot/3.0; +http://yandex.com/bots)"
178.154.179.250 - - [19/Nov/2012:03:59:27 +0100] "GET /ud.html HTTP/1.1" 304 - "-" "Mozilla/5.0 (compatible; YandexBot/3.0; +http://yandex.com/bots)"
178.154.179.250 - - [19/Nov/2012:15:49:01 +0100] "GET / HTTP/1.1" 200 1137 "-" "Mozilla/5.0 (compatible; YandexBot/3.0; +http://yandex.com/bots)"
84.185.51.200 - - [19/Nov/2012:16:36:23 +0100] "GET / HTTP/1.1" 200 1137 "-" "Mozilla/5.0 (Windows NT 6.1; WOW64; rv:12.0) Gecko/20100101 Firefox/12.0"
84.185.51.200 - - [19/Nov/2012:16:36:23 +0100] "GET /picture/gis-bau.jpg HTTP/1.1" 200 9275 "http://www.gis-bau.de/" "Mozilla/5.0 (Windows NT 6.1; WOW64; rv:12.0) Gecko/20100101 Firefox/12.0"
84.185.51.200 - - [19/Nov/2012:16:36:23 +0100] "GET /picture/back.gif HTTP/1.1" 404 1256 "http://www.gis-bau.de/" "Mozilla/5.0 (Windows NT 6.1; WOW64; rv:12.0) Gecko/20100101 Firefox/12.0"
84.185.51.200 - - [19/Nov/2012:16:36:24 +0100] "GET /favicon.ico HTTP/1.1" 404 1256 "-" "Mozilla/5.0 (Windows NT 6.1; WOW64; rv:12.0) Gecko/20100101 Firefox/12.0"
84.185.51.200 - - [19/Nov/2012:16:36:24 +0100] "GET /favicon.ico HTTP/1.1" 404 1256 "-" "Mozilla/5.0 (Windows NT 6.1; WOW64; rv:12.0) Gecko/20100101 Firefox/12.0"
84.185.51.200 - - [19/Nov/2012:16:36:24 +0100] "GET /favicon.ico HTTP/1.1" 404 1256 "-" "Mozilla/5.0 (Windows NT 6.1; WOW64; rv:12.0) Gecko/20100101 Firefox/12.0"
178.154.179.250 - - [19/Nov/2012:17:44:13 +0100] "GET /kontakt.html HTTP/1.1" 304 - "-" "Mozilla/5.0 (compatible; YandexBot/3.0; +http://yandex.com/bots)"
178.154.179.250 - - [19/Nov/2012:20:22:11 +0100] "GET /robots.txt HTTP/1.1" 404 1256 "-" "Mozilla/5.0 (compatible; YandexBot/3.0; +http://yandex.com/bots)"
178.154.179.250 - - [19/Nov/2012:22:37:37 +0100] "GET /info.html HTTP/1.1" 304 - "-" "Mozilla/5.0 (compatible; YandexBot/3.0; +http://yandex.com/bots)"
178.154.179.250 - - [20/Nov/2012:00:48:01 +0100] "GET /banner.html HTTP/1.1" 304 - "-" "Mozilla/5.0 (compatible; YandexBot/3.0; +http://yandex.com/bots)"
84.190.17.208 - - [20/Nov/2012:15:42:20 +0100] "GET / HTTP/1.1" 304 - "-" "Mozilla/4.0 (compatible; MSIE 6.0; Windows NT 5.1; SV1; .NET CLR 1.1.4322; .NET CLR 2.0.50727; .NET CLR 3.0.4506.2152; .NET CLR 3.5.30729)"
84.190.17.208 - - [20/Nov/2012:15:42:37 +0100] "GET /picture/back.gif HTTP/1.1" 404 1256 "http://www.gis-bau.de/" "Mozilla/4.0 (compatible; MSIE 6.0; Windows NT 5.1; SV1; .NET CLR 1.1.4322; .NET CLR 2.0.50727; .NET CLR 3.0.4506.2152; .NET CLR 3.5.30729)"
84.190.17.208 - - [20/Nov/2012:15:42:37 +0100] "GET /picture/gis-bau.jpg HTTP/1.1" 304 - "http://www.gis-bau.de/" "Mozilla/4.0 (compatible; MSIE 6.0; Windows NT 5.1; SV1; .NET CLR 1.1.4322; .NET CLR 2.0.50727; .NET CLR 3.0.4506.2152; .NET CLR 3.5.30729)"
157.55.32.60 - - [21/Nov/2012:07:52:40 +0100] "GET /robots.txt HTTP/1.1" 404 1256 "-" "Mozilla/5.0 (compatible; bingbot/2.0; +http://www.bing.com/bingbot.htm)"
157.55.32.60 - - [21/Nov/2012:07:59:22 +0100] "GET /info.html HTTP/1.1" 200 1015 "-" "Mozilla/5.0 (compatible; bingbot/2.0; +http://www.bing.com/bingbot.htm)"
178.154.179.250 - - [21/Nov/2012:19:26:21 +0100] "GET /robots.txt HTTP/1.1" 404 1256 "-" "Mozilla/5.0 (compatible; YandexBot/3.0; +http://yandex.com/bots)"
178.154.179.250 - - [21/Nov/2012:23:58:48 +0100] "GET /leistung.html HTTP/1.1" 304 - "-" "Mozilla/5.0 (compatible; YandexBot/3.0; +http://yandex.com/bots)"
178.154.179.250 - - [22/Nov/2012:01:07:50 +0100] "GET /ud.html HTTP/1.1" 304 - "-" "Mozilla/5.0 (compatible; YandexBot/3.0; +http://yandex.com/bots)"
178.154.179.250 - - [22/Nov/2012:05:34:48 +0100] "GET / HTTP/1.1" 200 1137 "-" "Mozilla/5.0 (compatible; YandexBot/3.0; +http://yandex.com/bots)"
178.154.179.250 - - [22/Nov/2012:08:26:58 +0100] "GET /info.html HTTP/1.1" 304 - "-" "Mozilla/5.0 (compatible; YandexBot/3.0; +http://yandex.com/bots)"
178.154.179.250 - - [22/Nov/2012:11:53:14 +0100] "GET /banner.html HTTP/1.1" 304 - "-" "Mozilla/5.0 (compatible; YandexBot/3.0; +http://yandex.com/bots)"
178.154.179.250 - - [22/Nov/2012:15:30:49 +0100] "GET /kontakt.html HTTP/1.1" 304 - "-" "Mozilla/5.0 (compatible; YandexBot/3.0; +http://yandex.com/bots)"
66.249.75.54 - - [23/Nov/2012:17:07:23 +0100] "GET /robots.txt HTTP/1.1" 404 1256 "-" "Mozilla/5.0 (compatible; Googlebot/2.1; +http://www.google.com/bot.html)"
66.249.75.54 - - [23/Nov/2012:17:07:23 +0100] "GET / HTTP/1.1" 200 1137 "-" "Mozilla/5.0 (compatible; Googlebot/2.1; +http://www.google.com/bot.html)"
84.190.17.75 - - [23/Nov/2012:22:07:31 +0100] "GET / HTTP/1.1" 304 - "-" "Mozilla/4.0 (compatible; MSIE 6.0; Windows NT 5.1; SV1; .NET CLR 1.1.4322; .NET CLR 2.0.50727; .NET CLR 3.0.4506.2152; .NET CLR 3.5.30729)"
84.190.17.75 - - [23/Nov/2012:22:07:36 +0100] "GET /picture/back.gif HTTP/1.1" 404 1256 "http://www.gis-bau.de/" "Mozilla/4.0 (compatible; MSIE 6.0; Windows NT 5.1; SV1; .NET CLR 1.1.4322; .NET CLR 2.0.50727; .NET CLR 3.0.4506.2152; .NET CLR 3.5.30729)"
84.190.17.75 - - [23/Nov/2012:22:07:36 +0100] "GET /picture/gis-bau.jpg HTTP/1.1" 304 - "http://www.gis-bau.de/" "Mozilla/4.0 (compatible; MSIE 6.0; Windows NT 5.1; SV1; .NET CLR 1.1.4322; .NET CLR 2.0.50727; .NET CLR 3.0.4506.2152; .NET CLR 3.5.30729)"
178.154.179.250 - - [24/Nov/2012:04:22:39 +0100] "GET /robots.txt HTTP/1.1" 404 1256 "-" "Mozilla/5.0 (compatible; YandexBot/3.0; +http://yandex.com/bots)"
178.154.179.250 - - [24/Nov/2012:08:22:04 +0100] "GET /ud.html HTTP/1.1" 304 - "-" "Mozilla/5.0 (compatible; YandexBot/3.0; +http://yandex.com/bots)"
178.154.179.250 - - [24/Nov/2012:14:29:57 +0100] "GET /kontakt.html HTTP/1.1" 304 - "-" "Mozilla/5.0 (compatible; YandexBot/3.0; +http://yandex.com/bots)"
178.154.179.250 - - [24/Nov/2012:20:56:00 +0100] "GET /ud.html HTTP/1.1" 304 - "-" "Mozilla/5.0 (compatible; YandexBot/3.0; +http://yandex.com/bots)"
178.154.179.250 - - [24/Nov/2012:23:01:21 +0100] "GET /leistung.html HTTP/1.1" 304 - "-" "Mozilla/5.0 (compatible; YandexBot/3.0; +http://yandex.com/bots)"
178.154.179.250 - - [24/Nov/2012:23:25:59 +0100] "GET /kontakt.html HTTP/1.1" 304 - "-" "Mozilla/5.0 (compatible; YandexBot/3.0; +http://yandex.com/bots)"
178.154.179.250 - - [25/Nov/2012:06:28:55 +0100] "GET /robots.txt HTTP/1.1" 404 1256 "-" "Mozilla/5.0 (compatible; YandexBot/3.0; +http://yandex.com/bots)"
178.154.179.250 - - [25/Nov/2012:08:16:09 +0100] "GET /main.html HTTP/1.1" 304 - "-" "Mozilla/5.0 (compatible; YandexBot/3.0; +http://yandex.com/bots)"
178.154.179.250 - - [25/Nov/2012:11:39:16 +0100] "GET /info.html HTTP/1.1" 304 - "-" "Mozilla/5.0 (compatible; YandexBot/3.0; +http://yandex.com/bots)"
37.140.141.34 - - [25/Nov/2012:13:28:33 +0100] "GET /robots.txt HTTP/1.1" 404 1256 "-" "Mozilla/5.0 (compatible; YandexImages/3.0; +http://yandex.com/bots)"
157.55.32.106 - - [25/Nov/2012:14:00:11 +0100] "GET /robots.txt HTTP/1.1" 404 1256 "-" "Mozilla/5.0 (compatible; bingbot/2.0; +http://www.bing.com/bingbot.htm)"
157.55.32.106 - - [25/Nov/2012:14:04:24 +0100] "GET /ud.html HTTP/1.1" 304 - "-" "Mozilla/5.0 (compatible; bingbot/2.0; +http://www.bing.com/bingbot.htm)"
178.154.179.250 - - [25/Nov/2012:19:45:52 +0100] "GET /home.html HTTP/1.1" 304 - "-" "Mozilla/5.0 (compatible; YandexBot/3.0; +http://yandex.com/bots)"
37.140.141.34 - - [26/Nov/2012:02:00:46 +0100] "GET /picture/gis-bau.jpg HTTP/1.1" 200 9275 "-" "Mozilla/5.0 (compatible; YandexImages/3.0; +http://yandex.com/bots)"
178.154.179.250 - - [26/Nov/2012:11:34:30 +0100] "GET /robots.txt HTTP/1.1" 404 1256 "-" "Mozilla/5.0 (compatible; YandexBot/3.0; +http://yandex.com/bots)"
178.154.179.250 - - [26/Nov/2012:16:43:00 +0100] "GET /banner.html HTTP/1.1" 304 - "-" "Mozilla/5.0 (compatible; YandexBot/3.0; +http://yandex.com/bots)"
66.249.74.146 - - [26/Nov/2012:21:43:25 +0100] "GET /robots.txt HTTP/1.1" 404 1256 "-" "Mozilla/5.0 (compatible; Googlebot/2.1; +http://www.google.com/bot.html)"
66.249.74.146 - - [26/Nov/2012:21:43:25 +0100] "GET /picture/baupics/image1.jpg HTTP/1.1" 200 32752 "-" "Googlebot-Image/1.0"
65.52.108.232 - - [27/Nov/2012:02:37:44 +0100] "GET /banner.html HTTP/1.1" 200 980 "-" "Mozilla/4.0 (compatible; MSIE 7.0; Windows NT 5.2; SV1; .NET CLR 1.1.4325; .NET CLR 2.0.50727; .NET CLR 3.0.30729; .NET CLR 3.5.30707; InfoPath.2)"
64.246.165.170 - - [27/Nov/2012:11:42:05 +0100] "GET /robots.txt HTTP/1.0" 404 1256 "-" "Mozilla/5.0 (Windows; U; Windows NT 5.1; en; rv:1.9.0.13) Gecko/2009073022 Firefox/3.5.2 (.NET CLR 3.5.30729) SurveyBot/2.3 (DomainTools)"
64.246.165.170 - - [27/Nov/2012:11:42:05 +0100] "GET / HTTP/1.1" 200 1137 "http://whois.domaintools.com/gis-bau.de" "Mozilla/5.0 (Windows; U; Windows NT 5.1; en; rv:1.9.0.13) Gecko/2009073022 Firefox/3.5.2 (.NET CLR 3.5.30729) SurveyBot/2.3 (DomainTools)"
65.52.111.82 - - [27/Nov/2012:14:11:13 +0100] "GET /main.html HTTP/1.1" 200 747 "-" "Mozilla/4.0 (compatible; MSIE 7.0; Windows NT 5.1; SLCC1; .NET CLR 1.1.4322; .NET CLR 2.0.50727; .NET CLR 3.0.30729; .NET CLR 3.5.30707; MS-RTC LM 8)"
65.52.111.82 - - [27/Nov/2012:14:11:15 +0100] "GET /banner.html HTTP/1.1" 200 980 "http://www.gis-bau.de/main.html" "Mozilla/4.0 (compatible; MSIE 7.0; Windows NT 5.1; SLCC1; .NET CLR 1.1.4322; .NET CLR 2.0.50727; .NET CLR 3.0.30729; .NET CLR 3.5.30707; MS-RTC LM 8)"
65.52.111.82 - - [27/Nov/2012:14:11:17 +0100] "GET /info.html HTTP/1.1" 200 1015 "http://www.gis-bau.de/main.html" "Mozilla/4.0 (compatible; MSIE 7.0; Windows NT 5.1; SLCC1; .NET CLR 1.1.4322; .NET CLR 2.0.50727; .NET CLR 3.0.30729; .NET CLR 3.5.30707; MS-RTC LM 8)"
65.52.111.82 - - [27/Nov/2012:14:11:19 +0100] "GET /home.html HTTP/1.1" 200 977 "http://www.gis-bau.de/main.html" "Mozilla/4.0 (compatible; MSIE 7.0; Windows NT 5.1; SLCC1; .NET CLR 1.1.4322; .NET CLR 2.0.50727; .NET CLR 3.0.30729; .NET CLR 3.5.30707; MS-RTC LM 8)"
178.154.179.250 - - [27/Nov/2012:18:38:29 +0100] "GET /robots.txt HTTP/1.1" 404 1256 "-" "Mozilla/5.0 (compatible; YandexBot/3.0; +http://yandex.com/bots)"
178.154.179.250 - - [27/Nov/2012:22:28:08 +0100] "GET /leistung.html HTTP/1.1" 304 - "-" "Mozilla/5.0 (compatible; YandexBot/3.0; +http://yandex.com/bots)"
178.154.179.250 - - [28/Nov/2012:01:27:24 +0100] "GET /ud.html HTTP/1.1" 304 - "-" "Mozilla/5.0 (compatible; YandexBot/3.0; +http://yandex.com/bots)"
178.154.179.250 - - [28/Nov/2012:01:54:40 +0100] "GET /kontakt.html HTTP/1.1" 304 - "-" "Mozilla/5.0 (compatible; YandexBot/3.0; +http://yandex.com/bots)"
178.154.179.250 - - [28/Nov/2012:18:52:59 +0100] "GET /robots.txt HTTP/1.1" 404 1256 "-" "Mozilla/5.0 (compatible; YandexBot/3.0; +http://yandex.com/bots)"
178.154.179.250 - - [28/Nov/2012:20:43:14 +0100] "GET /main.html HTTP/1.1" 304 - "-" "Mozilla/5.0 (compatible; YandexBot/3.0; +http://yandex.com/bots)"
178.154.179.250 - - [28/Nov/2012:23:32:52 +0100] "GET /info.html HTTP/1.1" 304 - "-" "Mozilla/5.0 (compatible; YandexBot/3.0; +http://yandex.com/bots)"
65.52.111.241 - - [29/Nov/2012:00:44:28 +0100] "GET /main.html HTTP/1.1" 200 747 "-" "Mozilla/4.0 (compatible; MSIE 7.0; Windows NT 5.2; SLCC1; .NET CLR 1.1.4322; .NET CLR 2.0.50727; .NET CLR 3.0.30729; .NET CLR 3.5.30707; MS-RTC LM 8)"
65.52.111.241 - - [29/Nov/2012:00:44:30 +0100] "GET /banner.html HTTP/1.1" 200 980 "http://www.gis-bau.de/main.html" "Mozilla/4.0 (compatible; MSIE 7.0; Windows NT 5.2; SLCC1; .NET CLR 1.1.4322; .NET CLR 2.0.50727; .NET CLR 3.0.30729; .NET CLR 3.5.30707; MS-RTC LM 8)"
65.52.111.241 - - [29/Nov/2012:00:44:31 +0100] "GET /info.html HTTP/1.1" 200 1015 "http://www.gis-bau.de/main.html" "Mozilla/4.0 (compatible; MSIE 7.0; Windows NT 5.2; SLCC1; .NET CLR 1.1.4322; .NET CLR 2.0.50727; .NET CLR 3.0.30729; .NET CLR 3.5.30707; MS-RTC LM 8)"
65.52.111.241 - - [29/Nov/2012:00:44:33 +0100] "GET /home.html HTTP/1.1" 200 977 "http://www.gis-bau.de/main.html" "Mozilla/4.0 (compatible; MSIE 7.0; Windows NT 5.2; SLCC1; .NET CLR 1.1.4322; .NET CLR 2.0.50727; .NET CLR 3.0.30729; .NET CLR 3.5.30707; MS-RTC LM 8)"
157.55.35.46 - - [29/Nov/2012:04:28:00 +0100] "GET /robots.txt HTTP/1.1" 404 1256 "-" "Mozilla/5.0 (compatible; bingbot/2.0; +http://www.bing.com/bingbot.htm)"
157.55.35.46 - - [29/Nov/2012:04:29:25 +0100] "GET /main.html HTTP/1.1" 200 747 "-" "Mozilla/5.0 (compatible; bingbot/2.0; +http://www.bing.com/bingbot.htm)"
157.55.35.46 - - [29/Nov/2012:04:29:32 +0100] "GET /info.html HTTP/1.1" 200 1015 "-" "Mozilla/5.0 (compatible; bingbot/2.0; +http://www.bing.com/bingbot.htm)"
157.55.32.187 - - [29/Nov/2012:04:30:52 +0100] "GET /banner.html HTTP/1.1" 200 980 "-" "Mozilla/5.0 (compatible; bingbot/2.0; +http://www.bing.com/bingbot.htm)"
157.55.32.145 - - [29/Nov/2012:04:32:00 +0100] "GET /home.html HTTP/1.1" 200 977 "-" "Mozilla/5.0 (compatible; bingbot/2.0; +http://www.bing.com/bingbot.htm)"
157.55.32.145 - - [29/Nov/2012:04:32:01 +0100] "GET /home.html HTTP/1.1" 200 977 "-" "Mozilla/5.0 (compatible; bingbot/2.0; +http://www.bing.com/bingbot.htm)"
65.55.210.156 - - [29/Nov/2012:05:30:39 +0100] "GET /home.html HTTP/1.1" 200 977 "http://www.gis-bau.de/main.html" "Mozilla/5.0 (Windows NT 6.1; WOW64) AppleWebKit/534+ (KHTML, like Gecko) BingPreview/1.0b"
178.154.179.250 - - [29/Nov/2012:09:34:15 +0100] "GET /home.html HTTP/1.1" 304 - "-" "Mozilla/5.0 (compatible; YandexBot/3.0; +http://yandex.com/bots)"
66.249.73.20 - - [29/Nov/2012:19:01:23 +0100] "GET /robots.txt HTTP/1.1" 404 1256 "-" "Mozilla/5.0 (compatible; Googlebot/2.1; +http://www.google.com/bot.html)"
66.249.73.20 - - [29/Nov/2012:19:01:23 +0100] "GET /main.html HTTP/1.1" 200 747 "-" "Mozilla/5.0 (compatible; Googlebot/2.1; +http://www.google.com/bot.html)"
178.154.179.250 - - [29/Nov/2012:19:04:28 +0100] "GET /robots.txt HTTP/1.1" 404 1256 "-" "Mozilla/5.0 (compatible; YandexBot/3.0; +http://yandex.com/bots)"
213.23.45.198 - - [29/Nov/2012:19:38:06 +0100] "HEAD / HTTP/1.1" 200 - "-" "Mozilla/4.0 (compatible; MSIE 5.5; Windows NT 4.0)"
178.154.179.250 - - [29/Nov/2012:22:03:03 +0100] "GET / HTTP/1.1" 200 1137 "-" "Mozilla/5.0 (compatible; YandexBot/3.0; +http://yandex.com/bots)"
178.154.179.250 - - [30/Nov/2012:01:50:35 +0100] "GET /leistung.html HTTP/1.1" 304 - "-" "Mozilla/5.0 (compatible; YandexBot/3.0; +http://yandex.com/bots)"
66.249.73.20 - - [30/Nov/2012:03:19:21 +0100] "GET /robots.txt HTTP/1.1" 404 1256 "-" "Mozilla/5.0 (compatible; Googlebot/2.1; +http://www.google.com/bot.html)"
66.249.73.20 - - [30/Nov/2012:03:19:21 +0100] "GET /home.html HTTP/1.1" 200 977 "-" "Mozilla/5.0 (compatible; Googlebot/2.1; +http://www.google.com/bot.html)"
178.154.179.250 - - [30/Nov/2012:04:30:22 +0100] "GET /info.html HTTP/1.1" 304 - "-" "Mozilla/5.0 (compatible; YandexBot/3.0; +http://yandex.com/bots)"
37.140.141.34 - - [30/Nov/2012:05:30:58 +0100] "GET /robots.txt HTTP/1.1" 404 1256 "-" "Mozilla/5.0 (compatible; YandexImages/3.0; +http://yandex.com/bots)"
37.140.141.34 - - [30/Nov/2012:08:41:49 +0100] "GET /picture/referenzen.gif HTTP/1.1" 200 1173 "-" "Mozilla/5.0 (compatible; YandexImages/3.0; +http://yandex.com/bots)"
37.140.141.34 - - [30/Nov/2012:13:36:40 +0100] "GET /picture/gis-bau.jpg HTTP/1.1" 200 9275 "-" "Mozilla/5.0 (compatible; YandexImages/3.0; +http://yandex.com/bots)"
37.140.141.34 - - [30/Nov/2012:19:07:34 +0100] "GET /picture/kontakt.gif HTTP/1.1" 200 1128 "-" "Mozilla/5.0 (compatible; YandexImages/3.0; +http://yandex.com/bots)"
178.154.179.250 - - [30/Nov/2012:19:29:34 +0100] "GET /robots.txt HTTP/1.1" 404 1256 "-" "Mozilla/5.0 (compatible; YandexBot/3.0; +http://yandex.com/bots)"
178.154.179.250 - - [30/Nov/2012:23:28:36 +0100] "GET / HTTP/1.1" 200 1137 "-" "Mozilla/5.0 (compatible; YandexBot/3.0; +http://yandex.com/bots)"