46.119.121.71 - - [01/Feb/2018:00:07:39 +0100] "GET / HTTP/1.1" 200 3274 "https://bonkers.name/" "Mozilla/4.0 (compatible; MSIE 6.0; MSIE 5.5; Windows NT 4.0) Opera 7.0 [en]"
46.119.121.71 - - [01/Feb/2018:00:07:40 +0100] "GET / HTTP/1.1" 200 3274 "https://bonkers.name/" "Mozilla/4.0 (compatible; MSIE 6.0; MSIE 5.5; Windows NT 4.0) Opera 7.0 [en]"
46.119.121.71 - - [01/Feb/2018:00:07:40 +0100] "GET / HTTP/1.1" 200 3274 "https://bonkers.name/" "Mozilla/4.0 (compatible; MSIE 6.0; MSIE 5.5; Windows NT 4.0) Opera 7.0 [en]"
46.229.164.99 - - [01/Feb/2018:00:16:07 +0100] "GET /robots.txt HTTP/1.1" 404 1256 "-" "Mozilla/5.0 (compatible; SemrushBot/1.2~bl; +http://www.semrush.com/bot.html)"
66.249.75.128 - - [01/Feb/2018:00:28:50 +0100] "GET /robots.txt HTTP/1.1" 404 1256 "-" "Mozilla/5.0 (compatible; Googlebot/2.1; +http://www.google.com/bot.html)"
66.249.75.128 - - [01/Feb/2018:00:28:50 +0100] "GET / HTTP/1.1" 200 3274 "-" "Mozilla/5.0 (compatible; Googlebot/2.1; +http://www.google.com/bot.html)"
46.119.121.71 - - [01/Feb/2018:00:50:59 +0100] "GET / HTTP/1.1" 200 3274 "https://englishtopik.ru/" "Mozilla/4.0 (compatible; MSIE 6.0; Windows NT 5.1; SV1; InfoPath.1"
46.119.121.71 - - [01/Feb/2018:00:51:00 +0100] "GET / HTTP/1.1" 200 3274 "https://englishtopik.ru/" "Mozilla/4.0 (compatible; MSIE 6.0; Windows NT 5.1; SV1; InfoPath.1"
46.119.121.71 - - [01/Feb/2018:00:51:00 +0100] "GET / HTTP/1.1" 200 3274 "https://englishtopik.ru/" "Mozilla/4.0 (compatible; MSIE 6.0; Windows NT 5.1; SV1; InfoPath.1"
66.249.75.158 - - [01/Feb/2018:01:01:33 +0100] "GET / HTTP/1.1" 200 3274 "-" "Mozilla/5.0 (compatible; Googlebot/2.1; +http://www.google.com/bot.html)"
46.211.13.134 - - [01/Feb/2018:01:21:25 +0100] "GET / HTTP/1.1" 200 3274 "http://polyana-skazok.org.ua/" "Mozilla/4.0 (compatible; MSIE 6.0; Windows XP)"
46.211.13.134 - - [01/Feb/2018:01:21:25 +0100] "GET / HTTP/1.1" 200 3274 "http://polyana-skazok.org.ua/" "Mozilla/4.0 (compatible; MSIE 6.0; Windows XP)"
46.211.13.134 - - [01/Feb/2018:01:21:26 +0100] "GET / HTTP/1.1" 200 3274 "http://polyana-skazok.org.ua/" "Mozilla/4.0 (compatible; MSIE 6.0; Windows XP)"
66.249.75.130 - - [01/Feb/2018:01:25:25 +0100] "GET / HTTP/1.1" 200 3274 "-" "Mozilla/5.0 (compatible; Googlebot/2.1; +http://www.google.com/bot.html)"
13.56.229.65 - - [01/Feb/2018:01:42:59 +0100] "GET / HTTP/1.1" 200 3274 "-" "Mozilla/5.0 (Macintosh; Intel Mac OS X 10_12_6) AppleWebKit/537.36 (KHTML, like Gecko) Chrome/61.0.3163.100 Safari/537.36"
46.119.113.175 - - [01/Feb/2018:02:55:40 +0100] "GET / HTTP/1.1" 200 3274 "http://doxyporno.com/" "Mozilla/4.0 (compatible; MSIE 7.0b; Windows NT 6.0 ; .NET CLR 2.0.50215; SL Commerce Client v1.0; Tablet PC 2.0"
46.119.113.175 - - [01/Feb/2018:02:55:42 +0100] "GET / HTTP/1.1" 200 3274 "http://doxyporno.com/" "Mozilla/4.0 (compatible; MSIE 7.0b; Windows NT 6.0 ; .NET CLR 2.0.50215; SL Commerce Client v1.0; Tablet PC 2.0"
46.119.113.175 - - [01/Feb/2018:02:55:42 +0100] "GET / HTTP/1.1" 200 3274 "http://doxyporno.com/" "Mozilla/4.0 (compatible; MSIE 7.0b; Windows NT 6.0 ; .NET CLR 2.0.50215; SL Commerce Client v1.0; Tablet PC 2.0"
46.119.113.175 - - [01/Feb/2018:03:11:55 +0100] "GET / HTTP/1.1" 200 3274 "http://superoboi.com.ua/" "Mozilla/4.0 (compatible; MSIE 5.0; Windows 95) Opera 6.01 [en]"
46.119.113.175 - - [01/Feb/2018:03:11:55 +0100] "GET / HTTP/1.1" 200 3274 "http://superoboi.com.ua/" "Mozilla/4.0 (compatible; MSIE 5.0; Windows 95) Opera 6.01 [en]"
167.114.219.41 - - [01/Feb/2018:03:37:43 +0100] "GET /robots.txt HTTP/1.1" 404 1256 "-" "Mozilla/5.0 (compatible; SiteExplorer/1.1b; +http://siteexplorer.info/Backlink-Checker-Spider/)"
167.114.219.41 - - [01/Feb/2018:03:37:55 +0100] "GET / HTTP/1.1" 200 3274 "-" "Mozilla/5.0 (compatible; SiteExplorer/1.1b; +http://siteexplorer.info/Backlink-Checker-Spider/)"
188.163.79.63 - - [01/Feb/2018:05:24:32 +0100] "GET / HTTP/1.1" 200 3274 "https://tam-gde-more.ru/" "Mozilla/4.0 (compatible; MSIE 6.0; Windows NT 5.1; SV1; .NET CLR 1.0.3705; .NET CLR 1.1.4322; .NET CLR 2.0.40607)"
188.163.79.63 - - [01/Feb/2018:05:24:33 +0100] "GET / HTTP/1.1" 200 3274 "https://tam-gde-more.ru/" "Mozilla/4.0 (compatible; MSIE 6.0; Windows NT 5.1; SV1; .NET CLR 1.0.3705; .NET CLR 1.1.4322; .NET CLR 2.0.40607)"
66.249.75.158 - - [01/Feb/2018:06:30:50 +0100] "GET / HTTP/1.1" 200 3274 "-" "Mozilla/5.0 (compatible; Googlebot/2.1; +http://www.google.com/bot.html)"
66.249.75.158 - - [01/Feb/2018:07:00:15 +0100] "GET / HTTP/1.1" 200 3274 "-" "Mozilla/5.0 (compatible; Googlebot/2.1; +http://www.google.com/bot.html)"
58.179.26.69 - - [01/Feb/2018:07:04:58 +0100] "GET / HTTP/1.1" 200 3274 "-" "Java/1.6.0_04"
58.179.26.69 - - [01/Feb/2018:07:04:59 +0100] "GET /js/bootstrap.min.js HTTP/1.1" 200 25764 "-" "Java/1.6.0_04"
58.179.26.69 - - [01/Feb/2018:07:05:00 +0100] "GET /js/),this.$menu.html(t),this},next:function(t){var n=this.$menu.find( HTTP/1.1" 404 1256 "-" "Java/1.6.0_04"
58.179.26.69 - - [01/Feb/2018:07:05:01 +0100] "GET /js/).html(n.highlighter(r)),t[0]}),t.first().addClass( HTTP/1.1" 404 1256 "-" "Java/1.6.0_04"
58.179.26.69 - - [01/Feb/2018:07:05:02 +0100] "GET /js/)[this.options.html? HTTP/1.1" 404 1256 "-" "Java/1.6.0_04"
58.179.26.69 - - [01/Feb/2018:07:05:03 +0100] "GET /js/'+t+' HTTP/1.1" 404 1256 "-" "Java/1.6.0_04"
217.27.196.25 - - [01/Feb/2018:10:35:18 +0100] "GET / HTTP/1.1" 200 3274 "http://www.google.de/url?sa=t&rct=j&q=&esrc=s&source=web&cd=1&ved=0ahUKEwjewI-Bs4TZAhUCJlAKHec5AssQFggnMAA&url=http%3A%2F%2Fwww.dialyse-falkensee.de%2F&usg=AOvVaw1lUnyPeCxqgIdCXhRMv-Iy" "Mozilla/5.0 (Windows NT 6.1; WOW64; Trident/7.0; rv:11.0) like Gecko"
217.27.196.25 - - [01/Feb/2018:10:35:18 +0100] "GET /css/bootstrap-responsive.min.css HTTP/1.1" 200 16520 "http://www.dialyse-falkensee.de/" "Mozilla/5.0 (Windows NT 6.1; WOW64; Trident/7.0; rv:11.0) like Gecko"
217.27.196.25 - - [01/Feb/2018:10:35:18 +0100] "GET /css/bootstrap.min.css HTTP/1.1" 200 101265 "http://www.dialyse-falkensee.de/" "Mozilla/5.0 (Windows NT 6.1; WOW64; Trident/7.0; rv:11.0) like Gecko"
217.27.196.25 - - [01/Feb/2018:10:35:18 +0100] "GET /js/bootstrap.min.js HTTP/1.1" 200 25764 "http://www.dialyse-falkensee.de/" "Mozilla/5.0 (Windows NT 6.1; WOW64; Trident/7.0; rv:11.0) like Gecko"
217.27.196.25 - - [01/Feb/2018:10:35:19 +0100] "GET /ico/favicon.ico HTTP/1.1" 404 1256 "-" "Mozilla/5.0 (Windows NT 6.1; WOW64; Trident/7.0; rv:11.0) like Gecko"
217.27.196.25 - - [01/Feb/2018:10:35:19 +0100] "GET /favicon.ico HTTP/1.1" 404 1256 "-" "Mozilla/5.0 (Windows NT 6.1; WOW64; Trident/7.0; rv:11.0) like Gecko"
46.229.164.99 - - [01/Feb/2018:13:30:08 +0100] "GET /robots.txt HTTP/1.1" 404 1256 "-" "Mozilla/5.0 (compatible; SemrushBot/1.2~bl; +http://www.semrush.com/bot.html)"
157.55.39.8 - - [01/Feb/2018:16:33:49 +0100] "GET /robots.txt HTTP/1.1" 404 1256 "-" "Mozilla/5.0 (compatible; bingbot/2.0; +http://www.bing.com/bingbot.htm)"
157.55.39.98 - - [01/Feb/2018:16:33:55 +0100] "GET / HTTP/1.1" 200 3274 "-" "Mozilla/5.0 (iPhone; CPU iPhone OS 7_0 like Mac OS X) AppleWebKit/537.51.1 (KHTML, like Gecko) Version/7.0 Mobile/11A465 Safari/9537.53 (compatible; bingbot/2.0; +http://www.bing.com/bingbot.htm)"
40.77.167.194 - - [01/Feb/2018:16:34:22 +0100] "GET /robots.txt HTTP/1.1" 404 1256 "-" "Mozilla/5.0 (compatible; bingbot/2.0; +http://www.bing.com/bingbot.htm)"
46.119.113.175 - - [01/Feb/2018:17:31:37 +0100] "GET / HTTP/1.1" 200 3274 "http://kollekcioner.ru/" "Mozilla/4.0 (compatible; MSIE 5.0; Windows 2000) Opera 6.0 [en]"
46.119.113.175 - - [01/Feb/2018:17:31:37 +0100] "GET / HTTP/1.1" 200 3274 "http://kollekcioner.ru/" "Mozilla/4.0 (compatible; MSIE 5.0; Windows 2000) Opera 6.0 [en]"
65.55.210.237 - - [01/Feb/2018:17:34:55 +0100] "GET /css/bootstrap.min.css HTTP/1.1" 200 101265 "-" "Mozilla/5.0 (iPhone; CPU iPhone OS 7_0 like Mac OS X) AppleWebKit/537.51.1 (KHTML, like Gecko) Version/7.0 Mobile/11A465 Safari/9537.53 BingPreview/1.0b"
65.55.210.228 - - [01/Feb/2018:17:34:58 +0100] "GET /css/bootstrap-responsive.min.css HTTP/1.1" 200 16520 "-" "Mozilla/5.0 (iPhone; CPU iPhone OS 7_0 like Mac OS X) AppleWebKit/537.51.1 (KHTML, like Gecko) Version/7.0 Mobile/11A465 Safari/9537.53 BingPreview/1.0b"
199.30.25.182 - - [01/Feb/2018:17:34:59 +0100] "GET /js/bootstrap.min.js HTTP/1.1" 200 25764 "-" "Mozilla/5.0 (iPhone; CPU iPhone OS 7_0 like Mac OS X) AppleWebKit/537.51.1 (KHTML, like Gecko) Version/7.0 Mobile/11A465 Safari/9537.53 BingPreview/1.0b"
37.115.184.155 - - [01/Feb/2018:18:23:55 +0100] "GET / HTTP/1.1" 200 3274 "https://atleticpharm.org/" "Mozilla/4.0 (compatible; MSIE 6.0; Windows NT 5.1; SV1; .NET CLR 1.1.4322)"
37.115.184.155 - - [01/Feb/2018:18:23:55 +0100] "GET / HTTP/1.1" 200 3274 "https://atleticpharm.org/" "Mozilla/4.0 (compatible; MSIE 6.0; Windows NT 5.1; SV1; .NET CLR 1.1.4322)"
37.115.184.155 - - [01/Feb/2018:18:23:56 +0100] "GET / HTTP/1.1" 200 3274 "https://atleticpharm.org/" "Mozilla/4.0 (compatible; MSIE 6.0; Windows NT 5.1; SV1; .NET CLR 1.1.4322)"
84.175.85.194 - - [01/Feb/2018:19:03:05 +0100] "GET / HTTP/1.1" 200 3274 "https://www.google.de/" "Mozilla/5.0 (Windows NT 6.1; Win64; x64; rv:58.0) Gecko/20100101 Firefox/58.0"
84.175.85.194 - - [01/Feb/2018:19:03:05 +0100] "GET /css/bootstrap-responsive.min.css HTTP/1.1" 200 16520 "http://www.dialyse-falkensee.de/" "Mozilla/5.0 (Windows NT 6.1; Win64; x64; rv:58.0) Gecko/20100101 Firefox/58.0"
84.175.85.194 - - [01/Feb/2018:19:03:05 +0100] "GET /js/bootstrap.min.js HTTP/1.1" 200 25764 "http://www.dialyse-falkensee.de/" "Mozilla/5.0 (Windows NT 6.1; Win64; x64; rv:58.0) Gecko/20100101 Firefox/58.0"
84.175.85.194 - - [01/Feb/2018:19:03:05 +0100] "GET /css/bootstrap.min.css HTTP/1.1" 200 101265 "http://www.dialyse-falkensee.de/" "Mozilla/5.0 (Windows NT 6.1; Win64; x64; rv:58.0) Gecko/20100101 Firefox/58.0"
84.175.85.194 - - [01/Feb/2018:19:03:05 +0100] "GET /ico/favicon.ico HTTP/1.1" 404 1256 "-" "Mozilla/5.0 (Windows NT 6.1; Win64; x64; rv:58.0) Gecko/20100101 Firefox/58.0"
84.175.84.53 - - [01/Feb/2018:20:27:44 +0100] "GET /favicon.ico HTTP/1.1" 404 1256 "-" "okhttp/2.5.0"
84.175.84.53 - - [01/Feb/2018:20:29:14 +0100] "GET /favicon.ico HTTP/1.1" 404 1256 "-" "okhttp/2.5.0"
91.200.12.21 - - [01/Feb/2018:21:03:03 +0100] "GET /server/php/ HTTP/1.1" 404 1256 "http://www.dialyse-falkensee.de/server/php/" "Mozilla/5.0 (Windows NT 6.1; WOW64) AppleWebKit/537.36 (KHTML, like Gecko) Chrome/42.0.2311.152 Safari/537.36"
37.115.184.155 - - [02/Feb/2018:00:40:29 +0100] "GET / HTTP/1.1" 200 3274 "https://pills24h.com/buy-periactin-cyproheptadine-online-without-prescription/" "Mozilla/4.0 (compatible; MSIE 5.0; Windows NT; DigExt)"
37.115.184.155 - - [02/Feb/2018:00:40:29 +0100] "GET / HTTP/1.1" 200 3274 "https://pills24h.com/buy-periactin-cyproheptadine-online-without-prescription/" "Mozilla/4.0 (compatible; MSIE 5.0; Windows NT; DigExt)"
37.115.184.155 - - [02/Feb/2018:00:40:30 +0100] "GET / HTTP/1.1" 200 3274 "https://pills24h.com/buy-periactin-cyproheptadine-online-without-prescription/" "Mozilla/4.0 (compatible; MSIE 5.0; Windows NT; DigExt)"
46.119.113.175 - - [02/Feb/2018:02:16:50 +0100] "GET / HTTP/1.1" 200 3274 "http://popugauka.ru/" "Mozilla/4.0 (compatible; MSIE 6.0; Windows NT 5.1; Crazy Browser 1.0.5)"
46.119.113.175 - - [02/Feb/2018:02:16:51 +0100] "GET / HTTP/1.1" 200 3274 "http://popugauka.ru/" "Mozilla/4.0 (compatible; MSIE 6.0; Windows NT 5.1; Crazy Browser 1.0.5)"
188.163.79.63 - - [02/Feb/2018:02:20:45 +0100] "GET / HTTP/1.1" 200 3274 "http://vgoloveboli.net/" "Mozilla/4.0 (compatible; MSIE 5.5; Windows 98)"
188.163.79.63 - - [02/Feb/2018:02:20:45 +0100] "GET / HTTP/1.1" 200 3274 "http://vgoloveboli.net/" "Mozilla/4.0 (compatible; MSIE 5.5; Windows 98)"
188.163.79.63 - - [02/Feb/2018:02:20:48 +0100] "GET / HTTP/1.1" 200 3274 "http://vgoloveboli.net/" "Mozilla/4.0 (compatible; MSIE 5.5; Windows 98)"
13.57.37.89 - - [02/Feb/2018:03:45:12 +0100] "GET /robots.txt HTTP/1.1" 404 1256 "-" "LinkedInBot/1.0 (compatible; Mozilla/5.0; Jakarta Commons-HttpClient/3.1 +http://www.linkedin.com)/1.0 (LinkedInBot; https://www.linkedin.com/; omni-crawler@linkedin.com)"
13.57.37.89 - - [02/Feb/2018:03:45:12 +0100] "GET / HTTP/1.1" 200 3274 "-" "LinkedInBot/1.0 (compatible; Mozilla/5.0; Jakarta Commons-HttpClient/3.1 +http://www.linkedin.com)/1.0 (LinkedInBot; https://www.linkedin.com/; omni-crawler@linkedin.com)"
46.229.164.99 - - [02/Feb/2018:04:40:20 +0100] "GET /robots.txt HTTP/1.1" 404 1256 "-" "Mozilla/5.0 (compatible; SemrushBot/1.2~bl; +http://www.semrush.com/bot.html)"
37.115.184.155 - - [02/Feb/2018:07:05:01 +0100] "GET / HTTP/1.1" 200 3274 "https://pills24h.com/buy-synthroid-levothyroxine-online-without-prescription/" "Opera/9.00 (Windows NT 5.1; U; en)"
37.115.184.155 - - [02/Feb/2018:07:05:02 +0100] "GET / HTTP/1.1" 200 3274 "https://pills24h.com/buy-synthroid-levothyroxine-online-without-prescription/" "Opera/9.00 (Windows NT 5.1; U; en)"
37.115.184.155 - - [02/Feb/2018:07:05:03 +0100] "GET / HTTP/1.1" 200 3274 "https://pills24h.com/buy-synthroid-levothyroxine-online-without-prescription/" "Opera/9.00 (Windows NT 5.1; U; en)"
46.229.168.68 - - [02/Feb/2018:07:26:51 +0100] "GET / HTTP/1.1" 200 3274 "-" "Mozilla/5.0 (compatible; SemrushBot/1.2~bl; +http://www.semrush.com/bot.html)"
46.229.168.66 - - [02/Feb/2018:07:27:07 +0100] "GET /index.html HTTP/1.1" 200 3274 "-" "Mozilla/5.0 (compatible; SemrushBot/1.2~bl; +http://www.semrush.com/bot.html)"
109.41.3.186 - - [02/Feb/2018:07:40:16 +0100] "GET /favicon.ico HTTP/1.1" 404 1256 "-" "okhttp/2.5.0"
157.55.39.106 - - [02/Feb/2018:07:48:18 +0100] "GET / HTTP/1.1" 200 3274 "-" "Mozilla/5.0 (compatible; bingbot/2.0; +http://www.bing.com/bingbot.htm)"
65.55.210.80 - - [02/Feb/2018:07:48:21 +0100] "GET /css/bootstrap.min.css HTTP/1.1" 200 101265 "http://www.dialyse-falkensee.de/" "Mozilla/5.0 (Windows NT 6.1; WOW64) AppleWebKit/534+ (KHTML, like Gecko) BingPreview/1.0b"
65.55.210.80 - - [02/Feb/2018:07:48:24 +0100] "GET /css/bootstrap-responsive.min.css HTTP/1.1" 200 16520 "http://www.dialyse-falkensee.de/" "Mozilla/5.0 (Windows NT 6.1; WOW64) AppleWebKit/534+ (KHTML, like Gecko) BingPreview/1.0b"
65.55.210.80 - - [02/Feb/2018:07:48:25 +0100] "GET /js/bootstrap.min.js HTTP/1.1" 200 25764 "http://www.dialyse-falkensee.de/" "Mozilla/5.0 (Windows NT 6.1; WOW64) AppleWebKit/534+ (KHTML, like Gecko) BingPreview/1.0b"
93.207.184.248 - - [02/Feb/2018:08:11:18 +0100] "GET / HTTP/1.1" 200 3274 "https://www.google.de/" "Mozilla/5.0 (Linux; Android 5.0.2; SM-T530 Build/LRX22G) AppleWebKit/537.36 (KHTML, like Gecko) Chrome/63.0.3239.111 Safari/537.36"
93.207.184.248 - - [02/Feb/2018:08:11:18 +0100] "GET /css/bootstrap-responsive.min.css HTTP/1.1" 200 16520 "http://www.dialyse-falkensee.de/" "Mozilla/5.0 (Linux; Android 5.0.2; SM-T530 Build/LRX22G) AppleWebKit/537.36 (KHTML, like Gecko) Chrome/63.0.3239.111 Safari/537.36"
93.207.184.248 - - [02/Feb/2018:08:11:18 +0100] "GET /js/bootstrap.min.js HTTP/1.1" 200 25764 "http://www.dialyse-falkensee.de/" "Mozilla/5.0 (Linux; Android 5.0.2; SM-T530 Build/LRX22G) AppleWebKit/537.36 (KHTML, like Gecko) Chrome/63.0.3239.111 Safari/537.36"
93.207.184.248 - - [02/Feb/2018:08:11:18 +0100] "GET /css/bootstrap.min.css HTTP/1.1" 200 101265 "http://www.dialyse-falkensee.de/" "Mozilla/5.0 (Linux; Android 5.0.2; SM-T530 Build/LRX22G) AppleWebKit/537.36 (KHTML, like Gecko) Chrome/63.0.3239.111 Safari/537.36"
93.207.184.248 - - [02/Feb/2018:08:11:18 +0100] "GET /ico/favicon.ico HTTP/1.1" 404 1256 "http://www.dialyse-falkensee.de/" "Mozilla/5.0 (Linux; Android 5.0.2; SM-T530 Build/LRX22G) AppleWebKit/537.36 (KHTML, like Gecko) Chrome/63.0.3239.111 Safari/537.36"
217.69.133.10 - - [02/Feb/2018:08:37:58 +0100] "GET /robots.txt HTTP/1.0" 404 1256 "-" "Mozilla/5.0 (compatible; Linux x86_64; Mail.RU_Bot/2.0; +http://go.mail.ru/help/robots)"
217.69.133.14 - - [02/Feb/2018:08:37:59 +0100] "GET / HTTP/1.1" 200 3274 "-" "Mozilla/5.0 (compatible; Linux x86_64; Mail.RU_Bot/2.0; +http://go.mail.ru/help/robots)"
109.41.3.186 - - [02/Feb/2018:08:42:57 +0100] "GET /favicon.ico HTTP/1.1" 404 1256 "-" "okhttp/2.5.0"
82.208.160.181 - - [02/Feb/2018:10:12:19 +0100] "GET / HTTP/1.1" 200 3274 "-" "Mozilla/5.0 (compatible& Googlebot/2.1& +http://www.google.com/bot.html)"
109.41.1.237 - - [02/Feb/2018:10:31:29 +0100] "GET /favicon.ico HTTP/1.1" 404 1256 "-" "okhttp/2.5.0"
46.211.13.134 - - [02/Feb/2018:13:08:26 +0100] "GET / HTTP/1.1" 200 3274 "https://td-l-market.ru/" "Mozilla/4.0 (compatible; MSIE 6.0; Windows XP)"
46.211.13.134 - - [02/Feb/2018:13:08:27 +0100] "GET / HTTP/1.1" 200 3274 "https://td-l-market.ru/" "Mozilla/4.0 (compatible; MSIE 6.0; Windows XP)"
46.211.13.134 - - [02/Feb/2018:13:08:27 +0100] "GET / HTTP/1.1" 200 3274 "https://td-l-market.ru/" "Mozilla/4.0 (compatible; MSIE 6.0; Windows XP)"
77.100.95.18 - - [02/Feb/2018:15:31:04 +0100] "GET / HTTP/1.1" 200 3274 "-" "Mozilla/4.0 (compatible; MSIE 8.0; Windows NT 5.1; Trident/4.0; .NET CLR 1.1.4322; .NET CLR 2.0.50727; .NET CLR 3.0.4506.2152; .NET CLR 3.5.30729; .NET4.0C)"
188.163.79.63 - - [02/Feb/2018:15:48:18 +0100] "GET / HTTP/1.1" 200 3274 "http://pornoelita.info/" "Mozilla/4.0 (compatible; MSIE 6.0; Windows NT 5.1) Opera 7.54 [en]"
188.163.79.63 - - [02/Feb/2018:15:48:18 +0100] "GET / HTTP/1.1" 200 3274 "http://pornoelita.info/" "Mozilla/4.0 (compatible; MSIE 6.0; Windows NT 5.1) Opera 7.54 [en]"
188.163.79.63 - - [02/Feb/2018:15:48:19 +0100] "GET / HTTP/1.1" 200 3274 "http://pornoelita.info/" "Mozilla/4.0 (compatible; MSIE 6.0; Windows NT 5.1) Opera 7.54 [en]"
217.27.196.25 - - [02/Feb/2018:15:55:22 +0100] "GET / HTTP/1.1" 200 3274 "http://www.google.de/url?sa=t&rct=j&q=&esrc=s&source=web&cd=1&ved=0ahUKEwip3_H9uYfZAhXECuwKHSQsCK0QFggnMAA&url=http%3A%2F%2Fwww.dialyse-falkensee.de%2F&usg=AOvVaw1lUnyPeCxqgIdCXhRMv-Iy" "Mozilla/5.0 (Windows NT 6.1; WOW64; Trident/7.0; rv:11.0) like Gecko"
217.27.196.25 - - [02/Feb/2018:15:55:23 +0100] "GET /css/bootstrap-responsive.min.css HTTP/1.1" 200 16520 "http://www.dialyse-falkensee.de/" "Mozilla/5.0 (Windows NT 6.1; WOW64; Trident/7.0; rv:11.0) like Gecko"
217.27.196.25 - - [02/Feb/2018:15:55:22 +0100] "GET /css/bootstrap.min.css HTTP/1.1" 200 101265 "http://www.dialyse-falkensee.de/" "Mozilla/5.0 (Windows NT 6.1; WOW64; Trident/7.0; rv:11.0) like Gecko"
217.27.196.25 - - [02/Feb/2018:15:55:23 +0100] "GET /js/bootstrap.min.js HTTP/1.1" 200 25764 "http://www.dialyse-falkensee.de/" "Mozilla/5.0 (Windows NT 6.1; WOW64; Trident/7.0; rv:11.0) like Gecko"
217.27.196.25 - - [02/Feb/2018:15:55:23 +0100] "GET /ico/favicon.ico HTTP/1.1" 404 1256 "-" "Mozilla/5.0 (Windows NT 6.1; WOW64; Trident/7.0; rv:11.0) like Gecko"
217.27.196.25 - - [02/Feb/2018:15:55:23 +0100] "GET /favicon.ico HTTP/1.1" 404 1256 "-" "Mozilla/5.0 (Windows NT 6.1; WOW64; Trident/7.0; rv:11.0) like Gecko"
188.163.79.63 - - [02/Feb/2018:16:07:56 +0100] "GET / HTTP/1.1" 200 3274 "http://antonovich-design.com.ua/" "Mozilla/4.0 (compatible; MSIE 6.0; Windows ME) Opera 7.11 [en]"
188.163.79.63 - - [02/Feb/2018:16:07:56 +0100] "GET / HTTP/1.1" 200 3274 "http://antonovich-design.com.ua/" "Mozilla/4.0 (compatible; MSIE 6.0; Windows ME) Opera 7.11 [en]"
188.163.79.63 - - [02/Feb/2018:16:07:57 +0100] "GET / HTTP/1.1" 200 3274 "http://antonovich-design.com.ua/" "Mozilla/4.0 (compatible; MSIE 6.0; Windows ME) Opera 7.11 [en]"
178.137.167.106 - - [02/Feb/2018:16:14:46 +0100] "GET / HTTP/1.1" 200 3274 "http://perl.dp.ua/" "Mozilla/4.0 (compatible; MSIE 6.0; Windows NT 5.1; en) Opera 8.00"
178.137.167.106 - - [02/Feb/2018:16:14:47 +0100] "GET / HTTP/1.1" 200 3274 "http://perl.dp.ua/" "Mozilla/4.0 (compatible; MSIE 6.0; Windows NT 5.1; en) Opera 8.00"
178.137.167.106 - - [02/Feb/2018:16:14:48 +0100] "GET / HTTP/1.1" 200 3274 "http://perl.dp.ua/" "Mozilla/4.0 (compatible; MSIE 6.0; Windows NT 5.1; en) Opera 8.00"
138.201.30.66 - - [02/Feb/2018:17:28:46 +0100] "GET /robots.txt HTTP/1.0" 404 1256 "-" "Mozilla/5.0 (compatible; SEOkicks-Robot; +http://www.seokicks.de/robot.html)"
138.201.30.66 - - [02/Feb/2018:17:28:47 +0100] "GET / HTTP/1.0" 200 3274 "-" "Mozilla/5.0 (compatible; SEOkicks-Robot; +http://www.seokicks.de/robot.html)"
138.201.30.66 - - [02/Feb/2018:17:28:49 +0100] "GET /css/bootstrap.min.css HTTP/1.0" 200 101265 "http://www.dialyse-falkensee.de/" "Mozilla/5.0 (compatible; SEOkicks-Robot; +http://www.seokicks.de/robot.html)"
138.201.30.66 - - [02/Feb/2018:17:28:50 +0100] "GET /css/bootstrap-responsive.min.css HTTP/1.0" 200 16520 "http://www.dialyse-falkensee.de/" "Mozilla/5.0 (compatible; SEOkicks-Robot; +http://www.seokicks.de/robot.html)"
138.201.30.66 - - [02/Feb/2018:17:28:51 +0100] "GET /ico/favicon.ico HTTP/1.0" 404 1256 "http://www.dialyse-falkensee.de/" "Mozilla/5.0 (compatible; SEOkicks-Robot; +http://www.seokicks.de/robot.html)"
138.201.30.66 - - [02/Feb/2018:17:28:52 +0100] "GET /js/bootstrap.min.js HTTP/1.0" 200 25764 "http://www.dialyse-falkensee.de/" "Mozilla/5.0 (compatible; SEOkicks-Robot; +http://www.seokicks.de/robot.html)"
217.27.196.25 - - [02/Feb/2018:18:24:11 +0100] "GET /ico/favicon.ico HTTP/1.1" 404 1256 "-" "Mozilla/5.0 (Windows NT 6.1; WOW64; Trident/7.0; rv:11.0) like Gecko"
217.27.196.25 - - [02/Feb/2018:18:24:11 +0100] "GET /img/glyphicons-halflings.png HTTP/1.1" 200 12799 "http://www.dialyse-falkensee.de/" "Mozilla/5.0 (Windows NT 6.1; WOW64; Trident/7.0; rv:11.0) like Gecko"
217.27.196.25 - - [02/Feb/2018:18:24:11 +0100] "GET /favicon.ico HTTP/1.1" 404 1256 "-" "Mozilla/5.0 (Windows NT 6.1; WOW64; Trident/7.0; rv:11.0) like Gecko"
46.119.113.175 - - [02/Feb/2018:21:01:22 +0100] "GET / HTTP/1.1" 200 3274 "http://kinoduh.ru/" "Mozilla/4.0 (compatible; MSIE 7.0; Windows NT 5.1; SV1; .NET CLR 2.0.50727)"
46.119.113.175 - - [02/Feb/2018:21:21:49 +0100] "GET / HTTP/1.1" 200 3274 "http://raschtextil.com.ua/" "Mozilla/4.0 (compatible; MSIE 6.0; Windows NT 5.0; .NET CLR 1.0.3705; .NET CLR 1.1.4322)"
46.119.113.175 - - [02/Feb/2018:21:21:50 +0100] "GET / HTTP/1.1" 200 3274 "http://raschtextil.com.ua/" "Mozilla/4.0 (compatible; MSIE 6.0; Windows NT 5.0; .NET CLR 1.0.3705; .NET CLR 1.1.4322)"
37.115.184.155 - - [02/Feb/2018:21:56:44 +0100] "GET / HTTP/1.1" 200 3274 "https://natprof.ru/" "Mozilla/4.0 (compatible; MSIE 5.5; Windows 95; BCD2000)"
37.115.184.155 - - [02/Feb/2018:21:56:46 +0100] "GET / HTTP/1.1" 200 3274 "https://natprof.ru/" "Mozilla/4.0 (compatible; MSIE 5.5; Windows 95; BCD2000)"
37.115.184.155 - - [02/Feb/2018:21:56:47 +0100] "GET / HTTP/1.1" 200 3274 "https://natprof.ru/" "Mozilla/4.0 (compatible; MSIE 5.5; Windows 95; BCD2000)"
165.227.122.103 - - [03/Feb/2018:00:08:13 +0100] "GET / HTTP/1.0" 200 3274 "-" "Mozilla/5.0 (compatible; NetcraftSurveyAgent/1.0; +info@netcraft.com)"
144.76.168.111 - - [03/Feb/2018:01:43:24 +0100] "GET / HTTP/1.1" 200 3274 "-" "Mozilla/5.0 (Windows NT 6.1; WOW64; rv:11.0) Gecko Firefox/11.0"
188.163.79.63 - - [03/Feb/2018:01:44:24 +0100] "GET / HTTP/1.1" 200 3274 "https://tam-gde-more.ru/" "Mozilla/4.0 (compatible; MSIE 5.5; Windows 95)"
188.163.79.63 - - [03/Feb/2018:01:44:25 +0100] "GET / HTTP/1.1" 200 3274 "https://tam-gde-more.ru/" "Mozilla/4.0 (compatible; MSIE 5.5; Windows 95)"
188.163.79.63 - - [03/Feb/2018:01:44:25 +0100] "GET / HTTP/1.1" 200 3274 "https://tam-gde-more.ru/" "Mozilla/4.0 (compatible; MSIE 5.5; Windows 95)"
216.244.66.247 - - [03/Feb/2018:02:59:01 +0100] "GET /robots.txt HTTP/1.1" 404 1256 "-" "Mozilla/5.0 (compatible; DotBot/1.1; http://www.opensiteexplorer.org/dotbot, help@moz.com)"
178.137.167.106 - - [03/Feb/2018:03:01:18 +0100] "GET / HTTP/1.1" 200 3274 "https://buynorxx.com/" "Mozilla/1.22 (compatible; MSIE 2.0d; Windows NT)"
178.137.167.106 - - [03/Feb/2018:03:01:19 +0100] "GET / HTTP/1.1" 200 3274 "https://buynorxx.com/" "Mozilla/1.22 (compatible; MSIE 2.0d; Windows NT)"
178.137.167.106 - - [03/Feb/2018:03:01:19 +0100] "GET / HTTP/1.1" 200 3274 "https://buynorxx.com/" "Mozilla/1.22 (compatible; MSIE 2.0d; Windows NT)"
178.137.167.106 - - [03/Feb/2018:03:06:35 +0100] "GET / HTTP/1.1" 200 3274 "http://spy-app.info/mobile-spy-app/" "Mozilla/4.0 (compatible; MSIE 5.5; Windows 98)"
178.137.167.106 - - [03/Feb/2018:03:06:35 +0100] "GET / HTTP/1.1" 200 3274 "http://spy-app.info/mobile-spy-app/" "Mozilla/4.0 (compatible; MSIE 5.5; Windows 98)"
178.137.167.106 - - [03/Feb/2018:03:06:35 +0100] "GET / HTTP/1.1" 200 3274 "http://spy-app.info/mobile-spy-app/" "Mozilla/4.0 (compatible; MSIE 5.5; Windows 98)"
178.137.167.106 - - [03/Feb/2018:05:13:19 +0100] "GET / HTTP/1.1" 200 3274 "http://lyrics.home-task.com/" "Mozilla/4.0 (compatible; MSIE 6.0; Windows NT 5.1; .NET CLR 1.0.3705)"
178.137.167.106 - - [03/Feb/2018:05:13:32 +0100] "GET / HTTP/1.1" 200 3274 "http://lyrics.home-task.com/" "Mozilla/4.0 (compatible; MSIE 6.0; Windows NT 5.1; .NET CLR 1.0.3705)"
141.8.141.134 - - [03/Feb/2018:05:24:17 +0100] "GET /robots.txt HTTP/1.1" 404 1256 "-" "Mozilla/5.0 (compatible; YandexBot/3.0; +http://yandex.com/bots)"
87.250.244.7 - - [03/Feb/2018:05:24:21 +0100] "GET / HTTP/1.1" 200 3274 "-" "Mozilla/5.0 (compatible; YandexBot/3.0; +http://yandex.com/bots)"
46.119.113.175 - - [03/Feb/2018:10:21:41 +0100] "GET / HTTP/1.1" 200 3274 "https://cryptoswap.biz/" "Mozilla/4.0 (compatible; MSIE 6.0; Windows 98; Win 9x 4.90; Creative)"
46.119.113.175 - - [03/Feb/2018:10:21:42 +0100] "GET / HTTP/1.1" 200 3274 "https://cryptoswap.biz/" "Mozilla/4.0 (compatible; MSIE 6.0; Windows 98; Win 9x 4.90; Creative)"
46.119.113.175 - - [03/Feb/2018:10:21:42 +0100] "GET / HTTP/1.1" 200 3274 "https://cryptoswap.biz/" "Mozilla/4.0 (compatible; MSIE 6.0; Windows 98; Win 9x 4.90; Creative)"
207.46.13.141 - - [03/Feb/2018:11:21:18 +0100] "GET /robots.txt HTTP/1.1" 404 1256 "-" "Mozilla/5.0 (compatible; bingbot/2.0; +http://www.bing.com/bingbot.htm)"
157.55.39.106 - - [03/Feb/2018:11:21:49 +0100] "GET / HTTP/1.1" 200 3274 "-" "Mozilla/5.0 (iPhone; CPU iPhone OS 7_0 like Mac OS X) AppleWebKit/537.51.1 (KHTML, like Gecko) Version/7.0 Mobile/11A465 Safari/9537.53 (compatible; bingbot/2.0; +http://www.bing.com/bingbot.htm)"
46.41.139.66 - - [03/Feb/2018:12:02:49 +0100] "GET / HTTP/1.1" 200 3274 "-" "Mozilla/5.0 (Macintosh; Intel Mac OS X 10_11_6) AppleWebKit/604.4.7 (KHTML, like Gecko) Version/11.0.2 Safari/604.4.7"
54.36.150.86 - - [03/Feb/2018:14:31:08 +0100] "GET /robots.txt HTTP/1.1" 404 1256 "-" "Mozilla/5.0 (compatible; AhrefsBot/5.2; +http://ahrefs.com/robot/)"
54.36.148.253 - - [03/Feb/2018:14:31:08 +0100] "GET / HTTP/1.1" 200 3274 "-" "Mozilla/5.0 (compatible; AhrefsBot/5.2; +http://ahrefs.com/robot/)"
37.115.184.155 - - [03/Feb/2018:15:48:02 +0100] "GET / HTTP/1.1" 200 3274 "http://gazel-72.ru/" "Opera/7.60 (Windows NT 5.2; U) [en] (IBM EVV/3.0/EAK01AG9/LE)"
37.115.184.155 - - [03/Feb/2018:15:48:03 +0100] "GET / HTTP/1.1" 200 3274 "http://gazel-72.ru/" "Opera/7.60 (Windows NT 5.2; U) [en] (IBM EVV/3.0/EAK01AG9/LE)"
42.236.10.75 - - [03/Feb/2018:16:39:13 +0100] "GET /robots.txt HTTP/1.1" 404 1256 "http://www.dialyse-falkensee.de/robots.txt" "Mozilla/5.0 (Windows NT 6.1; WOW64) AppleWebKit/537.36 (KHTML, like Gecko) Chrome/50.0.2661.102 Safari/537.36; 360Spider"
178.8.97.29 - - [03/Feb/2018:17:43:03 +0100] "GET / HTTP/1.1" 200 3274 "android-app://com.google.android.googlequicksearchbox" "Mozilla/5.0 (Linux; Android 7.0; SM-G930F Build/NRD90M) AppleWebKit/537.36 (KHTML, like Gecko) Chrome/59.0.3071.125 Mobile Safari/537.36"
178.8.97.29 - - [03/Feb/2018:17:43:03 +0100] "GET /css/bootstrap-responsive.min.css HTTP/1.1" 200 16520 "http://www.dialyse-falkensee.de/" "Mozilla/5.0 (Linux; Android 7.0; SM-G930F Build/NRD90M) AppleWebKit/537.36 (KHTML, like Gecko) Chrome/59.0.3071.125 Mobile Safari/537.36"
178.8.97.29 - - [03/Feb/2018:17:43:03 +0100] "GET /js/bootstrap.min.js HTTP/1.1" 200 25764 "http://www.dialyse-falkensee.de/" "Mozilla/5.0 (Linux; Android 7.0; SM-G930F Build/NRD90M) AppleWebKit/537.36 (KHTML, like Gecko) Chrome/59.0.3071.125 Mobile Safari/537.36"
178.8.97.29 - - [03/Feb/2018:17:43:03 +0100] "GET /css/bootstrap.min.css HTTP/1.1" 200 101265 "http://www.dialyse-falkensee.de/" "Mozilla/5.0 (Linux; Android 7.0; SM-G930F Build/NRD90M) AppleWebKit/537.36 (KHTML, like Gecko) Chrome/59.0.3071.125 Mobile Safari/537.36"
178.8.97.29 - - [03/Feb/2018:17:43:04 +0100] "GET /img/glyphicons-halflings.png HTTP/1.1" 200 12799 "http://www.dialyse-falkensee.de/css/bootstrap.min.css" "Mozilla/5.0 (Linux; Android 7.0; SM-G930F Build/NRD90M) AppleWebKit/537.36 (KHTML, like Gecko) Chrome/59.0.3071.125 Mobile Safari/537.36"
178.8.97.29 - - [03/Feb/2018:17:43:04 +0100] "GET /ico/favicon.ico HTTP/1.1" 404 1256 "http://www.dialyse-falkensee.de/" "Mozilla/5.0 (Linux; Android 7.0; SM-G930F Build/NRD90M) AppleWebKit/537.36 (KHTML, like Gecko) Chrome/59.0.3071.125 Mobile Safari/537.36"
199.30.24.9 - - [03/Feb/2018:18:21:44 +0100] "GET /css/bootstrap.min.css HTTP/1.1" 200 101265 "-" "Mozilla/5.0 (iPhone; CPU iPhone OS 7_0 like Mac OS X) AppleWebKit/537.51.1 (KHTML, like Gecko) Version/7.0 Mobile/11A465 Safari/9537.53 BingPreview/1.0b"
199.30.24.84 - - [03/Feb/2018:18:21:46 +0100] "GET /css/bootstrap-responsive.min.css HTTP/1.1" 200 16520 "-" "Mozilla/5.0 (iPhone; CPU iPhone OS 7_0 like Mac OS X) AppleWebKit/537.51.1 (KHTML, like Gecko) Version/7.0 Mobile/11A465 Safari/9537.53 BingPreview/1.0b"
199.30.24.65 - - [03/Feb/2018:18:21:49 +0100] "GET /js/bootstrap.min.js HTTP/1.1" 200 25764 "-" "Mozilla/5.0 (iPhone; CPU iPhone OS 7_0 like Mac OS X) AppleWebKit/537.51.1 (KHTML, like Gecko) Version/7.0 Mobile/11A465 Safari/9537.53 BingPreview/1.0b"
46.211.13.134 - - [03/Feb/2018:20:04:53 +0100] "GET / HTTP/1.1" 200 3274 "http://polyana-skazok.org.ua/" "Mozilla/4.0 (compatible; MSIE 6.0; Windows XP)"
46.211.13.134 - - [03/Feb/2018:20:04:54 +0100] "GET / HTTP/1.1" 200 3274 "http://polyana-skazok.org.ua/" "Mozilla/4.0 (compatible; MSIE 6.0; Windows XP)"
46.211.13.134 - - [03/Feb/2018:20:04:54 +0100] "GET / HTTP/1.1" 200 3274 "http://polyana-skazok.org.ua/" "Mozilla/4.0 (compatible; MSIE 6.0; Windows XP)"
82.159.41.175 - - [03/Feb/2018:20:26:55 +0100] "GET / HTTP/1.1" 200 3274 "-" "Java/1.8.0_144"
82.159.41.175 - - [03/Feb/2018:20:26:55 +0100] "GET /js/bootstrap.min.js HTTP/1.1" 200 25764 "-" "Java/1.8.0_144"
82.159.41.175 - - [03/Feb/2018:20:26:56 +0100] "GET /js/),this.$menu.html(t),this},next:function(t){var n=this.$menu.find( HTTP/1.1" 404 1256 "-" "Java/1.8.0_144"
82.159.41.175 - - [03/Feb/2018:20:26:56 +0100] "GET /js/).html(n.highlighter(r)),t[0]}),t.first().addClass( HTTP/1.1" 404 1256 "-" "Java/1.8.0_144"
82.159.41.175 - - [03/Feb/2018:20:26:56 +0100] "GET /js/)[this.options.html? HTTP/1.1" 404 1256 "-" "Java/1.8.0_144"
82.159.41.175 - - [03/Feb/2018:20:26:57 +0100] "GET /js/'+t+' HTTP/1.1" 404 1256 "-" "Java/1.8.0_144"
188.163.79.63 - - [03/Feb/2018:20:56:19 +0100] "GET / HTTP/1.1" 200 3274 "http://healgastro.com/" "Mozilla/4.61 [en] (X11; U; ) - BrowseX (2.0.0 Windows)"
13.56.229.65 - - [03/Feb/2018:21:47:51 +0100] "GET / HTTP/1.1" 200 3274 "-" "Mozilla/5.0 (Macintosh; Intel Mac OS X 10_12_6) AppleWebKit/537.36 (KHTML, like Gecko) Chrome/61.0.3163.100 Safari/537.36"
37.115.184.155 - - [03/Feb/2018:21:52:49 +0100] "GET / HTTP/1.1" 200 3274 "https://pills24h.com/buy-periactin-cyproheptadine-online-without-prescription/" "Mozilla/4.0 (compatible; MSIE 6.0; Windows NT 5.1)"
37.115.184.155 - - [03/Feb/2018:21:52:50 +0100] "GET / HTTP/1.1" 200 3274 "https://pills24h.com/buy-periactin-cyproheptadine-online-without-prescription/" "Mozilla/4.0 (compatible; MSIE 6.0; Windows NT 5.1)"
5.9.94.207 - - [03/Feb/2018:22:01:47 +0100] "GET / HTTP/1.1" 200 3274 "-" "Mozilla/5.0 (Windows NT 6.1) AppleWebKit/537.36 (KHTML, like Gecko) Chrome/27.0.1453.93 Safari/537.36"
136.243.89.157 - - [03/Feb/2018:22:02:04 +0100] "GET /robots.txt HTTP/1.0" 404 1256 "-" "Mozilla/5.0 (compatible; SEOkicks-Robot; +http://www.seokicks.de/robot.html)"
136.243.89.157 - - [03/Feb/2018:22:02:06 +0100] "GET / HTTP/1.0" 200 3274 "-" "Mozilla/5.0 (compatible; SEOkicks-Robot; +http://www.seokicks.de/robot.html)"
136.243.89.157 - - [03/Feb/2018:22:02:07 +0100] "GET /css/bootstrap.min.css HTTP/1.0" 200 101265 "http://www.dialyse-falkensee.de/" "Mozilla/5.0 (compatible; SEOkicks-Robot; +http://www.seokicks.de/robot.html)"
136.243.89.157 - - [03/Feb/2018:22:02:09 +0100] "GET /css/bootstrap-responsive.min.css HTTP/1.0" 200 16520 "http://www.dialyse-falkensee.de/" "Mozilla/5.0 (compatible; SEOkicks-Robot; +http://www.seokicks.de/robot.html)"
136.243.89.157 - - [03/Feb/2018:22:02:11 +0100] "GET /ico/favicon.ico HTTP/1.0" 404 1256 "http://www.dialyse-falkensee.de/" "Mozilla/5.0 (compatible; SEOkicks-Robot; +http://www.seokicks.de/robot.html)"
136.243.89.157 - - [03/Feb/2018:22:02:12 +0100] "GET /js/bootstrap.min.js HTTP/1.0" 200 25764 "http://www.dialyse-falkensee.de/" "Mozilla/5.0 (compatible; SEOkicks-Robot; +http://www.seokicks.de/robot.html)"
46.229.164.101 - - [03/Feb/2018:22:41:54 +0100] "GET /robots.txt HTTP/1.1" 404 1256 "-" "Mozilla/5.0 (compatible; SemrushBot/1.2~bl; +http://www.semrush.com/bot.html)"
162.210.196.130 - - [04/Feb/2018:01:18:28 +0100] "GET /robots.txt HTTP/1.1" 404 1256 "-" "Mozilla/5.0 (compatible; MJ12bot/v1.4.8; http://mj12bot.com/)"
162.210.196.130 - - [04/Feb/2018:01:18:31 +0100] "GET / HTTP/1.1" 200 3274 "-" "Mozilla/5.0 (compatible; MJ12bot/v1.4.8; http://mj12bot.com/)"
207.46.13.73 - - [04/Feb/2018:04:20:04 +0100] "GET /robots.txt HTTP/1.1" 404 1256 "-" "Mozilla/5.0 (compatible; bingbot/2.0; +http://www.bing.com/bingbot.htm)"
207.46.13.141 - - [04/Feb/2018:04:20:10 +0100] "GET /index.html HTTP/1.1" 200 3274 "-" "Mozilla/5.0 (compatible; bingbot/2.0; +http://www.bing.com/bingbot.htm)"
37.115.184.155 - - [04/Feb/2018:04:29:45 +0100] "GET / HTTP/1.1" 200 3274 "https://pills24h.com/buy-levitra-online-without-prescription/" "Mozilla/4.0 (compatible; MSIE 6.0; Windows NT 5.1; SV1; InfoPath.1)"
37.115.184.155 - - [04/Feb/2018:04:29:46 +0100] "GET / HTTP/1.1" 200 3274 "https://pills24h.com/buy-levitra-online-without-prescription/" "Mozilla/4.0 (compatible; MSIE 6.0; Windows NT 5.1; SV1; InfoPath.1)"
188.163.79.63 - - [04/Feb/2018:11:15:20 +0100] "GET / HTTP/1.1" 200 3274 "http://pornosemki.info/" "Mozilla/4.0 (compatible; MSIE 5.5; Windows NT 4.0)"
188.163.79.63 - - [04/Feb/2018:11:15:20 +0100] "GET / HTTP/1.1" 200 3274 "http://pornosemki.info/" "Mozilla/4.0 (compatible; MSIE 5.5; Windows NT 4.0)"
188.163.79.63 - - [04/Feb/2018:11:15:20 +0100] "GET / HTTP/1.1" 200 3274 "http://pornosemki.info/" "Mozilla/4.0 (compatible; MSIE 5.5; Windows NT 4.0)"
188.163.79.63 - - [04/Feb/2018:11:15:23 +0100] "GET / HTTP/1.1" 200 3274 "https://vzube.com/" "Mozilla/4.0 (compatible; MSIE 5.5; Windows NT 4.0)"
188.163.79.63 - - [04/Feb/2018:11:15:23 +0100] "GET / HTTP/1.1" 200 3274 "https://vzube.com/" "Mozilla/4.0 (compatible; MSIE 5.5; Windows NT 4.0)"
188.163.79.63 - - [04/Feb/2018:11:15:23 +0100] "GET / HTTP/1.1" 200 3274 "https://vzube.com/" "Mozilla/4.0 (compatible; MSIE 5.5; Windows NT 4.0)"
141.8.141.131 - - [04/Feb/2018:13:52:52 +0100] "GET /robots.txt HTTP/1.1" 404 1256 "-" "Mozilla/5.0 (compatible; YandexBot/3.0; +http://yandex.com/bots)"
141.8.141.131 - - [04/Feb/2018:13:52:56 +0100] "GET /ico/favicon.ico HTTP/1.1" 404 1256 "-" "Mozilla/5.0 (compatible; YandexBot/3.0; +http://yandex.com/bots)"
66.249.70.6 - - [04/Feb/2018:13:54:37 +0100] "GET /robots.txt HTTP/1.1" 404 1256 "-" "Mozilla/5.0 (compatible; Googlebot/2.1; +http://www.google.com/bot.html)"
66.249.70.8 - - [04/Feb/2018:13:54:37 +0100] "GET / HTTP/1.1" 200 3274 "-" "Mozilla/5.0 (Linux; Android 6.0.1; Nexus 5X Build/MMB29P) AppleWebKit/537.36 (KHTML, like Gecko) Chrome/41.0.2272.96 Mobile Safari/537.36 (compatible; Googlebot/2.1; +http://www.google.com/bot.html)"
66.249.70.6 - - [04/Feb/2018:13:55:16 +0100] "GET /css/bootstrap.min.css HTTP/1.1" 200 101265 "http://www.dialyse-falkensee.de/" "Mozilla/5.0 (compatible; Googlebot/2.1; +http://www.google.com/bot.html)"
66.249.70.4 - - [04/Feb/2018:13:55:18 +0100] "GET /css/bootstrap-responsive.min.css HTTP/1.1" 200 16520 "http://www.dialyse-falkensee.de/" "Mozilla/5.0 (compatible; Googlebot/2.1; +http://www.google.com/bot.html)"
46.119.113.175 - - [04/Feb/2018:14:07:24 +0100] "GET / HTTP/1.1" 200 3274 "http://kinoduh.ru/" "Mozilla/4.0 (compatible; MSIE 6.0; Windows NT) ::ELNSB50::000061100320025802a00111000000000507000900000000"
46.119.113.175 - - [04/Feb/2018:14:07:24 +0100] "GET / HTTP/1.1" 200 3274 "http://kinoduh.ru/" "Mozilla/4.0 (compatible; MSIE 6.0; Windows NT) ::ELNSB50::000061100320025802a00111000000000507000900000000"
46.119.113.175 - - [04/Feb/2018:14:07:25 +0100] "GET / HTTP/1.1" 200 3274 "http://kinoduh.ru/" "Mozilla/4.0 (compatible; MSIE 6.0; Windows NT) ::ELNSB50::000061100320025802a00111000000000507000900000000"
46.119.113.175 - - [04/Feb/2018:14:24:44 +0100] "GET / HTTP/1.1" 200 3274 "http://whoiswho.crimea.ua/" "Mozilla/4.0 (compatible; MSIE 6.0; Windows NT 5.1; SV1; .NET CLR 1.0.3705; .NET CLR 1.1.4322; .NET CLR 2.0.40607)"
46.119.113.175 - - [04/Feb/2018:14:24:45 +0100] "GET / HTTP/1.1" 200 3274 "http://whoiswho.crimea.ua/" "Mozilla/4.0 (compatible; MSIE 6.0; Windows NT 5.1; SV1; .NET CLR 1.0.3705; .NET CLR 1.1.4322; .NET CLR 2.0.40607)"
46.119.113.175 - - [04/Feb/2018:14:24:45 +0100] "GET / HTTP/1.1" 200 3274 "http://whoiswho.crimea.ua/" "Mozilla/4.0 (compatible; MSIE 6.0; Windows NT 5.1; SV1; .NET CLR 1.0.3705; .NET CLR 1.1.4322; .NET CLR 2.0.40607)"
180.153.236.157 - - [04/Feb/2018:17:13:00 +0100] "GET / HTTP/1.1" 200 3274 "http://www.dialyse-falkensee.de/" "Mozilla/5.0 (Windows NT 6.1; WOW64) AppleWebKit/537.36 (KHTML, like Gecko) Chrome/50.2.2661.102 Safari/537.36; 360Spider"
46.229.164.101 - - [04/Feb/2018:17:21:09 +0100] "GET /robots.txt HTTP/1.1" 404 1256 "-" "Mozilla/5.0 (compatible; SemrushBot/1.2~bl; +http://www.semrush.com/bot.html)"
37.115.184.155 - - [04/Feb/2018:19:28:42 +0100] "GET / HTTP/1.1" 200 3274 "https://rocketchange.ru/" "Mozilla/4.0 (compatible; MSIE 6.0; Windows NT 5.1; SV1; MRA 4.6 (build 01425); MRSPUTNIK 1, 5, 0, 19 SW)"
37.115.184.155 - - [04/Feb/2018:19:28:43 +0100] "GET / HTTP/1.1" 200 3274 "https://rocketchange.ru/" "Mozilla/4.0 (compatible; MSIE 6.0; Windows NT 5.1; SV1; MRA 4.6 (build 01425); MRSPUTNIK 1, 5, 0, 19 SW)"
37.115.184.155 - - [04/Feb/2018:19:28:43 +0100] "GET / HTTP/1.1" 200 3274 "https://rocketchange.ru/" "Mozilla/4.0 (compatible; MSIE 6.0; Windows NT 5.1; SV1; MRA 4.6 (build 01425); MRSPUTNIK 1, 5, 0, 19 SW)"
188.163.79.63 - - [04/Feb/2018:20:45:39 +0100] "GET / HTTP/1.1" 200 3274 "https://tam-gde-more.ru/" "Mozilla/3.0 (x86 [en] Windows NT 5.1; Sun)"
188.163.79.63 - - [04/Feb/2018:20:45:40 +0100] "GET / HTTP/1.1" 200 3274 "https://tam-gde-more.ru/" "Mozilla/3.0 (x86 [en] Windows NT 5.1; Sun)"
188.163.79.63 - - [04/Feb/2018:20:45:41 +0100] "GET / HTTP/1.1" 200 3274 "https://tam-gde-more.ru/" "Mozilla/3.0 (x86 [en] Windows NT 5.1; Sun)"
178.137.82.153 - - [04/Feb/2018:23:25:39 +0100] "GET / HTTP/1.1" 200 3274 "http://perl.dp.ua/" "Mozilla/4.0 (compatible; MSIE 5.01; Windows 95; MSIECrawler)"
178.137.82.153 - - [04/Feb/2018:23:25:40 +0100] "GET / HTTP/1.1" 200 3274 "http://perl.dp.ua/" "Mozilla/4.0 (compatible; MSIE 5.01; Windows 95; MSIECrawler)"
178.137.82.153 - - [04/Feb/2018:23:25:41 +0100] "GET / HTTP/1.1" 200 3274 "http://perl.dp.ua/" "Mozilla/4.0 (compatible; MSIE 5.01; Windows 95; MSIECrawler)"
178.137.82.153 - - [05/Feb/2018:01:30:29 +0100] "GET / HTTP/1.1" 200 3274 "https://beclean-nn.ru/" "Mozilla/4.0 (compatible; MSIE 5.01; Windows 95; MSIECrawler)"
46.119.113.175 - - [05/Feb/2018:02:01:03 +0100] "GET / HTTP/1.1" 200 3274 "https://avtorskoe-vino.ru/" "Mozilla/4.76 [en] (Windows NT 5.0; U)"
46.119.113.175 - - [05/Feb/2018:02:01:05 +0100] "GET / HTTP/1.1" 200 3274 "https://avtorskoe-vino.ru/" "Mozilla/4.76 [en] (Windows NT 5.0; U)"
46.211.13.134 - - [05/Feb/2018:03:20:21 +0100] "GET / HTTP/1.1" 200 3274 "http://rql.kiev.ua/" "Mozilla/4.0 (compatible; MSIE 6.0; Windows XP)"
46.211.13.134 - - [05/Feb/2018:03:20:21 +0100] "GET / HTTP/1.1" 200 3274 "http://rql.kiev.ua/" "Mozilla/4.0 (compatible; MSIE 6.0; Windows XP)"
46.211.13.134 - - [05/Feb/2018:03:20:22 +0100] "GET / HTTP/1.1" 200 3274 "http://rql.kiev.ua/" "Mozilla/4.0 (compatible; MSIE 6.0; Windows XP)"
178.137.82.153 - - [05/Feb/2018:05:17:41 +0100] "GET / HTTP/1.1" 200 3274 "http://ege-russian.ru/" "Mozilla/4.0 (compatible; MSIE 6.0; AOL 9.0; Windows NT 5.1)"
178.137.82.153 - - [05/Feb/2018:05:17:42 +0100] "GET / HTTP/1.1" 200 3274 "http://ege-russian.ru/" "Mozilla/4.0 (compatible; MSIE 6.0; AOL 9.0; Windows NT 5.1)"
178.137.82.153 - - [05/Feb/2018:05:17:43 +0100] "GET / HTTP/1.1" 200 3274 "http://ege-russian.ru/" "Mozilla/4.0 (compatible; MSIE 6.0; AOL 9.0; Windows NT 5.1)"
46.229.164.101 - - [05/Feb/2018:05:18:07 +0100] "GET /robots.txt HTTP/1.1" 404 1256 "-" "Mozilla/5.0 (compatible; SemrushBot/1.2~bl; +http://www.semrush.com/bot.html)"
178.137.82.153 - - [05/Feb/2018:08:24:41 +0100] "GET / HTTP/1.1" 200 3274 "https://pillscheap24h.com/" "Mozilla/4.0 (compatible; MSIE 6.0; Windows NT 5.1; SV1; Media Center PC"
178.137.82.153 - - [05/Feb/2018:08:24:42 +0100] "GET / HTTP/1.1" 200 3274 "https://pillscheap24h.com/" "Mozilla/4.0 (compatible; MSIE 6.0; Windows NT 5.1; SV1; Media Center PC"
66.249.70.4 - - [05/Feb/2018:08:28:07 +0100] "GET /robots.txt HTTP/1.1" 404 1256 "-" "Mozilla/5.0 (compatible; Googlebot/2.1; +http://www.google.com/bot.html)"
66.249.70.8 - - [05/Feb/2018:08:28:07 +0100] "GET / HTTP/1.1" 200 3274 "-" "Mozilla/5.0 (compatible; Googlebot/2.1; +http://www.google.com/bot.html)"
165.225.72.232 - - [05/Feb/2018:09:45:07 +0100] "GET / HTTP/1.1" 200 3274 "http://www.google.de/url?sa=t&rct=j&q=&esrc=s&source=web&cd=1&ved=0ahUKEwi9z8mUsY7ZAhXEo1kKHdN7BVgQFggoMAA&url=http%3A%2F%2Fwww.dialyse-falkensee.de%2F&usg=AOvVaw1lUnyPeCxqgIdCXhRMv-Iy" "Mozilla/5.0 (Windows NT 6.1; WOW64; Trident/7.0; rv:11.0) like Gecko"
165.225.72.232 - - [05/Feb/2018:09:45:08 +0100] "GET /css/bootstrap-responsive.min.css HTTP/1.1" 200 16520 "http://www.dialyse-falkensee.de/" "Mozilla/5.0 (Windows NT 6.1; WOW64; Trident/7.0; rv:11.0) like Gecko"
165.225.72.232 - - [05/Feb/2018:09:45:08 +0100] "GET /js/bootstrap.min.js HTTP/1.1" 200 25764 "http://www.dialyse-falkensee.de/" "Mozilla/5.0 (Windows NT 6.1; WOW64; Trident/7.0; rv:11.0) like Gecko"
165.225.72.232 - - [05/Feb/2018:09:45:08 +0100] "GET /css/bootstrap.min.css HTTP/1.1" 200 101265 "http://www.dialyse-falkensee.de/" "Mozilla/5.0 (Windows NT 6.1; WOW64; Trident/7.0; rv:11.0) like Gecko"
165.225.72.232 - - [05/Feb/2018:09:45:08 +0100] "GET /ico/favicon.ico HTTP/1.1" 404 1256 "-" "Mozilla/5.0 (Windows NT 6.1; WOW64; Trident/7.0; rv:11.0) like Gecko"
165.225.72.232 - - [05/Feb/2018:09:45:08 +0100] "GET /favicon.ico HTTP/1.1" 404 1256 "-" "Mozilla/5.0 (Windows NT 6.1; WOW64; Trident/7.0; rv:11.0) like Gecko"
46.119.113.175 - - [05/Feb/2018:11:14:56 +0100] "GET / HTTP/1.1" 200 3274 "http://www.kmv.prom23.ru/" "Mozilla/4.0 (compatible; MSIE 6.0; Windows NT 5.1; SV1; YPC 3.0.2; .NET CLR 1.1.4322; yplus 4.4.02b)"
94.130.150.75 - - [05/Feb/2018:12:16:25 +0100] "GET / HTTP/1.1" 200 3274 "http://www.webwiki.de/www.dialyse-falkensee.de" "Mozilla/5.0 (Windows NT 6.1; WOW64; rv:41.0) Gecko/20100101 Firefox/41.0"
94.130.150.75 - - [05/Feb/2018:12:16:25 +0100] "GET /robots.txt HTTP/1.1" 404 1256 "" "Mozilla/5.0 (Windows NT 6.1; WOW64; rv:41.0) Gecko/20100101 Firefox/41.0"
37.115.184.155 - - [05/Feb/2018:12:41:21 +0100] "GET / HTTP/1.1" 200 3274 "http://fishtauto.ru/" "Mozilla/4.0 (compatible; MSIE 6.0; Windows NT 5.2; Win64; x64; SV1; .NET CLR 2.0.50727)"
37.115.184.155 - - [05/Feb/2018:12:41:22 +0100] "GET / HTTP/1.1" 200 3274 "http://fishtauto.ru/" "Mozilla/4.0 (compatible; MSIE 6.0; Windows NT 5.2; Win64; x64; SV1; .NET CLR 2.0.50727)"
37.115.184.155 - - [05/Feb/2018:12:41:22 +0100] "GET / HTTP/1.1" 200 3274 "http://fishtauto.ru/" "Mozilla/4.0 (compatible; MSIE 6.0; Windows NT 5.2; Win64; x64; SV1; .NET CLR 2.0.50727)"
66.249.70.6 - - [05/Feb/2018:12:44:49 +0100] "GET /favicon.ico HTTP/1.1" 404 1256 "-" "Googlebot-Image/1.0"
157.55.39.177 - - [05/Feb/2018:12:56:22 +0100] "GET /robots.txt HTTP/1.1" 404 1256 "-" "Mozilla/5.0 (compatible; bingbot/2.0; +http://www.bing.com/bingbot.htm)"
207.46.13.144 - - [05/Feb/2018:12:56:56 +0100] "GET / HTTP/1.1" 200 3274 "-" "Mozilla/5.0 (iPhone; CPU iPhone OS 7_0 like Mac OS X) AppleWebKit/537.51.1 (KHTML, like Gecko) Version/7.0 Mobile/11A465 Safari/9537.53 (compatible; bingbot/2.0; +http://www.bing.com/bingbot.htm)"
188.163.79.63 - - [05/Feb/2018:15:27:12 +0100] "GET / HTTP/1.1" 200 3274 "http://metallo-konstruktsii.ru/" "Mozilla/4.0 (compatible; MSIE 6.0; Windows NT 5.1; SV1; .NET CLR 1.1.4322) NS8/0.9.6"
188.163.79.63 - - [05/Feb/2018:15:27:13 +0100] "GET / HTTP/1.1" 200 3274 "http://metallo-konstruktsii.ru/" "Mozilla/4.0 (compatible; MSIE 6.0; Windows NT 5.1; SV1; .NET CLR 1.1.4322) NS8/0.9.6"
188.163.79.63 - - [05/Feb/2018:15:27:14 +0100] "GET / HTTP/1.1" 200 3274 "http://metallo-konstruktsii.ru/" "Mozilla/4.0 (compatible; MSIE 6.0; Windows NT 5.1; SV1; .NET CLR 1.1.4322) NS8/0.9.6"
84.175.84.53 - - [05/Feb/2018:16:42:24 +0100] "GET /favicon.ico HTTP/1.1" 404 1256 "-" "okhttp/2.5.0"
216.244.66.247 - - [05/Feb/2018:18:27:34 +0100] "GET /robots.txt HTTP/1.1" 404 1256 "-" "Mozilla/5.0 (compatible; DotBot/1.1; http://www.opensiteexplorer.org/dotbot, help@moz.com)"
138.201.30.66 - - [05/Feb/2018:18:44:40 +0100] "GET /robots.txt HTTP/1.0" 404 1256 "-" "Mozilla/5.0 (compatible; SEOkicks-Robot; +http://www.seokicks.de/robot.html)"
138.201.30.66 - - [05/Feb/2018:18:44:41 +0100] "GET / HTTP/1.0" 200 3274 "-" "Mozilla/5.0 (compatible; SEOkicks-Robot; +http://www.seokicks.de/robot.html)"
138.201.30.66 - - [05/Feb/2018:18:44:42 +0100] "GET /css/bootstrap.min.css HTTP/1.0" 200 101265 "http://www.dialyse-falkensee.de/" "Mozilla/5.0 (compatible; SEOkicks-Robot; +http://www.seokicks.de/robot.html)"
138.201.30.66 - - [05/Feb/2018:18:44:43 +0100] "GET /css/bootstrap-responsive.min.css HTTP/1.0" 200 16520 "http://www.dialyse-falkensee.de/" "Mozilla/5.0 (compatible; SEOkicks-Robot; +http://www.seokicks.de/robot.html)"
138.201.30.66 - - [05/Feb/2018:18:44:45 +0100] "GET /ico/favicon.ico HTTP/1.0" 404 1256 "http://www.dialyse-falkensee.de/" "Mozilla/5.0 (compatible; SEOkicks-Robot; +http://www.seokicks.de/robot.html)"
138.201.30.66 - - [05/Feb/2018:18:44:47 +0100] "GET /js/bootstrap.min.js HTTP/1.0" 200 25764 "http://www.dialyse-falkensee.de/" "Mozilla/5.0 (compatible; SEOkicks-Robot; +http://www.seokicks.de/robot.html)"
123.57.254.142 - - [05/Feb/2018:19:10:26 +0100] "POST /blog/xmlrpc.php HTTP/1.1" 404 1256 "-" "Mozilla/5.0 (Macintosh; U; Intel Mac OS X 10.6; fr; rv:1.9.2.8) Gecko/20100722 Firefox/3.6.8"
123.57.254.142 - - [05/Feb/2018:19:10:27 +0100] "POST /xmlrpc.php HTTP/1.1" 404 1256 "-" "Mozilla/5.0 (Macintosh; U; Intel Mac OS X 10.6; fr; rv:1.9.2.8) Gecko/20100722 Firefox/3.6.8"
37.115.184.155 - - [05/Feb/2018:19:17:31 +0100] "GET / HTTP/1.1" 200 3274 "https://pills24h.com/buy-clonidine-online-without-prescription/" "Mozilla/4.0 (compatible; MSIE 6.0; Windows NT 5.0; .NET CLR 1.0.3705; .NET CLR 1.1.4322)"
37.115.184.155 - - [05/Feb/2018:19:17:32 +0100] "GET / HTTP/1.1" 200 3274 "https://pills24h.com/buy-clonidine-online-without-prescription/" "Mozilla/4.0 (compatible; MSIE 6.0; Windows NT 5.0; .NET CLR 1.0.3705; .NET CLR 1.1.4322)"
42.236.10.78 - - [05/Feb/2018:19:30:05 +0100] "GET / HTTP/1.1" 200 3274 "http://www.dialyse-falkensee.de/" "Mozilla/5.0 (Windows NT 6.1; WOW64) AppleWebKit/537.36 (KHTML, like Gecko) Chrome/50.4.2661.102 Safari/537.36; 360Spider"
84.175.84.53 - - [05/Feb/2018:19:49:46 +0100] "GET /favicon.ico HTTP/1.1" 404 1256 "-" "okhttp/2.5.0"
216.244.66.247 - - [05/Feb/2018:20:32:15 +0100] "GET / HTTP/1.1" 200 3274 "-" "Mozilla/5.0 (compatible; DotBot/1.1; http://www.opensiteexplorer.org/dotbot, help@moz.com)"
37.115.184.155 - - [06/Feb/2018:01:57:20 +0100] "GET / HTTP/1.1" 200 3274 "https://pills24h.com/buy-synthroid-levothyroxine-online-without-prescription/" "Opera/7.11 (Windows NT 5.1; U) [en]"
188.163.79.63 - - [06/Feb/2018:04:49:54 +0100] "GET / HTTP/1.1" 200 3274 "http://mysexpics.ru/" "Mozilla/4.79 [en] (Windows NT 5.0; U)"
188.163.79.63 - - [06/Feb/2018:04:51:59 +0100] "GET / HTTP/1.1" 200 3274 "http://antonovich-design.com.ua/" "Mozilla/4.0 (compatible; MSIE 5.0; Windows 3.1)"
188.163.79.63 - - [06/Feb/2018:04:52:00 +0100] "GET / HTTP/1.1" 200 3274 "http://antonovich-design.com.ua/" "Mozilla/4.0 (compatible; MSIE 5.0; Windows 3.1)"
188.163.79.63 - - [06/Feb/2018:04:52:01 +0100] "GET / HTTP/1.1" 200 3274 "http://antonovich-design.com.ua/" "Mozilla/4.0 (compatible; MSIE 5.0; Windows 3.1)"
46.119.113.175 - - [06/Feb/2018:05:51:27 +0100] "GET / HTTP/1.1" 200 3274 "http://x-lime.net/" "Mozilla/4.0 (compatible; MSIE 6.0; Windows NT 5.0)"
46.119.113.175 - - [06/Feb/2018:06:39:15 +0100] "GET / HTTP/1.1" 200 3274 "http://whoiswho.crimea.ua/" "Mozilla/4.0 (compatible; MSIE 6.0; Windows XP)"
46.119.113.175 - - [06/Feb/2018:06:39:16 +0100] "GET / HTTP/1.1" 200 3274 "http://whoiswho.crimea.ua/" "Mozilla/4.0 (compatible; MSIE 6.0; Windows XP)"
46.211.13.134 - - [06/Feb/2018:10:16:27 +0100] "GET / HTTP/1.1" 200 3274 "http://strady.org.ua/" "Mozilla/4.0 (compatible; MSIE 6.0; Windows XP)"
46.211.13.134 - - [06/Feb/2018:10:16:27 +0100] "GET / HTTP/1.1" 200 3274 "http://strady.org.ua/" "Mozilla/4.0 (compatible; MSIE 6.0; Windows XP)"
46.211.13.134 - - [06/Feb/2018:10:16:28 +0100] "GET / HTTP/1.1" 200 3274 "http://strady.org.ua/" "Mozilla/4.0 (compatible; MSIE 6.0; Windows XP)"
77.100.95.18 - - [06/Feb/2018:10:18:43 +0100] "GET / HTTP/1.0" 200 3274 "-" "Mozilla/4.0 (compatible; ICS)"
42.236.10.80 - - [06/Feb/2018:10:28:25 +0100] "GET / HTTP/1.1" 200 3274 "-" "Mozilla/5.0 (Macintosh; Intel Mac OS X 10_9_2) AppleWebKit/537.36 (KHTML, like Gecko) Chrome/38.0.2125.111 Safari/537.36"
42.236.10.80 - - [06/Feb/2018:10:28:25 +0100] "GET /css/bootstrap-responsive.min.css HTTP/1.1" 200 16520 "http://www.dialyse-falkensee.de/" "Mozilla/5.0 (Macintosh; Intel Mac OS X 10_9_2) AppleWebKit/537.36 (KHTML, like Gecko) Chrome/38.0.2125.111 Safari/537.36"
