91.216.45.82 - - [09/Jun/2016:09:22:28 +0200] "GET /js/bootstrap.min.js HTTP/1.1" 200 25764 "http://www.dialyse-falkensee.de/" "Mozilla/5.0 (Windows NT 6.1; WOW64; Trident/7.0; rv:11.0) like Gecko"
91.216.45.82 - - [09/Jun/2016:09:22:28 +0200] "GET /css/bootstrap.min.css HTTP/1.1" 200 101265 "http://www.dialyse-falkensee.de/" "Mozilla/5.0 (Windows NT 6.1; WOW64; Trident/7.0; rv:11.0) like Gecko"
91.216.45.82 - - [09/Jun/2016:09:22:28 +0200] "GET /ico/favicon.ico HTTP/1.1" 404 1256 "-" "Mozilla/5.0 (Windows NT 6.1; WOW64; Trident/7.0; rv:11.0) like Gecko"
91.216.45.82 - - [09/Jun/2016:09:22:28 +0200] "GET /favicon.ico HTTP/1.1" 404 1256 "-" "Mozilla/5.0 (Windows NT 6.1; WOW64; Trident/7.0; rv:11.0) like Gecko"
40.77.167.74 - - [09/Jun/2016:09:23:43 +0200] "GET /robots.txt HTTP/1.1" 404 1256 "-" "Mozilla/5.0 (compatible; bingbot/2.0; +http://www.bing.com/bingbot.htm)"
40.77.167.74 - - [09/Jun/2016:09:24:27 +0200] "GET / HTTP/1.1" 200 3274 "-" "Mozilla/5.0 (compatible; bingbot/2.0; +http://www.bing.com/bingbot.htm)"
66.249.79.138 - - [09/Jun/2016:10:54:09 +0200] "GET / HTTP/1.1" 200 3274 "-" "Mozilla/5.0 (compatible; Googlebot/2.1; +http://www.google.com/bot.html)"
66.249.79.243 - - [09/Jun/2016:10:54:24 +0200] "GET /js/bootstrap.min.js HTTP/1.1" 200 25764 "-" "Mozilla/5.0 (compatible; Googlebot/2.1; +http://www.google.com/bot.html)"
66.249.79.130 - - [09/Jun/2016:10:54:25 +0200] "GET /css/bootstrap.min.css HTTP/1.1" 200 101265 "-" "Mozilla/5.0 (compatible; Googlebot/2.1; +http://www.google.com/bot.html)"
66.249.79.130 - - [09/Jun/2016:10:54:26 +0200] "GET /css/bootstrap-responsive.min.css HTTP/1.1" 200 16520 "-" "Mozilla/5.0 (compatible; Googlebot/2.1; +http://www.google.com/bot.html)"
138.201.59.34 - - [09/Jun/2016:12:29:07 +0200] "GET /robots.txt HTTP/1.0" 404 1256 "-" "Mozilla/5.0 (compatible; SEOkicks-Robot; +http://www.seokicks.de/robot.html)"
138.201.59.34 - - [09/Jun/2016:12:29:09 +0200] "GET / HTTP/1.0" 200 3274 "-" "Mozilla/5.0 (compatible; SEOkicks-Robot; +http://www.seokicks.de/robot.html)"
138.201.59.34 - - [09/Jun/2016:12:29:11 +0200] "GET /css/bootstrap.min.css HTTP/1.0" 200 101265 "http://www.dialyse-falkensee.de/" "Mozilla/5.0 (compatible; SEOkicks-Robot; +http://www.seokicks.de/robot.html)"
138.201.59.34 - - [09/Jun/2016:12:29:12 +0200] "GET /css/bootstrap-responsive.min.css HTTP/1.0" 200 16520 "http://www.dialyse-falkensee.de/" "Mozilla/5.0 (compatible; SEOkicks-Robot; +http://www.seokicks.de/robot.html)"
138.201.59.34 - - [09/Jun/2016:12:29:15 +0200] "GET /ico/favicon.ico HTTP/1.0" 404 1256 "http://www.dialyse-falkensee.de/" "Mozilla/5.0 (compatible; SEOkicks-Robot; +http://www.seokicks.de/robot.html)"
138.201.59.34 - - [09/Jun/2016:12:29:16 +0200] "GET /js/bootstrap.min.js HTTP/1.0" 200 25764 "http://www.dialyse-falkensee.de/" "Mozilla/5.0 (compatible; SEOkicks-Robot; +http://www.seokicks.de/robot.html)"
66.249.79.138 - - [09/Jun/2016:12:37:21 +0200] "GET / HTTP/1.1" 200 3274 "-" "Mozilla/5.0 (Linux; Android 6.0.1; Nexus 5X Build/MMB29P) AppleWebKit/537.36 (KHTML, like Gecko) Chrome/41.0.2272.96 Mobile Safari/537.36 (compatible; Googlebot/2.1; +http://www.google.com/bot.html)"
89.204.139.57 - - [09/Jun/2016:14:00:52 +0200] "GET / HTTP/1.1" 200 3274 "http://www.google.de/search?q=nephrologe+falkensee&oq=nephrologe+falkensee&gs_l=mobile-heirloom-serp.12...0.0.1.40047.0.0.0.0.0.0.0.0..0.0....0...1c..34.mobile-heirloom-serp..0.14.2303.dYwirG0huXI" "Mozilla/5.0 (Mobile; Windows Phone 8.1; Android 4.0; ARM; Trident/7.0; Touch; rv:11.0; IEMobile/11.0; SAMSUNG; GT-I8750) like iPhone OS 7_0_3 Mac OS X AppleWebKit/537 (KHTML, like Gecko) Mobile Safari/537"
89.204.139.57 - - [09/Jun/2016:14:00:52 +0200] "GET /css/bootstrap-responsive.min.css HTTP/1.1" 200 16520 "http://www.dialyse-falkensee.de/" "Mozilla/5.0 (Mobile; Windows Phone 8.1; Android 4.0; ARM; Trident/7.0; Touch; rv:11.0; IEMobile/11.0; SAMSUNG; GT-I8750) like iPhone OS 7_0_3 Mac OS X AppleWebKit/537 (KHTML, like Gecko) Mobile Safari/537"
89.204.139.57 - - [09/Jun/2016:14:00:52 +0200] "GET /js/bootstrap.min.js HTTP/1.1" 200 25764 "http://www.dialyse-falkensee.de/" "Mozilla/5.0 (Mobile; Windows Phone 8.1; Android 4.0; ARM; Trident/7.0; Touch; rv:11.0; IEMobile/11.0; SAMSUNG; GT-I8750) like iPhone OS 7_0_3 Mac OS X AppleWebKit/537 (KHTML, like Gecko) Mobile Safari/537"
89.204.139.57 - - [09/Jun/2016:14:00:52 +0200] "GET /css/bootstrap.min.css HTTP/1.1" 200 101265 "http://www.dialyse-falkensee.de/" "Mozilla/5.0 (Mobile; Windows Phone 8.1; Android 4.0; ARM; Trident/7.0; Touch; rv:11.0; IEMobile/11.0; SAMSUNG; GT-I8750) like iPhone OS 7_0_3 Mac OS X AppleWebKit/537 (KHTML, like Gecko) Mobile Safari/537"
89.204.139.57 - - [09/Jun/2016:14:00:53 +0200] "GET /img/glyphicons-halflings.png HTTP/1.1" 200 12799 "http://www.dialyse-falkensee.de/" "Mozilla/5.0 (Mobile; Windows Phone 8.1; Android 4.0; ARM; Trident/7.0; Touch; rv:11.0; IEMobile/11.0; SAMSUNG; GT-I8750) like iPhone OS 7_0_3 Mac OS X AppleWebKit/537 (KHTML, like Gecko) Mobile Safari/537"
87.234.21.90 - - [09/Jun/2016:14:18:36 +0200] "GET / HTTP/1.1" 200 3274 "http://www.bing.com/search?q=nierenzentrum+falkensee+berlin+kontakt&qs=n&form=QBRE&pq=nierenzentrum+falkensee+berlin+kontakt&sc=0-37&sp=-1&sk=&cvid=A7E01FBB5AB542D591E8FBEA4EF7760A" "Mozilla/5.0 (compatible; MSIE 9.0; Windows NT 6.1; WOW64; Trident/5.0)"
87.234.21.90 - - [09/Jun/2016:14:18:36 +0200] "GET /css/bootstrap-responsive.min.css HTTP/1.1" 200 16520 "http://www.dialyse-falkensee.de/" "Mozilla/5.0 (compatible; MSIE 9.0; Windows NT 6.1; WOW64; Trident/5.0)"
87.234.21.90 - - [09/Jun/2016:14:18:36 +0200] "GET /css/bootstrap.min.css HTTP/1.1" 200 101265 "http://www.dialyse-falkensee.de/" "Mozilla/5.0 (compatible; MSIE 9.0; Windows NT 6.1; WOW64; Trident/5.0)"
87.234.21.90 - - [09/Jun/2016:14:18:37 +0200] "GET /js/bootstrap.min.js HTTP/1.1" 200 25764 "http://www.dialyse-falkensee.de/" "Mozilla/5.0 (compatible; MSIE 9.0; Windows NT 6.1; WOW64; Trident/5.0)"
87.234.21.90 - - [09/Jun/2016:14:18:37 +0200] "GET /img/glyphicons-halflings.png HTTP/1.1" 200 12799 "http://www.dialyse-falkensee.de/" "Mozilla/5.0 (compatible; MSIE 9.0; Windows NT 6.1; WOW64; Trident/5.0)"
192.243.55.138 - - [09/Jun/2016:14:53:11 +0200] "GET / HTTP/1.1" 200 3274 "-" "Mozilla/5.0 (compatible; SemrushBot/1.1~bl; +http://www.semrush.com/bot.html)"
180.76.15.22 - - [09/Jun/2016:15:38:51 +0200] "GET /robots.txt HTTP/1.1" 404 1256 "-" "Mozilla/5.0 (Windows NT 5.1; rv:6.0.2) Gecko/20100101 Firefox/6.0.2"
180.76.15.148 - - [09/Jun/2016:15:39:03 +0200] "GET / HTTP/1.1" 200 3274 "-" "Mozilla/5.0 (compatible; Baiduspider/2.0; +http://www.baidu.com/search/spider.html)"
207.46.13.2 - - [09/Jun/2016:17:12:51 +0200] "GET /praxis.htm HTTP/1.1" 404 1256 "-" "Mozilla/5.0 (compatible; bingbot/2.0; +http://www.bing.com/bingbot.htm)"
62.210.162.209 - - [09/Jun/2016:17:43:32 +0200] "GET /assets/plugins/jquery-file-upload/index.html HTTP/1.1" 404 1256 "http://www.dialyse-falkensee.de/assets/plugins/jquery-file-upload/index.html" "Mozilla/5.0 (Windows NT 6.1; WOW64) AppleWebKit/537.36 (KHTML, like Gecko) Chrome/42.0.2311.152 Safari/537.36"
180.97.221.32 - - [09/Jun/2016:18:02:41 +0200] "GET /news/html/?0'union/**/select/**/1/**/from/**/(select/**/count(*),concat(floor(rand(0)*2),0x3a,(select/**/concat(user,0x3a,password)/**/from/**/pwn_base_admin/**/limit/**/0,1),0x3a)a/**/from/**/information_schema.tables/**/group/**/by/**/a)b/**/where'1'='1.html HTTP/1.1" 404 1256 "-" "Mozilla/5.0 (compatible; MSIE 9.0; Windows NT 6.1; WOW64; Trident/5.0)"
180.76.15.156 - - [09/Jun/2016:20:00:04 +0200] "GET /css/bootstrap-responsive.min.css HTTP/1.1" 200 16520 "-" "Mozilla/5.0 (compatible; Baiduspider/2.0; +http://www.baidu.com/search/spider.html)"
40.77.167.74 - - [09/Jun/2016:20:45:51 +0200] "GET / HTTP/1.1" 200 3274 "-" "Mozilla/5.0 (compatible; bingbot/2.0; +http://www.bing.com/bingbot.htm)"
40.77.167.74 - - [09/Jun/2016:20:45:51 +0200] "GET /robots.txt HTTP/1.1" 404 1256 "-" "Mozilla/5.0 (compatible; bingbot/2.0; +http://www.bing.com/bingbot.htm)"
85.14.244.113 - - [09/Jun/2016:21:37:17 +0200] "GET /robots.txt HTTP/1.0" 404 1256 "-" "Mozilla/5.0 (compatible; MJ12bot/v1.4.5; http://www.majestic12.co.uk/bot.php?+)"
193.111.140.106 - - [09/Jun/2016:21:37:18 +0200] "GET / HTTP/1.0" 200 3274 "-" "Mozilla/5.0 (compatible; MJ12bot/v1.4.5; http://www.majestic12.co.uk/bot.php?+)"
88.198.230.79 - - [10/Jun/2016:00:25:48 +0200] "GET /robots.txt HTTP/1.0" 404 1256 "-" "Mozilla/5.0 (compatible; MJ12bot/v1.4.5; http://www.majestic12.co.uk/bot.php?+)"
88.198.230.79 - - [10/Jun/2016:00:25:49 +0200] "GET / HTTP/1.0" 200 3274 "-" "Mozilla/5.0 (compatible; MJ12bot/v1.4.5; http://www.majestic12.co.uk/bot.php?+)"
144.76.100.150 - - [10/Jun/2016:00:46:37 +0200] "GET / HTTP/1.0" 200 3274 "-" "-"
144.76.100.150 - - [10/Jun/2016:00:46:37 +0200] "GET / HTTP/1.0" 200 3274 "-" "-"
188.40.95.70 - - [10/Jun/2016:03:13:44 +0200] "GET /robots.txt HTTP/1.0" 404 1256 "-" "Mozilla/5.0 (compatible; MJ12bot/v1.4.5; http://www.majestic12.co.uk/bot.php?+)"
188.40.95.70 - - [10/Jun/2016:03:13:45 +0200] "GET / HTTP/1.0" 200 3274 "-" "Mozilla/5.0 (compatible; MJ12bot/v1.4.5; http://www.majestic12.co.uk/bot.php?+)"
5.9.151.22 - - [10/Jun/2016:05:18:10 +0200] "GET /robots.txt HTTP/1.0" 404 1256 "-" "Mozilla/5.0 (compatible; MJ12bot/v1.4.5; http://www.majestic12.co.uk/bot.php?+)"
5.9.151.22 - - [10/Jun/2016:05:18:11 +0200] "GET /index.html HTTP/1.0" 200 3274 "-" "Mozilla/5.0 (compatible; MJ12bot/v1.4.5; http://www.majestic12.co.uk/bot.php?+)"
172.164.14.128 - - [10/Jun/2016:05:19:27 +0200] "GET /? HTTP/1.0" 200 3274 "-" "Lynx/2.8.4rel.1 libwww-FM/2.14 SSL-MM/1.4.1 OpenSSL/0.9.6b"
194.55.195.104 - - [10/Jun/2016:09:17:02 +0200] "GET / HTTP/1.1" 200 3274 "-" "Java/1.7.0"
194.55.195.104 - - [10/Jun/2016:09:17:02 +0200] "GET / HTTP/1.1" 200 3274 "-" "Java/1.7.0"
77.12.42.151 - - [10/Jun/2016:09:23:26 +0200] "GET / HTTP/1.1" 200 3274 "https://www.google.de/" "Mozilla/5.0 (iPhone; CPU iPhone OS 9_3_2 like Mac OS X) AppleWebKit/601.1.46 (KHTML, like Gecko) Version/9.0 Mobile/13F69 Safari/601.1"
77.12.42.151 - - [10/Jun/2016:09:23:26 +0200] "GET /js/bootstrap.min.js HTTP/1.1" 200 25764 "http://www.dialyse-falkensee.de/" "Mozilla/5.0 (iPhone; CPU iPhone OS 9_3_2 like Mac OS X) AppleWebKit/601.1.46 (KHTML, like Gecko) Version/9.0 Mobile/13F69 Safari/601.1"
77.12.42.151 - - [10/Jun/2016:09:23:26 +0200] "GET /css/bootstrap-responsive.min.css HTTP/1.1" 200 16520 "http://www.dialyse-falkensee.de/" "Mozilla/5.0 (iPhone; CPU iPhone OS 9_3_2 like Mac OS X) AppleWebKit/601.1.46 (KHTML, like Gecko) Version/9.0 Mobile/13F69 Safari/601.1"
77.12.42.151 - - [10/Jun/2016:09:23:26 +0200] "GET /css/bootstrap.min.css HTTP/1.1" 200 101265 "http://www.dialyse-falkensee.de/" "Mozilla/5.0 (iPhone; CPU iPhone OS 9_3_2 like Mac OS X) AppleWebKit/601.1.46 (KHTML, like Gecko) Version/9.0 Mobile/13F69 Safari/601.1"
77.12.42.151 - - [10/Jun/2016:09:23:27 +0200] "GET /img/glyphicons-halflings.png HTTP/1.1" 200 12799 "http://www.dialyse-falkensee.de/" "Mozilla/5.0 (iPhone; CPU iPhone OS 9_3_2 like Mac OS X) AppleWebKit/601.1.46 (KHTML, like Gecko) Version/9.0 Mobile/13F69 Safari/601.1"
40.77.167.74 - - [10/Jun/2016:09:28:32 +0200] "GET / HTTP/1.1" 200 3274 "-" "Mozilla/5.0 (compatible; bingbot/2.0; +http://www.bing.com/bingbot.htm)"
217.27.196.25 - - [10/Jun/2016:10:48:09 +0200] "GET / HTTP/1.1" 200 3274 "http://www.bing.com/search?q=dr.+klick+falkensee&FORM=HDRSC1" "Mozilla/5.0 (compatible; MSIE 9.0; Windows NT 6.1; WOW64; Trident/5.0)"
217.27.196.25 - - [10/Jun/2016:10:48:09 +0200] "GET /css/bootstrap-responsive.min.css HTTP/1.1" 200 16520 "http://www.dialyse-falkensee.de/" "Mozilla/5.0 (compatible; MSIE 9.0; Windows NT 6.1; WOW64; Trident/5.0)"
217.27.196.25 - - [10/Jun/2016:10:48:09 +0200] "GET /css/bootstrap.min.css HTTP/1.1" 200 101265 "http://www.dialyse-falkensee.de/" "Mozilla/5.0 (compatible; MSIE 9.0; Windows NT 6.1; WOW64; Trident/5.0)"
217.27.196.25 - - [10/Jun/2016:10:48:09 +0200] "GET /img/glyphicons-halflings.png HTTP/1.1" 200 12799 "http://www.dialyse-falkensee.de/" "Mozilla/5.0 (compatible; MSIE 9.0; Windows NT 6.1; WOW64; Trident/5.0)"
217.27.196.25 - - [10/Jun/2016:10:48:09 +0200] "GET /js/bootstrap.min.js HTTP/1.1" 200 25764 "http://www.dialyse-falkensee.de/" "Mozilla/5.0 (compatible; MSIE 9.0; Windows NT 6.1; WOW64; Trident/5.0)"
217.27.196.25 - - [10/Jun/2016:10:48:10 +0200] "GET /ico/favicon.ico HTTP/1.1" 404 1256 "-" "Mozilla/5.0 (compatible; MSIE 9.0; Windows NT 6.1; WOW64; Trident/5.0)"
5.255.251.7 - - [10/Jun/2016:11:30:30 +0200] "GET /robots.txt HTTP/1.1" 404 1256 "-" "Mozilla/5.0 (compatible; YandexBot/3.0; +http://yandex.com/bots)"
66.249.79.243 - - [10/Jun/2016:12:36:52 +0200] "GET /robots.txt HTTP/1.1" 404 1256 "-" "Mozilla/5.0 (compatible; Googlebot/2.1; +http://www.google.com/bot.html)"
66.249.79.130 - - [10/Jun/2016:12:36:52 +0200] "GET /css/bootstrap.min.css HTTP/1.1" 200 101265 "http://www.dialyse-falkensee.de/" "Mozilla/5.0 (compatible; Googlebot/2.1; +http://www.google.com/bot.html)"
66.249.79.138 - - [10/Jun/2016:12:36:53 +0200] "GET /css/bootstrap-responsive.min.css HTTP/1.1" 200 16520 "http://www.dialyse-falkensee.de/" "Mozilla/5.0 (compatible; Googlebot/2.1; +http://www.google.com/bot.html)"
194.55.195.104 - - [10/Jun/2016:12:48:02 +0200] "GET / HTTP/1.1" 200 3274 "-" "Java/1.7.0"
194.55.195.104 - - [10/Jun/2016:12:48:02 +0200] "GET / HTTP/1.1" 200 3274 "-" "Java/1.7.0"
151.80.31.105 - - [10/Jun/2016:13:46:28 +0200] "GET /robots.txt HTTP/1.1" 404 1256 "-" "Mozilla/5.0 (compatible; AhrefsBot/5.1; +http://ahrefs.com/robot/)"
51.255.65.43 - - [10/Jun/2016:13:46:29 +0200] "GET /index.html HTTP/1.1" 200 3274 "-" "Mozilla/5.0 (compatible; AhrefsBot/5.1; +http://ahrefs.com/robot/)"
213.144.5.151 - - [10/Jun/2016:14:23:35 +0200] "GET / HTTP/1.1" 200 3274 "-" "Mozilla/5.0 (Windows NT 6.1; WOW64) AppleWebKit/537.11 (KHTML, like Gecko) Chrome/23.0.1271.91 Safari/537.11"
213.144.5.151 - - [10/Jun/2016:14:23:35 +0200] "GET / HTTP/1.1" 200 3274 "-" "Mozilla/5.0 (Windows NT 6.1; WOW64) AppleWebKit/537.11 (KHTML, like Gecko) Chrome/23.0.1271.91 Safari/537.11"
213.144.5.151 - - [10/Jun/2016:14:23:35 +0200] "GET / HTTP/1.1" 200 3274 "-" "Mozilla/5.0 (Windows NT 6.1; WOW64) AppleWebKit/537.11 (KHTML, like Gecko) Chrome/23.0.1271.91 Safari/537.11"
213.144.5.151 - - [10/Jun/2016:14:23:35 +0200] "GET / HTTP/1.1" 200 3274 "-" "Mozilla/5.0 (Windows NT 6.1; WOW64) AppleWebKit/537.11 (KHTML, like Gecko) Chrome/23.0.1271.91 Safari/537.11"
213.144.5.151 - - [10/Jun/2016:14:23:35 +0200] "GET / HTTP/1.1" 200 3274 "-" "Mozilla/5.0 (Windows NT 6.1; WOW64) AppleWebKit/537.11 (KHTML, like Gecko) Chrome/23.0.1271.91 Safari/537.11"
213.144.5.151 - - [10/Jun/2016:14:23:35 +0200] "GET / HTTP/1.1" 200 3274 "-" "Mozilla/5.0 (Windows NT 6.1; WOW64) AppleWebKit/537.11 (KHTML, like Gecko) Chrome/23.0.1271.91 Safari/537.11"
213.144.5.151 - - [10/Jun/2016:14:23:35 +0200] "GET / HTTP/1.1" 200 3274 "-" "Mozilla/5.0 (Windows NT 6.1; WOW64) AppleWebKit/537.11 (KHTML, like Gecko) Chrome/23.0.1271.91 Safari/537.11"
213.144.5.151 - - [10/Jun/2016:14:23:35 +0200] "GET / HTTP/1.1" 200 3274 "-" "Mozilla/5.0 (Windows NT 6.1; WOW64) AppleWebKit/537.11 (KHTML, like Gecko) Chrome/23.0.1271.91 Safari/537.11"
66.249.79.130 - - [10/Jun/2016:16:47:40 +0200] "GET / HTTP/1.1" 200 3274 "-" "Mozilla/5.0 (compatible; Googlebot/2.1; +http://www.google.com/bot.html)"
40.77.167.74 - - [10/Jun/2016:20:35:03 +0200] "GET / HTTP/1.1" 200 3274 "-" "Mozilla/5.0 (compatible; bingbot/2.0; +http://www.bing.com/bingbot.htm)"
199.30.24.14 - - [10/Jun/2016:20:35:49 +0200] "GET /css/bootstrap-responsive.min.css HTTP/1.1" 200 16520 "http://www.dialyse-falkensee.de/" "Mozilla/5.0 (Windows NT 6.1; WOW64) AppleWebKit/534+ (KHTML, like Gecko) BingPreview/1.0b"
199.30.24.14 - - [10/Jun/2016:20:35:48 +0200] "GET /css/bootstrap.min.css HTTP/1.1" 200 101265 "http://www.dialyse-falkensee.de/" "Mozilla/5.0 (Windows NT 6.1; WOW64) AppleWebKit/534+ (KHTML, like Gecko) BingPreview/1.0b"
199.30.24.14 - - [10/Jun/2016:20:35:50 +0200] "GET /js/bootstrap.min.js HTTP/1.1" 200 25764 "http://www.dialyse-falkensee.de/" "Mozilla/5.0 (Windows NT 6.1; WOW64) AppleWebKit/534+ (KHTML, like Gecko) BingPreview/1.0b"
207.46.13.2 - - [10/Jun/2016:20:35:57 +0200] "GET /robots.txt HTTP/1.1" 404 1256 "-" "Mozilla/5.0 (compatible; bingbot/2.0; +http://www.bing.com/bingbot.htm)"
207.46.13.2 - - [10/Jun/2016:20:35:57 +0200] "GET /robots.txt HTTP/1.1" 404 1256 "-" "Mozilla/5.0 (compatible; bingbot/2.0; +http://www.bing.com/bingbot.htm)"
207.46.13.2 - - [10/Jun/2016:20:35:57 +0200] "GET /robots.txt HTTP/1.1" 404 1256 "-" "Mozilla/5.0 (compatible; bingbot/2.0; +http://www.bing.com/bingbot.htm)"
40.77.167.74 - - [10/Jun/2016:20:50:47 +0200] "GET /robots.txt HTTP/1.1" 404 1256 "-" "Mozilla/5.0 (compatible; bingbot/2.0; +http://www.bing.com/bingbot.htm)"
40.77.167.74 - - [10/Jun/2016:20:51:04 +0200] "GET / HTTP/1.1" 200 3274 "-" "Mozilla/5.0 (compatible; bingbot/2.0; +http://www.bing.com/bingbot.htm)"
178.255.215.83 - - [10/Jun/2016:21:31:15 +0200] "GET /robots.txt HTTP/1.1" 404 1256 "-" "Mozilla/5.0 (compatible; Exabot/3.0; +http://www.exabot.com/go/robot)"
178.255.215.83 - - [10/Jun/2016:21:31:15 +0200] "GET / HTTP/1.1" 304 - "-" "Mozilla/5.0 (compatible; Exabot/3.0; +http://www.exabot.com/go/robot)"
212.86.202.134 - - [10/Jun/2016:22:34:38 +0200] "GET / HTTP/1.1" 200 3274 "-" "Mozilla/5.0 (Windows NT 6.2; WOW64; rv:22.0) Gecko/20100101 Firefox/22.0"
148.251.191.123 - - [10/Jun/2016:22:34:38 +0200] "GET / HTTP/1.1" 200 3274 "-" "Mozilla/5.0 (Macintosh; Intel Mac OS X 10_10_1) AppleWebKit/537.36 (KHTML, like Gecko) Chrome/41.0.2227.1 Safari/537.36"
148.251.191.123 - - [10/Jun/2016:22:34:38 +0200] "GET / HTTP/1.1" 200 3274 "-" "Mozilla/5.0 (Windows NT 6.1; WOW64) AppleWebKit/537.36 (KHTML, like Gecko) Chrome/27.0.1453.12 Safari/537.36 OPR/14.0.1116.4"
66.249.66.166 - - [11/Jun/2016:00:18:08 +0200] "GET / HTTP/1.1" 200 3274 "-" "Mozilla/5.0 (compatible; Googlebot/2.1; +http://www.google.com/bot.html)"
66.249.79.138 - - [11/Jun/2016:00:18:08 +0200] "GET / HTTP/1.1" 200 3274 "-" "Mozilla/5.0 (compatible; Googlebot/2.1; +http://www.google.com/bot.html)"
66.249.79.138 - - [11/Jun/2016:04:04:07 +0200] "GET /robots.txt HTTP/1.1" 404 1256 "-" "Mozilla/5.0 (compatible; Googlebot/2.1; +http://www.google.com/bot.html)"
66.249.79.130 - - [11/Jun/2016:04:04:07 +0200] "GET / HTTP/1.1" 200 3274 "-" "Mozilla/5.0 (Linux; Android 6.0.1; Nexus 5X Build/MMB29P) AppleWebKit/537.36 (KHTML, like Gecko) Chrome/41.0.2272.96 Mobile Safari/537.36 (compatible; Googlebot/2.1; +http://www.google.com/bot.html)"
157.55.39.123 - - [11/Jun/2016:05:29:09 +0200] "GET /robots.txt HTTP/1.1" 404 1256 "-" "Mozilla/5.0 (compatible; bingbot/2.0; +http://www.bing.com/bingbot.htm)"
157.55.39.123 - - [11/Jun/2016:05:30:39 +0200] "GET / HTTP/1.1" 200 3274 "-" "Mozilla/5.0 (compatible; bingbot/2.0; +http://www.bing.com/bingbot.htm)"
157.55.39.123 - - [11/Jun/2016:07:11:39 +0200] "GET / HTTP/1.1" 200 3274 "-" "Mozilla/5.0 (compatible; bingbot/2.0; +http://www.bing.com/bingbot.htm)"
42.96.149.69 - - [11/Jun/2016:07:52:45 +0200] "GET / HTTP/1.1" 200 3274 "-" "-"
42.96.149.69 - - [11/Jun/2016:07:52:46 +0200] "GET /xmlrpc.php HTTP/1.1" 404 1256 "-" "-"
42.96.149.69 - - [11/Jun/2016:07:52:47 +0200] "HEAD /wp-login.php HTTP/1.1" 404 - "-" "-"
66.249.66.166 - - [11/Jun/2016:09:07:43 +0200] "GET / HTTP/1.1" 200 3274 "-" "Mozilla/5.0 (compatible; Googlebot/2.1; +http://www.google.com/bot.html)"
45.55.34.12 - - [11/Jun/2016:09:55:59 +0200] "GET / HTTP/1.0" 200 3274 "-" "Mozilla/5.0 (compatible; NetcraftSurveyAgent/1.0; +info@netcraft.com)"
66.249.66.162 - - [11/Jun/2016:10:52:22 +0200] "GET / HTTP/1.1" 200 3274 "-" "Mozilla/5.0 (compatible; Googlebot/2.1; +http://www.google.com/bot.html)"
188.40.95.70 - - [11/Jun/2016:12:43:20 +0200] "GET /robots.txt HTTP/1.0" 404 1256 "-" "Mozilla/5.0 (compatible; MJ12bot/v1.4.5; http://www.majestic12.co.uk/bot.php?+)"
188.40.95.70 - - [11/Jun/2016:12:43:21 +0200] "GET / HTTP/1.0" 200 3274 "-" "Mozilla/5.0 (compatible; MJ12bot/v1.4.5; http://www.majestic12.co.uk/bot.php?+)"
188.40.95.70 - - [11/Jun/2016:12:43:23 +0200] "GET /index.html HTTP/1.0" 200 3274 "-" "Mozilla/5.0 (compatible; MJ12bot/v1.4.5; http://www.majestic12.co.uk/bot.php?+)"
66.249.66.189 - - [11/Jun/2016:13:27:15 +0200] "GET / HTTP/1.1" 200 3274 "-" "Mozilla/5.0 (compatible; Googlebot/2.1; +http://www.google.com/bot.html)"
157.55.39.154 - - [11/Jun/2016:16:37:18 +0200] "GET / HTTP/1.1" 200 3274 "-" "Mozilla/5.0 (compatible; bingbot/2.0; +http://www.bing.com/bingbot.htm)"
69.30.213.138 - - [11/Jun/2016:18:19:01 +0200] "GET /robots.txt HTTP/1.0" 404 1256 "-" "Mozilla/5.0 (compatible; MJ12bot/v1.4.5; http://www.majestic12.co.uk/bot.php?+)"
69.30.213.138 - - [11/Jun/2016:18:19:21 +0200] "GET / HTTP/1.0" 200 3274 "-" "Mozilla/5.0 (compatible; MJ12bot/v1.4.5; http://www.majestic12.co.uk/bot.php?+)"
66.249.79.243 - - [11/Jun/2016:23:38:16 +0200] "GET /robots.txt HTTP/1.1" 404 1256 "-" "Mozilla/5.0 (compatible; Googlebot/2.1; +http://www.google.com/bot.html)"
66.249.79.130 - - [11/Jun/2016:23:38:16 +0200] "GET / HTTP/1.1" 200 3274 "-" "Mozilla/5.0 (compatible; Googlebot/2.1; +http://www.google.com/bot.html)"
66.249.79.138 - - [11/Jun/2016:23:52:01 +0200] "GET / HTTP/1.1" 200 3274 "-" "Mozilla/5.0 (Linux; Android 6.0.1; Nexus 5X Build/MMB29P) AppleWebKit/537.36 (KHTML, like Gecko) Chrome/41.0.2272.96 Mobile Safari/537.36 (compatible; Googlebot/2.1; +http://www.google.com/bot.html)"
85.14.244.113 - - [12/Jun/2016:00:43:26 +0200] "GET /robots.txt HTTP/1.0" 404 1256 "-" "Mozilla/5.0 (compatible; MJ12bot/v1.4.5; http://www.majestic12.co.uk/bot.php?+)"
193.111.140.106 - - [12/Jun/2016:00:43:28 +0200] "GET / HTTP/1.0" 200 3274 "-" "Mozilla/5.0 (compatible; MJ12bot/v1.4.5; http://www.majestic12.co.uk/bot.php?+)"
144.76.93.46 - - [12/Jun/2016:01:08:39 +0200] "GET /robots.txt HTTP/1.0" 404 1256 "-" "Mozilla/5.0 (compatible; MJ12bot/v1.4.5; http://www.majestic12.co.uk/bot.php?+)"
144.76.93.46 - - [12/Jun/2016:01:08:40 +0200] "GET /index.html HTTP/1.0" 200 3274 "-" "Mozilla/5.0 (compatible; MJ12bot/v1.4.5; http://www.majestic12.co.uk/bot.php?+)"
69.30.221.250 - - [12/Jun/2016:01:32:17 +0200] "GET /robots.txt HTTP/1.0" 404 1256 "-" "Mozilla/5.0 (compatible; MJ12bot/v1.4.5; http://www.majestic12.co.uk/bot.php?+)"
69.30.221.250 - - [12/Jun/2016:01:32:19 +0200] "GET / HTTP/1.0" 200 3274 "-" "Mozilla/5.0 (compatible; MJ12bot/v1.4.5; http://www.majestic12.co.uk/bot.php?+)"
5.9.142.226 - - [12/Jun/2016:03:25:19 +0200] "GET /robots.txt HTTP/1.0" 404 1256 "-" "Mozilla/5.0 (compatible; MJ12bot/v1.4.5; http://www.majestic12.co.uk/bot.php?+)"
5.9.142.226 - - [12/Jun/2016:03:25:21 +0200] "GET /index.html HTTP/1.0" 200 3274 "-" "Mozilla/5.0 (compatible; MJ12bot/v1.4.5; http://www.majestic12.co.uk/bot.php?+)"
157.55.39.154 - - [12/Jun/2016:04:03:19 +0200] "GET /robots.txt HTTP/1.1" 404 1256 "-" "Mozilla/5.0 (compatible; bingbot/2.0; +http://www.bing.com/bingbot.htm)"
157.55.39.154 - - [12/Jun/2016:04:04:05 +0200] "GET / HTTP/1.1" 200 3274 "-" "Mozilla/5.0 (compatible; bingbot/2.0; +http://www.bing.com/bingbot.htm)"
180.76.15.142 - - [12/Jun/2016:10:31:32 +0200] "GET / HTTP/1.1" 200 3274 "-" "Mozilla/5.0 (compatible; Baiduspider/2.0; +http://www.baidu.com/search/spider.html)"
180.76.15.34 - - [12/Jun/2016:12:53:50 +0200] "GET /css/bootstrap-responsive.min.css HTTP/1.1" 200 16520 "-" "Mozilla/5.0 (compatible; Baiduspider/2.0; +http://www.baidu.com/search/spider.html)"
157.55.39.154 - - [12/Jun/2016:15:36:07 +0200] "GET /robots.txt HTTP/1.1" 404 1256 "-" "Mozilla/5.0 (compatible; bingbot/2.0; +http://www.bing.com/bingbot.htm)"
157.55.39.154 - - [12/Jun/2016:19:49:43 +0200] "GET / HTTP/1.1" 200 3274 "-" "Mozilla/5.0 (compatible; bingbot/2.0; +http://www.bing.com/bingbot.htm)"
188.138.101.130 - - [12/Jun/2016:22:07:54 +0200] "GET / HTTP/1.1" 200 3274 "-" "Mozilla/5.0 (Windows; U; Windows NT 5.1; en-US) AppleWebKit/525.13 (KHTML, like Gecko) Chrome/0.2.149.27 Safari/525.13"
188.138.101.130 - - [12/Jun/2016:22:07:54 +0200] "GET /js/bootstrap.min.js HTTP/1.1" 200 25764 "-" "Mozilla/5.0 (Windows; U; Windows NT 5.1; en-US) AppleWebKit/525.13 (KHTML, like Gecko) Chrome/0.2.149.27 Safari/525.13"
188.138.101.130 - - [12/Jun/2016:22:07:54 +0200] "GET / HTTP/1.1" 200 3274 "-" "Mozilla/5.0 (Windows; U; Windows NT 5.1; en-US) AppleWebKit/525.13 (KHTML, like Gecko) Chrome/0.2.149.27 Safari/525.13"
66.249.66.158 - - [12/Jun/2016:22:22:36 +0200] "GET /robots.txt HTTP/1.1" 404 1256 "-" "Mozilla/5.0 (compatible; Googlebot/2.1; +http://www.google.com/bot.html)"
66.249.66.158 - - [12/Jun/2016:22:22:36 +0200] "GET / HTTP/1.1" 200 3274 "-" "Mozilla/5.0 (compatible; Googlebot/2.1; +http://www.google.com/bot.html)"
66.249.66.162 - - [12/Jun/2016:22:40:32 +0200] "GET /css/bootstrap.min.css HTTP/1.1" 200 101265 "-" "Mozilla/5.0 (compatible; Googlebot/2.1; +http://www.google.com/bot.html)"
66.249.66.166 - - [12/Jun/2016:22:40:32 +0200] "GET /css/bootstrap-responsive.min.css HTTP/1.1" 200 16520 "-" "Mozilla/5.0 (compatible; Googlebot/2.1; +http://www.google.com/bot.html)"
157.55.39.228 - - [13/Jun/2016:04:06:55 +0200] "GET / HTTP/1.1" 200 3274 "-" "Mozilla/5.0 (compatible; bingbot/2.0; +http://www.bing.com/bingbot.htm)"
61.135.216.45 - - [13/Jun/2016:04:39:24 +0200] "GET /robots.txt HTTP/1.0" 404 1256 "-" "viz/Nutch-1.7"
61.135.216.45 - - [13/Jun/2016:04:39:25 +0200] "GET / HTTP/1.0" 200 3274 "-" "viz/Nutch-1.7"
194.55.193.143 - - [13/Jun/2016:09:03:28 +0200] "GET / HTTP/1.1" 200 3274 "-" "Mozilla/5.0 (Windows NT 6.1; Trident/7.0; rv:11.0) like Gecko"
194.55.193.143 - - [13/Jun/2016:09:03:28 +0200] "GET /css/bootstrap-responsive.min.css HTTP/1.1" 200 16520 "http://www.dialyse-falkensee.de/" "Mozilla/5.0 (Windows NT 6.1; Trident/7.0; rv:11.0) like Gecko"
194.55.193.143 - - [13/Jun/2016:09:03:28 +0200] "GET /css/bootstrap.min.css HTTP/1.1" 200 101265 "http://www.dialyse-falkensee.de/" "Mozilla/5.0 (Windows NT 6.1; Trident/7.0; rv:11.0) like Gecko"
194.55.193.143 - - [13/Jun/2016:09:03:29 +0200] "GET /img/glyphicons-halflings.png HTTP/1.1" 200 12799 "http://www.dialyse-falkensee.de/" "Mozilla/5.0 (Windows NT 6.1; Trident/7.0; rv:11.0) like Gecko"
194.55.193.143 - - [13/Jun/2016:09:03:31 +0200] "GET /js/bootstrap.min.js HTTP/1.1" 200 25764 "http://www.dialyse-falkensee.de/" "Mozilla/5.0 (Windows NT 6.1; Trident/7.0; rv:11.0) like Gecko"
194.55.193.143 - - [13/Jun/2016:09:03:32 +0200] "GET /ico/favicon.ico HTTP/1.1" 404 1256 "-" "Mozilla/5.0 (Windows NT 6.1; Trident/7.0; rv:11.0) like Gecko"
194.55.193.143 - - [13/Jun/2016:09:03:32 +0200] "GET /favicon.ico HTTP/1.1" 404 1256 "-" "Mozilla/5.0 (Windows NT 6.1; Trident/7.0; rv:11.0) like Gecko"
138.201.59.34 - - [13/Jun/2016:09:53:36 +0200] "GET /robots.txt HTTP/1.0" 404 1256 "-" "Mozilla/5.0 (compatible; SEOkicks-Robot; +http://www.seokicks.de/robot.html)"
138.201.59.34 - - [13/Jun/2016:09:53:38 +0200] "GET / HTTP/1.0" 200 3274 "-" "Mozilla/5.0 (compatible; SEOkicks-Robot; +http://www.seokicks.de/robot.html)"
138.201.59.34 - - [13/Jun/2016:09:53:39 +0200] "GET /css/bootstrap.min.css HTTP/1.0" 200 101265 "http://www.dialyse-falkensee.de/" "Mozilla/5.0 (compatible; SEOkicks-Robot; +http://www.seokicks.de/robot.html)"
138.201.59.34 - - [13/Jun/2016:09:53:40 +0200] "GET /css/bootstrap-responsive.min.css HTTP/1.0" 200 16520 "http://www.dialyse-falkensee.de/" "Mozilla/5.0 (compatible; SEOkicks-Robot; +http://www.seokicks.de/robot.html)"
138.201.59.34 - - [13/Jun/2016:09:53:42 +0200] "GET /ico/favicon.ico HTTP/1.0" 404 1256 "http://www.dialyse-falkensee.de/" "Mozilla/5.0 (compatible; SEOkicks-Robot; +http://www.seokicks.de/robot.html)"
138.201.59.34 - - [13/Jun/2016:09:53:44 +0200] "GET /js/bootstrap.min.js HTTP/1.0" 200 25764 "http://www.dialyse-falkensee.de/" "Mozilla/5.0 (compatible; SEOkicks-Robot; +http://www.seokicks.de/robot.html)"
180.76.15.33 - - [13/Jun/2016:10:49:03 +0200] "GET / HTTP/1.1" 200 3274 "-" "Mozilla/5.0 (compatible; Baiduspider/2.0; +http://www.baidu.com/search/spider.html)"
66.249.66.158 - - [13/Jun/2016:13:14:18 +0200] "GET /robots.txt HTTP/1.1" 404 1256 "-" "Mozilla/5.0 (compatible; Googlebot/2.1; +http://www.google.com/bot.html)"
66.249.66.166 - - [13/Jun/2016:13:14:19 +0200] "GET / HTTP/1.1" 200 3274 "-" "Mozilla/5.0 (compatible; Googlebot/2.1; +http://www.google.com/bot.html)"
217.27.196.25 - - [13/Jun/2016:13:15:08 +0200] "GET / HTTP/1.1" 200 3274 "http://www.google.de/url?url=http://www.dialyse-falkensee.de/&rct=j&frm=1&q=&esrc=s&sa=U&ved=0ahUKEwiDy5qA8KTNAhUBkxQKHfI0AYIQFgghMAI&usg=AFQjCNGTMsOmUydm_ETbHdTzqo4UHDj11g" "Mozilla/5.0 (compatible; MSIE 9.0; Windows NT 6.1; WOW64; Trident/5.0)"
217.27.196.25 - - [13/Jun/2016:13:15:08 +0200] "GET /css/bootstrap-responsive.min.css HTTP/1.1" 200 16520 "http://www.dialyse-falkensee.de/" "Mozilla/5.0 (compatible; MSIE 9.0; Windows NT 6.1; WOW64; Trident/5.0)"
217.27.196.25 - - [13/Jun/2016:13:15:08 +0200] "GET /css/bootstrap.min.css HTTP/1.1" 200 101265 "http://www.dialyse-falkensee.de/" "Mozilla/5.0 (compatible; MSIE 9.0; Windows NT 6.1; WOW64; Trident/5.0)"
217.27.196.25 - - [13/Jun/2016:13:15:08 +0200] "GET /js/bootstrap.min.js HTTP/1.1" 200 25764 "http://www.dialyse-falkensee.de/" "Mozilla/5.0 (compatible; MSIE 9.0; Windows NT 6.1; WOW64; Trident/5.0)"
217.27.196.25 - - [13/Jun/2016:13:15:08 +0200] "GET /img/glyphicons-halflings.png HTTP/1.1" 200 12799 "http://www.dialyse-falkensee.de/" "Mozilla/5.0 (compatible; MSIE 9.0; Windows NT 6.1; WOW64; Trident/5.0)"
217.27.196.25 - - [13/Jun/2016:13:15:08 +0200] "GET /ico/favicon.ico HTTP/1.1" 404 1256 "-" "Mozilla/5.0 (compatible; MSIE 9.0; Windows NT 6.1; WOW64; Trident/5.0)"
66.249.66.158 - - [13/Jun/2016:14:49:46 +0200] "GET /css/bootstrap-responsive.min.css HTTP/1.1" 200 16520 "http://www.dialyse-falkensee.de/" "Mozilla/5.0 (compatible; Googlebot/2.1; +http://www.google.com/bot.html)"
66.249.66.162 - - [13/Jun/2016:14:49:47 +0200] "GET /css/bootstrap.min.css HTTP/1.1" 200 101265 "http://www.dialyse-falkensee.de/" "Mozilla/5.0 (compatible; Googlebot/2.1; +http://www.google.com/bot.html)"
180.76.15.163 - - [13/Jun/2016:19:58:11 +0200] "GET /css/bootstrap.min.css HTTP/1.1" 200 101265 "-" "Mozilla/5.0 (compatible; Baiduspider/2.0; +http://www.baidu.com/search/spider.html)"
68.180.228.96 - - [13/Jun/2016:22:22:01 +0200] "GET /robots.txt HTTP/1.1" 404 1256 "-" "Mozilla/5.0 (compatible; Yahoo! Slurp; http://help.yahoo.com/help/us/ysearch/slurp)"
68.180.228.96 - - [13/Jun/2016:22:22:02 +0200] "GET / HTTP/1.1" 200 3274 "-" "Mozilla/5.0 (compatible; Yahoo! Slurp; http://help.yahoo.com/help/us/ysearch/slurp)"
212.83.177.193 - - [13/Jun/2016:23:07:02 +0200] "GET /robots.txt HTTP/1.0" 404 1256 "-" "Mozilla/5.0 (compatible; MJ12bot/v1.4.5; http://www.majestic12.co.uk/bot.php?+)"
212.83.177.193 - - [13/Jun/2016:23:07:04 +0200] "GET / HTTP/1.0" 200 3274 "-" "Mozilla/5.0 (compatible; MJ12bot/v1.4.5; http://www.majestic12.co.uk/bot.php?+)"
212.83.177.193 - - [13/Jun/2016:23:07:05 +0200] "GET /index.html HTTP/1.0" 200 3274 "-" "Mozilla/5.0 (compatible; MJ12bot/v1.4.5; http://www.majestic12.co.uk/bot.php?+)"
157.55.39.223 - - [13/Jun/2016:23:15:54 +0200] "GET / HTTP/1.1" 200 3274 "-" "Mozilla/5.0 (compatible; bingbot/2.0; +http://www.bing.com/bingbot.htm)"
157.55.39.240 - - [13/Jun/2016:23:16:00 +0200] "GET /robots.txt HTTP/1.1" 404 1256 "-" "Mozilla/5.0 (compatible; bingbot/2.0; +http://www.bing.com/bingbot.htm)"
157.55.39.240 - - [13/Jun/2016:23:16:00 +0200] "GET /robots.txt HTTP/1.1" 404 1256 "-" "Mozilla/5.0 (compatible; bingbot/2.0; +http://www.bing.com/bingbot.htm)"
157.55.39.240 - - [13/Jun/2016:23:16:00 +0200] "GET /robots.txt HTTP/1.1" 404 1256 "-" "Mozilla/5.0 (compatible; bingbot/2.0; +http://www.bing.com/bingbot.htm)"
157.55.39.240 - - [13/Jun/2016:23:16:00 +0200] "GET /robots.txt HTTP/1.1" 404 1256 "-" "Mozilla/5.0 (compatible; bingbot/2.0; +http://www.bing.com/bingbot.htm)"
157.55.39.240 - - [13/Jun/2016:23:16:02 +0200] "GET /css/bootstrap.min.css HTTP/1.1" 200 101265 "-" "Mozilla/5.0 (compatible; bingbot/2.0; +http://www.bing.com/bingbot.htm)"
207.46.13.100 - - [13/Jun/2016:23:16:05 +0200] "GET /js/bootstrap.min.js HTTP/1.1" 200 25764 "-" "Mozilla/5.0 (compatible; bingbot/2.0; +http://www.bing.com/bingbot.htm)"
157.55.39.223 - - [13/Jun/2016:23:16:10 +0200] "GET /css/bootstrap-responsive.min.css HTTP/1.1" 200 16520 "-" "Mozilla/5.0 (compatible; bingbot/2.0; +http://www.bing.com/bingbot.htm)"
188.138.101.130 - - [14/Jun/2016:00:55:50 +0200] "GET / HTTP/1.1" 200 3274 "-" "Mozilla/5.0 (Windows; U; Windows NT 5.1; en-US) AppleWebKit/525.13 (KHTML, like Gecko) Chrome/0.2.149.27 Safari/525.13"
188.138.101.130 - - [14/Jun/2016:00:55:50 +0200] "GET / HTTP/1.1" 200 3274 "-" "Mozilla/5.0 (Windows; U; Windows NT 5.1; en-US) AppleWebKit/525.13 (KHTML, like Gecko) Chrome/0.2.149.27 Safari/525.13"
192.243.55.129 - - [14/Jun/2016:03:25:10 +0200] "GET / HTTP/1.1" 200 3274 "-" "Mozilla/5.0 (compatible; SemrushBot/1.1~bl; +http://www.semrush.com/bot.html)"
207.46.13.78 - - [14/Jun/2016:03:43:54 +0200] "GET / HTTP/1.1" 200 3274 "-" "Mozilla/5.0 (compatible; bingbot/2.0; +http://www.bing.com/bingbot.htm)"
149.202.48.246 - - [14/Jun/2016:08:40:17 +0200] "GET /robots.txt HTTP/1.0" 404 1256 "-" "Mozilla/5.0 (compatible; MJ12bot/v1.4.5; http://www.majestic12.co.uk/bot.php?+)"
149.202.48.246 - - [14/Jun/2016:08:40:19 +0200] "GET / HTTP/1.0" 200 3274 "-" "Mozilla/5.0 (compatible; MJ12bot/v1.4.5; http://www.majestic12.co.uk/bot.php?+)"
144.76.61.21 - - [14/Jun/2016:10:12:15 +0200] "GET /robots.txt HTTP/1.0" 404 1256 "-" "Mozilla/5.0 (compatible; MJ12bot/v1.4.5; http://www.majestic12.co.uk/bot.php?+)"
144.76.61.21 - - [14/Jun/2016:10:12:16 +0200] "GET / HTTP/1.0" 200 3274 "-" "Mozilla/5.0 (compatible; MJ12bot/v1.4.5; http://www.majestic12.co.uk/bot.php?+)"
66.249.66.158 - - [14/Jun/2016:11:39:59 +0200] "GET /robots.txt HTTP/1.1" 404 1256 "-" "Mozilla/5.0 (compatible; Googlebot/2.1; +http://www.google.com/bot.html)"
66.249.66.166 - - [14/Jun/2016:11:39:59 +0200] "GET / HTTP/1.1" 200 3274 "-" "Mozilla/5.0 (Linux; Android 6.0.1; Nexus 5X Build/MMB29P) AppleWebKit/537.36 (KHTML, like Gecko) Chrome/41.0.2272.96 Mobile Safari/537.36 (compatible; Googlebot/2.1; +http://www.google.com/bot.html)"
217.27.196.25 - - [14/Jun/2016:11:42:21 +0200] "GET / HTTP/1.1" 200 3274 "http://www.google.de/url?url=http://www.dialyse-falkensee.de/&rct=j&frm=1&q=&esrc=s&sa=U&ved=0ahUKEwizpvb9nKfNAhUFuBQKHbgOAVUQFggtMAQ&usg=AFQjCNGTMsOmUydm_ETbHdTzqo4UHDj11g" "Mozilla/5.0 (compatible; MSIE 9.0; Windows NT 6.1; WOW64; Trident/5.0)"
217.27.196.25 - - [14/Jun/2016:11:42:21 +0200] "GET /css/bootstrap-responsive.min.css HTTP/1.1" 200 16520 "http://www.dialyse-falkensee.de/" "Mozilla/5.0 (compatible; MSIE 9.0; Windows NT 6.1; WOW64; Trident/5.0)"
217.27.196.25 - - [14/Jun/2016:11:42:21 +0200] "GET /css/bootstrap.min.css HTTP/1.1" 200 101265 "http://www.dialyse-falkensee.de/" "Mozilla/5.0 (compatible; MSIE 9.0; Windows NT 6.1; WOW64; Trident/5.0)"
217.27.196.25 - - [14/Jun/2016:11:42:22 +0200] "GET /img/glyphicons-halflings.png HTTP/1.1" 200 12799 "http://www.dialyse-falkensee.de/" "Mozilla/5.0 (compatible; MSIE 9.0; Windows NT 6.1; WOW64; Trident/5.0)"
217.27.196.25 - - [14/Jun/2016:11:42:22 +0200] "GET /js/bootstrap.min.js HTTP/1.1" 200 25764 "http://www.dialyse-falkensee.de/" "Mozilla/5.0 (compatible; MSIE 9.0; Windows NT 6.1; WOW64; Trident/5.0)"
62.138.2.243 - - [14/Jun/2016:14:39:52 +0200] "GET /robots.txt HTTP/1.0" 404 1256 "-" "Mozilla/5.0 (compatible; MJ12bot/v1.4.5; http://www.majestic12.co.uk/bot.php?+)"
62.138.2.243 - - [14/Jun/2016:14:39:54 +0200] "GET /index.html HTTP/1.0" 200 3274 "-" "Mozilla/5.0 (compatible; MJ12bot/v1.4.5; http://www.majestic12.co.uk/bot.php?+)"
207.46.13.78 - - [14/Jun/2016:15:09:23 +0200] "GET /robots.txt HTTP/1.1" 404 1256 "-" "Mozilla/5.0 (compatible; bingbot/2.0; +http://www.bing.com/bingbot.htm)"
207.46.13.78 - - [14/Jun/2016:15:11:08 +0200] "GET / HTTP/1.1" 200 3274 "-" "Mozilla/5.0 (compatible; bingbot/2.0; +http://www.bing.com/bingbot.htm)"
66.249.66.158 - - [14/Jun/2016:19:14:00 +0200] "GET / HTTP/1.1" 200 3274 "-" "Mozilla/5.0 (compatible; Googlebot/2.1; +http://www.google.com/bot.html)"
207.46.13.78 - - [14/Jun/2016:22:06:23 +0200] "GET / HTTP/1.1" 200 3274 "-" "Mozilla/5.0 (compatible; bingbot/2.0; +http://www.bing.com/bingbot.htm)"
66.249.64.181 - - [15/Jun/2016:00:30:55 +0200] "GET /robots.txt HTTP/1.1" 404 1256 "-" "Mozilla/5.0 (compatible; Googlebot/2.1; +http://www.google.com/bot.html)"
66.249.64.171 - - [15/Jun/2016:00:30:55 +0200] "GET / HTTP/1.1" 200 3274 "-" "Mozilla/5.0 (compatible; Googlebot/2.1; +http://www.google.com/bot.html)"
88.198.1.77 - - [15/Jun/2016:00:47:46 +0200] "GET / HTTP/1.1" 200 3274 "-" "Mozilla/5.0 (X11; Linux x86_64) AppleWebKit/534.34 (KHTML, like Gecko) Qt/4.8.2 Safari/534.34"
88.198.1.77 - - [15/Jun/2016:00:47:46 +0200] "GET /css/bootstrap-responsive.min.css HTTP/1.1" 200 16520 "http://www.dialyse-falkensee.de/" "Mozilla/5.0 (X11; Linux x86_64) AppleWebKit/534.34 (KHTML, like Gecko) Qt/4.8.2 Safari/534.34"
88.198.1.77 - - [15/Jun/2016:00:47:46 +0200] "GET /js/bootstrap.min.js HTTP/1.1" 200 25764 "http://www.dialyse-falkensee.de/" "Mozilla/5.0 (X11; Linux x86_64) AppleWebKit/534.34 (KHTML, like Gecko) Qt/4.8.2 Safari/534.34"
88.198.1.77 - - [15/Jun/2016:00:47:46 +0200] "GET /css/bootstrap.min.css HTTP/1.1" 200 101265 "http://www.dialyse-falkensee.de/" "Mozilla/5.0 (X11; Linux x86_64) AppleWebKit/534.34 (KHTML, like Gecko) Qt/4.8.2 Safari/534.34"
88.198.1.77 - - [15/Jun/2016:00:47:46 +0200] "GET /img/glyphicons-halflings.png HTTP/1.1" 200 12799 "http://www.dialyse-falkensee.de/" "Mozilla/5.0 (X11; Linux x86_64) AppleWebKit/534.34 (KHTML, like Gecko) Qt/4.8.2 Safari/534.34"
207.46.13.78 - - [15/Jun/2016:03:40:20 +0200] "GET / HTTP/1.1" 200 3274 "-" "Mozilla/5.0 (compatible; bingbot/2.0; +http://www.bing.com/bingbot.htm)"
66.249.64.176 - - [15/Jun/2016:04:05:57 +0200] "GET / HTTP/1.1" 200 3274 "-" "Mozilla/5.0 (compatible; Googlebot/2.1; +http://www.google.com/bot.html)"
66.249.64.176 - - [15/Jun/2016:05:38:55 +0200] "GET / HTTP/1.1" 200 3274 "-" "Mozilla/5.0 (compatible; Googlebot/2.1; +http://www.google.com/bot.html)"
87.146.35.211 - - [15/Jun/2016:08:16:10 +0200] "GET / HTTP/1.1" 200 3274 "https://www.google.de" "Mozilla/5.0 (Windows NT 6.1; rv:47.0) Gecko/20100101 Firefox/47.0"
87.146.35.211 - - [15/Jun/2016:08:16:10 +0200] "GET /css/bootstrap-responsive.min.css HTTP/1.1" 200 16520 "http://www.dialyse-falkensee.de/" "Mozilla/5.0 (Windows NT 6.1; rv:47.0) Gecko/20100101 Firefox/47.0"
87.146.35.211 - - [15/Jun/2016:08:16:10 +0200] "GET /js/bootstrap.min.js HTTP/1.1" 200 25764 "http://www.dialyse-falkensee.de/" "Mozilla/5.0 (Windows NT 6.1; rv:47.0) Gecko/20100101 Firefox/47.0"
87.146.35.211 - - [15/Jun/2016:08:16:10 +0200] "GET /ico/favicon.ico HTTP/1.1" 404 1256 "-" "Mozilla/5.0 (Windows NT 6.1; rv:47.0) Gecko/20100101 Firefox/47.0"
87.146.35.211 - - [15/Jun/2016:08:16:10 +0200] "GET /ico/favicon.ico HTTP/1.1" 404 1256 "-" "Mozilla/5.0 (Windows NT 6.1; rv:47.0) Gecko/20100101 Firefox/47.0"
87.146.35.211 - - [15/Jun/2016:08:16:10 +0200] "GET /css/bootstrap.min.css HTTP/1.1" 200 101265 "http://www.dialyse-falkensee.de/" "Mozilla/5.0 (Windows NT 6.1; rv:47.0) Gecko/20100101 Firefox/47.0"
87.146.35.211 - - [15/Jun/2016:08:18:43 +0200] "GET /ico/favicon.ico HTTP/1.1" 404 1256 "-" "Mozilla/5.0 (Windows NT 6.1; rv:47.0) Gecko/20100101 Firefox/47.0"
87.146.35.211 - - [15/Jun/2016:08:18:43 +0200] "GET /ico/favicon.ico HTTP/1.1" 404 1256 "-" "Mozilla/5.0 (Windows NT 6.1; rv:47.0) Gecko/20100101 Firefox/47.0"
93.219.222.176 - - [15/Jun/2016:12:26:55 +0200] "GET / HTTP/1.1" 200 3274 "https://www.bing.com/" "Mozilla/5.0 (Windows NT 10.0; Win64; x64) AppleWebKit/537.36 (KHTML, like Gecko) Chrome/46.0.2486.0 Safari/537.36 Edge/13.10586"
93.219.222.176 - - [15/Jun/2016:12:26:55 +0200] "GET /css/bootstrap-responsive.min.css HTTP/1.1" 200 16520 "http://www.dialyse-falkensee.de/" "Mozilla/5.0 (Windows NT 10.0; Win64; x64) AppleWebKit/537.36 (KHTML, like Gecko) Chrome/46.0.2486.0 Safari/537.36 Edge/13.10586"
93.219.222.176 - - [15/Jun/2016:12:26:55 +0200] "GET /js/bootstrap.min.js HTTP/1.1" 200 25764 "http://www.dialyse-falkensee.de/" "Mozilla/5.0 (Windows NT 10.0; Win64; x64) AppleWebKit/537.36 (KHTML, like Gecko) Chrome/46.0.2486.0 Safari/537.36 Edge/13.10586"
93.219.222.176 - - [15/Jun/2016:12:26:55 +0200] "GET /css/bootstrap.min.css HTTP/1.1" 200 101265 "http://www.dialyse-falkensee.de/" "Mozilla/5.0 (Windows NT 10.0; Win64; x64) AppleWebKit/537.36 (KHTML, like Gecko) Chrome/46.0.2486.0 Safari/537.36 Edge/13.10586"
93.219.222.176 - - [15/Jun/2016:12:26:55 +0200] "GET /ico/favicon.ico HTTP/1.1" 404 1256 "-" "Mozilla/5.0 (Windows NT 10.0; Win64; x64) AppleWebKit/537.36 (KHTML, like Gecko) Chrome/46.0.2486.0 Safari/537.36 Edge/13.10586"
93.219.222.176 - - [15/Jun/2016:12:26:55 +0200] "GET /favicon.ico HTTP/1.1" 404 1256 "-" "Mozilla/5.0 (Windows NT 10.0; Win64; x64) AppleWebKit/537.36 (KHTML, like Gecko) Chrome/46.0.2486.0 Safari/537.36 Edge/13.10586"
93.219.222.176 - - [15/Jun/2016:12:28:09 +0200] "GET /img/glyphicons-halflings.png HTTP/1.1" 200 12799 "http://www.dialyse-falkensee.de/" "Mozilla/5.0 (Windows NT 10.0; Win64; x64) AppleWebKit/537.36 (KHTML, like Gecko) Chrome/46.0.2486.0 Safari/537.36 Edge/13.10586"
93.219.222.176 - - [15/Jun/2016:12:28:09 +0200] "GET /ico/favicon.ico HTTP/1.1" 404 1256 "-" "Mozilla/5.0 (Windows NT 10.0; Win64; x64) AppleWebKit/537.36 (KHTML, like Gecko) Chrome/46.0.2486.0 Safari/537.36 Edge/13.10586"
93.219.222.176 - - [15/Jun/2016:12:28:09 +0200] "GET /favicon.ico HTTP/1.1" 404 1256 "-" "Mozilla/5.0 (Windows NT 10.0; Win64; x64) AppleWebKit/537.36 (KHTML, like Gecko) Chrome/46.0.2486.0 Safari/537.36 Edge/13.10586"
142.54.167.98 - - [15/Jun/2016:13:11:09 +0200] "GET /wp-login.php HTTP/1.1" 404 1256 "-" "Mozilla/5.0 (compatible; MSIE 9.0; Windows NT 6.1; Trident/5.0)"
66.249.64.176 - - [15/Jun/2016:14:08:48 +0200] "GET /robots.txt HTTP/1.1" 404 1256 "-" "Mozilla/5.0 (compatible; Googlebot/2.1; +http://www.google.com/bot.html)"
66.249.64.176 - - [15/Jun/2016:14:08:48 +0200] "GET / HTTP/1.1" 200 3274 "-" "Mozilla/5.0 (compatible; Googlebot/2.1; +http://www.google.com/bot.html)"
207.46.13.78 - - [15/Jun/2016:14:10:38 +0200] "GET /kontakt.htm HTTP/1.1" 404 1256 "-" "Mozilla/5.0 (compatible; bingbot/2.0; +http://www.bing.com/bingbot.htm)"
52.18.108.95 - - [15/Jun/2016:15:03:08 +0200] "GET / HTTP/1.1" 200 3274 "-" "SafeSearch microdata crawler (https://safesearch.avira.com, safesearch-abuse@avira.com)"
62.220.2.102 - - [15/Jun/2016:15:11:21 +0200] "GET / HTTP/1.1" 200 3274 "http://www.google.de/url?sa=t&rct=j&q=&esrc=s&source=web&cd=2&ved=0ahUKEwjY-a_bjarNAhUHKMAKHW4HBDUQFggkMAE&url=http%3A%2F%2Fwww.dialyse-falkensee.de%2F&usg=AFQjCNECgXXq-DVOeCPbM1zyqacv9mR2gg" "Mozilla/5.0 (Windows NT 6.1; WOW64; Trident/7.0; rv:11.0) like Gecko"
62.220.2.102 - - [15/Jun/2016:15:11:21 +0200] "GET /css/bootstrap-responsive.min.css HTTP/1.1" 200 16520 "http://www.dialyse-falkensee.de/" "Mozilla/5.0 (Windows NT 6.1; WOW64; Trident/7.0; rv:11.0) like Gecko"
62.220.2.102 - - [15/Jun/2016:15:11:21 +0200] "GET /js/bootstrap.min.js HTTP/1.1" 200 25764 "http://www.dialyse-falkensee.de/" "Mozilla/5.0 (Windows NT 6.1; WOW64; Trident/7.0; rv:11.0) like Gecko"
62.220.2.102 - - [15/Jun/2016:15:11:21 +0200] "GET /css/bootstrap.min.css HTTP/1.1" 200 101265 "http://www.dialyse-falkensee.de/" "Mozilla/5.0 (Windows NT 6.1; WOW64; Trident/7.0; rv:11.0) like Gecko"
62.220.2.102 - - [15/Jun/2016:15:11:21 +0200] "GET /img/glyphicons-halflings.png HTTP/1.1" 200 12799 "http://www.dialyse-falkensee.de/" "Mozilla/5.0 (Windows NT 6.1; WOW64; Trident/7.0; rv:11.0) like Gecko"
62.220.2.102 - - [15/Jun/2016:15:11:21 +0200] "GET /ico/favicon.ico HTTP/1.1" 404 1256 "-" "Mozilla/5.0 (Windows NT 6.1; Win64; x64; Trident/7.0; rv:11.0) like Gecko"
62.220.2.102 - - [15/Jun/2016:15:11:21 +0200] "GET /favicon.ico HTTP/1.1" 404 1256 "-" "Mozilla/5.0 (Windows NT 6.1; Win64; x64; Trident/7.0; rv:11.0) like Gecko"
207.46.13.78 - - [15/Jun/2016:15:11:22 +0200] "GET / HTTP/1.1" 200 3274 "-" "Mozilla/5.0 (compatible; bingbot/2.0; +http://www.bing.com/bingbot.htm)"
80.187.97.20 - - [15/Jun/2016:15:19:36 +0200] "GET / HTTP/1.1" 200 3274 "https://www.google.de/" "Mozilla/5.0 (iPhone; CPU iPhone OS 9_3_2 like Mac OS X) AppleWebKit/601.1.46 (KHTML, like Gecko) Version/9.0 Mobile/13F69 Safari/601.1"
80.187.97.20 - - [15/Jun/2016:15:19:36 +0200] "GET /js/bootstrap.min.js HTTP/1.1" 200 25764 "http://www.dialyse-falkensee.de/" "Mozilla/5.0 (iPhone; CPU iPhone OS 9_3_2 like Mac OS X) AppleWebKit/601.1.46 (KHTML, like Gecko) Version/9.0 Mobile/13F69 Safari/601.1"
80.187.97.20 - - [15/Jun/2016:15:19:36 +0200] "GET /css/bootstrap-responsive.min.css HTTP/1.1" 200 16520 "http://www.dialyse-falkensee.de/" "Mozilla/5.0 (iPhone; CPU iPhone OS 9_3_2 like Mac OS X) AppleWebKit/601.1.46 (KHTML, like Gecko) Version/9.0 Mobile/13F69 Safari/601.1"
80.187.97.20 - - [15/Jun/2016:15:19:36 +0200] "GET /css/bootstrap.min.css HTTP/1.1" 200 101265 "http://www.dialyse-falkensee.de/" "Mozilla/5.0 (iPhone; CPU iPhone OS 9_3_2 like Mac OS X) AppleWebKit/601.1.46 (KHTML, like Gecko) Version/9.0 Mobile/13F69 Safari/601.1"
80.187.97.20 - - [15/Jun/2016:15:19:37 +0200] "GET /img/glyphicons-halflings.png HTTP/1.1" 200 12799 "http://www.dialyse-falkensee.de/" "Mozilla/5.0 (iPhone; CPU iPhone OS 9_3_2 like Mac OS X) AppleWebKit/601.1.46 (KHTML, like Gecko) Version/9.0 Mobile/13F69 Safari/601.1"
66.249.69.171 - - [15/Jun/2016:17:33:47 +0200] "GET / HTTP/1.1" 200 3274 "-" "Mozilla/5.0 (Linux; Android 6.0.1; Nexus 5X Build/MMB29P) AppleWebKit/537.36 (KHTML, like Gecko) Chrome/41.0.2272.96 Mobile Safari/537.36 (compatible; Googlebot/2.1; +http://www.google.com/bot.html)"
5.9.145.132 - - [15/Jun/2016:17:38:17 +0200] "GET / HTTP/1.1" 200 3274 "-" "Mozilla/5.0 (Windows NT 5.0; rv:21.0) Gecko/20100101 Firefox/21.0"
93.219.241.237 - - [15/Jun/2016:18:59:23 +0200] "GET / HTTP/1.1" 200 3274 "https://www.google.de" "Mozilla/5.0 (Windows NT 6.1; WOW64; rv:47.0) Gecko/20100101 Firefox/47.0"
93.219.241.237 - - [15/Jun/2016:18:59:23 +0200] "GET /js/bootstrap.min.js HTTP/1.1" 200 25764 "http://www.dialyse-falkensee.de/" "Mozilla/5.0 (Windows NT 6.1; WOW64; rv:47.0) Gecko/20100101 Firefox/47.0"
93.219.241.237 - - [15/Jun/2016:18:59:23 +0200] "GET /css/bootstrap-responsive.min.css HTTP/1.1" 200 16520 "http://www.dialyse-falkensee.de/" "Mozilla/5.0 (Windows NT 6.1; WOW64; rv:47.0) Gecko/20100101 Firefox/47.0"
93.219.241.237 - - [15/Jun/2016:18:59:23 +0200] "GET /ico/favicon.ico HTTP/1.1" 404 1256 "-" "Mozilla/5.0 (Windows NT 6.1; WOW64; rv:47.0) Gecko/20100101 Firefox/47.0"
93.219.241.237 - - [15/Jun/2016:18:59:23 +0200] "GET /ico/favicon.ico HTTP/1.1" 404 1256 "-" "Mozilla/5.0 (Windows NT 6.1; WOW64; rv:47.0) Gecko/20100101 Firefox/47.0"
93.219.241.237 - - [15/Jun/2016:18:59:23 +0200] "GET /css/bootstrap.min.css HTTP/1.1" 200 101265 "http://www.dialyse-falkensee.de/" "Mozilla/5.0 (Windows NT 6.1; WOW64; rv:47.0) Gecko/20100101 Firefox/47.0"
138.201.30.66 - - [15/Jun/2016:19:52:44 +0200] "GET /robots.txt HTTP/1.0" 404 1256 "-" "Mozilla/5.0 (compatible; SEOkicks-Robot; +http://www.seokicks.de/robot.html)"
138.201.30.66 - - [15/Jun/2016:19:52:45 +0200] "GET / HTTP/1.0" 200 3274 "-" "Mozilla/5.0 (compatible; SEOkicks-Robot; +http://www.seokicks.de/robot.html)"
138.201.30.66 - - [15/Jun/2016:19:52:47 +0200] "GET /css/bootstrap.min.css HTTP/1.0" 200 101265 "http://www.dialyse-falkensee.de/" "Mozilla/5.0 (compatible; SEOkicks-Robot; +http://www.seokicks.de/robot.html)"
138.201.30.66 - - [15/Jun/2016:19:52:49 +0200] "GET /css/bootstrap-responsive.min.css HTTP/1.0" 200 16520 "http://www.dialyse-falkensee.de/" "Mozilla/5.0 (compatible; SEOkicks-Robot; +http://www.seokicks.de/robot.html)"
138.201.30.66 - - [15/Jun/2016:19:52:51 +0200] "GET /ico/favicon.ico HTTP/1.0" 404 1256 "http://www.dialyse-falkensee.de/" "Mozilla/5.0 (compatible; SEOkicks-Robot; +http://www.seokicks.de/robot.html)"
138.201.30.66 - - [15/Jun/2016:19:52:52 +0200] "GET /js/bootstrap.min.js HTTP/1.0" 200 25764 "http://www.dialyse-falkensee.de/" "Mozilla/5.0 (compatible; SEOkicks-Robot; +http://www.seokicks.de/robot.html)"
46.229.164.101 - - [15/Jun/2016:23:28:30 +0200] "GET /robots.txt HTTP/1.1" 404 1256 "-" "Mozilla/5.0 (compatible; SemrushBot/1.1~bl; +http://www.semrush.com/bot.html)"
5.39.72.85 - - [15/Jun/2016:23:57:44 +0200] "GET / HTTP/1.1" 200 3274 "-" "Java/1.7.0_80"
78.109.59.37 - - [16/Jun/2016:00:04:34 +0200] "GET / HTTP/1.1" 200 3274 "-" "Typhoeus - https://github.com/typhoeus/typhoeus"
