216.177.129.157 - - [25/Apr/2014:17:01:31 +0200] "GET /favicon.ico HTTP/1.1" 404 1256 "-" "Mozilla/5.0 (Windows NT 6.2; WOW64) AppleWebKit/537.36 (KHTML, like Gecko) Chrome/30.0.1599.69 Safari/537.36"
216.177.129.157 - - [25/Apr/2014:17:01:35 +0200] "GET /seiten/dialyse.htm HTTP/1.1" 200 4906 "http://www.search.ask.com/picdetails?apn_dbr=&apn_dtid=%5EIME001%5EYY%5EUS&crxv=&itbv=&d=1-0&atb=sysid%3D1%3Aappid%3D0%3Auid%3D75c6443046f5a2e1%3Auc2%3D120%3Atypekbn%3Dn9396%3Asrc%3Dcrb%3Ao%3DAPN10653&p2=%5EAGE%5EIME001%5EYY%5EUS&hdoi=&apn_ptnrs=%5EAGE&o=APN10653&lang=fr&gct=ds&tbv=&tpid=&pf=&shad=s_0043&trgb=&apn_sauid=&hpds=&apn_uid=2886435725324420&doi=&q=la+dialyse&surl=http%3A%2F%2Fwww.search.ask.com%2Fpictures%3Fapn_dtid%3D%255EIME001%255EYY%255EUS%26d%3D1-0%26atb%3Dsysid%253D1%253Aappid%253D0%253Auid%253D75c6443046f5a2e1%253Auc2%253D120%253Atypekbn%253Dn9396%253Asrc%253Dcrb%253Ao%253DAPN10653%26shad%3Ds_0043%26p2%3D%255EAGE%255EIME001%255EYY%255EUS%26apn_ptnrs%3D%255EAGE%26o%3DAPN10653%26apn_uid%3D2886435725324420%26lang%3Dfr%26gct%3Dds%26q%3Dla%2Bdialyse%26tpr%3D10&purl=http%3A%2F%2Fwww.dialyse-in-salzwedel.de%2Fseiten%2Fdialyse.htm&iurl=http%3A%2F%2Fwww.dialyse-in-salzwedel.de%2Fimg%2Fdialyse.jpg&iw=360&ih=312&turl=http%3A%2F%2Fmedia4.picsearch.com%2Fis%3FxC204Hd570slq-2GwARkSjkE8HTtCzZjbRt6Z4zwWZo&tw=128&th=125" "Mozilla/5.0 (Windows NT 6.2; WOW64) AppleWebKit/537.36 (KHTML, like Gecko) Chrome/30.0.1599.69 Safari/537.36"
216.177.129.157 - - [25/Apr/2014:17:01:43 +0200] "GET /img/meno05.gif HTTP/1.1" 200 788 "http://www.dialyse-in-salzwedel.de/seiten/dialyse.htm" "Mozilla/5.0 (Windows NT 6.2; WOW64) AppleWebKit/537.36 (KHTML, like Gecko) Chrome/30.0.1599.69 Safari/537.36"
216.177.129.157 - - [25/Apr/2014:17:01:48 +0200] "GET /img/meno07.gif HTTP/1.1" 200 1052 "http://www.dialyse-in-salzwedel.de/seiten/dialyse.htm" "Mozilla/5.0 (Windows NT 6.2; WOW64) AppleWebKit/537.36 (KHTML, like Gecko) Chrome/30.0.1599.69 Safari/537.36"
123.125.71.43 - - [25/Apr/2014:18:05:20 +0200] "GET / HTTP/1.1" 200 2301 "-" "Mozilla/5.0 (compatible; Baiduspider/2.0; +http://www.baidu.com/search/spider.html)"
220.181.108.86 - - [25/Apr/2014:18:05:56 +0200] "GET / HTTP/1.1" 200 2301 "-" "Mozilla/5.0 (compatible; Baiduspider/2.0; +http://www.baidu.com/search/spider.html)"
216.177.129.157 - - [25/Apr/2014:18:45:33 +0200] "GET /img/meno02.gif HTTP/1.1" 200 1200 "http://www.dialyse-in-salzwedel.de/seiten/dialyse.htm" "Mozilla/5.0 (Windows NT 6.2; WOW64) AppleWebKit/537.36 (KHTML, like Gecko) Chrome/30.0.1599.69 Safari/537.36"
216.177.129.157 - - [25/Apr/2014:18:45:35 +0200] "GET /img/meno02.gif HTTP/1.1" 200 1200 "http://www.dialyse-in-salzwedel.de/seiten/dialyse.htm" "Mozilla/5.0 (Windows NT 6.2; WOW64) AppleWebKit/537.36 (KHTML, like Gecko) Chrome/30.0.1599.69 Safari/537.36"
157.55.32.103 - - [25/Apr/2014:18:57:05 +0200] "GET /seiten/impressum.htm HTTP/1.1" 200 6907 "-" "Mozilla/5.0 (compatible; bingbot/2.0; +http://www.bing.com/bingbot.htm)"
157.55.35.80 - - [25/Apr/2014:18:57:53 +0200] "GET /img/bg01.gif HTTP/1.1" 200 70 "-" "Mozilla/5.0 (compatible; bingbot/2.0; +http://www.bing.com/bingbot.htm)"
157.55.35.80 - - [25/Apr/2014:18:57:53 +0200] "GET /img/men05.gif HTTP/1.1" 200 1042 "-" "Mozilla/5.0 (compatible; bingbot/2.0; +http://www.bing.com/bingbot.htm)"
157.55.35.80 - - [25/Apr/2014:18:57:53 +0200] "GET /img/head.gif HTTP/1.1" 200 4213 "-" "Mozilla/5.0 (compatible; bingbot/2.0; +http://www.bing.com/bingbot.htm)"
157.55.35.80 - - [25/Apr/2014:18:57:53 +0200] "GET /img/men08.gif HTTP/1.1" 200 1069 "-" "Mozilla/5.0 (compatible; bingbot/2.0; +http://www.bing.com/bingbot.htm)"
157.55.35.80 - - [25/Apr/2014:18:57:54 +0200] "GET /img/men02.gif HTTP/1.1" 200 758 "-" "Mozilla/5.0 (compatible; bingbot/2.0; +http://www.bing.com/bingbot.htm)"
157.55.35.80 - - [25/Apr/2014:18:57:54 +0200] "GET /img/meno07.gif HTTP/1.1" 200 1052 "-" "Mozilla/5.0 (compatible; bingbot/2.0; +http://www.bing.com/bingbot.htm)"
157.55.35.80 - - [25/Apr/2014:18:57:54 +0200] "GET /img/lay01.gif HTTP/1.1" 200 149 "-" "Mozilla/5.0 (compatible; bingbot/2.0; +http://www.bing.com/bingbot.htm)"
157.55.35.80 - - [25/Apr/2014:18:57:54 +0200] "GET /img/men04.gif HTTP/1.1" 200 1234 "-" "Mozilla/5.0 (compatible; bingbot/2.0; +http://www.bing.com/bingbot.htm)"
157.55.35.80 - - [25/Apr/2014:18:57:54 +0200] "GET /img/men03.gif HTTP/1.1" 200 999 "-" "Mozilla/5.0 (compatible; bingbot/2.0; +http://www.bing.com/bingbot.htm)"
157.55.32.103 - - [25/Apr/2014:18:58:18 +0200] "GET /img/men01.gif HTTP/1.1" 200 702 "-" "Mozilla/5.0 (compatible; bingbot/2.0; +http://www.bing.com/bingbot.htm)"
157.55.32.103 - - [25/Apr/2014:18:58:19 +0200] "GET /img/lay02.gif HTTP/1.1" 200 153 "-" "Mozilla/5.0 (compatible; bingbot/2.0; +http://www.bing.com/bingbot.htm)"
157.55.32.103 - - [25/Apr/2014:18:58:19 +0200] "GET /img/bg02.gif HTTP/1.1" 200 67 "-" "Mozilla/5.0 (compatible; bingbot/2.0; +http://www.bing.com/bingbot.htm)"
157.55.32.103 - - [25/Apr/2014:18:58:19 +0200] "GET /img/bg04.gif HTTP/1.1" 200 92 "-" "Mozilla/5.0 (compatible; bingbot/2.0; +http://www.bing.com/bingbot.htm)"
157.55.32.103 - - [25/Apr/2014:18:58:19 +0200] "GET /img/men07.gif HTTP/1.1" 200 893 "-" "Mozilla/5.0 (compatible; bingbot/2.0; +http://www.bing.com/bingbot.htm)"
157.55.34.26 - - [25/Apr/2014:18:59:13 +0200] "GET /img/bg03.gif HTTP/1.1" 200 84 "-" "Mozilla/5.0 (compatible; bingbot/2.0; +http://www.bing.com/bingbot.htm)"
157.55.34.26 - - [25/Apr/2014:18:59:13 +0200] "GET /img/men06.gif HTTP/1.1" 200 904 "-" "Mozilla/5.0 (compatible; bingbot/2.0; +http://www.bing.com/bingbot.htm)"
123.125.71.57 - - [25/Apr/2014:19:23:01 +0200] "GET / HTTP/1.1" 200 2301 "-" "Mozilla/5.0 (compatible; Baiduspider/2.0; +http://www.baidu.com/search/spider.html)"
220.181.108.94 - - [25/Apr/2014:19:24:36 +0200] "GET / HTTP/1.1" 200 2301 "-" "Mozilla/5.0 (compatible; Baiduspider/2.0; +http://www.baidu.com/search/spider.html)"
195.242.218.133 - - [25/Apr/2014:19:39:16 +0200] "GET /seiten/start.htm HTTP/1.1" 200 4313 "http://datsun-do.com/" "Mozilla/4.0 (compatible; MSIE 7.0b; Windows NT 6.0)"
195.242.218.133 - - [25/Apr/2014:19:39:17 +0200] "GET /seiten/start.htm HTTP/1.1" 200 4313 "http://datsun-do.com/" "Mozilla/4.0 (compatible; MSIE 7.0b; Windows NT 6.0)"
195.242.218.133 - - [25/Apr/2014:19:39:17 +0200] "GET /seiten/start.htm HTTP/1.1" 200 4313 "http://datsun-do.com/" "Mozilla/4.0 (compatible; MSIE 7.0b; Windows NT 6.0)"
157.55.32.103 - - [25/Apr/2014:21:42:55 +0200] "GET /robots.txt HTTP/1.1" 404 1256 "-" "Mozilla/5.0 (compatible; bingbot/2.0; +http://www.bing.com/bingbot.htm)"
157.55.32.103 - - [25/Apr/2014:21:43:05 +0200] "GET /seiten/kont_form.php HTTP/1.1" 200 6397 "-" "Mozilla/5.0 (compatible; bingbot/2.0; +http://www.bing.com/bingbot.htm)"
217.69.133.220 - - [25/Apr/2014:21:44:02 +0200] "GET /robots.txt HTTP/1.1" 404 1256 "-" "Mozilla/5.0 (compatible; Linux x86_64; Mail.RU_Bot/2.0; +http://go.mail.ru/help/robots)"
217.69.133.224 - - [25/Apr/2014:21:44:03 +0200] "GET /seiten/news.php HTTP/1.1" 200 4865 "-" "Mozilla/5.0 (compatible; Linux x86_64; Mail.RU_Bot/2.0; +http://go.mail.ru/help/robots)"
123.125.71.50 - - [25/Apr/2014:23:29:44 +0200] "GET / HTTP/1.1" 200 2301 "-" "Mozilla/5.0 (compatible; Baiduspider/2.0; +http://www.baidu.com/search/spider.html)"
178.137.86.94 - - [26/Apr/2014:02:06:28 +0200] "GET /seiten/start.htm HTTP/1.1" 200 4313 "http://wmcash-change.com/" "Mozilla/0.6 Beta (Windows)"
178.137.86.94 - - [26/Apr/2014:02:06:29 +0200] "GET /seiten/start.htm HTTP/1.1" 200 4313 "http://wmcash-change.com/" "Mozilla/0.6 Beta (Windows)"
178.137.86.94 - - [26/Apr/2014:02:06:32 +0200] "GET /seiten/start.htm HTTP/1.1" 200 4313 "http://wmcash-change.com/" "Mozilla/0.6 Beta (Windows)"
87.160.245.115 - - [26/Apr/2014:02:59:14 +0200] "GET / HTTP/1.1" 200 2301 "http://m.bigfinder.de/?c=ws&q=startseite&v=1" "Mozilla/5.0 (Macintosh; U; Intel Mac OS X 10.6; de-DE; rv:1.9.2.8) Gecko/20100722 Firefox/3.6.8"
208.115.113.82 - - [26/Apr/2014:04:12:02 +0200] "GET /robots.txt HTTP/1.1" 404 1256 "-" "Mozilla/5.0 (compatible; DotBot/1.1; http://www.opensiteexplorer.org/dotbot, help@moz.com)"
82.193.99.33 - - [26/Apr/2014:06:15:14 +0200] "GET /seiten/start.htm HTTP/1.1" 200 4313 "http://dominterior.org/" "Mozilla/4.0 (compatible; MSIE 6.0; Update a; AOL 6.0; Windows 98)"
82.193.99.33 - - [26/Apr/2014:06:15:14 +0200] "GET /seiten/start.htm HTTP/1.1" 200 4313 "http://dominterior.org/" "Mozilla/4.0 (compatible; MSIE 6.0; Update a; AOL 6.0; Windows 98)"
82.193.99.33 - - [26/Apr/2014:06:15:15 +0200] "GET /seiten/start.htm HTTP/1.1" 200 4313 "http://dominterior.org/" "Mozilla/4.0 (compatible; MSIE 6.0; Update a; AOL 6.0; Windows 98)"
208.115.113.82 - - [26/Apr/2014:06:16:21 +0200] "GET /seiten/links.htm HTTP/1.1" 200 5092 "-" "Mozilla/5.0 (compatible; DotBot/1.1; http://www.opensiteexplorer.org/dotbot, help@moz.com)"
178.137.86.94 - - [26/Apr/2014:06:19:53 +0200] "GET /seiten/start.htm HTTP/1.1" 200 4313 "http://porno-mixxx.com/" "Mozilla/4.0 (compatible; MSIE 6.0; Update a; AOL 6.0; Windows 98)"
178.137.86.94 - - [26/Apr/2014:06:19:54 +0200] "GET /seiten/start.htm HTTP/1.1" 200 4313 "http://porno-mixxx.com/" "Mozilla/4.0 (compatible; MSIE 6.0; Update a; AOL 6.0; Windows 98)"
178.137.86.94 - - [26/Apr/2014:06:19:54 +0200] "GET /seiten/start.htm HTTP/1.1" 200 4313 "http://porno-mixxx.com/" "Mozilla/4.0 (compatible; MSIE 6.0; Update a; AOL 6.0; Windows 98)"
66.249.78.91 - - [26/Apr/2014:06:41:37 +0200] "GET /robots.txt HTTP/1.1" 404 1256 "-" "Mozilla/5.0 (compatible; Googlebot/2.1; +http://www.google.com/bot.html)"
66.249.78.91 - - [26/Apr/2014:06:41:37 +0200] "GET /img/FL_check.swf HTTP/1.1" 200 100 "-" "Mozilla/5.0 (compatible; Googlebot/2.1; +http://www.google.com/bot.html)"
178.137.86.94 - - [26/Apr/2014:07:49:49 +0200] "GET /seiten/start.htm HTTP/1.1" 200 4313 "http://www.escort-girls-telaviv.net/" "Mozilla/4.0 (compatible; MSIE 6.0; Windows NT 5.1; SV1; .NET CLR 1.1.4322; .NET CLR 2.0.50727)"
178.137.86.94 - - [26/Apr/2014:07:49:49 +0200] "GET /seiten/start.htm HTTP/1.1" 200 4313 "http://www.escort-girls-telaviv.net/" "Mozilla/4.0 (compatible; MSIE 6.0; Windows NT 5.1; SV1; .NET CLR 1.1.4322; .NET CLR 2.0.50727)"
178.137.86.94 - - [26/Apr/2014:07:49:50 +0200] "GET /seiten/start.htm HTTP/1.1" 200 4313 "http://www.escort-girls-telaviv.net/" "Mozilla/4.0 (compatible; MSIE 6.0; Windows NT 5.1; SV1; .NET CLR 1.1.4322; .NET CLR 2.0.50727)"
217.69.133.222 - - [26/Apr/2014:07:59:56 +0200] "GET /robots.txt HTTP/1.1" 404 1256 "-" "Mozilla/5.0 (compatible; Linux x86_64; Mail.RU_Bot/2.0; +http://go.mail.ru/help/robots)"
217.69.133.220 - - [26/Apr/2014:07:59:58 +0200] "GET /seiten/links.htm HTTP/1.1" 304 - "-" "Mozilla/5.0 (compatible; Linux x86_64; Mail.RU_Bot/2.0; +http://go.mail.ru/help/robots)"
109.120.157.179 - - [26/Apr/2014:10:59:04 +0200] "GET /seiten/start.htm HTTP/1.1" 200 4313 "http://alkorpkf.ru/" "Mozilla/5.0 (compatible; Add Catalog/2.1;)"
109.120.157.179 - - [26/Apr/2014:10:59:05 +0200] "GET /seiten/start.htm HTTP/1.1" 200 4313 "http://alkorpkf.ru/" "Mozilla/5.0 (compatible; Add Catalog/2.1;)"
46.119.117.170 - - [26/Apr/2014:11:10:37 +0200] "GET /seiten/start.htm HTTP/1.1" 200 4313 "http://www.omtravel55.ru/" "Mozilla/4.7 (compatible; OffByOne; Windows 2000) Webster Pro V3.4"
46.119.117.170 - - [26/Apr/2014:11:10:38 +0200] "GET /seiten/start.htm HTTP/1.1" 200 4313 "http://www.omtravel55.ru/" "Mozilla/4.7 (compatible; OffByOne; Windows 2000) Webster Pro V3.4"
46.119.117.170 - - [26/Apr/2014:11:10:39 +0200] "GET /seiten/start.htm HTTP/1.1" 200 4313 "http://www.omtravel55.ru/" "Mozilla/4.7 (compatible; OffByOne; Windows 2000) Webster Pro V3.4"
66.249.78.91 - - [26/Apr/2014:13:34:06 +0200] "GET /robots.txt HTTP/1.1" 404 1256 "-" "Mozilla/5.0 (compatible; Googlebot/2.1; +http://www.google.com/bot.html)"
66.249.78.91 - - [26/Apr/2014:13:34:06 +0200] "GET /img/FL_check.swf HTTP/1.1" 200 100 "-" "Mozilla/5.0 (compatible; Googlebot/2.1; +http://www.google.com/bot.html)"
157.55.35.80 - - [26/Apr/2014:14:22:59 +0200] "GET /robots.txt HTTP/1.1" 404 1256 "-" "Mozilla/5.0 (compatible; bingbot/2.0; +http://www.bing.com/bingbot.htm)"
157.55.35.80 - - [26/Apr/2014:14:24:38 +0200] "GET /seiten/leistungen.htm HTTP/1.1" 200 5060 "-" "Mozilla/5.0 (compatible; bingbot/2.0; +http://www.bing.com/bingbot.htm)"
157.55.33.105 - - [26/Apr/2014:14:25:17 +0200] "GET /scripte/basics.js HTTP/1.1" 200 1078 "-" "Mozilla/5.0 (compatible; bingbot/2.0; +http://www.bing.com/bingbot.htm)"
157.55.33.105 - - [26/Apr/2014:14:25:19 +0200] "GET /css/style.css HTTP/1.1" 200 3212 "-" "Mozilla/5.0 (compatible; bingbot/2.0; +http://www.bing.com/bingbot.htm)"
123.125.71.23 - - [26/Apr/2014:15:18:17 +0200] "GET / HTTP/1.1" 200 2301 "-" "Mozilla/5.0 (compatible; Baiduspider/2.0; +http://www.baidu.com/search/spider.html)"
220.181.108.110 - - [26/Apr/2014:15:18:58 +0200] "GET / HTTP/1.1" 200 2301 "-" "Mozilla/5.0 (compatible; Baiduspider/2.0; +http://www.baidu.com/search/spider.html)"
66.249.78.91 - - [26/Apr/2014:15:23:34 +0200] "GET /seiten/start.htm HTTP/1.1" 304 - "-" "Mozilla/5.0 (compatible; Googlebot/2.1; +http://www.google.com/bot.html)"
197.200.49.8 - - [26/Apr/2014:15:43:25 +0200] "GET /img/dialyse.jpg HTTP/1.1" 200 21241 "http://images.search.yahoo.com/images/view;_ylt=AwrB8pk9t1tT5gcADhWJzbkF;_ylu=X3oDMTIyY21qcXIxBHNlYwNzcgRzbGsDaW1nBG9pZAM0ZWY3NWVhMmUwZjBlOGQ3MWQ1MWI5ZGRkNmU2YmFkYwRncG9zAzEEaXQDYmluZw--?back=http%3A%2F%2Fimages.search.yahoo.com%2Fyhs%2Fsearch%3Fp%3Dfresinuis%2B4008%2BS%2Bgenerateure%2Bde%2Bdialyse%26type%3Dbr101dm43bs04ts908af119969%26hsimp%3Dyhs-yhsifmclone1%26hspart%3DBabylon%26tab%3Dorganic%26ri%3D1&w=320&h=320&imgurl=www.ocazoo.fr%2Fimg%2Fphotos%2F2158%2F85166%2F12312misc-rmuyo.jpg&rurl=http%3A%2F%2Fwww.ocazoo.fr%2Fannonces%2Fgenerateur-de-dialyse-fresenius-4008-h-85166.html&size=10.1KB&name=informations+sur+notre+produit+Generateur+%3Cb%3Ede+Dialyse+%3C%2Fb%3EFresenius+%3Cb%3E4008+%3C%2Fb%3E...&p=fresenius+4008+s+generateur+de+dialyse&oid=4ef75ea2e0f0e8d71d51b9ddd6e6badc&fr2=&fr=&rw=fresenius+4008+s+generateur+de+dialyse&tt=informations+sur+notre+produit+Generateur+%3Cb%3Ede+Dialyse+%3C%2Fb%3EFresenius+%3Cb%3E4008+%3C%2Fb%3E...&b=0&ni=21&no=1&ts=&tab=organic&sigr=12ffnaedo&sigb=15atioovd&sigi=11n8tiktf&sigt=12lo9bhg5&sign=12lo9bhg5&.crumb=uLiU2jZWho9&type=br101dm43bs04ts908af119969&hsimp=yhs-yhsifmclone1&hspart=Babylon" "Mozilla/4.0 (compatible; MSIE 8.0; Windows NT 6.1; Trident/4.0; SLCC2; .NET CLR 2.0.50727; .NET CLR 3.5.30729; .NET CLR 3.0.30729; Media Center PC 6.0; InfoPath.3; AskTbAVR-4/5.15.31.57710)"
197.200.49.8 - - [26/Apr/2014:15:44:56 +0200] "GET /img/lay03.gif HTTP/1.1" 200 253 "http://images.search.yahoo.com/images/view;_ylt=AwrB8pk9t1tT5gcADhWJzbkF;_ylu=X3oDMTIyY21qcXIxBHNlYwNzcgRzbGsDaW1nBG9pZAM0ZWY3NWVhMmUwZjBlOGQ3MWQ1MWI5ZGRkNmU2YmFkYwRncG9zAzEEaXQDYmluZw--?back=http%3A%2F%2Fimages.search.yahoo.com%2Fyhs%2Fsearch%3Fp%3Dfresinuis%2B4008%2BS%2Bgenerateure%2Bde%2Bdialyse%26type%3Dbr101dm43bs04ts908af119969%26hsimp%3Dyhs-yhsifmclone1%26hspart%3DBabylon%26tab%3Dorganic%26ri%3D1&w=320&h=320&imgurl=www.ocazoo.fr%2Fimg%2Fphotos%2F2158%2F85166%2F12312misc-rmuyo.jpg&rurl=http%3A%2F%2Fwww.ocazoo.fr%2Fannonces%2Fgenerateur-de-dialyse-fresenius-4008-h-85166.html&size=10.1KB&name=informations+sur+notre+produit+Generateur+%3Cb%3Ede+Dialyse+%3C%2Fb%3EFresenius+%3Cb%3E4008+%3C%2Fb%3E...&p=fresenius+4008+s+generateur+de+dialyse&oid=4ef75ea2e0f0e8d71d51b9ddd6e6badc&fr2=&fr=&rw=fresenius+4008+s+generateur+de+dialyse&tt=informations+sur+notre+produit+Generateur+%3Cb%3Ede+Dialyse+%3C%2Fb%3EFresenius+%3Cb%3E4008+%3C%2Fb%3E...&b=0&ni=21&no=1&ts=&tab=organic&sigr=12ffnaedo&sigb=15atioovd&sigi=11n8tiktf&sigt=12lo9bhg5&sign=12lo9bhg5&.crumb=uLiU2jZWho9&type=br101dm43bs04ts908af119969&hsimp=yhs-yhsifmclone1&hspart=Babylon" "Mozilla/4.0 (compatible; MSIE 8.0; Windows NT 6.1; Trident/4.0; SLCC2; .NET CLR 2.0.50727; .NET CLR 3.5.30729; .NET CLR 3.0.30729; Media Center PC 6.0; InfoPath.3; AskTbAVR-4/5.15.31.57710)"
66.249.78.91 - - [26/Apr/2014:16:38:11 +0200] "GET / HTTP/1.1" 200 2301 "-" "Mozilla/5.0 (compatible; Googlebot/2.1; +http://www.google.com/bot.html)"
66.249.78.91 - - [26/Apr/2014:16:41:29 +0200] "GET /seiten/start.htm HTTP/1.1" 200 4313 "-" "Mozilla/5.0 (compatible; Googlebot/2.1; +http://www.google.com/bot.html)"
193.150.120.14 - - [26/Apr/2014:16:48:52 +0200] "GET /seiten/start.htm HTTP/1.1" 200 4313 "http://kinonew-online.net/" "Opera/8.01 (Windows NT 5.1)"
193.150.120.14 - - [26/Apr/2014:16:48:52 +0200] "GET /seiten/start.htm HTTP/1.1" 200 4313 "http://kinonew-online.net/" "Opera/8.01 (Windows NT 5.1)"
193.150.120.14 - - [26/Apr/2014:16:48:53 +0200] "GET /seiten/start.htm HTTP/1.1" 200 4313 "http://kinonew-online.net/" "Opera/8.01 (Windows NT 5.1)"
178.137.89.185 - - [26/Apr/2014:17:24:41 +0200] "GET /seiten/start.htm HTTP/1.1" 200 4313 "http://www.prostitutki-donetska.org/" "Mozilla/1.22 (compatible; MSIE 2.0; Windows 95)"
178.137.89.185 - - [26/Apr/2014:17:24:42 +0200] "GET /seiten/start.htm HTTP/1.1" 200 4313 "http://mifilm.ru/" "Mozilla/4.0 (compatible; MSIE 6.0; AOL 9.0; Windows NT 5.1)"
178.137.89.185 - - [26/Apr/2014:17:24:42 +0200] "GET /seiten/start.htm HTTP/1.1" 200 4313 "http://mifilm.ru/" "Mozilla/4.0 (compatible; MSIE 6.0; AOL 9.0; Windows NT 5.1)"
178.137.89.185 - - [26/Apr/2014:17:24:42 +0200] "GET /seiten/start.htm HTTP/1.1" 200 4313 "http://www.prostitutki-donetska.org/" "Mozilla/1.22 (compatible; MSIE 2.0; Windows 95)"
178.137.89.185 - - [26/Apr/2014:17:24:43 +0200] "GET /seiten/start.htm HTTP/1.1" 200 4313 "http://www.prostitutki-donetska.org/" "Mozilla/1.22 (compatible; MSIE 2.0; Windows 95)"
178.137.89.185 - - [26/Apr/2014:17:24:44 +0200] "GET /seiten/start.htm HTTP/1.1" 200 4313 "http://mifilm.ru/" "Mozilla/4.0 (compatible; MSIE 6.0; AOL 9.0; Windows NT 5.1)"
213.222.64.161 - - [26/Apr/2014:17:46:05 +0200] "GET /img/dialyse.jpg HTTP/1.1" 200 21241 "http://www.bing.com/images/search?q=dialyse&go=&qs=ds&form=QBIR" "Mozilla/5.0 (compatible; MSIE 10.0; Windows NT 6.2; Win64; x64; Trident/6.0; MAFSJS)"
84.60.233.195 - - [26/Apr/2014:19:40:07 +0200] "GET /seiten/dialyse.htm HTTP/1.1" 200 4906 "http://www.google.de/imgres?imgurl=http%3A%2F%2Fwww.dialyse-in-salzwedel.de%2Fimg%2Fdialyse.jpg&imgrefurl=http%3A%2F%2Fwww.dialyse-in-salzwedel.de%2Fseiten%2Fdialyse.htm&h=312&w=360&tbnid=X1I_YDZL3jeJTM%3A&zoom=1&docid=PUbPJtek_nfasM&hl=de&ei=_e5bU-o2iYHLA4qjgcgI&tbm=isch&iact=rc&uact=3&dur=549&page=3&start=56&ndsp=33&ved=0CNsCEK0DMFI" "Mozilla/4.0 (compatible; MSIE 7.0; Windows NT 6.0; Trident/5.0; SLCC1; .NET CLR 2.0.50727; .NET CLR 3.5.30729; .NET4.0C; .NET CLR 3.0.30729; .NET4.0E)"
84.60.233.195 - - [26/Apr/2014:19:40:07 +0200] "GET /css/style.css HTTP/1.1" 200 3212 "http://www.dialyse-in-salzwedel.de/seiten/dialyse.htm" "Mozilla/4.0 (compatible; MSIE 7.0; Windows NT 6.0; Trident/5.0; SLCC1; .NET CLR 2.0.50727; .NET CLR 3.5.30729; .NET4.0C; .NET CLR 3.0.30729; .NET4.0E)"
84.60.233.195 - - [26/Apr/2014:19:40:07 +0200] "GET /scripte/basics.js HTTP/1.1" 200 1078 "http://www.dialyse-in-salzwedel.de/seiten/dialyse.htm" "Mozilla/4.0 (compatible; MSIE 7.0; Windows NT 6.0; Trident/5.0; SLCC1; .NET CLR 2.0.50727; .NET CLR 3.5.30729; .NET4.0C; .NET CLR 3.0.30729; .NET4.0E)"
84.60.233.195 - - [26/Apr/2014:19:40:07 +0200] "GET /img/head.gif HTTP/1.1" 200 4213 "http://www.dialyse-in-salzwedel.de/seiten/dialyse.htm" "Mozilla/4.0 (compatible; MSIE 7.0; Windows NT 6.0; Trident/5.0; SLCC1; .NET CLR 2.0.50727; .NET CLR 3.5.30729; .NET4.0C; .NET CLR 3.0.30729; .NET4.0E)"
84.60.233.195 - - [26/Apr/2014:19:40:07 +0200] "GET /img/men01.gif HTTP/1.1" 200 702 "http://www.dialyse-in-salzwedel.de/seiten/dialyse.htm" "Mozilla/4.0 (compatible; MSIE 7.0; Windows NT 6.0; Trident/5.0; SLCC1; .NET CLR 2.0.50727; .NET CLR 3.5.30729; .NET4.0C; .NET CLR 3.0.30729; .NET4.0E)"
84.60.233.195 - - [26/Apr/2014:19:40:07 +0200] "GET /img/men03.gif HTTP/1.1" 200 999 "http://www.dialyse-in-salzwedel.de/seiten/dialyse.htm" "Mozilla/4.0 (compatible; MSIE 7.0; Windows NT 6.0; Trident/5.0; SLCC1; .NET CLR 2.0.50727; .NET CLR 3.5.30729; .NET4.0C; .NET CLR 3.0.30729; .NET4.0E)"
84.60.233.195 - - [26/Apr/2014:19:40:07 +0200] "GET /img/meno03.gif HTTP/1.1" 200 931 "http://www.dialyse-in-salzwedel.de/seiten/dialyse.htm" "Mozilla/4.0 (compatible; MSIE 7.0; Windows NT 6.0; Trident/5.0; SLCC1; .NET CLR 2.0.50727; .NET CLR 3.5.30729; .NET4.0C; .NET CLR 3.0.30729; .NET4.0E)"
84.60.233.195 - - [26/Apr/2014:19:40:07 +0200] "GET /img/men04.gif HTTP/1.1" 200 1234 "http://www.dialyse-in-salzwedel.de/seiten/dialyse.htm" "Mozilla/4.0 (compatible; MSIE 7.0; Windows NT 6.0; Trident/5.0; SLCC1; .NET CLR 2.0.50727; .NET CLR 3.5.30729; .NET4.0C; .NET CLR 3.0.30729; .NET4.0E)"
84.60.233.195 - - [26/Apr/2014:19:40:07 +0200] "GET /img/men06.gif HTTP/1.1" 200 904 "http://www.dialyse-in-salzwedel.de/seiten/dialyse.htm" "Mozilla/4.0 (compatible; MSIE 7.0; Windows NT 6.0; Trident/5.0; SLCC1; .NET CLR 2.0.50727; .NET CLR 3.5.30729; .NET4.0C; .NET CLR 3.0.30729; .NET4.0E)"
84.60.233.195 - - [26/Apr/2014:19:40:07 +0200] "GET /img/men07.gif HTTP/1.1" 200 893 "http://www.dialyse-in-salzwedel.de/seiten/dialyse.htm" "Mozilla/4.0 (compatible; MSIE 7.0; Windows NT 6.0; Trident/5.0; SLCC1; .NET CLR 2.0.50727; .NET CLR 3.5.30729; .NET4.0C; .NET CLR 3.0.30729; .NET4.0E)"
84.60.233.195 - - [26/Apr/2014:19:40:07 +0200] "GET /img/men09.gif HTTP/1.1" 200 1200 "http://www.dialyse-in-salzwedel.de/seiten/dialyse.htm" "Mozilla/4.0 (compatible; MSIE 7.0; Windows NT 6.0; Trident/5.0; SLCC1; .NET CLR 2.0.50727; .NET CLR 3.5.30729; .NET4.0C; .NET CLR 3.0.30729; .NET4.0E)"
84.60.233.195 - - [26/Apr/2014:19:40:07 +0200] "GET /img/men08.gif HTTP/1.1" 200 1069 "http://www.dialyse-in-salzwedel.de/seiten/dialyse.htm" "Mozilla/4.0 (compatible; MSIE 7.0; Windows NT 6.0; Trident/5.0; SLCC1; .NET CLR 2.0.50727; .NET CLR 3.5.30729; .NET4.0C; .NET CLR 3.0.30729; .NET4.0E)"
84.60.233.195 - - [26/Apr/2014:19:40:07 +0200] "GET /img/men02.gif HTTP/1.1" 200 758 "http://www.dialyse-in-salzwedel.de/seiten/dialyse.htm" "Mozilla/4.0 (compatible; MSIE 7.0; Windows NT 6.0; Trident/5.0; SLCC1; .NET CLR 2.0.50727; .NET CLR 3.5.30729; .NET4.0C; .NET CLR 3.0.30729; .NET4.0E)"
84.60.233.195 - - [26/Apr/2014:19:40:07 +0200] "GET /img/lay01.gif HTTP/1.1" 200 149 "http://www.dialyse-in-salzwedel.de/seiten/dialyse.htm" "Mozilla/4.0 (compatible; MSIE 7.0; Windows NT 6.0; Trident/5.0; SLCC1; .NET CLR 2.0.50727; .NET CLR 3.5.30729; .NET4.0C; .NET CLR 3.0.30729; .NET4.0E)"
84.60.233.195 - - [26/Apr/2014:19:40:07 +0200] "GET /img/lay02.gif HTTP/1.1" 200 153 "http://www.dialyse-in-salzwedel.de/seiten/dialyse.htm" "Mozilla/4.0 (compatible; MSIE 7.0; Windows NT 6.0; Trident/5.0; SLCC1; .NET CLR 2.0.50727; .NET CLR 3.5.30729; .NET4.0C; .NET CLR 3.0.30729; .NET4.0E)"
84.60.233.195 - - [26/Apr/2014:19:40:07 +0200] "GET /img/dialyse.jpg HTTP/1.1" 200 21241 "http://www.dialyse-in-salzwedel.de/seiten/dialyse.htm" "Mozilla/4.0 (compatible; MSIE 7.0; Windows NT 6.0; Trident/5.0; SLCC1; .NET CLR 2.0.50727; .NET CLR 3.5.30729; .NET4.0C; .NET CLR 3.0.30729; .NET4.0E)"
84.60.233.195 - - [26/Apr/2014:19:40:07 +0200] "GET /img/lay03.gif HTTP/1.1" 200 253 "http://www.dialyse-in-salzwedel.de/seiten/dialyse.htm" "Mozilla/4.0 (compatible; MSIE 7.0; Windows NT 6.0; Trident/5.0; SLCC1; .NET CLR 2.0.50727; .NET CLR 3.5.30729; .NET4.0C; .NET CLR 3.0.30729; .NET4.0E)"
84.60.233.195 - - [26/Apr/2014:19:40:07 +0200] "GET /img/lay04.gif HTTP/1.1" 200 272 "http://www.dialyse-in-salzwedel.de/seiten/dialyse.htm" "Mozilla/4.0 (compatible; MSIE 7.0; Windows NT 6.0; Trident/5.0; SLCC1; .NET CLR 2.0.50727; .NET CLR 3.5.30729; .NET4.0C; .NET CLR 3.0.30729; .NET4.0E)"
84.60.233.195 - - [26/Apr/2014:19:40:07 +0200] "GET /img/1px.gif HTTP/1.1" 200 43 "http://www.dialyse-in-salzwedel.de/seiten/dialyse.htm" "Mozilla/4.0 (compatible; MSIE 7.0; Windows NT 6.0; Trident/5.0; SLCC1; .NET CLR 2.0.50727; .NET CLR 3.5.30729; .NET4.0C; .NET CLR 3.0.30729; .NET4.0E)"
84.60.233.195 - - [26/Apr/2014:19:40:07 +0200] "GET /img/bg03.gif HTTP/1.1" 200 84 "http://www.dialyse-in-salzwedel.de/seiten/dialyse.htm" "Mozilla/4.0 (compatible; MSIE 7.0; Windows NT 6.0; Trident/5.0; SLCC1; .NET CLR 2.0.50727; .NET CLR 3.5.30729; .NET4.0C; .NET CLR 3.0.30729; .NET4.0E)"
84.60.233.195 - - [26/Apr/2014:19:40:07 +0200] "GET /img/bg01.gif HTTP/1.1" 200 70 "http://www.dialyse-in-salzwedel.de/seiten/dialyse.htm" "Mozilla/4.0 (compatible; MSIE 7.0; Windows NT 6.0; Trident/5.0; SLCC1; .NET CLR 2.0.50727; .NET CLR 3.5.30729; .NET4.0C; .NET CLR 3.0.30729; .NET4.0E)"
84.60.233.195 - - [26/Apr/2014:19:40:07 +0200] "GET /img/bg02.gif HTTP/1.1" 200 67 "http://www.dialyse-in-salzwedel.de/seiten/dialyse.htm" "Mozilla/4.0 (compatible; MSIE 7.0; Windows NT 6.0; Trident/5.0; SLCC1; .NET CLR 2.0.50727; .NET CLR 3.5.30729; .NET4.0C; .NET CLR 3.0.30729; .NET4.0E)"
84.60.233.195 - - [26/Apr/2014:19:40:07 +0200] "GET /img/bg04.gif HTTP/1.1" 200 92 "http://www.dialyse-in-salzwedel.de/seiten/dialyse.htm" "Mozilla/4.0 (compatible; MSIE 7.0; Windows NT 6.0; Trident/5.0; SLCC1; .NET CLR 2.0.50727; .NET CLR 3.5.30729; .NET4.0C; .NET CLR 3.0.30729; .NET4.0E)"
84.60.233.195 - - [26/Apr/2014:19:40:10 +0200] "GET /favicon.ico HTTP/1.1" 404 1256 "-" "Mozilla/5.0 (compatible; MSIE 9.0; Windows NT 6.0; Trident/5.0)"
84.60.233.195 - - [26/Apr/2014:19:40:25 +0200] "GET /img/dialyse.jpg HTTP/1.1" 200 21241 "-" "Mozilla/4.0 (compatible; MSIE 7.0; Windows NT 6.0; Trident/5.0; SLCC1; .NET CLR 2.0.50727; .NET CLR 3.5.30729; .NET4.0C; .NET CLR 3.0.30729; .NET4.0E; MSOffice 12)"
157.55.35.80 - - [26/Apr/2014:20:19:10 +0200] "GET /seiten/leistungen.htm HTTP/1.1" 200 5060 "-" "Mozilla/5.0 (compatible; bingbot/2.0; +http://www.bing.com/bingbot.htm)"
208.115.113.82 - - [26/Apr/2014:20:25:01 +0200] "GET /robots.txt HTTP/1.1" 404 1256 "-" "Mozilla/5.0 (compatible; DotBot/1.1; http://www.opensiteexplorer.org/dotbot, help@moz.com)"
208.115.113.82 - - [26/Apr/2014:22:26:21 +0200] "GET /seiten/impressum.htm HTTP/1.1" 200 6907 "-" "Mozilla/5.0 (compatible; DotBot/1.1; http://www.opensiteexplorer.org/dotbot, help@moz.com)"
193.150.120.14 - - [27/Apr/2014:01:18:19 +0200] "GET /seiten/start.htm HTTP/1.1" 200 4313 "http://drevrus.biz/" "Mozilla/4.0 (compatible; MSIE 6.0; Windows NT 5.2; Win64; AMD64)"
193.150.120.14 - - [27/Apr/2014:01:18:19 +0200] "GET /seiten/start.htm HTTP/1.1" 200 4313 "http://drevrus.biz/" "Mozilla/4.0 (compatible; MSIE 6.0; Windows NT 5.2; Win64; AMD64)"
193.150.120.14 - - [27/Apr/2014:01:18:20 +0200] "GET /seiten/start.htm HTTP/1.1" 200 4313 "http://drevrus.biz/" "Mozilla/4.0 (compatible; MSIE 6.0; Windows NT 5.2; Win64; AMD64)"
92.249.127.111 - - [27/Apr/2014:02:58:12 +0200] "GET /seiten/start.htm HTTP/1.1" 200 4313 "http://www.socioforum.su/" "Mozilla/4.0 (compatible; MSIE 5.0; Windows NT; DigExt)"
92.249.127.111 - - [27/Apr/2014:02:58:12 +0200] "GET /seiten/start.htm HTTP/1.1" 200 4313 "http://www.socioforum.su/" "Mozilla/4.0 (compatible; MSIE 5.0; Windows NT; DigExt)"
92.249.127.111 - - [27/Apr/2014:02:58:13 +0200] "GET /seiten/start.htm HTTP/1.1" 200 4313 "http://www.socioforum.su/" "Mozilla/4.0 (compatible; MSIE 5.0; Windows NT; DigExt)"
199.30.20.17 - - [27/Apr/2014:06:30:55 +0200] "GET /robots.txt HTTP/1.1" 404 1256 "-" "msnbot-media/1.1 (+http://search.msn.com/msnbot.htm)"
199.30.20.17 - - [27/Apr/2014:06:30:55 +0200] "GET /img/dialyse.jpg HTTP/1.1" 200 21241 "-" "msnbot-media/1.1 (+http://search.msn.com/msnbot.htm)"
208.115.113.92 - - [27/Apr/2014:06:35:38 +0200] "GET /robots.txt HTTP/1.1" 404 1256 "-" "Mozilla/5.0 (compatible; DotBot/1.1; http://www.opensiteexplorer.org/dotbot, help@moz.com)"
178.137.89.185 - - [27/Apr/2014:07:25:18 +0200] "GET /seiten/start.htm HTTP/1.1" 200 4313 "http://www.prostitutki-astana.org/" "Mozilla/4.0 (compatible; MSIE 5.0; Windows 2000) Opera 6.0 [en]"
178.137.89.185 - - [27/Apr/2014:07:25:20 +0200] "GET /seiten/start.htm HTTP/1.1" 200 4313 "http://www.prostitutki-astana.org/" "Mozilla/4.0 (compatible; MSIE 5.0; Windows 2000) Opera 6.0 [en]"
178.137.89.185 - - [27/Apr/2014:07:25:21 +0200] "GET /seiten/start.htm HTTP/1.1" 200 4313 "http://www.prostitutki-astana.org/" "Mozilla/4.0 (compatible; MSIE 5.0; Windows 2000) Opera 6.0 [en]"
157.56.229.186 - - [27/Apr/2014:07:36:09 +0200] "GET /robots.txt HTTP/1.1" 404 1256 "-" "Mozilla/5.0 (compatible; bingbot/2.0; +http://www.bing.com/bingbot.htm)"
157.56.229.186 - - [27/Apr/2014:07:37:25 +0200] "GET /seiten/kontakt.htm HTTP/1.1" 200 5472 "-" "Mozilla/5.0 (compatible; bingbot/2.0; +http://www.bing.com/bingbot.htm)"
157.55.32.226 - - [27/Apr/2014:07:38:58 +0200] "GET /css/style.css HTTP/1.1" 200 3212 "-" "Mozilla/5.0 (compatible; bingbot/2.0; +http://www.bing.com/bingbot.htm)"
157.55.32.226 - - [27/Apr/2014:07:38:59 +0200] "GET /scripte/basics.js HTTP/1.1" 200 1078 "-" "Mozilla/5.0 (compatible; bingbot/2.0; +http://www.bing.com/bingbot.htm)"
123.125.71.28 - - [27/Apr/2014:08:10:30 +0200] "GET / HTTP/1.1" 200 2301 "-" "Mozilla/5.0 (compatible; Baiduspider/2.0; +http://www.baidu.com/search/spider.html)"
220.181.108.89 - - [27/Apr/2014:08:11:45 +0200] "GET / HTTP/1.1" 200 2301 "-" "Mozilla/5.0 (compatible; Baiduspider/2.0; +http://www.baidu.com/search/spider.html)"
208.115.113.92 - - [27/Apr/2014:08:40:37 +0200] "GET /seiten/leistungen.htm HTTP/1.1" 200 5060 "-" "Mozilla/5.0 (compatible; DotBot/1.1; http://www.opensiteexplorer.org/dotbot, help@moz.com)"
217.69.133.222 - - [27/Apr/2014:08:48:39 +0200] "GET /robots.txt HTTP/1.1" 404 1256 "-" "Mozilla/5.0 (compatible; Linux x86_64; Mail.RU_Bot/2.0; +http://go.mail.ru/help/robots)"
217.69.133.68 - - [27/Apr/2014:08:48:40 +0200] "GET /seiten/dialyse.htm HTTP/1.1" 304 - "-" "Mozilla/5.0 (compatible; Linux x86_64; Mail.RU_Bot/2.0; +http://go.mail.ru/help/robots)"
66.249.78.91 - - [27/Apr/2014:10:16:12 +0200] "GET /robots.txt HTTP/1.1" 404 1256 "-" "Mozilla/5.0 (compatible; Googlebot/2.1; +http://www.google.com/bot.html)"
66.249.78.91 - - [27/Apr/2014:10:16:12 +0200] "GET /seiten/start.htm HTTP/1.1" 304 - "-" "Mozilla/5.0 (iPhone; CPU iPhone OS 6_0 like Mac OS X) AppleWebKit/536.26 (KHTML, like Gecko) Version/6.0 Mobile/10A5376e Safari/8536.25 (compatible; Googlebot/2.1; +http://www.google.com/bot.html)"
46.119.117.170 - - [27/Apr/2014:11:34:08 +0200] "GET /seiten/start.htm HTTP/1.1" 200 4313 "http://www.m2.cn.ua/" "Mozilla/4.0 (compatible; MSIE 6.0; Windows NT 5.1; SV1; FunWebProducts; MRA 4.6 (build 01425); .NET CLR 1.1.4322; .NET CLR 2.0.50727)"
46.119.117.170 - - [27/Apr/2014:11:34:12 +0200] "GET /seiten/start.htm HTTP/1.1" 200 4313 "http://www.m2.cn.ua/" "Mozilla/4.0 (compatible; MSIE 6.0; Windows NT 5.1; SV1; FunWebProducts; MRA 4.6 (build 01425); .NET CLR 1.1.4322; .NET CLR 2.0.50727)"
46.119.117.170 - - [27/Apr/2014:11:34:12 +0200] "GET /seiten/start.htm HTTP/1.1" 200 4313 "http://www.m2.cn.ua/" "Mozilla/4.0 (compatible; MSIE 6.0; Windows NT 5.1; SV1; FunWebProducts; MRA 4.6 (build 01425); .NET CLR 1.1.4322; .NET CLR 2.0.50727)"
178.137.89.185 - - [27/Apr/2014:11:47:04 +0200] "GET /seiten/start.htm HTTP/1.1" 200 4313 "http://interesant.net/" "Mozilla/4.79 [en] (Windows NT 5.0; U)"
178.137.89.185 - - [27/Apr/2014:11:47:05 +0200] "GET /seiten/start.htm HTTP/1.1" 200 4313 "http://interesant.net/" "Mozilla/4.79 [en] (Windows NT 5.0; U)"
178.137.89.185 - - [27/Apr/2014:11:47:05 +0200] "GET /seiten/start.htm HTTP/1.1" 200 4313 "http://interesant.net/" "Mozilla/4.79 [en] (Windows NT 5.0; U)"
157.55.33.23 - - [27/Apr/2014:11:48:45 +0200] "GET / HTTP/1.1" 200 2301 "-" "Mozilla/5.0 (compatible; bingbot/2.0; +http://www.bing.com/bingbot.htm)"
157.55.36.45 - - [27/Apr/2014:11:49:30 +0200] "GET /seiten/start.htm HTTP/1.1" 200 4313 "-" "Mozilla/5.0 (compatible; bingbot/2.0; +http://www.bing.com/bingbot.htm)"
217.69.133.223 - - [27/Apr/2014:11:54:13 +0200] "GET /robots.txt HTTP/1.1" 404 1256 "-" "Mozilla/5.0 (compatible; Linux x86_64; Mail.RU_Bot/2.0; +http://go.mail.ru/help/robots)"
217.69.133.225 - - [27/Apr/2014:11:54:15 +0200] "GET /seiten/praxis.htm HTTP/1.1" 304 - "-" "Mozilla/5.0 (compatible; Linux x86_64; Mail.RU_Bot/2.0; +http://go.mail.ru/help/robots)"
123.125.71.46 - - [27/Apr/2014:12:14:26 +0200] "GET / HTTP/1.1" 200 2301 "-" "Mozilla/5.0 (compatible; Baiduspider/2.0; +http://www.baidu.com/search/spider.html)"
220.181.108.97 - - [27/Apr/2014:12:15:27 +0200] "GET / HTTP/1.1" 200 2301 "-" "Mozilla/5.0 (compatible; Baiduspider/2.0; +http://www.baidu.com/search/spider.html)"
178.137.86.94 - - [27/Apr/2014:13:15:46 +0200] "GET /seiten/start.htm HTTP/1.1" 200 4313 "http://club-samodelkin.ru/" "Mozilla/4.0 (compatible; MSIE 6.0; Windows NT 5.1; SV1)"
178.137.86.94 - - [27/Apr/2014:13:15:46 +0200] "GET /seiten/start.htm HTTP/1.1" 200 4313 "http://club-samodelkin.ru/" "Mozilla/4.0 (compatible; MSIE 6.0; Windows NT 5.1; SV1)"
178.137.86.94 - - [27/Apr/2014:13:15:47 +0200] "GET /seiten/start.htm HTTP/1.1" 200 4313 "http://club-samodelkin.ru/" "Mozilla/4.0 (compatible; MSIE 6.0; Windows NT 5.1; SV1)"
217.69.133.226 - - [27/Apr/2014:13:30:54 +0200] "GET /robots.txt HTTP/1.1" 404 1256 "-" "Mozilla/5.0 (compatible; Linux x86_64; Mail.RU_Bot/2.0; +http://go.mail.ru/help/robots)"
217.69.133.221 - - [27/Apr/2014:13:30:56 +0200] "GET /seiten/kontakt.htm HTTP/1.1" 304 - "-" "Mozilla/5.0 (compatible; Linux x86_64; Mail.RU_Bot/2.0; +http://go.mail.ru/help/robots)"
199.30.20.17 - - [27/Apr/2014:14:01:19 +0200] "GET /robots.txt HTTP/1.1" 404 1256 "-" "msnbot-media/1.1 (+http://search.msn.com/msnbot.htm)"
199.30.20.17 - - [27/Apr/2014:14:01:19 +0200] "GET /img/dialyse.jpg HTTP/1.1" 200 21241 "-" "msnbot-media/1.1 (+http://search.msn.com/msnbot.htm)"
157.55.34.74 - - [27/Apr/2014:16:04:52 +0200] "GET /robots.txt HTTP/1.1" 404 1256 "-" "Mozilla/5.0 (compatible; bingbot/2.0; +http://www.bing.com/bingbot.htm)"
157.55.34.74 - - [27/Apr/2014:16:04:53 +0200] "GET /seiten/links.htm HTTP/1.1" 304 - "-" "Mozilla/5.0 (compatible; bingbot/2.0; +http://www.bing.com/bingbot.htm)"
123.125.71.20 - - [27/Apr/2014:18:05:03 +0200] "GET / HTTP/1.1" 200 2301 "-" "Mozilla/5.0 (compatible; Baiduspider/2.0; +http://www.baidu.com/search/spider.html)"
220.181.108.113 - - [27/Apr/2014:18:05:45 +0200] "GET / HTTP/1.1" 200 2301 "-" "Mozilla/5.0 (compatible; Baiduspider/2.0; +http://www.baidu.com/search/spider.html)"
66.249.78.91 - - [27/Apr/2014:20:30:00 +0200] "GET / HTTP/1.1" 200 2301 "-" "Mozilla/5.0 (iPhone; CPU iPhone OS 6_0 like Mac OS X) AppleWebKit/536.26 (KHTML, like Gecko) Version/6.0 Mobile/10A5376e Safari/8536.25 (compatible; Googlebot/2.1; +http://www.google.com/bot.html)"
208.115.113.82 - - [27/Apr/2014:20:34:20 +0200] "GET /robots.txt HTTP/1.1" 404 1256 "-" "Mozilla/5.0 (compatible; DotBot/1.1; http://www.opensiteexplorer.org/dotbot, help@moz.com)"
66.249.78.91 - - [27/Apr/2014:20:36:39 +0200] "GET /seiten/start.htm HTTP/1.1" 200 4313 "-" "Mozilla/5.0 (iPhone; CPU iPhone OS 6_0 like Mac OS X) AppleWebKit/536.26 (KHTML, like Gecko) Version/6.0 Mobile/10A5376e Safari/8536.25 (compatible; Googlebot/2.1; +http://www.google.com/bot.html)"
66.249.78.91 - - [27/Apr/2014:20:36:40 +0200] "GET /css/style.css HTTP/1.1" 200 3212 "http://www.dialyse-in-salzwedel.de/" "Mozilla/5.0 (compatible; Googlebot/2.1; +http://www.google.com/bot.html)"
208.115.113.82 - - [27/Apr/2014:22:34:06 +0200] "GET /seiten/dialyse.htm HTTP/1.1" 200 4906 "-" "Mozilla/5.0 (compatible; DotBot/1.1; http://www.opensiteexplorer.org/dotbot, help@moz.com)"
46.119.117.170 - - [27/Apr/2014:22:42:29 +0200] "GET /seiten/start.htm HTTP/1.1" 200 4313 "http://www.avek.ru/" "Mozilla/4.0 (compatible; MSIE 6.0; Windows NT 5.1; .NET CLR 1.1.4322; Alexa Toolbar; (R1 1.5))"
46.119.117.170 - - [27/Apr/2014:22:42:30 +0200] "GET /seiten/start.htm HTTP/1.1" 200 4313 "http://www.avek.ru/" "Mozilla/4.0 (compatible; MSIE 6.0; Windows NT 5.1; .NET CLR 1.1.4322; Alexa Toolbar; (R1 1.5))"
46.119.117.170 - - [27/Apr/2014:22:42:33 +0200] "GET /seiten/start.htm HTTP/1.1" 200 4313 "http://www.avek.ru/" "Mozilla/4.0 (compatible; MSIE 6.0; Windows NT 5.1; .NET CLR 1.1.4322; Alexa Toolbar; (R1 1.5))"
107.170.58.178 - - [28/Apr/2014:01:19:13 +0200] "GET /robots.txt HTTP/1.1" 404 1256 "-" "Mozilla/5.0 (compatible; spbot/4.1.0; +http://OpenLinkProfiler.org/bot )"
107.170.58.178 - - [28/Apr/2014:01:19:18 +0200] "GET / HTTP/1.1" 200 2301 "-" "Mozilla/5.0 (compatible; spbot/4.1.0; +http://OpenLinkProfiler.org/bot )"
107.170.58.178 - - [28/Apr/2014:01:19:18 +0200] "GET /seiten/start.htm HTTP/1.1" 200 4313 "http://www.dialyse-in-salzwedel.de/" "Mozilla/5.0 (compatible; spbot/4.1.0; +http://OpenLinkProfiler.org/bot )"
107.170.58.178 - - [28/Apr/2014:01:19:23 +0200] "GET /seiten/news.php HTTP/1.1" 200 4865 "http://www.dialyse-in-salzwedel.de/seiten/start.htm" "Mozilla/5.0 (compatible; spbot/4.1.0; +http://OpenLinkProfiler.org/bot )"
107.170.58.178 - - [28/Apr/2014:01:19:28 +0200] "GET /seiten/links.htm HTTP/1.1" 200 5092 "http://www.dialyse-in-salzwedel.de/seiten/start.htm" "Mozilla/5.0 (compatible; spbot/4.1.0; +http://OpenLinkProfiler.org/bot )"
107.170.58.178 - - [28/Apr/2014:01:19:32 +0200] "GET /seiten/praxis.htm HTTP/1.1" 200 5018 "http://www.dialyse-in-salzwedel.de/seiten/start.htm" "Mozilla/5.0 (compatible; spbot/4.1.0; +http://OpenLinkProfiler.org/bot )"
107.170.58.178 - - [28/Apr/2014:01:19:38 +0200] "GET /seiten/dialyse.htm HTTP/1.1" 200 4906 "http://www.dialyse-in-salzwedel.de/seiten/start.htm" "Mozilla/5.0 (compatible; spbot/4.1.0; +http://OpenLinkProfiler.org/bot )"
107.170.58.178 - - [28/Apr/2014:01:19:43 +0200] "GET /seiten/kontakt.htm HTTP/1.1" 200 5472 "http://www.dialyse-in-salzwedel.de/seiten/start.htm" "Mozilla/5.0 (compatible; spbot/4.1.0; +http://OpenLinkProfiler.org/bot )"
107.170.58.178 - - [28/Apr/2014:01:19:48 +0200] "GET /seiten/impressum.htm HTTP/1.1" 200 6907 "http://www.dialyse-in-salzwedel.de/seiten/start.htm" "Mozilla/5.0 (compatible; spbot/4.1.0; +http://OpenLinkProfiler.org/bot )"
107.170.58.178 - - [28/Apr/2014:01:19:53 +0200] "GET /seiten/kont_form.php HTTP/1.1" 200 6397 "http://www.dialyse-in-salzwedel.de/seiten/praxis.htm" "Mozilla/5.0 (compatible; spbot/4.1.0; +http://OpenLinkProfiler.org/bot )"
107.170.58.178 - - [28/Apr/2014:01:19:58 +0200] "GET /seiten/leistungen.htm HTTP/1.1" 200 5060 "http://www.dialyse-in-salzwedel.de/seiten/start.htm" "Mozilla/5.0 (compatible; spbot/4.1.0; +http://OpenLinkProfiler.org/bot )"
107.170.58.178 - - [28/Apr/2014:01:20:03 +0200] "GET /seiten/function.include HTTP/1.1" 404 1256 "http://www.dialyse-in-salzwedel.de/seiten/news.php" "Mozilla/5.0 (compatible; spbot/4.1.0; +http://OpenLinkProfiler.org/bot )"
193.111.141.134 - - [28/Apr/2014:02:50:32 +0200] "GET /seiten/praxis.htm HTTP/1.1" 200 5018 "-" "Mozilla/5.0 (Macintosh; Intel Mac OS X 10.8; rv:21.0) Gecko/20100101 Firefox/21.0"
193.111.141.116 - - [28/Apr/2014:02:50:35 +0200] "GET /seiten/kontakt.htm HTTP/1.1" 200 5472 "-" "Mozilla/5.0 (Windows NT 5.1; rv:12.0) Gecko/20120403211507 Firefox/12.0"
193.111.141.116 - - [28/Apr/2014:02:50:47 +0200] "GET /seiten/kontakt.htm HTTP/1.1" 200 5472 "-" "Mozilla/5.0 (Windows NT 6.2; rv:16.0) Gecko/20100101 Firefox/16.0"
93.186.202.253 - - [28/Apr/2014:02:51:00 +0200] "GET /seiten/kontakt.htm HTTP/1.1" 200 5472 "-" "Mozilla/5.0 (Windows NT 6.2; WOW64) AppleWebKit/537.36 (KHTML, like Gecko) Chrome/27.0.1453.93 Safari/537.36"
157.55.32.184 - - [28/Apr/2014:03:22:52 +0200] "GET /robots.txt HTTP/1.1" 404 1256 "-" "Mozilla/5.0 (compatible; bingbot/2.0; +http://www.bing.com/bingbot.htm)"
157.55.32.184 - - [28/Apr/2014:03:24:20 +0200] "GET /seiten/start.htm HTTP/1.1" 200 4313 "-" "Mozilla/5.0 (compatible; bingbot/2.0; +http://www.bing.com/bingbot.htm)"
157.55.32.226 - - [28/Apr/2014:03:24:55 +0200] "GET /css/style.css HTTP/1.1" 200 3212 "-" "Mozilla/5.0 (compatible; bingbot/2.0; +http://www.bing.com/bingbot.htm)"
157.55.32.226 - - [28/Apr/2014:03:24:55 +0200] "GET /img/bg04.gif HTTP/1.1" 200 92 "-" "Mozilla/5.0 (compatible; bingbot/2.0; +http://www.bing.com/bingbot.htm)"
157.55.32.226 - - [28/Apr/2014:03:24:55 +0200] "GET /img/lay02.gif HTTP/1.1" 200 153 "-" "Mozilla/5.0 (compatible; bingbot/2.0; +http://www.bing.com/bingbot.htm)"
157.55.32.226 - - [28/Apr/2014:03:24:55 +0200] "GET /img/bg02.gif HTTP/1.1" 200 67 "-" "Mozilla/5.0 (compatible; bingbot/2.0; +http://www.bing.com/bingbot.htm)"
157.55.32.226 - - [28/Apr/2014:03:24:56 +0200] "GET /img/men01.gif HTTP/1.1" 200 702 "-" "Mozilla/5.0 (compatible; bingbot/2.0; +http://www.bing.com/bingbot.htm)"
157.55.32.226 - - [28/Apr/2014:03:24:56 +0200] "GET /img/lay04.gif HTTP/1.1" 200 272 "-" "Mozilla/5.0 (compatible; bingbot/2.0; +http://www.bing.com/bingbot.htm)"
157.55.32.226 - - [28/Apr/2014:03:24:56 +0200] "GET /img/men07.gif HTTP/1.1" 200 893 "-" "Mozilla/5.0 (compatible; bingbot/2.0; +http://www.bing.com/bingbot.htm)"
157.55.32.226 - - [28/Apr/2014:03:24:56 +0200] "GET /img/start.jpg HTTP/1.1" 200 18933 "-" "Mozilla/5.0 (compatible; bingbot/2.0; +http://www.bing.com/bingbot.htm)"
157.55.32.184 - - [28/Apr/2014:03:25:19 +0200] "GET /img/men06.gif HTTP/1.1" 200 904 "-" "Mozilla/5.0 (compatible; bingbot/2.0; +http://www.bing.com/bingbot.htm)"
157.55.32.184 - - [28/Apr/2014:03:25:19 +0200] "GET /img/bg03.gif HTTP/1.1" 200 84 "-" "Mozilla/5.0 (compatible; bingbot/2.0; +http://www.bing.com/bingbot.htm)"
157.55.32.184 - - [28/Apr/2014:03:25:19 +0200] "GET /img/lay03.gif HTTP/1.1" 200 253 "-" "Mozilla/5.0 (compatible; bingbot/2.0; +http://www.bing.com/bingbot.htm)"
157.55.35.80 - - [28/Apr/2014:03:25:55 +0200] "GET /img/bg01.gif HTTP/1.1" 200 70 "-" "Mozilla/5.0 (compatible; bingbot/2.0; +http://www.bing.com/bingbot.htm)"
157.55.35.80 - - [28/Apr/2014:03:25:55 +0200] "GET /img/men02.gif HTTP/1.1" 200 758 "-" "Mozilla/5.0 (compatible; bingbot/2.0; +http://www.bing.com/bingbot.htm)"
157.55.35.80 - - [28/Apr/2014:03:25:55 +0200] "GET /img/lay01.gif HTTP/1.1" 200 149 "-" "Mozilla/5.0 (compatible; bingbot/2.0; +http://www.bing.com/bingbot.htm)"
157.55.35.80 - - [28/Apr/2014:03:25:55 +0200] "GET /img/men04.gif HTTP/1.1" 200 1234 "-" "Mozilla/5.0 (compatible; bingbot/2.0; +http://www.bing.com/bingbot.htm)"
157.55.35.80 - - [28/Apr/2014:03:25:55 +0200] "GET /img/men08.gif HTTP/1.1" 200 1069 "-" "Mozilla/5.0 (compatible; bingbot/2.0; +http://www.bing.com/bingbot.htm)"
157.55.36.36 - - [28/Apr/2014:03:26:13 +0200] "GET /img/men05.gif HTTP/1.1" 200 1042 "-" "Mozilla/5.0 (compatible; bingbot/2.0; +http://www.bing.com/bingbot.htm)"
157.55.36.36 - - [28/Apr/2014:03:26:14 +0200] "GET /img/men09.gif HTTP/1.1" 200 1200 "-" "Mozilla/5.0 (compatible; bingbot/2.0; +http://www.bing.com/bingbot.htm)"
157.55.36.36 - - [28/Apr/2014:03:26:16 +0200] "GET /img/head.gif HTTP/1.1" 200 4213 "-" "Mozilla/5.0 (compatible; bingbot/2.0; +http://www.bing.com/bingbot.htm)"
157.55.36.36 - - [28/Apr/2014:03:26:16 +0200] "GET /img/men03.gif HTTP/1.1" 200 999 "-" "Mozilla/5.0 (compatible; bingbot/2.0; +http://www.bing.com/bingbot.htm)"
178.137.86.94 - - [28/Apr/2014:03:49:19 +0200] "GET /seiten/start.htm HTTP/1.1" 200 4313 "http://www.33realty.ru/" "Mozilla/0.6 Beta (Windows)"
178.137.86.94 - - [28/Apr/2014:03:49:19 +0200] "GET /seiten/start.htm HTTP/1.1" 200 4313 "http://www.33realty.ru/" "Mozilla/0.6 Beta (Windows)"
178.137.86.94 - - [28/Apr/2014:03:49:20 +0200] "GET /seiten/start.htm HTTP/1.1" 200 4313 "http://www.33realty.ru/" "Mozilla/0.6 Beta (Windows)"
220.181.108.117 - - [28/Apr/2014:04:21:12 +0200] "GET / HTTP/1.1" 200 2301 "-" "Mozilla/5.0 (compatible; Baiduspider/2.0; +http://www.baidu.com/search/spider.html)"
123.125.71.49 - - [28/Apr/2014:04:22:05 +0200] "GET / HTTP/1.1" 200 2301 "-" "Mozilla/5.0 (compatible; Baiduspider/2.0; +http://www.baidu.com/search/spider.html)"
199.30.24.6 - - [28/Apr/2014:04:25:43 +0200] "GET /scripte/basics.js HTTP/1.1" 200 1078 "http://www.dialyse-in-salzwedel.de/seiten/start.htm" "Mozilla/5.0 (Windows NT 6.1; WOW64) AppleWebKit/534+ (KHTML, like Gecko) BingPreview/1.0b"
46.119.117.170 - - [28/Apr/2014:07:05:54 +0200] "GET /seiten/start.htm HTTP/1.1" 200 4313 "http://konstruktor-diety.ru/" "Mozilla/4.0 (compatible; MSIE 6.0; Windows NT 5.1; MRA 4.6 (build 01425))"
46.119.117.170 - - [28/Apr/2014:07:06:04 +0200] "GET /seiten/start.htm HTTP/1.1" 200 4313 "http://konstruktor-diety.ru/" "Mozilla/4.0 (compatible; MSIE 6.0; Windows NT 5.1; MRA 4.6 (build 01425))"
46.119.117.170 - - [28/Apr/2014:07:06:04 +0200] "GET /seiten/start.htm HTTP/1.1" 200 4313 "http://konstruktor-diety.ru/" "Mozilla/4.0 (compatible; MSIE 6.0; Windows NT 5.1; MRA 4.6 (build 01425))"
123.125.71.49 - - [28/Apr/2014:07:11:47 +0200] "GET / HTTP/1.1" 200 2301 "-" "Mozilla/5.0 (compatible; Baiduspider/2.0; +http://www.baidu.com/search/spider.html)"
220.181.108.100 - - [28/Apr/2014:07:12:58 +0200] "GET / HTTP/1.1" 200 2301 "-" "Mozilla/5.0 (compatible; Baiduspider/2.0; +http://www.baidu.com/search/spider.html)"
109.45.107.229 - - [28/Apr/2014:08:46:34 +0200] "GET / HTTP/1.1" 200 2301 "http://www.google.de/url?sa=t&rct=j&q=&esrc=s&source=web&cd=1&sqi=2&ved=0CC4QFjAA&url=http%3A%2F%2Fwww.dialyse-in-salzwedel.de%2F&ei=zPhdU_2mKszYsgavkoGIBg&usg=AFQjCNHBZzdzRK6NkOJc_vuRxJ6F08FD_w&bvm=bv.65397613,d.Yms" "Mozilla/5.0 (Windows NT 5.1; rv:28.0) Gecko/20100101 Firefox/28.0"
109.45.107.229 - - [28/Apr/2014:08:46:35 +0200] "GET /scripte/basics.js HTTP/1.1" 200 1078 "http://www.dialyse-in-salzwedel.de/" "Mozilla/5.0 (Windows NT 5.1; rv:28.0) Gecko/20100101 Firefox/28.0"
109.45.107.229 - - [28/Apr/2014:08:46:35 +0200] "GET /favicon.ico HTTP/1.1" 404 1256 "-" "Mozilla/5.0 (Windows NT 5.1; rv:28.0) Gecko/20100101 Firefox/28.0"
109.45.107.229 - - [28/Apr/2014:08:46:35 +0200] "GET /css/style.css HTTP/1.1" 200 3212 "http://www.dialyse-in-salzwedel.de/" "Mozilla/5.0 (Windows NT 5.1; rv:28.0) Gecko/20100101 Firefox/28.0"
109.45.107.229 - - [28/Apr/2014:08:46:35 +0200] "GET /seiten/start.htm HTTP/1.1" 200 4313 "http://www.dialyse-in-salzwedel.de/" "Mozilla/5.0 (Windows NT 5.1; rv:28.0) Gecko/20100101 Firefox/28.0"
109.45.107.229 - - [28/Apr/2014:08:46:35 +0200] "GET /favicon.ico HTTP/1.1" 404 1256 "-" "Mozilla/5.0 (Windows NT 5.1; rv:28.0) Gecko/20100101 Firefox/28.0"
109.45.107.229 - - [28/Apr/2014:08:46:35 +0200] "GET /favicon.ico HTTP/1.1" 404 1256 "-" "Mozilla/5.0 (Windows NT 5.1; rv:28.0) Gecko/20100101 Firefox/28.0"
109.45.107.229 - - [28/Apr/2014:08:46:36 +0200] "GET /img/head.gif HTTP/1.1" 200 4213 "http://www.dialyse-in-salzwedel.de/seiten/start.htm" "Mozilla/5.0 (Windows NT 5.1; rv:28.0) Gecko/20100101 Firefox/28.0"
109.45.107.229 - - [28/Apr/2014:08:46:36 +0200] "GET /favicon.ico HTTP/1.1" 404 1256 "-" "Mozilla/5.0 (Windows NT 5.1; rv:28.0) Gecko/20100101 Firefox/28.0"
109.45.107.229 - - [28/Apr/2014:08:46:36 +0200] "GET /img/men03.gif HTTP/1.1" 200 999 "http://www.dialyse-in-salzwedel.de/seiten/start.htm" "Mozilla/5.0 (Windows NT 5.1; rv:28.0) Gecko/20100101 Firefox/28.0"
109.45.107.229 - - [28/Apr/2014:08:46:36 +0200] "GET /img/men06.gif HTTP/1.1" 200 904 "http://www.dialyse-in-salzwedel.de/seiten/start.htm" "Mozilla/5.0 (Windows NT 5.1; rv:28.0) Gecko/20100101 Firefox/28.0"
109.45.107.229 - - [28/Apr/2014:08:46:36 +0200] "GET /img/start.jpg HTTP/1.1" 200 18933 "http://www.dialyse-in-salzwedel.de/seiten/start.htm" "Mozilla/5.0 (Windows NT 5.1; rv:28.0) Gecko/20100101 Firefox/28.0"
109.45.107.229 - - [28/Apr/2014:08:46:36 +0200] "GET /img/men07.gif HTTP/1.1" 200 893 "http://www.dialyse-in-salzwedel.de/seiten/start.htm" "Mozilla/5.0 (Windows NT 5.1; rv:28.0) Gecko/20100101 Firefox/28.0"
109.45.107.229 - - [28/Apr/2014:08:46:36 +0200] "GET /img/men02.gif HTTP/1.1" 200 758 "http://www.dialyse-in-salzwedel.de/seiten/start.htm" "Mozilla/5.0 (Windows NT 5.1; rv:28.0) Gecko/20100101 Firefox/28.0"
109.45.107.229 - - [28/Apr/2014:08:46:36 +0200] "GET /img/men01.gif HTTP/1.1" 200 702 "http://www.dialyse-in-salzwedel.de/seiten/start.htm" "Mozilla/5.0 (Windows NT 5.1; rv:28.0) Gecko/20100101 Firefox/28.0"
109.45.107.229 - - [28/Apr/2014:08:46:36 +0200] "GET /img/men08.gif HTTP/1.1" 200 1069 "http://www.dialyse-in-salzwedel.de/seiten/start.htm" "Mozilla/5.0 (Windows NT 5.1; rv:28.0) Gecko/20100101 Firefox/28.0"
109.45.107.229 - - [28/Apr/2014:08:46:36 +0200] "GET /img/men09.gif HTTP/1.1" 200 1200 "http://www.dialyse-in-salzwedel.de/seiten/start.htm" "Mozilla/5.0 (Windows NT 5.1; rv:28.0) Gecko/20100101 Firefox/28.0"
109.45.107.229 - - [28/Apr/2014:08:46:36 +0200] "GET /img/lay01.gif HTTP/1.1" 200 149 "http://www.dialyse-in-salzwedel.de/seiten/start.htm" "Mozilla/5.0 (Windows NT 5.1; rv:28.0) Gecko/20100101 Firefox/28.0"
109.45.107.229 - - [28/Apr/2014:08:46:36 +0200] "GET /img/men04.gif HTTP/1.1" 200 1234 "http://www.dialyse-in-salzwedel.de/seiten/start.htm" "Mozilla/5.0 (Windows NT 5.1; rv:28.0) Gecko/20100101 Firefox/28.0"
109.45.107.229 - - [28/Apr/2014:08:46:36 +0200] "GET /img/bg03.gif HTTP/1.1" 200 84 "http://www.dialyse-in-salzwedel.de/seiten/start.htm" "Mozilla/5.0 (Windows NT 5.1; rv:28.0) Gecko/20100101 Firefox/28.0"
109.45.107.229 - - [28/Apr/2014:08:46:36 +0200] "GET /img/1px.gif HTTP/1.1" 200 43 "http://www.dialyse-in-salzwedel.de/seiten/start.htm" "Mozilla/5.0 (Windows NT 5.1; rv:28.0) Gecko/20100101 Firefox/28.0"
109.45.107.229 - - [28/Apr/2014:08:46:36 +0200] "GET /img/bg02.gif HTTP/1.1" 200 67 "http://www.dialyse-in-salzwedel.de/seiten/start.htm" "Mozilla/5.0 (Windows NT 5.1; rv:28.0) Gecko/20100101 Firefox/28.0"
109.45.107.229 - - [28/Apr/2014:08:46:36 +0200] "GET /img/bg04.gif HTTP/1.1" 200 92 "http://www.dialyse-in-salzwedel.de/seiten/start.htm" "Mozilla/5.0 (Windows NT 5.1; rv:28.0) Gecko/20100101 Firefox/28.0"
109.45.107.229 - - [28/Apr/2014:08:46:36 +0200] "GET /img/lay03.gif HTTP/1.1" 200 253 "http://www.dialyse-in-salzwedel.de/seiten/start.htm" "Mozilla/5.0 (Windows NT 5.1; rv:28.0) Gecko/20100101 Firefox/28.0"
109.45.107.229 - - [28/Apr/2014:08:46:36 +0200] "GET /img/bg01.gif HTTP/1.1" 200 70 "http://www.dialyse-in-salzwedel.de/seiten/start.htm" "Mozilla/5.0 (Windows NT 5.1; rv:28.0) Gecko/20100101 Firefox/28.0"
109.45.107.229 - - [28/Apr/2014:08:46:37 +0200] "GET /img/lay02.gif HTTP/1.1" 200 153 "http://www.dialyse-in-salzwedel.de/seiten/start.htm" "Mozilla/5.0 (Windows NT 5.1; rv:28.0) Gecko/20100101 Firefox/28.0"
