193.150.120.33 - - [03/Apr/2014:22:46:08 +0200] "GET /seiten/start.htm HTTP/1.1" 200 4313 "http://www.vegascosmetics.ru/" "Mozilla/4.0 (compatible; MSIE 6.0; Windows NT 5.1; Q312461)"
193.150.120.33 - - [03/Apr/2014:22:46:08 +0200] "GET /seiten/start.htm HTTP/1.1" 200 4313 "http://www.vegascosmetics.ru/" "Mozilla/4.0 (compatible; MSIE 6.0; Windows NT 5.1; Q312461)"
195.242.218.133 - - [03/Apr/2014:23:37:11 +0200] "GET /seiten/start.htm HTTP/1.1" 200 4313 "http://look-dieta.ru/" "Mozilla/4.0 (compatible; MSIE 6.0; Windows NT 5.2; Win64; AMD64)"
195.242.218.133 - - [03/Apr/2014:23:37:12 +0200] "GET /seiten/start.htm HTTP/1.1" 200 4313 "http://look-dieta.ru/" "Mozilla/4.0 (compatible; MSIE 6.0; Windows NT 5.2; Win64; AMD64)"
195.242.218.133 - - [03/Apr/2014:23:37:12 +0200] "GET /seiten/start.htm HTTP/1.1" 200 4313 "http://look-dieta.ru/" "Mozilla/4.0 (compatible; MSIE 6.0; Windows NT 5.2; Win64; AMD64)"
213.110.133.221 - - [04/Apr/2014:01:46:24 +0200] "GET /seiten/news.php HTTP/1.1" 200 4865 "http://darkhalfe.ru/catalog/april/17.html" "Mozilla/4.0 (compatible; Blog Search;)"
213.110.133.221 - - [04/Apr/2014:01:46:26 +0200] "GET /seiten/news.php HTTP/1.1" 200 4865 "http://darkhalfe.ru/catalog/april/17.html" "Mozilla/4.0 (compatible; Blog Search;)"
66.249.74.21 - - [04/Apr/2014:10:57:14 +0200] "GET /robots.txt HTTP/1.1" 404 1256 "-" "Mozilla/5.0 (compatible; Googlebot/2.1; +http://www.google.com/bot.html)"
66.249.78.91 - - [04/Apr/2014:10:57:14 +0200] "GET /tazwuhyxit.html HTTP/1.1" 404 1256 "-" "Mozilla/5.0 (compatible; Googlebot/2.1; +http://www.google.com/bot.html)"
193.150.120.33 - - [04/Apr/2014:11:51:29 +0200] "GET /seiten/start.htm HTTP/1.1" 200 4313 "http://www.sportbetfair.com/" "Mozilla/4.0 (compatible; MSIE 5.5; Windows NT 4.0; .NET CLR 1.0.2914)"
193.150.120.33 - - [04/Apr/2014:11:51:30 +0200] "GET /seiten/start.htm HTTP/1.1" 200 4313 "http://www.sportbetfair.com/" "Mozilla/4.0 (compatible; MSIE 5.5; Windows NT 4.0; .NET CLR 1.0.2914)"
193.150.120.33 - - [04/Apr/2014:11:51:30 +0200] "GET /seiten/start.htm HTTP/1.1" 200 4313 "http://www.sportbetfair.com/" "Mozilla/4.0 (compatible; MSIE 5.5; Windows NT 4.0; .NET CLR 1.0.2914)"
46.118.114.25 - - [04/Apr/2014:13:05:07 +0200] "GET /seiten/start.htm HTTP/1.1" 200 4313 "http://olvanto.ru/" "Mozilla/4.0 (compatible; MSIE 6.0; Windows NT 5.1; SV1; .NET CLR 1.1.4322) NS8/0.9.6"
46.118.114.25 - - [04/Apr/2014:13:05:08 +0200] "GET /seiten/start.htm HTTP/1.1" 200 4313 "http://olvanto.ru/" "Mozilla/4.0 (compatible; MSIE 6.0; Windows NT 5.1; SV1; .NET CLR 1.1.4322) NS8/0.9.6"
46.118.114.25 - - [04/Apr/2014:13:05:08 +0200] "GET /seiten/start.htm HTTP/1.1" 200 4313 "http://olvanto.ru/" "Mozilla/4.0 (compatible; MSIE 6.0; Windows NT 5.1; SV1; .NET CLR 1.1.4322) NS8/0.9.6"
37.115.187.27 - - [04/Apr/2014:13:14:49 +0200] "GET /seiten/start.htm HTTP/1.1" 200 4313 "http://allonlinegames.ru/" "Mozilla/4.0 (compatible; MSIE 6.0; Windows NT 5.1)"
37.115.187.27 - - [04/Apr/2014:13:14:49 +0200] "GET /seiten/start.htm HTTP/1.1" 200 4313 "http://allonlinegames.ru/" "Mozilla/4.0 (compatible; MSIE 6.0; Windows NT 5.1)"
37.115.187.27 - - [04/Apr/2014:13:14:49 +0200] "GET /seiten/start.htm HTTP/1.1" 200 4313 "http://allonlinegames.ru/" "Mozilla/4.0 (compatible; MSIE 6.0; Windows NT 5.1)"
144.76.42.76 - - [04/Apr/2014:14:19:27 +0200] "GET / HTTP/1.1" 200 2301 "-" "Mozilla/5.0 (Macintosh; Intel Mac OS X 10_8_2) AppleWebKit/537.17 (KHTML, like Gecko) Chrome/24.0.1312.52 Safari/537.17"
144.76.42.76 - - [04/Apr/2014:14:19:27 +0200] "GET /seiten/start.htm HTTP/1.1" 200 4313 "-" "Mozilla/5.0 (Macintosh; Intel Mac OS X 10_8_2) AppleWebKit/537.17 (KHTML, like Gecko) Chrome/24.0.1312.52 Safari/537.17"
144.76.42.76 - - [04/Apr/2014:14:19:27 +0200] "GET / HTTP/1.1" 200 2301 "-" "Mozilla/5.0 (Macintosh; Intel Mac OS X 10_8_2) AppleWebKit/537.17 (KHTML, like Gecko) Chrome/24.0.1312.52 Safari/537.17"
5.255.253.79 - - [04/Apr/2014:14:21:41 +0200] "GET /robots.txt HTTP/1.1" 404 1256 "-" "Mozilla/5.0 (compatible; YandexImages/3.0; +http://yandex.com/bots)"
5.255.253.79 - - [04/Apr/2014:14:33:14 +0200] "GET /img/men07.gif HTTP/1.1" 304 - "-" "Mozilla/5.0 (compatible; YandexImages/3.0; +http://yandex.com/bots)"
5.255.253.79 - - [04/Apr/2014:14:44:46 +0200] "GET /img/lay01.gif HTTP/1.1" 304 - "-" "Mozilla/5.0 (compatible; YandexImages/3.0; +http://yandex.com/bots)"
5.255.253.79 - - [04/Apr/2014:14:56:18 +0200] "GET /img/men09.gif HTTP/1.1" 304 - "-" "Mozilla/5.0 (compatible; YandexImages/3.0; +http://yandex.com/bots)"
90.20.175.44 - - [04/Apr/2014:14:57:26 +0200] "GET /img/dialyse.jpg HTTP/1.1" 200 21241 "http://www.bing.com/images/search?q=dialyse&FORM=HDRSC2" "Mozilla/5.0 (Windows NT 6.1; WOW64; rv:28.0) Gecko/20100101 Firefox/28.0"
5.255.253.79 - - [04/Apr/2014:15:07:50 +0200] "GET /img/men02.gif HTTP/1.1" 304 - "-" "Mozilla/5.0 (compatible; YandexImages/3.0; +http://yandex.com/bots)"
5.255.253.79 - - [04/Apr/2014:15:19:22 +0200] "GET /img/meno04.gif HTTP/1.1" 304 - "-" "Mozilla/5.0 (compatible; YandexImages/3.0; +http://yandex.com/bots)"
5.255.253.79 - - [04/Apr/2014:15:30:54 +0200] "GET /img/start.jpg HTTP/1.1" 304 - "-" "Mozilla/5.0 (compatible; YandexImages/3.0; +http://yandex.com/bots)"
5.255.253.79 - - [04/Apr/2014:15:42:26 +0200] "GET /img/men01.gif HTTP/1.1" 304 - "-" "Mozilla/5.0 (compatible; YandexImages/3.0; +http://yandex.com/bots)"
5.255.253.79 - - [04/Apr/2014:15:53:58 +0200] "GET /img/lay03.gif HTTP/1.1" 304 - "-" "Mozilla/5.0 (compatible; YandexImages/3.0; +http://yandex.com/bots)"
5.255.253.79 - - [04/Apr/2014:16:05:30 +0200] "GET /img/meno07.gif HTTP/1.1" 304 - "-" "Mozilla/5.0 (compatible; YandexImages/3.0; +http://yandex.com/bots)"
5.255.253.79 - - [04/Apr/2014:16:11:17 +0200] "GET /img/meno05.gif HTTP/1.1" 304 - "-" "Mozilla/5.0 (compatible; YandexImages/3.0; +http://yandex.com/bots)"
65.55.215.60 - - [04/Apr/2014:16:15:50 +0200] "GET /robots.txt HTTP/1.1" 404 1256 "-" "msnbot-media/1.1 (+http://search.msn.com/msnbot.htm)"
65.55.215.60 - - [04/Apr/2014:16:15:51 +0200] "GET /img/men02.gif HTTP/1.1" 200 758 "-" "msnbot-media/1.1 (+http://search.msn.com/msnbot.htm)"
65.55.215.60 - - [04/Apr/2014:16:17:01 +0200] "GET /img/meno01.gif HTTP/1.1" 200 938 "-" "msnbot-media/1.1 (+http://search.msn.com/msnbot.htm)"
199.30.20.4 - - [04/Apr/2014:16:22:08 +0200] "GET /robots.txt HTTP/1.1" 404 1256 "-" "msnbot-media/1.1 (+http://search.msn.com/msnbot.htm)"
199.30.20.4 - - [04/Apr/2014:16:22:08 +0200] "GET /img/men07.gif HTTP/1.1" 200 893 "-" "msnbot-media/1.1 (+http://search.msn.com/msnbot.htm)"
5.255.253.79 - - [04/Apr/2014:16:22:49 +0200] "GET /img/lay04.gif HTTP/1.1" 304 - "-" "Mozilla/5.0 (compatible; YandexImages/3.0; +http://yandex.com/bots)"
65.55.215.60 - - [04/Apr/2014:16:27:06 +0200] "GET /img/men01.gif HTTP/1.1" 200 702 "-" "msnbot-media/1.1 (+http://search.msn.com/msnbot.htm)"
199.30.20.4 - - [04/Apr/2014:16:28:20 +0200] "GET /img/lay01.gif HTTP/1.1" 200 149 "-" "msnbot-media/1.1 (+http://search.msn.com/msnbot.htm)"
199.30.20.4 - - [04/Apr/2014:16:31:29 +0200] "GET /img/men09.gif HTTP/1.1" 200 1200 "-" "msnbot-media/1.1 (+http://search.msn.com/msnbot.htm)"
5.255.253.79 - - [04/Apr/2014:16:34:21 +0200] "GET /img/men08.gif HTTP/1.1" 304 - "-" "Mozilla/5.0 (compatible; YandexImages/3.0; +http://yandex.com/bots)"
65.55.215.60 - - [04/Apr/2014:16:34:22 +0200] "GET /img/men04.gif HTTP/1.1" 200 1234 "-" "msnbot-media/1.1 (+http://search.msn.com/msnbot.htm)"
5.255.253.79 - - [04/Apr/2014:16:40:07 +0200] "GET /img/men03.gif HTTP/1.1" 304 - "-" "Mozilla/5.0 (compatible; YandexImages/3.0; +http://yandex.com/bots)"
65.55.215.61 - - [04/Apr/2014:16:42:37 +0200] "GET /img/meno03.gif HTTP/1.1" 200 931 "-" "msnbot-media/1.1 (+http://search.msn.com/msnbot.htm)"
5.255.253.79 - - [04/Apr/2014:16:51:39 +0200] "GET /img/meno02.gif HTTP/1.1" 304 - "-" "Mozilla/5.0 (compatible; YandexImages/3.0; +http://yandex.com/bots)"
5.255.253.79 - - [04/Apr/2014:17:03:10 +0200] "GET /img/meno01.gif HTTP/1.1" 304 - "-" "Mozilla/5.0 (compatible; YandexImages/3.0; +http://yandex.com/bots)"
65.55.215.61 - - [04/Apr/2014:17:06:27 +0200] "GET /img/lay02.gif HTTP/1.1" 200 153 "-" "msnbot-media/1.1 (+http://search.msn.com/msnbot.htm)"
65.55.215.61 - - [04/Apr/2014:17:06:28 +0200] "GET /img/lay03.gif HTTP/1.1" 200 253 "-" "msnbot-media/1.1 (+http://search.msn.com/msnbot.htm)"
65.55.215.61 - - [04/Apr/2014:17:06:28 +0200] "GET /img/meno04.gif HTTP/1.1" 200 727 "-" "msnbot-media/1.1 (+http://search.msn.com/msnbot.htm)"
65.55.215.61 - - [04/Apr/2014:17:06:29 +0200] "GET /img/men03.gif HTTP/1.1" 200 999 "-" "msnbot-media/1.1 (+http://search.msn.com/msnbot.htm)"
5.255.253.79 - - [04/Apr/2014:17:08:56 +0200] "GET /img/men04.gif HTTP/1.1" 304 - "-" "Mozilla/5.0 (compatible; YandexImages/3.0; +http://yandex.com/bots)"
199.30.20.4 - - [04/Apr/2014:17:11:35 +0200] "GET /img/1px.gif HTTP/1.1" 200 43 "-" "msnbot-media/1.1 (+http://search.msn.com/msnbot.htm)"
5.255.253.79 - - [04/Apr/2014:17:20:28 +0200] "GET /img/meno03.gif HTTP/1.1" 304 - "-" "Mozilla/5.0 (compatible; YandexImages/3.0; +http://yandex.com/bots)"
199.30.20.4 - - [04/Apr/2014:17:24:00 +0200] "GET /img/men06.gif HTTP/1.1" 200 904 "-" "msnbot-media/1.1 (+http://search.msn.com/msnbot.htm)"
5.255.253.79 - - [04/Apr/2014:17:26:14 +0200] "GET /img/leist.jpg HTTP/1.1" 304 - "-" "Mozilla/5.0 (compatible; YandexImages/3.0; +http://yandex.com/bots)"
178.137.19.231 - - [04/Apr/2014:17:33:44 +0200] "GET /seiten/start.htm HTTP/1.1" 200 4313 "http://super-hotvideo.ru/" "Mozilla/4.0 (compatible; MSIE 6.0; Windows NT 5.1; SV1; FunWebProducts)"
178.137.19.231 - - [04/Apr/2014:17:33:45 +0200] "GET /seiten/start.htm HTTP/1.1" 200 4313 "http://super-hotvideo.ru/" "Mozilla/4.0 (compatible; MSIE 6.0; Windows NT 5.1; SV1; FunWebProducts)"
178.137.19.231 - - [04/Apr/2014:17:33:45 +0200] "GET /seiten/start.htm HTTP/1.1" 200 4313 "http://super-hotvideo.ru/" "Mozilla/4.0 (compatible; MSIE 6.0; Windows NT 5.1; SV1; FunWebProducts)"
5.255.253.79 - - [04/Apr/2014:17:37:46 +0200] "GET /img/praxis.jpg HTTP/1.1" 304 - "-" "Mozilla/5.0 (compatible; YandexImages/3.0; +http://yandex.com/bots)"
5.255.253.79 - - [04/Apr/2014:17:49:18 +0200] "GET /img/dialyse.jpg HTTP/1.1" 304 - "-" "Mozilla/5.0 (compatible; YandexImages/3.0; +http://yandex.com/bots)"
5.255.253.79 - - [04/Apr/2014:17:55:04 +0200] "GET /img/meno06.gif HTTP/1.1" 304 - "-" "Mozilla/5.0 (compatible; YandexImages/3.0; +http://yandex.com/bots)"
199.30.20.4 - - [04/Apr/2014:18:01:15 +0200] "GET /img/men08.gif HTTP/1.1" 200 1069 "-" "msnbot-media/1.1 (+http://search.msn.com/msnbot.htm)"
5.255.253.79 - - [04/Apr/2014:18:06:35 +0200] "GET /img/sites.jpg HTTP/1.1" 304 - "-" "Mozilla/5.0 (compatible; YandexImages/3.0; +http://yandex.com/bots)"
5.255.253.79 - - [04/Apr/2014:18:18:07 +0200] "GET /img/lay02.gif HTTP/1.1" 304 - "-" "Mozilla/5.0 (compatible; YandexImages/3.0; +http://yandex.com/bots)"
5.255.253.79 - - [04/Apr/2014:18:23:53 +0200] "GET /img/1px.gif HTTP/1.1" 304 - "-" "Mozilla/5.0 (compatible; YandexImages/3.0; +http://yandex.com/bots)"
5.255.253.79 - - [04/Apr/2014:18:35:24 +0200] "GET /img/men05.gif HTTP/1.1" 304 - "-" "Mozilla/5.0 (compatible; YandexImages/3.0; +http://yandex.com/bots)"
5.255.253.79 - - [04/Apr/2014:18:46:56 +0200] "GET /img/men06.gif HTTP/1.1" 304 - "-" "Mozilla/5.0 (compatible; YandexImages/3.0; +http://yandex.com/bots)"
5.255.253.79 - - [04/Apr/2014:18:46:57 +0200] "GET /img/head.gif HTTP/1.1" 304 - "-" "Mozilla/5.0 (compatible; YandexImages/3.0; +http://yandex.com/bots)"
178.137.19.231 - - [04/Apr/2014:18:49:51 +0200] "GET /seiten/start.htm HTTP/1.1" 200 4313 "http://mmoguider.ru/" "Mozilla/4.0 (compatible; MSIE 6.0; Windows NT 5.1; SV1; .NET CLR 1.1.4322) Babya Discoverer 8.0:"
178.137.19.231 - - [04/Apr/2014:18:49:51 +0200] "GET /seiten/start.htm HTTP/1.1" 200 4313 "http://mmoguider.ru/" "Mozilla/4.0 (compatible; MSIE 6.0; Windows NT 5.1; SV1; .NET CLR 1.1.4322) Babya Discoverer 8.0:"
178.137.19.231 - - [04/Apr/2014:18:49:52 +0200] "GET /seiten/start.htm HTTP/1.1" 200 4313 "http://mmoguider.ru/" "Mozilla/4.0 (compatible; MSIE 6.0; Windows NT 5.1; SV1; .NET CLR 1.1.4322) Babya Discoverer 8.0:"
92.249.127.111 - - [04/Apr/2014:21:51:17 +0200] "GET /seiten/start.htm HTTP/1.1" 200 4313 "http://www.socioforum.su/" "Mozilla/4.0 (compatible; MSIE 6.0; Windows NT 5.1; ru) Opera 8.01"
92.249.127.111 - - [04/Apr/2014:21:51:17 +0200] "GET /seiten/start.htm HTTP/1.1" 200 4313 "http://www.socioforum.su/" "Mozilla/4.0 (compatible; MSIE 6.0; Windows NT 5.1; ru) Opera 8.01"
92.249.127.111 - - [04/Apr/2014:21:51:18 +0200] "GET /seiten/start.htm HTTP/1.1" 200 4313 "http://www.socioforum.su/" "Mozilla/4.0 (compatible; MSIE 6.0; Windows NT 5.1; ru) Opera 8.01"
157.56.92.174 - - [04/Apr/2014:22:46:42 +0200] "GET /robots.txt HTTP/1.1" 404 1256 "-" "Mozilla/5.0 (compatible; bingbot/2.0; +http://www.bing.com/bingbot.htm)"
157.56.92.174 - - [04/Apr/2014:22:48:22 +0200] "GET /seiten/kontakt.htm HTTP/1.1" 200 5472 "-" "Mozilla/5.0 (compatible; bingbot/2.0; +http://www.bing.com/bingbot.htm)"
157.56.93.38 - - [04/Apr/2014:22:49:02 +0200] "GET /img/bg01.gif HTTP/1.1" 200 70 "-" "Mozilla/5.0 (compatible; bingbot/2.0; +http://www.bing.com/bingbot.htm)"
157.56.93.38 - - [04/Apr/2014:22:49:02 +0200] "GET /img/men02.gif HTTP/1.1" 200 758 "-" "Mozilla/5.0 (compatible; bingbot/2.0; +http://www.bing.com/bingbot.htm)"
157.56.93.38 - - [04/Apr/2014:22:49:02 +0200] "GET /img/lay01.gif HTTP/1.1" 200 149 "-" "Mozilla/5.0 (compatible; bingbot/2.0; +http://www.bing.com/bingbot.htm)"
157.56.93.38 - - [04/Apr/2014:22:49:02 +0200] "GET /img/men04.gif HTTP/1.1" 200 1234 "-" "Mozilla/5.0 (compatible; bingbot/2.0; +http://www.bing.com/bingbot.htm)"
157.56.92.174 - - [04/Apr/2014:22:49:22 +0200] "GET /img/bg03.gif HTTP/1.1" 200 84 "-" "Mozilla/5.0 (compatible; bingbot/2.0; +http://www.bing.com/bingbot.htm)"
157.56.92.174 - - [04/Apr/2014:22:49:22 +0200] "GET /img/lay03.gif HTTP/1.1" 200 253 "-" "Mozilla/5.0 (compatible; bingbot/2.0; +http://www.bing.com/bingbot.htm)"
157.56.92.174 - - [04/Apr/2014:22:49:22 +0200] "GET /img/men06.gif HTTP/1.1" 200 904 "-" "Mozilla/5.0 (compatible; bingbot/2.0; +http://www.bing.com/bingbot.htm)"
157.55.32.117 - - [04/Apr/2014:22:49:41 +0200] "GET /img/bg02.gif HTTP/1.1" 200 67 "-" "Mozilla/5.0 (compatible; bingbot/2.0; +http://www.bing.com/bingbot.htm)"
157.55.32.117 - - [04/Apr/2014:22:49:43 +0200] "GET /css/style.css HTTP/1.1" 200 3212 "-" "Mozilla/5.0 (compatible; bingbot/2.0; +http://www.bing.com/bingbot.htm)"
157.55.32.117 - - [04/Apr/2014:22:49:43 +0200] "GET /img/lay02.gif HTTP/1.1" 200 153 "-" "Mozilla/5.0 (compatible; bingbot/2.0; +http://www.bing.com/bingbot.htm)"
157.55.32.117 - - [04/Apr/2014:22:49:44 +0200] "GET /img/bg04.gif HTTP/1.1" 200 92 "-" "Mozilla/5.0 (compatible; bingbot/2.0; +http://www.bing.com/bingbot.htm)"
157.55.32.117 - - [04/Apr/2014:22:49:44 +0200] "GET /img/men01.gif HTTP/1.1" 200 702 "-" "Mozilla/5.0 (compatible; bingbot/2.0; +http://www.bing.com/bingbot.htm)"
157.55.32.117 - - [04/Apr/2014:22:49:44 +0200] "GET /img/lay04.gif HTTP/1.1" 200 272 "-" "Mozilla/5.0 (compatible; bingbot/2.0; +http://www.bing.com/bingbot.htm)"
157.55.32.117 - - [04/Apr/2014:22:49:44 +0200] "GET /img/men07.gif HTTP/1.1" 200 893 "-" "Mozilla/5.0 (compatible; bingbot/2.0; +http://www.bing.com/bingbot.htm)"
157.55.32.117 - - [04/Apr/2014:22:49:44 +0200] "GET /scripte/basics.js HTTP/1.1" 200 1078 "-" "Mozilla/5.0 (compatible; bingbot/2.0; +http://www.bing.com/bingbot.htm)"
157.56.229.188 - - [04/Apr/2014:23:06:11 +0200] "GET /img/head.gif HTTP/1.1" 200 4213 "-" "Mozilla/5.0 (compatible; bingbot/2.0; +http://www.bing.com/bingbot.htm)"
157.56.229.188 - - [04/Apr/2014:23:06:12 +0200] "GET /img/men03.gif HTTP/1.1" 200 999 "-" "Mozilla/5.0 (compatible; bingbot/2.0; +http://www.bing.com/bingbot.htm)"
157.56.229.188 - - [04/Apr/2014:23:06:12 +0200] "GET /img/men05.gif HTTP/1.1" 200 1042 "-" "Mozilla/5.0 (compatible; bingbot/2.0; +http://www.bing.com/bingbot.htm)"
157.56.229.188 - - [04/Apr/2014:23:06:12 +0200] "GET /img/men09.gif HTTP/1.1" 200 1200 "-" "Mozilla/5.0 (compatible; bingbot/2.0; +http://www.bing.com/bingbot.htm)"
157.56.229.188 - - [04/Apr/2014:23:06:12 +0200] "GET /img/meno06.gif HTTP/1.1" 200 1054 "-" "Mozilla/5.0 (compatible; bingbot/2.0; +http://www.bing.com/bingbot.htm)"
157.55.33.17 - - [05/Apr/2014:05:05:56 +0200] "GET /seiten/impressum.htm HTTP/1.1" 200 6907 "-" "Mozilla/5.0 (compatible; bingbot/2.0; +http://www.bing.com/bingbot.htm)"
66.249.64.8 - - [05/Apr/2014:06:04:51 +0200] "GET /robots.txt HTTP/1.1" 404 1256 "-" "Mozilla/5.0 (compatible; Googlebot/2.1; +http://www.google.com/bot.html)"
66.249.64.8 - - [05/Apr/2014:06:04:51 +0200] "GET /seiten/start.htm HTTP/1.1" 304 - "-" "Mozilla/5.0 (compatible; Googlebot/2.1; +http://www.google.com/bot.html)"
37.115.187.27 - - [05/Apr/2014:06:50:28 +0200] "GET /seiten/start.htm HTTP/1.1" 200 4313 "http://vipcu.ru/" "Mozilla/5.0 (Windows NT 5.1; U; en) Opera 8.00"
37.115.187.27 - - [05/Apr/2014:06:50:31 +0200] "GET /seiten/start.htm HTTP/1.1" 200 4313 "http://vipcu.ru/" "Mozilla/5.0 (Windows NT 5.1; U; en) Opera 8.00"
37.115.187.27 - - [05/Apr/2014:06:50:32 +0200] "GET /seiten/start.htm HTTP/1.1" 200 4313 "http://vipcu.ru/" "Mozilla/5.0 (Windows NT 5.1; U; en) Opera 8.00"
65.55.215.60 - - [05/Apr/2014:07:46:03 +0200] "GET /robots.txt HTTP/1.1" 404 1256 "-" "msnbot-media/1.1 (+http://search.msn.com/msnbot.htm)"
65.55.215.60 - - [05/Apr/2014:07:46:03 +0200] "GET /img/men01.gif HTTP/1.1" 200 702 "-" "msnbot-media/1.1 (+http://search.msn.com/msnbot.htm)"
144.76.113.146 - - [05/Apr/2014:08:09:20 +0200] "GET /robots.txt HTTP/1.1" 404 1256 "-" "Seobility (SEO-Check; http://bit.ly/1dJuuzs)"
144.76.113.146 - - [05/Apr/2014:08:09:20 +0200] "GET / HTTP/1.1" 200 2301 "-" "Seobility (SEO-Check; http://bit.ly/1dJuuzs)"
66.249.64.8 - - [05/Apr/2014:08:09:29 +0200] "GET / HTTP/1.1" 200 2301 "-" "Mozilla/5.0 (compatible; Googlebot/2.1; +http://www.google.com/bot.html)"
66.249.64.8 - - [05/Apr/2014:08:19:50 +0200] "GET /seiten/start.htm HTTP/1.1" 200 4313 "-" "Mozilla/5.0 (compatible; Googlebot/2.1; +http://www.google.com/bot.html)"
66.249.64.58 - - [05/Apr/2014:08:19:52 +0200] "GET /css/style.css HTTP/1.1" 200 3212 "http://www.dialyse-in-salzwedel.de/" "Mozilla/5.0 (compatible; Googlebot/2.1; +http://www.google.com/bot.html)"
65.55.215.60 - - [05/Apr/2014:08:41:18 +0200] "GET /img/meno03.gif HTTP/1.1" 200 931 "-" "msnbot-media/1.1 (+http://search.msn.com/msnbot.htm)"
65.55.215.60 - - [05/Apr/2014:09:51:10 +0200] "GET /img/men04.gif HTTP/1.1" 200 1234 "-" "msnbot-media/1.1 (+http://search.msn.com/msnbot.htm)"
216.107.155.114 - - [05/Apr/2014:14:10:37 +0200] "GET /robots.txt HTTP/1.0" 404 1256 "-" "Mozilla/5.0 (compatible; MJ12bot/v1.4.4; http://www.majestic12.co.uk/bot.php?+)"
216.107.155.114 - - [05/Apr/2014:14:10:38 +0200] "GET / HTTP/1.0" 200 2301 "-" "Mozilla/5.0 (compatible; MJ12bot/v1.4.4; http://www.majestic12.co.uk/bot.php?+)"
157.55.34.74 - - [05/Apr/2014:14:20:19 +0200] "GET /robots.txt HTTP/1.1" 404 1256 "-" "Mozilla/5.0 (compatible; bingbot/2.0; +http://www.bing.com/bingbot.htm)"
157.55.34.74 - - [05/Apr/2014:17:14:21 +0200] "GET /seiten/leistungen.htm HTTP/1.1" 200 5060 "-" "Mozilla/5.0 (compatible; bingbot/2.0; +http://www.bing.com/bingbot.htm)"
157.55.35.114 - - [05/Apr/2014:17:44:48 +0200] "GET /css/style.css HTTP/1.1" 200 3212 "-" "Mozilla/5.0 (compatible; bingbot/2.0; +http://www.bing.com/bingbot.htm)"
134.249.48.26 - - [05/Apr/2014:18:39:12 +0200] "GET /seiten/start.htm HTTP/1.1" 200 4313 "http://cranly.net/" "Mozilla/4.0 (compatible; MSIE 6.0; MSIE 5.5; Windows NT 5.0) Opera 7.02 Bork-edition [en]"
134.249.48.26 - - [05/Apr/2014:18:39:13 +0200] "GET /seiten/start.htm HTTP/1.1" 200 4313 "http://cranly.net/" "Mozilla/4.0 (compatible; MSIE 6.0; MSIE 5.5; Windows NT 5.0) Opera 7.02 Bork-edition [en]"
134.249.48.26 - - [05/Apr/2014:18:39:15 +0200] "GET /seiten/start.htm HTTP/1.1" 200 4313 "http://cranly.net/" "Mozilla/4.0 (compatible; MSIE 6.0; MSIE 5.5; Windows NT 5.0) Opera 7.02 Bork-edition [en]"
87.178.40.143 - - [05/Apr/2014:19:02:12 +0200] "GET /img/dialyse.jpg HTTP/1.1" 200 21241 "http://www.google.com/blank.html" "Mozilla/5.0 (Windows NT 6.1; WOW64) AppleWebKit/537.36 (KHTML, like Gecko) Chrome/33.0.1750.154 Safari/537.36"
178.137.161.32 - - [05/Apr/2014:20:23:58 +0200] "GET /seiten/start.htm HTTP/1.1" 200 4313 "http://mmoguider.ru/" "Mozilla/4.0 (compatible; MSIE 6.0; Windows NT 5.1; TheFreeDictionary.com; .NET CLR 1.1.4322; .NET CLR 1.0.3705; .NET CLR 2.0.50727)"
178.137.161.32 - - [05/Apr/2014:20:23:58 +0200] "GET /seiten/start.htm HTTP/1.1" 200 4313 "http://mmoguider.ru/" "Mozilla/4.0 (compatible; MSIE 6.0; Windows NT 5.1; TheFreeDictionary.com; .NET CLR 1.1.4322; .NET CLR 1.0.3705; .NET CLR 2.0.50727)"
178.137.161.32 - - [05/Apr/2014:20:23:59 +0200] "GET /seiten/start.htm HTTP/1.1" 200 4313 "http://mmoguider.ru/" "Mozilla/4.0 (compatible; MSIE 6.0; Windows NT 5.1; TheFreeDictionary.com; .NET CLR 1.1.4322; .NET CLR 1.0.3705; .NET CLR 2.0.50727)"
5.164.140.112 - - [05/Apr/2014:22:43:37 +0200] "GET /seiten/links.htm Result: \xed\xe5 \xed\xe0\xf8\xeb\xee\xf1\xfc \xf4\xee\xf0\xec\xfb \xe4\xeb\xff \xee\xf2\xef\xf0\xe0\xe2\xea\xe8; HTTP/1.0" 200 5092 "-" "Mozilla/4.0 (compatible; MSIE 6.0; Windows NT 5.1)"
193.150.120.33 - - [06/Apr/2014:00:22:49 +0200] "GET /seiten/start.htm HTTP/1.1" 200 4313 "http://www.littlemall.ru/" "Mozilla/4.0 (compatible; MSIE 6.0; Windows NT 5.1; MyIE2; Deepnet Explorer)"
193.150.120.33 - - [06/Apr/2014:00:22:50 +0200] "GET /seiten/start.htm HTTP/1.1" 200 4313 "http://www.bytimedance.ru/" "Mozilla/4.0 (compatible; MSIE 6.0; Windows NT 5.1; MyIE2; Deepnet Explorer)"
193.150.120.33 - - [06/Apr/2014:00:22:50 +0200] "GET /seiten/start.htm HTTP/1.1" 200 4313 "http://www.littlemall.ru/" "Mozilla/4.0 (compatible; MSIE 6.0; Windows NT 5.1; MyIE2; Deepnet Explorer)"
193.150.120.33 - - [06/Apr/2014:00:22:50 +0200] "GET /seiten/start.htm HTTP/1.1" 200 4313 "http://www.bytimedance.ru/" "Mozilla/4.0 (compatible; MSIE 6.0; Windows NT 5.1; MyIE2; Deepnet Explorer)"
193.150.120.33 - - [06/Apr/2014:00:22:50 +0200] "GET /seiten/start.htm HTTP/1.1" 200 4313 "http://www.littlemall.ru/" "Mozilla/4.0 (compatible; MSIE 6.0; Windows NT 5.1; MyIE2; Deepnet Explorer)"
193.150.120.33 - - [06/Apr/2014:00:22:51 +0200] "GET /seiten/start.htm HTTP/1.1" 200 4313 "http://www.bytimedance.ru/" "Mozilla/4.0 (compatible; MSIE 6.0; Windows NT 5.1; MyIE2; Deepnet Explorer)"
70.27.230.139 - - [06/Apr/2014:02:34:45 +0200] "GET /img/dialyse.jpg HTTP/1.1" 200 21241 "http://www.bing.com/images/search?q=dialyse&id=5417DFBBECE62FB734AABD043F18441FBB1E2724&FORM=IQFRBA" "Mozilla/5.0 (Windows NT 6.1; Trident/7.0; rv:11.0) like Gecko"
66.249.78.91 - - [06/Apr/2014:04:05:28 +0200] "GET /robots.txt HTTP/1.1" 404 1256 "-" "Mozilla/5.0 (compatible; Googlebot/2.1; +http://www.google.com/bot.html)"
66.249.78.91 - - [06/Apr/2014:04:05:28 +0200] "GET / HTTP/1.1" 200 2301 "-" "Mozilla/5.0 (iPhone; CPU iPhone OS 6_0 like Mac OS X) AppleWebKit/536.26 (KHTML, like Gecko) Version/6.0 Mobile/10A5376e Safari/8536.25 (compatible; Googlebot/2.1; +http://www.google.com/bot.html)"
134.249.48.26 - - [06/Apr/2014:05:25:28 +0200] "GET /seiten/start.htm HTTP/1.1" 200 4313 "http://pornotubexxx.name/" "Mozilla/4.0 (compatible; MSIE 6.0; Windows NT 5.1) Netscape/8.0.4"
134.249.48.26 - - [06/Apr/2014:05:25:28 +0200] "GET /seiten/start.htm HTTP/1.1" 200 4313 "http://pornotubexxx.name/" "Mozilla/4.0 (compatible; MSIE 6.0; Windows NT 5.1) Netscape/8.0.4"
134.249.48.26 - - [06/Apr/2014:05:25:29 +0200] "GET /seiten/start.htm HTTP/1.1" 200 4313 "http://pornotubexxx.name/" "Mozilla/4.0 (compatible; MSIE 6.0; Windows NT 5.1) Netscape/8.0.4"
193.150.120.33 - - [06/Apr/2014:07:46:18 +0200] "GET /seiten/start.htm HTTP/1.1" 200 4313 "http://blogig.org/" "Mozilla/4.0 (compatible; MSIE 6.0; Windows NT 5.1)"
193.150.120.33 - - [06/Apr/2014:07:46:18 +0200] "GET /seiten/start.htm HTTP/1.1" 200 4313 "http://blogig.org/" "Mozilla/4.0 (compatible; MSIE 6.0; Windows NT 5.1)"
193.150.120.33 - - [06/Apr/2014:07:46:19 +0200] "GET /seiten/start.htm HTTP/1.1" 200 4313 "http://blogig.org/" "Mozilla/4.0 (compatible; MSIE 6.0; Windows NT 5.1)"
65.55.218.49 - - [06/Apr/2014:08:30:02 +0200] "GET /seiten/dialyse.htm HTTP/1.1" 200 4906 "-" "Mozilla/4.0 (compatible; MSIE 7.0; Windows NT 5.1; SV1; .NET CLR 1.1.4325; .NET CLR 2.0.40607)"
65.55.218.49 - - [06/Apr/2014:08:30:05 +0200] "GET /scripte/basics.js HTTP/1.1" 200 1078 "http://www.dialyse-in-salzwedel.de/seiten/dialyse.htm" "Mozilla/4.0 (compatible; MSIE 7.0; Windows NT 5.1; SV1; .NET CLR 1.1.4325; .NET CLR 2.0.40607)"
65.55.218.49 - - [06/Apr/2014:08:30:07 +0200] "GET /css/style.css HTTP/1.1" 200 3212 "http://www.dialyse-in-salzwedel.de/seiten/dialyse.htm" "Mozilla/4.0 (compatible; MSIE 7.0; Windows NT 5.1; SV1; .NET CLR 1.1.4325; .NET CLR 2.0.40607)"
92.249.127.111 - - [06/Apr/2014:10:14:24 +0200] "GET /seiten/start.htm HTTP/1.1" 200 4313 "http://www.socioforum.su/" "Mozilla/4.0 (compatible; MSIE 7.0b; Windows NT 6.0)"
92.249.127.111 - - [06/Apr/2014:10:14:25 +0200] "GET /seiten/start.htm HTTP/1.1" 200 4313 "http://www.socioforum.su/" "Mozilla/4.0 (compatible; MSIE 7.0b; Windows NT 6.0)"
92.249.127.111 - - [06/Apr/2014:10:14:25 +0200] "GET /seiten/start.htm HTTP/1.1" 200 4313 "http://www.socioforum.su/" "Mozilla/4.0 (compatible; MSIE 7.0b; Windows NT 6.0)"
123.125.71.23 - - [06/Apr/2014:10:19:54 +0200] "GET /robots.txt HTTP/1.1" 404 1256 "-" "Mozilla/5.0 (compatible; Baiduspider/2.0; +http://www.baidu.com/search/spider.html)"
178.137.19.70 - - [06/Apr/2014:10:32:06 +0200] "GET /seiten/start.htm HTTP/1.1" 200 4313 "http://magazin-masterov.ru/" "Mozilla/4.0 (compatible; MSIE 6.0; Update a; AOL 6.0; Windows 98)"
178.137.19.70 - - [06/Apr/2014:10:32:08 +0200] "GET /seiten/start.htm HTTP/1.1" 200 4313 "http://magazin-masterov.ru/" "Mozilla/4.0 (compatible; MSIE 6.0; Update a; AOL 6.0; Windows 98)"
178.137.19.70 - - [06/Apr/2014:10:32:09 +0200] "GET /seiten/start.htm HTTP/1.1" 200 4313 "http://magazin-masterov.ru/" "Mozilla/4.0 (compatible; MSIE 6.0; Update a; AOL 6.0; Windows 98)"
157.55.32.116 - - [06/Apr/2014:10:45:21 +0200] "GET /robots.txt HTTP/1.1" 404 1256 "-" "Mozilla/5.0 (compatible; bingbot/2.0; +http://www.bing.com/bingbot.htm)"
157.55.32.116 - - [06/Apr/2014:11:06:16 +0200] "GET /seiten/links.htm HTTP/1.1" 304 - "-" "Mozilla/5.0 (compatible; bingbot/2.0; +http://www.bing.com/bingbot.htm)"
66.249.78.91 - - [06/Apr/2014:11:51:25 +0200] "GET /img/FL_check.swf HTTP/1.1" 200 100 "-" "Mozilla/5.0 (compatible; Googlebot/2.1; +http://www.google.com/bot.html)"
79.192.124.138 - - [06/Apr/2014:11:59:11 +0200] "GET /img/dialyse.jpg HTTP/1.1" 200 21241 "-" "Mozilla/5.0 (Linux; U; Android 4.3; de-de; GT-I9305 Build/JSS15J) AppleWebKit/534.30 (KHTML, like Gecko) Version/4.0 Mobile Safari/534.30 GSA/3.3.11.1069658.arm"
66.249.78.91 - - [06/Apr/2014:12:28:42 +0200] "GET /seiten/start.htm HTTP/1.1" 304 - "-" "Mozilla/5.0 (iPhone; CPU iPhone OS 6_0 like Mac OS X) AppleWebKit/536.26 (KHTML, like Gecko) Version/6.0 Mobile/10A5376e Safari/8536.25 (compatible; Googlebot/2.1; +http://www.google.com/bot.html)"
157.55.32.233 - - [06/Apr/2014:13:43:26 +0200] "GET / HTTP/1.1" 200 2301 "-" "Mozilla/5.0 (compatible; bingbot/2.0; +http://www.bing.com/bingbot.htm)"
157.55.33.88 - - [06/Apr/2014:13:47:35 +0200] "GET /scripte/basics.js HTTP/1.1" 200 1078 "-" "Mozilla/5.0 (compatible; bingbot/2.0; +http://www.bing.com/bingbot.htm)"
134.249.48.26 - - [06/Apr/2014:14:06:17 +0200] "GET /seiten/start.htm HTTP/1.1" 200 4313 "http://mosvolos.ru/" "Opera/9.01 (Windows NT 5.1; U; en)"
134.249.48.26 - - [06/Apr/2014:14:06:18 +0200] "GET /seiten/start.htm HTTP/1.1" 200 4313 "http://mosvolos.ru/" "Opera/9.01 (Windows NT 5.1; U; en)"
134.249.48.26 - - [06/Apr/2014:14:06:18 +0200] "GET /seiten/start.htm HTTP/1.1" 200 4313 "http://mosvolos.ru/" "Opera/9.01 (Windows NT 5.1; U; en)"
157.55.33.110 - - [06/Apr/2014:14:14:25 +0200] "GET /seiten/start.htm HTTP/1.1" 200 4313 "-" "Mozilla/5.0 (compatible; bingbot/2.0; +http://www.bing.com/bingbot.htm)"
193.150.120.33 - - [06/Apr/2014:14:47:09 +0200] "GET /seiten/start.htm HTTP/1.1" 200 4313 "http://www.avek.ru/" "Mozilla/4.0 (compatible; MSIE 6.0; Windows NT 5.1; ru) Opera 8.01"
193.150.120.33 - - [06/Apr/2014:14:47:10 +0200] "GET /seiten/start.htm HTTP/1.1" 200 4313 "http://www.avek.ru/" "Mozilla/4.0 (compatible; MSIE 6.0; Windows NT 5.1; ru) Opera 8.01"
193.150.120.33 - - [06/Apr/2014:14:47:11 +0200] "GET /seiten/start.htm HTTP/1.1" 200 4313 "http://www.avek.ru/" "Mozilla/4.0 (compatible; MSIE 6.0; Windows NT 5.1; ru) Opera 8.01"
178.137.161.32 - - [06/Apr/2014:15:13:20 +0200] "GET /seiten/start.htm HTTP/1.1" 200 4313 "http://porno-transsexuals.ru/" "Opera/9.00 (Windows NT 5.1; U; ru)"
178.137.161.32 - - [06/Apr/2014:15:13:21 +0200] "GET /seiten/start.htm HTTP/1.1" 200 4313 "http://porno-transsexuals.ru/" "Opera/9.00 (Windows NT 5.1; U; ru)"
178.137.161.32 - - [06/Apr/2014:15:13:21 +0200] "GET /seiten/start.htm HTTP/1.1" 200 4313 "http://porno-transsexuals.ru/" "Opera/9.00 (Windows NT 5.1; U; ru)"
109.120.157.179 - - [06/Apr/2014:15:37:14 +0200] "GET /seiten/start.htm HTTP/1.1" 200 4313 "http://ua-company.ru/" "Mozilla/5.0 (compatible; Add Catalog/2.1;)"
109.120.157.179 - - [06/Apr/2014:15:37:15 +0200] "GET /seiten/start.htm HTTP/1.1" 200 4313 "http://ua-company.ru/" "Mozilla/5.0 (compatible; Add Catalog/2.1;)"
82.193.99.33 - - [06/Apr/2014:16:51:20 +0200] "GET /seiten/start.htm HTTP/1.1" 200 4313 "http://kolotiloff.ru/" "Mozilla/4.0 (compatible; MSIE 6.0; Windows NT 5.0; T312461)"
82.193.99.33 - - [06/Apr/2014:16:51:21 +0200] "GET /seiten/start.htm HTTP/1.1" 200 4313 "http://kolotiloff.ru/" "Mozilla/4.0 (compatible; MSIE 6.0; Windows NT 5.0; T312461)"
82.193.99.33 - - [06/Apr/2014:16:51:21 +0200] "GET /seiten/start.htm HTTP/1.1" 200 4313 "http://kolotiloff.ru/" "Mozilla/4.0 (compatible; MSIE 6.0; Windows NT 5.0; T312461)"
134.249.48.26 - - [06/Apr/2014:20:33:57 +0200] "GET /seiten/start.htm HTTP/1.1" 200 4313 "http://allforminecraft.ru/" "Mozilla/4.0 (compatible; MSIE 6.0; Windows NT 5.1; SV1; MRA 4.6 (build 01425); MRSPUTNIK 1, 5, 0, 19 SW)"
134.249.48.26 - - [06/Apr/2014:20:33:57 +0200] "GET /seiten/start.htm HTTP/1.1" 200 4313 "http://allforminecraft.ru/" "Mozilla/4.0 (compatible; MSIE 6.0; Windows NT 5.1; SV1; MRA 4.6 (build 01425); MRSPUTNIK 1, 5, 0, 19 SW)"
134.249.48.26 - - [06/Apr/2014:20:33:58 +0200] "GET /seiten/start.htm HTTP/1.1" 200 4313 "http://allforminecraft.ru/" "Mozilla/4.0 (compatible; MSIE 6.0; Windows NT 5.1; SV1; MRA 4.6 (build 01425); MRSPUTNIK 1, 5, 0, 19 SW)"
5.255.253.79 - - [06/Apr/2014:21:36:12 +0200] "GET /robots.txt HTTP/1.1" 404 1256 "-" "Mozilla/5.0 (compatible; YandexImages/3.0; +http://yandex.com/bots)"
5.255.253.79 - - [06/Apr/2014:21:46:20 +0200] "GET /img/men02.gif HTTP/1.1" 304 - "-" "Mozilla/5.0 (compatible; YandexImages/3.0; +http://yandex.com/bots)"
5.255.253.79 - - [06/Apr/2014:21:56:27 +0200] "GET /img/leist.jpg HTTP/1.1" 304 - "-" "Mozilla/5.0 (compatible; YandexImages/3.0; +http://yandex.com/bots)"
5.255.253.79 - - [06/Apr/2014:22:06:34 +0200] "GET /img/dialyse.jpg HTTP/1.1" 304 - "-" "Mozilla/5.0 (compatible; YandexImages/3.0; +http://yandex.com/bots)"
5.255.253.79 - - [06/Apr/2014:22:16:41 +0200] "GET /img/praxis.jpg HTTP/1.1" 304 - "-" "Mozilla/5.0 (compatible; YandexImages/3.0; +http://yandex.com/bots)"
5.255.253.79 - - [06/Apr/2014:22:26:49 +0200] "GET /img/men01.gif HTTP/1.1" 304 - "-" "Mozilla/5.0 (compatible; YandexImages/3.0; +http://yandex.com/bots)"
5.255.253.79 - - [06/Apr/2014:22:36:56 +0200] "GET /img/lay04.gif HTTP/1.1" 304 - "-" "Mozilla/5.0 (compatible; YandexImages/3.0; +http://yandex.com/bots)"
5.255.253.79 - - [06/Apr/2014:22:47:03 +0200] "GET /img/meno05.gif HTTP/1.1" 304 - "-" "Mozilla/5.0 (compatible; YandexImages/3.0; +http://yandex.com/bots)"
5.255.253.79 - - [06/Apr/2014:22:57:10 +0200] "GET /img/men04.gif HTTP/1.1" 304 - "-" "Mozilla/5.0 (compatible; YandexImages/3.0; +http://yandex.com/bots)"
5.255.253.79 - - [06/Apr/2014:23:07:17 +0200] "GET /img/meno03.gif HTTP/1.1" 304 - "-" "Mozilla/5.0 (compatible; YandexImages/3.0; +http://yandex.com/bots)"
5.255.253.79 - - [06/Apr/2014:23:17:25 +0200] "GET /img/head.gif HTTP/1.1" 304 - "-" "Mozilla/5.0 (compatible; YandexImages/3.0; +http://yandex.com/bots)"
5.255.253.79 - - [06/Apr/2014:23:27:32 +0200] "GET /img/men09.gif HTTP/1.1" 304 - "-" "Mozilla/5.0 (compatible; YandexImages/3.0; +http://yandex.com/bots)"
5.255.253.79 - - [06/Apr/2014:23:37:39 +0200] "GET /img/men05.gif HTTP/1.1" 304 - "-" "Mozilla/5.0 (compatible; YandexImages/3.0; +http://yandex.com/bots)"
178.137.19.70 - - [06/Apr/2014:23:44:13 +0200] "GET /seiten/start.htm HTTP/1.1" 200 4313 "http://medcenter-a.ru/" "Mozilla/4.0 (compatible; MSIE 6.0; Windows NT 5.1) Opera 7.54 [en]"
178.137.19.70 - - [06/Apr/2014:23:44:15 +0200] "GET /seiten/start.htm HTTP/1.1" 200 4313 "http://medcenter-a.ru/" "Mozilla/4.0 (compatible; MSIE 6.0; Windows NT 5.1) Opera 7.54 [en]"
178.137.19.70 - - [06/Apr/2014:23:44:16 +0200] "GET /seiten/start.htm HTTP/1.1" 200 4313 "http://medcenter-a.ru/" "Mozilla/4.0 (compatible; MSIE 6.0; Windows NT 5.1) Opera 7.54 [en]"
5.255.253.79 - - [06/Apr/2014:23:47:46 +0200] "GET /img/lay03.gif HTTP/1.1" 304 - "-" "Mozilla/5.0 (compatible; YandexImages/3.0; +http://yandex.com/bots)"
178.137.161.32 - - [06/Apr/2014:23:49:20 +0200] "GET /seiten/start.htm HTTP/1.1" 200 4313 "http://mirzonru.net/" "Mozilla/4.0 (compatible; MSIE 6.0; Windows NT 5.1; .NET CLR 1.1.4322; FDM)"
178.137.161.32 - - [06/Apr/2014:23:49:20 +0200] "GET /seiten/start.htm HTTP/1.1" 200 4313 "http://mirzonru.net/" "Mozilla/4.0 (compatible; MSIE 6.0; Windows NT 5.1; .NET CLR 1.1.4322; FDM)"
178.137.161.32 - - [06/Apr/2014:23:49:23 +0200] "GET /seiten/start.htm HTTP/1.1" 200 4313 "http://mirzonru.net/" "Mozilla/4.0 (compatible; MSIE 6.0; Windows NT 5.1; .NET CLR 1.1.4322; FDM)"
5.255.253.79 - - [06/Apr/2014:23:57:53 +0200] "GET /img/start.jpg HTTP/1.1" 304 - "-" "Mozilla/5.0 (compatible; YandexImages/3.0; +http://yandex.com/bots)"
5.255.253.79 - - [07/Apr/2014:00:08:00 +0200] "GET /img/meno01.gif HTTP/1.1" 304 - "-" "Mozilla/5.0 (compatible; YandexImages/3.0; +http://yandex.com/bots)"
5.255.253.79 - - [07/Apr/2014:00:18:08 +0200] "GET /img/meno04.gif HTTP/1.1" 304 - "-" "Mozilla/5.0 (compatible; YandexImages/3.0; +http://yandex.com/bots)"
5.255.253.79 - - [07/Apr/2014:00:28:15 +0200] "GET /img/meno02.gif HTTP/1.1" 304 - "-" "Mozilla/5.0 (compatible; YandexImages/3.0; +http://yandex.com/bots)"
80.129.204.171 - - [07/Apr/2014:00:32:59 +0200] "GET / HTTP/1.1" 200 2301 "https://www.google.de/" "Mozilla/5.0 (iPhone; CPU iPhone OS 7_0_4 like Mac OS X) AppleWebKit/537.51.1 (KHTML, like Gecko) Version/7.0 Mobile/11B554a Safari/9537.53"
80.129.204.171 - - [07/Apr/2014:00:32:59 +0200] "GET /scripte/basics.js HTTP/1.1" 200 1078 "http://www.dialyse-in-salzwedel.de/" "Mozilla/5.0 (iPhone; CPU iPhone OS 7_0_4 like Mac OS X) AppleWebKit/537.51.1 (KHTML, like Gecko) Version/7.0 Mobile/11B554a Safari/9537.53"
80.129.204.171 - - [07/Apr/2014:00:33:00 +0200] "GET /css/style.css HTTP/1.1" 200 3212 "http://www.dialyse-in-salzwedel.de/" "Mozilla/5.0 (iPhone; CPU iPhone OS 7_0_4 like Mac OS X) AppleWebKit/537.51.1 (KHTML, like Gecko) Version/7.0 Mobile/11B554a Safari/9537.53"
80.129.204.171 - - [07/Apr/2014:00:33:00 +0200] "GET /seiten/start.htm HTTP/1.1" 200 4313 "http://www.dialyse-in-salzwedel.de/" "Mozilla/5.0 (iPhone; CPU iPhone OS 7_0_4 like Mac OS X) AppleWebKit/537.51.1 (KHTML, like Gecko) Version/7.0 Mobile/11B554a Safari/9537.53"
80.129.204.171 - - [07/Apr/2014:00:33:00 +0200] "GET /img/men01.gif HTTP/1.1" 200 702 "http://www.dialyse-in-salzwedel.de/seiten/start.htm" "Mozilla/5.0 (iPhone; CPU iPhone OS 7_0_4 like Mac OS X) AppleWebKit/537.51.1 (KHTML, like Gecko) Version/7.0 Mobile/11B554a Safari/9537.53"
80.129.204.171 - - [07/Apr/2014:00:33:00 +0200] "GET /img/head.gif HTTP/1.1" 200 4213 "http://www.dialyse-in-salzwedel.de/seiten/start.htm" "Mozilla/5.0 (iPhone; CPU iPhone OS 7_0_4 like Mac OS X) AppleWebKit/537.51.1 (KHTML, like Gecko) Version/7.0 Mobile/11B554a Safari/9537.53"
80.129.204.171 - - [07/Apr/2014:00:33:01 +0200] "GET /img/men03.gif HTTP/1.1" 200 999 "http://www.dialyse-in-salzwedel.de/seiten/start.htm" "Mozilla/5.0 (iPhone; CPU iPhone OS 7_0_4 like Mac OS X) AppleWebKit/537.51.1 (KHTML, like Gecko) Version/7.0 Mobile/11B554a Safari/9537.53"
80.129.204.171 - - [07/Apr/2014:00:33:01 +0200] "GET /img/men04.gif HTTP/1.1" 200 1234 "http://www.dialyse-in-salzwedel.de/seiten/start.htm" "Mozilla/5.0 (iPhone; CPU iPhone OS 7_0_4 like Mac OS X) AppleWebKit/537.51.1 (KHTML, like Gecko) Version/7.0 Mobile/11B554a Safari/9537.53"
80.129.204.171 - - [07/Apr/2014:00:33:01 +0200] "GET /img/men05.gif HTTP/1.1" 200 1042 "http://www.dialyse-in-salzwedel.de/seiten/start.htm" "Mozilla/5.0 (iPhone; CPU iPhone OS 7_0_4 like Mac OS X) AppleWebKit/537.51.1 (KHTML, like Gecko) Version/7.0 Mobile/11B554a Safari/9537.53"
80.129.204.171 - - [07/Apr/2014:00:33:01 +0200] "GET /img/men06.gif HTTP/1.1" 200 904 "http://www.dialyse-in-salzwedel.de/seiten/start.htm" "Mozilla/5.0 (iPhone; CPU iPhone OS 7_0_4 like Mac OS X) AppleWebKit/537.51.1 (KHTML, like Gecko) Version/7.0 Mobile/11B554a Safari/9537.53"
80.129.204.171 - - [07/Apr/2014:00:33:01 +0200] "GET /img/men02.gif HTTP/1.1" 200 758 "http://www.dialyse-in-salzwedel.de/seiten/start.htm" "Mozilla/5.0 (iPhone; CPU iPhone OS 7_0_4 like Mac OS X) AppleWebKit/537.51.1 (KHTML, like Gecko) Version/7.0 Mobile/11B554a Safari/9537.53"
80.129.204.171 - - [07/Apr/2014:00:33:01 +0200] "GET /img/start.jpg HTTP/1.1" 200 18933 "http://www.dialyse-in-salzwedel.de/seiten/start.htm" "Mozilla/5.0 (iPhone; CPU iPhone OS 7_0_4 like Mac OS X) AppleWebKit/537.51.1 (KHTML, like Gecko) Version/7.0 Mobile/11B554a Safari/9537.53"
80.129.204.171 - - [07/Apr/2014:00:33:01 +0200] "GET /img/men07.gif HTTP/1.1" 200 893 "http://www.dialyse-in-salzwedel.de/seiten/start.htm" "Mozilla/5.0 (iPhone; CPU iPhone OS 7_0_4 like Mac OS X) AppleWebKit/537.51.1 (KHTML, like Gecko) Version/7.0 Mobile/11B554a Safari/9537.53"
80.129.204.171 - - [07/Apr/2014:00:33:01 +0200] "GET /img/men08.gif HTTP/1.1" 200 1069 "http://www.dialyse-in-salzwedel.de/seiten/start.htm" "Mozilla/5.0 (iPhone; CPU iPhone OS 7_0_4 like Mac OS X) AppleWebKit/537.51.1 (KHTML, like Gecko) Version/7.0 Mobile/11B554a Safari/9537.53"
80.129.204.171 - - [07/Apr/2014:00:33:01 +0200] "GET /img/men09.gif HTTP/1.1" 200 1200 "http://www.dialyse-in-salzwedel.de/seiten/start.htm" "Mozilla/5.0 (iPhone; CPU iPhone OS 7_0_4 like Mac OS X) AppleWebKit/537.51.1 (KHTML, like Gecko) Version/7.0 Mobile/11B554a Safari/9537.53"
80.129.204.171 - - [07/Apr/2014:00:33:01 +0200] "GET /img/lay01.gif HTTP/1.1" 200 149 "http://www.dialyse-in-salzwedel.de/seiten/start.htm" "Mozilla/5.0 (iPhone; CPU iPhone OS 7_0_4 like Mac OS X) AppleWebKit/537.51.1 (KHTML, like Gecko) Version/7.0 Mobile/11B554a Safari/9537.53"
80.129.204.171 - - [07/Apr/2014:00:33:01 +0200] "GET /img/bg02.gif HTTP/1.1" 200 67 "http://www.dialyse-in-salzwedel.de/seiten/start.htm" "Mozilla/5.0 (iPhone; CPU iPhone OS 7_0_4 like Mac OS X) AppleWebKit/537.51.1 (KHTML, like Gecko) Version/7.0 Mobile/11B554a Safari/9537.53"
80.129.204.171 - - [07/Apr/2014:00:33:01 +0200] "GET /img/bg01.gif HTTP/1.1" 200 70 "http://www.dialyse-in-salzwedel.de/seiten/start.htm" "Mozilla/5.0 (iPhone; CPU iPhone OS 7_0_4 like Mac OS X) AppleWebKit/537.51.1 (KHTML, like Gecko) Version/7.0 Mobile/11B554a Safari/9537.53"
80.129.204.171 - - [07/Apr/2014:00:33:01 +0200] "GET /img/bg03.gif HTTP/1.1" 200 84 "http://www.dialyse-in-salzwedel.de/seiten/start.htm" "Mozilla/5.0 (iPhone; CPU iPhone OS 7_0_4 like Mac OS X) AppleWebKit/537.51.1 (KHTML, like Gecko) Version/7.0 Mobile/11B554a Safari/9537.53"
80.129.204.171 - - [07/Apr/2014:00:33:01 +0200] "GET /img/lay03.gif HTTP/1.1" 200 253 "http://www.dialyse-in-salzwedel.de/seiten/start.htm" "Mozilla/5.0 (iPhone; CPU iPhone OS 7_0_4 like Mac OS X) AppleWebKit/537.51.1 (KHTML, like Gecko) Version/7.0 Mobile/11B554a Safari/9537.53"
80.129.204.171 - - [07/Apr/2014:00:33:01 +0200] "GET /img/1px.gif HTTP/1.1" 200 43 "http://www.dialyse-in-salzwedel.de/seiten/start.htm" "Mozilla/5.0 (iPhone; CPU iPhone OS 7_0_4 like Mac OS X) AppleWebKit/537.51.1 (KHTML, like Gecko) Version/7.0 Mobile/11B554a Safari/9537.53"
80.129.204.171 - - [07/Apr/2014:00:33:01 +0200] "GET /img/lay04.gif HTTP/1.1" 200 272 "http://www.dialyse-in-salzwedel.de/seiten/start.htm" "Mozilla/5.0 (iPhone; CPU iPhone OS 7_0_4 like Mac OS X) AppleWebKit/537.51.1 (KHTML, like Gecko) Version/7.0 Mobile/11B554a Safari/9537.53"
80.129.204.171 - - [07/Apr/2014:00:33:02 +0200] "GET /img/lay02.gif HTTP/1.1" 200 153 "http://www.dialyse-in-salzwedel.de/seiten/start.htm" "Mozilla/5.0 (iPhone; CPU iPhone OS 7_0_4 like Mac OS X) AppleWebKit/537.51.1 (KHTML, like Gecko) Version/7.0 Mobile/11B554a Safari/9537.53"
80.129.204.171 - - [07/Apr/2014:00:33:02 +0200] "GET /img/bg04.gif HTTP/1.1" 200 92 "http://www.dialyse-in-salzwedel.de/seiten/start.htm" "Mozilla/5.0 (iPhone; CPU iPhone OS 7_0_4 like Mac OS X) AppleWebKit/537.51.1 (KHTML, like Gecko) Version/7.0 Mobile/11B554a Safari/9537.53"
80.129.204.171 - - [07/Apr/2014:00:33:09 +0200] "GET /img/meno01.gif HTTP/1.1" 200 938 "http://www.dialyse-in-salzwedel.de/seiten/start.htm" "Mozilla/5.0 (iPhone; CPU iPhone OS 7_0_4 like Mac OS X) AppleWebKit/537.51.1 (KHTML, like Gecko) Version/7.0 Mobile/11B554a Safari/9537.53"
80.129.204.171 - - [07/Apr/2014:00:33:09 +0200] "GET /seiten/praxis.htm HTTP/1.1" 200 5018 "http://www.dialyse-in-salzwedel.de/seiten/start.htm" "Mozilla/5.0 (iPhone; CPU iPhone OS 7_0_4 like Mac OS X) AppleWebKit/537.51.1 (KHTML, like Gecko) Version/7.0 Mobile/11B554a Safari/9537.53"
80.129.204.171 - - [07/Apr/2014:00:33:09 +0200] "GET /img/meno01.gif HTTP/1.1" 200 938 "http://www.dialyse-in-salzwedel.de/seiten/praxis.htm" "Mozilla/5.0 (iPhone; CPU iPhone OS 7_0_4 like Mac OS X) AppleWebKit/537.51.1 (KHTML, like Gecko) Version/7.0 Mobile/11B554a Safari/9537.53"
80.129.204.171 - - [07/Apr/2014:00:33:09 +0200] "GET /img/praxis.jpg HTTP/1.1" 200 13082 "http://www.dialyse-in-salzwedel.de/seiten/praxis.htm" "Mozilla/5.0 (iPhone; CPU iPhone OS 7_0_4 like Mac OS X) AppleWebKit/537.51.1 (KHTML, like Gecko) Version/7.0 Mobile/11B554a Safari/9537.53"
80.129.204.171 - - [07/Apr/2014:00:33:16 +0200] "GET /img/meno03.gif HTTP/1.1" 200 931 "http://www.dialyse-in-salzwedel.de/seiten/start.htm" "Mozilla/5.0 (iPhone; CPU iPhone OS 7_0_4 like Mac OS X) AppleWebKit/537.51.1 (KHTML, like Gecko) Version/7.0 Mobile/11B554a Safari/9537.53"
80.129.204.171 - - [07/Apr/2014:00:33:16 +0200] "GET /seiten/dialyse.htm HTTP/1.1" 200 4906 "http://www.dialyse-in-salzwedel.de/seiten/start.htm" "Mozilla/5.0 (iPhone; CPU iPhone OS 7_0_4 like Mac OS X) AppleWebKit/537.51.1 (KHTML, like Gecko) Version/7.0 Mobile/11B554a Safari/9537.53"
80.129.204.171 - - [07/Apr/2014:00:33:16 +0200] "GET /img/meno03.gif HTTP/1.1" 200 931 "http://www.dialyse-in-salzwedel.de/seiten/dialyse.htm" "Mozilla/5.0 (iPhone; CPU iPhone OS 7_0_4 like Mac OS X) AppleWebKit/537.51.1 (KHTML, like Gecko) Version/7.0 Mobile/11B554a Safari/9537.53"
80.129.204.171 - - [07/Apr/2014:00:33:16 +0200] "GET /img/dialyse.jpg HTTP/1.1" 200 21241 "http://www.dialyse-in-salzwedel.de/seiten/dialyse.htm" "Mozilla/5.0 (iPhone; CPU iPhone OS 7_0_4 like Mac OS X) AppleWebKit/537.51.1 (KHTML, like Gecko) Version/7.0 Mobile/11B554a Safari/9537.53"
80.129.204.171 - - [07/Apr/2014:00:33:23 +0200] "GET /img/meno04.gif HTTP/1.1" 200 727 "http://www.dialyse-in-salzwedel.de/seiten/dialyse.htm" "Mozilla/5.0 (iPhone; CPU iPhone OS 7_0_4 like Mac OS X) AppleWebKit/537.51.1 (KHTML, like Gecko) Version/7.0 Mobile/11B554a Safari/9537.53"
80.129.204.171 - - [07/Apr/2014:00:33:23 +0200] "GET /seiten/news.php HTTP/1.1" 200 4865 "http://www.dialyse-in-salzwedel.de/seiten/dialyse.htm" "Mozilla/5.0 (iPhone; CPU iPhone OS 7_0_4 like Mac OS X) AppleWebKit/537.51.1 (KHTML, like Gecko) Version/7.0 Mobile/11B554a Safari/9537.53"
80.129.204.171 - - [07/Apr/2014:00:33:24 +0200] "GET /img/meno04.gif HTTP/1.1" 200 727 "http://www.dialyse-in-salzwedel.de/seiten/news.php" "Mozilla/5.0 (iPhone; CPU iPhone OS 7_0_4 like Mac OS X) AppleWebKit/537.51.1 (KHTML, like Gecko) Version/7.0 Mobile/11B554a Safari/9537.53"
80.129.204.171 - - [07/Apr/2014:00:33:26 +0200] "GET /img/meno05.gif HTTP/1.1" 200 788 "http://www.dialyse-in-salzwedel.de/seiten/news.php" "Mozilla/5.0 (iPhone; CPU iPhone OS 7_0_4 like Mac OS X) AppleWebKit/537.51.1 (KHTML, like Gecko) Version/7.0 Mobile/11B554a Safari/9537.53"
80.129.204.171 - - [07/Apr/2014:00:33:26 +0200] "GET /seiten/links.htm HTTP/1.1" 200 5092 "http://www.dialyse-in-salzwedel.de/seiten/news.php" "Mozilla/5.0 (iPhone; CPU iPhone OS 7_0_4 like Mac OS X) AppleWebKit/537.51.1 (KHTML, like Gecko) Version/7.0 Mobile/11B554a Safari/9537.53"
80.129.204.171 - - [07/Apr/2014:00:33:26 +0200] "GET /img/meno05.gif HTTP/1.1" 200 788 "http://www.dialyse-in-salzwedel.de/seiten/links.htm" "Mozilla/5.0 (iPhone; CPU iPhone OS 7_0_4 like Mac OS X) AppleWebKit/537.51.1 (KHTML, like Gecko) Version/7.0 Mobile/11B554a Safari/9537.53"
80.129.204.171 - - [07/Apr/2014:00:33:26 +0200] "GET /img/sites.jpg HTTP/1.1" 200 12916 "http://www.dialyse-in-salzwedel.de/seiten/links.htm" "Mozilla/5.0 (iPhone; CPU iPhone OS 7_0_4 like Mac OS X) AppleWebKit/537.51.1 (KHTML, like Gecko) Version/7.0 Mobile/11B554a Safari/9537.53"
5.255.253.79 - - [07/Apr/2014:00:38:22 +0200] "GET /img/lay02.gif HTTP/1.1" 304 - "-" "Mozilla/5.0 (compatible; YandexImages/3.0; +http://yandex.com/bots)"
5.255.253.79 - - [07/Apr/2014:00:48:29 +0200] "GET /img/men08.gif HTTP/1.1" 304 - "-" "Mozilla/5.0 (compatible; YandexImages/3.0; +http://yandex.com/bots)"
5.255.253.79 - - [07/Apr/2014:00:58:36 +0200] "GET /img/sites.jpg HTTP/1.1" 304 - "-" "Mozilla/5.0 (compatible; YandexImages/3.0; +http://yandex.com/bots)"
5.255.253.79 - - [07/Apr/2014:01:08:43 +0200] "GET /img/men07.gif HTTP/1.1" 304 - "-" "Mozilla/5.0 (compatible; YandexImages/3.0; +http://yandex.com/bots)"
5.255.253.79 - - [07/Apr/2014:01:18:50 +0200] "GET /img/men03.gif HTTP/1.1" 304 - "-" "Mozilla/5.0 (compatible; YandexImages/3.0; +http://yandex.com/bots)"
5.255.253.79 - - [07/Apr/2014:01:28:57 +0200] "GET /img/men06.gif HTTP/1.1" 304 - "-" "Mozilla/5.0 (compatible; YandexImages/3.0; +http://yandex.com/bots)"
5.255.253.79 - - [07/Apr/2014:01:39:04 +0200] "GET /img/1px.gif HTTP/1.1" 304 - "-" "Mozilla/5.0 (compatible; YandexImages/3.0; +http://yandex.com/bots)"
5.255.253.79 - - [07/Apr/2014:01:49:11 +0200] "GET /img/lay01.gif HTTP/1.1" 304 - "-" "Mozilla/5.0 (compatible; YandexImages/3.0; +http://yandex.com/bots)"
5.255.253.79 - - [07/Apr/2014:01:59:18 +0200] "GET /img/meno07.gif HTTP/1.1" 304 - "-" "Mozilla/5.0 (compatible; YandexImages/3.0; +http://yandex.com/bots)"
5.255.253.79 - - [07/Apr/2014:02:06:26 +0200] "GET /img/meno06.gif HTTP/1.1" 304 - "-" "Mozilla/5.0 (compatible; YandexImages/3.0; +http://yandex.com/bots)"
5.164.174.8 - - [07/Apr/2014:05:13:14 +0200] "GET /seiten/links.htm HTTP/1.0" 200 5092 "http://www.dialyse-in-salzwedel.de/seiten/links.htm" "Mozilla/5.0 (Windows NT 6.1; WOW64) AppleWebKit/537.36 (KHTML, like Gecko) Chrome/33.0.1750.146 Safari/537.36"
157.56.92.147 - - [07/Apr/2014:05:41:51 +0200] "GET /robots.txt HTTP/1.1" 404 1256 "-" "Mozilla/5.0 (compatible; bingbot/2.0; +http://www.bing.com/bingbot.htm)"
144.76.95.39 - - [07/Apr/2014:05:50:23 +0200] "GET /robots.txt HTTP/1.0" 404 1256 "-" "Mozilla/5.0 (compatible; MJ12bot/v1.4.4; http://www.majestic12.co.uk/bot.php?+)"
144.76.95.39 - - [07/Apr/2014:05:50:31 +0200] "GET /seiten/dialyse.htm HTTP/1.0" 200 4906 "-" "Mozilla/5.0 (compatible; MJ12bot/v1.4.4; http://www.majestic12.co.uk/bot.php?+)"
144.76.95.39 - - [07/Apr/2014:05:50:37 +0200] "GET /seiten/impressum.htm HTTP/1.0" 200 6907 "-" "Mozilla/5.0 (compatible; MJ12bot/v1.4.4; http://www.majestic12.co.uk/bot.php?+)"
144.76.95.39 - - [07/Apr/2014:05:50:42 +0200] "GET /seiten/kont_form.php HTTP/1.0" 200 6397 "-" "Mozilla/5.0 (compatible; MJ12bot/v1.4.4; http://www.majestic12.co.uk/bot.php?+)"
144.76.95.39 - - [07/Apr/2014:05:50:47 +0200] "GET /seiten/links.htm HTTP/1.0" 200 5092 "-" "Mozilla/5.0 (compatible; MJ12bot/v1.4.4; http://www.majestic12.co.uk/bot.php?+)"
157.56.92.147 - - [07/Apr/2014:05:50:47 +0200] "GET /seiten/start.htm HTTP/1.1" 200 4313 "-" "Mozilla/5.0 (compatible; bingbot/2.0; +http://www.bing.com/bingbot.htm)"
157.55.34.179 - - [07/Apr/2014:05:52:03 +0200] "GET /css/style.css HTTP/1.1" 200 3212 "-" "Mozilla/5.0 (compatible; bingbot/2.0; +http://www.bing.com/bingbot.htm)"
157.55.34.179 - - [07/Apr/2014:05:52:04 +0200] "GET /scripte/basics.js HTTP/1.1" 200 1078 "-" "Mozilla/5.0 (compatible; bingbot/2.0; +http://www.bing.com/bingbot.htm)"
217.69.133.223 - - [07/Apr/2014:07:52:40 +0200] "GET /robots.txt HTTP/1.1" 404 1256 "-" "Mozilla/5.0 (compatible; Linux x86_64; Mail.RU_Bot/2.0; +http://go.mail.ru/help/robots)"
217.69.133.225 - - [07/Apr/2014:07:52:41 +0200] "GET /seiten/kont_form.php HTTP/1.1" 200 6397 "-" "Mozilla/5.0 (compatible; Linux x86_64; Mail.RU_Bot/2.0; +http://go.mail.ru/help/robots)"
66.249.67.96 - - [07/Apr/2014:08:07:11 +0200] "GET /robots.txt HTTP/1.1" 404 1256 "-" "Mozilla/5.0 (compatible; Googlebot/2.1; +http://www.google.com/bot.html)"
66.249.67.96 - - [07/Apr/2014:08:07:11 +0200] "GET /seiten/dialyse.htm HTTP/1.1" 304 - "-" "SAMSUNG-SGH-E250/1.0 Profile/MIDP-2.0 Configuration/CLDC-1.1 UP.Browser/6.2.3.3.c.1.101 (GUI) MMP/2.0 (compatible; Googlebot-Mobile/2.1; +http://www.google.com/bot.html)"
5.157.36.234 - - [07/Apr/2014:09:53:16 +0200] "GET /seiten/links.htm HTTP/1.1" 200 5092 "http://www.dialyse-in-salzwedel.de/seiten/links.htm" "Mozilla/5.0 (Windows; U; Windows NT 5.1; pl; rv:1.9.1.3) Gecko/20090824 Firefox/3.5.3"
208.115.113.92 - - [07/Apr/2014:10:14:00 +0200] "GET /robots.txt HTTP/1.1" 404 1256 "-" "Mozilla/5.0 (compatible; Ezooms/1.0; help@moz.com)"
