109.45.1.56 - - [28/Mar/2014:11:37:23 +0100] "GET /img/men07.gif HTTP/1.1" 304 - "http://www.dialyse-in-salzwedel.de/seiten/kontakt.htm" "Mozilla/5.0 (iPhone; CPU iPhone OS 6_1_3 like Mac OS X) AppleWebKit/536.26 (KHTML, like Gecko) Version/6.0 Mobile/10B329 Safari/8536.25"
109.45.1.56 - - [28/Mar/2014:11:37:23 +0100] "GET /img/1px.gif HTTP/1.1" 304 - "http://www.dialyse-in-salzwedel.de/seiten/kontakt.htm" "Mozilla/5.0 (iPhone; CPU iPhone OS 6_1_3 like Mac OS X) AppleWebKit/536.26 (KHTML, like Gecko) Version/6.0 Mobile/10B329 Safari/8536.25"
109.45.1.56 - - [28/Mar/2014:11:37:23 +0100] "GET /img/lay02.gif HTTP/1.1" 304 - "http://www.dialyse-in-salzwedel.de/seiten/kontakt.htm" "Mozilla/5.0 (iPhone; CPU iPhone OS 6_1_3 like Mac OS X) AppleWebKit/536.26 (KHTML, like Gecko) Version/6.0 Mobile/10B329 Safari/8536.25"
109.45.1.56 - - [28/Mar/2014:11:37:23 +0100] "GET /img/men02.gif HTTP/1.1" 304 - "http://www.dialyse-in-salzwedel.de/seiten/kontakt.htm" "Mozilla/5.0 (iPhone; CPU iPhone OS 6_1_3 like Mac OS X) AppleWebKit/536.26 (KHTML, like Gecko) Version/6.0 Mobile/10B329 Safari/8536.25"
109.45.1.56 - - [28/Mar/2014:11:37:23 +0100] "GET /img/lay03.gif HTTP/1.1" 304 - "http://www.dialyse-in-salzwedel.de/seiten/kontakt.htm" "Mozilla/5.0 (iPhone; CPU iPhone OS 6_1_3 like Mac OS X) AppleWebKit/536.26 (KHTML, like Gecko) Version/6.0 Mobile/10B329 Safari/8536.25"
109.45.1.56 - - [28/Mar/2014:11:37:23 +0100] "GET /img/lay04.gif HTTP/1.1" 304 - "http://www.dialyse-in-salzwedel.de/seiten/kontakt.htm" "Mozilla/5.0 (iPhone; CPU iPhone OS 6_1_3 like Mac OS X) AppleWebKit/536.26 (KHTML, like Gecko) Version/6.0 Mobile/10B329 Safari/8536.25"
109.45.1.56 - - [28/Mar/2014:11:37:23 +0100] "GET /img/bg01.gif HTTP/1.1" 304 - "http://www.dialyse-in-salzwedel.de/seiten/kontakt.htm" "Mozilla/5.0 (iPhone; CPU iPhone OS 6_1_3 like Mac OS X) AppleWebKit/536.26 (KHTML, like Gecko) Version/6.0 Mobile/10B329 Safari/8536.25"
109.45.1.56 - - [28/Mar/2014:11:37:24 +0100] "GET /img/bg04.gif HTTP/1.1" 304 - "http://www.dialyse-in-salzwedel.de/seiten/kontakt.htm" "Mozilla/5.0 (iPhone; CPU iPhone OS 6_1_3 like Mac OS X) AppleWebKit/536.26 (KHTML, like Gecko) Version/6.0 Mobile/10B329 Safari/8536.25"
109.45.1.56 - - [28/Mar/2014:11:37:25 +0100] "GET /img/bg03.gif HTTP/1.1" 304 - "http://www.dialyse-in-salzwedel.de/seiten/kontakt.htm" "Mozilla/5.0 (iPhone; CPU iPhone OS 6_1_3 like Mac OS X) AppleWebKit/536.26 (KHTML, like Gecko) Version/6.0 Mobile/10B329 Safari/8536.25"
220.181.108.123 - - [28/Mar/2014:11:46:16 +0100] "GET / HTTP/1.1" 200 2301 "-" "Mozilla/5.0 (compatible; Baiduspider/2.0; +http://www.baidu.com/search/spider.html)"
193.150.120.33 - - [28/Mar/2014:11:48:00 +0100] "GET /seiten/start.htm HTTP/1.1" 200 4313 "http://www.sportbetfair.com/" "Mozilla/4.0 (compatible; MSIE 5.5; Windows NT 4.0; .NET CLR 1.0.2914)"
193.150.120.33 - - [28/Mar/2014:11:48:01 +0100] "GET /seiten/start.htm HTTP/1.1" 200 4313 "http://www.sportbetfair.com/" "Mozilla/4.0 (compatible; MSIE 5.5; Windows NT 4.0; .NET CLR 1.0.2914)"
193.150.120.33 - - [28/Mar/2014:11:48:01 +0100] "GET /seiten/start.htm HTTP/1.1" 200 4313 "http://www.sportbetfair.com/" "Mozilla/4.0 (compatible; MSIE 5.5; Windows NT 4.0; .NET CLR 1.0.2914)"
109.45.1.56 - - [28/Mar/2014:11:55:58 +0100] "GET /seiten/start.htm HTTP/1.1" 304 - "http://www.dialyse-in-salzwedel.de/" "Mozilla/5.0 (iPhone; CPU iPhone OS 6_1_3 like Mac OS X) AppleWebKit/536.26 (KHTML, like Gecko) Version/6.0 Mobile/10B329 Safari/8536.25"
109.45.1.56 - - [28/Mar/2014:11:55:58 +0100] "GET /img/men08.gif HTTP/1.1" 304 - "http://www.dialyse-in-salzwedel.de/seiten/start.htm" "Mozilla/5.0 (iPhone; CPU iPhone OS 6_1_3 like Mac OS X) AppleWebKit/536.26 (KHTML, like Gecko) Version/6.0 Mobile/10B329 Safari/8536.25"
5.248.80.107 - - [28/Mar/2014:12:11:51 +0100] "GET /seiten/start.htm HTTP/1.1" 200 4313 "http://pornotubexxx.name/" "Mozilla/4.0 (compatible; MSIE 5.5; Windows 95)"
5.248.80.107 - - [28/Mar/2014:12:11:54 +0100] "GET /seiten/start.htm HTTP/1.1" 200 4313 "http://pornotubexxx.name/" "Mozilla/4.0 (compatible; MSIE 5.5; Windows 95)"
5.248.80.107 - - [28/Mar/2014:12:11:55 +0100] "GET /seiten/start.htm HTTP/1.1" 200 4313 "http://pornotubexxx.name/" "Mozilla/4.0 (compatible; MSIE 5.5; Windows 95)"
193.150.120.33 - - [28/Mar/2014:12:26:27 +0100] "GET /seiten/start.htm HTTP/1.1" 200 4313 "http://vostgard.com/" "Mozilla/4.0 (compatible; MSIE 5.5; Windows 95; BCD2000)"
193.150.120.33 - - [28/Mar/2014:12:26:27 +0100] "GET /seiten/start.htm HTTP/1.1" 200 4313 "http://vostgard.com/" "Mozilla/4.0 (compatible; MSIE 5.5; Windows 95; BCD2000)"
193.150.120.33 - - [28/Mar/2014:12:26:28 +0100] "GET /seiten/start.htm HTTP/1.1" 200 4313 "http://vostgard.com/" "Mozilla/4.0 (compatible; MSIE 5.5; Windows 95; BCD2000)"
157.55.34.177 - - [28/Mar/2014:13:43:55 +0100] "GET /seiten/impressum.htm HTTP/1.1" 200 6907 "-" "Mozilla/5.0 (compatible; bingbot/2.0; +http://www.bing.com/bingbot.htm)"
220.181.108.120 - - [28/Mar/2014:17:13:03 +0100] "GET / HTTP/1.1" 200 2301 "-" "Mozilla/5.0 (compatible; Baiduspider/2.0; +http://www.baidu.com/search/spider.html)"
92.249.127.111 - - [28/Mar/2014:19:55:12 +0100] "GET /seiten/start.htm HTTP/1.1" 200 4313 "http://doska-vsem.ru/" "Opera/9.0 (Windows NT 5.1; U; en)"
92.249.127.111 - - [28/Mar/2014:19:55:12 +0100] "GET /seiten/start.htm HTTP/1.1" 200 4313 "http://doska-vsem.ru/" "Opera/9.0 (Windows NT 5.1; U; en)"
92.249.127.111 - - [28/Mar/2014:19:55:13 +0100] "GET /seiten/start.htm HTTP/1.1" 200 4313 "http://doska-vsem.ru/" "Opera/9.0 (Windows NT 5.1; U; en)"
217.69.133.226 - - [28/Mar/2014:20:31:32 +0100] "GET /robots.txt HTTP/1.1" 404 1256 "-" "Mozilla/5.0 (compatible; Linux x86_64; Mail.RU_Bot/2.0; +http://go.mail.ru/help/robots)"
217.69.133.220 - - [28/Mar/2014:20:31:34 +0100] "GET /seiten/kont_form.php HTTP/1.1" 200 6397 "-" "Mozilla/5.0 (compatible; Linux x86_64; Mail.RU_Bot/2.0; +http://go.mail.ru/help/robots)"
46.118.119.133 - - [28/Mar/2014:22:46:31 +0100] "GET /seiten/start.htm HTTP/1.1" 200 4313 "http://pgs-rb.ru/" "Mozilla/4.0 (compatible; MSIE 6.0; Windows NT) ::ELNSB50::000061100320025802a00111000000000507000900000000"
46.118.119.133 - - [28/Mar/2014:22:46:33 +0100] "GET /seiten/start.htm HTTP/1.1" 200 4313 "http://pgs-rb.ru/" "Mozilla/4.0 (compatible; MSIE 6.0; Windows NT) ::ELNSB50::000061100320025802a00111000000000507000900000000"
46.118.119.133 - - [28/Mar/2014:22:46:34 +0100] "GET /seiten/start.htm HTTP/1.1" 200 4313 "http://pgs-rb.ru/" "Mozilla/4.0 (compatible; MSIE 6.0; Windows NT) ::ELNSB50::000061100320025802a00111000000000507000900000000"
66.249.79.96 - - [29/Mar/2014:00:33:37 +0100] "GET /robots.txt HTTP/1.1" 404 1256 "-" "Mozilla/5.0 (compatible; Googlebot/2.1; +http://www.google.com/bot.html)"
66.249.79.96 - - [29/Mar/2014:00:33:37 +0100] "GET /seiten/start.htm HTTP/1.1" 304 - "-" "Mozilla/5.0 (compatible; Googlebot/2.1; +http://www.google.com/bot.html)"
66.249.79.96 - - [29/Mar/2014:02:26:34 +0100] "GET / HTTP/1.1" 200 2301 "-" "Mozilla/5.0 (compatible; Googlebot/2.1; +http://www.google.com/bot.html)"
66.249.79.160 - - [29/Mar/2014:02:32:58 +0100] "GET /seiten/start.htm HTTP/1.1" 200 4313 "-" "Mozilla/5.0 (compatible; Googlebot/2.1; +http://www.google.com/bot.html)"
66.249.79.96 - - [29/Mar/2014:02:33:57 +0100] "GET /css/style.css HTTP/1.1" 200 3212 "http://www.dialyse-in-salzwedel.de/" "Mozilla/5.0 (compatible; Googlebot/2.1; +http://www.google.com/bot.html)"
46.118.119.133 - - [29/Mar/2014:04:05:33 +0100] "GET /seiten/start.htm HTTP/1.1" 200 4313 "http://mmoguider.ru/" "Mozilla/4.0 (compatible; MSIE 6.0; Windows NT 5.1)"
46.118.119.133 - - [29/Mar/2014:04:05:34 +0100] "GET /seiten/start.htm HTTP/1.1" 200 4313 "http://mmoguider.ru/" "Mozilla/4.0 (compatible; MSIE 6.0; Windows NT 5.1)"
46.118.119.133 - - [29/Mar/2014:04:05:35 +0100] "GET /seiten/start.htm HTTP/1.1" 200 4313 "http://mmoguider.ru/" "Mozilla/4.0 (compatible; MSIE 6.0; Windows NT 5.1)"
66.249.74.21 - - [29/Mar/2014:06:12:33 +0100] "GET /seiten/start.htm HTTP/1.1" 304 - "-" "DoCoMo/2.0 N905i(c100;TB;W24H16) (compatible; Googlebot-Mobile/2.1; +http://www.google.com/bot.html)"
81.144.138.34 - - [29/Mar/2014:06:12:37 +0100] "GET /robots.txt HTTP/1.1" 404 1256 "-" "Wotbox/2.01 (+http://www.wotbox.com/bot/)"
81.144.138.34 - - [29/Mar/2014:06:12:50 +0100] "GET / HTTP/1.1" 200 2301 "-" "Wotbox/2.01 (+http://www.wotbox.com/bot/)"
81.144.138.34 - - [29/Mar/2014:06:12:58 +0100] "GET /seiten/start.htm HTTP/1.1" 200 4313 "-" "Wotbox/2.01 (+http://www.wotbox.com/bot/)"
81.144.138.34 - - [29/Mar/2014:06:13:06 +0100] "GET /seiten/praxis.htm HTTP/1.1" 200 5018 "-" "Wotbox/2.01 (+http://www.wotbox.com/bot/)"
81.144.138.34 - - [29/Mar/2014:06:13:13 +0100] "GET /seiten/leistungen.htm HTTP/1.1" 200 5060 "-" "Wotbox/2.01 (+http://www.wotbox.com/bot/)"
81.144.138.34 - - [29/Mar/2014:06:13:24 +0100] "GET /seiten/dialyse.htm HTTP/1.1" 200 4906 "-" "Wotbox/2.01 (+http://www.wotbox.com/bot/)"
81.144.138.34 - - [29/Mar/2014:06:13:33 +0100] "GET /seiten/news.php HTTP/1.1" 200 4865 "-" "Wotbox/2.01 (+http://www.wotbox.com/bot/)"
81.144.138.34 - - [29/Mar/2014:06:13:44 +0100] "GET /seiten/links.htm HTTP/1.1" 200 5092 "-" "Wotbox/2.01 (+http://www.wotbox.com/bot/)"
81.144.138.34 - - [29/Mar/2014:06:13:50 +0100] "GET /seiten/kontakt.htm HTTP/1.1" 200 5472 "-" "Wotbox/2.01 (+http://www.wotbox.com/bot/)"
81.144.138.34 - - [29/Mar/2014:06:14:06 +0100] "GET /seiten/impressum.htm HTTP/1.1" 200 6907 "-" "Wotbox/2.01 (+http://www.wotbox.com/bot/)"
81.144.138.34 - - [29/Mar/2014:06:14:17 +0100] "GET /seiten/kont_form.php HTTP/1.1" 200 6397 "-" "Wotbox/2.01 (+http://www.wotbox.com/bot/)"
81.144.138.34 - - [29/Mar/2014:06:14:27 +0100] "GET /seiten/function.include HTTP/1.1" 404 1256 "-" "Wotbox/2.01 (+http://www.wotbox.com/bot/)"
141.8.147.12 - - [29/Mar/2014:07:11:13 +0100] "GET /robots.txt HTTP/1.1" 404 1256 "-" "Mozilla/5.0 (compatible; YandexBot/3.0; +http://yandex.com/bots)"
141.8.147.12 - - [29/Mar/2014:07:11:15 +0100] "GET /img/men05.gif HTTP/1.1" 200 1042 "-" "Mozilla/5.0 (compatible; YandexImages/3.0; +http://yandex.com/bots)"
141.8.147.12 - - [29/Mar/2014:07:20:49 +0100] "GET /img/men06.gif HTTP/1.1" 200 904 "-" "Mozilla/5.0 (compatible; YandexImages/3.0; +http://yandex.com/bots)"
141.8.147.12 - - [29/Mar/2014:07:59:05 +0100] "GET /img/men08.gif HTTP/1.1" 200 1069 "-" "Mozilla/5.0 (compatible; YandexImages/3.0; +http://yandex.com/bots)"
66.249.79.128 - - [29/Mar/2014:08:08:23 +0100] "GET /seiten/start.htm HTTP/1.1" 304 - "-" "SAMSUNG-SGH-E250/1.0 Profile/MIDP-2.0 Configuration/CLDC-1.1 UP.Browser/6.2.3.3.c.1.101 (GUI) MMP/2.0 (compatible; Googlebot-Mobile/2.1; +http://www.google.com/bot.html)"
141.8.147.12 - - [29/Mar/2014:08:09:02 +0100] "GET /img/meno07.gif HTTP/1.1" 200 1052 "-" "Mozilla/5.0 (compatible; YandexImages/3.0; +http://yandex.com/bots)"
141.8.147.12 - - [29/Mar/2014:08:15:52 +0100] "GET /img/men04.gif HTTP/1.1" 200 1234 "-" "Mozilla/5.0 (compatible; YandexImages/3.0; +http://yandex.com/bots)"
141.8.147.12 - - [29/Mar/2014:08:24:10 +0100] "GET /img/men07.gif HTTP/1.1" 200 893 "-" "Mozilla/5.0 (compatible; YandexImages/3.0; +http://yandex.com/bots)"
141.8.147.12 - - [29/Mar/2014:08:25:28 +0100] "GET /img/meno06.gif HTTP/1.1" 200 1054 "-" "Mozilla/5.0 (compatible; YandexImages/3.0; +http://yandex.com/bots)"
141.8.147.12 - - [29/Mar/2014:08:33:49 +0100] "GET /img/1px.gif HTTP/1.1" 200 43 "-" "Mozilla/5.0 (compatible; YandexImages/3.0; +http://yandex.com/bots)"
141.8.147.12 - - [29/Mar/2014:08:43:33 +0100] "GET /img/meno03.gif HTTP/1.1" 200 931 "-" "Mozilla/5.0 (compatible; YandexImages/3.0; +http://yandex.com/bots)"
141.8.147.12 - - [29/Mar/2014:09:07:40 +0100] "GET /img/men02.gif HTTP/1.1" 200 758 "-" "Mozilla/5.0 (compatible; YandexImages/3.0; +http://yandex.com/bots)"
141.8.147.12 - - [29/Mar/2014:09:45:36 +0100] "GET /img/lay02.gif HTTP/1.1" 200 153 "-" "Mozilla/5.0 (compatible; YandexImages/3.0; +http://yandex.com/bots)"
141.8.147.12 - - [29/Mar/2014:09:49:42 +0100] "GET /img/meno02.gif HTTP/1.1" 200 1200 "-" "Mozilla/5.0 (compatible; YandexImages/3.0; +http://yandex.com/bots)"
141.8.147.12 - - [29/Mar/2014:10:48:19 +0100] "GET /img/meno05.gif HTTP/1.1" 200 788 "-" "Mozilla/5.0 (compatible; YandexImages/3.0; +http://yandex.com/bots)"
141.8.147.12 - - [29/Mar/2014:10:58:01 +0100] "GET /img/men01.gif HTTP/1.1" 200 702 "-" "Mozilla/5.0 (compatible; YandexImages/3.0; +http://yandex.com/bots)"
141.8.147.12 - - [29/Mar/2014:11:05:19 +0100] "GET /img/lay01.gif HTTP/1.1" 200 149 "-" "Mozilla/5.0 (compatible; YandexImages/3.0; +http://yandex.com/bots)"
141.8.147.12 - - [29/Mar/2014:11:08:13 +0100] "GET /img/men09.gif HTTP/1.1" 200 1200 "-" "Mozilla/5.0 (compatible; YandexImages/3.0; +http://yandex.com/bots)"
141.8.147.12 - - [29/Mar/2014:11:20:07 +0100] "GET /img/meno04.gif HTTP/1.1" 200 727 "-" "Mozilla/5.0 (compatible; YandexImages/3.0; +http://yandex.com/bots)"
141.8.147.12 - - [29/Mar/2014:11:40:34 +0100] "GET /img/meno01.gif HTTP/1.1" 200 938 "-" "Mozilla/5.0 (compatible; YandexImages/3.0; +http://yandex.com/bots)"
141.8.147.12 - - [29/Mar/2014:11:44:58 +0100] "GET /img/men03.gif HTTP/1.1" 200 999 "-" "Mozilla/5.0 (compatible; YandexImages/3.0; +http://yandex.com/bots)"
208.113.208.159 - - [29/Mar/2014:12:21:25 +0100] "GET /img/dialyse.jpg HTTP/1.1" 200 21241 "-" "-"
220.181.108.120 - - [29/Mar/2014:12:22:38 +0100] "GET / HTTP/1.1" 200 2301 "-" "Mozilla/5.0 (compatible; Baiduspider/2.0; +http://www.baidu.com/search/spider.html)"
46.118.112.15 - - [29/Mar/2014:13:16:51 +0100] "GET /seiten/start.htm HTTP/1.1" 200 4313 "http://darkbooks.org/" "Mozilla/5.0 (Windows NT 5.1; U; en) Opera 8.00"
46.118.112.15 - - [29/Mar/2014:13:16:52 +0100] "GET /seiten/start.htm HTTP/1.1" 200 4313 "http://darkbooks.org/" "Mozilla/5.0 (Windows NT 5.1; U; en) Opera 8.00"
46.118.112.15 - - [29/Mar/2014:13:16:52 +0100] "GET /seiten/start.htm HTTP/1.1" 200 4313 "http://darkbooks.org/" "Mozilla/5.0 (Windows NT 5.1; U; en) Opera 8.00"
193.150.120.33 - - [29/Mar/2014:14:54:36 +0100] "GET /seiten/start.htm HTTP/1.1" 200 4313 "http://intercorp.hk/" "Mozilla/4.0 (compatible; MSIE 6.0; Update a; AOL 6.0; Windows 98)"
193.150.120.33 - - [29/Mar/2014:14:54:37 +0100] "GET /seiten/start.htm HTTP/1.1" 200 4313 "http://intercorp.hk/" "Mozilla/4.0 (compatible; MSIE 6.0; Update a; AOL 6.0; Windows 98)"
193.150.120.33 - - [29/Mar/2014:14:54:37 +0100] "GET /seiten/start.htm HTTP/1.1" 200 4313 "http://intercorp.hk/" "Mozilla/4.0 (compatible; MSIE 6.0; Update a; AOL 6.0; Windows 98)"
66.249.78.91 - - [29/Mar/2014:17:58:49 +0100] "GET /robots.txt HTTP/1.1" 404 1256 "-" "Mozilla/5.0 (compatible; Googlebot/2.1; +http://www.google.com/bot.html)"
66.249.78.91 - - [29/Mar/2014:17:58:49 +0100] "GET /seiten/start.htm HTTP/1.1" 304 - "-" "Mozilla/5.0 (iPhone; CPU iPhone OS 6_0 like Mac OS X) AppleWebKit/536.26 (KHTML, like Gecko) Version/6.0 Mobile/10A5376e Safari/8536.25 (compatible; Googlebot/2.1; +http://www.google.com/bot.html)"
193.150.120.33 - - [29/Mar/2014:21:46:06 +0100] "GET /seiten/start.htm HTTP/1.1" 200 4313 "http://blogpic.ru/" "Mozilla/4.0 (compatible; MSIE 6.0; Update a; AOL 6.0; Windows 98)"
193.150.120.33 - - [29/Mar/2014:21:46:07 +0100] "GET /seiten/start.htm HTTP/1.1" 200 4313 "http://blogpic.ru/" "Mozilla/4.0 (compatible; MSIE 6.0; Update a; AOL 6.0; Windows 98)"
193.150.120.33 - - [29/Mar/2014:21:46:07 +0100] "GET /seiten/start.htm HTTP/1.1" 200 4313 "http://blogpic.ru/" "Mozilla/4.0 (compatible; MSIE 6.0; Update a; AOL 6.0; Windows 98)"
92.249.127.111 - - [29/Mar/2014:22:11:16 +0100] "GET /seiten/start.htm HTTP/1.1" 200 4313 "http://www.socioforum.su/" "Mozilla/4.0 (compatible; MSIE 6.0; Windows NT 5.2; Win64; AMD64)"
92.249.127.111 - - [29/Mar/2014:22:11:16 +0100] "GET /seiten/start.htm HTTP/1.1" 200 4313 "http://www.socioforum.su/" "Mozilla/4.0 (compatible; MSIE 6.0; Windows NT 5.2; Win64; AMD64)"
92.249.127.111 - - [29/Mar/2014:22:11:17 +0100] "GET /seiten/start.htm HTTP/1.1" 200 4313 "http://www.socioforum.su/" "Mozilla/4.0 (compatible; MSIE 6.0; Windows NT 5.2; Win64; AMD64)"
62.212.73.211 - - [29/Mar/2014:22:58:02 +0100] "GET /robots.txt HTTP/1.0" 404 1256 "-" "Mozilla/5.0 (compatible; MJ12bot/v1.4.4; http://www.majestic12.co.uk/bot.php?+)"
62.212.73.211 - - [29/Mar/2014:22:58:05 +0100] "GET / HTTP/1.0" 200 2301 "-" "Mozilla/5.0 (compatible; MJ12bot/v1.4.4; http://www.majestic12.co.uk/bot.php?+)"
5.248.80.107 - - [29/Mar/2014:23:53:06 +0100] "GET /seiten/start.htm HTTP/1.1" 200 4313 "http://mex-annushka.ru/" "Mozilla/6.0 (compatible; MSIE 7.0a1; Windows NT 5.2; SV1)"
5.248.80.107 - - [29/Mar/2014:23:53:07 +0100] "GET /seiten/start.htm HTTP/1.1" 200 4313 "http://mex-annushka.ru/" "Mozilla/6.0 (compatible; MSIE 7.0a1; Windows NT 5.2; SV1)"
5.248.80.107 - - [29/Mar/2014:23:53:07 +0100] "GET /seiten/start.htm HTTP/1.1" 200 4313 "http://mex-annushka.ru/" "Mozilla/6.0 (compatible; MSIE 7.0a1; Windows NT 5.2; SV1)"
82.193.99.33 - - [30/Mar/2014:00:29:36 +0100] "GET /seiten/start.htm HTTP/1.1" 200 4313 "http://youdesigner.kz/" "Mozilla/4.0 (compatible; MSIE 6.0; Windows NT 5.0; T312461)"
82.193.99.33 - - [30/Mar/2014:00:29:36 +0100] "GET /seiten/start.htm HTTP/1.1" 200 4313 "http://youdesigner.kz/" "Mozilla/4.0 (compatible; MSIE 6.0; Windows NT 5.0; T312461)"
82.193.99.33 - - [30/Mar/2014:00:29:37 +0100] "GET /seiten/start.htm HTTP/1.1" 200 4313 "http://youdesigner.kz/" "Mozilla/4.0 (compatible; MSIE 6.0; Windows NT 5.0; T312461)"
157.55.35.114 - - [30/Mar/2014:00:51:16 +0100] "GET /robots.txt HTTP/1.1" 404 1256 "-" "Mozilla/5.0 (compatible; bingbot/2.0; +http://www.bing.com/bingbot.htm)"
157.55.35.114 - - [30/Mar/2014:01:01:31 +0100] "GET /seiten/dialyse.htm HTTP/1.1" 200 4906 "-" "Mozilla/5.0 (compatible; bingbot/2.0; +http://www.bing.com/bingbot.htm)"
199.30.20.2 - - [30/Mar/2014:03:58:53 +0200] "GET /robots.txt HTTP/1.1" 404 1256 "-" "msnbot-media/1.1 (+http://search.msn.com/msnbot.htm)"
199.30.20.2 - - [30/Mar/2014:03:58:53 +0200] "GET /img/lay04.gif HTTP/1.1" 200 272 "-" "msnbot-media/1.1 (+http://search.msn.com/msnbot.htm)"
66.249.76.33 - - [30/Mar/2014:04:06:55 +0200] "GET / HTTP/1.1" 200 2301 "-" "DoCoMo/2.0 N905i(c100;TB;W24H16) (compatible; Googlebot-Mobile/2.1; +http://www.google.com/bot.html)"
66.249.76.33 - - [30/Mar/2014:04:11:07 +0200] "GET / HTTP/1.1" 200 2301 "-" "Mozilla/5.0 (iPhone; CPU iPhone OS 6_0 like Mac OS X) AppleWebKit/536.26 (KHTML, like Gecko) Version/6.0 Mobile/10A5376e Safari/8536.25 (compatible; Googlebot/2.1; +http://www.google.com/bot.html)"
66.249.78.91 - - [30/Mar/2014:04:16:52 +0200] "GET /seiten/start.htm HTTP/1.1" 200 4313 "-" "Mozilla/5.0 (iPhone; CPU iPhone OS 6_0 like Mac OS X) AppleWebKit/536.26 (KHTML, like Gecko) Version/6.0 Mobile/10A5376e Safari/8536.25 (compatible; Googlebot/2.1; +http://www.google.com/bot.html)"
157.55.35.114 - - [30/Mar/2014:05:59:17 +0200] "GET / HTTP/1.1" 200 2301 "-" "Mozilla/5.0 (compatible; bingbot/2.0; +http://www.bing.com/bingbot.htm)"
157.55.35.38 - - [30/Mar/2014:05:59:55 +0200] "GET /scripte/basics.js HTTP/1.1" 200 1078 "-" "Mozilla/5.0 (compatible; bingbot/2.0; +http://www.bing.com/bingbot.htm)"
157.55.34.179 - - [30/Mar/2014:06:01:31 +0200] "GET /seiten/start.htm HTTP/1.1" 200 4313 "-" "Mozilla/5.0 (compatible; bingbot/2.0; +http://www.bing.com/bingbot.htm)"
220.181.108.117 - - [30/Mar/2014:06:39:30 +0200] "GET / HTTP/1.1" 200 2301 "-" "Mozilla/5.0 (compatible; Baiduspider/2.0; +http://www.baidu.com/search/spider.html)"
109.120.157.179 - - [30/Mar/2014:07:04:54 +0200] "GET /seiten/start.htm HTTP/1.1" 200 4313 "http://ua-company.ru/" "Mozilla/5.0 (compatible; Add Catalog/2.1;)"
109.120.157.179 - - [30/Mar/2014:07:04:54 +0200] "GET /seiten/start.htm HTTP/1.1" 200 4313 "http://ua-company.ru/" "Mozilla/5.0 (compatible; Add Catalog/2.1;)"
46.118.112.15 - - [30/Mar/2014:07:38:25 +0200] "GET /seiten/start.htm HTTP/1.1" 200 4313 "http://www.padarunak.ru/" "Mozilla/3.0 (x86 [en] Windows NT 5.1; Sun)"
46.118.112.15 - - [30/Mar/2014:07:38:25 +0200] "GET /seiten/start.htm HTTP/1.1" 200 4313 "http://www.padarunak.ru/" "Mozilla/3.0 (x86 [en] Windows NT 5.1; Sun)"
46.118.112.15 - - [30/Mar/2014:07:38:25 +0200] "GET /seiten/start.htm HTTP/1.1" 200 4313 "http://www.padarunak.ru/" "Mozilla/3.0 (x86 [en] Windows NT 5.1; Sun)"
195.242.218.133 - - [30/Mar/2014:08:18:49 +0200] "GET /seiten/start.htm HTTP/1.1" 200 4313 "http://look-dieta.ru/" "Mozilla/4.0 (compatible; MSIE 6.0; Windows NT 5.2; Win64; AMD64)"
195.242.218.133 - - [30/Mar/2014:08:18:49 +0200] "GET /seiten/start.htm HTTP/1.1" 200 4313 "http://look-dieta.ru/" "Mozilla/4.0 (compatible; MSIE 6.0; Windows NT 5.2; Win64; AMD64)"
195.242.218.133 - - [30/Mar/2014:08:18:50 +0200] "GET /seiten/start.htm HTTP/1.1" 200 4313 "http://look-dieta.ru/" "Mozilla/4.0 (compatible; MSIE 6.0; Windows NT 5.2; Win64; AMD64)"
208.115.113.92 - - [30/Mar/2014:10:09:16 +0200] "GET /robots.txt HTTP/1.1" 404 1256 "-" "Mozilla/5.0 (compatible; Ezooms/1.0; help@moz.com)"
208.115.113.92 - - [30/Mar/2014:12:27:34 +0200] "GET /seiten/news.php HTTP/1.1" 200 4865 "-" "Mozilla/5.0 (compatible; Ezooms/1.0; help@moz.com)"
5.248.80.107 - - [30/Mar/2014:13:43:46 +0200] "GET /seiten/start.htm HTTP/1.1" 200 4313 "http://banan.tv/" "Mozilla/4.0 (compatible; MSIE 7.0b; Windows NT 6.0 ; .NET CLR 2.0.50215; SL Commerce Client v1.0; Tablet PC 2.0"
5.248.80.107 - - [30/Mar/2014:13:43:46 +0200] "GET /seiten/start.htm HTTP/1.1" 200 4313 "http://banan.tv/" "Mozilla/4.0 (compatible; MSIE 7.0b; Windows NT 6.0 ; .NET CLR 2.0.50215; SL Commerce Client v1.0; Tablet PC 2.0"
5.248.80.107 - - [30/Mar/2014:13:43:47 +0200] "GET /seiten/start.htm HTTP/1.1" 200 4313 "http://banan.tv/" "Mozilla/4.0 (compatible; MSIE 7.0b; Windows NT 6.0 ; .NET CLR 2.0.50215; SL Commerce Client v1.0; Tablet PC 2.0"
208.115.113.82 - - [30/Mar/2014:16:16:06 +0200] "GET /robots.txt HTTP/1.1" 404 1256 "-" "Mozilla/5.0 (compatible; Ezooms/1.0; help@moz.com)"
199.30.20.1 - - [30/Mar/2014:18:11:39 +0200] "GET /robots.txt HTTP/1.1" 404 1256 "-" "msnbot-media/1.1 (+http://search.msn.com/msnbot.htm)"
199.30.20.1 - - [30/Mar/2014:18:11:39 +0200] "GET /img/lay04.gif HTTP/1.1" 200 272 "-" "msnbot-media/1.1 (+http://search.msn.com/msnbot.htm)"
208.115.113.82 - - [30/Mar/2014:18:19:59 +0200] "GET /seiten/links.htm HTTP/1.1" 200 5092 "-" "Mozilla/5.0 (compatible; Ezooms/1.0; help@moz.com)"
66.249.78.91 - - [30/Mar/2014:18:28:26 +0200] "GET /robots.txt HTTP/1.1" 404 1256 "-" "Mozilla/5.0 (compatible; Googlebot/2.1; +http://www.google.com/bot.html)"
66.249.76.33 - - [30/Mar/2014:18:28:26 +0200] "GET /seiten/kontakt.htm HTTP/1.1" 200 5472 "-" "DoCoMo/2.0 N905i(c100;TB;W24H16) (compatible; Googlebot-Mobile/2.1; +http://www.google.com/bot.html)"
46.118.112.15 - - [30/Mar/2014:19:36:09 +0200] "GET /seiten/start.htm HTTP/1.1" 200 4313 "http://sbornik-zakonov.ru/" "Mozilla/4.0 (compatible; MSIE 5.0; Windows 2000) Opera 6.0 [en]"
46.118.112.15 - - [30/Mar/2014:19:36:10 +0200] "GET /seiten/start.htm HTTP/1.1" 200 4313 "http://sbornik-zakonov.ru/" "Mozilla/4.0 (compatible; MSIE 5.0; Windows 2000) Opera 6.0 [en]"
46.118.112.15 - - [30/Mar/2014:19:36:10 +0200] "GET /seiten/start.htm HTTP/1.1" 200 4313 "http://sbornik-zakonov.ru/" "Mozilla/4.0 (compatible; MSIE 5.0; Windows 2000) Opera 6.0 [en]"
207.241.226.217 - - [30/Mar/2014:20:30:56 +0200] "GET /robots.txt HTTP/1.1" 404 1256 "-" "Mozilla/5.0 (compatible; archive.org_bot; Wayback Machine Live Record; +http://archive.org/details/archive.org_bot)"
220.181.108.110 - - [30/Mar/2014:20:36:33 +0200] "GET / HTTP/1.1" 200 2301 "-" "Mozilla/5.0 (compatible; Baiduspider/2.0; +http://www.baidu.com/search/spider.html)"
123.125.71.32 - - [30/Mar/2014:20:39:53 +0200] "GET / HTTP/1.1" 200 2301 "-" "Mozilla/5.0 (compatible; Baiduspider/2.0; +http://www.baidu.com/search/spider.html)"
157.55.34.103 - - [30/Mar/2014:22:16:20 +0200] "GET /robots.txt HTTP/1.1" 404 1256 "-" "Mozilla/5.0 (compatible; bingbot/2.0; +http://www.bing.com/bingbot.htm)"
157.55.34.103 - - [30/Mar/2014:22:23:17 +0200] "GET /seiten/start.htm HTTP/1.1" 200 4313 "-" "Mozilla/5.0 (compatible; bingbot/2.0; +http://www.bing.com/bingbot.htm)"
220.181.108.106 - - [30/Mar/2014:22:24:38 +0200] "GET / HTTP/1.1" 200 2301 "-" "Mozilla/5.0 (compatible; Baiduspider/2.0; +http://www.baidu.com/search/spider.html)"
157.55.35.38 - - [30/Mar/2014:22:26:29 +0200] "GET /scripte/basics.js HTTP/1.1" 200 1078 "-" "Mozilla/5.0 (compatible; bingbot/2.0; +http://www.bing.com/bingbot.htm)"
157.55.35.38 - - [30/Mar/2014:22:26:29 +0200] "GET /css/style.css HTTP/1.1" 200 3212 "-" "Mozilla/5.0 (compatible; bingbot/2.0; +http://www.bing.com/bingbot.htm)"
157.55.34.166 - - [31/Mar/2014:00:31:49 +0200] "GET /seiten/praxis.htm HTTP/1.1" 200 5018 "-" "Mozilla/5.0 (compatible; bingbot/2.0; +http://www.bing.com/bingbot.htm)"
92.249.127.111 - - [31/Mar/2014:01:31:40 +0200] "GET /seiten/start.htm HTTP/1.1" 200 4313 "http://www.socioforum.su/" "Mozilla/4.0 (compatible; MSIE 6.0; Windows NT 5.2; Win64; AMD64)"
92.249.127.111 - - [31/Mar/2014:01:31:40 +0200] "GET /seiten/start.htm HTTP/1.1" 200 4313 "http://www.socioforum.su/" "Mozilla/4.0 (compatible; MSIE 6.0; Windows NT 5.2; Win64; AMD64)"
92.249.127.111 - - [31/Mar/2014:01:31:41 +0200] "GET /seiten/start.htm HTTP/1.1" 200 4313 "http://www.socioforum.su/" "Mozilla/4.0 (compatible; MSIE 6.0; Windows NT 5.2; Win64; AMD64)"
46.118.119.133 - - [31/Mar/2014:02:34:27 +0200] "GET /seiten/start.htm HTTP/1.1" 200 4313 "http://zenux.info/" "Mozilla/4.0 (compatible; MSIE 6.0; Update a; AOL 6.0; Windows 98)"
46.118.119.133 - - [31/Mar/2014:02:34:29 +0200] "GET /seiten/start.htm HTTP/1.1" 200 4313 "http://zenux.info/" "Mozilla/4.0 (compatible; MSIE 6.0; Update a; AOL 6.0; Windows 98)"
46.118.119.133 - - [31/Mar/2014:02:34:30 +0200] "GET /seiten/start.htm HTTP/1.1" 200 4313 "http://zenux.info/" "Mozilla/4.0 (compatible; MSIE 6.0; Update a; AOL 6.0; Windows 98)"
220.181.108.119 - - [31/Mar/2014:04:22:13 +0200] "GET / HTTP/1.1" 200 2301 "-" "Mozilla/5.0 (compatible; Baiduspider/2.0; +http://www.baidu.com/search/spider.html)"
5.248.80.107 - - [31/Mar/2014:05:55:49 +0200] "GET /seiten/start.htm HTTP/1.1" 200 4313 "http://chastnoeporno.com/" "Mozilla/4.0 (compatible; MSIE 7.0b; Windows NT 6.0)"
5.248.80.107 - - [31/Mar/2014:05:55:50 +0200] "GET /seiten/start.htm HTTP/1.1" 200 4313 "http://chastnoeporno.com/" "Mozilla/4.0 (compatible; MSIE 7.0b; Windows NT 6.0)"
5.248.80.107 - - [31/Mar/2014:05:55:50 +0200] "GET /seiten/start.htm HTTP/1.1" 200 4313 "http://chastnoeporno.com/" "Mozilla/4.0 (compatible; MSIE 7.0b; Windows NT 6.0)"
85.181.160.236 - - [31/Mar/2014:06:17:19 +0200] "GET /img/dialyse.jpg HTTP/1.1" 200 21241 "http://www.bing.com/images/search?q=dialyse&FORM=HDRSC2" "Mozilla/5.0 (iPad; CPU OS 7_1 like Mac OS X) AppleWebKit/537.51.2 (KHTML, like Gecko) Version/7.0 Mobile/11D167 Safari/9537.53"
66.249.78.91 - - [31/Mar/2014:07:01:07 +0200] "GET /robots.txt HTTP/1.1" 404 1256 "-" "Mozilla/5.0 (compatible; Googlebot/2.1; +http://www.google.com/bot.html)"
66.249.78.91 - - [31/Mar/2014:07:01:07 +0200] "GET / HTTP/1.1" 200 2301 "-" "SAMSUNG-SGH-E250/1.0 Profile/MIDP-2.0 Configuration/CLDC-1.1 UP.Browser/6.2.3.3.c.1.101 (GUI) MMP/2.0 (compatible; Googlebot-Mobile/2.1; +http://www.google.com/bot.html)"
193.150.120.33 - - [31/Mar/2014:07:24:38 +0200] "GET /seiten/start.htm HTTP/1.1" 200 4313 "http://www.vegascosmetics.ru/" "Mozilla/4.0 (compatible; MSIE 6.0; Windows NT 5.1; Crazy Browser 1.0.5)"
193.150.120.33 - - [31/Mar/2014:07:24:38 +0200] "GET /seiten/start.htm HTTP/1.1" 200 4313 "http://www.vegascosmetics.ru/" "Mozilla/4.0 (compatible; MSIE 6.0; Windows NT 5.1; Crazy Browser 1.0.5)"
193.150.120.33 - - [31/Mar/2014:07:24:38 +0200] "GET /seiten/start.htm HTTP/1.1" 200 4313 "http://emuparadise.ru/" "Mozilla/4.0 (compatible; MSIE 6.0; Windows NT) ::ELNSB50::000061100320025802a00111000000000507000900000000"
193.150.120.33 - - [31/Mar/2014:07:24:39 +0200] "GET /seiten/start.htm HTTP/1.1" 200 4313 "http://www.vegascosmetics.ru/" "Mozilla/4.0 (compatible; MSIE 6.0; Windows NT 5.1; Crazy Browser 1.0.5)"
193.150.120.33 - - [31/Mar/2014:07:24:39 +0200] "GET /seiten/start.htm HTTP/1.1" 200 4313 "http://emuparadise.ru/" "Mozilla/4.0 (compatible; MSIE 6.0; Windows NT) ::ELNSB50::000061100320025802a00111000000000507000900000000"
193.150.120.33 - - [31/Mar/2014:07:24:39 +0200] "GET /seiten/start.htm HTTP/1.1" 200 4313 "http://emuparadise.ru/" "Mozilla/4.0 (compatible; MSIE 6.0; Windows NT) ::ELNSB50::000061100320025802a00111000000000507000900000000"
66.249.76.33 - - [31/Mar/2014:08:04:58 +0200] "GET /seiten/impressum.htm HTTP/1.1" 200 6907 "-" "DoCoMo/2.0 N905i(c100;TB;W24H16) (compatible; Googlebot-Mobile/2.1; +http://www.google.com/bot.html)"
66.249.78.91 - - [31/Mar/2014:09:36:17 +0200] "GET /seiten/start.htm HTTP/1.1" 304 - "-" "Mozilla/5.0 (compatible; Googlebot/2.1; +http://www.google.com/bot.html)"
66.249.78.91 - - [31/Mar/2014:09:46:31 +0200] "GET /seiten/start.htm HTTP/1.1" 200 4313 "-" "Mozilla/5.0 (compatible; Googlebot/2.1; +http://www.google.com/bot.html)"
157.55.34.166 - - [31/Mar/2014:11:09:03 +0200] "GET /robots.txt HTTP/1.1" 404 1256 "-" "Mozilla/5.0 (compatible; bingbot/2.0; +http://www.bing.com/bingbot.htm)"
66.249.78.91 - - [31/Mar/2014:11:13:20 +0200] "GET / HTTP/1.1" 200 2301 "-" "Mozilla/5.0 (compatible; Googlebot/2.1; +http://www.google.com/bot.html)"
139.30.161.9 - - [31/Mar/2014:12:52:08 +0200] "GET / HTTP/1.0" 200 2301 "http://www.google.de/url?sa=t&rct=j&q=&esrc=s&source=web&cd=2&ved=0CDYQFjAB&url=http%3A%2F%2Fwww.dialyse-in-salzwedel.de%2F&ei=WUg5U5iMBcSWtAbGnoCgCw&usg=AFQjCNHBZzdzRK6NkOJc_vuRxJ6F08FD_w&bvm=bv.63808443,d.Yms" "Mozilla/5.0 (Windows NT 5.1; rv:26.0) Gecko/20100101 Firefox/26.0"
139.30.161.9 - - [31/Mar/2014:12:52:08 +0200] "GET /scripte/basics.js HTTP/1.0" 200 1078 "http://www.dialyse-in-salzwedel.de/" "Mozilla/5.0 (Windows NT 5.1; rv:26.0) Gecko/20100101 Firefox/26.0"
139.30.161.9 - - [31/Mar/2014:12:52:08 +0200] "GET /css/style.css HTTP/1.0" 200 3212 "http://www.dialyse-in-salzwedel.de/" "Mozilla/5.0 (Windows NT 5.1; rv:26.0) Gecko/20100101 Firefox/26.0"
139.30.161.9 - - [31/Mar/2014:12:52:08 +0200] "GET /seiten/start.htm HTTP/1.0" 200 4313 "http://www.dialyse-in-salzwedel.de/" "Mozilla/5.0 (Windows NT 5.1; rv:26.0) Gecko/20100101 Firefox/26.0"
139.30.161.9 - - [31/Mar/2014:12:52:08 +0200] "GET /favicon.ico HTTP/1.0" 404 1256 "-" "Mozilla/5.0 (Windows NT 5.1; rv:26.0) Gecko/20100101 Firefox/26.0"
139.30.161.9 - - [31/Mar/2014:12:52:08 +0200] "GET /img/men01.gif HTTP/1.0" 200 702 "http://www.dialyse-in-salzwedel.de/seiten/start.htm" "Mozilla/5.0 (Windows NT 5.1; rv:26.0) Gecko/20100101 Firefox/26.0"
139.30.161.9 - - [31/Mar/2014:12:52:08 +0200] "GET /img/head.gif HTTP/1.0" 200 4213 "http://www.dialyse-in-salzwedel.de/seiten/start.htm" "Mozilla/5.0 (Windows NT 5.1; rv:26.0) Gecko/20100101 Firefox/26.0"
139.30.161.9 - - [31/Mar/2014:12:52:08 +0200] "GET /img/men03.gif HTTP/1.0" 200 999 "http://www.dialyse-in-salzwedel.de/seiten/start.htm" "Mozilla/5.0 (Windows NT 5.1; rv:26.0) Gecko/20100101 Firefox/26.0"
139.30.161.9 - - [31/Mar/2014:12:52:08 +0200] "GET /img/men09.gif HTTP/1.0" 200 1200 "http://www.dialyse-in-salzwedel.de/seiten/start.htm" "Mozilla/5.0 (Windows NT 5.1; rv:26.0) Gecko/20100101 Firefox/26.0"
139.30.161.9 - - [31/Mar/2014:12:52:08 +0200] "GET /img/men08.gif HTTP/1.0" 200 1069 "http://www.dialyse-in-salzwedel.de/seiten/start.htm" "Mozilla/5.0 (Windows NT 5.1; rv:26.0) Gecko/20100101 Firefox/26.0"
139.30.161.9 - - [31/Mar/2014:12:52:08 +0200] "GET /img/men06.gif HTTP/1.0" 200 904 "http://www.dialyse-in-salzwedel.de/seiten/start.htm" "Mozilla/5.0 (Windows NT 5.1; rv:26.0) Gecko/20100101 Firefox/26.0"
139.30.161.9 - - [31/Mar/2014:12:52:08 +0200] "GET /img/men05.gif HTTP/1.0" 200 1042 "http://www.dialyse-in-salzwedel.de/seiten/start.htm" "Mozilla/5.0 (Windows NT 5.1; rv:26.0) Gecko/20100101 Firefox/26.0"
139.30.161.9 - - [31/Mar/2014:12:52:08 +0200] "GET /img/men07.gif HTTP/1.0" 200 893 "http://www.dialyse-in-salzwedel.de/seiten/start.htm" "Mozilla/5.0 (Windows NT 5.1; rv:26.0) Gecko/20100101 Firefox/26.0"
139.30.161.9 - - [31/Mar/2014:12:52:08 +0200] "GET /img/men02.gif HTTP/1.0" 200 758 "http://www.dialyse-in-salzwedel.de/seiten/start.htm" "Mozilla/5.0 (Windows NT 5.1; rv:26.0) Gecko/20100101 Firefox/26.0"
139.30.161.9 - - [31/Mar/2014:12:52:08 +0200] "GET /img/men04.gif HTTP/1.0" 200 1234 "http://www.dialyse-in-salzwedel.de/seiten/start.htm" "Mozilla/5.0 (Windows NT 5.1; rv:26.0) Gecko/20100101 Firefox/26.0"
139.30.161.9 - - [31/Mar/2014:12:52:08 +0200] "GET /img/bg02.gif HTTP/1.0" 200 67 "http://www.dialyse-in-salzwedel.de/seiten/start.htm" "Mozilla/5.0 (Windows NT 5.1; rv:26.0) Gecko/20100101 Firefox/26.0"
139.30.161.9 - - [31/Mar/2014:12:52:08 +0200] "GET /img/lay01.gif HTTP/1.0" 200 149 "http://www.dialyse-in-salzwedel.de/seiten/start.htm" "Mozilla/5.0 (Windows NT 5.1; rv:26.0) Gecko/20100101 Firefox/26.0"
139.30.161.9 - - [31/Mar/2014:12:52:08 +0200] "GET /img/bg04.gif HTTP/1.0" 200 92 "http://www.dialyse-in-salzwedel.de/seiten/start.htm" "Mozilla/5.0 (Windows NT 5.1; rv:26.0) Gecko/20100101 Firefox/26.0"
139.30.161.9 - - [31/Mar/2014:12:52:08 +0200] "GET /img/bg03.gif HTTP/1.0" 200 84 "http://www.dialyse-in-salzwedel.de/seiten/start.htm" "Mozilla/5.0 (Windows NT 5.1; rv:26.0) Gecko/20100101 Firefox/26.0"
139.30.161.9 - - [31/Mar/2014:12:52:09 +0200] "GET /img/lay02.gif HTTP/1.0" 200 153 "http://www.dialyse-in-salzwedel.de/seiten/start.htm" "Mozilla/5.0 (Windows NT 5.1; rv:26.0) Gecko/20100101 Firefox/26.0"
139.30.161.9 - - [31/Mar/2014:12:52:09 +0200] "GET /img/start.jpg HTTP/1.0" 200 18933 "http://www.dialyse-in-salzwedel.de/seiten/start.htm" "Mozilla/5.0 (Windows NT 5.1; rv:26.0) Gecko/20100101 Firefox/26.0"
139.30.161.9 - - [31/Mar/2014:12:52:10 +0200] "GET /img/lay04.gif HTTP/1.0" 200 272 "http://www.dialyse-in-salzwedel.de/seiten/start.htm" "Mozilla/5.0 (Windows NT 5.1; rv:26.0) Gecko/20100101 Firefox/26.0"
139.30.161.9 - - [31/Mar/2014:12:52:10 +0200] "GET /img/1px.gif HTTP/1.0" 200 43 "http://www.dialyse-in-salzwedel.de/seiten/start.htm" "Mozilla/5.0 (Windows NT 5.1; rv:26.0) Gecko/20100101 Firefox/26.0"
139.30.161.9 - - [31/Mar/2014:12:52:10 +0200] "GET /img/lay03.gif HTTP/1.0" 200 253 "http://www.dialyse-in-salzwedel.de/seiten/start.htm" "Mozilla/5.0 (Windows NT 5.1; rv:26.0) Gecko/20100101 Firefox/26.0"
139.30.161.9 - - [31/Mar/2014:12:52:10 +0200] "GET /img/bg01.gif HTTP/1.0" 200 70 "http://www.dialyse-in-salzwedel.de/seiten/start.htm" "Mozilla/5.0 (Windows NT 5.1; rv:26.0) Gecko/20100101 Firefox/26.0"
139.30.161.9 - - [31/Mar/2014:12:52:15 +0200] "GET /img/meno03.gif HTTP/1.0" 200 931 "http://www.dialyse-in-salzwedel.de/seiten/start.htm" "Mozilla/5.0 (Windows NT 5.1; rv:26.0) Gecko/20100101 Firefox/26.0"
139.30.161.9 - - [31/Mar/2014:12:52:15 +0200] "GET /img/meno02.gif HTTP/1.0" 200 1200 "http://www.dialyse-in-salzwedel.de/seiten/start.htm" "Mozilla/5.0 (Windows NT 5.1; rv:26.0) Gecko/20100101 Firefox/26.0"
139.30.161.9 - - [31/Mar/2014:12:52:16 +0200] "GET /img/meno01.gif HTTP/1.0" 200 938 "http://www.dialyse-in-salzwedel.de/seiten/start.htm" "Mozilla/5.0 (Windows NT 5.1; rv:26.0) Gecko/20100101 Firefox/26.0"
139.30.161.9 - - [31/Mar/2014:12:52:16 +0200] "GET /seiten/praxis.htm HTTP/1.0" 200 5018 "http://www.dialyse-in-salzwedel.de/seiten/start.htm" "Mozilla/5.0 (Windows NT 5.1; rv:26.0) Gecko/20100101 Firefox/26.0"
139.30.161.9 - - [31/Mar/2014:12:52:16 +0200] "GET /img/praxis.jpg HTTP/1.0" 200 13082 "http://www.dialyse-in-salzwedel.de/seiten/praxis.htm" "Mozilla/5.0 (Windows NT 5.1; rv:26.0) Gecko/20100101 Firefox/26.0"
46.118.112.15 - - [31/Mar/2014:14:09:40 +0200] "GET /seiten/start.htm HTTP/1.1" 200 4313 "http://detalka.org/" "Mozilla/4.0 (compatible; MSIE 6.0; Windows NT 5.1; TheFreeDictionary.com; .NET CLR 1.1.4322; .NET CLR 1.0.3705; .NET CLR 2.0.50727)"
46.118.112.15 - - [31/Mar/2014:14:09:41 +0200] "GET /seiten/start.htm HTTP/1.1" 200 4313 "http://detalka.org/" "Mozilla/4.0 (compatible; MSIE 6.0; Windows NT 5.1; TheFreeDictionary.com; .NET CLR 1.1.4322; .NET CLR 1.0.3705; .NET CLR 2.0.50727)"
46.118.112.15 - - [31/Mar/2014:14:09:41 +0200] "GET /seiten/start.htm HTTP/1.1" 200 4313 "http://detalka.org/" "Mozilla/4.0 (compatible; MSIE 6.0; Windows NT 5.1; TheFreeDictionary.com; .NET CLR 1.1.4322; .NET CLR 1.0.3705; .NET CLR 2.0.50727)"
66.249.68.96 - - [31/Mar/2014:16:55:59 +0200] "GET /robots.txt HTTP/1.1" 404 1256 "-" "Mozilla/5.0 (compatible; Googlebot/2.1; +http://www.google.com/bot.html)"
66.249.75.109 - - [31/Mar/2014:16:55:59 +0200] "GET /seiten/impressum.htm HTTP/1.1" 200 6907 "-" "DoCoMo/2.0 N905i(c100;TB;W24H16) (compatible; Googlebot-Mobile/2.1; +http://www.google.com/bot.html)"
220.181.108.121 - - [31/Mar/2014:18:06:47 +0200] "GET / HTTP/1.1" 200 2301 "-" "Mozilla/5.0 (compatible; Baiduspider/2.0; +http://www.baidu.com/search/spider.html)"
194.118.180.223 - - [31/Mar/2014:18:29:28 +0200] "GET /img/dialyse.jpg HTTP/1.1" 200 21241 "-" "Mozilla/5.0 (Windows NT 6.0) AppleWebKit/537.36 (KHTML, like Gecko) Chrome/33.0.1750.154 Safari/537.36"
62.219.50.66 - - [31/Mar/2014:19:00:05 +0200] "GET / HTTP/1.1" 200 2301 "-" "Mozilla/4.0 (compatible; MSIE 5.01; Windows NT 5.0)"
62.219.50.66 - - [31/Mar/2014:19:00:07 +0200] "GET / HTTP/1.1" 200 2301 "-" "Mozilla/4.0 (compatible; MSIE 5.01; Windows NT 5.0)"
62.219.50.66 - - [31/Mar/2014:19:00:07 +0200] "GET //robots.txt HTTP/1.1" 404 1256 "-" "Mozilla/4.0 (compatible; MSIE 5.01; Windows NT 5.0)"
62.219.50.66 - - [31/Mar/2014:19:00:07 +0200] "GET //sitemap.xml HTTP/1.1" 404 1256 "-" "Mozilla/4.0 (compatible; MSIE 5.01; Windows NT 5.0)"
62.219.50.66 - - [31/Mar/2014:19:00:08 +0200] "GET //sm.xml HTTP/1.1" 404 1256 "-" "Mozilla/4.0 (compatible; MSIE 5.01; Windows NT 5.0)"
220.181.108.114 - - [31/Mar/2014:22:23:49 +0200] "GET / HTTP/1.1" 200 2301 "-" "Mozilla/5.0 (compatible; Baiduspider/2.0; +http://www.baidu.com/search/spider.html)"
123.125.71.42 - - [31/Mar/2014:22:26:32 +0200] "GET / HTTP/1.1" 200 2301 "-" "Mozilla/5.0 (compatible; Baiduspider/2.0; +http://www.baidu.com/search/spider.html)"
5.248.80.107 - - [31/Mar/2014:23:20:08 +0200] "GET /seiten/start.htm HTTP/1.1" 200 4313 "http://www.telesvoboda.ru/" "Mozilla/5.0 (Windows NT 5.1; U; en) Opera 8.00"
5.248.80.107 - - [31/Mar/2014:23:20:09 +0200] "GET /seiten/start.htm HTTP/1.1" 200 4313 "http://www.telesvoboda.ru/" "Mozilla/5.0 (Windows NT 5.1; U; en) Opera 8.00"
5.248.80.107 - - [31/Mar/2014:23:20:09 +0200] "GET /seiten/start.htm HTTP/1.1" 200 4313 "http://www.telesvoboda.ru/" "Mozilla/5.0 (Windows NT 5.1; U; en) Opera 8.00"