213.110.133.221 - - [07/Mar/2014:02:53:30 +0100] "GET /seiten/news.php HTTP/1.1" 200 4865 "http://termaten.ya.ru/replies.xml?item_no=14" "Mozilla/4.0 (compatible; Blog Search;)"
213.110.133.221 - - [07/Mar/2014:02:53:31 +0100] "GET /seiten/news.php HTTP/1.1" 200 4865 "http://termaten.ya.ru/replies.xml?item_no=14" "Mozilla/4.0 (compatible; Blog Search;)"
46.118.115.66 - - [07/Mar/2014:04:25:09 +0100] "GET /seiten/start.htm HTTP/1.1" 200 4313 "http://pornogig.com/" "Mozilla/4.0 (compatible; MSIE 5.01; Windows 95; MSIECrawler)"
46.118.115.66 - - [07/Mar/2014:04:25:09 +0100] "GET /seiten/start.htm HTTP/1.1" 200 4313 "http://pornogig.com/" "Mozilla/4.0 (compatible; MSIE 5.01; Windows 95; MSIECrawler)"
46.118.115.66 - - [07/Mar/2014:04:25:09 +0100] "GET /seiten/start.htm HTTP/1.1" 200 4313 "http://pornogig.com/" "Mozilla/4.0 (compatible; MSIE 5.01; Windows 95; MSIECrawler)"
220.181.108.84 - - [07/Mar/2014:04:53:07 +0100] "GET / HTTP/1.1" 200 2301 "-" "Mozilla/5.0 (compatible; Baiduspider/2.0; +http://www.baidu.com/search/spider.html)"
66.249.76.33 - - [07/Mar/2014:06:09:06 +0100] "GET /seiten/kontakt.htm HTTP/1.1" 304 - "-" "Mozilla/5.0 (iPhone; CPU iPhone OS 6_0 like Mac OS X) AppleWebKit/536.26 (KHTML, like Gecko) Version/6.0 Mobile/10A5376e Safari/8536.25 (compatible; Googlebot/2.1; +http://www.google.com/bot.html)"
220.181.108.111 - - [07/Mar/2014:06:58:00 +0100] "GET / HTTP/1.1" 200 2301 "-" "Mozilla/5.0 (compatible; Baiduspider/2.0; +http://www.baidu.com/search/spider.html)"
123.125.71.28 - - [07/Mar/2014:07:00:42 +0100] "GET / HTTP/1.1" 200 2301 "-" "Mozilla/5.0 (compatible; Baiduspider/2.0; +http://www.baidu.com/search/spider.html)"
80.187.97.46 - - [07/Mar/2014:07:17:02 +0100] "GET /seiten/start.htm HTTP/1.1" 200 4313 "-" "Mozilla/5.0 (Linux; U; Android 2.3.6; de-de; GT-I9001 Build/GINGERBREAD) AppleWebKit/533.1 (KHTML, like Gecko) Version/4.0 Mobile Safari/533.1"
80.187.97.46 - - [07/Mar/2014:07:17:02 +0100] "GET /scripte/basics.js HTTP/1.1" 200 1078 "-" "Mozilla/5.0 (Linux; U; Android 2.3.6; de-de; GT-I9001 Build/GINGERBREAD) AppleWebKit/533.1 (KHTML, like Gecko) Version/4.0 Mobile Safari/533.1"
80.187.97.46 - - [07/Mar/2014:07:17:02 +0100] "GET /css/style.css HTTP/1.1" 200 3212 "-" "Mozilla/5.0 (Linux; U; Android 2.3.6; de-de; GT-I9001 Build/GINGERBREAD) AppleWebKit/533.1 (KHTML, like Gecko) Version/4.0 Mobile Safari/533.1"
80.187.97.46 - - [07/Mar/2014:07:17:02 +0100] "GET /img/head.gif HTTP/1.1" 200 4213 "http://www.dialyse-in-salzwedel.de/seiten/start.htm" "Mozilla/5.0 (Linux; U; Android 2.3.6; de-de; GT-I9001 Build/GINGERBREAD) AppleWebKit/533.1 (KHTML, like Gecko) Version/4.0 Mobile Safari/533.1"
80.187.97.46 - - [07/Mar/2014:07:17:02 +0100] "GET /img/men01.gif HTTP/1.1" 200 702 "http://www.dialyse-in-salzwedel.de/seiten/start.htm" "Mozilla/5.0 (Linux; U; Android 2.3.6; de-de; GT-I9001 Build/GINGERBREAD) AppleWebKit/533.1 (KHTML, like Gecko) Version/4.0 Mobile Safari/533.1"
80.187.97.46 - - [07/Mar/2014:07:17:02 +0100] "GET /img/men04.gif HTTP/1.1" 200 1234 "http://www.dialyse-in-salzwedel.de/seiten/start.htm" "Mozilla/5.0 (Linux; U; Android 2.3.6; de-de; GT-I9001 Build/GINGERBREAD) AppleWebKit/533.1 (KHTML, like Gecko) Version/4.0 Mobile Safari/533.1"
80.187.97.46 - - [07/Mar/2014:07:17:02 +0100] "GET /img/men03.gif HTTP/1.1" 200 999 "http://www.dialyse-in-salzwedel.de/seiten/start.htm" "Mozilla/5.0 (Linux; U; Android 2.3.6; de-de; GT-I9001 Build/GINGERBREAD) AppleWebKit/533.1 (KHTML, like Gecko) Version/4.0 Mobile Safari/533.1"
80.187.97.46 - - [07/Mar/2014:07:17:02 +0100] "GET /img/men05.gif HTTP/1.1" 200 1042 "http://www.dialyse-in-salzwedel.de/seiten/start.htm" "Mozilla/5.0 (Linux; U; Android 2.3.6; de-de; GT-I9001 Build/GINGERBREAD) AppleWebKit/533.1 (KHTML, like Gecko) Version/4.0 Mobile Safari/533.1"
80.187.97.46 - - [07/Mar/2014:07:17:02 +0100] "GET /img/men06.gif HTTP/1.1" 200 904 "http://www.dialyse-in-salzwedel.de/seiten/start.htm" "Mozilla/5.0 (Linux; U; Android 2.3.6; de-de; GT-I9001 Build/GINGERBREAD) AppleWebKit/533.1 (KHTML, like Gecko) Version/4.0 Mobile Safari/533.1"
80.187.97.46 - - [07/Mar/2014:07:17:02 +0100] "GET /img/men07.gif HTTP/1.1" 200 893 "http://www.dialyse-in-salzwedel.de/seiten/start.htm" "Mozilla/5.0 (Linux; U; Android 2.3.6; de-de; GT-I9001 Build/GINGERBREAD) AppleWebKit/533.1 (KHTML, like Gecko) Version/4.0 Mobile Safari/533.1"
80.187.97.46 - - [07/Mar/2014:07:17:03 +0100] "GET /img/men08.gif HTTP/1.1" 200 1069 "http://www.dialyse-in-salzwedel.de/seiten/start.htm" "Mozilla/5.0 (Linux; U; Android 2.3.6; de-de; GT-I9001 Build/GINGERBREAD) AppleWebKit/533.1 (KHTML, like Gecko) Version/4.0 Mobile Safari/533.1"
80.187.97.46 - - [07/Mar/2014:07:17:03 +0100] "GET /img/men09.gif HTTP/1.1" 200 1200 "http://www.dialyse-in-salzwedel.de/seiten/start.htm" "Mozilla/5.0 (Linux; U; Android 2.3.6; de-de; GT-I9001 Build/GINGERBREAD) AppleWebKit/533.1 (KHTML, like Gecko) Version/4.0 Mobile Safari/533.1"
80.187.97.46 - - [07/Mar/2014:07:17:03 +0100] "GET /img/men02.gif HTTP/1.1" 200 758 "http://www.dialyse-in-salzwedel.de/seiten/start.htm" "Mozilla/5.0 (Linux; U; Android 2.3.6; de-de; GT-I9001 Build/GINGERBREAD) AppleWebKit/533.1 (KHTML, like Gecko) Version/4.0 Mobile Safari/533.1"
80.187.97.46 - - [07/Mar/2014:07:17:03 +0100] "GET /img/lay01.gif HTTP/1.1" 200 149 "http://www.dialyse-in-salzwedel.de/seiten/start.htm" "Mozilla/5.0 (Linux; U; Android 2.3.6; de-de; GT-I9001 Build/GINGERBREAD) AppleWebKit/533.1 (KHTML, like Gecko) Version/4.0 Mobile Safari/533.1"
80.187.97.46 - - [07/Mar/2014:07:17:03 +0100] "GET /img/start.jpg HTTP/1.1" 200 18933 "http://www.dialyse-in-salzwedel.de/seiten/start.htm" "Mozilla/5.0 (Linux; U; Android 2.3.6; de-de; GT-I9001 Build/GINGERBREAD) AppleWebKit/533.1 (KHTML, like Gecko) Version/4.0 Mobile Safari/533.1"
80.187.97.46 - - [07/Mar/2014:07:17:03 +0100] "GET /img/lay02.gif HTTP/1.1" 200 153 "http://www.dialyse-in-salzwedel.de/seiten/start.htm" "Mozilla/5.0 (Linux; U; Android 2.3.6; de-de; GT-I9001 Build/GINGERBREAD) AppleWebKit/533.1 (KHTML, like Gecko) Version/4.0 Mobile Safari/533.1"
80.187.97.46 - - [07/Mar/2014:07:17:03 +0100] "GET /img/bg01.gif HTTP/1.1" 200 70 "http://www.dialyse-in-salzwedel.de/seiten/start.htm" "Mozilla/5.0 (Linux; U; Android 2.3.6; de-de; GT-I9001 Build/GINGERBREAD) AppleWebKit/533.1 (KHTML, like Gecko) Version/4.0 Mobile Safari/533.1"
80.187.97.46 - - [07/Mar/2014:07:17:03 +0100] "GET /img/bg03.gif HTTP/1.1" 200 84 "http://www.dialyse-in-salzwedel.de/seiten/start.htm" "Mozilla/5.0 (Linux; U; Android 2.3.6; de-de; GT-I9001 Build/GINGERBREAD) AppleWebKit/533.1 (KHTML, like Gecko) Version/4.0 Mobile Safari/533.1"
80.187.97.46 - - [07/Mar/2014:07:17:03 +0100] "GET /img/bg02.gif HTTP/1.1" 200 67 "http://www.dialyse-in-salzwedel.de/seiten/start.htm" "Mozilla/5.0 (Linux; U; Android 2.3.6; de-de; GT-I9001 Build/GINGERBREAD) AppleWebKit/533.1 (KHTML, like Gecko) Version/4.0 Mobile Safari/533.1"
80.187.97.46 - - [07/Mar/2014:07:17:03 +0100] "GET /img/bg04.gif HTTP/1.1" 200 92 "http://www.dialyse-in-salzwedel.de/seiten/start.htm" "Mozilla/5.0 (Linux; U; Android 2.3.6; de-de; GT-I9001 Build/GINGERBREAD) AppleWebKit/533.1 (KHTML, like Gecko) Version/4.0 Mobile Safari/533.1"
80.187.97.46 - - [07/Mar/2014:07:17:03 +0100] "GET /img/lay03.gif HTTP/1.1" 200 253 "http://www.dialyse-in-salzwedel.de/seiten/start.htm" "Mozilla/5.0 (Linux; U; Android 2.3.6; de-de; GT-I9001 Build/GINGERBREAD) AppleWebKit/533.1 (KHTML, like Gecko) Version/4.0 Mobile Safari/533.1"
80.187.97.46 - - [07/Mar/2014:07:17:03 +0100] "GET /img/1px.gif HTTP/1.1" 200 43 "http://www.dialyse-in-salzwedel.de/seiten/start.htm" "Mozilla/5.0 (Linux; U; Android 2.3.6; de-de; GT-I9001 Build/GINGERBREAD) AppleWebKit/533.1 (KHTML, like Gecko) Version/4.0 Mobile Safari/533.1"
80.187.97.46 - - [07/Mar/2014:07:17:03 +0100] "GET /img/lay04.gif HTTP/1.1" 200 272 "http://www.dialyse-in-salzwedel.de/seiten/start.htm" "Mozilla/5.0 (Linux; U; Android 2.3.6; de-de; GT-I9001 Build/GINGERBREAD) AppleWebKit/533.1 (KHTML, like Gecko) Version/4.0 Mobile Safari/533.1"
80.187.97.46 - - [07/Mar/2014:07:17:03 +0100] "GET /favicon.ico HTTP/1.1" 404 1256 "http://www.dialyse-in-salzwedel.de/seiten/start.htm" "Mozilla/5.0 (Linux; U; Android 2.3.6; de-de; GT-I9001 Build/GINGERBREAD) AppleWebKit/533.1 (KHTML, like Gecko) Version/4.0 Mobile Safari/533.1"
157.55.34.168 - - [07/Mar/2014:10:15:57 +0100] "GET /robots.txt HTTP/1.1" 404 1256 "-" "Mozilla/5.0 (compatible; bingbot/2.0; +http://www.bing.com/bingbot.htm)"
157.55.34.168 - - [07/Mar/2014:10:16:35 +0100] "GET / HTTP/1.1" 200 2301 "-" "Mozilla/5.0 (compatible; bingbot/2.0; +http://www.bing.com/bingbot.htm)"
157.56.229.244 - - [07/Mar/2014:10:17:13 +0100] "GET /scripte/basics.js HTTP/1.1" 200 1078 "-" "Mozilla/5.0 (compatible; bingbot/2.0; +http://www.bing.com/bingbot.htm)"
157.56.92.142 - - [07/Mar/2014:10:36:33 +0100] "GET /seiten/start.htm HTTP/1.1" 200 4313 "-" "Mozilla/5.0 (compatible; bingbot/2.0; +http://www.bing.com/bingbot.htm)"
66.249.76.33 - - [07/Mar/2014:11:08:01 +0100] "GET /robots.txt HTTP/1.1" 404 1256 "-" "Mozilla/5.0 (compatible; Googlebot/2.1; +http://www.google.com/bot.html)"
66.249.76.33 - - [07/Mar/2014:11:08:01 +0100] "GET / HTTP/1.1" 200 2301 "-" "Mozilla/5.0 (iPhone; CPU iPhone OS 6_0 like Mac OS X) AppleWebKit/536.26 (KHTML, like Gecko) Version/6.0 Mobile/10A5376e Safari/8536.25 (compatible; Googlebot/2.1; +http://www.google.com/bot.html)"
66.249.76.33 - - [07/Mar/2014:11:15:51 +0100] "GET /seiten/start.htm HTTP/1.1" 200 4313 "-" "Mozilla/5.0 (iPhone; CPU iPhone OS 6_0 like Mac OS X) AppleWebKit/536.26 (KHTML, like Gecko) Version/6.0 Mobile/10A5376e Safari/8536.25 (compatible; Googlebot/2.1; +http://www.google.com/bot.html)"
66.249.76.33 - - [07/Mar/2014:11:15:52 +0100] "GET /css/style.css HTTP/1.1" 200 3212 "http://www.dialyse-in-salzwedel.de/" "Mozilla/5.0 (compatible; Googlebot/2.1; +http://www.google.com/bot.html)"
123.125.71.35 - - [07/Mar/2014:12:05:43 +0100] "GET / HTTP/1.1" 200 2301 "-" "Mozilla/5.0 (compatible; Baiduspider/2.0; +http://www.baidu.com/search/spider.html)"
220.181.108.110 - - [07/Mar/2014:12:07:32 +0100] "GET / HTTP/1.1" 200 2301 "-" "Mozilla/5.0 (compatible; Baiduspider/2.0; +http://www.baidu.com/search/spider.html)"
66.249.76.33 - - [07/Mar/2014:12:17:35 +0100] "GET /seiten/dialyse.htm HTTP/1.1" 304 - "-" "DoCoMo/2.0 N905i(c100;TB;W24H16) (compatible; Googlebot-Mobile/2.1; +http://www.google.com/bot.html)"
193.150.120.33 - - [07/Mar/2014:13:21:18 +0100] "GET /seiten/start.htm HTTP/1.1" 200 4313 "http://imsu-kyiv.com/" "Mozilla/0.91 Beta (Windows)"
193.150.120.33 - - [07/Mar/2014:13:21:19 +0100] "GET /seiten/start.htm HTTP/1.1" 200 4313 "http://imsu-kyiv.com/" "Mozilla/0.91 Beta (Windows)"
193.150.120.33 - - [07/Mar/2014:13:21:19 +0100] "GET /seiten/start.htm HTTP/1.1" 200 4313 "http://imsu-kyiv.com/" "Mozilla/0.91 Beta (Windows)"
92.249.127.111 - - [07/Mar/2014:13:25:44 +0100] "GET /seiten/start.htm HTTP/1.1" 200 4313 "http://kochanelli.com/" "Mozilla/4.0 (compatible; MSIE 6.0; Windows NT 5.1; SV1; FunWebProducts; MRA 4.6 (build 01425); .NET CLR 1.1.4322; .NET CLR 2.0.50727)"
92.249.127.111 - - [07/Mar/2014:13:25:44 +0100] "GET /seiten/start.htm HTTP/1.1" 200 4313 "http://kochanelli.com/" "Mozilla/4.0 (compatible; MSIE 6.0; Windows NT 5.1; SV1; FunWebProducts; MRA 4.6 (build 01425); .NET CLR 1.1.4322; .NET CLR 2.0.50727)"
92.249.127.111 - - [07/Mar/2014:13:25:44 +0100] "GET /seiten/start.htm HTTP/1.1" 200 4313 "http://kochanelli.com/" "Mozilla/4.0 (compatible; MSIE 6.0; Windows NT 5.1; SV1; FunWebProducts; MRA 4.6 (build 01425); .NET CLR 1.1.4322; .NET CLR 2.0.50727)"
92.249.127.111 - - [07/Mar/2014:13:25:45 +0100] "GET /seiten/start.htm HTTP/1.1" 200 4313 "http://kochanelli.com/" "Mozilla/4.0 (compatible; MSIE 6.0; Windows NT 5.1; SV1; FunWebProducts; MRA 4.6 (build 01425); .NET CLR 1.1.4322; .NET CLR 2.0.50727)"
92.249.127.111 - - [07/Mar/2014:13:25:45 +0100] "GET /seiten/start.htm HTTP/1.1" 200 4313 "http://kochanelli.com/" "Mozilla/4.0 (compatible; MSIE 6.0; Windows NT 5.1; SV1; FunWebProducts; MRA 4.6 (build 01425); .NET CLR 1.1.4322; .NET CLR 2.0.50727)"
92.249.127.111 - - [07/Mar/2014:13:25:45 +0100] "GET /seiten/start.htm HTTP/1.1" 200 4313 "http://kochanelli.com/" "Mozilla/4.0 (compatible; MSIE 6.0; Windows NT 5.1; SV1; FunWebProducts; MRA 4.6 (build 01425); .NET CLR 1.1.4322; .NET CLR 2.0.50727)"
220.181.108.85 - - [07/Mar/2014:13:53:26 +0100] "GET / HTTP/1.1" 200 2301 "-" "Mozilla/5.0 (compatible; Baiduspider/2.0; +http://www.baidu.com/search/spider.html)"
123.125.71.39 - - [07/Mar/2014:13:54:42 +0100] "GET / HTTP/1.1" 200 2301 "-" "Mozilla/5.0 (compatible; Baiduspider/2.0; +http://www.baidu.com/search/spider.html)"
66.249.76.33 - - [07/Mar/2014:14:15:06 +0100] "GET /seiten/praxis.htm HTTP/1.1" 304 - "-" "Mozilla/5.0 (iPhone; CPU iPhone OS 6_0 like Mac OS X) AppleWebKit/536.26 (KHTML, like Gecko) Version/6.0 Mobile/10A5376e Safari/8536.25 (compatible; Googlebot/2.1; +http://www.google.com/bot.html)"
105.140.247.136 - - [07/Mar/2014:15:02:12 +0100] "GET /img/dialyse.jpg HTTP/1.1" 200 21241 "http://www.searchmobileonline.com/simages?q=dialyse&act=3&cat=IMAGES" "Mozilla/5.0 (Linux; U; Android 2.3.5; fr-es; HTC/DesireS/2.10.161.5 Build/GRJ90) AppleWebKit/533.1 (KHTML, like Gecko) Version/4.0 Mobile Safari/533.1"
157.56.92.142 - - [07/Mar/2014:19:09:16 +0100] "GET /robots.txt HTTP/1.1" 404 1256 "-" "Mozilla/5.0 (compatible; bingbot/2.0; +http://www.bing.com/bingbot.htm)"
157.56.92.142 - - [07/Mar/2014:19:21:56 +0100] "GET /seiten/start.htm HTTP/1.1" 200 4313 "-" "Mozilla/5.0 (compatible; bingbot/2.0; +http://www.bing.com/bingbot.htm)"
65.55.24.219 - - [07/Mar/2014:19:22:36 +0100] "GET /scripte/basics.js HTTP/1.1" 200 1078 "-" "Mozilla/5.0 (compatible; bingbot/2.0; +http://www.bing.com/bingbot.htm)"
65.55.24.219 - - [07/Mar/2014:19:22:37 +0100] "GET /css/style.css HTTP/1.1" 200 3212 "-" "Mozilla/5.0 (compatible; bingbot/2.0; +http://www.bing.com/bingbot.htm)"
66.249.65.160 - - [07/Mar/2014:20:12:08 +0100] "GET /robots.txt HTTP/1.1" 404 1256 "-" "Mozilla/5.0 (compatible; Googlebot/2.1; +http://www.google.com/bot.html)"
66.249.65.96 - - [07/Mar/2014:20:12:08 +0100] "GET / HTTP/1.1" 200 2301 "-" "SAMSUNG-SGH-E250/1.0 Profile/MIDP-2.0 Configuration/CLDC-1.1 UP.Browser/6.2.3.3.c.1.101 (GUI) MMP/2.0 (compatible; Googlebot-Mobile/2.1; +http://www.google.com/bot.html)"
157.55.34.168 - - [07/Mar/2014:20:25:54 +0100] "GET /seiten/praxis.htm HTTP/1.1" 200 5018 "-" "Mozilla/5.0 (compatible; bingbot/2.0; +http://www.bing.com/bingbot.htm)"
66.249.65.128 - - [07/Mar/2014:20:54:04 +0100] "GET / HTTP/1.1" 200 2301 "-" "Mozilla/5.0 (compatible; Googlebot/2.1; +http://www.google.com/bot.html)"
64.246.165.50 - - [07/Mar/2014:21:27:44 +0100] "GET /robots.txt HTTP/1.0" 404 1256 "-" "Mozilla/5.0 (Windows; U; Windows NT 5.1; en; rv:1.9.0.13) Gecko/2009073022 Firefox/3.5.2 (.NET CLR 3.5.30729) SurveyBot/2.3 (DomainTools)"
64.246.165.50 - - [07/Mar/2014:21:27:44 +0100] "GET / HTTP/1.1" 200 2301 "http://whois.domaintools.com/dialyse-in-salzwedel.de" "Mozilla/5.0 (Windows; U; Windows NT 5.1; en; rv:1.9.0.13) Gecko/2009073022 Firefox/3.5.2 (.NET CLR 3.5.30729) SurveyBot/2.3 (DomainTools)"
66.249.65.160 - - [07/Mar/2014:21:34:05 +0100] "GET /seiten/start.htm HTTP/1.1" 304 - "-" "Mozilla/5.0 (compatible; Googlebot/2.1; +http://www.google.com/bot.html)"
66.249.73.64 - - [07/Mar/2014:22:15:52 +0100] "GET /seiten/start.htm HTTP/1.1" 200 4313 "-" "Mozilla/5.0 (compatible; Googlebot/2.1; +http://www.google.com/bot.html)"
94.153.65.49 - - [08/Mar/2014:00:28:18 +0100] "GET /seiten/start.htm HTTP/1.1" 200 4313 "http://www.vegascosmetics.ru/" "Mozilla/4.0 (compatible; MSIE 6.0; Windows NT 5.0; Avant Browser [avantbrowser.com]; Hotbar 4.4.5.0)"
94.153.65.49 - - [08/Mar/2014:00:28:18 +0100] "GET /seiten/start.htm HTTP/1.1" 200 4313 "http://www.vegascosmetics.ru/" "Mozilla/4.0 (compatible; MSIE 6.0; Windows NT 5.0; Avant Browser [avantbrowser.com]; Hotbar 4.4.5.0)"
94.153.65.49 - - [08/Mar/2014:00:28:19 +0100] "GET /seiten/start.htm HTTP/1.1" 200 4313 "http://www.vegascosmetics.ru/" "Mozilla/4.0 (compatible; MSIE 6.0; Windows NT 5.0; Avant Browser [avantbrowser.com]; Hotbar 4.4.5.0)"
134.249.76.140 - - [08/Mar/2014:01:10:22 +0100] "GET /seiten/start.htm HTTP/1.1" 200 4313 "http://bag77.ru/" "Mozilla/4.0 (compatible; MSIE 6.0; Windows NT 5.1; SV1; FunWebProducts; MRA 4.6 (build 01425); .NET CLR 1.1.4322; .NET CLR 2.0.50727)"
134.249.76.140 - - [08/Mar/2014:01:10:22 +0100] "GET /seiten/start.htm HTTP/1.1" 200 4313 "http://bag77.ru/" "Mozilla/4.0 (compatible; MSIE 6.0; Windows NT 5.1; SV1; FunWebProducts; MRA 4.6 (build 01425); .NET CLR 1.1.4322; .NET CLR 2.0.50727)"
134.249.76.140 - - [08/Mar/2014:01:10:23 +0100] "GET /seiten/start.htm HTTP/1.1" 200 4313 "http://bag77.ru/" "Mozilla/4.0 (compatible; MSIE 6.0; Windows NT 5.1; SV1; FunWebProducts; MRA 4.6 (build 01425); .NET CLR 1.1.4322; .NET CLR 2.0.50727)"
148.251.11.148 - - [08/Mar/2014:01:14:49 +0100] "GET /robots.txt HTTP/1.1" 404 1256 "-" "Apache-HttpClient/4.3 (java 1.5)"
148.251.11.148 - - [08/Mar/2014:01:14:49 +0100] "GET / HTTP/1.1" 200 2301 "-" "Apache-HttpClient/4.3 (java 1.5)"
123.125.71.35 - - [08/Mar/2014:01:47:56 +0100] "GET / HTTP/1.1" 200 2301 "-" "Mozilla/5.0 (compatible; Baiduspider/2.0; +http://www.baidu.com/search/spider.html)"
220.181.108.103 - - [08/Mar/2014:01:49:15 +0100] "GET / HTTP/1.1" 200 2301 "-" "Mozilla/5.0 (compatible; Baiduspider/2.0; +http://www.baidu.com/search/spider.html)"
82.193.99.33 - - [08/Mar/2014:03:14:05 +0100] "GET /seiten/start.htm HTTP/1.1" 200 4313 "http://lovecs.ru/" "Mozilla/4.0 (compatible; MSIE 6.0; Windows NT 5.2; WOW64; SV1; .NET CLR 2.0.50727)"
82.193.99.33 - - [08/Mar/2014:03:14:06 +0100] "GET /seiten/start.htm HTTP/1.1" 200 4313 "http://lovecs.ru/" "Mozilla/4.0 (compatible; MSIE 6.0; Windows NT 5.2; WOW64; SV1; .NET CLR 2.0.50727)"
82.193.99.33 - - [08/Mar/2014:03:14:07 +0100] "GET /seiten/start.htm HTTP/1.1" 200 4313 "http://lovecs.ru/" "Mozilla/4.0 (compatible; MSIE 6.0; Windows NT 5.2; WOW64; SV1; .NET CLR 2.0.50727)"
157.55.34.168 - - [08/Mar/2014:07:47:09 +0100] "GET /robots.txt HTTP/1.1" 404 1256 "-" "Mozilla/5.0 (compatible; bingbot/2.0; +http://www.bing.com/bingbot.htm)"
157.55.34.168 - - [08/Mar/2014:07:48:22 +0100] "GET /seiten/leistungen.htm HTTP/1.1" 200 5060 "-" "Mozilla/5.0 (compatible; bingbot/2.0; +http://www.bing.com/bingbot.htm)"
65.55.24.219 - - [08/Mar/2014:08:20:51 +0100] "GET /css/style.css HTTP/1.1" 200 3212 "-" "Mozilla/5.0 (compatible; bingbot/2.0; +http://www.bing.com/bingbot.htm)"
65.55.24.219 - - [08/Mar/2014:08:20:51 +0100] "GET /scripte/basics.js HTTP/1.1" 200 1078 "-" "Mozilla/5.0 (compatible; bingbot/2.0; +http://www.bing.com/bingbot.htm)"
157.56.92.142 - - [08/Mar/2014:09:22:14 +0100] "GET /robots.txt HTTP/1.1" 404 1256 "-" "Mozilla/5.0 (compatible; bingbot/2.0; +http://www.bing.com/bingbot.htm)"
157.55.34.168 - - [08/Mar/2014:09:42:04 +0100] "GET /seiten/praxis.htm HTTP/1.1" 200 5018 "-" "Mozilla/5.0 (compatible; bingbot/2.0; +http://www.bing.com/bingbot.htm)"
157.55.34.168 - - [08/Mar/2014:09:42:24 +0100] "GET /img/men09.gif HTTP/1.1" 200 1200 "-" "Mozilla/5.0 (compatible; bingbot/2.0; +http://www.bing.com/bingbot.htm)"
157.55.34.168 - - [08/Mar/2014:09:42:26 +0100] "GET /img/men05.gif HTTP/1.1" 200 1042 "-" "Mozilla/5.0 (compatible; bingbot/2.0; +http://www.bing.com/bingbot.htm)"
157.55.34.168 - - [08/Mar/2014:09:42:27 +0100] "GET /img/head.gif HTTP/1.1" 200 4213 "-" "Mozilla/5.0 (compatible; bingbot/2.0; +http://www.bing.com/bingbot.htm)"
157.56.92.142 - - [08/Mar/2014:09:43:26 +0100] "GET /img/lay03.gif HTTP/1.1" 200 253 "-" "Mozilla/5.0 (compatible; bingbot/2.0; +http://www.bing.com/bingbot.htm)"
157.56.92.142 - - [08/Mar/2014:09:43:27 +0100] "GET /img/bg03.gif HTTP/1.1" 200 84 "-" "Mozilla/5.0 (compatible; bingbot/2.0; +http://www.bing.com/bingbot.htm)"
157.56.92.142 - - [08/Mar/2014:09:43:27 +0100] "GET /img/men06.gif HTTP/1.1" 200 904 "-" "Mozilla/5.0 (compatible; bingbot/2.0; +http://www.bing.com/bingbot.htm)"
157.55.34.29 - - [08/Mar/2014:09:44:12 +0100] "GET /img/bg04.gif HTTP/1.1" 200 92 "-" "Mozilla/5.0 (compatible; bingbot/2.0; +http://www.bing.com/bingbot.htm)"
157.55.34.29 - - [08/Mar/2014:09:44:12 +0100] "GET /img/bg02.gif HTTP/1.1" 200 67 "-" "Mozilla/5.0 (compatible; bingbot/2.0; +http://www.bing.com/bingbot.htm)"
157.55.34.29 - - [08/Mar/2014:09:44:12 +0100] "GET /img/lay02.gif HTTP/1.1" 200 153 "-" "Mozilla/5.0 (compatible; bingbot/2.0; +http://www.bing.com/bingbot.htm)"
157.55.34.29 - - [08/Mar/2014:09:44:13 +0100] "GET /img/lay04.gif HTTP/1.1" 200 272 "-" "Mozilla/5.0 (compatible; bingbot/2.0; +http://www.bing.com/bingbot.htm)"
157.55.34.29 - - [08/Mar/2014:09:44:13 +0100] "GET /img/men01.gif HTTP/1.1" 200 702 "-" "Mozilla/5.0 (compatible; bingbot/2.0; +http://www.bing.com/bingbot.htm)"
157.55.34.29 - - [08/Mar/2014:09:44:13 +0100] "GET /img/praxis.jpg HTTP/1.1" 200 13082 "-" "Mozilla/5.0 (compatible; bingbot/2.0; +http://www.bing.com/bingbot.htm)"
157.55.34.29 - - [08/Mar/2014:09:44:13 +0100] "GET /img/men07.gif HTTP/1.1" 200 893 "-" "Mozilla/5.0 (compatible; bingbot/2.0; +http://www.bing.com/bingbot.htm)"
94.153.65.49 - - [08/Mar/2014:09:53:33 +0100] "GET /seiten/start.htm HTTP/1.1" 200 4313 "http://www.sportbetfair.com/" "Mozilla/4.0 (compatible; MSIE 6.0; Update a; AOL 6.0; Windows 98)"
94.153.65.49 - - [08/Mar/2014:09:53:34 +0100] "GET /seiten/start.htm HTTP/1.1" 200 4313 "http://www.sportbetfair.com/" "Mozilla/4.0 (compatible; MSIE 6.0; Update a; AOL 6.0; Windows 98)"
94.153.65.49 - - [08/Mar/2014:09:53:34 +0100] "GET /seiten/start.htm HTTP/1.1" 200 4313 "http://www.sportbetfair.com/" "Mozilla/4.0 (compatible; MSIE 6.0; Update a; AOL 6.0; Windows 98)"
157.56.92.177 - - [08/Mar/2014:09:54:01 +0100] "GET /img/bg01.gif HTTP/1.1" 200 70 "-" "Mozilla/5.0 (compatible; bingbot/2.0; +http://www.bing.com/bingbot.htm)"
157.56.92.177 - - [08/Mar/2014:09:54:01 +0100] "GET /img/men02.gif HTTP/1.1" 200 758 "-" "Mozilla/5.0 (compatible; bingbot/2.0; +http://www.bing.com/bingbot.htm)"
157.56.92.177 - - [08/Mar/2014:09:54:01 +0100] "GET /img/lay01.gif HTTP/1.1" 200 149 "-" "Mozilla/5.0 (compatible; bingbot/2.0; +http://www.bing.com/bingbot.htm)"
157.56.92.177 - - [08/Mar/2014:09:54:02 +0100] "GET /img/meno01.gif HTTP/1.1" 200 938 "-" "Mozilla/5.0 (compatible; bingbot/2.0; +http://www.bing.com/bingbot.htm)"
157.56.92.177 - - [08/Mar/2014:09:54:02 +0100] "GET /img/men08.gif HTTP/1.1" 200 1069 "-" "Mozilla/5.0 (compatible; bingbot/2.0; +http://www.bing.com/bingbot.htm)"
157.56.92.177 - - [08/Mar/2014:09:54:02 +0100] "GET /img/men04.gif HTTP/1.1" 200 1234 "-" "Mozilla/5.0 (compatible; bingbot/2.0; +http://www.bing.com/bingbot.htm)"
220.181.108.103 - - [08/Mar/2014:11:03:22 +0100] "GET / HTTP/1.1" 200 2301 "-" "Mozilla/5.0 (compatible; Baiduspider/2.0; +http://www.baidu.com/search/spider.html)"
123.125.71.29 - - [08/Mar/2014:11:06:51 +0100] "GET / HTTP/1.1" 200 2301 "-" "Mozilla/5.0 (compatible; Baiduspider/2.0; +http://www.baidu.com/search/spider.html)"
66.249.65.128 - - [08/Mar/2014:11:54:10 +0100] "GET /robots.txt HTTP/1.1" 404 1256 "-" "Mozilla/5.0 (compatible; Googlebot/2.1; +http://www.google.com/bot.html)"
66.249.73.54 - - [08/Mar/2014:11:55:26 +0100] "GET /css/style.css HTTP/1.1" 200 3212 "-" "Mozilla/5.0 (compatible; Googlebot/2.1; +http://www.google.com/bot.html)"
157.55.34.29 - - [08/Mar/2014:11:58:30 +0100] "GET /robots.txt HTTP/1.1" 404 1256 "-" "Mozilla/5.0 (compatible; bingbot/2.0; +http://www.bing.com/bingbot.htm)"
157.55.34.29 - - [08/Mar/2014:12:00:01 +0100] "GET /seiten/impressum.htm HTTP/1.1" 200 6907 "-" "Mozilla/5.0 (compatible; bingbot/2.0; +http://www.bing.com/bingbot.htm)"
157.55.34.168 - - [08/Mar/2014:12:00:54 +0100] "GET /img/men03.gif HTTP/1.1" 200 999 "-" "Mozilla/5.0 (compatible; bingbot/2.0; +http://www.bing.com/bingbot.htm)"
157.55.34.29 - - [08/Mar/2014:12:02:23 +0100] "GET /img/men07.gif HTTP/1.1" 200 893 "-" "Mozilla/5.0 (compatible; bingbot/2.0; +http://www.bing.com/bingbot.htm)"
46.118.115.66 - - [08/Mar/2014:12:48:46 +0100] "GET /seiten/start.htm HTTP/1.1" 200 4313 "http://www.world-mmo.com/" "Mozilla/4.0 (compatible; MSIE 6.0; MSIE 5.5; Windows NT 4.0) Opera 7.0 [en]"
46.118.115.66 - - [08/Mar/2014:12:48:47 +0100] "GET /seiten/start.htm HTTP/1.1" 200 4313 "http://www.world-mmo.com/" "Mozilla/4.0 (compatible; MSIE 6.0; MSIE 5.5; Windows NT 4.0) Opera 7.0 [en]"
46.118.115.66 - - [08/Mar/2014:12:48:47 +0100] "GET /seiten/start.htm HTTP/1.1" 200 4313 "http://www.world-mmo.com/" "Mozilla/4.0 (compatible; MSIE 6.0; MSIE 5.5; Windows NT 4.0) Opera 7.0 [en]"
199.30.25.200 - - [08/Mar/2014:13:01:18 +0100] "GET /img/head.gif HTTP/1.1" 200 4213 "http://www.dialyse-in-salzwedel.de/seiten/impressum.htm" "Mozilla/5.0 (Windows NT 6.1; WOW64) AppleWebKit/534+ (KHTML, like Gecko) BingPreview/1.0b"
199.30.25.200 - - [08/Mar/2014:13:01:20 +0100] "GET /img/meno07.gif HTTP/1.1" 200 1052 "http://www.dialyse-in-salzwedel.de/seiten/impressum.htm" "Mozilla/5.0 (Windows NT 6.1; WOW64) AppleWebKit/534+ (KHTML, like Gecko) BingPreview/1.0b"
66.249.65.128 - - [08/Mar/2014:13:02:30 +0100] "GET /robots.txt HTTP/1.1" 404 1256 "-" "Mozilla/5.0 (compatible; Googlebot/2.1; +http://www.google.com/bot.html)"
66.249.65.160 - - [08/Mar/2014:13:02:30 +0100] "GET /seiten/start.htm HTTP/1.1" 304 - "-" "SAMSUNG-SGH-E250/1.0 Profile/MIDP-2.0 Configuration/CLDC-1.1 UP.Browser/6.2.3.3.c.1.101 (GUI) MMP/2.0 (compatible; Googlebot-Mobile/2.1; +http://www.google.com/bot.html)"
66.249.73.65 - - [08/Mar/2014:13:44:20 +0100] "GET /seiten/start.htm HTTP/1.1" 304 - "-" "Mozilla/5.0 (iPhone; CPU iPhone OS 6_0 like Mac OS X) AppleWebKit/536.26 (KHTML, like Gecko) Version/6.0 Mobile/10A5376e Safari/8536.25 (compatible; Googlebot/2.1; +http://www.google.com/bot.html)"
178.137.82.209 - - [08/Mar/2014:15:54:37 +0100] "GET /seiten/start.htm HTTP/1.1" 200 4313 "http://www.sax-sex.com/" "Mozilla/4.0 (compatible; MSIE 5.5; Windows NT 4.0)"
178.137.82.209 - - [08/Mar/2014:15:54:37 +0100] "GET /seiten/start.htm HTTP/1.1" 200 4313 "http://www.sax-sex.com/" "Mozilla/4.0 (compatible; MSIE 5.5; Windows NT 4.0)"
178.137.82.209 - - [08/Mar/2014:15:54:46 +0100] "GET /seiten/start.htm HTTP/1.1" 200 4313 "http://www.sax-sex.com/" "Mozilla/4.0 (compatible; MSIE 5.5; Windows NT 4.0)"
66.249.73.35 - - [08/Mar/2014:16:40:17 +0100] "GET /seiten/impressum.htm HTTP/1.1" 304 - "-" "Mozilla/5.0 (iPhone; CPU iPhone OS 6_0 like Mac OS X) AppleWebKit/536.26 (KHTML, like Gecko) Version/6.0 Mobile/10A5376e Safari/8536.25 (compatible; Googlebot/2.1; +http://www.google.com/bot.html)"
199.58.86.211 - - [08/Mar/2014:17:27:55 +0100] "GET /robots.txt HTTP/1.0" 404 1256 "-" "Mozilla/5.0 (compatible; MJ12bot/v1.4.4; http://www.majestic12.co.uk/bot.php?+)"
199.58.86.211 - - [08/Mar/2014:17:27:57 +0100] "GET / HTTP/1.0" 200 2301 "-" "Mozilla/5.0 (compatible; MJ12bot/v1.4.4; http://www.majestic12.co.uk/bot.php?+)"
66.249.73.33 - - [08/Mar/2014:17:28:38 +0100] "GET /seiten/start.htm HTTP/1.1" 304 - "-" "DoCoMo/2.0 N905i(c100;TB;W24H16) (compatible; Googlebot-Mobile/2.1; +http://www.google.com/bot.html)"
157.55.34.168 - - [08/Mar/2014:18:42:51 +0100] "GET /robots.txt HTTP/1.1" 404 1256 "-" "Mozilla/5.0 (compatible; bingbot/2.0; +http://www.bing.com/bingbot.htm)"
157.55.34.168 - - [08/Mar/2014:18:45:09 +0100] "GET /seiten/dialyse.htm HTTP/1.1" 200 4906 "-" "Mozilla/5.0 (compatible; bingbot/2.0; +http://www.bing.com/bingbot.htm)"
65.55.52.112 - - [08/Mar/2014:19:50:37 +0100] "GET /seiten/kontakt.htm HTTP/1.1" 200 5472 "-" "Mozilla/5.0 (compatible; bingbot/2.0; +http://www.bing.com/bingbot.htm)"
157.55.34.29 - - [08/Mar/2014:19:57:14 +0100] "GET /css/style.css HTTP/1.1" 200 3212 "-" "Mozilla/5.0 (compatible; bingbot/2.0; +http://www.bing.com/bingbot.htm)"
157.55.34.29 - - [08/Mar/2014:19:57:14 +0100] "GET /scripte/basics.js HTTP/1.1" 200 1078 "-" "Mozilla/5.0 (compatible; bingbot/2.0; +http://www.bing.com/bingbot.htm)"
220.181.108.86 - - [08/Mar/2014:20:54:24 +0100] "GET / HTTP/1.1" 200 2301 "-" "Mozilla/5.0 (compatible; Baiduspider/2.0; +http://www.baidu.com/search/spider.html)"
123.125.71.34 - - [08/Mar/2014:21:04:51 +0100] "GET / HTTP/1.1" 200 2301 "-" "Mozilla/5.0 (compatible; Baiduspider/2.0; +http://www.baidu.com/search/spider.html)"
74.52.245.146 - - [08/Mar/2014:22:25:36 +0100] "GET / HTTP/1.0" 200 2301 "-" "Mozilla/5.0 (X11; U; Linux i686; en-US; rv:1.7.5) Gecko/20041107 Firefox/1.0"
195.242.218.133 - - [08/Mar/2014:23:29:19 +0100] "GET /seiten/start.htm HTTP/1.1" 200 4313 "http://kherson-apartments.ru/article_2.php" "Mozilla/4.0 (compatible; MSIE 6.0; Windows NT 5.1; SV1; InfoPath.1"
195.242.218.133 - - [08/Mar/2014:23:29:20 +0100] "GET /seiten/start.htm HTTP/1.1" 200 4313 "http://kherson-apartments.ru/article_2.php" "Mozilla/4.0 (compatible; MSIE 6.0; Windows NT 5.1; SV1; InfoPath.1"
195.242.218.133 - - [08/Mar/2014:23:29:21 +0100] "GET /seiten/start.htm HTTP/1.1" 200 4313 "http://kherson-apartments.ru/article_2.php" "Mozilla/4.0 (compatible; MSIE 6.0; Windows NT 5.1; SV1; InfoPath.1"
66.249.73.65 - - [09/Mar/2014:00:14:32 +0100] "GET / HTTP/1.1" 200 2301 "-" "Mozilla/5.0 (iPhone; CPU iPhone OS 6_0 like Mac OS X) AppleWebKit/536.26 (KHTML, like Gecko) Version/6.0 Mobile/10A5376e Safari/8536.25 (compatible; Googlebot/2.1; +http://www.google.com/bot.html)"
66.249.65.96 - - [09/Mar/2014:00:16:06 +0100] "GET /seiten/start.htm HTTP/1.1" 200 4313 "-" "Mozilla/5.0 (iPhone; CPU iPhone OS 6_0 like Mac OS X) AppleWebKit/536.26 (KHTML, like Gecko) Version/6.0 Mobile/10A5376e Safari/8536.25 (compatible; Googlebot/2.1; +http://www.google.com/bot.html)"
144.76.42.76 - - [09/Mar/2014:01:18:46 +0100] "GET / HTTP/1.1" 200 2301 "-" "Mozilla/5.0 (Macintosh; Intel Mac OS X 10_8_2) AppleWebKit/537.17 (KHTML, like Gecko) Chrome/24.0.1312.52 Safari/537.17"
144.76.42.76 - - [09/Mar/2014:01:18:46 +0100] "GET /seiten/start.htm HTTP/1.1" 200 4313 "-" "Mozilla/5.0 (Macintosh; Intel Mac OS X 10_8_2) AppleWebKit/537.17 (KHTML, like Gecko) Chrome/24.0.1312.52 Safari/537.17"
66.249.65.128 - - [09/Mar/2014:01:22:25 +0100] "GET /robots.txt HTTP/1.1" 404 1256 "-" "Mozilla/5.0 (compatible; Googlebot/2.1; +http://www.google.com/bot.html)"
66.249.65.128 - - [09/Mar/2014:01:22:25 +0100] "GET /seiten/leistungen.htm HTTP/1.1" 304 - "-" "Mozilla/5.0 (iPhone; CPU iPhone OS 6_0 like Mac OS X) AppleWebKit/536.26 (KHTML, like Gecko) Version/6.0 Mobile/10A5376e Safari/8536.25 (compatible; Googlebot/2.1; +http://www.google.com/bot.html)"
66.249.73.33 - - [09/Mar/2014:05:54:36 +0100] "GET /seiten/impressum.htm HTTP/1.1" 304 - "-" "DoCoMo/2.0 N905i(c100;TB;W24H16) (compatible; Googlebot-Mobile/2.1; +http://www.google.com/bot.html)"
220.181.108.84 - - [09/Mar/2014:06:04:46 +0100] "GET / HTTP/1.1" 200 2301 "-" "Mozilla/5.0 (compatible; Baiduspider/2.0; +http://www.baidu.com/search/spider.html)"
109.120.157.179 - - [09/Mar/2014:07:56:31 +0100] "GET /seiten/start.htm HTTP/1.1" 200 4313 "http://romhacking.net.ru" "Mozilla/5.0 (compatible; Add Catalog/2.1;)"
109.120.157.179 - - [09/Mar/2014:07:56:32 +0100] "GET /seiten/start.htm HTTP/1.1" 200 4313 "http://romhacking.net.ru" "Mozilla/5.0 (compatible; Add Catalog/2.1;)"
193.150.120.33 - - [09/Mar/2014:09:13:54 +0100] "GET /seiten/start.htm HTTP/1.1" 200 4313 "http://plastweb.ru/" "Mozilla/4.0 (compatible; MSIE 6.0; Windows NT 5.0; KTXN)"
193.150.120.33 - - [09/Mar/2014:09:13:56 +0100] "GET /seiten/start.htm HTTP/1.1" 200 4313 "http://plastweb.ru/" "Mozilla/4.0 (compatible; MSIE 6.0; Windows NT 5.0; KTXN)"
193.150.120.33 - - [09/Mar/2014:09:13:58 +0100] "GET /seiten/start.htm HTTP/1.1" 200 4313 "http://plastweb.ru/" "Mozilla/4.0 (compatible; MSIE 6.0; Windows NT 5.0; KTXN)"
193.150.120.33 - - [09/Mar/2014:09:14:41 +0100] "GET /seiten/start.htm HTTP/1.1" 200 4313 "http://otoplenieru.ru/" "Mozilla/4.0 (compatible; MSIE 6.0; Windows NT 5.0)"
193.150.120.33 - - [09/Mar/2014:09:14:44 +0100] "GET /seiten/start.htm HTTP/1.1" 200 4313 "http://otoplenieru.ru/" "Mozilla/4.0 (compatible; MSIE 6.0; Windows NT 5.0)"
193.150.120.33 - - [09/Mar/2014:09:14:46 +0100] "GET /seiten/start.htm HTTP/1.1" 200 4313 "http://otoplenieru.ru/" "Mozilla/4.0 (compatible; MSIE 6.0; Windows NT 5.0)"
66.249.73.33 - - [09/Mar/2014:10:14:35 +0100] "GET /seiten/kontakt.htm HTTP/1.1" 304 - "-" "DoCoMo/2.0 N905i(c100;TB;W24H16) (compatible; Googlebot-Mobile/2.1; +http://www.google.com/bot.html)"
178.137.128.213 - - [09/Mar/2014:10:50:44 +0100] "GET /seiten/start.htm HTTP/1.1" 200 4313 "http://rangapoker.com/_/ruletka" "Mozilla/4.0 (compatible; MSIE 6.0; Windows NT 5.1; en) Opera 9.0"
178.137.128.213 - - [09/Mar/2014:10:50:44 +0100] "GET /seiten/start.htm HTTP/1.1" 200 4313 "http://rangapoker.com/_/ruletka" "Mozilla/4.0 (compatible; MSIE 6.0; Windows NT 5.1; en) Opera 9.0"
178.137.128.213 - - [09/Mar/2014:10:50:44 +0100] "GET /seiten/start.htm HTTP/1.1" 200 4313 "http://rangapoker.com/_/ruletka" "Mozilla/4.0 (compatible; MSIE 6.0; Windows NT 5.1; en) Opera 9.0"
193.150.120.33 - - [09/Mar/2014:11:11:18 +0100] "GET /seiten/start.htm HTTP/1.1" 200 4313 "http://uborka-doma.net/" "Mozilla/4.0 (compatible; MSIE 6.0; Windows NT 5.2; SV1; .NET CLR 1.1.4322; .NET CLR 2.0.50727)"
193.150.120.33 - - [09/Mar/2014:11:11:20 +0100] "GET /seiten/start.htm HTTP/1.1" 200 4313 "http://uborka-doma.net/" "Mozilla/4.0 (compatible; MSIE 6.0; Windows NT 5.2; SV1; .NET CLR 1.1.4322; .NET CLR 2.0.50727)"
193.150.120.33 - - [09/Mar/2014:11:11:21 +0100] "GET /seiten/start.htm HTTP/1.1" 200 4313 "http://uborka-doma.net/" "Mozilla/4.0 (compatible; MSIE 6.0; Windows NT 5.2; SV1; .NET CLR 1.1.4322; .NET CLR 2.0.50727)"
217.69.133.223 - - [09/Mar/2014:11:13:16 +0100] "GET /robots.txt HTTP/1.1" 404 1256 "-" "Mozilla/5.0 (compatible; Linux x86_64; Mail.RU_Bot/2.0; +http://go.mail.ru/help/robots)"
217.69.133.222 - - [09/Mar/2014:11:13:17 +0100] "GET /img/meno06.gif HTTP/1.1" 200 1054 "-" "Mozilla/5.0 (compatible; Linux x86_64; Mail.RU_Bot/2.0; +http://go.mail.ru/help/robots)"
66.249.65.160 - - [09/Mar/2014:13:08:26 +0100] "GET /seiten/links.htm HTTP/1.1" 304 - "-" "Mozilla/5.0 (iPhone; CPU iPhone OS 6_0 like Mac OS X) AppleWebKit/536.26 (KHTML, like Gecko) Version/6.0 Mobile/10A5376e Safari/8536.25 (compatible; Googlebot/2.1; +http://www.google.com/bot.html)"
92.249.127.111 - - [09/Mar/2014:13:47:34 +0100] "GET /seiten/start.htm HTTP/1.1" 200 4313 "http://chimiver.info/" "Mozilla/4.0 (compatible; MSIE 7.0b; Windows NT 6.0 ; .NET CLR 2.0.50215; SL Commerce Client v1.0; Tablet PC 2.0"
92.249.127.111 - - [09/Mar/2014:13:47:35 +0100] "GET /seiten/start.htm HTTP/1.1" 200 4313 "http://chimiver.info/" "Mozilla/4.0 (compatible; MSIE 7.0b; Windows NT 6.0 ; .NET CLR 2.0.50215; SL Commerce Client v1.0; Tablet PC 2.0"
92.249.127.111 - - [09/Mar/2014:13:47:35 +0100] "GET /seiten/start.htm HTTP/1.1" 200 4313 "http://chimiver.info/" "Mozilla/4.0 (compatible; MSIE 7.0b; Windows NT 6.0 ; .NET CLR 2.0.50215; SL Commerce Client v1.0; Tablet PC 2.0"
217.69.133.222 - - [09/Mar/2014:14:10:20 +0100] "GET /robots.txt HTTP/1.1" 404 1256 "-" "Mozilla/5.0 (compatible; Linux x86_64; Mail.RU_Bot/2.0; +http://go.mail.ru/help/robots)"
217.69.133.222 - - [09/Mar/2014:14:10:21 +0100] "GET /img/meno07.gif HTTP/1.1" 200 1052 "-" "Mozilla/5.0 (compatible; Linux x86_64; Mail.RU_Bot/2.0; +http://go.mail.ru/help/robots)"
193.150.120.33 - - [09/Mar/2014:17:00:55 +0100] "GET /seiten/start.htm HTTP/1.1" 200 4313 "http://santavilla.in.ua/" "Mozilla/4.0 (compatible; MSIE 5.01; Windows 95; MSIECrawler)"
193.150.120.33 - - [09/Mar/2014:17:00:56 +0100] "GET /seiten/start.htm HTTP/1.1" 200 4313 "http://santavilla.in.ua/" "Mozilla/4.0 (compatible; MSIE 5.01; Windows 95; MSIECrawler)"
193.150.120.33 - - [09/Mar/2014:17:00:58 +0100] "GET /seiten/start.htm HTTP/1.1" 200 4313 "http://santavilla.in.ua/" "Mozilla/4.0 (compatible; MSIE 5.01; Windows 95; MSIECrawler)"
217.69.133.224 - - [09/Mar/2014:20:13:44 +0100] "GET /robots.txt HTTP/1.1" 404 1256 "-" "Mozilla/5.0 (compatible; Linux x86_64; Mail.RU_Bot/2.0; +http://go.mail.ru/help/robots)"
217.69.133.222 - - [09/Mar/2014:20:13:47 +0100] "GET /img/praxis.jpg HTTP/1.1" 200 13082 "-" "Mozilla/5.0 (compatible; Linux x86_64; Mail.RU_Bot/2.0; +http://go.mail.ru/help/robots)"
217.69.133.223 - - [09/Mar/2014:20:13:48 +0100] "GET /img/meno04.gif HTTP/1.1" 200 727 "-" "Mozilla/5.0 (compatible; Linux x86_64; Mail.RU_Bot/2.0; +http://go.mail.ru/help/robots)"
220.181.108.103 - - [09/Mar/2014:20:17:49 +0100] "GET / HTTP/1.1" 200 2301 "-" "Mozilla/5.0 (compatible; Baiduspider/2.0; +http://www.baidu.com/search/spider.html)"
123.125.71.24 - - [09/Mar/2014:20:18:21 +0100] "GET / HTTP/1.1" 200 2301 "-" "Mozilla/5.0 (compatible; Baiduspider/2.0; +http://www.baidu.com/search/spider.html)"
217.69.133.224 - - [09/Mar/2014:21:48:09 +0100] "GET /robots.txt HTTP/1.1" 404 1256 "-" "Mozilla/5.0 (compatible; Linux x86_64; Mail.RU_Bot/2.0; +http://go.mail.ru/help/robots)"
217.69.133.224 - - [09/Mar/2014:21:48:10 +0100] "GET /img/meno07.gif HTTP/1.1" 200 1052 "-" "Mozilla/5.0 (compatible; Linux x86_64; Mail.RU_Bot/2.0; +http://go.mail.ru/help/robots)"
62.219.8.234 - - [09/Mar/2014:22:44:05 +0100] "GET / HTTP/1.1" 200 2301 "-" "Mozilla/5.0 (Windows NT 5.1) AppleWebKit/537.36 (KHTML, like Gecko) Chrome/31.0.1650.63 Safari/537.36"
62.219.8.234 - - [09/Mar/2014:22:44:24 +0100] "GET /seiten/start.htm HTTP/1.1" 200 4313 "http://www.dialyse-in-salzwedel.de/" "Mozilla/5.0 (X11; Linux x86_64) AppleWebKit/537.36 (KHTML, like Gecko) Chrome/31.0.1650.63 Safari/537.36"
62.219.8.234 - - [09/Mar/2014:22:44:24 +0100] "GET /css/style.css HTTP/1.1" 200 3212 "http://www.dialyse-in-salzwedel.de/" "Mozilla/5.0 (Windows NT 6.2; WOW64) AppleWebKit/537.36 (KHTML, like Gecko) Chrome/31.0.1650.63 Safari/537.36"
62.219.8.234 - - [09/Mar/2014:22:44:24 +0100] "GET /false.htm HTTP/1.1" 200 2915 "http://www.dialyse-in-salzwedel.de/" "Mozilla/4.0 (compatible; MSIE 7.0; Windows NT 5.1)"
62.219.8.234 - - [09/Mar/2014:22:44:24 +0100] "GET /img/FL_check.swf HTTP/1.1" 200 100 "http://www.dialyse-in-salzwedel.de/" "Mozilla/5.0 (Macintosh; Intel Mac OS X 10_9_1) AppleWebKit/537.36 (KHTML, like Gecko) Chrome/31.0.1650.63 Safari/537.36"
192.114.71.13 - - [09/Mar/2014:22:44:25 +0100] "GET /img/FL_check.swf HTTP/1.0" 200 100 "-" "Mozilla/5.0 (X11; U; Linux i686; en-US; rv:1.9.2.28) Gecko"
62.219.8.234 - - [09/Mar/2014:22:44:37 +0100] "GET /seiten/praxis.htm HTTP/1.1" 200 5018 "http://www.dialyse-in-salzwedel.de/seiten/start.htm" "Mozilla/5.0 (Macintosh; Intel Mac OS X 10.8; rv:26.0) Gecko/20100101 Firefox/26.0"
62.219.8.234 - - [09/Mar/2014:22:44:37 +0100] "GET /seiten/leistungen.htm HTTP/1.1" 200 5060 "http://www.dialyse-in-salzwedel.de/seiten/start.htm" "Mozilla/5.0 (Windows NT 6.1; WOW64; Trident/7.0; rv:11.0) like Gecko"
62.219.8.234 - - [09/Mar/2014:22:44:37 +0100] "GET /seiten/links.htm HTTP/1.1" 200 5092 "http://www.dialyse-in-salzwedel.de/seiten/start.htm" "Mozilla/5.0 (Macintosh; Intel Mac OS X 10_8_5) AppleWebKit/536.30.1 (KHTML, like Gecko) Version/6.0.5 Safari/536.30.1"
62.219.8.234 - - [09/Mar/2014:22:44:37 +0100] "GET /seiten/dialyse.htm HTTP/1.1" 200 4906 "http://www.dialyse-in-salzwedel.de/seiten/start.htm" "Mozilla/5.0 (Windows NT 6.1; WOW64) AppleWebKit/537.36 (KHTML, like Gecko) Chrome/32.0.1700.41 Safari/537.36"
62.219.8.234 - - [09/Mar/2014:22:44:37 +0100] "GET /seiten/kontakt.htm HTTP/1.1" 200 5472 "http://www.dialyse-in-salzwedel.de/seiten/start.htm" "Mozilla/5.0 (Macintosh; Intel Mac OS X 10.6; rv:26.0) Gecko/20100101 Firefox/26.0"
62.219.8.234 - - [09/Mar/2014:22:44:37 +0100] "GET /seiten/impressum.htm HTTP/1.1" 200 6907 "http://www.dialyse-in-salzwedel.de/seiten/start.htm" "Mozilla/5.0 (Macintosh; Intel Mac OS X 10_8_4) AppleWebKit/537.36 (KHTML, like Gecko) Chrome/31.0.1650.63 Safari/537.36"
62.219.8.234 - - [09/Mar/2014:22:44:37 +0100] "GET /seiten/news.php HTTP/1.1" 200 4865 "http://www.dialyse-in-salzwedel.de/seiten/start.htm" "Mozilla/5.0 (Windows NT 6.2; WOW64) AppleWebKit/537.36 (KHTML, like Gecko) Chrome/31.0.1650.63 Safari/537.36"
62.219.8.234 - - [09/Mar/2014:22:44:51 +0100] "GET /seiten/kont_form.php HTTP/1.1" 200 6397 "http://www.dialyse-in-salzwedel.de/seiten/praxis.htm" "Mozilla/5.0 (X11; Linux x86_64; rv:26.0) Gecko/20100101 Firefox/26.0"
62.219.8.234 - - [09/Mar/2014:22:44:53 +0100] "GET /seiten/function.include HTTP/1.1" 404 1256 "http://www.dialyse-in-salzwedel.de/seiten/news.php" "Mozilla/5.0 (X11; Linux x86_64) AppleWebKit/537.36 (KHTML, like Gecko) Chrome/31.0.1650.57 Safari/537.36"
62.219.8.234 - - [09/Mar/2014:22:45:06 +0100] "GET /css/Salzwedel.css HTTP/1.1" 404 1256 "http://www.dialyse-in-salzwedel.de/seiten/kont_form.php" "Mozilla/5.0 (Windows NT 6.3; WOW64; rv:26.0) Gecko/20100101 Firefox/26.0"
192.114.71.13 - - [09/Mar/2014:22:45:27 +0100] "GET /img/meno06.gif HTTP/1.1" 200 1054 "-" "-"
192.114.71.13 - - [09/Mar/2014:22:45:27 +0100] "GET /img/bg02.gif HTTP/1.1" 200 67 "-" "-"
192.114.71.13 - - [09/Mar/2014:22:45:28 +0100] "GET /img/men04.gif HTTP/1.1" 200 1234 "-" "-"
192.114.71.13 - - [09/Mar/2014:22:45:29 +0100] "GET /img/head.gif HTTP/1.1" 200 4213 "-" "-"
192.114.71.13 - - [09/Mar/2014:22:45:29 +0100] "GET /img/lay03.gif HTTP/1.1" 200 253 "-" "-"
192.114.71.13 - - [09/Mar/2014:22:45:31 +0100] "GET /img/men08.gif HTTP/1.1" 200 1069 "-" "-"
192.114.71.13 - - [09/Mar/2014:22:45:31 +0100] "GET /img/men02.gif HTTP/1.1" 200 758 "-" "-"
82.80.244.57 - - [09/Mar/2014:22:45:32 +0100] "GET /img/meno01.gif HTTP/1.1" 200 938 "-" "-"
192.114.71.13 - - [09/Mar/2014:22:45:32 +0100] "GET /img/men07.gif HTTP/1.1" 200 893 "-" "-"
192.114.71.13 - - [09/Mar/2014:22:45:33 +0100] "GET /img/leist.jpg HTTP/1.1" 200 18843 "-" "-"
192.114.71.13 - - [09/Mar/2014:22:45:33 +0100] "GET /img/meno03.gif HTTP/1.1" 200 931 "-" "-"
192.114.71.13 - - [09/Mar/2014:22:45:34 +0100] "GET /img/men09.gif HTTP/1.1" 200 1200 "-" "-"
192.114.71.13 - - [09/Mar/2014:22:45:34 +0100] "GET /img/bg01.gif HTTP/1.1" 200 70 "-" "-"
192.114.71.13 - - [09/Mar/2014:22:45:34 +0100] "GET /img/men03.gif HTTP/1.1" 200 999 "-" "-"
192.114.71.13 - - [09/Mar/2014:22:45:34 +0100] "GET /img/men01.gif HTTP/1.1" 200 702 "-" "-"
192.114.71.13 - - [09/Mar/2014:22:45:35 +0100] "GET /img/bg03.gif HTTP/1.1" 200 84 "-" "-"
82.80.244.57 - - [09/Mar/2014:22:45:36 +0100] "GET /img/start.jpg HTTP/1.1" 200 18933 "-" "-"
192.114.71.13 - - [09/Mar/2014:22:45:36 +0100] "GET /img/meno05.gif HTTP/1.1" 200 788 "-" "-"
192.114.71.13 - - [09/Mar/2014:22:45:36 +0100] "GET /img/men06.gif HTTP/1.1" 200 904 "-" "-"
192.114.71.13 - - [09/Mar/2014:22:45:37 +0100] "GET /img/dialyse.jpg HTTP/1.1" 200 21241 "-" "-"
192.114.71.13 - - [09/Mar/2014:22:45:37 +0100] "GET /img/bg04.gif HTTP/1.1" 200 92 "-" "-"
192.114.71.13 - - [09/Mar/2014:22:45:38 +0100] "GET /img/meno07.gif HTTP/1.1" 200 1052 "-" "-"
192.114.71.13 - - [09/Mar/2014:22:45:38 +0100] "GET /img/bg1.gif HTTP/1.1" 404 1256 "-" "-"
192.114.71.13 - - [09/Mar/2014:22:45:38 +0100] "GET /img/praxis.jpg HTTP/1.1" 200 13082 "-" "-"
192.114.71.13 - - [09/Mar/2014:22:45:39 +0100] "GET /img/1px.gif HTTP/1.1" 200 43 "-" "-"
192.114.71.13 - - [09/Mar/2014:22:45:40 +0100] "GET /img/lay02.gif HTTP/1.1" 200 153 "-" "-"
192.114.71.13 - - [09/Mar/2014:22:45:40 +0100] "GET /img/lay04.gif HTTP/1.1" 200 272 "-" "-"
192.114.71.13 - - [09/Mar/2014:22:45:40 +0100] "GET /img/lay01.gif HTTP/1.1" 200 149 "-" "-"
82.80.244.57 - - [09/Mar/2014:22:45:41 +0100] "GET /img/sites.jpg HTTP/1.1" 200 12916 "-" "-"
192.114.71.13 - - [09/Mar/2014:22:45:41 +0100] "GET /img/meno02.gif HTTP/1.1" 200 1200 "-" "-"
192.114.71.13 - - [09/Mar/2014:22:45:42 +0100] "GET /img/men05.gif HTTP/1.1" 200 1042 "-" "-"
192.114.71.13 - - [09/Mar/2014:22:45:43 +0100] "GET /img/meno04.gif HTTP/1.1" 200 727 "-" "-"
123.125.71.44 - - [09/Mar/2014:23:59:25 +0100] "GET / HTTP/1.1" 200 2301 "-" "Mozilla/5.0 (compatible; Baiduspider/2.0; +http://www.baidu.com/search/spider.html)"
220.181.108.121 - - [10/Mar/2014:00:00:31 +0100] "GET / HTTP/1.1" 200 2301 "-" "Mozilla/5.0 (compatible; Baiduspider/2.0; +http://www.baidu.com/search/spider.html)"
46.118.115.66 - - [10/Mar/2014:01:55:04 +0100] "GET /seiten/start.htm HTTP/1.1" 200 4313 "http://igru-xbox.net/" "Mozilla/4.0 (compatible; MSIE 6.0; Windows NT 5.1; SV1; .NET CLR 1.1.4322; .NET CLR 2.0.50727)"
46.118.115.66 - - [10/Mar/2014:01:55:05 +0100] "GET /seiten/start.htm HTTP/1.1" 200 4313 "http://igru-xbox.net/" "Mozilla/4.0 (compatible; MSIE 6.0; Windows NT 5.1; SV1; .NET CLR 1.1.4322; .NET CLR 2.0.50727)"
46.118.115.66 - - [10/Mar/2014:01:55:05 +0100] "GET /seiten/start.htm HTTP/1.1" 200 4313 "http://igru-xbox.net/" "Mozilla/4.0 (compatible; MSIE 6.0; Windows NT 5.1; SV1; .NET CLR 1.1.4322; .NET CLR 2.0.50727)"
82.193.99.33 - - [10/Mar/2014:03:13:04 +0100] "GET /seiten/start.htm HTTP/1.1" 200 4313 "http://flash-igry.net/" "Mozilla/4.0 (compatible; MSIE 6.0; Windows NT 5.0; T312461)"
82.193.99.33 - - [10/Mar/2014:03:13:05 +0100] "GET /seiten/start.htm HTTP/1.1" 200 4313 "http://flash-igry.net/" "Mozilla/4.0 (compatible; MSIE 6.0; Windows NT 5.0; T312461)"
82.193.99.33 - - [10/Mar/2014:03:13:05 +0100] "GET /seiten/start.htm HTTP/1.1" 200 4313 "http://flash-igry.net/" "Mozilla/4.0 (compatible; MSIE 6.0; Windows NT 5.0; T312461)"
193.150.120.33 - - [10/Mar/2014:03:36:35 +0100] "GET /seiten/start.htm HTTP/1.1" 200 4313 "http://gcup.ru/games/Ant/" "Mozilla/4.0 (compatible; MSIE 6.0; Windows NT 5.1; Deepnet Explorer 1.5.0; .NET CLR 1.0.3705)"
193.150.120.33 - - [10/Mar/2014:03:36:36 +0100] "GET /seiten/start.htm HTTP/1.1" 200 4313 "http://gcup.ru/games/Ant/" "Mozilla/4.0 (compatible; MSIE 6.0; Windows NT 5.1; Deepnet Explorer 1.5.0; .NET CLR 1.0.3705)"
193.150.120.33 - - [10/Mar/2014:03:36:36 +0100] "GET /seiten/start.htm HTTP/1.1" 200 4313 "http://gcup.ru/games/Ant/" "Mozilla/4.0 (compatible; MSIE 6.0; Windows NT 5.1; Deepnet Explorer 1.5.0; .NET CLR 1.0.3705)"
217.69.133.221 - - [10/Mar/2014:03:59:23 +0100] "GET /robots.txt HTTP/1.1" 404 1256 "-" "Mozilla/5.0 (compatible; Linux x86_64; Mail.RU_Bot/2.0; +http://go.mail.ru/help/robots)"
217.69.133.224 - - [10/Mar/2014:03:59:24 +0100] "GET /img/meno07.gif HTTP/1.1" 200 1052 "-" "Mozilla/5.0 (compatible; Linux x86_64; Mail.RU_Bot/2.0; +http://go.mail.ru/help/robots)"
220.181.108.119 - - [10/Mar/2014:06:11:08 +0100] "GET / HTTP/1.1" 200 2301 "-" "Mozilla/5.0 (compatible; Baiduspider/2.0; +http://www.baidu.com/search/spider.html)"
123.125.71.31 - - [10/Mar/2014:06:13:42 +0100] "GET / HTTP/1.1" 200 2301 "-" "Mozilla/5.0 (compatible; Baiduspider/2.0; +http://www.baidu.com/search/spider.html)"
91.6.77.107 - - [10/Mar/2014:06:54:13 +0100] "GET / HTTP/1.1" 200 2301 "-" "Mozilla/5.0 (Linux; U; Android 4.1.2; de-US; B1-A71 Build/JZO54K) AppleWebKit/534.30 (KHTML, like Gecko) Version/4.1 Safari/534.30"
91.6.77.107 - - [10/Mar/2014:06:54:14 +0100] "GET /scripte/basics.js HTTP/1.1" 200 1078 "http://www.dialyse-in-salzwedel.de/" "Mozilla/5.0 (Linux; U; Android 4.1.2; de-US; B1-A71 Build/JZO54K) AppleWebKit/534.30 (KHTML, like Gecko) Version/4.1 Safari/534.30"
91.6.77.107 - - [10/Mar/2014:06:54:14 +0100] "GET /css/style.css HTTP/1.1" 200 3212 "http://www.dialyse-in-salzwedel.de/" "Mozilla/5.0 (Linux; U; Android 4.1.2; de-US; B1-A71 Build/JZO54K) AppleWebKit/534.30 (KHTML, like Gecko) Version/4.1 Safari/534.30"
91.6.77.107 - - [10/Mar/2014:06:54:14 +0100] "GET /seiten/start.htm HTTP/1.1" 200 4313 "http://www.dialyse-in-salzwedel.de/" "Mozilla/5.0 (Linux; U; Android 4.1.2; de-US; B1-A71 Build/JZO54K) AppleWebKit/534.30 (KHTML, like Gecko) Version/4.1 Safari/534.30"
91.6.77.107 - - [10/Mar/2014:06:54:14 +0100] "GET /img/head.gif HTTP/1.1" 200 4213 "http://www.dialyse-in-salzwedel.de/seiten/start.htm" "Mozilla/5.0 (Linux; U; Android 4.1.2; de-US; B1-A71 Build/JZO54K) AppleWebKit/534.30 (KHTML, like Gecko) Version/4.1 Safari/534.30"
91.6.77.107 - - [10/Mar/2014:06:54:14 +0100] "GET /img/men01.gif HTTP/1.1" 200 702 "http://www.dialyse-in-salzwedel.de/seiten/start.htm" "Mozilla/5.0 (Linux; U; Android 4.1.2; de-US; B1-A71 Build/JZO54K) AppleWebKit/534.30 (KHTML, like Gecko) Version/4.1 Safari/534.30"
91.6.77.107 - - [10/Mar/2014:06:54:14 +0100] "GET /img/men03.gif HTTP/1.1" 200 999 "http://www.dialyse-in-salzwedel.de/seiten/start.htm" "Mozilla/5.0 (Linux; U; Android 4.1.2; de-US; B1-A71 Build/JZO54K) AppleWebKit/534.30 (KHTML, like Gecko) Version/4.1 Safari/534.30"
91.6.77.107 - - [10/Mar/2014:06:54:14 +0100] "GET /img/men04.gif HTTP/1.1" 200 1234 "http://www.dialyse-in-salzwedel.de/seiten/start.htm" "Mozilla/5.0 (Linux; U; Android 4.1.2; de-US; B1-A71 Build/JZO54K) AppleWebKit/534.30 (KHTML, like Gecko) Version/4.1 Safari/534.30"
91.6.77.107 - - [10/Mar/2014:06:54:14 +0100] "GET /img/men05.gif HTTP/1.1" 200 1042 "http://www.dialyse-in-salzwedel.de/seiten/start.htm" "Mozilla/5.0 (Linux; U; Android 4.1.2; de-US; B1-A71 Build/JZO54K) AppleWebKit/534.30 (KHTML, like Gecko) Version/4.1 Safari/534.30"
91.6.77.107 - - [10/Mar/2014:06:54:14 +0100] "GET /img/men06.gif HTTP/1.1" 200 904 "http://www.dialyse-in-salzwedel.de/seiten/start.htm" "Mozilla/5.0 (Linux; U; Android 4.1.2; de-US; B1-A71 Build/JZO54K) AppleWebKit/534.30 (KHTML, like Gecko) Version/4.1 Safari/534.30"
91.6.77.107 - - [10/Mar/2014:06:54:14 +0100] "GET /img/men07.gif HTTP/1.1" 200 893 "http://www.dialyse-in-salzwedel.de/seiten/start.htm" "Mozilla/5.0 (Linux; U; Android 4.1.2; de-US; B1-A71 Build/JZO54K) AppleWebKit/534.30 (KHTML, like Gecko) Version/4.1 Safari/534.30"
91.6.77.107 - - [10/Mar/2014:06:54:14 +0100] "GET /img/men08.gif HTTP/1.1" 200 1069 "http://www.dialyse-in-salzwedel.de/seiten/start.htm" "Mozilla/5.0 (Linux; U; Android 4.1.2; de-US; B1-A71 Build/JZO54K) AppleWebKit/534.30 (KHTML, like Gecko) Version/4.1 Safari/534.30"
91.6.77.107 - - [10/Mar/2014:06:54:14 +0100] "GET /img/men09.gif HTTP/1.1" 200 1200 "http://www.dialyse-in-salzwedel.de/seiten/start.htm" "Mozilla/5.0 (Linux; U; Android 4.1.2; de-US; B1-A71 Build/JZO54K) AppleWebKit/534.30 (KHTML, like Gecko) Version/4.1 Safari/534.30"
