77.183.222.232 - - [13/Mar/2014:17:01:48 +0100] "GET /img/lay03.gif HTTP/1.1" 200 253 "http://www.dialyse-in-salzwedel.de/seiten/start.htm" "Mozilla/5.0 (Windows NT 6.1; WOW64) AppleWebKit/537.36 (KHTML, like Gecko) Chrome/33.0.1750.146 Safari/537.36"
77.183.222.232 - - [13/Mar/2014:17:01:48 +0100] "GET /img/1px.gif HTTP/1.1" 200 43 "http://www.dialyse-in-salzwedel.de/seiten/start.htm" "Mozilla/5.0 (Windows NT 6.1; WOW64) AppleWebKit/537.36 (KHTML, like Gecko) Chrome/33.0.1750.146 Safari/537.36"
77.183.222.232 - - [13/Mar/2014:17:01:48 +0100] "GET /img/bg02.gif HTTP/1.1" 200 67 "http://www.dialyse-in-salzwedel.de/seiten/start.htm" "Mozilla/5.0 (Windows NT 6.1; WOW64) AppleWebKit/537.36 (KHTML, like Gecko) Chrome/33.0.1750.146 Safari/537.36"
77.183.222.232 - - [13/Mar/2014:17:01:48 +0100] "GET /img/bg01.gif HTTP/1.1" 200 70 "http://www.dialyse-in-salzwedel.de/seiten/start.htm" "Mozilla/5.0 (Windows NT 6.1; WOW64) AppleWebKit/537.36 (KHTML, like Gecko) Chrome/33.0.1750.146 Safari/537.36"
77.183.222.232 - - [13/Mar/2014:17:01:48 +0100] "GET /img/lay04.gif HTTP/1.1" 200 272 "http://www.dialyse-in-salzwedel.de/seiten/start.htm" "Mozilla/5.0 (Windows NT 6.1; WOW64) AppleWebKit/537.36 (KHTML, like Gecko) Chrome/33.0.1750.146 Safari/537.36"
77.183.222.232 - - [13/Mar/2014:17:01:48 +0100] "GET /img/bg03.gif HTTP/1.1" 200 84 "http://www.dialyse-in-salzwedel.de/seiten/start.htm" "Mozilla/5.0 (Windows NT 6.1; WOW64) AppleWebKit/537.36 (KHTML, like Gecko) Chrome/33.0.1750.146 Safari/537.36"
77.183.222.232 - - [13/Mar/2014:17:01:48 +0100] "GET /img/bg04.gif HTTP/1.1" 200 92 "http://www.dialyse-in-salzwedel.de/seiten/start.htm" "Mozilla/5.0 (Windows NT 6.1; WOW64) AppleWebKit/537.36 (KHTML, like Gecko) Chrome/33.0.1750.146 Safari/537.36"
77.183.222.232 - - [13/Mar/2014:17:01:48 +0100] "GET /favicon.ico HTTP/1.1" 404 1256 "-" "Mozilla/5.0 (Windows NT 6.1; WOW64) AppleWebKit/537.36 (KHTML, like Gecko) Chrome/33.0.1750.146 Safari/537.36"
77.183.222.232 - - [13/Mar/2014:17:01:51 +0100] "GET /img/meno03.gif HTTP/1.1" 200 931 "http://www.dialyse-in-salzwedel.de/seiten/start.htm" "Mozilla/5.0 (Windows NT 6.1; WOW64) AppleWebKit/537.36 (KHTML, like Gecko) Chrome/33.0.1750.146 Safari/537.36"
77.183.222.232 - - [13/Mar/2014:17:01:51 +0100] "GET /img/meno04.gif HTTP/1.1" 200 727 "http://www.dialyse-in-salzwedel.de/seiten/start.htm" "Mozilla/5.0 (Windows NT 6.1; WOW64) AppleWebKit/537.36 (KHTML, like Gecko) Chrome/33.0.1750.146 Safari/537.36"
77.183.222.232 - - [13/Mar/2014:17:01:51 +0100] "GET /img/meno05.gif HTTP/1.1" 200 788 "http://www.dialyse-in-salzwedel.de/seiten/start.htm" "Mozilla/5.0 (Windows NT 6.1; WOW64) AppleWebKit/537.36 (KHTML, like Gecko) Chrome/33.0.1750.146 Safari/537.36"
77.183.222.232 - - [13/Mar/2014:17:01:51 +0100] "GET /img/meno06.gif HTTP/1.1" 200 1054 "http://www.dialyse-in-salzwedel.de/seiten/start.htm" "Mozilla/5.0 (Windows NT 6.1; WOW64) AppleWebKit/537.36 (KHTML, like Gecko) Chrome/33.0.1750.146 Safari/537.36"
77.183.222.232 - - [13/Mar/2014:17:01:51 +0100] "GET /img/meno07.gif HTTP/1.1" 200 1052 "http://www.dialyse-in-salzwedel.de/seiten/start.htm" "Mozilla/5.0 (Windows NT 6.1; WOW64) AppleWebKit/537.36 (KHTML, like Gecko) Chrome/33.0.1750.146 Safari/537.36"
77.183.222.232 - - [13/Mar/2014:17:01:51 +0100] "GET /img/meno06.gif HTTP/1.1" 200 1054 "http://www.dialyse-in-salzwedel.de/seiten/start.htm" "Mozilla/5.0 (Windows NT 6.1; WOW64) AppleWebKit/537.36 (KHTML, like Gecko) Chrome/33.0.1750.146 Safari/537.36"
77.183.222.232 - - [13/Mar/2014:17:01:51 +0100] "GET /img/meno05.gif HTTP/1.1" 200 788 "http://www.dialyse-in-salzwedel.de/seiten/start.htm" "Mozilla/5.0 (Windows NT 6.1; WOW64) AppleWebKit/537.36 (KHTML, like Gecko) Chrome/33.0.1750.146 Safari/537.36"
77.183.222.232 - - [13/Mar/2014:17:01:52 +0100] "GET /img/meno03.gif HTTP/1.1" 200 931 "http://www.dialyse-in-salzwedel.de/seiten/start.htm" "Mozilla/5.0 (Windows NT 6.1; WOW64) AppleWebKit/537.36 (KHTML, like Gecko) Chrome/33.0.1750.146 Safari/537.36"
77.183.222.232 - - [13/Mar/2014:17:01:52 +0100] "GET /img/meno02.gif HTTP/1.1" 200 1200 "http://www.dialyse-in-salzwedel.de/seiten/start.htm" "Mozilla/5.0 (Windows NT 6.1; WOW64) AppleWebKit/537.36 (KHTML, like Gecko) Chrome/33.0.1750.146 Safari/537.36"
77.183.222.232 - - [13/Mar/2014:17:01:52 +0100] "GET /img/meno01.gif HTTP/1.1" 200 938 "http://www.dialyse-in-salzwedel.de/seiten/start.htm" "Mozilla/5.0 (Windows NT 6.1; WOW64) AppleWebKit/537.36 (KHTML, like Gecko) Chrome/33.0.1750.146 Safari/537.36"
77.183.222.232 - - [13/Mar/2014:17:01:52 +0100] "GET /img/meno01.gif HTTP/1.1" 200 938 "http://www.dialyse-in-salzwedel.de/seiten/start.htm" "Mozilla/5.0 (Windows NT 6.1; WOW64) AppleWebKit/537.36 (KHTML, like Gecko) Chrome/33.0.1750.146 Safari/537.36"
77.183.222.232 - - [13/Mar/2014:17:01:53 +0100] "GET /seiten/praxis.htm HTTP/1.1" 200 5018 "http://www.dialyse-in-salzwedel.de/seiten/start.htm" "Mozilla/5.0 (Windows NT 6.1; WOW64) AppleWebKit/537.36 (KHTML, like Gecko) Chrome/33.0.1750.146 Safari/537.36"
77.183.222.232 - - [13/Mar/2014:17:01:53 +0100] "GET /img/praxis.jpg HTTP/1.1" 200 13082 "http://www.dialyse-in-salzwedel.de/seiten/praxis.htm" "Mozilla/5.0 (Windows NT 6.1; WOW64) AppleWebKit/537.36 (KHTML, like Gecko) Chrome/33.0.1750.146 Safari/537.36"
77.183.222.232 - - [13/Mar/2014:17:01:59 +0100] "GET /img/meno02.gif HTTP/1.1" 200 1200 "http://www.dialyse-in-salzwedel.de/seiten/praxis.htm" "Mozilla/5.0 (Windows NT 6.1; WOW64) AppleWebKit/537.36 (KHTML, like Gecko) Chrome/33.0.1750.146 Safari/537.36"
77.183.222.232 - - [13/Mar/2014:17:02:00 +0100] "GET /seiten/leistungen.htm HTTP/1.1" 200 5060 "http://www.dialyse-in-salzwedel.de/seiten/praxis.htm" "Mozilla/5.0 (Windows NT 6.1; WOW64) AppleWebKit/537.36 (KHTML, like Gecko) Chrome/33.0.1750.146 Safari/537.36"
77.183.222.232 - - [13/Mar/2014:17:02:00 +0100] "GET /img/leist.jpg HTTP/1.1" 200 18843 "http://www.dialyse-in-salzwedel.de/seiten/leistungen.htm" "Mozilla/5.0 (Windows NT 6.1; WOW64) AppleWebKit/537.36 (KHTML, like Gecko) Chrome/33.0.1750.146 Safari/537.36"
77.183.222.232 - - [13/Mar/2014:17:02:07 +0100] "GET /img/meno03.gif HTTP/1.1" 200 931 "http://www.dialyse-in-salzwedel.de/seiten/leistungen.htm" "Mozilla/5.0 (Windows NT 6.1; WOW64) AppleWebKit/537.36 (KHTML, like Gecko) Chrome/33.0.1750.146 Safari/537.36"
77.183.222.232 - - [13/Mar/2014:17:02:07 +0100] "GET /seiten/dialyse.htm HTTP/1.1" 200 4906 "http://www.dialyse-in-salzwedel.de/seiten/leistungen.htm" "Mozilla/5.0 (Windows NT 6.1; WOW64) AppleWebKit/537.36 (KHTML, like Gecko) Chrome/33.0.1750.146 Safari/537.36"
77.183.222.232 - - [13/Mar/2014:17:02:08 +0100] "GET /img/dialyse.jpg HTTP/1.1" 200 21241 "http://www.dialyse-in-salzwedel.de/seiten/dialyse.htm" "Mozilla/5.0 (Windows NT 6.1; WOW64) AppleWebKit/537.36 (KHTML, like Gecko) Chrome/33.0.1750.146 Safari/537.36"
77.183.222.232 - - [13/Mar/2014:17:02:11 +0100] "GET /img/meno05.gif HTTP/1.1" 200 788 "http://www.dialyse-in-salzwedel.de/seiten/dialyse.htm" "Mozilla/5.0 (Windows NT 6.1; WOW64) AppleWebKit/537.36 (KHTML, like Gecko) Chrome/33.0.1750.146 Safari/537.36"
77.183.222.232 - - [13/Mar/2014:17:02:11 +0100] "GET /img/meno06.gif HTTP/1.1" 200 1054 "http://www.dialyse-in-salzwedel.de/seiten/dialyse.htm" "Mozilla/5.0 (Windows NT 6.1; WOW64) AppleWebKit/537.36 (KHTML, like Gecko) Chrome/33.0.1750.146 Safari/537.36"
77.183.222.232 - - [13/Mar/2014:17:02:11 +0100] "GET /seiten/kontakt.htm HTTP/1.1" 200 5472 "http://www.dialyse-in-salzwedel.de/seiten/dialyse.htm" "Mozilla/5.0 (Windows NT 6.1; WOW64) AppleWebKit/537.36 (KHTML, like Gecko) Chrome/33.0.1750.146 Safari/537.36"
77.183.222.232 - - [13/Mar/2014:17:02:17 +0100] "GET /seiten/impressum.htm HTTP/1.1" 200 6907 "http://www.dialyse-in-salzwedel.de/seiten/kontakt.htm" "Mozilla/5.0 (Windows NT 6.1; WOW64) AppleWebKit/537.36 (KHTML, like Gecko) Chrome/33.0.1750.146 Safari/537.36"
77.183.222.232 - - [13/Mar/2014:17:02:20 +0100] "GET /img/meno05.gif HTTP/1.1" 200 788 "http://www.dialyse-in-salzwedel.de/seiten/impressum.htm" "Mozilla/5.0 (Windows NT 6.1; WOW64) AppleWebKit/537.36 (KHTML, like Gecko) Chrome/33.0.1750.146 Safari/537.36"
77.183.222.232 - - [13/Mar/2014:17:02:40 +0100] "GET /seiten/news.php HTTP/1.1" 200 4865 "http://www.dialyse-in-salzwedel.de/seiten/dialyse.htm" "Mozilla/5.0 (Windows NT 6.1; WOW64) AppleWebKit/537.36 (KHTML, like Gecko) Chrome/33.0.1750.146 Safari/537.36"
77.183.222.232 - - [13/Mar/2014:17:02:44 +0100] "GET /img/meno05.gif HTTP/1.1" 200 788 "http://www.dialyse-in-salzwedel.de/seiten/news.php" "Mozilla/5.0 (Windows NT 6.1; WOW64) AppleWebKit/537.36 (KHTML, like Gecko) Chrome/33.0.1750.146 Safari/537.36"
77.183.222.232 - - [13/Mar/2014:17:02:44 +0100] "GET /seiten/links.htm HTTP/1.1" 200 5092 "http://www.dialyse-in-salzwedel.de/seiten/news.php" "Mozilla/5.0 (Windows NT 6.1; WOW64) AppleWebKit/537.36 (KHTML, like Gecko) Chrome/33.0.1750.146 Safari/537.36"
77.183.222.232 - - [13/Mar/2014:17:02:44 +0100] "GET /img/sites.jpg HTTP/1.1" 200 12916 "http://www.dialyse-in-salzwedel.de/seiten/links.htm" "Mozilla/5.0 (Windows NT 6.1; WOW64) AppleWebKit/537.36 (KHTML, like Gecko) Chrome/33.0.1750.146 Safari/537.36"
66.249.65.96 - - [13/Mar/2014:17:57:01 +0100] "GET /robots.txt HTTP/1.1" 404 1256 "-" "Mozilla/5.0 (compatible; Googlebot/2.1; +http://www.google.com/bot.html)"
66.249.65.160 - - [13/Mar/2014:17:57:01 +0100] "GET /seiten/start.htm HTTP/1.1" 304 - "-" "Mozilla/5.0 (iPhone; CPU iPhone OS 6_0 like Mac OS X) AppleWebKit/536.26 (KHTML, like Gecko) Version/6.0 Mobile/10A5376e Safari/8536.25 (compatible; Googlebot/2.1; +http://www.google.com/bot.html)"
193.150.120.33 - - [13/Mar/2014:20:40:42 +0100] "GET /seiten/start.htm HTTP/1.1" 200 4313 "http://mp3-narezki.ru/" "Mozilla/4.0 (compatible; MSIE 6.0; Windows NT 5.0; T312461)"
193.150.120.33 - - [13/Mar/2014:20:40:42 +0100] "GET /seiten/start.htm HTTP/1.1" 200 4313 "http://mp3-narezki.ru/" "Mozilla/4.0 (compatible; MSIE 6.0; Windows NT 5.0; T312461)"
193.150.120.33 - - [13/Mar/2014:20:40:42 +0100] "GET /seiten/start.htm HTTP/1.1" 200 4313 "http://mp3-narezki.ru/" "Mozilla/4.0 (compatible; MSIE 6.0; Windows NT 5.0; T312461)"
193.150.120.33 - - [13/Mar/2014:20:40:42 +0100] "GET /seiten/start.htm HTTP/1.1" 200 4313 "http://mp3-narezki.ru/" "Mozilla/4.0 (compatible; MSIE 6.0; Windows NT 5.0; T312461)"
193.150.120.33 - - [13/Mar/2014:20:40:43 +0100] "GET /seiten/start.htm HTTP/1.1" 200 4313 "http://mp3-narezki.ru/" "Mozilla/4.0 (compatible; MSIE 6.0; Windows NT 5.0; T312461)"
193.150.120.33 - - [13/Mar/2014:20:40:43 +0100] "GET /seiten/start.htm HTTP/1.1" 200 4313 "http://mp3-narezki.ru/" "Mozilla/4.0 (compatible; MSIE 6.0; Windows NT 5.0; T312461)"
82.193.99.33 - - [13/Mar/2014:22:44:16 +0100] "GET /seiten/start.htm HTTP/1.1" 200 4313 "http://flash-igry.net/" "Mozilla/4.0 (compatible; MSIE 6.0; Windows NT 5.0; T312461)"
82.193.99.33 - - [13/Mar/2014:22:44:17 +0100] "GET /seiten/start.htm HTTP/1.1" 200 4313 "http://flash-igry.net/" "Mozilla/4.0 (compatible; MSIE 6.0; Windows NT 5.0; T312461)"
82.193.99.33 - - [13/Mar/2014:22:44:18 +0100] "GET /seiten/start.htm HTTP/1.1" 200 4313 "http://flash-igry.net/" "Mozilla/4.0 (compatible; MSIE 6.0; Windows NT 5.0; T312461)"
141.8.147.12 - - [13/Mar/2014:23:54:14 +0100] "GET /robots.txt HTTP/1.1" 404 1256 "-" "Mozilla/5.0 (compatible; YandexBot/3.0; +http://yandex.com/bots)"
141.8.147.12 - - [13/Mar/2014:23:58:44 +0100] "GET /img/FL_check.swf HTTP/1.1" 200 100 "-" "Mozilla/5.0 (compatible; YandexBot/3.0; +http://yandex.com/bots)"
144.76.183.41 - - [14/Mar/2014:01:39:40 +0100] "GET /robots.txt HTTP/1.1" 404 1256 "-" "Mozilla/5.0 (compatible; SISTRIX Crawler; http://crawler.sistrix.net/)"
144.76.183.41 - - [14/Mar/2014:01:39:40 +0100] "GET / HTTP/1.1" 206 2301 "-" "Mozilla/5.0 (compatible; SISTRIX Crawler; http://crawler.sistrix.net/)"
94.153.64.83 - - [14/Mar/2014:01:48:23 +0100] "GET /seiten/start.htm HTTP/1.1" 200 4313 "http://englishdictionaryfree.com/" "Mozilla/6.0 (compatible; MSIE 7.0a1; Windows NT 5.2; SV1)"
94.153.64.83 - - [14/Mar/2014:01:48:24 +0100] "GET /seiten/start.htm HTTP/1.1" 200 4313 "http://englishdictionaryfree.com/" "Mozilla/6.0 (compatible; MSIE 7.0a1; Windows NT 5.2; SV1)"
94.153.64.83 - - [14/Mar/2014:01:48:24 +0100] "GET /seiten/start.htm HTTP/1.1" 200 4313 "http://englishdictionaryfree.com/" "Mozilla/6.0 (compatible; MSIE 7.0a1; Windows NT 5.2; SV1)"
193.150.120.33 - - [14/Mar/2014:04:10:19 +0100] "GET /seiten/start.htm HTTP/1.1" 200 4313 "http://detalka.org/" "Mozilla/4.0 (compatible; MSIE 6.0; Windows NT 5.0; T312461)"
193.150.120.33 - - [14/Mar/2014:04:10:19 +0100] "GET /seiten/start.htm HTTP/1.1" 200 4313 "http://mp3-narezki.ru/" "Mozilla/4.0 (compatible; MSIE 6.0; Windows NT 5.0; T312461)"
193.150.120.33 - - [14/Mar/2014:04:10:19 +0100] "GET /seiten/start.htm HTTP/1.1" 200 4313 "http://detalka.org/" "Mozilla/4.0 (compatible; MSIE 6.0; Windows NT 5.0; T312461)"
193.150.120.33 - - [14/Mar/2014:04:10:19 +0100] "GET /seiten/start.htm HTTP/1.1" 200 4313 "http://mp3-narezki.ru/" "Mozilla/4.0 (compatible; MSIE 6.0; Windows NT 5.0; T312461)"
193.150.120.33 - - [14/Mar/2014:04:10:20 +0100] "GET /seiten/start.htm HTTP/1.1" 200 4313 "http://detalka.org/" "Mozilla/4.0 (compatible; MSIE 6.0; Windows NT 5.0; T312461)"
193.150.120.33 - - [14/Mar/2014:04:10:20 +0100] "GET /seiten/start.htm HTTP/1.1" 200 4313 "http://mp3-narezki.ru/" "Mozilla/4.0 (compatible; MSIE 6.0; Windows NT 5.0; T312461)"
178.255.215.73 - - [14/Mar/2014:05:47:00 +0100] "GET /robots.txt HTTP/1.1" 404 1256 "-" "Mozilla/5.0 (compatible; Exabot/3.0; +http://www.exabot.com/go/robot)"
178.255.215.73 - - [14/Mar/2014:05:47:00 +0100] "GET / HTTP/1.1" 304 - "-" "Mozilla/5.0 (compatible; Exabot/3.0; +http://www.exabot.com/go/robot)"
46.119.119.21 - - [14/Mar/2014:06:18:28 +0100] "GET /seiten/start.htm HTTP/1.1" 200 4313 "http://uborka-doma.net/" "Mozilla/4.0 (compatible; MSIE 6.0; Windows NT 5.1; Deepnet Explorer 1.5.0; .NET CLR 1.0.3705)"
46.119.119.21 - - [14/Mar/2014:06:18:29 +0100] "GET /seiten/start.htm HTTP/1.1" 200 4313 "http://uborka-doma.net/" "Mozilla/4.0 (compatible; MSIE 6.0; Windows NT 5.1; Deepnet Explorer 1.5.0; .NET CLR 1.0.3705)"
46.119.119.21 - - [14/Mar/2014:06:18:29 +0100] "GET /seiten/start.htm HTTP/1.1" 200 4313 "http://uborka-doma.net/" "Mozilla/4.0 (compatible; MSIE 6.0; Windows NT 5.1; Deepnet Explorer 1.5.0; .NET CLR 1.0.3705)"
157.55.33.88 - - [14/Mar/2014:07:41:45 +0100] "GET /robots.txt HTTP/1.1" 404 1256 "-" "Mozilla/5.0 (compatible; bingbot/2.0; +http://www.bing.com/bingbot.htm)"
157.55.33.88 - - [14/Mar/2014:07:42:15 +0100] "GET /seiten/praxis.htm HTTP/1.1" 200 5018 "-" "Mozilla/5.0 (compatible; bingbot/2.0; +http://www.bing.com/bingbot.htm)"
46.118.115.66 - - [14/Mar/2014:08:53:38 +0100] "GET /seiten/start.htm HTTP/1.1" 200 4313 "http://darkbooks.org/" "Mozilla/4.0 (compatible; MSIE 6.0; Windows NT 5.1; FREE; .NET CLR 1.1.4322)"
46.118.115.66 - - [14/Mar/2014:08:53:39 +0100] "GET /seiten/start.htm HTTP/1.1" 200 4313 "http://darkbooks.org/" "Mozilla/4.0 (compatible; MSIE 6.0; Windows NT 5.1; FREE; .NET CLR 1.1.4322)"
46.118.115.66 - - [14/Mar/2014:08:53:39 +0100] "GET /seiten/start.htm HTTP/1.1" 200 4313 "http://darkbooks.org/" "Mozilla/4.0 (compatible; MSIE 6.0; Windows NT 5.1; FREE; .NET CLR 1.1.4322)"
123.125.71.26 - - [14/Mar/2014:08:58:14 +0100] "GET / HTTP/1.1" 200 2301 "-" "Mozilla/5.0 (compatible; Baiduspider/2.0; +http://www.baidu.com/search/spider.html)"
220.181.108.97 - - [14/Mar/2014:09:00:36 +0100] "GET / HTTP/1.1" 200 2301 "-" "Mozilla/5.0 (compatible; Baiduspider/2.0; +http://www.baidu.com/search/spider.html)"
208.115.113.92 - - [14/Mar/2014:09:03:15 +0100] "GET /robots.txt HTTP/1.1" 404 1256 "-" "Mozilla/5.0 (compatible; Ezooms/1.0; help@moz.com)"
46.119.119.21 - - [14/Mar/2014:10:19:44 +0100] "GET /seiten/start.htm HTTP/1.1" 200 4313 "http://berdasovivan.ru/" "Mozilla/4.0 (compatible; MSIE 6.0; America Online Browser 1.1; rev1.2; Windows NT 5.1; SV1; .NET CLR 1.1.4322)"
46.119.119.21 - - [14/Mar/2014:10:19:44 +0100] "GET /seiten/start.htm HTTP/1.1" 200 4313 "http://berdasovivan.ru/" "Mozilla/4.0 (compatible; MSIE 6.0; America Online Browser 1.1; rev1.2; Windows NT 5.1; SV1; .NET CLR 1.1.4322)"
46.119.119.21 - - [14/Mar/2014:10:19:50 +0100] "GET /seiten/start.htm HTTP/1.1" 200 4313 "http://berdasovivan.ru/" "Mozilla/4.0 (compatible; MSIE 6.0; America Online Browser 1.1; rev1.2; Windows NT 5.1; SV1; .NET CLR 1.1.4322)"
95.38.120.221 - - [14/Mar/2014:11:06:29 +0100] "GET //components/com_community/index.html HTTP/1.1" 404 1256 "-" "Mozilla/4.0 (compatible; MSIE 6.0; Windows 98)"
208.115.113.92 - - [14/Mar/2014:11:10:45 +0100] "GET /seiten/news.php HTTP/1.1" 200 4865 "-" "Mozilla/5.0 (compatible; Ezooms/1.0; help@moz.com)"
46.119.119.21 - - [14/Mar/2014:11:47:25 +0100] "GET /seiten/start.htm HTTP/1.1" 200 4313 "http://pereezd136.ru/" "Mozilla/4.0 (compatible; MSIE 6.0; Windows NT 5.1; SV1; YPC 3.0.2; .NET CLR 1.1.4322; yplus 4.4.02b)"
46.119.119.21 - - [14/Mar/2014:11:47:25 +0100] "GET /seiten/start.htm HTTP/1.1" 200 4313 "http://pereezd136.ru/" "Mozilla/4.0 (compatible; MSIE 6.0; Windows NT 5.1; SV1; YPC 3.0.2; .NET CLR 1.1.4322; yplus 4.4.02b)"
46.119.119.21 - - [14/Mar/2014:11:47:30 +0100] "GET /seiten/start.htm HTTP/1.1" 200 4313 "http://pereezd136.ru/" "Mozilla/4.0 (compatible; MSIE 6.0; Windows NT 5.1; SV1; YPC 3.0.2; .NET CLR 1.1.4322; yplus 4.4.02b)"
157.55.33.88 - - [14/Mar/2014:12:53:01 +0100] "GET /robots.txt HTTP/1.1" 404 1256 "-" "Mozilla/5.0 (compatible; bingbot/2.0; +http://www.bing.com/bingbot.htm)"
157.55.33.88 - - [14/Mar/2014:13:10:08 +0100] "GET /seiten/leistungen.htm HTTP/1.1" 304 - "-" "Mozilla/5.0 (compatible; bingbot/2.0; +http://www.bing.com/bingbot.htm)"
199.58.86.209 - - [14/Mar/2014:17:28:36 +0100] "GET /robots.txt HTTP/1.0" 404 1256 "-" "Mozilla/5.0 (compatible; MJ12bot/v1.4.4; http://www.majestic12.co.uk/bot.php?+)"
199.58.86.209 - - [14/Mar/2014:17:28:38 +0100] "GET / HTTP/1.0" 200 2301 "-" "Mozilla/5.0 (compatible; MJ12bot/v1.4.4; http://www.majestic12.co.uk/bot.php?+)"
66.249.65.160 - - [14/Mar/2014:18:03:00 +0100] "GET /robots.txt HTTP/1.1" 404 1256 "-" "Mozilla/5.0 (compatible; Googlebot/2.1; +http://www.google.com/bot.html)"
66.249.65.128 - - [14/Mar/2014:18:03:00 +0100] "GET /seiten/start.htm HTTP/1.1" 200 4313 "-" "Mozilla/5.0 (compatible; Googlebot/2.1; +http://www.google.com/bot.html)"
66.249.65.96 - - [14/Mar/2014:18:03:03 +0100] "GET /css/style.css HTTP/1.1" 200 3212 "http://www.dialyse-in-salzwedel.de/" "Mozilla/5.0 (compatible; Googlebot/2.1; +http://www.google.com/bot.html)"
208.115.113.82 - - [14/Mar/2014:19:23:57 +0100] "GET /robots.txt HTTP/1.1" 404 1256 "-" "Mozilla/5.0 (compatible; Ezooms/1.0; help@moz.com)"
157.56.92.156 - - [14/Mar/2014:19:32:01 +0100] "GET /robots.txt HTTP/1.1" 404 1256 "-" "Mozilla/5.0 (compatible; bingbot/2.0; +http://www.bing.com/bingbot.htm)"
157.56.92.156 - - [14/Mar/2014:19:37:59 +0100] "GET /seiten/impressum.htm HTTP/1.1" 200 6907 "-" "Mozilla/5.0 (compatible; bingbot/2.0; +http://www.bing.com/bingbot.htm)"
208.115.113.82 - - [14/Mar/2014:21:15:45 +0100] "GET /seiten/links.htm HTTP/1.1" 200 5092 "-" "Mozilla/5.0 (compatible; Ezooms/1.0; help@moz.com)"
92.249.127.111 - - [14/Mar/2014:22:05:55 +0100] "GET /seiten/start.htm HTTP/1.1" 200 4313 "http://kochanelli.com/" "Mozilla/4.0 (compatible; MSIE 6.0; Windows NT 5.0; KTXN)"
92.249.127.111 - - [14/Mar/2014:22:05:55 +0100] "GET /seiten/start.htm HTTP/1.1" 200 4313 "http://kochanelli.com/" "Mozilla/4.0 (compatible; MSIE 6.0; Windows NT 5.0; KTXN)"
92.249.127.111 - - [14/Mar/2014:22:05:56 +0100] "GET /seiten/start.htm HTTP/1.1" 200 4313 "http://kochanelli.com/" "Mozilla/4.0 (compatible; MSIE 6.0; Windows NT 5.0; KTXN)"
123.125.71.44 - - [14/Mar/2014:23:57:17 +0100] "GET / HTTP/1.1" 200 2301 "-" "Mozilla/5.0 (compatible; Baiduspider/2.0; +http://www.baidu.com/search/spider.html)"
220.181.108.111 - - [14/Mar/2014:23:57:56 +0100] "GET / HTTP/1.1" 200 2301 "-" "Mozilla/5.0 (compatible; Baiduspider/2.0; +http://www.baidu.com/search/spider.html)"
54.215.164.123 - - [15/Mar/2014:01:17:55 +0100] "GET /robots.txt HTTP/1.1" 404 1256 "-" "Mozilla/5.0 (compatible; URLAppendBot/1.0; +http://www.profound.net/urlappendbot.html)"
54.215.164.123 - - [15/Mar/2014:01:18:57 +0100] "GET / HTTP/1.1" 200 2301 "-" "Mozilla/5.0 (compatible; URLAppendBot/1.0; +http://www.profound.net/urlappendbot.html)"
54.215.164.123 - - [15/Mar/2014:01:20:12 +0100] "GET /seiten/start.htm HTTP/1.1" 200 4313 "-" "Mozilla/5.0 (compatible; URLAppendBot/1.0; +http://www.profound.net/urlappendbot.html)"
94.153.64.83 - - [15/Mar/2014:01:37:30 +0100] "GET /seiten/start.htm HTTP/1.1" 200 4313 "http://www.kalb.ru/" "Mozilla/4.0 (compatible; MSIE 6.0; Windows NT 5.1; SV1; Media Center PC"
94.153.64.83 - - [15/Mar/2014:01:37:31 +0100] "GET /seiten/start.htm HTTP/1.1" 200 4313 "http://www.kalb.ru/" "Mozilla/4.0 (compatible; MSIE 6.0; Windows NT 5.1; SV1; Media Center PC"
94.153.64.83 - - [15/Mar/2014:01:37:32 +0100] "GET /seiten/start.htm HTTP/1.1" 200 4313 "http://www.kalb.ru/" "Mozilla/4.0 (compatible; MSIE 6.0; Windows NT 5.1; SV1; Media Center PC"
157.55.32.83 - - [15/Mar/2014:04:05:12 +0100] "GET /robots.txt HTTP/1.1" 404 1256 "-" "Mozilla/5.0 (compatible; bingbot/2.0; +http://www.bing.com/bingbot.htm)"
46.118.115.66 - - [15/Mar/2014:04:24:34 +0100] "GET /seiten/start.htm HTTP/1.1" 200 4313 "http://mirmedinfo.ru/" "Mozilla/5.0 (Windows NT 5.1; U; en) Opera 8.00"
46.118.115.66 - - [15/Mar/2014:04:24:34 +0100] "GET /seiten/start.htm HTTP/1.1" 200 4313 "http://mirmedinfo.ru/" "Mozilla/5.0 (Windows NT 5.1; U; en) Opera 8.00"
46.118.115.66 - - [15/Mar/2014:04:24:35 +0100] "GET /seiten/start.htm HTTP/1.1" 200 4313 "http://mirmedinfo.ru/" "Mozilla/5.0 (Windows NT 5.1; U; en) Opera 8.00"
157.55.32.83 - - [15/Mar/2014:04:53:32 +0100] "GET /seiten/kontakt.htm HTTP/1.1" 200 5472 "-" "Mozilla/5.0 (compatible; bingbot/2.0; +http://www.bing.com/bingbot.htm)"
157.56.92.156 - - [15/Mar/2014:04:56:32 +0100] "GET /css/style.css HTTP/1.1" 200 3212 "-" "Mozilla/5.0 (compatible; bingbot/2.0; +http://www.bing.com/bingbot.htm)"
157.56.92.156 - - [15/Mar/2014:04:56:32 +0100] "GET /scripte/basics.js HTTP/1.1" 200 1078 "-" "Mozilla/5.0 (compatible; bingbot/2.0; +http://www.bing.com/bingbot.htm)"
46.119.119.21 - - [15/Mar/2014:05:04:40 +0100] "GET /seiten/start.htm HTTP/1.1" 200 4313 "http://stroiminsk.org/" "Mozilla/4.0 (compatible; MSIE 6.0; Windows NT 5.1; SV1; YPC 3.0.2; .NET CLR 1.1.4322; yplus 4.4.02b)"
46.119.119.21 - - [15/Mar/2014:05:04:40 +0100] "GET /seiten/start.htm HTTP/1.1" 200 4313 "http://stroiminsk.org/" "Mozilla/4.0 (compatible; MSIE 6.0; Windows NT 5.1; SV1; YPC 3.0.2; .NET CLR 1.1.4322; yplus 4.4.02b)"
46.119.119.21 - - [15/Mar/2014:05:04:41 +0100] "GET /seiten/start.htm HTTP/1.1" 200 4313 "http://stroiminsk.org/" "Mozilla/4.0 (compatible; MSIE 6.0; Windows NT 5.1; SV1; YPC 3.0.2; .NET CLR 1.1.4322; yplus 4.4.02b)"
220.181.108.99 - - [15/Mar/2014:05:07:48 +0100] "GET / HTTP/1.1" 200 2301 "-" "Mozilla/5.0 (compatible; Baiduspider/2.0; +http://www.baidu.com/search/spider.html)"
157.55.32.83 - - [15/Mar/2014:06:06:46 +0100] "GET /seiten/start.htm HTTP/1.1" 200 4313 "-" "Mozilla/5.0 (compatible; bingbot/2.0; +http://www.bing.com/bingbot.htm)"
123.125.71.13 - - [15/Mar/2014:08:00:07 +0100] "GET / HTTP/1.1" 200 2301 "-" "Mozilla/5.0 (compatible; Baiduspider/2.0; +http://www.baidu.com/search/spider.html)"
220.181.108.118 - - [15/Mar/2014:08:00:12 +0100] "GET / HTTP/1.1" 200 2301 "-" "Mozilla/5.0 (compatible; Baiduspider/2.0; +http://www.baidu.com/search/spider.html)"
109.120.157.179 - - [15/Mar/2014:08:31:38 +0100] "GET /seiten/start.htm HTTP/1.1" 200 4313 "http://romhacking.net.ru" "Mozilla/5.0 (compatible; Add Catalog/2.1;)"
109.120.157.179 - - [15/Mar/2014:08:31:39 +0100] "GET /seiten/start.htm HTTP/1.1" 200 4313 "http://romhacking.net.ru" "Mozilla/5.0 (compatible; Add Catalog/2.1;)"
46.118.127.178 - - [15/Mar/2014:10:44:05 +0100] "GET /seiten/start.htm HTTP/1.1" 200 4313 "http://hd-filmy.net/" "Mozilla/3.0 (compatible; WebCapture 2.0; Auto; Windows)"
46.118.127.178 - - [15/Mar/2014:10:44:06 +0100] "GET /seiten/start.htm HTTP/1.1" 200 4313 "http://hd-filmy.net/" "Mozilla/3.0 (compatible; WebCapture 2.0; Auto; Windows)"
46.118.127.178 - - [15/Mar/2014:10:44:07 +0100] "GET /seiten/start.htm HTTP/1.1" 200 4313 "http://hd-filmy.net/" "Mozilla/3.0 (compatible; WebCapture 2.0; Auto; Windows)"
208.115.113.82 - - [15/Mar/2014:11:05:01 +0100] "GET /robots.txt HTTP/1.1" 404 1256 "-" "Mozilla/5.0 (compatible; Ezooms/1.0; help@moz.com)"
141.8.147.12 - - [15/Mar/2014:11:30:24 +0100] "GET /robots.txt HTTP/1.1" 404 1256 "-" "Mozilla/5.0 (compatible; YandexBot/3.0; +http://yandex.com/bots)"
79.221.216.120 - - [15/Mar/2014:12:11:29 +0100] "GET / HTTP/1.1" 200 2301 "https://www.google.de/" "Mozilla/5.0 (Windows NT 6.1) AppleWebKit/537.36 (KHTML, like Gecko) Chrome/33.0.1750.146 Safari/537.36"
79.221.216.120 - - [15/Mar/2014:12:11:29 +0100] "GET /scripte/basics.js HTTP/1.1" 200 1078 "http://www.dialyse-in-salzwedel.de/" "Mozilla/5.0 (Windows NT 6.1) AppleWebKit/537.36 (KHTML, like Gecko) Chrome/33.0.1750.146 Safari/537.36"
79.221.216.120 - - [15/Mar/2014:12:11:29 +0100] "GET /css/style.css HTTP/1.1" 200 3212 "http://www.dialyse-in-salzwedel.de/" "Mozilla/5.0 (Windows NT 6.1) AppleWebKit/537.36 (KHTML, like Gecko) Chrome/33.0.1750.146 Safari/537.36"
79.221.216.120 - - [15/Mar/2014:12:11:29 +0100] "GET /seiten/start.htm HTTP/1.1" 200 4313 "http://www.dialyse-in-salzwedel.de/" "Mozilla/5.0 (Windows NT 6.1) AppleWebKit/537.36 (KHTML, like Gecko) Chrome/33.0.1750.146 Safari/537.36"
79.221.216.120 - - [15/Mar/2014:12:11:30 +0100] "GET /img/head.gif HTTP/1.1" 200 4213 "http://www.dialyse-in-salzwedel.de/seiten/start.htm" "Mozilla/5.0 (Windows NT 6.1) AppleWebKit/537.36 (KHTML, like Gecko) Chrome/33.0.1750.146 Safari/537.36"
79.221.216.120 - - [15/Mar/2014:12:11:30 +0100] "GET /img/men01.gif HTTP/1.1" 200 702 "http://www.dialyse-in-salzwedel.de/seiten/start.htm" "Mozilla/5.0 (Windows NT 6.1) AppleWebKit/537.36 (KHTML, like Gecko) Chrome/33.0.1750.146 Safari/537.36"
79.221.216.120 - - [15/Mar/2014:12:11:30 +0100] "GET /img/men03.gif HTTP/1.1" 200 999 "http://www.dialyse-in-salzwedel.de/seiten/start.htm" "Mozilla/5.0 (Windows NT 6.1) AppleWebKit/537.36 (KHTML, like Gecko) Chrome/33.0.1750.146 Safari/537.36"
79.221.216.120 - - [15/Mar/2014:12:11:30 +0100] "GET /img/men04.gif HTTP/1.1" 200 1234 "http://www.dialyse-in-salzwedel.de/seiten/start.htm" "Mozilla/5.0 (Windows NT 6.1) AppleWebKit/537.36 (KHTML, like Gecko) Chrome/33.0.1750.146 Safari/537.36"
79.221.216.120 - - [15/Mar/2014:12:11:30 +0100] "GET /img/men05.gif HTTP/1.1" 200 1042 "http://www.dialyse-in-salzwedel.de/seiten/start.htm" "Mozilla/5.0 (Windows NT 6.1) AppleWebKit/537.36 (KHTML, like Gecko) Chrome/33.0.1750.146 Safari/537.36"
79.221.216.120 - - [15/Mar/2014:12:11:30 +0100] "GET /img/men06.gif HTTP/1.1" 200 904 "http://www.dialyse-in-salzwedel.de/seiten/start.htm" "Mozilla/5.0 (Windows NT 6.1) AppleWebKit/537.36 (KHTML, like Gecko) Chrome/33.0.1750.146 Safari/537.36"
79.221.216.120 - - [15/Mar/2014:12:11:30 +0100] "GET /img/men07.gif HTTP/1.1" 200 893 "http://www.dialyse-in-salzwedel.de/seiten/start.htm" "Mozilla/5.0 (Windows NT 6.1) AppleWebKit/537.36 (KHTML, like Gecko) Chrome/33.0.1750.146 Safari/537.36"
79.221.216.120 - - [15/Mar/2014:12:11:30 +0100] "GET /img/men08.gif HTTP/1.1" 200 1069 "http://www.dialyse-in-salzwedel.de/seiten/start.htm" "Mozilla/5.0 (Windows NT 6.1) AppleWebKit/537.36 (KHTML, like Gecko) Chrome/33.0.1750.146 Safari/537.36"
79.221.216.120 - - [15/Mar/2014:12:11:30 +0100] "GET /img/start.jpg HTTP/1.1" 200 18933 "http://www.dialyse-in-salzwedel.de/seiten/start.htm" "Mozilla/5.0 (Windows NT 6.1) AppleWebKit/537.36 (KHTML, like Gecko) Chrome/33.0.1750.146 Safari/537.36"
79.221.216.120 - - [15/Mar/2014:12:11:30 +0100] "GET /img/bg01.gif HTTP/1.1" 200 70 "http://www.dialyse-in-salzwedel.de/seiten/start.htm" "Mozilla/5.0 (Windows NT 6.1) AppleWebKit/537.36 (KHTML, like Gecko) Chrome/33.0.1750.146 Safari/537.36"
79.221.216.120 - - [15/Mar/2014:12:11:30 +0100] "GET /img/lay04.gif HTTP/1.1" 200 272 "http://www.dialyse-in-salzwedel.de/seiten/start.htm" "Mozilla/5.0 (Windows NT 6.1) AppleWebKit/537.36 (KHTML, like Gecko) Chrome/33.0.1750.146 Safari/537.36"
79.221.216.120 - - [15/Mar/2014:12:11:30 +0100] "GET /img/lay01.gif HTTP/1.1" 200 149 "http://www.dialyse-in-salzwedel.de/seiten/start.htm" "Mozilla/5.0 (Windows NT 6.1) AppleWebKit/537.36 (KHTML, like Gecko) Chrome/33.0.1750.146 Safari/537.36"
79.221.216.120 - - [15/Mar/2014:12:11:30 +0100] "GET /img/1px.gif HTTP/1.1" 200 43 "http://www.dialyse-in-salzwedel.de/seiten/start.htm" "Mozilla/5.0 (Windows NT 6.1) AppleWebKit/537.36 (KHTML, like Gecko) Chrome/33.0.1750.146 Safari/537.36"
79.221.216.120 - - [15/Mar/2014:12:11:30 +0100] "GET /img/men09.gif HTTP/1.1" 200 1200 "http://www.dialyse-in-salzwedel.de/seiten/start.htm" "Mozilla/5.0 (Windows NT 6.1) AppleWebKit/537.36 (KHTML, like Gecko) Chrome/33.0.1750.146 Safari/537.36"
79.221.216.120 - - [15/Mar/2014:12:11:30 +0100] "GET /img/bg02.gif HTTP/1.1" 200 67 "http://www.dialyse-in-salzwedel.de/seiten/start.htm" "Mozilla/5.0 (Windows NT 6.1) AppleWebKit/537.36 (KHTML, like Gecko) Chrome/33.0.1750.146 Safari/537.36"
79.221.216.120 - - [15/Mar/2014:12:11:30 +0100] "GET /img/men02.gif HTTP/1.1" 200 758 "http://www.dialyse-in-salzwedel.de/seiten/start.htm" "Mozilla/5.0 (Windows NT 6.1) AppleWebKit/537.36 (KHTML, like Gecko) Chrome/33.0.1750.146 Safari/537.36"
79.221.216.120 - - [15/Mar/2014:12:11:30 +0100] "GET /img/bg04.gif HTTP/1.1" 200 92 "http://www.dialyse-in-salzwedel.de/seiten/start.htm" "Mozilla/5.0 (Windows NT 6.1) AppleWebKit/537.36 (KHTML, like Gecko) Chrome/33.0.1750.146 Safari/537.36"
79.221.216.120 - - [15/Mar/2014:12:11:30 +0100] "GET /img/bg03.gif HTTP/1.1" 200 84 "http://www.dialyse-in-salzwedel.de/seiten/start.htm" "Mozilla/5.0 (Windows NT 6.1) AppleWebKit/537.36 (KHTML, like Gecko) Chrome/33.0.1750.146 Safari/537.36"
79.221.216.120 - - [15/Mar/2014:12:11:30 +0100] "GET /img/lay03.gif HTTP/1.1" 200 253 "http://www.dialyse-in-salzwedel.de/seiten/start.htm" "Mozilla/5.0 (Windows NT 6.1) AppleWebKit/537.36 (KHTML, like Gecko) Chrome/33.0.1750.146 Safari/537.36"
79.221.216.120 - - [15/Mar/2014:12:11:30 +0100] "GET /img/lay02.gif HTTP/1.1" 200 153 "http://www.dialyse-in-salzwedel.de/seiten/start.htm" "Mozilla/5.0 (Windows NT 6.1) AppleWebKit/537.36 (KHTML, like Gecko) Chrome/33.0.1750.146 Safari/537.36"
79.221.216.120 - - [15/Mar/2014:12:11:30 +0100] "GET /favicon.ico HTTP/1.1" 404 1256 "-" "Mozilla/5.0 (Windows NT 6.1) AppleWebKit/537.36 (KHTML, like Gecko) Chrome/33.0.1750.146 Safari/537.36"
79.221.216.120 - - [15/Mar/2014:12:11:32 +0100] "GET /img/meno02.gif HTTP/1.1" 200 1200 "http://www.dialyse-in-salzwedel.de/seiten/start.htm" "Mozilla/5.0 (Windows NT 6.1) AppleWebKit/537.36 (KHTML, like Gecko) Chrome/33.0.1750.146 Safari/537.36"
79.221.216.120 - - [15/Mar/2014:12:11:33 +0100] "GET /img/meno01.gif HTTP/1.1" 200 938 "http://www.dialyse-in-salzwedel.de/seiten/start.htm" "Mozilla/5.0 (Windows NT 6.1) AppleWebKit/537.36 (KHTML, like Gecko) Chrome/33.0.1750.146 Safari/537.36"
79.221.216.120 - - [15/Mar/2014:12:11:34 +0100] "GET /seiten/praxis.htm HTTP/1.1" 200 5018 "http://www.dialyse-in-salzwedel.de/seiten/start.htm" "Mozilla/5.0 (Windows NT 6.1) AppleWebKit/537.36 (KHTML, like Gecko) Chrome/33.0.1750.146 Safari/537.36"
79.221.216.120 - - [15/Mar/2014:12:11:34 +0100] "GET /img/praxis.jpg HTTP/1.1" 200 13082 "http://www.dialyse-in-salzwedel.de/seiten/praxis.htm" "Mozilla/5.0 (Windows NT 6.1) AppleWebKit/537.36 (KHTML, like Gecko) Chrome/33.0.1750.146 Safari/537.36"
79.221.216.120 - - [15/Mar/2014:12:11:37 +0100] "GET /img/meno06.gif HTTP/1.1" 200 1054 "http://www.dialyse-in-salzwedel.de/seiten/praxis.htm" "Mozilla/5.0 (Windows NT 6.1) AppleWebKit/537.36 (KHTML, like Gecko) Chrome/33.0.1750.146 Safari/537.36"
79.221.216.120 - - [15/Mar/2014:12:11:39 +0100] "GET /seiten/kontakt.htm HTTP/1.1" 200 5472 "http://www.dialyse-in-salzwedel.de/seiten/praxis.htm" "Mozilla/5.0 (Windows NT 6.1) AppleWebKit/537.36 (KHTML, like Gecko) Chrome/33.0.1750.146 Safari/537.36"
79.221.216.120 - - [15/Mar/2014:12:11:49 +0100] "GET /img/meno07.gif HTTP/1.1" 200 1052 "http://www.dialyse-in-salzwedel.de/seiten/kontakt.htm" "Mozilla/5.0 (Windows NT 6.1) AppleWebKit/537.36 (KHTML, like Gecko) Chrome/33.0.1750.146 Safari/537.36"
79.221.216.120 - - [15/Mar/2014:12:11:49 +0100] "GET /img/meno05.gif HTTP/1.1" 200 788 "http://www.dialyse-in-salzwedel.de/seiten/kontakt.htm" "Mozilla/5.0 (Windows NT 6.1) AppleWebKit/537.36 (KHTML, like Gecko) Chrome/33.0.1750.146 Safari/537.36"
79.221.216.120 - - [15/Mar/2014:12:11:49 +0100] "GET /img/meno04.gif HTTP/1.1" 200 727 "http://www.dialyse-in-salzwedel.de/seiten/kontakt.htm" "Mozilla/5.0 (Windows NT 6.1) AppleWebKit/537.36 (KHTML, like Gecko) Chrome/33.0.1750.146 Safari/537.36"
79.221.216.120 - - [15/Mar/2014:12:11:50 +0100] "GET /img/meno03.gif HTTP/1.1" 200 931 "http://www.dialyse-in-salzwedel.de/seiten/kontakt.htm" "Mozilla/5.0 (Windows NT 6.1) AppleWebKit/537.36 (KHTML, like Gecko) Chrome/33.0.1750.146 Safari/537.36"
79.221.216.120 - - [15/Mar/2014:12:11:51 +0100] "GET /seiten/leistungen.htm HTTP/1.1" 200 5060 "http://www.dialyse-in-salzwedel.de/seiten/kontakt.htm" "Mozilla/5.0 (Windows NT 6.1) AppleWebKit/537.36 (KHTML, like Gecko) Chrome/33.0.1750.146 Safari/537.36"
79.221.216.120 - - [15/Mar/2014:12:11:52 +0100] "GET /img/leist.jpg HTTP/1.1" 200 18843 "http://www.dialyse-in-salzwedel.de/seiten/leistungen.htm" "Mozilla/5.0 (Windows NT 6.1) AppleWebKit/537.36 (KHTML, like Gecko) Chrome/33.0.1750.146 Safari/537.36"
79.221.216.120 - - [15/Mar/2014:12:12:06 +0100] "GET /seiten/links.htm HTTP/1.1" 200 5092 "http://www.dialyse-in-salzwedel.de/seiten/praxis.htm" "Mozilla/5.0 (Windows NT 6.1) AppleWebKit/537.36 (KHTML, like Gecko) Chrome/33.0.1750.146 Safari/537.36"
79.221.216.120 - - [15/Mar/2014:12:12:07 +0100] "GET /img/sites.jpg HTTP/1.1" 200 12916 "http://www.dialyse-in-salzwedel.de/seiten/links.htm" "Mozilla/5.0 (Windows NT 6.1) AppleWebKit/537.36 (KHTML, like Gecko) Chrome/33.0.1750.146 Safari/537.36"
220.181.108.116 - - [15/Mar/2014:12:14:18 +0100] "GET / HTTP/1.1" 200 2301 "-" "Mozilla/5.0 (compatible; Baiduspider/2.0; +http://www.baidu.com/search/spider.html)"
141.8.147.12 - - [15/Mar/2014:12:36:43 +0100] "GET /seiten/leistungen.htm HTTP/1.1" 200 5060 "-" "Mozilla/5.0 (compatible; YandexBot/3.0; +http://yandex.com/bots)"
208.115.113.82 - - [15/Mar/2014:12:52:25 +0100] "GET /seiten/impressum.htm HTTP/1.1" 200 6907 "-" "Mozilla/5.0 (compatible; Ezooms/1.0; help@moz.com)"
141.8.147.12 - - [15/Mar/2014:14:23:48 +0100] "GET /seiten/kontakt.htm HTTP/1.1" 200 5472 "-" "Mozilla/5.0 (compatible; YandexBot/3.0; +http://yandex.com/bots)"
141.8.147.12 - - [15/Mar/2014:15:51:43 +0100] "GET /seiten/impressum.htm HTTP/1.1" 200 6907 "-" "Mozilla/5.0 (compatible; YandexBot/3.0; +http://yandex.com/bots)"
220.181.108.80 - - [15/Mar/2014:15:56:16 +0100] "GET / HTTP/1.1" 200 2301 "-" "Mozilla/5.0 (compatible; Baiduspider/2.0; +http://www.baidu.com/search/spider.html)"
123.125.71.12 - - [15/Mar/2014:15:59:09 +0100] "GET / HTTP/1.1" 200 2301 "-" "Mozilla/5.0 (compatible; Baiduspider/2.0; +http://www.baidu.com/search/spider.html)"
66.249.65.160 - - [15/Mar/2014:17:01:12 +0100] "GET /robots.txt HTTP/1.1" 404 1256 "-" "Mozilla/5.0 (compatible; Googlebot/2.1; +http://www.google.com/bot.html)"
66.249.73.52 - - [15/Mar/2014:17:01:12 +0100] "GET / HTTP/1.1" 200 2301 "-" "Mozilla/5.0 (compatible; Googlebot/2.1; +http://www.google.com/bot.html)"
66.249.65.96 - - [15/Mar/2014:18:13:12 +0100] "GET /seiten/start.htm HTTP/1.1" 304 - "-" "Mozilla/5.0 (compatible; Googlebot/2.1; +http://www.google.com/bot.html)"
94.153.64.83 - - [15/Mar/2014:21:34:36 +0100] "GET /seiten/start.htm HTTP/1.1" 200 4313 "http://cardsharp1.ru/" "Mozilla/4.0 (compatible; MSIE 6.0; Windows NT 5.1; SV1; Crazy Browser 2.0.0 Beta 1; .NET CLR 1.0.3705; .NET CLR 1.1.4322)"
94.153.64.83 - - [15/Mar/2014:21:34:36 +0100] "GET /seiten/start.htm HTTP/1.1" 200 4313 "http://cardsharp1.ru/" "Mozilla/4.0 (compatible; MSIE 6.0; Windows NT 5.1; SV1; Crazy Browser 2.0.0 Beta 1; .NET CLR 1.0.3705; .NET CLR 1.1.4322)"
94.153.64.83 - - [15/Mar/2014:21:34:36 +0100] "GET /seiten/start.htm HTTP/1.1" 200 4313 "http://cardsharp1.ru/" "Mozilla/4.0 (compatible; MSIE 6.0; Windows NT 5.1; SV1; Crazy Browser 2.0.0 Beta 1; .NET CLR 1.0.3705; .NET CLR 1.1.4322)"
37.115.113.132 - - [15/Mar/2014:21:40:59 +0100] "GET /seiten/start.htm HTTP/1.1" 200 4313 "http://www.vegascosmetics.ru/" "Mozilla/4.0 (compatible; MSIE 6.0; Windows NT 5.1; Crazy Browser 1.0.5)"
37.115.113.132 - - [15/Mar/2014:21:41:00 +0100] "GET /seiten/start.htm HTTP/1.1" 200 4313 "http://www.vegascosmetics.ru/" "Mozilla/4.0 (compatible; MSIE 6.0; Windows NT 5.1; Crazy Browser 1.0.5)"
37.115.113.132 - - [15/Mar/2014:21:41:00 +0100] "GET /seiten/start.htm HTTP/1.1" 200 4313 "http://www.vegascosmetics.ru/" "Mozilla/4.0 (compatible; MSIE 6.0; Windows NT 5.1; Crazy Browser 1.0.5)"
193.150.120.33 - - [15/Mar/2014:21:45:08 +0100] "GET /seiten/start.htm HTTP/1.1" 200 4313 "http://www.avek.ru/" "Mozilla/4.0 (compatible; MSIE 6.0; Windows NT 5.1; SV1; YPC 3.0.2; .NET CLR 1.1.4322; yplus 4.4.02b)"
193.150.120.33 - - [15/Mar/2014:21:45:08 +0100] "GET /seiten/start.htm HTTP/1.1" 200 4313 "http://www.avek.ru/" "Mozilla/4.0 (compatible; MSIE 6.0; Windows NT 5.1; SV1; YPC 3.0.2; .NET CLR 1.1.4322; yplus 4.4.02b)"
193.150.120.33 - - [15/Mar/2014:21:45:09 +0100] "GET /seiten/start.htm HTTP/1.1" 200 4313 "http://www.avek.ru/" "Mozilla/4.0 (compatible; MSIE 6.0; Windows NT 5.1; SV1; YPC 3.0.2; .NET CLR 1.1.4322; yplus 4.4.02b)"
46.118.124.80 - - [15/Mar/2014:23:36:48 +0100] "GET /seiten/start.htm HTTP/1.1" 200 4313 "http://stroiminsk.com/" "Mozilla/3.0 (compatible; WebCapture 2.0; Auto; Windows)"
46.118.124.80 - - [15/Mar/2014:23:36:48 +0100] "GET /seiten/start.htm HTTP/1.1" 200 4313 "http://porno-transsexuals.ru/" "Mozilla/4.0 (compatible; MSIE 6.0; Windows NT 5.1)"
46.118.124.80 - - [15/Mar/2014:23:36:49 +0100] "GET /seiten/start.htm HTTP/1.1" 200 4313 "http://stroiminsk.com/" "Mozilla/3.0 (compatible; WebCapture 2.0; Auto; Windows)"
46.118.124.80 - - [15/Mar/2014:23:36:49 +0100] "GET /seiten/start.htm HTTP/1.1" 200 4313 "http://porno-transsexuals.ru/" "Mozilla/4.0 (compatible; MSIE 6.0; Windows NT 5.1)"
46.118.124.80 - - [15/Mar/2014:23:36:49 +0100] "GET /seiten/start.htm HTTP/1.1" 200 4313 "http://stroiminsk.com/" "Mozilla/3.0 (compatible; WebCapture 2.0; Auto; Windows)"
46.118.124.80 - - [15/Mar/2014:23:36:49 +0100] "GET /seiten/start.htm HTTP/1.1" 200 4313 "http://porno-transsexuals.ru/" "Mozilla/4.0 (compatible; MSIE 6.0; Windows NT 5.1)"
178.137.167.135 - - [15/Mar/2014:23:42:00 +0100] "GET /seiten/start.htm HTTP/1.1" 200 4313 "http://bcmebli.com.ua/" "Mozilla/4.0 (compatible; MSIE 6.0; Windows NT 5.0; APC; .NET CLR 1.0.3705; .NET CLR 1.1.4322; .NET CLR 2.0.50215; InfoPath.1)"
178.137.167.135 - - [15/Mar/2014:23:42:01 +0100] "GET /seiten/start.htm HTTP/1.1" 200 4313 "http://bcmebli.com.ua/" "Mozilla/4.0 (compatible; MSIE 6.0; Windows NT 5.0; APC; .NET CLR 1.0.3705; .NET CLR 1.1.4322; .NET CLR 2.0.50215; InfoPath.1)"
178.137.167.135 - - [15/Mar/2014:23:42:01 +0100] "GET /seiten/start.htm HTTP/1.1" 200 4313 "http://bcmebli.com.ua/" "Mozilla/4.0 (compatible; MSIE 6.0; Windows NT 5.0; APC; .NET CLR 1.0.3705; .NET CLR 1.1.4322; .NET CLR 2.0.50215; InfoPath.1)"
82.193.99.33 - - [15/Mar/2014:23:50:57 +0100] "GET /seiten/start.htm HTTP/1.1" 200 4313 "http://carsdined.org" "Mozilla/4.0 (compatible; MSIE 6.0; Windows NT 5.1) Opera 7.54 [en]"
82.193.99.33 - - [15/Mar/2014:23:50:58 +0100] "GET /seiten/start.htm HTTP/1.1" 200 4313 "http://carsdined.org" "Mozilla/4.0 (compatible; MSIE 6.0; Windows NT 5.1) Opera 7.54 [en]"
82.193.99.33 - - [15/Mar/2014:23:50:58 +0100] "GET /seiten/start.htm HTTP/1.1" 200 4313 "http://carsdined.org" "Mozilla/4.0 (compatible; MSIE 6.0; Windows NT 5.1) Opera 7.54 [en]"
134.249.48.152 - - [16/Mar/2014:00:01:37 +0100] "GET /seiten/start.htm HTTP/1.1" 200 4313 "http://forum-engineering.ru/" "Mozilla/4.0 (compatible; MSIE 6.0; Windows NT 5.0; T312461)"
134.249.48.152 - - [16/Mar/2014:00:01:37 +0100] "GET /seiten/start.htm HTTP/1.1" 200 4313 "http://forum-engineering.ru/" "Mozilla/4.0 (compatible; MSIE 6.0; Windows NT 5.0; T312461)"
134.249.48.152 - - [16/Mar/2014:00:01:38 +0100] "GET /seiten/start.htm HTTP/1.1" 200 4313 "http://forum-engineering.ru/" "Mozilla/4.0 (compatible; MSIE 6.0; Windows NT 5.0; T312461)"
109.120.157.179 - - [16/Mar/2014:00:25:57 +0100] "GET /seiten/start.htm HTTP/1.1" 200 4313 "http://loadka.ru/news" "Mozilla/5.0 (compatible; Add Catalog/2.1;)"
109.120.157.179 - - [16/Mar/2014:00:25:58 +0100] "GET /seiten/start.htm HTTP/1.1" 200 4313 "http://loadka.ru/news" "Mozilla/5.0 (compatible; Add Catalog/2.1;)"
66.249.65.160 - - [16/Mar/2014:01:33:26 +0100] "GET /seiten/dialyse.htm HTTP/1.1" 304 - "-" "SAMSUNG-SGH-E250/1.0 Profile/MIDP-2.0 Configuration/CLDC-1.1 UP.Browser/6.2.3.3.c.1.101 (GUI) MMP/2.0 (compatible; Googlebot-Mobile/2.1; +http://www.google.com/bot.html)"
195.242.218.133 - - [16/Mar/2014:01:45:45 +0100] "GET /seiten/start.htm HTTP/1.1" 200 4313 "http://online-freebee.ru/" "Mozilla/4.0 (compatible; MSIE 5.0; Windows 95) Opera 6.01 [en]"
195.242.218.133 - - [16/Mar/2014:01:45:46 +0100] "GET /seiten/start.htm HTTP/1.1" 200 4313 "http://online-freebee.ru/" "Mozilla/4.0 (compatible; MSIE 5.0; Windows 95) Opera 6.01 [en]"
195.242.218.133 - - [16/Mar/2014:01:45:46 +0100] "GET /seiten/start.htm HTTP/1.1" 200 4313 "http://online-freebee.ru/" "Mozilla/4.0 (compatible; MSIE 5.0; Windows 95) Opera 6.01 [en]"
157.56.229.211 - - [16/Mar/2014:03:23:47 +0100] "GET /robots.txt HTTP/1.1" 404 1256 "-" "Mozilla/5.0 (compatible; bingbot/2.0; +http://www.bing.com/bingbot.htm)"
157.56.229.211 - - [16/Mar/2014:03:24:44 +0100] "GET /seiten/dialyse.htm HTTP/1.1" 200 4906 "-" "Mozilla/5.0 (compatible; bingbot/2.0; +http://www.bing.com/bingbot.htm)"
66.249.65.160 - - [16/Mar/2014:05:53:27 +0100] "GET /robots.txt HTTP/1.1" 404 1256 "-" "Mozilla/5.0 (compatible; Googlebot/2.1; +http://www.google.com/bot.html)"
66.249.65.128 - - [16/Mar/2014:05:53:27 +0100] "GET /seiten/start.htm HTTP/1.1" 304 - "-" "Mozilla/5.0 (compatible; Googlebot/2.1; +http://www.google.com/bot.html)"
157.55.33.110 - - [16/Mar/2014:06:32:51 +0100] "GET /seiten/links.htm HTTP/1.1" 304 - "-" "Mozilla/5.0 (compatible; bingbot/2.0; +http://www.bing.com/bingbot.htm)"
5.255.253.79 - - [16/Mar/2014:08:15:05 +0100] "GET /robots.txt HTTP/1.1" 404 1256 "-" "Mozilla/5.0 (compatible; YandexImages/3.0; +http://yandex.com/bots)"
220.181.108.115 - - [16/Mar/2014:09:00:36 +0100] "GET / HTTP/1.1" 200 2301 "-" "Mozilla/5.0 (compatible; Baiduspider/2.0; +http://www.baidu.com/search/spider.html)"
5.255.253.79 - - [16/Mar/2014:09:03:51 +0100] "GET /img/praxis.jpg HTTP/1.1" 304 - "-" "Mozilla/5.0 (compatible; YandexImages/3.0; +http://yandex.com/bots)"
5.255.253.79 - - [16/Mar/2014:09:28:14 +0100] "GET /img/leist.jpg HTTP/1.1" 304 - "-" "Mozilla/5.0 (compatible; YandexImages/3.0; +http://yandex.com/bots)"
85.25.202.18 - - [16/Mar/2014:09:38:23 +0100] "GET / HTTP/1.0" 200 2301 "-" "-"
85.25.202.18 - - [16/Mar/2014:09:39:10 +0100] "GET / HTTP/1.0" 200 2301 "-" "-"
5.255.253.79 - - [16/Mar/2014:09:52:37 +0100] "GET /img/head.gif HTTP/1.1" 304 - "-" "Mozilla/5.0 (compatible; YandexImages/3.0; +http://yandex.com/bots)"
5.255.253.79 - - [16/Mar/2014:10:17:00 +0100] "GET /img/sites.jpg HTTP/1.1" 304 - "-" "Mozilla/5.0 (compatible; YandexImages/3.0; +http://yandex.com/bots)"
5.255.253.79 - - [16/Mar/2014:10:41:23 +0100] "GET /img/start.jpg HTTP/1.1" 304 - "-" "Mozilla/5.0 (compatible; YandexImages/3.0; +http://yandex.com/bots)"
5.255.253.79 - - [16/Mar/2014:11:05:46 +0100] "GET /img/lay03.gif HTTP/1.1" 304 - "-" "Mozilla/5.0 (compatible; YandexImages/3.0; +http://yandex.com/bots)"
5.255.253.79 - - [16/Mar/2014:11:30:08 +0100] "GET /img/lay04.gif HTTP/1.1" 304 - "-" "Mozilla/5.0 (compatible; YandexImages/3.0; +http://yandex.com/bots)"
5.255.253.79 - - [16/Mar/2014:11:40:25 +0100] "GET /img/dialyse.jpg HTTP/1.1" 304 - "-" "Mozilla/5.0 (compatible; YandexImages/3.0; +http://yandex.com/bots)"
220.181.108.92 - - [16/Mar/2014:12:15:32 +0100] "GET / HTTP/1.1" 200 2301 "-" "Mozilla/5.0 (compatible; Baiduspider/2.0; +http://www.baidu.com/search/spider.html)"
141.8.147.12 - - [16/Mar/2014:12:49:37 +0100] "GET /robots.txt HTTP/1.1" 404 1256 "-" "Mozilla/5.0 (compatible; YandexBot/3.0; +http://yandex.com/bots)"
178.137.167.135 - - [16/Mar/2014:13:40:15 +0100] "GET /seiten/start.htm HTTP/1.1" 200 4313 "http://lovecs.ru/" "Mozilla/4.0 (compatible; MSIE 6.0; Windows NT 5.1; SV1; MRA 4.6 (build 01425); MRSPUTNIK 1, 5, 0, 19 SW)"
178.137.167.135 - - [16/Mar/2014:13:40:16 +0100] "GET /seiten/start.htm HTTP/1.1" 200 4313 "http://lovecs.ru/" "Mozilla/4.0 (compatible; MSIE 6.0; Windows NT 5.1; SV1; MRA 4.6 (build 01425); MRSPUTNIK 1, 5, 0, 19 SW)"
178.137.167.135 - - [16/Mar/2014:13:40:16 +0100] "GET /seiten/start.htm HTTP/1.1" 200 4313 "http://lovecs.ru/" "Mozilla/4.0 (compatible; MSIE 6.0; Windows NT 5.1; SV1; MRA 4.6 (build 01425); MRSPUTNIK 1, 5, 0, 19 SW)"
123.125.71.20 - - [16/Mar/2014:15:59:08 +0100] "GET / HTTP/1.1" 200 2301 "-" "Mozilla/5.0 (compatible; Baiduspider/2.0; +http://www.baidu.com/search/spider.html)"
220.181.108.101 - - [16/Mar/2014:16:01:23 +0100] "GET / HTTP/1.1" 200 2301 "-" "Mozilla/5.0 (compatible; Baiduspider/2.0; +http://www.baidu.com/search/spider.html)"
62.158.3.187 - - [16/Mar/2014:17:09:55 +0100] "GET /seiten/dialyse.htm HTTP/1.1" 200 4906 "http://www.google.de/imgres?sa=X&biw=1293&bih=704&tbm=isch&tbnid=X1I_YDZL3jeJTM%3A&imgrefurl=http%3A%2F%2Fwww.dialyse-in-salzwedel.de%2Fseiten%2Fdialyse.htm&docid=PUbPJtek_nfasM&imgurl=http%3A%2F%2Fwww.dialyse-in-salzwedel.de%2Fimg%2Fdialyse.jpg&w=360&h=312&ei=ysslU425KMjTtQb9pYDoCQ&zoom=1&iact=rc&dur=1691&page=4&start=57&ndsp=20&ved=0CJUCEK0DMDs" "Mozilla/5.0 (Windows NT 6.3; WOW64; rv:27.0) Gecko/20100101 Firefox/27.0"
62.158.3.187 - - [16/Mar/2014:17:09:55 +0100] "GET /scripte/basics.js HTTP/1.1" 200 1078 "http://www.dialyse-in-salzwedel.de/seiten/dialyse.htm" "Mozilla/5.0 (Windows NT 6.3; WOW64; rv:27.0) Gecko/20100101 Firefox/27.0"
62.158.3.187 - - [16/Mar/2014:17:09:55 +0100] "GET /css/style.css HTTP/1.1" 200 3212 "http://www.dialyse-in-salzwedel.de/seiten/dialyse.htm" "Mozilla/5.0 (Windows NT 6.3; WOW64; rv:27.0) Gecko/20100101 Firefox/27.0"
62.158.3.187 - - [16/Mar/2014:17:09:56 +0100] "GET /img/head.gif HTTP/1.1" 200 4213 "http://www.dialyse-in-salzwedel.de/seiten/dialyse.htm" "Mozilla/5.0 (Windows NT 6.3; WOW64; rv:27.0) Gecko/20100101 Firefox/27.0"
62.158.3.187 - - [16/Mar/2014:17:09:56 +0100] "GET /img/men01.gif HTTP/1.1" 200 702 "http://www.dialyse-in-salzwedel.de/seiten/dialyse.htm" "Mozilla/5.0 (Windows NT 6.3; WOW64; rv:27.0) Gecko/20100101 Firefox/27.0"
62.158.3.187 - - [16/Mar/2014:17:09:56 +0100] "GET /img/men04.gif HTTP/1.1" 200 1234 "http://www.dialyse-in-salzwedel.de/seiten/dialyse.htm" "Mozilla/5.0 (Windows NT 6.3; WOW64; rv:27.0) Gecko/20100101 Firefox/27.0"
62.158.3.187 - - [16/Mar/2014:17:09:56 +0100] "GET /img/meno03.gif HTTP/1.1" 200 931 "http://www.dialyse-in-salzwedel.de/seiten/dialyse.htm" "Mozilla/5.0 (Windows NT 6.3; WOW64; rv:27.0) Gecko/20100101 Firefox/27.0"
62.158.3.187 - - [16/Mar/2014:17:09:56 +0100] "GET /img/men03.gif HTTP/1.1" 200 999 "http://www.dialyse-in-salzwedel.de/seiten/dialyse.htm" "Mozilla/5.0 (Windows NT 6.3; WOW64; rv:27.0) Gecko/20100101 Firefox/27.0"
62.158.3.187 - - [16/Mar/2014:17:09:56 +0100] "GET /img/men06.gif HTTP/1.1" 200 904 "http://www.dialyse-in-salzwedel.de/seiten/dialyse.htm" "Mozilla/5.0 (Windows NT 6.3; WOW64; rv:27.0) Gecko/20100101 Firefox/27.0"
62.158.3.187 - - [16/Mar/2014:17:09:56 +0100] "GET /img/men07.gif HTTP/1.1" 200 893 "http://www.dialyse-in-salzwedel.de/seiten/dialyse.htm" "Mozilla/5.0 (Windows NT 6.3; WOW64; rv:27.0) Gecko/20100101 Firefox/27.0"
62.158.3.187 - - [16/Mar/2014:17:09:56 +0100] "GET /img/men08.gif HTTP/1.1" 200 1069 "http://www.dialyse-in-salzwedel.de/seiten/dialyse.htm" "Mozilla/5.0 (Windows NT 6.3; WOW64; rv:27.0) Gecko/20100101 Firefox/27.0"
62.158.3.187 - - [16/Mar/2014:17:09:56 +0100] "GET /img/men09.gif HTTP/1.1" 200 1200 "http://www.dialyse-in-salzwedel.de/seiten/dialyse.htm" "Mozilla/5.0 (Windows NT 6.3; WOW64; rv:27.0) Gecko/20100101 Firefox/27.0"
62.158.3.187 - - [16/Mar/2014:17:09:56 +0100] "GET /img/men02.gif HTTP/1.1" 200 758 "http://www.dialyse-in-salzwedel.de/seiten/dialyse.htm" "Mozilla/5.0 (Windows NT 6.3; WOW64; rv:27.0) Gecko/20100101 Firefox/27.0"
62.158.3.187 - - [16/Mar/2014:17:09:56 +0100] "GET /img/lay01.gif HTTP/1.1" 200 149 "http://www.dialyse-in-salzwedel.de/seiten/dialyse.htm" "Mozilla/5.0 (Windows NT 6.3; WOW64; rv:27.0) Gecko/20100101 Firefox/27.0"
62.158.3.187 - - [16/Mar/2014:17:09:56 +0100] "GET /img/lay02.gif HTTP/1.1" 200 153 "http://www.dialyse-in-salzwedel.de/seiten/dialyse.htm" "Mozilla/5.0 (Windows NT 6.3; WOW64; rv:27.0) Gecko/20100101 Firefox/27.0"
62.158.3.187 - - [16/Mar/2014:17:09:56 +0100] "GET /img/dialyse.jpg HTTP/1.1" 200 21241 "http://www.dialyse-in-salzwedel.de/seiten/dialyse.htm" "Mozilla/5.0 (Windows NT 6.3; WOW64; rv:27.0) Gecko/20100101 Firefox/27.0"
62.158.3.187 - - [16/Mar/2014:17:09:56 +0100] "GET /img/lay03.gif HTTP/1.1" 200 253 "http://www.dialyse-in-salzwedel.de/seiten/dialyse.htm" "Mozilla/5.0 (Windows NT 6.3; WOW64; rv:27.0) Gecko/20100101 Firefox/27.0"
62.158.3.187 - - [16/Mar/2014:17:09:56 +0100] "GET /img/1px.gif HTTP/1.1" 200 43 "http://www.dialyse-in-salzwedel.de/seiten/dialyse.htm" "Mozilla/5.0 (Windows NT 6.3; WOW64; rv:27.0) Gecko/20100101 Firefox/27.0"
62.158.3.187 - - [16/Mar/2014:17:09:56 +0100] "GET /img/lay04.gif HTTP/1.1" 200 272 "http://www.dialyse-in-salzwedel.de/seiten/dialyse.htm" "Mozilla/5.0 (Windows NT 6.3; WOW64; rv:27.0) Gecko/20100101 Firefox/27.0"
